Build Information
Failed to build Flower, reference 1.0.0 (4c4399), with Swift 6.4 for tvOS using Xcode 27.0 on 18 Sep 2026 21:25:29 UTC.
Build Command
env DEVELOPER_DIR=/Applications/Xcode-27.0.0-Release.Candidate.app xcrun xcodebuild -IDEClonedSourcePackagesDirPathOverride=$PWD/.dependencies -skipMacroValidation -skipPackagePluginValidation -derivedDataPath $PWD/.derivedData build -scheme Flower -destination generic/platform=tvOSBuild Log
========================================
RunAll
========================================
Builder version: 5.1.0
Interrupt handler set up.
========================================
Checkout
========================================
Clone URL: https://github.com/Swift-CoreUI/Flower.git
Reference: 1.0.0
Initialized empty Git repository in /Users/admin/builder/spi-builder-workspace/.git/
From https://github.com/Swift-CoreUI/Flower
* tag 1.0.0 -> FETCH_HEAD
HEAD is now at 4c43991 Flower 1.0.0
Cloned https://github.com/Swift-CoreUI/Flower.git
Revision (git rev-parse @):
4c43991f343bb984881d2e7190cb0395e7e2b20b
SUCCESS checkout https://github.com/Swift-CoreUI/Flower.git at 1.0.0
========================================
Build
========================================
Selected platform: tvOS
Swift version: 6.4
Building package at path: $PWD
https://github.com/Swift-CoreUI/Flower.git
Command line invocation:
/Applications/Xcode-27.0.0-Release.Candidate.app/Contents/Developer/usr/bin/xcodebuild -IDEClonedSourcePackagesDirPathOverride=/Users/admin/builder/spi-builder-workspace/.dependencies -resolvePackageDependencies
Resolve Package Graph
Resolve Package Graph
Resolved source packages:
Flower: /Users/admin/builder/spi-builder-workspace
resolved source packages: Flower
2026-09-18 17:24:35.491 xcodebuild[524:3015] [MT] IDERunDestination: Supported platforms for the buildables in the current scheme is empty.
{
"dependencies" : [
],
"manifest_display_name" : "Flower",
"name" : "Flower",
"path" : "/Users/admin/builder/spi-builder-workspace",
"platforms" : [
{
"name" : "ios",
"version" : "11.0"
}
],
"products" : [
{
"name" : "Flower",
"targets" : [
"Flower"
],
"type" : {
"library" : [
"automatic"
]
}
}
],
"targets" : [
{
"c99name" : "FlowerTests",
"module_type" : "SwiftTarget",
"name" : "FlowerTests",
"path" : "Tests/FlowerTests",
"sources" : [
"CoordinatorTests.swift"
],
"target_dependencies" : [
"Flower"
],
"type" : "test"
},
{
"c99name" : "Flower",
"module_type" : "SwiftTarget",
"name" : "Flower",
"path" : "Sources/Flower",
"product_memberships" : [
"Flower"
],
"sources" : [
"Coordinator.swift",
"Launcher.swift",
"Launching.swift",
"Navigating.swift",
"Navigator.swift",
"Presenting.swift",
"RootControllable.swift"
],
"type" : "library"
}
],
"tools_version" : "5.3"
}
{
"workspace" : {
"name" : "Flower",
"schemes" : [
"Flower"
]
}
}
2026-09-18 17:25:16.083 xcodebuild[621:3947] [MT] IDERunDestination: Supported platforms for the buildables in the current scheme is empty.
Running build ...
env DEVELOPER_DIR=/Applications/Xcode-27.0.0-Release.Candidate.app xcrun xcodebuild -IDEClonedSourcePackagesDirPathOverride=$PWD/.dependencies -skipMacroValidation -skipPackagePluginValidation -derivedDataPath $PWD/.derivedData build -scheme Flower -destination generic/platform=tvOS
Command line invocation:
/Applications/Xcode-27.0.0-Release.Candidate.app/Contents/Developer/usr/bin/xcodebuild -IDEClonedSourcePackagesDirPathOverride=/Users/admin/builder/spi-builder-workspace/.dependencies -skipMacroValidation -skipPackagePluginValidation -derivedDataPath /Users/admin/builder/spi-builder-workspace/.derivedData build -scheme Flower -destination generic/platform=tvOS
Resolve Package Graph
Resolved source packages:
Flower: /Users/admin/builder/spi-builder-workspace
ComputePackagePrebuildTargetDependencyGraph
Prepare packages
CreateBuildRequest
SendProjectDescription
CreateBuildOperation
ComputeTargetDependencyGraph
note: Building targets in dependency order
note: Target dependency graph (2 targets)
Target 'Flower-product' in project 'Flower'
➜ Explicit dependency on target 'Flower' in project 'Flower'
Target 'Flower' in project 'Flower' (no dependencies)
GatherProvisioningInputs
CreateBuildDescription
ExecuteExternalTool /Applications/Xcode-27.0.0-Release.Candidate.app/Contents/Developer/Toolchains/XcodeDefault.xctoolchain/usr/bin/clang -v -E -dM -isysroot /Applications/Xcode-27.0.0-Release.Candidate.app/Contents/Developer/Platforms/AppleTVOS.platform/Developer/SDKs/AppleTVOS27.0.sdk -x c -c /dev/null
ExecuteExternalTool /Applications/Xcode-27.0.0-Release.Candidate.app/Contents/Developer/Toolchains/XcodeDefault.xctoolchain/usr/bin/swiftc --version
ExecuteExternalTool /Applications/Xcode-27.0.0-Release.Candidate.app/Contents/Developer/Toolchains/XcodeDefault.xctoolchain/usr/bin/ld -version_details
Build description signature: cf23e1b76c97e98603a0a1e774b17c56
Build description path: /Users/admin/builder/spi-builder-workspace/.derivedData/Build/Intermediates.noindex/XCBuildData/cf23e1b76c97e98603a0a1e774b17c56.xcbuilddata
CreateBuildDirectory /Users/admin/builder/spi-builder-workspace/.derivedData/SDKExplicitPrecompiledModules
cd /Users/admin/builder/spi-builder-workspace/.swiftpm/xcode
builtin-create-build-directory /Users/admin/builder/spi-builder-workspace/.derivedData/SDKExplicitPrecompiledModules
CreateBuildDirectory /Users/admin/builder/spi-builder-workspace/.derivedData/ModuleCache.noindex
cd /Users/admin/builder/spi-builder-workspace/.swiftpm/xcode
builtin-create-build-directory /Users/admin/builder/spi-builder-workspace/.derivedData/ModuleCache.noindex
CreateBuildDirectory /Users/admin/builder/spi-builder-workspace/.derivedData/CompilationCache.noindex
cd /Users/admin/builder/spi-builder-workspace/.swiftpm/xcode
builtin-create-build-directory /Users/admin/builder/spi-builder-workspace/.derivedData/CompilationCache.noindex
CreateBuildDirectory /Users/admin/builder/spi-builder-workspace/.derivedData/Build/Intermediates.noindex
cd /Users/admin/builder/spi-builder-workspace/.swiftpm/xcode
builtin-create-build-directory /Users/admin/builder/spi-builder-workspace/.derivedData/Build/Intermediates.noindex
CreateBuildDirectory /Users/admin/builder/spi-builder-workspace/.derivedData/Build/Products
cd /Users/admin/builder/spi-builder-workspace/.swiftpm/xcode
builtin-create-build-directory /Users/admin/builder/spi-builder-workspace/.derivedData/Build/Products
ClangStatCache /Applications/Xcode-27.0.0-Release.Candidate.app/Contents/Developer/Toolchains/XcodeDefault.xctoolchain/usr/bin/clang-stat-cache /Applications/Xcode-27.0.0-Release.Candidate.app/Contents/Developer/Platforms/AppleTVOS.platform/Developer/SDKs/AppleTVOS27.0.sdk /Users/admin/builder/spi-builder-workspace/.derivedData/SDKStatCaches.noindex/appletvos27.0-24J360-e829b21a6f8c9b70876ba0858053c044b32bfd8d43560033f8d89884cdb90028.sdkstatcache
cd /Users/admin/builder/spi-builder-workspace/.swiftpm/xcode
/Applications/Xcode-27.0.0-Release.Candidate.app/Contents/Developer/Toolchains/XcodeDefault.xctoolchain/usr/bin/clang-stat-cache /Applications/Xcode-27.0.0-Release.Candidate.app/Contents/Developer/Platforms/AppleTVOS.platform/Developer/SDKs/AppleTVOS27.0.sdk -o /Users/admin/builder/spi-builder-workspace/.derivedData/SDKStatCaches.noindex/appletvos27.0-24J360-e829b21a6f8c9b70876ba0858053c044b32bfd8d43560033f8d89884cdb90028.sdkstatcache
CreateBuildDirectory /Users/admin/builder/spi-builder-workspace/.derivedData/Build/Intermediates.noindex/SwiftExplicitPrecompiledModules
cd /Users/admin/builder/spi-builder-workspace/.swiftpm/xcode
builtin-create-build-directory /Users/admin/builder/spi-builder-workspace/.derivedData/Build/Intermediates.noindex/SwiftExplicitPrecompiledModules
CreateBuildDirectory /Users/admin/builder/spi-builder-workspace/.derivedData/Build/Intermediates.noindex/PrecompiledHeaders
cd /Users/admin/builder/spi-builder-workspace/.swiftpm/xcode
builtin-create-build-directory /Users/admin/builder/spi-builder-workspace/.derivedData/Build/Intermediates.noindex/PrecompiledHeaders
CreateBuildDirectory /Users/admin/builder/spi-builder-workspace/.derivedData/Build/Intermediates.noindex/ExplicitPrecompiledModules
cd /Users/admin/builder/spi-builder-workspace/.swiftpm/xcode
builtin-create-build-directory /Users/admin/builder/spi-builder-workspace/.derivedData/Build/Intermediates.noindex/ExplicitPrecompiledModules
CreateBuildDirectory /Users/admin/builder/spi-builder-workspace/.derivedData/Build/Intermediates.noindex/EagerLinkingTBDs/Debug-appletvos
cd /Users/admin/builder/spi-builder-workspace/.swiftpm/xcode
builtin-create-build-directory /Users/admin/builder/spi-builder-workspace/.derivedData/Build/Intermediates.noindex/EagerLinkingTBDs/Debug-appletvos
CreateBuildDirectory /Users/admin/builder/spi-builder-workspace/.derivedData/Build/Products/Debug-appletvos
cd /Users/admin/builder/spi-builder-workspace/.swiftpm/xcode
builtin-create-build-directory /Users/admin/builder/spi-builder-workspace/.derivedData/Build/Products/Debug-appletvos
CreateBuildDirectory /Users/admin/builder/spi-builder-workspace/.derivedData/Build/Products/Debug-appletvos/PackageFrameworks
cd /Users/admin/builder/spi-builder-workspace/.swiftpm/xcode
builtin-create-build-directory /Users/admin/builder/spi-builder-workspace/.derivedData/Build/Products/Debug-appletvos/PackageFrameworks
WriteAuxiliaryFile /Users/admin/builder/spi-builder-workspace/.derivedData/Build/Intermediates.noindex/Flower.build/Debug-appletvos/Flower-t.build/Flower.DependencyMetadataFileList (in target 'Flower' from project 'Flower')
cd /Users/admin/builder/spi-builder-workspace
write-file /Users/admin/builder/spi-builder-workspace/.derivedData/Build/Intermediates.noindex/Flower.build/Debug-appletvos/Flower-t.build/Flower.DependencyMetadataFileList
WriteAuxiliaryFile /Users/admin/builder/spi-builder-workspace/.derivedData/Build/Intermediates.noindex/Flower.build/Debug-appletvos/Flower-t.build/Flower.modulemap (in target 'Flower' from project 'Flower')
cd /Users/admin/builder/spi-builder-workspace
write-file /Users/admin/builder/spi-builder-workspace/.derivedData/Build/Intermediates.noindex/Flower.build/Debug-appletvos/Flower-t.build/Flower.modulemap
WriteAuxiliaryFile /Users/admin/builder/spi-builder-workspace/.derivedData/Build/Intermediates.noindex/Flower.build/Debug-appletvos/Flower-t.build/Flower.DependencyStaticMetadataFileList (in target 'Flower' from project 'Flower')
cd /Users/admin/builder/spi-builder-workspace
write-file /Users/admin/builder/spi-builder-workspace/.derivedData/Build/Intermediates.noindex/Flower.build/Debug-appletvos/Flower-t.build/Flower.DependencyStaticMetadataFileList
WriteAuxiliaryFile /Users/admin/builder/spi-builder-workspace/.derivedData/Build/Intermediates.noindex/Flower.build/Debug-appletvos/Flower-t.build/Objects-normal/arm64/Flower.LinkFileList (in target 'Flower' from project 'Flower')
cd /Users/admin/builder/spi-builder-workspace
write-file /Users/admin/builder/spi-builder-workspace/.derivedData/Build/Intermediates.noindex/Flower.build/Debug-appletvos/Flower-t.build/Objects-normal/arm64/Flower.LinkFileList
WriteAuxiliaryFile /Users/admin/builder/spi-builder-workspace/.derivedData/Build/Intermediates.noindex/Flower.build/Debug-appletvos/Flower-t.build/Objects-normal/arm64/Flower-OutputFileMap.json (in target 'Flower' from project 'Flower')
cd /Users/admin/builder/spi-builder-workspace
write-file /Users/admin/builder/spi-builder-workspace/.derivedData/Build/Intermediates.noindex/Flower.build/Debug-appletvos/Flower-t.build/Objects-normal/arm64/Flower-OutputFileMap.json
WriteAuxiliaryFile /Users/admin/builder/spi-builder-workspace/.derivedData/Build/Intermediates.noindex/Flower.build/Debug-appletvos/Flower-t.build/Objects-normal/arm64/Flower.SwiftFileList (in target 'Flower' from project 'Flower')
cd /Users/admin/builder/spi-builder-workspace
write-file /Users/admin/builder/spi-builder-workspace/.derivedData/Build/Intermediates.noindex/Flower.build/Debug-appletvos/Flower-t.build/Objects-normal/arm64/Flower.SwiftFileList
WriteAuxiliaryFile /Users/admin/builder/spi-builder-workspace/.derivedData/Build/Intermediates.noindex/Flower.build/Debug-appletvos/Flower-t.build/Objects-normal/arm64/Flower_const_extract_protocols.json (in target 'Flower' from project 'Flower')
cd /Users/admin/builder/spi-builder-workspace
write-file /Users/admin/builder/spi-builder-workspace/.derivedData/Build/Intermediates.noindex/Flower.build/Debug-appletvos/Flower-t.build/Objects-normal/arm64/Flower_const_extract_protocols.json
WriteAuxiliaryFile /Users/admin/builder/spi-builder-workspace/.derivedData/Build/Intermediates.noindex/Flower.build/Debug-appletvos/Flower-t.build/Objects-normal/arm64/Flower.SwiftConstValuesFileList (in target 'Flower' from project 'Flower')
cd /Users/admin/builder/spi-builder-workspace
write-file /Users/admin/builder/spi-builder-workspace/.derivedData/Build/Intermediates.noindex/Flower.build/Debug-appletvos/Flower-t.build/Objects-normal/arm64/Flower.SwiftConstValuesFileList
Copy /Users/admin/builder/spi-builder-workspace/.derivedData/Build/Intermediates.noindex/GeneratedModuleMaps-appletvos/Flower.modulemap /Users/admin/builder/spi-builder-workspace/.derivedData/Build/Intermediates.noindex/Flower.build/Debug-appletvos/Flower-t.build/Flower.modulemap (in target 'Flower' from project 'Flower')
cd /Users/admin/builder/spi-builder-workspace
builtin-copy -exclude .DS_Store -exclude CVS -exclude .svn -exclude .git -exclude .hg -resolve-src-symlinks /Users/admin/builder/spi-builder-workspace/.derivedData/Build/Intermediates.noindex/Flower.build/Debug-appletvos/Flower-t.build/Flower.modulemap /Users/admin/builder/spi-builder-workspace/.derivedData/Build/Intermediates.noindex/GeneratedModuleMaps-appletvos
SwiftDriver Flower normal arm64 com.apple.xcode.tools.swift.compiler (in target 'Flower' from project 'Flower')
cd /Users/admin/builder/spi-builder-workspace/.swiftpm/xcode
builtin-SwiftDriver -- /Applications/Xcode-27.0.0-Release.Candidate.app/Contents/Developer/Toolchains/XcodeDefault.xctoolchain/usr/bin/swiftc -parse-as-library -module-name Flower -Onone @/Users/admin/builder/spi-builder-workspace/.derivedData/Build/Intermediates.noindex/Flower.build/Debug-appletvos/Flower-t.build/Objects-normal/arm64/Flower.SwiftFileList -DSWIFT_PACKAGE -DDEBUG -DSWIFT_MODULE_RESOURCE_BUNDLE_UNAVAILABLE -DXcode -plugin-path /Applications/Xcode-27.0.0-Release.Candidate.app/Contents/Developer/Toolchains/XcodeDefault.xctoolchain/usr/lib/swift/host/plugins/testing -enable-experimental-feature DebugDescriptionMacro -sdk /Applications/Xcode-27.0.0-Release.Candidate.app/Contents/Developer/Platforms/AppleTVOS.platform/Developer/SDKs/AppleTVOS27.0.sdk -target arm64-apple-tvos15.0 -g -module-cache-path /Users/admin/builder/spi-builder-workspace/.derivedData/ModuleCache.noindex -Xfrontend -serialize-debugging-options -profile-coverage-mapping -profile-generate -enable-testing -index-store-path /Users/admin/builder/spi-builder-workspace/.derivedData/Index.noindex/DataStore -Xcc -D_LIBCPP_HARDENING_MODE\=_LIBCPP_HARDENING_MODE_DEBUG -swift-version 5 -I /Users/admin/builder/spi-builder-workspace/.derivedData/Build/Products/Debug-appletvos -Isystem /Applications/Xcode-27.0.0-Release.Candidate.app/Contents/Developer/Platforms/AppleTVOS.platform/Developer/usr/lib -F /Users/admin/builder/spi-builder-workspace/.derivedData/Build/Products/Debug-appletvos -F /Applications/Xcode-27.0.0-Release.Candidate.app/Contents/Developer/Platforms/AppleTVOS.platform/Developer/Library/Frameworks -F /Applications/Xcode-27.0.0-Release.Candidate.app/Contents/Developer/Platforms/AppleTVOS.platform/Developer/SDKs/AppleTVOS27.0.sdk/Developer/Library/Frameworks -c -j10 -enable-batch-mode -incremental -Xcc -ivfsstatcache -Xcc /Users/admin/builder/spi-builder-workspace/.derivedData/SDKStatCaches.noindex/appletvos27.0-24J360-e829b21a6f8c9b70876ba0858053c044b32bfd8d43560033f8d89884cdb90028.sdkstatcache -output-file-map /Users/admin/builder/spi-builder-workspace/.derivedData/Build/Intermediates.noindex/Flower.build/Debug-appletvos/Flower-t.build/Objects-normal/arm64/Flower-OutputFileMap.json -save-temps -no-color-diagnostics -explicit-module-build -module-cache-path /Users/admin/builder/spi-builder-workspace/.derivedData/Build/Intermediates.noindex/SwiftExplicitPrecompiledModules -clang-scanner-module-cache-path /Users/admin/builder/spi-builder-workspace/.derivedData/ModuleCache.noindex -sdk-module-cache-path /Users/admin/builder/spi-builder-workspace/.derivedData/SDKExplicitPrecompiledModules -emit-dependencies -emit-module -emit-module-path /Users/admin/builder/spi-builder-workspace/.derivedData/Build/Intermediates.noindex/Flower.build/Debug-appletvos/Flower-t.build/Objects-normal/arm64/Flower.swiftmodule -serialize-diagnostics -dependency-scan-serialize-diagnostics-path /Users/admin/builder/spi-builder-workspace/.derivedData/Build/Intermediates.noindex/Flower.build/Debug-appletvos/Flower-t.build/Objects-normal/arm64/Flower-dependency-scan.dia -validate-clang-modules-once -clang-build-session-file /Users/admin/builder/spi-builder-workspace/.derivedData/ModuleCache.noindex/Session.modulevalidation -Xcc -fmodules-prune-interval\=86400 -Xcc -fmodules-prune-after\=345600 -emit-const-values -const-gather-protocols-list /Users/admin/builder/spi-builder-workspace/.derivedData/Build/Intermediates.noindex/Flower.build/Debug-appletvos/Flower-t.build/Objects-normal/arm64/Flower_const_extract_protocols.json -Xcc -I/Users/admin/builder/spi-builder-workspace/.derivedData/Build/Products/Debug-appletvos/include -Xcc -I/Users/admin/builder/spi-builder-workspace/.derivedData/Build/Intermediates.noindex/Flower.build/Debug-appletvos/Flower-t.build/DerivedSources-normal/arm64 -Xcc -I/Users/admin/builder/spi-builder-workspace/.derivedData/Build/Intermediates.noindex/Flower.build/Debug-appletvos/Flower-t.build/DerivedSources/arm64 -Xcc -I/Users/admin/builder/spi-builder-workspace/.derivedData/Build/Intermediates.noindex/Flower.build/Debug-appletvos/Flower-t.build/DerivedSources -Xcc -DSWIFT_PACKAGE -Xcc -DDEBUG\=1 -emit-objc-header -emit-objc-header-path /Users/admin/builder/spi-builder-workspace/.derivedData/Build/Intermediates.noindex/Flower.build/Debug-appletvos/Flower-t.build/Objects-normal/arm64/Flower-Swift.h -working-directory /Users/admin/builder/spi-builder-workspace/.swiftpm/xcode -experimental-emit-module-separately -disable-cmo
SwiftExplicitDependencyGeneratePcm arm64 /Users/admin/builder/spi-builder-workspace/.derivedData/SDKExplicitPrecompiledModules/_Builtin_stddef-9ZJZ6FDEZNKTZU8YLPMFT9RAQ.pcm
SwiftExplicitDependencyGeneratePcm arm64 /Users/admin/builder/spi-builder-workspace/.derivedData/SDKExplicitPrecompiledModules/_SwiftConcurrencyShims-BY5PD8KF1L5KF6F4Q69HE3TJ4.pcm
SwiftExplicitDependencyGeneratePcm arm64 /Users/admin/builder/spi-builder-workspace/.derivedData/SDKExplicitPrecompiledModules/_Builtin_stdbool-AHRDH5EKLY6D04C5E42F3VCQI.pcm
SwiftExplicitDependencyGeneratePcm arm64 /Users/admin/builder/spi-builder-workspace/.derivedData/SDKExplicitPrecompiledModules/ptrauth-8X2KEPL7CTRPS40TUB9APHPK6.pcm
SwiftExplicitDependencyGeneratePcm arm64 /Users/admin/builder/spi-builder-workspace/.derivedData/SDKExplicitPrecompiledModules/SwiftShims-8N4EXJ4RUJTR8K9OO3CMOH1EP.pcm
SwiftExplicitDependencyGeneratePcm arm64 /Users/admin/builder/spi-builder-workspace/.derivedData/SDKExplicitPrecompiledModules/_Builtin_stdarg-BO2OCAUYVAXDRVQWQ8ISKGNUQ.pcm
SwiftExplicitDependencyGeneratePcm arm64 /Users/admin/builder/spi-builder-workspace/.derivedData/SDKExplicitPrecompiledModules/DeveloperToolsSupport-B1X8RI63V48AJRTH2RK6JAARV.pcm
SwiftExplicitDependencyGeneratePcm arm64 /Users/admin/builder/spi-builder-workspace/.derivedData/SDKExplicitPrecompiledModules/ptrcheck-2AZ6B5IBYD3RRRTFWN2ONASY3.pcm
SwiftExplicitDependencyGeneratePcm arm64 /Users/admin/builder/spi-builder-workspace/.derivedData/SDKExplicitPrecompiledModules/_AvailabilityInternal-BV2EDDP0MI5QJDDPEEV4D9D3V.pcm
SwiftExplicitDependencyGeneratePcm arm64 /Users/admin/builder/spi-builder-workspace/.derivedData/SDKExplicitPrecompiledModules/_Builtin_float-8ZJAYZ85YBOAOP52Y9H6IUNP3.pcm
SwiftExplicitDependencyGeneratePcm arm64 /Users/admin/builder/spi-builder-workspace/.derivedData/SDKExplicitPrecompiledModules/_DarwinFoundation1-JOTYMOA1YZCIJ2NON6FQ848O.pcm
SwiftExplicitDependencyGeneratePcm arm64 /Users/admin/builder/spi-builder-workspace/.derivedData/SDKExplicitPrecompiledModules/_Builtin_limits-7JU2HP127LIT1X9E2V3D8WZ1.pcm
SwiftExplicitDependencyGeneratePcm arm64 /Users/admin/builder/spi-builder-workspace/.derivedData/SDKExplicitPrecompiledModules/_DarwinFoundation2-AOGAN1O02NKXRJN5V73AV3V3M.pcm
SwiftExplicitDependencyGeneratePcm arm64 /Users/admin/builder/spi-builder-workspace/.derivedData/SDKExplicitPrecompiledModules/_Builtin_tgmath-7ULT1EUHDHW4OZPSTT33H6QGE.pcm
SwiftExplicitDependencyGeneratePcm arm64 /Users/admin/builder/spi-builder-workspace/.derivedData/SDKExplicitPrecompiledModules/sys_types-8GCAV1YMG5UUGHUID3CA20TCH.pcm
SwiftExplicitDependencyGeneratePcm arm64 /Users/admin/builder/spi-builder-workspace/.derivedData/SDKExplicitPrecompiledModules/string_h-6EVHP7A717OUS5DMC78F79HWO.pcm
SwiftExplicitDependencyGeneratePcm arm64 /Users/admin/builder/spi-builder-workspace/.derivedData/SDKExplicitPrecompiledModules/_Builtin_stdint-6NFTB6IBKS143IVPGT1EKB7HO.pcm
SwiftExplicitDependencyGeneratePcm arm64 /Users/admin/builder/spi-builder-workspace/.derivedData/SDKExplicitPrecompiledModules/_Builtin_stdatomic-3YXHN678NGYM3NL9POJ2HVEIF.pcm
SwiftExplicitDependencyGeneratePcm arm64 /Users/admin/builder/spi-builder-workspace/.derivedData/SDKExplicitPrecompiledModules/_DarwinFoundation3-8SR3855WDFHQPR6G9GHOI2C07.pcm
SwiftExplicitDependencyGeneratePcm arm64 /Users/admin/builder/spi-builder-workspace/.derivedData/SDKExplicitPrecompiledModules/_Builtin_intrinsics-437O2R2NID4WAQVENR63GR82C.pcm
SwiftExplicitDependencyGeneratePcm arm64 /Users/admin/builder/spi-builder-workspace/.derivedData/SDKExplicitPrecompiledModules/_Builtin_inttypes-6X1IQ3QK9KEVKXOK9Y79EW7J3.pcm
SwiftExplicitDependencyGeneratePcm arm64 /Users/admin/builder/spi-builder-workspace/.derivedData/SDKExplicitPrecompiledModules/Darwin-DBSQAVBBPC3D2OMU5ZI2RXMST.pcm
SwiftExplicitDependencyGeneratePcm arm64 /Users/admin/builder/spi-builder-workspace/.derivedData/SDKExplicitPrecompiledModules/simd-117QUXEUT3Z7UQCUYWV2UA228.pcm
SwiftExplicitDependencyGeneratePcm arm64 /Users/admin/builder/spi-builder-workspace/.derivedData/SDKExplicitPrecompiledModules/ObjectiveC-5250FDCE56N8508OR6XUYDKZM.pcm
SwiftExplicitDependencyGeneratePcm arm64 /Users/admin/builder/spi-builder-workspace/.derivedData/SDKExplicitPrecompiledModules/MachO-EH3F5PJCIZG05NO51CEFSZYPW.pcm
SwiftExplicitDependencyGeneratePcm arm64 /Users/admin/builder/spi-builder-workspace/.derivedData/SDKExplicitPrecompiledModules/os_object-E2DGZ0SX0TULQHULZRPO6OKNW.pcm
SwiftExplicitDependencyGeneratePcm arm64 /Users/admin/builder/spi-builder-workspace/.derivedData/SDKExplicitPrecompiledModules/os_workgroup-DBUFF7811DKMX7VPBOJPGGF1U.pcm
SwiftExplicitDependencyGeneratePcm arm64 /Users/admin/builder/spi-builder-workspace/.derivedData/SDKExplicitPrecompiledModules/Spatial-7U8NLEFXSB8BR7PJQGVMF5A4Q.pcm
SwiftExplicitDependencyGeneratePcm arm64 /Users/admin/builder/spi-builder-workspace/.derivedData/SDKExplicitPrecompiledModules/Dispatch-1QL58A0V50C39KVAIC6C38SHL.pcm
SwiftExplicitDependencyGeneratePcm arm64 /Users/admin/builder/spi-builder-workspace/.derivedData/SDKExplicitPrecompiledModules/CoreFoundation-7TPJ7ENDC4L1A1ESHYI9TXS0D.pcm
SwiftExplicitDependencyGeneratePcm arm64 /Users/admin/builder/spi-builder-workspace/.derivedData/SDKExplicitPrecompiledModules/XPC-6O2DJFT3QUJ7QKTD3SNUB6PCR.pcm
SwiftExplicitDependencyGeneratePcm arm64 /Users/admin/builder/spi-builder-workspace/.derivedData/SDKExplicitPrecompiledModules/os-3GJI8H0BNAEZPQPQ1V0VVY3FY.pcm
SwiftExplicitDependencyGeneratePcm arm64 /Users/admin/builder/spi-builder-workspace/.derivedData/SDKExplicitPrecompiledModules/CoreGraphics-CWSP3J98S2658BYCVL6RP99T3.pcm
SwiftExplicitDependencyGeneratePcm arm64 /Users/admin/builder/spi-builder-workspace/.derivedData/SDKExplicitPrecompiledModules/Security-8VMXEKVDA3MHUH9AOTP905DID.pcm
SwiftExplicitDependencyGeneratePcm arm64 /Users/admin/builder/spi-builder-workspace/.derivedData/SDKExplicitPrecompiledModules/CFNetwork-2CUR2VK9S3S3WPFXPNXNUWYGN.pcm
SwiftExplicitDependencyGeneratePcm arm64 /Users/admin/builder/spi-builder-workspace/.derivedData/SDKExplicitPrecompiledModules/Foundation-BSSIP64DIGUKMAYJOG1WPQ78X.pcm
SwiftExplicitDependencyGeneratePcm arm64 /Users/admin/builder/spi-builder-workspace/.derivedData/SDKExplicitPrecompiledModules/CoreText-59NY7PABM0I4V978161FOC04A.pcm
SwiftExplicitDependencyGeneratePcm arm64 /Users/admin/builder/spi-builder-workspace/.derivedData/SDKExplicitPrecompiledModules/ImageIO-88D4CLEBD4CLWQKT78PZ6H1O8.pcm
SwiftExplicitDependencyGeneratePcm arm64 /Users/admin/builder/spi-builder-workspace/.derivedData/SDKExplicitPrecompiledModules/UserNotifications-E9ZW5TH066WIJWH9080RC5NG4.pcm
SwiftExplicitDependencyGeneratePcm arm64 /Users/admin/builder/spi-builder-workspace/.derivedData/SDKExplicitPrecompiledModules/Symbols-B5AU9VM9Y7NU79RLMH13Z4IFM.pcm
SwiftExplicitDependencyGeneratePcm arm64 /Users/admin/builder/spi-builder-workspace/.derivedData/SDKExplicitPrecompiledModules/DataDetection-37JIYZ2GWDA1L166PP1D9JKAF.pcm
SwiftExplicitDependencyGeneratePcm arm64 /Users/admin/builder/spi-builder-workspace/.derivedData/SDKExplicitPrecompiledModules/CoreTransferable-7V4O8DATEQ9F7SDNTCW8YWLG3.pcm
SwiftExplicitDependencyGeneratePcm arm64 /Users/admin/builder/spi-builder-workspace/.derivedData/SDKExplicitPrecompiledModules/UIUtilities-6ZFJ1AK4H8IBGEBMYQBWGBYLK.pcm
SwiftExplicitDependencyGeneratePcm arm64 /Users/admin/builder/spi-builder-workspace/.derivedData/SDKExplicitPrecompiledModules/IOSurface-38FJ1CKX9FV2RD97O64Z7QB17.pcm
SwiftExplicitDependencyGeneratePcm arm64 /Users/admin/builder/spi-builder-workspace/.derivedData/SDKExplicitPrecompiledModules/_LocationEssentials-ETSJ65FELPWR8WH8G49R1DF2E.pcm
SwiftExplicitDependencyGeneratePcm arm64 /Users/admin/builder/spi-builder-workspace/.derivedData/SDKExplicitPrecompiledModules/OSLog-7OT6HHTMY0ZFEQJ095LJZ6NLC.pcm
SwiftExplicitDependencyGeneratePcm arm64 /Users/admin/builder/spi-builder-workspace/.derivedData/SDKExplicitPrecompiledModules/Accessibility-B6BODGZ4MQQTY0PBC4SHRP009.pcm
SwiftExplicitDependencyGeneratePcm arm64 /Users/admin/builder/spi-builder-workspace/.derivedData/SDKExplicitPrecompiledModules/UniformTypeIdentifiers-95CC8U42ZA9STP5K6GP9ZVJS5.pcm
SwiftExplicitDependencyGeneratePcm arm64 /Users/admin/builder/spi-builder-workspace/.derivedData/SDKExplicitPrecompiledModules/CoreLocation-YVXXAOMVX0JH2KO1XTTKTY51.pcm
SwiftExplicitDependencyGeneratePcm arm64 /Users/admin/builder/spi-builder-workspace/.derivedData/SDKExplicitPrecompiledModules/OpenGLES-4NY99CNDU9WUNUYEIXSS1QFGE.pcm
SwiftExplicitDependencyGeneratePcm arm64 /Users/admin/builder/spi-builder-workspace/.derivedData/SDKExplicitPrecompiledModules/Metal-2KYBS7IML1SD788M91YV7Q0CC.pcm
SwiftExplicitDependencyGeneratePcm arm64 /Users/admin/builder/spi-builder-workspace/.derivedData/SDKExplicitPrecompiledModules/CoreVideo-DPU0PB5X0XLSVA2ETRGI6FJBM.pcm
SwiftExplicitDependencyGeneratePcm arm64 /Users/admin/builder/spi-builder-workspace/.derivedData/SDKExplicitPrecompiledModules/CoreImage-7S2AFJ8EIY3DUFYLEAX1JR1QV.pcm
SwiftExplicitDependencyGeneratePcm arm64 /Users/admin/builder/spi-builder-workspace/.derivedData/SDKExplicitPrecompiledModules/QuartzCore-DJSYAWKXFGVSAK5CQMOB3JSR.pcm
SwiftExplicitDependencyGeneratePcm arm64 /Users/admin/builder/spi-builder-workspace/.derivedData/SDKExplicitPrecompiledModules/SwiftUICore-543QU5V2NHKUFCYFJDKUJ7NYG.pcm
SwiftExplicitDependencyGeneratePcm arm64 /Users/admin/builder/spi-builder-workspace/.derivedData/SDKExplicitPrecompiledModules/UIKit-1TKWN7VC2X6N3ITMRVA2G0EB2.pcm
SwiftEmitModule normal arm64 Emitting\ module\ for\ Flower (in target 'Flower' from project 'Flower')
SwiftCompile normal arm64 (in target 'Flower' from project 'Flower')
cd /Users/admin/builder/spi-builder-workspace/.swiftpm/xcode
SwiftCompile normal arm64 Compiling\ Presenting.swift /Users/admin/builder/spi-builder-workspace/Sources/Flower/Presenting.swift (in target 'Flower' from project 'Flower')
SwiftCompile normal arm64 /Users/admin/builder/spi-builder-workspace/Sources/Flower/Presenting.swift (in target 'Flower' from project 'Flower')
cd /Users/admin/builder/spi-builder-workspace/.swiftpm/xcode
builtin-SwiftPerFileCompile Presenting.swift
SwiftCompile normal arm64 Compiling\ Navigator.swift /Users/admin/builder/spi-builder-workspace/Sources/Flower/Navigator.swift (in target 'Flower' from project 'Flower')
/Users/admin/builder/spi-builder-workspace/Sources/Flower/Navigator.swift:76:12: error: 'hidesBottomBarWhenPushed' is unavailable in tvOS
74 | }
75 |
76 | vc.hidesBottomBarWhenPushed = hideBottomBar
| `- error: 'hidesBottomBarWhenPushed' is unavailable in tvOS
77 | navigationController.presentationController?.delegate = self
78 | navigationController.pushViewController(vc, animated: animated)
/Applications/Xcode-27.0.0-Release.Candidate.app/Contents/Developer/Platforms/AppleTVOS.platform/Developer/SDKs/AppleTVOS27.0.sdk/System/Library/Frameworks/UIKit.framework/Headers/UINavigationController.h:152:27: note: 'hidesBottomBarWhenPushed' has been explicitly marked unavailable here
150 |
151 | @property(nonatomic,readonly,strong) UINavigationItem *navigationItem; // Created on-demand so that a view controller may customize its navigation appearance.
152 | @property(nonatomic) BOOL hidesBottomBarWhenPushed API_UNAVAILABLE(tvos); // If YES, then when this view controller is pushed into a controller hierarchy with a bottom bar (like a tab bar), the bottom bar will slide out. Default is NO.
| `- note: 'hidesBottomBarWhenPushed' has been explicitly marked unavailable here
153 | @property(nullable, nonatomic,readonly,strong) UINavigationController *navigationController; // If this view controller has been pushed onto a navigation controller, return it.
154 |
Failed frontend command:
/Applications/Xcode-27.0.0-Release.Candidate.app/Contents/Developer/Toolchains/XcodeDefault.xctoolchain/usr/bin/swift-frontend -frontend -c /Users/admin/builder/spi-builder-workspace/Sources/Flower/Coordinator.swift /Users/admin/builder/spi-builder-workspace/Sources/Flower/Launcher.swift /Users/admin/builder/spi-builder-workspace/Sources/Flower/Launching.swift /Users/admin/builder/spi-builder-workspace/Sources/Flower/Navigating.swift -primary-file /Users/admin/builder/spi-builder-workspace/Sources/Flower/Navigator.swift /Users/admin/builder/spi-builder-workspace/Sources/Flower/Presenting.swift /Users/admin/builder/spi-builder-workspace/Sources/Flower/RootControllable.swift -emit-dependencies-path /Users/admin/builder/spi-builder-workspace/.derivedData/Build/Intermediates.noindex/Flower.build/Debug-appletvos/Flower-t.build/Objects-normal/arm64/Navigator.d -emit-const-values-path /Users/admin/builder/spi-builder-workspace/.derivedData/Build/Intermediates.noindex/Flower.build/Debug-appletvos/Flower-t.build/Objects-normal/arm64/Navigator.swiftconstvalues -emit-reference-dependencies-path /Users/admin/builder/spi-builder-workspace/.derivedData/Build/Intermediates.noindex/Flower.build/Debug-appletvos/Flower-t.build/Objects-normal/arm64/Navigator.swiftdeps -serialize-diagnostics-path /Users/admin/builder/spi-builder-workspace/.derivedData/Build/Intermediates.noindex/Flower.build/Debug-appletvos/Flower-t.build/Objects-normal/arm64/Navigator.dia -target arm64-apple-tvos15.0 -disable-cross-import-overlay-search -load-resolved-plugin /Applications/Xcode-27.0.0-Release.Candidate.app/Contents/Developer/Platforms/AppleTVOS.platform/Developer/usr/lib/swift/host/plugins/libFoundationMacros.dylib\#/Applications/Xcode-27.0.0-Release.Candidate.app/Contents/Developer/Platforms/AppleTVOS.platform/Developer/usr/bin/swift-plugin-server\#FoundationMacros -load-resolved-plugin /Applications/Xcode-27.0.0-Release.Candidate.app/Contents/Developer/Platforms/AppleTVOS.platform/Developer/usr/lib/swift/host/plugins/libObservationMacros.dylib\#/Applications/Xcode-27.0.0-Release.Candidate.app/Contents/Developer/Platforms/AppleTVOS.platform/Developer/usr/bin/swift-plugin-server\#ObservationMacros -load-resolved-plugin /Applications/Xcode-27.0.0-Release.Candidate.app/Contents/Developer/Platforms/AppleTVOS.platform/Developer/usr/lib/swift/host/plugins/libPreviewsMacros.dylib\#/Applications/Xcode-27.0.0-Release.Candidate.app/Contents/Developer/Platforms/AppleTVOS.platform/Developer/usr/bin/swift-plugin-server\#PreviewsMacros -load-resolved-plugin /Applications/Xcode-27.0.0-Release.Candidate.app/Contents/Developer/Platforms/AppleTVOS.platform/Developer/usr/lib/swift/host/plugins/libSwiftMacros.dylib\#/Applications/Xcode-27.0.0-Release.Candidate.app/Contents/Developer/Platforms/AppleTVOS.platform/Developer/usr/bin/swift-plugin-server\#SwiftMacros -load-resolved-plugin /Applications/Xcode-27.0.0-Release.Candidate.app/Contents/Developer/Platforms/AppleTVOS.platform/Developer/usr/lib/swift/host/plugins/libSwiftUIMacros.dylib\#/Applications/Xcode-27.0.0-Release.Candidate.app/Contents/Developer/Platforms/AppleTVOS.platform/Developer/usr/bin/swift-plugin-server\#SwiftUIMacros -disable-implicit-swift-modules -Xcc -fno-implicit-modules -Xcc -fno-implicit-module-maps -explicit-swift-module-map-file /Users/admin/builder/spi-builder-workspace/.derivedData/Build/Intermediates.noindex/Flower.build/Debug-appletvos/Flower-t.build/Objects-normal/arm64/Flower-dependencies-1.json -Xllvm -aarch64-use-tbi -enable-objc-interop -stack-check -sdk /Applications/Xcode-27.0.0-Release.Candidate.app/Contents/Developer/Platforms/AppleTVOS.platform/Developer/SDKs/AppleTVOS27.0.sdk -I /Users/admin/builder/spi-builder-workspace/.derivedData/Build/Products/Debug-appletvos -Isystem /Applications/Xcode-27.0.0-Release.Candidate.app/Contents/Developer/Platforms/AppleTVOS.platform/Developer/usr/lib -F /Users/admin/builder/spi-builder-workspace/.derivedData/Build/Products/Debug-appletvos -F /Applications/Xcode-27.0.0-Release.Candidate.app/Contents/Developer/Platforms/AppleTVOS.platform/Developer/Library/Frameworks -F /Applications/Xcode-27.0.0-Release.Candidate.app/Contents/Developer/Platforms/AppleTVOS.platform/Developer/SDKs/AppleTVOS27.0.sdk/Developer/Library/Frameworks -module-cache-path /Users/admin/builder/spi-builder-workspace/.derivedData/Build/Intermediates.noindex/SwiftExplicitPrecompiledModules -no-color-diagnostics -Xcc -fno-color-diagnostics -enable-testing -g -debug-info-format\=dwarf -dwarf-version\=4 -profile-generate -profile-coverage-mapping -swift-version 5 -Onone -D SWIFT_PACKAGE -D DEBUG -D SWIFT_MODULE_RESOURCE_BUNDLE_UNAVAILABLE -D Xcode -serialize-debugging-options -enable-experimental-feature DebugDescriptionMacro -empty-abi-descriptor -validate-clang-modules-once -clang-build-session-file /Users/admin/builder/spi-builder-workspace/.derivedData/ModuleCache.noindex/Session.modulevalidation -Xcc -working-directory -Xcc /Users/admin/builder/spi-builder-workspace/.swiftpm/xcode -enable-anonymous-context-mangled-names -file-compilation-dir /Users/admin/builder/spi-builder-workspace/.swiftpm/xcode -Xcc -D_LIBCPP_HARDENING_MODE\=_LIBCPP_HARDENING_MODE_DEBUG -Xcc -ivfsstatcache -Xcc /Users/admin/builder/spi-builder-workspace/.derivedData/SDKStatCaches.noindex/appletvos27.0-24J360-e829b21a6f8c9b70876ba0858053c044b32bfd8d43560033f8d89884cdb90028.sdkstatcache -Xcc -fmodules-prune-interval\=86400 -Xcc -fmodules-prune-after\=345600 -Xcc -I/Users/admin/builder/spi-builder-workspace/.derivedData/Build/Products/Debug-appletvos/include -Xcc -I/Users/admin/builder/spi-builder-workspace/.derivedData/Build/Intermediates.noindex/Flower.build/Debug-appletvos/Flower-t.build/DerivedSources-normal/arm64 -Xcc -I/Users/admin/builder/spi-builder-workspace/.derivedData/Build/Intermediates.noindex/Flower.build/Debug-appletvos/Flower-t.build/DerivedSources/arm64 -Xcc -I/Users/admin/builder/spi-builder-workspace/.derivedData/Build/Intermediates.noindex/Flower.build/Debug-appletvos/Flower-t.build/DerivedSources -Xcc -DSWIFT_PACKAGE -Xcc -DDEBUG\=1 -no-auto-bridging-header-chaining -module-name Flower -const-gather-protocols-file /Users/admin/builder/spi-builder-workspace/.derivedData/Build/Intermediates.noindex/Flower.build/Debug-appletvos/Flower-t.build/Objects-normal/arm64/Flower_const_extract_protocols.json -disable-clang-spi -clang-target arm64-apple-tvos27.0 -target-sdk-version 27.0 -target-sdk-name appletvos27.0 -in-process-plugin-server-path /Applications/Xcode-27.0.0-Release.Candidate.app/Contents/Developer/Toolchains/XcodeDefault.xctoolchain/usr/lib/swift/host/libSwiftInProcPluginServer.dylib -parse-as-library -o /Users/admin/builder/spi-builder-workspace/.derivedData/Build/Intermediates.noindex/Flower.build/Debug-appletvos/Flower-t.build/Objects-normal/arm64/Navigator.o -debug-module-path /Users/admin/builder/spi-builder-workspace/.derivedData/Build/Intermediates.noindex/Flower.build/Debug-appletvos/Flower-t.build/Objects-normal/arm64/Flower.swiftmodule -index-unit-output-path /Flower.build/Debug-appletvos/Flower-t.build/Objects-normal/arm64/Navigator.o -index-store-path /Users/admin/builder/spi-builder-workspace/.derivedData/Index.noindex/DataStore -index-system-modules
SwiftCompile normal arm64 /Users/admin/builder/spi-builder-workspace/Sources/Flower/Navigator.swift (in target 'Flower' from project 'Flower')
cd /Users/admin/builder/spi-builder-workspace/.swiftpm/xcode
builtin-SwiftPerFileCompile Navigator.swift
SwiftCompile normal arm64 Compiling\ Launching.swift /Users/admin/builder/spi-builder-workspace/Sources/Flower/Launching.swift (in target 'Flower' from project 'Flower')
SwiftCompile normal arm64 /Users/admin/builder/spi-builder-workspace/Sources/Flower/Launching.swift (in target 'Flower' from project 'Flower')
cd /Users/admin/builder/spi-builder-workspace/.swiftpm/xcode
builtin-SwiftPerFileCompile Launching.swift
SwiftCompile normal arm64 Compiling\ Coordinator.swift /Users/admin/builder/spi-builder-workspace/Sources/Flower/Coordinator.swift (in target 'Flower' from project 'Flower')
SwiftCompile normal arm64 /Users/admin/builder/spi-builder-workspace/Sources/Flower/Coordinator.swift (in target 'Flower' from project 'Flower')
cd /Users/admin/builder/spi-builder-workspace/.swiftpm/xcode
builtin-SwiftPerFileCompile Coordinator.swift
SwiftCompile normal arm64 Compiling\ Launcher.swift /Users/admin/builder/spi-builder-workspace/Sources/Flower/Launcher.swift (in target 'Flower' from project 'Flower')
SwiftCompile normal arm64 /Users/admin/builder/spi-builder-workspace/Sources/Flower/Launcher.swift (in target 'Flower' from project 'Flower')
cd /Users/admin/builder/spi-builder-workspace/.swiftpm/xcode
builtin-SwiftPerFileCompile Launcher.swift
SwiftCompile normal arm64 Compiling\ RootControllable.swift /Users/admin/builder/spi-builder-workspace/Sources/Flower/RootControllable.swift (in target 'Flower' from project 'Flower')
SwiftCompile normal arm64 /Users/admin/builder/spi-builder-workspace/Sources/Flower/RootControllable.swift (in target 'Flower' from project 'Flower')
cd /Users/admin/builder/spi-builder-workspace/.swiftpm/xcode
builtin-SwiftPerFileCompile RootControllable.swift
SwiftCompile normal arm64 Compiling\ Navigating.swift /Users/admin/builder/spi-builder-workspace/Sources/Flower/Navigating.swift (in target 'Flower' from project 'Flower')
SwiftCompile normal arm64 /Users/admin/builder/spi-builder-workspace/Sources/Flower/Navigating.swift (in target 'Flower' from project 'Flower')
cd /Users/admin/builder/spi-builder-workspace/.swiftpm/xcode
builtin-SwiftPerFileCompile Navigating.swift
SwiftDriverJobDiscovery normal arm64 Emitting module for Flower (in target 'Flower' from project 'Flower')
SwiftDriver\ Compilation\ Requirements Flower normal arm64 com.apple.xcode.tools.swift.compiler (in target 'Flower' from project 'Flower')
cd /Users/admin/builder/spi-builder-workspace/.swiftpm/xcode
builtin-Swift-Compilation-Requirements -- /Applications/Xcode-27.0.0-Release.Candidate.app/Contents/Developer/Toolchains/XcodeDefault.xctoolchain/usr/bin/swiftc -parse-as-library -module-name Flower -Onone @/Users/admin/builder/spi-builder-workspace/.derivedData/Build/Intermediates.noindex/Flower.build/Debug-appletvos/Flower-t.build/Objects-normal/arm64/Flower.SwiftFileList -DSWIFT_PACKAGE -DDEBUG -DSWIFT_MODULE_RESOURCE_BUNDLE_UNAVAILABLE -DXcode -plugin-path /Applications/Xcode-27.0.0-Release.Candidate.app/Contents/Developer/Toolchains/XcodeDefault.xctoolchain/usr/lib/swift/host/plugins/testing -enable-experimental-feature DebugDescriptionMacro -sdk /Applications/Xcode-27.0.0-Release.Candidate.app/Contents/Developer/Platforms/AppleTVOS.platform/Developer/SDKs/AppleTVOS27.0.sdk -target arm64-apple-tvos15.0 -g -module-cache-path /Users/admin/builder/spi-builder-workspace/.derivedData/ModuleCache.noindex -Xfrontend -serialize-debugging-options -profile-coverage-mapping -profile-generate -enable-testing -index-store-path /Users/admin/builder/spi-builder-workspace/.derivedData/Index.noindex/DataStore -Xcc -D_LIBCPP_HARDENING_MODE\=_LIBCPP_HARDENING_MODE_DEBUG -swift-version 5 -I /Users/admin/builder/spi-builder-workspace/.derivedData/Build/Products/Debug-appletvos -Isystem /Applications/Xcode-27.0.0-Release.Candidate.app/Contents/Developer/Platforms/AppleTVOS.platform/Developer/usr/lib -F /Users/admin/builder/spi-builder-workspace/.derivedData/Build/Products/Debug-appletvos -F /Applications/Xcode-27.0.0-Release.Candidate.app/Contents/Developer/Platforms/AppleTVOS.platform/Developer/Library/Frameworks -F /Applications/Xcode-27.0.0-Release.Candidate.app/Contents/Developer/Platforms/AppleTVOS.platform/Developer/SDKs/AppleTVOS27.0.sdk/Developer/Library/Frameworks -c -j10 -enable-batch-mode -incremental -Xcc -ivfsstatcache -Xcc /Users/admin/builder/spi-builder-workspace/.derivedData/SDKStatCaches.noindex/appletvos27.0-24J360-e829b21a6f8c9b70876ba0858053c044b32bfd8d43560033f8d89884cdb90028.sdkstatcache -output-file-map /Users/admin/builder/spi-builder-workspace/.derivedData/Build/Intermediates.noindex/Flower.build/Debug-appletvos/Flower-t.build/Objects-normal/arm64/Flower-OutputFileMap.json -save-temps -no-color-diagnostics -explicit-module-build -module-cache-path /Users/admin/builder/spi-builder-workspace/.derivedData/Build/Intermediates.noindex/SwiftExplicitPrecompiledModules -clang-scanner-module-cache-path /Users/admin/builder/spi-builder-workspace/.derivedData/ModuleCache.noindex -sdk-module-cache-path /Users/admin/builder/spi-builder-workspace/.derivedData/SDKExplicitPrecompiledModules -emit-dependencies -emit-module -emit-module-path /Users/admin/builder/spi-builder-workspace/.derivedData/Build/Intermediates.noindex/Flower.build/Debug-appletvos/Flower-t.build/Objects-normal/arm64/Flower.swiftmodule -serialize-diagnostics -dependency-scan-serialize-diagnostics-path /Users/admin/builder/spi-builder-workspace/.derivedData/Build/Intermediates.noindex/Flower.build/Debug-appletvos/Flower-t.build/Objects-normal/arm64/Flower-dependency-scan.dia -validate-clang-modules-once -clang-build-session-file /Users/admin/builder/spi-builder-workspace/.derivedData/ModuleCache.noindex/Session.modulevalidation -Xcc -fmodules-prune-interval\=86400 -Xcc -fmodules-prune-after\=345600 -emit-const-values -const-gather-protocols-list /Users/admin/builder/spi-builder-workspace/.derivedData/Build/Intermediates.noindex/Flower.build/Debug-appletvos/Flower-t.build/Objects-normal/arm64/Flower_const_extract_protocols.json -Xcc -I/Users/admin/builder/spi-builder-workspace/.derivedData/Build/Products/Debug-appletvos/include -Xcc -I/Users/admin/builder/spi-builder-workspace/.derivedData/Build/Intermediates.noindex/Flower.build/Debug-appletvos/Flower-t.build/DerivedSources-normal/arm64 -Xcc -I/Users/admin/builder/spi-builder-workspace/.derivedData/Build/Intermediates.noindex/Flower.build/Debug-appletvos/Flower-t.build/DerivedSources/arm64 -Xcc -I/Users/admin/builder/spi-builder-workspace/.derivedData/Build/Intermediates.noindex/Flower.build/Debug-appletvos/Flower-t.build/DerivedSources -Xcc -DSWIFT_PACKAGE -Xcc -DDEBUG\=1 -emit-objc-header -emit-objc-header-path /Users/admin/builder/spi-builder-workspace/.derivedData/Build/Intermediates.noindex/Flower.build/Debug-appletvos/Flower-t.build/Objects-normal/arm64/Flower-Swift.h -working-directory /Users/admin/builder/spi-builder-workspace/.swiftpm/xcode -experimental-emit-module-separately -disable-cmo
SwiftMergeGeneratedHeaders /Users/admin/builder/spi-builder-workspace/.derivedData/Build/Intermediates.noindex/GeneratedModuleMaps-appletvos/Flower-Swift.h /Users/admin/builder/spi-builder-workspace/.derivedData/Build/Intermediates.noindex/Flower.build/Debug-appletvos/Flower-t.build/Objects-normal/arm64/Flower-Swift.h (in target 'Flower' from project 'Flower')
cd /Users/admin/builder/spi-builder-workspace
builtin-swiftHeaderTool -arch arm64 /Users/admin/builder/spi-builder-workspace/.derivedData/Build/Intermediates.noindex/Flower.build/Debug-appletvos/Flower-t.build/Objects-normal/arm64/Flower-Swift.h -o /Users/admin/builder/spi-builder-workspace/.derivedData/Build/Intermediates.noindex/GeneratedModuleMaps-appletvos/Flower-Swift.h
Copy /Users/admin/builder/spi-builder-workspace/.derivedData/Build/Products/Debug-appletvos/Flower.swiftmodule/arm64-apple-tvos.swiftmodule /Users/admin/builder/spi-builder-workspace/.derivedData/Build/Intermediates.noindex/Flower.build/Debug-appletvos/Flower-t.build/Objects-normal/arm64/Flower.swiftmodule (in target 'Flower' from project 'Flower')
cd /Users/admin/builder/spi-builder-workspace
builtin-copy -exclude .DS_Store -exclude CVS -exclude .svn -exclude .git -exclude .hg -resolve-src-symlinks -rename /Users/admin/builder/spi-builder-workspace/.derivedData/Build/Intermediates.noindex/Flower.build/Debug-appletvos/Flower-t.build/Objects-normal/arm64/Flower.swiftmodule /Users/admin/builder/spi-builder-workspace/.derivedData/Build/Products/Debug-appletvos/Flower.swiftmodule/arm64-apple-tvos.swiftmodule
Copy /Users/admin/builder/spi-builder-workspace/.derivedData/Build/Products/Debug-appletvos/Flower.swiftmodule/arm64-apple-tvos.swiftdoc /Users/admin/builder/spi-builder-workspace/.derivedData/Build/Intermediates.noindex/Flower.build/Debug-appletvos/Flower-t.build/Objects-normal/arm64/Flower.swiftdoc (in target 'Flower' from project 'Flower')
cd /Users/admin/builder/spi-builder-workspace
builtin-copy -exclude .DS_Store -exclude CVS -exclude .svn -exclude .git -exclude .hg -resolve-src-symlinks -rename /Users/admin/builder/spi-builder-workspace/.derivedData/Build/Intermediates.noindex/Flower.build/Debug-appletvos/Flower-t.build/Objects-normal/arm64/Flower.swiftdoc /Users/admin/builder/spi-builder-workspace/.derivedData/Build/Products/Debug-appletvos/Flower.swiftmodule/arm64-apple-tvos.swiftdoc
Copy /Users/admin/builder/spi-builder-workspace/.derivedData/Build/Products/Debug-appletvos/Flower.swiftmodule/arm64-apple-tvos.abi.json /Users/admin/builder/spi-builder-workspace/.derivedData/Build/Intermediates.noindex/Flower.build/Debug-appletvos/Flower-t.build/Objects-normal/arm64/Flower.abi.json (in target 'Flower' from project 'Flower')
cd /Users/admin/builder/spi-builder-workspace
builtin-copy -exclude .DS_Store -exclude CVS -exclude .svn -exclude .git -exclude .hg -resolve-src-symlinks -rename /Users/admin/builder/spi-builder-workspace/.derivedData/Build/Intermediates.noindex/Flower.build/Debug-appletvos/Flower-t.build/Objects-normal/arm64/Flower.abi.json /Users/admin/builder/spi-builder-workspace/.derivedData/Build/Products/Debug-appletvos/Flower.swiftmodule/arm64-apple-tvos.abi.json
Copy /Users/admin/builder/spi-builder-workspace/.derivedData/Build/Products/Debug-appletvos/Flower.swiftmodule/Project/arm64-apple-tvos.swiftsourceinfo /Users/admin/builder/spi-builder-workspace/.derivedData/Build/Intermediates.noindex/Flower.build/Debug-appletvos/Flower-t.build/Objects-normal/arm64/Flower.swiftsourceinfo (in target 'Flower' from project 'Flower')
cd /Users/admin/builder/spi-builder-workspace
builtin-copy -exclude .DS_Store -exclude CVS -exclude .svn -exclude .git -exclude .hg -resolve-src-symlinks -rename /Users/admin/builder/spi-builder-workspace/.derivedData/Build/Intermediates.noindex/Flower.build/Debug-appletvos/Flower-t.build/Objects-normal/arm64/Flower.swiftsourceinfo /Users/admin/builder/spi-builder-workspace/.derivedData/Build/Products/Debug-appletvos/Flower.swiftmodule/Project/arm64-apple-tvos.swiftsourceinfo
SwiftDriverJobDiscovery normal arm64 Compiling Coordinator.swift (in target 'Flower' from project 'Flower')
PruneExplicitPrecompiledModules /Users/admin/builder/spi-builder-workspace/.derivedData/Build/Intermediates.noindex/SwiftExplicitPrecompiledModules
PruneExplicitPrecompiledModules /Users/admin/builder/spi-builder-workspace/.derivedData/Build/Intermediates.noindex/ExplicitPrecompiledModules
PruneExplicitPrecompiledModules /Users/admin/builder/spi-builder-workspace/.derivedData/SDKExplicitPrecompiledModules
2026-09-18 17:25:17.751 xcodebuild[623:4009] [MT] IDERunDestination: Supported platforms for the buildables in the current scheme is empty.
** BUILD FAILED **
The following build commands failed:
SwiftCompile normal arm64 Compiling\ Navigator.swift /Users/admin/builder/spi-builder-workspace/Sources/Flower/Navigator.swift (in target 'Flower' from project 'Flower')
SwiftCompile normal arm64 /Users/admin/builder/spi-builder-workspace/Sources/Flower/Navigator.swift (in target 'Flower' from project 'Flower')
Building workspace Flower with scheme Flower
(3 failures)
Command line invocation:
/Applications/Xcode-27.0.0-Release.Candidate.app/Contents/Developer/usr/bin/xcodebuild -IDEClonedSourcePackagesDirPathOverride=/Users/admin/builder/spi-builder-workspace/.dependencies -resolvePackageDependencies
Resolve Package Graph
Resolved source packages:
Flower: /Users/admin/builder/spi-builder-workspace
resolved source packages: Flower
2026-09-18 17:25:26.618 xcodebuild[722:4519] [MT] IDERunDestination: Supported platforms for the buildables in the current scheme is empty.
{
"dependencies" : [
],
"manifest_display_name" : "Flower",
"name" : "Flower",
"path" : "/Users/admin/builder/spi-builder-workspace",
"platforms" : [
{
"name" : "ios",
"version" : "11.0"
}
],
"products" : [
{
"name" : "Flower",
"targets" : [
"Flower"
],
"type" : {
"library" : [
"automatic"
]
}
}
],
"targets" : [
{
"c99name" : "FlowerTests",
"module_type" : "SwiftTarget",
"name" : "FlowerTests",
"path" : "Tests/FlowerTests",
"sources" : [
"CoordinatorTests.swift"
],
"target_dependencies" : [
"Flower"
],
"type" : "test"
},
{
"c99name" : "Flower",
"module_type" : "SwiftTarget",
"name" : "Flower",
"path" : "Sources/Flower",
"product_memberships" : [
"Flower"
],
"sources" : [
"Coordinator.swift",
"Launcher.swift",
"Launching.swift",
"Navigating.swift",
"Navigator.swift",
"Presenting.swift",
"RootControllable.swift"
],
"type" : "library"
}
],
"tools_version" : "5.3"
}
{
"workspace" : {
"name" : "Flower",
"schemes" : [
"Flower"
]
}
}
2026-09-18 17:25:27.815 xcodebuild[730:4593] [MT] IDERunDestination: Supported platforms for the buildables in the current scheme is empty.
Running build ...
env DEVELOPER_DIR=/Applications/Xcode-27.0.0-Release.Candidate.app xcrun xcodebuild -IDEClonedSourcePackagesDirPathOverride=$PWD/.dependencies -skipMacroValidation -skipPackagePluginValidation -derivedDataPath $PWD/.derivedData build -scheme Flower -destination generic/platform=tvOS
Command line invocation:
/Applications/Xcode-27.0.0-Release.Candidate.app/Contents/Developer/usr/bin/xcodebuild -IDEClonedSourcePackagesDirPathOverride=/Users/admin/builder/spi-builder-workspace/.dependencies -skipMacroValidation -skipPackagePluginValidation -derivedDataPath /Users/admin/builder/spi-builder-workspace/.derivedData build -scheme Flower -destination generic/platform=tvOS
Resolve Package Graph
Resolved source packages:
Flower: /Users/admin/builder/spi-builder-workspace
ComputePackagePrebuildTargetDependencyGraph
Prepare packages
CreateBuildRequest
SendProjectDescription
CreateBuildOperation
ComputeTargetDependencyGraph
note: Building targets in dependency order
note: Target dependency graph (2 targets)
Target 'Flower-product' in project 'Flower'
➜ Explicit dependency on target 'Flower' in project 'Flower'
Target 'Flower' in project 'Flower' (no dependencies)
GatherProvisioningInputs
CreateBuildDescription
ClangStatCache /Applications/Xcode-27.0.0-Release.Candidate.app/Contents/Developer/Toolchains/XcodeDefault.xctoolchain/usr/bin/clang-stat-cache /Applications/Xcode-27.0.0-Release.Candidate.app/Contents/Developer/Platforms/AppleTVOS.platform/Developer/SDKs/AppleTVOS27.0.sdk /Users/admin/builder/spi-builder-workspace/.derivedData/SDKStatCaches.noindex/appletvos27.0-24J360-e829b21a6f8c9b70876ba0858053c044b32bfd8d43560033f8d89884cdb90028.sdkstatcache
cd /Users/admin/builder/spi-builder-workspace/.swiftpm/xcode
/Applications/Xcode-27.0.0-Release.Candidate.app/Contents/Developer/Toolchains/XcodeDefault.xctoolchain/usr/bin/clang-stat-cache /Applications/Xcode-27.0.0-Release.Candidate.app/Contents/Developer/Platforms/AppleTVOS.platform/Developer/SDKs/AppleTVOS27.0.sdk -o /Users/admin/builder/spi-builder-workspace/.derivedData/SDKStatCaches.noindex/appletvos27.0-24J360-e829b21a6f8c9b70876ba0858053c044b32bfd8d43560033f8d89884cdb90028.sdkstatcache
SwiftDriver Flower normal arm64 com.apple.xcode.tools.swift.compiler (in target 'Flower' from project 'Flower')
cd /Users/admin/builder/spi-builder-workspace/.swiftpm/xcode
builtin-SwiftDriver -- /Applications/Xcode-27.0.0-Release.Candidate.app/Contents/Developer/Toolchains/XcodeDefault.xctoolchain/usr/bin/swiftc -parse-as-library -module-name Flower -Onone @/Users/admin/builder/spi-builder-workspace/.derivedData/Build/Intermediates.noindex/Flower.build/Debug-appletvos/Flower-t.build/Objects-normal/arm64/Flower.SwiftFileList -DSWIFT_PACKAGE -DDEBUG -DSWIFT_MODULE_RESOURCE_BUNDLE_UNAVAILABLE -DXcode -plugin-path /Applications/Xcode-27.0.0-Release.Candidate.app/Contents/Developer/Toolchains/XcodeDefault.xctoolchain/usr/lib/swift/host/plugins/testing -enable-experimental-feature DebugDescriptionMacro -sdk /Applications/Xcode-27.0.0-Release.Candidate.app/Contents/Developer/Platforms/AppleTVOS.platform/Developer/SDKs/AppleTVOS27.0.sdk -target arm64-apple-tvos15.0 -g -module-cache-path /Users/admin/builder/spi-builder-workspace/.derivedData/ModuleCache.noindex -Xfrontend -serialize-debugging-options -profile-coverage-mapping -profile-generate -enable-testing -index-store-path /Users/admin/builder/spi-builder-workspace/.derivedData/Index.noindex/DataStore -Xcc -D_LIBCPP_HARDENING_MODE\=_LIBCPP_HARDENING_MODE_DEBUG -swift-version 5 -I /Users/admin/builder/spi-builder-workspace/.derivedData/Build/Products/Debug-appletvos -Isystem /Applications/Xcode-27.0.0-Release.Candidate.app/Contents/Developer/Platforms/AppleTVOS.platform/Developer/usr/lib -F /Users/admin/builder/spi-builder-workspace/.derivedData/Build/Products/Debug-appletvos -F /Applications/Xcode-27.0.0-Release.Candidate.app/Contents/Developer/Platforms/AppleTVOS.platform/Developer/Library/Frameworks -F /Applications/Xcode-27.0.0-Release.Candidate.app/Contents/Developer/Platforms/AppleTVOS.platform/Developer/SDKs/AppleTVOS27.0.sdk/Developer/Library/Frameworks -c -j10 -enable-batch-mode -incremental -Xcc -ivfsstatcache -Xcc /Users/admin/builder/spi-builder-workspace/.derivedData/SDKStatCaches.noindex/appletvos27.0-24J360-e829b21a6f8c9b70876ba0858053c044b32bfd8d43560033f8d89884cdb90028.sdkstatcache -output-file-map /Users/admin/builder/spi-builder-workspace/.derivedData/Build/Intermediates.noindex/Flower.build/Debug-appletvos/Flower-t.build/Objects-normal/arm64/Flower-OutputFileMap.json -save-temps -no-color-diagnostics -explicit-module-build -module-cache-path /Users/admin/builder/spi-builder-workspace/.derivedData/Build/Intermediates.noindex/SwiftExplicitPrecompiledModules -clang-scanner-module-cache-path /Users/admin/builder/spi-builder-workspace/.derivedData/ModuleCache.noindex -sdk-module-cache-path /Users/admin/builder/spi-builder-workspace/.derivedData/SDKExplicitPrecompiledModules -emit-dependencies -emit-module -emit-module-path /Users/admin/builder/spi-builder-workspace/.derivedData/Build/Intermediates.noindex/Flower.build/Debug-appletvos/Flower-t.build/Objects-normal/arm64/Flower.swiftmodule -serialize-diagnostics -dependency-scan-serialize-diagnostics-path /Users/admin/builder/spi-builder-workspace/.derivedData/Build/Intermediates.noindex/Flower.build/Debug-appletvos/Flower-t.build/Objects-normal/arm64/Flower-dependency-scan.dia -validate-clang-modules-once -clang-build-session-file /Users/admin/builder/spi-builder-workspace/.derivedData/ModuleCache.noindex/Session.modulevalidation -Xcc -fmodules-prune-interval\=86400 -Xcc -fmodules-prune-after\=345600 -emit-const-values -const-gather-protocols-list /Users/admin/builder/spi-builder-workspace/.derivedData/Build/Intermediates.noindex/Flower.build/Debug-appletvos/Flower-t.build/Objects-normal/arm64/Flower_const_extract_protocols.json -Xcc -I/Users/admin/builder/spi-builder-workspace/.derivedData/Build/Products/Debug-appletvos/include -Xcc -I/Users/admin/builder/spi-builder-workspace/.derivedData/Build/Intermediates.noindex/Flower.build/Debug-appletvos/Flower-t.build/DerivedSources-normal/arm64 -Xcc -I/Users/admin/builder/spi-builder-workspace/.derivedData/Build/Intermediates.noindex/Flower.build/Debug-appletvos/Flower-t.build/DerivedSources/arm64 -Xcc -I/Users/admin/builder/spi-builder-workspace/.derivedData/Build/Intermediates.noindex/Flower.build/Debug-appletvos/Flower-t.build/DerivedSources -Xcc -DSWIFT_PACKAGE -Xcc -DDEBUG\=1 -emit-objc-header -emit-objc-header-path /Users/admin/builder/spi-builder-workspace/.derivedData/Build/Intermediates.noindex/Flower.build/Debug-appletvos/Flower-t.build/Objects-normal/arm64/Flower-Swift.h -working-directory /Users/admin/builder/spi-builder-workspace/.swiftpm/xcode -experimental-emit-module-separately -disable-cmo
SwiftCompile normal arm64 Compiling\ Launcher.swift /Users/admin/builder/spi-builder-workspace/Sources/Flower/Launcher.swift (in target 'Flower' from project 'Flower')
SwiftCompile normal arm64 /Users/admin/builder/spi-builder-workspace/Sources/Flower/Launcher.swift (in target 'Flower' from project 'Flower')
cd /Users/admin/builder/spi-builder-workspace/.swiftpm/xcode
builtin-SwiftPerFileCompile Launcher.swift
SwiftCompile normal arm64 Compiling\ Navigating.swift /Users/admin/builder/spi-builder-workspace/Sources/Flower/Navigating.swift (in target 'Flower' from project 'Flower')
SwiftCompile normal arm64 /Users/admin/builder/spi-builder-workspace/Sources/Flower/Navigating.swift (in target 'Flower' from project 'Flower')
cd /Users/admin/builder/spi-builder-workspace/.swiftpm/xcode
builtin-SwiftPerFileCompile Navigating.swift
SwiftCompile normal arm64 Compiling\ Presenting.swift /Users/admin/builder/spi-builder-workspace/Sources/Flower/Presenting.swift (in target 'Flower' from project 'Flower')
SwiftCompile normal arm64 /Users/admin/builder/spi-builder-workspace/Sources/Flower/Presenting.swift (in target 'Flower' from project 'Flower')
cd /Users/admin/builder/spi-builder-workspace/.swiftpm/xcode
builtin-SwiftPerFileCompile Presenting.swift
SwiftCompile normal arm64 Compiling\ RootControllable.swift /Users/admin/builder/spi-builder-workspace/Sources/Flower/RootControllable.swift (in target 'Flower' from project 'Flower')
SwiftCompile normal arm64 /Users/admin/builder/spi-builder-workspace/Sources/Flower/RootControllable.swift (in target 'Flower' from project 'Flower')
cd /Users/admin/builder/spi-builder-workspace/.swiftpm/xcode
builtin-SwiftPerFileCompile RootControllable.swift
SwiftEmitModule normal arm64 Emitting\ module\ for\ Flower (in target 'Flower' from project 'Flower')
SwiftCompile normal arm64 (in target 'Flower' from project 'Flower')
cd /Users/admin/builder/spi-builder-workspace/.swiftpm/xcode
SwiftCompile normal arm64 Compiling\ Navigator.swift /Users/admin/builder/spi-builder-workspace/Sources/Flower/Navigator.swift (in target 'Flower' from project 'Flower')
SwiftCompile normal arm64 /Users/admin/builder/spi-builder-workspace/Sources/Flower/Navigator.swift (in target 'Flower' from project 'Flower')
cd /Users/admin/builder/spi-builder-workspace/.swiftpm/xcode
builtin-SwiftPerFileCompile Navigator.swift
/Users/admin/builder/spi-builder-workspace/Sources/Flower/Navigator.swift:76:12: error: 'hidesBottomBarWhenPushed' is unavailable in tvOS
74 | }
75 |
76 | vc.hidesBottomBarWhenPushed = hideBottomBar
| `- error: 'hidesBottomBarWhenPushed' is unavailable in tvOS
77 | navigationController.presentationController?.delegate = self
78 | navigationController.pushViewController(vc, animated: animated)
/Applications/Xcode-27.0.0-Release.Candidate.app/Contents/Developer/Platforms/AppleTVOS.platform/Developer/SDKs/AppleTVOS27.0.sdk/System/Library/Frameworks/UIKit.framework/Headers/UINavigationController.h:152:27: note: 'hidesBottomBarWhenPushed' has been explicitly marked unavailable here
150 |
151 | @property(nonatomic,readonly,strong) UINavigationItem *navigationItem; // Created on-demand so that a view controller may customize its navigation appearance.
152 | @property(nonatomic) BOOL hidesBottomBarWhenPushed API_UNAVAILABLE(tvos); // If YES, then when this view controller is pushed into a controller hierarchy with a bottom bar (like a tab bar), the bottom bar will slide out. Default is NO.
| `- note: 'hidesBottomBarWhenPushed' has been explicitly marked unavailable here
153 | @property(nullable, nonatomic,readonly,strong) UINavigationController *navigationController; // If this view controller has been pushed onto a navigation controller, return it.
154 |
Failed frontend command:
/Applications/Xcode-27.0.0-Release.Candidate.app/Contents/Developer/Toolchains/XcodeDefault.xctoolchain/usr/bin/swift-frontend -frontend -c /Users/admin/builder/spi-builder-workspace/Sources/Flower/Coordinator.swift /Users/admin/builder/spi-builder-workspace/Sources/Flower/Launcher.swift /Users/admin/builder/spi-builder-workspace/Sources/Flower/Launching.swift /Users/admin/builder/spi-builder-workspace/Sources/Flower/Navigating.swift -primary-file /Users/admin/builder/spi-builder-workspace/Sources/Flower/Navigator.swift /Users/admin/builder/spi-builder-workspace/Sources/Flower/Presenting.swift /Users/admin/builder/spi-builder-workspace/Sources/Flower/RootControllable.swift -emit-dependencies-path /Users/admin/builder/spi-builder-workspace/.derivedData/Build/Intermediates.noindex/Flower.build/Debug-appletvos/Flower-t.build/Objects-normal/arm64/Navigator.d -emit-const-values-path /Users/admin/builder/spi-builder-workspace/.derivedData/Build/Intermediates.noindex/Flower.build/Debug-appletvos/Flower-t.build/Objects-normal/arm64/Navigator.swiftconstvalues -emit-reference-dependencies-path /Users/admin/builder/spi-builder-workspace/.derivedData/Build/Intermediates.noindex/Flower.build/Debug-appletvos/Flower-t.build/Objects-normal/arm64/Navigator.swiftdeps -serialize-diagnostics-path /Users/admin/builder/spi-builder-workspace/.derivedData/Build/Intermediates.noindex/Flower.build/Debug-appletvos/Flower-t.build/Objects-normal/arm64/Navigator.dia -target arm64-apple-tvos15.0 -disable-cross-import-overlay-search -load-resolved-plugin /Applications/Xcode-27.0.0-Release.Candidate.app/Contents/Developer/Platforms/AppleTVOS.platform/Developer/usr/lib/swift/host/plugins/libFoundationMacros.dylib\#/Applications/Xcode-27.0.0-Release.Candidate.app/Contents/Developer/Platforms/AppleTVOS.platform/Developer/usr/bin/swift-plugin-server\#FoundationMacros -load-resolved-plugin /Applications/Xcode-27.0.0-Release.Candidate.app/Contents/Developer/Platforms/AppleTVOS.platform/Developer/usr/lib/swift/host/plugins/libObservationMacros.dylib\#/Applications/Xcode-27.0.0-Release.Candidate.app/Contents/Developer/Platforms/AppleTVOS.platform/Developer/usr/bin/swift-plugin-server\#ObservationMacros -load-resolved-plugin /Applications/Xcode-27.0.0-Release.Candidate.app/Contents/Developer/Platforms/AppleTVOS.platform/Developer/usr/lib/swift/host/plugins/libPreviewsMacros.dylib\#/Applications/Xcode-27.0.0-Release.Candidate.app/Contents/Developer/Platforms/AppleTVOS.platform/Developer/usr/bin/swift-plugin-server\#PreviewsMacros -load-resolved-plugin /Applications/Xcode-27.0.0-Release.Candidate.app/Contents/Developer/Platforms/AppleTVOS.platform/Developer/usr/lib/swift/host/plugins/libSwiftMacros.dylib\#/Applications/Xcode-27.0.0-Release.Candidate.app/Contents/Developer/Platforms/AppleTVOS.platform/Developer/usr/bin/swift-plugin-server\#SwiftMacros -load-resolved-plugin /Applications/Xcode-27.0.0-Release.Candidate.app/Contents/Developer/Platforms/AppleTVOS.platform/Developer/usr/lib/swift/host/plugins/libSwiftUIMacros.dylib\#/Applications/Xcode-27.0.0-Release.Candidate.app/Contents/Developer/Platforms/AppleTVOS.platform/Developer/usr/bin/swift-plugin-server\#SwiftUIMacros -disable-implicit-swift-modules -Xcc -fno-implicit-modules -Xcc -fno-implicit-module-maps -explicit-swift-module-map-file /Users/admin/builder/spi-builder-workspace/.derivedData/Build/Intermediates.noindex/Flower.build/Debug-appletvos/Flower-t.build/Objects-normal/arm64/Flower-dependencies-1.json -Xllvm -aarch64-use-tbi -enable-objc-interop -stack-check -sdk /Applications/Xcode-27.0.0-Release.Candidate.app/Contents/Developer/Platforms/AppleTVOS.platform/Developer/SDKs/AppleTVOS27.0.sdk -I /Users/admin/builder/spi-builder-workspace/.derivedData/Build/Products/Debug-appletvos -Isystem /Applications/Xcode-27.0.0-Release.Candidate.app/Contents/Developer/Platforms/AppleTVOS.platform/Developer/usr/lib -F /Users/admin/builder/spi-builder-workspace/.derivedData/Build/Products/Debug-appletvos -F /Applications/Xcode-27.0.0-Release.Candidate.app/Contents/Developer/Platforms/AppleTVOS.platform/Developer/Library/Frameworks -F /Applications/Xcode-27.0.0-Release.Candidate.app/Contents/Developer/Platforms/AppleTVOS.platform/Developer/SDKs/AppleTVOS27.0.sdk/Developer/Library/Frameworks -module-cache-path /Users/admin/builder/spi-builder-workspace/.derivedData/Build/Intermediates.noindex/SwiftExplicitPrecompiledModules -no-color-diagnostics -Xcc -fno-color-diagnostics -enable-testing -g -debug-info-format\=dwarf -dwarf-version\=4 -profile-generate -profile-coverage-mapping -swift-version 5 -Onone -D SWIFT_PACKAGE -D DEBUG -D SWIFT_MODULE_RESOURCE_BUNDLE_UNAVAILABLE -D Xcode -serialize-debugging-options -enable-experimental-feature DebugDescriptionMacro -empty-abi-descriptor -validate-clang-modules-once -clang-build-session-file /Users/admin/builder/spi-builder-workspace/.derivedData/ModuleCache.noindex/Session.modulevalidation -Xcc -working-directory -Xcc /Users/admin/builder/spi-builder-workspace/.swiftpm/xcode -enable-anonymous-context-mangled-names -file-compilation-dir /Users/admin/builder/spi-builder-workspace/.swiftpm/xcode -Xcc -D_LIBCPP_HARDENING_MODE\=_LIBCPP_HARDENING_MODE_DEBUG -Xcc -ivfsstatcache -Xcc /Users/admin/builder/spi-builder-workspace/.derivedData/SDKStatCaches.noindex/appletvos27.0-24J360-e829b21a6f8c9b70876ba0858053c044b32bfd8d43560033f8d89884cdb90028.sdkstatcache -Xcc -fmodules-prune-interval\=86400 -Xcc -fmodules-prune-after\=345600 -Xcc -I/Users/admin/builder/spi-builder-workspace/.derivedData/Build/Products/Debug-appletvos/include -Xcc -I/Users/admin/builder/spi-builder-workspace/.derivedData/Build/Intermediates.noindex/Flower.build/Debug-appletvos/Flower-t.build/DerivedSources-normal/arm64 -Xcc -I/Users/admin/builder/spi-builder-workspace/.derivedData/Build/Intermediates.noindex/Flower.build/Debug-appletvos/Flower-t.build/DerivedSources/arm64 -Xcc -I/Users/admin/builder/spi-builder-workspace/.derivedData/Build/Intermediates.noindex/Flower.build/Debug-appletvos/Flower-t.build/DerivedSources -Xcc -DSWIFT_PACKAGE -Xcc -DDEBUG\=1 -no-auto-bridging-header-chaining -module-name Flower -const-gather-protocols-file /Users/admin/builder/spi-builder-workspace/.derivedData/Build/Intermediates.noindex/Flower.build/Debug-appletvos/Flower-t.build/Objects-normal/arm64/Flower_const_extract_protocols.json -disable-clang-spi -clang-target arm64-apple-tvos27.0 -target-sdk-version 27.0 -target-sdk-name appletvos27.0 -in-process-plugin-server-path /Applications/Xcode-27.0.0-Release.Candidate.app/Contents/Developer/Toolchains/XcodeDefault.xctoolchain/usr/lib/swift/host/libSwiftInProcPluginServer.dylib -parse-as-library -o /Users/admin/builder/spi-builder-workspace/.derivedData/Build/Intermediates.noindex/Flower.build/Debug-appletvos/Flower-t.build/Objects-normal/arm64/Navigator.o -debug-module-path /Users/admin/builder/spi-builder-workspace/.derivedData/Build/Intermediates.noindex/Flower.build/Debug-appletvos/Flower-t.build/Objects-normal/arm64/Flower.swiftmodule -index-unit-output-path /Flower.build/Debug-appletvos/Flower-t.build/Objects-normal/arm64/Navigator.o -index-store-path /Users/admin/builder/spi-builder-workspace/.derivedData/Index.noindex/DataStore -index-system-modules
SwiftCompile normal arm64 Compiling\ Launching.swift /Users/admin/builder/spi-builder-workspace/Sources/Flower/Launching.swift (in target 'Flower' from project 'Flower')
SwiftCompile normal arm64 /Users/admin/builder/spi-builder-workspace/Sources/Flower/Launching.swift (in target 'Flower' from project 'Flower')
cd /Users/admin/builder/spi-builder-workspace/.swiftpm/xcode
builtin-SwiftPerFileCompile Launching.swift
SwiftDriverJobDiscovery normal arm64 Compiling RootControllable.swift (in target 'Flower' from project 'Flower')
SwiftCompile normal arm64 Compiling\ Coordinator.swift /Users/admin/builder/spi-builder-workspace/Sources/Flower/Coordinator.swift (in target 'Flower' from project 'Flower')
SwiftCompile normal arm64 /Users/admin/builder/spi-builder-workspace/Sources/Flower/Coordinator.swift (in target 'Flower' from project 'Flower')
cd /Users/admin/builder/spi-builder-workspace/.swiftpm/xcode
builtin-SwiftPerFileCompile Coordinator.swift
SwiftDriverJobDiscovery normal arm64 Compiling Launching.swift (in target 'Flower' from project 'Flower')
SwiftDriverJobDiscovery normal arm64 Compiling Presenting.swift (in target 'Flower' from project 'Flower')
SwiftDriverJobDiscovery normal arm64 Compiling Navigating.swift (in target 'Flower' from project 'Flower')
SwiftDriverJobDiscovery normal arm64 Compiling Launcher.swift (in target 'Flower' from project 'Flower')
PruneExplicitPrecompiledModules /Users/admin/builder/spi-builder-workspace/.derivedData/SDKExplicitPrecompiledModules
PruneExplicitPrecompiledModules /Users/admin/builder/spi-builder-workspace/.derivedData/Build/Intermediates.noindex/SwiftExplicitPrecompiledModules
PruneExplicitPrecompiledModules /Users/admin/builder/spi-builder-workspace/.derivedData/Build/Intermediates.noindex/ExplicitPrecompiledModules
2026-09-18 17:25:28.759 xcodebuild[731:4618] [MT] IDERunDestination: Supported platforms for the buildables in the current scheme is empty.
** BUILD FAILED **
The following build commands failed:
SwiftCompile normal arm64 /Users/admin/builder/spi-builder-workspace/Sources/Flower/Navigator.swift (in target 'Flower' from project 'Flower')
SwiftCompile normal arm64 Compiling\ Navigator.swift /Users/admin/builder/spi-builder-workspace/Sources/Flower/Navigator.swift (in target 'Flower' from project 'Flower')
Building workspace Flower with scheme Flower
(3 failures)
BUILD FAILURE 6.4 tvOS