Build Information
Failed to build APNGKit, reference 2.4.0 (341383), with Swift 6.1 for watchOS using Xcode 16.3 on 11 Jul 2026 18:06:35 UTC.
Build Command
env DEVELOPER_DIR=/Applications/Xcode-16.3.0.app xcrun xcodebuild -IDEClonedSourcePackagesDirPathOverride=$PWD/.dependencies -skipMacroValidation -skipPackagePluginValidation -derivedDataPath $PWD/.derivedData build -scheme APNGKit -destination generic/platform=watchOSBuild Log
cd /Users/admin/builder/spi-builder-workspace
write-file /Users/admin/builder/spi-builder-workspace/.derivedData/Build/Intermediates.noindex/APNGKit.build/Debug-watchos/APNGKit.build/Objects-normal/armv7k/APNGKit-OutputFileMap.json
WriteAuxiliaryFile /Users/admin/builder/spi-builder-workspace/.derivedData/Build/Intermediates.noindex/APNGKit.build/Debug-watchos/APNGKit.build/Objects-normal/arm64_32/APNGKit_const_extract_protocols.json (in target 'APNGKit' from project 'APNGKit')
cd /Users/admin/builder/spi-builder-workspace
write-file /Users/admin/builder/spi-builder-workspace/.derivedData/Build/Intermediates.noindex/APNGKit.build/Debug-watchos/APNGKit.build/Objects-normal/arm64_32/APNGKit_const_extract_protocols.json
WriteAuxiliaryFile /Users/admin/builder/spi-builder-workspace/.derivedData/Build/Intermediates.noindex/APNGKit.build/Debug-watchos/APNGKit.build/Objects-normal/arm64_32/APNGKit.SwiftFileList (in target 'APNGKit' from project 'APNGKit')
cd /Users/admin/builder/spi-builder-workspace
write-file /Users/admin/builder/spi-builder-workspace/.derivedData/Build/Intermediates.noindex/APNGKit.build/Debug-watchos/APNGKit.build/Objects-normal/arm64_32/APNGKit.SwiftFileList
WriteAuxiliaryFile /Users/admin/builder/spi-builder-workspace/.derivedData/Build/Intermediates.noindex/APNGKit.build/Debug-watchos/APNGKit.build/Objects-normal/arm64_32/APNGKit.SwiftConstValuesFileList (in target 'APNGKit' from project 'APNGKit')
cd /Users/admin/builder/spi-builder-workspace
write-file /Users/admin/builder/spi-builder-workspace/.derivedData/Build/Intermediates.noindex/APNGKit.build/Debug-watchos/APNGKit.build/Objects-normal/arm64_32/APNGKit.SwiftConstValuesFileList
WriteAuxiliaryFile /Users/admin/builder/spi-builder-workspace/.derivedData/Build/Intermediates.noindex/APNGKit.build/Debug-watchos/APNGKit.build/Objects-normal/arm64_32/APNGKit.LinkFileList (in target 'APNGKit' from project 'APNGKit')
cd /Users/admin/builder/spi-builder-workspace
write-file /Users/admin/builder/spi-builder-workspace/.derivedData/Build/Intermediates.noindex/APNGKit.build/Debug-watchos/APNGKit.build/Objects-normal/arm64_32/APNGKit.LinkFileList
WriteAuxiliaryFile /Users/admin/builder/spi-builder-workspace/.derivedData/Build/Intermediates.noindex/APNGKit.build/Debug-watchos/APNGKit.build/Objects-normal/arm64_32/APNGKit-OutputFileMap.json (in target 'APNGKit' from project 'APNGKit')
cd /Users/admin/builder/spi-builder-workspace
write-file /Users/admin/builder/spi-builder-workspace/.derivedData/Build/Intermediates.noindex/APNGKit.build/Debug-watchos/APNGKit.build/Objects-normal/arm64_32/APNGKit-OutputFileMap.json
WriteAuxiliaryFile /Users/admin/builder/spi-builder-workspace/.derivedData/Build/Intermediates.noindex/APNGKit.build/Debug-watchos/APNGKit.build/Objects-normal/arm64/APNGKit_const_extract_protocols.json (in target 'APNGKit' from project 'APNGKit')
cd /Users/admin/builder/spi-builder-workspace
write-file /Users/admin/builder/spi-builder-workspace/.derivedData/Build/Intermediates.noindex/APNGKit.build/Debug-watchos/APNGKit.build/Objects-normal/arm64/APNGKit_const_extract_protocols.json
WriteAuxiliaryFile /Users/admin/builder/spi-builder-workspace/.derivedData/Build/Intermediates.noindex/APNGKit.build/Debug-watchos/APNGKit.build/Objects-normal/arm64/APNGKit.SwiftFileList (in target 'APNGKit' from project 'APNGKit')
cd /Users/admin/builder/spi-builder-workspace
write-file /Users/admin/builder/spi-builder-workspace/.derivedData/Build/Intermediates.noindex/APNGKit.build/Debug-watchos/APNGKit.build/Objects-normal/arm64/APNGKit.SwiftFileList
WriteAuxiliaryFile /Users/admin/builder/spi-builder-workspace/.derivedData/Build/Intermediates.noindex/APNGKit.build/Debug-watchos/APNGKit.build/Objects-normal/arm64/APNGKit.SwiftConstValuesFileList (in target 'APNGKit' from project 'APNGKit')
cd /Users/admin/builder/spi-builder-workspace
write-file /Users/admin/builder/spi-builder-workspace/.derivedData/Build/Intermediates.noindex/APNGKit.build/Debug-watchos/APNGKit.build/Objects-normal/arm64/APNGKit.SwiftConstValuesFileList
WriteAuxiliaryFile /Users/admin/builder/spi-builder-workspace/.derivedData/Build/Intermediates.noindex/APNGKit.build/Debug-watchos/APNGKit.build/Objects-normal/arm64/APNGKit.LinkFileList (in target 'APNGKit' from project 'APNGKit')
cd /Users/admin/builder/spi-builder-workspace
write-file /Users/admin/builder/spi-builder-workspace/.derivedData/Build/Intermediates.noindex/APNGKit.build/Debug-watchos/APNGKit.build/Objects-normal/arm64/APNGKit.LinkFileList
WriteAuxiliaryFile /Users/admin/builder/spi-builder-workspace/.derivedData/Build/Intermediates.noindex/APNGKit.build/Debug-watchos/APNGKit.build/Objects-normal/arm64/APNGKit-OutputFileMap.json (in target 'APNGKit' from project 'APNGKit')
cd /Users/admin/builder/spi-builder-workspace
write-file /Users/admin/builder/spi-builder-workspace/.derivedData/Build/Intermediates.noindex/APNGKit.build/Debug-watchos/APNGKit.build/Objects-normal/arm64/APNGKit-OutputFileMap.json
WriteAuxiliaryFile /Users/admin/builder/spi-builder-workspace/.derivedData/Build/Intermediates.noindex/APNGKit.build/Debug-watchos/APNGKit.build/DerivedSources/resource_bundle_accessor.swift (in target 'APNGKit' from project 'APNGKit')
cd /Users/admin/builder/spi-builder-workspace
write-file /Users/admin/builder/spi-builder-workspace/.derivedData/Build/Intermediates.noindex/APNGKit.build/Debug-watchos/APNGKit.build/DerivedSources/resource_bundle_accessor.swift
WriteAuxiliaryFile /Users/admin/builder/spi-builder-workspace/.derivedData/Build/Intermediates.noindex/APNGKit.build/Debug-watchos/APNGKit.build/APNGKit.modulemap (in target 'APNGKit' from project 'APNGKit')
cd /Users/admin/builder/spi-builder-workspace
write-file /Users/admin/builder/spi-builder-workspace/.derivedData/Build/Intermediates.noindex/APNGKit.build/Debug-watchos/APNGKit.build/APNGKit.modulemap
WriteAuxiliaryFile /Users/admin/builder/spi-builder-workspace/.derivedData/Build/Intermediates.noindex/APNGKit.build/Debug-watchos/APNGKit.build/APNGKit.DependencyStaticMetadataFileList (in target 'APNGKit' from project 'APNGKit')
cd /Users/admin/builder/spi-builder-workspace
write-file /Users/admin/builder/spi-builder-workspace/.derivedData/Build/Intermediates.noindex/APNGKit.build/Debug-watchos/APNGKit.build/APNGKit.DependencyStaticMetadataFileList
WriteAuxiliaryFile /Users/admin/builder/spi-builder-workspace/.derivedData/Build/Intermediates.noindex/APNGKit.build/Debug-watchos/APNGKit.build/APNGKit.DependencyMetadataFileList (in target 'APNGKit' from project 'APNGKit')
cd /Users/admin/builder/spi-builder-workspace
write-file /Users/admin/builder/spi-builder-workspace/.derivedData/Build/Intermediates.noindex/APNGKit.build/Debug-watchos/APNGKit.build/APNGKit.DependencyMetadataFileList
MkDir /Users/admin/builder/spi-builder-workspace/.derivedData/Build/Products/Debug-watchos/APNGKit_APNGKitTests.bundle (in target 'APNGKit_APNGKitTests' from project 'APNGKit')
cd /Users/admin/builder/spi-builder-workspace
/bin/mkdir -p /Users/admin/builder/spi-builder-workspace/.derivedData/Build/Products/Debug-watchos/APNGKit_APNGKitTests.bundle
MkDir /Users/admin/builder/spi-builder-workspace/.derivedData/Build/Products/Debug-watchos/APNGKit_APNGKit.bundle (in target 'APNGKit_APNGKit' from project 'APNGKit')
cd /Users/admin/builder/spi-builder-workspace
/bin/mkdir -p /Users/admin/builder/spi-builder-workspace/.derivedData/Build/Products/Debug-watchos/APNGKit_APNGKit.bundle
MkDir /Users/admin/builder/spi-builder-workspace/.derivedData/Build/Products/Debug-watchos/APNGKitTests.xctest (in target 'APNGKitTests' from project 'APNGKit')
cd /Users/admin/builder/spi-builder-workspace
/bin/mkdir -p /Users/admin/builder/spi-builder-workspace/.derivedData/Build/Products/Debug-watchos/APNGKitTests.xctest
CpResource /Users/admin/builder/spi-builder-workspace/.derivedData/Build/Products/Debug-watchos/APNGKit_APNGKitTests.bundle/SpecTesting /Users/admin/builder/spi-builder-workspace/Tests/APNGKitTests/Resources/SpecTesting (in target 'APNGKit_APNGKitTests' from project 'APNGKit')
cd /Users/admin/builder/spi-builder-workspace
builtin-copy -exclude .DS_Store -exclude CVS -exclude .svn -exclude .git -exclude .hg -resolve-src-symlinks /Users/admin/builder/spi-builder-workspace/Tests/APNGKitTests/Resources/SpecTesting /Users/admin/builder/spi-builder-workspace/.derivedData/Build/Products/Debug-watchos/APNGKit_APNGKitTests.bundle
ProcessInfoPlistFile /Users/admin/builder/spi-builder-workspace/.derivedData/Build/Products/Debug-watchos/APNGKit_APNGKitTests.bundle/Info.plist /Users/admin/builder/spi-builder-workspace/.derivedData/Build/Intermediates.noindex/APNGKit.build/Debug-watchos/APNGKit_APNGKitTests.build/empty-APNGKit_APNGKitTests.plist (in target 'APNGKit_APNGKitTests' from project 'APNGKit')
cd /Users/admin/builder/spi-builder-workspace
builtin-infoPlistUtility /Users/admin/builder/spi-builder-workspace/.derivedData/Build/Intermediates.noindex/APNGKit.build/Debug-watchos/APNGKit_APNGKitTests.build/empty-APNGKit_APNGKitTests.plist -producttype com.apple.product-type.bundle -expandbuildsettings -format binary -platform watchos -o /Users/admin/builder/spi-builder-workspace/.derivedData/Build/Products/Debug-watchos/APNGKit_APNGKitTests.bundle/Info.plist
CpResource /Users/admin/builder/spi-builder-workspace/.derivedData/Build/Products/Debug-watchos/APNGKit_APNGKitTests.bundle/General /Users/admin/builder/spi-builder-workspace/Tests/APNGKitTests/Resources/General (in target 'APNGKit_APNGKitTests' from project 'APNGKit')
cd /Users/admin/builder/spi-builder-workspace
builtin-copy -exclude .DS_Store -exclude CVS -exclude .svn -exclude .git -exclude .hg -resolve-src-symlinks /Users/admin/builder/spi-builder-workspace/Tests/APNGKitTests/Resources/General /Users/admin/builder/spi-builder-workspace/.derivedData/Build/Products/Debug-watchos/APNGKit_APNGKitTests.bundle
ProcessInfoPlistFile /Users/admin/builder/spi-builder-workspace/.derivedData/Build/Products/Debug-watchos/APNGKit_APNGKit.bundle/Info.plist /Users/admin/builder/spi-builder-workspace/.derivedData/Build/Intermediates.noindex/APNGKit.build/Debug-watchos/APNGKit_APNGKit.build/empty-APNGKit_APNGKit.plist (in target 'APNGKit_APNGKit' from project 'APNGKit')
cd /Users/admin/builder/spi-builder-workspace
builtin-infoPlistUtility /Users/admin/builder/spi-builder-workspace/.derivedData/Build/Intermediates.noindex/APNGKit.build/Debug-watchos/APNGKit_APNGKit.build/empty-APNGKit_APNGKit.plist -producttype com.apple.product-type.bundle -expandbuildsettings -format binary -platform watchos -o /Users/admin/builder/spi-builder-workspace/.derivedData/Build/Products/Debug-watchos/APNGKit_APNGKit.bundle/Info.plist
CpResource /Users/admin/builder/spi-builder-workspace/.derivedData/Build/Products/Debug-watchos/APNGKit_APNGKit.bundle/PrivacyInfo.xcprivacy /Users/admin/builder/spi-builder-workspace/Source/APNGKit/PrivacyInfo.xcprivacy (in target 'APNGKit_APNGKit' from project 'APNGKit')
cd /Users/admin/builder/spi-builder-workspace
builtin-copy -exclude .DS_Store -exclude CVS -exclude .svn -exclude .git -exclude .hg -resolve-src-symlinks /Users/admin/builder/spi-builder-workspace/Source/APNGKit/PrivacyInfo.xcprivacy /Users/admin/builder/spi-builder-workspace/.derivedData/Build/Products/Debug-watchos/APNGKit_APNGKit.bundle
Copy /Users/admin/builder/spi-builder-workspace/.derivedData/Build/Intermediates.noindex/GeneratedModuleMaps-watchos/APNGKit.modulemap /Users/admin/builder/spi-builder-workspace/.derivedData/Build/Intermediates.noindex/APNGKit.build/Debug-watchos/APNGKit.build/APNGKit.modulemap (in target 'APNGKit' from project 'APNGKit')
cd /Users/admin/builder/spi-builder-workspace
builtin-copy -exclude .DS_Store -exclude CVS -exclude .svn -exclude .git -exclude .hg -resolve-src-symlinks /Users/admin/builder/spi-builder-workspace/.derivedData/Build/Intermediates.noindex/APNGKit.build/Debug-watchos/APNGKit.build/APNGKit.modulemap /Users/admin/builder/spi-builder-workspace/.derivedData/Build/Intermediates.noindex/GeneratedModuleMaps-watchos
RegisterExecutionPolicyException /Users/admin/builder/spi-builder-workspace/.derivedData/Build/Products/Debug-watchos/APNGKit_APNGKit.bundle (in target 'APNGKit_APNGKit' from project 'APNGKit')
cd /Users/admin/builder/spi-builder-workspace
builtin-RegisterExecutionPolicyException /Users/admin/builder/spi-builder-workspace/.derivedData/Build/Products/Debug-watchos/APNGKit_APNGKit.bundle
RegisterExecutionPolicyException /Users/admin/builder/spi-builder-workspace/.derivedData/Build/Products/Debug-watchos/APNGKit_APNGKitTests.bundle (in target 'APNGKit_APNGKitTests' from project 'APNGKit')
cd /Users/admin/builder/spi-builder-workspace
builtin-RegisterExecutionPolicyException /Users/admin/builder/spi-builder-workspace/.derivedData/Build/Products/Debug-watchos/APNGKit_APNGKitTests.bundle
Touch /Users/admin/builder/spi-builder-workspace/.derivedData/Build/Products/Debug-watchos/APNGKit_APNGKit.bundle (in target 'APNGKit_APNGKit' from project 'APNGKit')
cd /Users/admin/builder/spi-builder-workspace
/usr/bin/touch -c /Users/admin/builder/spi-builder-workspace/.derivedData/Build/Products/Debug-watchos/APNGKit_APNGKit.bundle
Touch /Users/admin/builder/spi-builder-workspace/.derivedData/Build/Products/Debug-watchos/APNGKit_APNGKitTests.bundle (in target 'APNGKit_APNGKitTests' from project 'APNGKit')
cd /Users/admin/builder/spi-builder-workspace
/usr/bin/touch -c /Users/admin/builder/spi-builder-workspace/.derivedData/Build/Products/Debug-watchos/APNGKit_APNGKitTests.bundle
SwiftDriver Delegate normal arm64 com.apple.xcode.tools.swift.compiler (in target 'Delegate' from project 'Delegate')
cd /Users/admin/builder/spi-builder-workspace/.swiftpm/xcode
builtin-SwiftDriver -- /Applications/Xcode-16.3.0.app/Contents/Developer/Toolchains/XcodeDefault.xctoolchain/usr/bin/swiftc -module-name Delegate -Onone -enforce-exclusivity\=checked @/Users/admin/builder/spi-builder-workspace/.derivedData/Build/Intermediates.noindex/Delegate.build/Debug-watchos/Delegate.build/Objects-normal/arm64/Delegate.SwiftFileList -DSWIFT_PACKAGE -DDEBUG -stats-output-dir .stats -strict-concurrency\=complete -enable-upcoming-feature StrictConcurrency -enable-upcoming-feature DisableOutwardActorInference -enable-upcoming-feature GlobalActorIsolatedTypesUsability -enable-upcoming-feature InferSendableFromCaptures -plugin-path /Applications/Xcode-16.3.0.app/Contents/Developer/Toolchains/XcodeDefault.xctoolchain/usr/lib/swift/host/plugins/testing -enable-experimental-feature DebugDescriptionMacro -sdk /Applications/Xcode-16.3.0.app/Contents/Developer/Platforms/WatchOS.platform/Developer/SDKs/WatchOS11.4.sdk -target arm64-apple-watchos5.0 -g -module-cache-path /Users/admin/builder/spi-builder-workspace/.derivedData/ModuleCache.noindex -Xfrontend -serialize-debugging-options -profile-coverage-mapping -profile-generate -enable-testing -suppress-warnings -index-store-path /Users/admin/builder/spi-builder-workspace/.derivedData/Index.noindex/DataStore -swift-version 5 -I /Users/admin/builder/spi-builder-workspace/.derivedData/Build/Products/Debug-watchos -I /Applications/Xcode-16.3.0.app/Contents/Developer/Platforms/WatchOS.platform/Developer/usr/lib -F /Users/admin/builder/spi-builder-workspace/.derivedData/Build/Products/Debug-watchos -F /Applications/Xcode-16.3.0.app/Contents/Developer/Platforms/WatchOS.platform/Developer/Library/Frameworks -F /Applications/Xcode-16.3.0.app/Contents/Developer/Platforms/WatchOS.platform/Developer/SDKs/WatchOS11.4.sdk/Developer/Library/Frameworks -parse-as-library -c -j10 -enable-batch-mode -incremental -Xcc -ivfsstatcache -Xcc /Users/admin/builder/spi-builder-workspace/.derivedData/SDKStatCaches.noindex/watchos11.4-22T246-43efb940ff07ba2497b70ec94253f576.sdkstatcache -output-file-map /Users/admin/builder/spi-builder-workspace/.derivedData/Build/Intermediates.noindex/Delegate.build/Debug-watchos/Delegate.build/Objects-normal/arm64/Delegate-OutputFileMap.json -use-frontend-parseable-output -save-temps -no-color-diagnostics -serialize-diagnostics -emit-dependencies -emit-module -emit-module-path /Users/admin/builder/spi-builder-workspace/.derivedData/Build/Intermediates.noindex/Delegate.build/Debug-watchos/Delegate.build/Objects-normal/arm64/Delegate.swiftmodule -validate-clang-modules-once -clang-build-session-file /Users/admin/builder/spi-builder-workspace/.derivedData/ModuleCache.noindex/Session.modulevalidation -Xcc -I/Users/admin/builder/spi-builder-workspace/.derivedData/Build/Intermediates.noindex/Delegate.build/Debug-watchos/Delegate.build/swift-overrides.hmap -emit-const-values -Xfrontend -const-gather-protocols-file -Xfrontend /Users/admin/builder/spi-builder-workspace/.derivedData/Build/Intermediates.noindex/Delegate.build/Debug-watchos/Delegate.build/Objects-normal/arm64/Delegate_const_extract_protocols.json -Xcc -I/Users/admin/builder/spi-builder-workspace/.derivedData/Build/Products/Debug-watchos/include -Xcc -I/Users/admin/builder/spi-builder-workspace/.derivedData/Build/Intermediates.noindex/Delegate.build/Debug-watchos/Delegate.build/DerivedSources-normal/arm64 -Xcc -I/Users/admin/builder/spi-builder-workspace/.derivedData/Build/Intermediates.noindex/Delegate.build/Debug-watchos/Delegate.build/DerivedSources/arm64 -Xcc -I/Users/admin/builder/spi-builder-workspace/.derivedData/Build/Intermediates.noindex/Delegate.build/Debug-watchos/Delegate.build/DerivedSources -Xcc -DSWIFT_PACKAGE -Xcc -DDEBUG\=1 -emit-objc-header -emit-objc-header-path /Users/admin/builder/spi-builder-workspace/.derivedData/Build/Intermediates.noindex/Delegate.build/Debug-watchos/Delegate.build/Objects-normal/arm64/Delegate-Swift.h -working-directory /Users/admin/builder/spi-builder-workspace/.swiftpm/xcode -experimental-emit-module-separately -disable-cmo
SwiftDriver Delegate normal armv7k com.apple.xcode.tools.swift.compiler (in target 'Delegate' from project 'Delegate')
cd /Users/admin/builder/spi-builder-workspace/.swiftpm/xcode
builtin-SwiftDriver -- /Applications/Xcode-16.3.0.app/Contents/Developer/Toolchains/XcodeDefault.xctoolchain/usr/bin/swiftc -module-name Delegate -Onone -enforce-exclusivity\=checked @/Users/admin/builder/spi-builder-workspace/.derivedData/Build/Intermediates.noindex/Delegate.build/Debug-watchos/Delegate.build/Objects-normal/armv7k/Delegate.SwiftFileList -DSWIFT_PACKAGE -DDEBUG -stats-output-dir .stats -strict-concurrency\=complete -enable-upcoming-feature StrictConcurrency -enable-upcoming-feature DisableOutwardActorInference -enable-upcoming-feature GlobalActorIsolatedTypesUsability -enable-upcoming-feature InferSendableFromCaptures -plugin-path /Applications/Xcode-16.3.0.app/Contents/Developer/Toolchains/XcodeDefault.xctoolchain/usr/lib/swift/host/plugins/testing -enable-experimental-feature DebugDescriptionMacro -sdk /Applications/Xcode-16.3.0.app/Contents/Developer/Platforms/WatchOS.platform/Developer/SDKs/WatchOS11.4.sdk -target armv7k-apple-watchos5.0 -g -module-cache-path /Users/admin/builder/spi-builder-workspace/.derivedData/ModuleCache.noindex -Xfrontend -serialize-debugging-options -profile-coverage-mapping -profile-generate -enable-testing -suppress-warnings -index-store-path /Users/admin/builder/spi-builder-workspace/.derivedData/Index.noindex/DataStore -swift-version 5 -I /Users/admin/builder/spi-builder-workspace/.derivedData/Build/Products/Debug-watchos -I /Applications/Xcode-16.3.0.app/Contents/Developer/Platforms/WatchOS.platform/Developer/usr/lib -F /Users/admin/builder/spi-builder-workspace/.derivedData/Build/Products/Debug-watchos -F /Applications/Xcode-16.3.0.app/Contents/Developer/Platforms/WatchOS.platform/Developer/Library/Frameworks -F /Applications/Xcode-16.3.0.app/Contents/Developer/Platforms/WatchOS.platform/Developer/SDKs/WatchOS11.4.sdk/Developer/Library/Frameworks -parse-as-library -c -j10 -enable-batch-mode -incremental -Xcc -ivfsstatcache -Xcc /Users/admin/builder/spi-builder-workspace/.derivedData/SDKStatCaches.noindex/watchos11.4-22T246-43efb940ff07ba2497b70ec94253f576.sdkstatcache -output-file-map /Users/admin/builder/spi-builder-workspace/.derivedData/Build/Intermediates.noindex/Delegate.build/Debug-watchos/Delegate.build/Objects-normal/armv7k/Delegate-OutputFileMap.json -use-frontend-parseable-output -save-temps -no-color-diagnostics -serialize-diagnostics -emit-dependencies -emit-module -emit-module-path /Users/admin/builder/spi-builder-workspace/.derivedData/Build/Intermediates.noindex/Delegate.build/Debug-watchos/Delegate.build/Objects-normal/armv7k/Delegate.swiftmodule -validate-clang-modules-once -clang-build-session-file /Users/admin/builder/spi-builder-workspace/.derivedData/ModuleCache.noindex/Session.modulevalidation -Xcc -I/Users/admin/builder/spi-builder-workspace/.derivedData/Build/Intermediates.noindex/Delegate.build/Debug-watchos/Delegate.build/swift-overrides.hmap -emit-const-values -Xfrontend -const-gather-protocols-file -Xfrontend /Users/admin/builder/spi-builder-workspace/.derivedData/Build/Intermediates.noindex/Delegate.build/Debug-watchos/Delegate.build/Objects-normal/armv7k/Delegate_const_extract_protocols.json -Xcc -I/Users/admin/builder/spi-builder-workspace/.derivedData/Build/Products/Debug-watchos/include -Xcc -I/Users/admin/builder/spi-builder-workspace/.derivedData/Build/Intermediates.noindex/Delegate.build/Debug-watchos/Delegate.build/DerivedSources-normal/armv7k -Xcc -I/Users/admin/builder/spi-builder-workspace/.derivedData/Build/Intermediates.noindex/Delegate.build/Debug-watchos/Delegate.build/DerivedSources/armv7k -Xcc -I/Users/admin/builder/spi-builder-workspace/.derivedData/Build/Intermediates.noindex/Delegate.build/Debug-watchos/Delegate.build/DerivedSources -Xcc -DSWIFT_PACKAGE -Xcc -DDEBUG\=1 -emit-objc-header -emit-objc-header-path /Users/admin/builder/spi-builder-workspace/.derivedData/Build/Intermediates.noindex/Delegate.build/Debug-watchos/Delegate.build/Objects-normal/armv7k/Delegate-Swift.h -working-directory /Users/admin/builder/spi-builder-workspace/.swiftpm/xcode -experimental-emit-module-separately -disable-cmo
SwiftDriver Delegate normal arm64_32 com.apple.xcode.tools.swift.compiler (in target 'Delegate' from project 'Delegate')
cd /Users/admin/builder/spi-builder-workspace/.swiftpm/xcode
builtin-SwiftDriver -- /Applications/Xcode-16.3.0.app/Contents/Developer/Toolchains/XcodeDefault.xctoolchain/usr/bin/swiftc -module-name Delegate -Onone -enforce-exclusivity\=checked @/Users/admin/builder/spi-builder-workspace/.derivedData/Build/Intermediates.noindex/Delegate.build/Debug-watchos/Delegate.build/Objects-normal/arm64_32/Delegate.SwiftFileList -DSWIFT_PACKAGE -DDEBUG -stats-output-dir .stats -strict-concurrency\=complete -enable-upcoming-feature StrictConcurrency -enable-upcoming-feature DisableOutwardActorInference -enable-upcoming-feature GlobalActorIsolatedTypesUsability -enable-upcoming-feature InferSendableFromCaptures -plugin-path /Applications/Xcode-16.3.0.app/Contents/Developer/Toolchains/XcodeDefault.xctoolchain/usr/lib/swift/host/plugins/testing -enable-experimental-feature DebugDescriptionMacro -sdk /Applications/Xcode-16.3.0.app/Contents/Developer/Platforms/WatchOS.platform/Developer/SDKs/WatchOS11.4.sdk -target arm64_32-apple-watchos5.0 -g -module-cache-path /Users/admin/builder/spi-builder-workspace/.derivedData/ModuleCache.noindex -Xfrontend -serialize-debugging-options -profile-coverage-mapping -profile-generate -enable-testing -suppress-warnings -index-store-path /Users/admin/builder/spi-builder-workspace/.derivedData/Index.noindex/DataStore -swift-version 5 -I /Users/admin/builder/spi-builder-workspace/.derivedData/Build/Products/Debug-watchos -I /Applications/Xcode-16.3.0.app/Contents/Developer/Platforms/WatchOS.platform/Developer/usr/lib -F /Users/admin/builder/spi-builder-workspace/.derivedData/Build/Products/Debug-watchos -F /Applications/Xcode-16.3.0.app/Contents/Developer/Platforms/WatchOS.platform/Developer/Library/Frameworks -F /Applications/Xcode-16.3.0.app/Contents/Developer/Platforms/WatchOS.platform/Developer/SDKs/WatchOS11.4.sdk/Developer/Library/Frameworks -parse-as-library -c -j10 -enable-batch-mode -incremental -Xcc -ivfsstatcache -Xcc /Users/admin/builder/spi-builder-workspace/.derivedData/SDKStatCaches.noindex/watchos11.4-22T246-43efb940ff07ba2497b70ec94253f576.sdkstatcache -output-file-map /Users/admin/builder/spi-builder-workspace/.derivedData/Build/Intermediates.noindex/Delegate.build/Debug-watchos/Delegate.build/Objects-normal/arm64_32/Delegate-OutputFileMap.json -use-frontend-parseable-output -save-temps -no-color-diagnostics -serialize-diagnostics -emit-dependencies -emit-module -emit-module-path /Users/admin/builder/spi-builder-workspace/.derivedData/Build/Intermediates.noindex/Delegate.build/Debug-watchos/Delegate.build/Objects-normal/arm64_32/Delegate.swiftmodule -validate-clang-modules-once -clang-build-session-file /Users/admin/builder/spi-builder-workspace/.derivedData/ModuleCache.noindex/Session.modulevalidation -Xcc -I/Users/admin/builder/spi-builder-workspace/.derivedData/Build/Intermediates.noindex/Delegate.build/Debug-watchos/Delegate.build/swift-overrides.hmap -emit-const-values -Xfrontend -const-gather-protocols-file -Xfrontend /Users/admin/builder/spi-builder-workspace/.derivedData/Build/Intermediates.noindex/Delegate.build/Debug-watchos/Delegate.build/Objects-normal/arm64_32/Delegate_const_extract_protocols.json -Xcc -I/Users/admin/builder/spi-builder-workspace/.derivedData/Build/Products/Debug-watchos/include -Xcc -I/Users/admin/builder/spi-builder-workspace/.derivedData/Build/Intermediates.noindex/Delegate.build/Debug-watchos/Delegate.build/DerivedSources-normal/arm64_32 -Xcc -I/Users/admin/builder/spi-builder-workspace/.derivedData/Build/Intermediates.noindex/Delegate.build/Debug-watchos/Delegate.build/DerivedSources/arm64_32 -Xcc -I/Users/admin/builder/spi-builder-workspace/.derivedData/Build/Intermediates.noindex/Delegate.build/Debug-watchos/Delegate.build/DerivedSources -Xcc -DSWIFT_PACKAGE -Xcc -DDEBUG\=1 -emit-objc-header -emit-objc-header-path /Users/admin/builder/spi-builder-workspace/.derivedData/Build/Intermediates.noindex/Delegate.build/Debug-watchos/Delegate.build/Objects-normal/arm64_32/Delegate-Swift.h -working-directory /Users/admin/builder/spi-builder-workspace/.swiftpm/xcode -experimental-emit-module-separately -disable-cmo
SwiftEmitModule normal armv7k Emitting\ module\ for\ Delegate (in target 'Delegate' from project 'Delegate')
SwiftCompile normal armv7k /Users/admin/builder/spi-builder-workspace/.dependencies/checkouts/Delegate/Sources/Delegate/Delegate.swift (in target 'Delegate' from project 'Delegate')
cd /Users/admin/builder/spi-builder-workspace/.swiftpm/xcode
SwiftEmitModule normal arm64 Emitting\ module\ for\ Delegate (in target 'Delegate' from project 'Delegate')
SwiftCompile normal arm64 /Users/admin/builder/spi-builder-workspace/.dependencies/checkouts/Delegate/Sources/Delegate/Delegate.swift (in target 'Delegate' from project 'Delegate')
cd /Users/admin/builder/spi-builder-workspace/.swiftpm/xcode
SwiftEmitModule normal arm64_32 Emitting\ module\ for\ Delegate (in target 'Delegate' from project 'Delegate')
SwiftCompile normal arm64_32 /Users/admin/builder/spi-builder-workspace/.dependencies/checkouts/Delegate/Sources/Delegate/Delegate.swift (in target 'Delegate' from project 'Delegate')
cd /Users/admin/builder/spi-builder-workspace/.swiftpm/xcode
SwiftCompile normal arm64 Compiling\ Delegate.swift /Users/admin/builder/spi-builder-workspace/.dependencies/checkouts/Delegate/Sources/Delegate/Delegate.swift (in target 'Delegate' from project 'Delegate')
SwiftCompile normal arm64 /Users/admin/builder/spi-builder-workspace/.dependencies/checkouts/Delegate/Sources/Delegate/Delegate.swift (in target 'Delegate' from project 'Delegate')
cd /Users/admin/builder/spi-builder-workspace/.swiftpm/xcode
SwiftCompile normal armv7k Compiling\ Delegate.swift /Users/admin/builder/spi-builder-workspace/.dependencies/checkouts/Delegate/Sources/Delegate/Delegate.swift (in target 'Delegate' from project 'Delegate')
SwiftCompile normal armv7k /Users/admin/builder/spi-builder-workspace/.dependencies/checkouts/Delegate/Sources/Delegate/Delegate.swift (in target 'Delegate' from project 'Delegate')
cd /Users/admin/builder/spi-builder-workspace/.swiftpm/xcode
SwiftCompile normal arm64_32 Compiling\ Delegate.swift /Users/admin/builder/spi-builder-workspace/.dependencies/checkouts/Delegate/Sources/Delegate/Delegate.swift (in target 'Delegate' from project 'Delegate')
SwiftCompile normal arm64_32 /Users/admin/builder/spi-builder-workspace/.dependencies/checkouts/Delegate/Sources/Delegate/Delegate.swift (in target 'Delegate' from project 'Delegate')
cd /Users/admin/builder/spi-builder-workspace/.swiftpm/xcode
SwiftDriverJobDiscovery normal armv7k Emitting module for Delegate (in target 'Delegate' from project 'Delegate')
SwiftDriver\ Compilation\ Requirements Delegate normal armv7k com.apple.xcode.tools.swift.compiler (in target 'Delegate' from project 'Delegate')
cd /Users/admin/builder/spi-builder-workspace/.swiftpm/xcode
builtin-Swift-Compilation-Requirements -- /Applications/Xcode-16.3.0.app/Contents/Developer/Toolchains/XcodeDefault.xctoolchain/usr/bin/swiftc -module-name Delegate -Onone -enforce-exclusivity\=checked @/Users/admin/builder/spi-builder-workspace/.derivedData/Build/Intermediates.noindex/Delegate.build/Debug-watchos/Delegate.build/Objects-normal/armv7k/Delegate.SwiftFileList -DSWIFT_PACKAGE -DDEBUG -stats-output-dir .stats -strict-concurrency\=complete -enable-upcoming-feature StrictConcurrency -enable-upcoming-feature DisableOutwardActorInference -enable-upcoming-feature GlobalActorIsolatedTypesUsability -enable-upcoming-feature InferSendableFromCaptures -plugin-path /Applications/Xcode-16.3.0.app/Contents/Developer/Toolchains/XcodeDefault.xctoolchain/usr/lib/swift/host/plugins/testing -enable-experimental-feature DebugDescriptionMacro -sdk /Applications/Xcode-16.3.0.app/Contents/Developer/Platforms/WatchOS.platform/Developer/SDKs/WatchOS11.4.sdk -target armv7k-apple-watchos5.0 -g -module-cache-path /Users/admin/builder/spi-builder-workspace/.derivedData/ModuleCache.noindex -Xfrontend -serialize-debugging-options -profile-coverage-mapping -profile-generate -enable-testing -suppress-warnings -index-store-path /Users/admin/builder/spi-builder-workspace/.derivedData/Index.noindex/DataStore -swift-version 5 -I /Users/admin/builder/spi-builder-workspace/.derivedData/Build/Products/Debug-watchos -I /Applications/Xcode-16.3.0.app/Contents/Developer/Platforms/WatchOS.platform/Developer/usr/lib -F /Users/admin/builder/spi-builder-workspace/.derivedData/Build/Products/Debug-watchos -F /Applications/Xcode-16.3.0.app/Contents/Developer/Platforms/WatchOS.platform/Developer/Library/Frameworks -F /Applications/Xcode-16.3.0.app/Contents/Developer/Platforms/WatchOS.platform/Developer/SDKs/WatchOS11.4.sdk/Developer/Library/Frameworks -parse-as-library -c -j10 -enable-batch-mode -incremental -Xcc -ivfsstatcache -Xcc /Users/admin/builder/spi-builder-workspace/.derivedData/SDKStatCaches.noindex/watchos11.4-22T246-43efb940ff07ba2497b70ec94253f576.sdkstatcache -output-file-map /Users/admin/builder/spi-builder-workspace/.derivedData/Build/Intermediates.noindex/Delegate.build/Debug-watchos/Delegate.build/Objects-normal/armv7k/Delegate-OutputFileMap.json -use-frontend-parseable-output -save-temps -no-color-diagnostics -serialize-diagnostics -emit-dependencies -emit-module -emit-module-path /Users/admin/builder/spi-builder-workspace/.derivedData/Build/Intermediates.noindex/Delegate.build/Debug-watchos/Delegate.build/Objects-normal/armv7k/Delegate.swiftmodule -validate-clang-modules-once -clang-build-session-file /Users/admin/builder/spi-builder-workspace/.derivedData/ModuleCache.noindex/Session.modulevalidation -Xcc -I/Users/admin/builder/spi-builder-workspace/.derivedData/Build/Intermediates.noindex/Delegate.build/Debug-watchos/Delegate.build/swift-overrides.hmap -emit-const-values -Xfrontend -const-gather-protocols-file -Xfrontend /Users/admin/builder/spi-builder-workspace/.derivedData/Build/Intermediates.noindex/Delegate.build/Debug-watchos/Delegate.build/Objects-normal/armv7k/Delegate_const_extract_protocols.json -Xcc -I/Users/admin/builder/spi-builder-workspace/.derivedData/Build/Products/Debug-watchos/include -Xcc -I/Users/admin/builder/spi-builder-workspace/.derivedData/Build/Intermediates.noindex/Delegate.build/Debug-watchos/Delegate.build/DerivedSources-normal/armv7k -Xcc -I/Users/admin/builder/spi-builder-workspace/.derivedData/Build/Intermediates.noindex/Delegate.build/Debug-watchos/Delegate.build/DerivedSources/armv7k -Xcc -I/Users/admin/builder/spi-builder-workspace/.derivedData/Build/Intermediates.noindex/Delegate.build/Debug-watchos/Delegate.build/DerivedSources -Xcc -DSWIFT_PACKAGE -Xcc -DDEBUG\=1 -emit-objc-header -emit-objc-header-path /Users/admin/builder/spi-builder-workspace/.derivedData/Build/Intermediates.noindex/Delegate.build/Debug-watchos/Delegate.build/Objects-normal/armv7k/Delegate-Swift.h -working-directory /Users/admin/builder/spi-builder-workspace/.swiftpm/xcode -experimental-emit-module-separately -disable-cmo
Copy /Users/admin/builder/spi-builder-workspace/.derivedData/Build/Products/Debug-watchos/Delegate.swiftmodule/armv7k-apple-watchos.abi.json /Users/admin/builder/spi-builder-workspace/.derivedData/Build/Intermediates.noindex/Delegate.build/Debug-watchos/Delegate.build/Objects-normal/armv7k/Delegate.abi.json (in target 'Delegate' from project 'Delegate')
cd /Users/admin/builder/spi-builder-workspace/.dependencies/checkouts/Delegate
builtin-copy -exclude .DS_Store -exclude CVS -exclude .svn -exclude .git -exclude .hg -resolve-src-symlinks -rename /Users/admin/builder/spi-builder-workspace/.derivedData/Build/Intermediates.noindex/Delegate.build/Debug-watchos/Delegate.build/Objects-normal/armv7k/Delegate.abi.json /Users/admin/builder/spi-builder-workspace/.derivedData/Build/Products/Debug-watchos/Delegate.swiftmodule/armv7k-apple-watchos.abi.json
Copy /Users/admin/builder/spi-builder-workspace/.derivedData/Build/Products/Debug-watchos/Delegate.swiftmodule/armv7k-apple-watchos.swiftmodule /Users/admin/builder/spi-builder-workspace/.derivedData/Build/Intermediates.noindex/Delegate.build/Debug-watchos/Delegate.build/Objects-normal/armv7k/Delegate.swiftmodule (in target 'Delegate' from project 'Delegate')
cd /Users/admin/builder/spi-builder-workspace/.dependencies/checkouts/Delegate
builtin-copy -exclude .DS_Store -exclude CVS -exclude .svn -exclude .git -exclude .hg -resolve-src-symlinks -rename /Users/admin/builder/spi-builder-workspace/.derivedData/Build/Intermediates.noindex/Delegate.build/Debug-watchos/Delegate.build/Objects-normal/armv7k/Delegate.swiftmodule /Users/admin/builder/spi-builder-workspace/.derivedData/Build/Products/Debug-watchos/Delegate.swiftmodule/armv7k-apple-watchos.swiftmodule
Copy /Users/admin/builder/spi-builder-workspace/.derivedData/Build/Products/Debug-watchos/Delegate.swiftmodule/armv7k-apple-watchos.swiftdoc /Users/admin/builder/spi-builder-workspace/.derivedData/Build/Intermediates.noindex/Delegate.build/Debug-watchos/Delegate.build/Objects-normal/armv7k/Delegate.swiftdoc (in target 'Delegate' from project 'Delegate')
cd /Users/admin/builder/spi-builder-workspace/.dependencies/checkouts/Delegate
builtin-copy -exclude .DS_Store -exclude CVS -exclude .svn -exclude .git -exclude .hg -resolve-src-symlinks -rename /Users/admin/builder/spi-builder-workspace/.derivedData/Build/Intermediates.noindex/Delegate.build/Debug-watchos/Delegate.build/Objects-normal/armv7k/Delegate.swiftdoc /Users/admin/builder/spi-builder-workspace/.derivedData/Build/Products/Debug-watchos/Delegate.swiftmodule/armv7k-apple-watchos.swiftdoc
Copy /Users/admin/builder/spi-builder-workspace/.derivedData/Build/Products/Debug-watchos/Delegate.swiftmodule/Project/armv7k-apple-watchos.swiftsourceinfo /Users/admin/builder/spi-builder-workspace/.derivedData/Build/Intermediates.noindex/Delegate.build/Debug-watchos/Delegate.build/Objects-normal/armv7k/Delegate.swiftsourceinfo (in target 'Delegate' from project 'Delegate')
cd /Users/admin/builder/spi-builder-workspace/.dependencies/checkouts/Delegate
builtin-copy -exclude .DS_Store -exclude CVS -exclude .svn -exclude .git -exclude .hg -resolve-src-symlinks -rename /Users/admin/builder/spi-builder-workspace/.derivedData/Build/Intermediates.noindex/Delegate.build/Debug-watchos/Delegate.build/Objects-normal/armv7k/Delegate.swiftsourceinfo /Users/admin/builder/spi-builder-workspace/.derivedData/Build/Products/Debug-watchos/Delegate.swiftmodule/Project/armv7k-apple-watchos.swiftsourceinfo
SwiftDriverJobDiscovery normal arm64 Emitting module for Delegate (in target 'Delegate' from project 'Delegate')
SwiftDriver\ Compilation\ Requirements Delegate normal arm64 com.apple.xcode.tools.swift.compiler (in target 'Delegate' from project 'Delegate')
cd /Users/admin/builder/spi-builder-workspace/.swiftpm/xcode
builtin-Swift-Compilation-Requirements -- /Applications/Xcode-16.3.0.app/Contents/Developer/Toolchains/XcodeDefault.xctoolchain/usr/bin/swiftc -module-name Delegate -Onone -enforce-exclusivity\=checked @/Users/admin/builder/spi-builder-workspace/.derivedData/Build/Intermediates.noindex/Delegate.build/Debug-watchos/Delegate.build/Objects-normal/arm64/Delegate.SwiftFileList -DSWIFT_PACKAGE -DDEBUG -stats-output-dir .stats -strict-concurrency\=complete -enable-upcoming-feature StrictConcurrency -enable-upcoming-feature DisableOutwardActorInference -enable-upcoming-feature GlobalActorIsolatedTypesUsability -enable-upcoming-feature InferSendableFromCaptures -plugin-path /Applications/Xcode-16.3.0.app/Contents/Developer/Toolchains/XcodeDefault.xctoolchain/usr/lib/swift/host/plugins/testing -enable-experimental-feature DebugDescriptionMacro -sdk /Applications/Xcode-16.3.0.app/Contents/Developer/Platforms/WatchOS.platform/Developer/SDKs/WatchOS11.4.sdk -target arm64-apple-watchos5.0 -g -module-cache-path /Users/admin/builder/spi-builder-workspace/.derivedData/ModuleCache.noindex -Xfrontend -serialize-debugging-options -profile-coverage-mapping -profile-generate -enable-testing -suppress-warnings -index-store-path /Users/admin/builder/spi-builder-workspace/.derivedData/Index.noindex/DataStore -swift-version 5 -I /Users/admin/builder/spi-builder-workspace/.derivedData/Build/Products/Debug-watchos -I /Applications/Xcode-16.3.0.app/Contents/Developer/Platforms/WatchOS.platform/Developer/usr/lib -F /Users/admin/builder/spi-builder-workspace/.derivedData/Build/Products/Debug-watchos -F /Applications/Xcode-16.3.0.app/Contents/Developer/Platforms/WatchOS.platform/Developer/Library/Frameworks -F /Applications/Xcode-16.3.0.app/Contents/Developer/Platforms/WatchOS.platform/Developer/SDKs/WatchOS11.4.sdk/Developer/Library/Frameworks -parse-as-library -c -j10 -enable-batch-mode -incremental -Xcc -ivfsstatcache -Xcc /Users/admin/builder/spi-builder-workspace/.derivedData/SDKStatCaches.noindex/watchos11.4-22T246-43efb940ff07ba2497b70ec94253f576.sdkstatcache -output-file-map /Users/admin/builder/spi-builder-workspace/.derivedData/Build/Intermediates.noindex/Delegate.build/Debug-watchos/Delegate.build/Objects-normal/arm64/Delegate-OutputFileMap.json -use-frontend-parseable-output -save-temps -no-color-diagnostics -serialize-diagnostics -emit-dependencies -emit-module -emit-module-path /Users/admin/builder/spi-builder-workspace/.derivedData/Build/Intermediates.noindex/Delegate.build/Debug-watchos/Delegate.build/Objects-normal/arm64/Delegate.swiftmodule -validate-clang-modules-once -clang-build-session-file /Users/admin/builder/spi-builder-workspace/.derivedData/ModuleCache.noindex/Session.modulevalidation -Xcc -I/Users/admin/builder/spi-builder-workspace/.derivedData/Build/Intermediates.noindex/Delegate.build/Debug-watchos/Delegate.build/swift-overrides.hmap -emit-const-values -Xfrontend -const-gather-protocols-file -Xfrontend /Users/admin/builder/spi-builder-workspace/.derivedData/Build/Intermediates.noindex/Delegate.build/Debug-watchos/Delegate.build/Objects-normal/arm64/Delegate_const_extract_protocols.json -Xcc -I/Users/admin/builder/spi-builder-workspace/.derivedData/Build/Products/Debug-watchos/include -Xcc -I/Users/admin/builder/spi-builder-workspace/.derivedData/Build/Intermediates.noindex/Delegate.build/Debug-watchos/Delegate.build/DerivedSources-normal/arm64 -Xcc -I/Users/admin/builder/spi-builder-workspace/.derivedData/Build/Intermediates.noindex/Delegate.build/Debug-watchos/Delegate.build/DerivedSources/arm64 -Xcc -I/Users/admin/builder/spi-builder-workspace/.derivedData/Build/Intermediates.noindex/Delegate.build/Debug-watchos/Delegate.build/DerivedSources -Xcc -DSWIFT_PACKAGE -Xcc -DDEBUG\=1 -emit-objc-header -emit-objc-header-path /Users/admin/builder/spi-builder-workspace/.derivedData/Build/Intermediates.noindex/Delegate.build/Debug-watchos/Delegate.build/Objects-normal/arm64/Delegate-Swift.h -working-directory /Users/admin/builder/spi-builder-workspace/.swiftpm/xcode -experimental-emit-module-separately -disable-cmo
Copy /Users/admin/builder/spi-builder-workspace/.derivedData/Build/Products/Debug-watchos/Delegate.swiftmodule/arm64-apple-watchos.swiftmodule /Users/admin/builder/spi-builder-workspace/.derivedData/Build/Intermediates.noindex/Delegate.build/Debug-watchos/Delegate.build/Objects-normal/arm64/Delegate.swiftmodule (in target 'Delegate' from project 'Delegate')
cd /Users/admin/builder/spi-builder-workspace/.dependencies/checkouts/Delegate
builtin-copy -exclude .DS_Store -exclude CVS -exclude .svn -exclude .git -exclude .hg -resolve-src-symlinks -rename /Users/admin/builder/spi-builder-workspace/.derivedData/Build/Intermediates.noindex/Delegate.build/Debug-watchos/Delegate.build/Objects-normal/arm64/Delegate.swiftmodule /Users/admin/builder/spi-builder-workspace/.derivedData/Build/Products/Debug-watchos/Delegate.swiftmodule/arm64-apple-watchos.swiftmodule
Copy /Users/admin/builder/spi-builder-workspace/.derivedData/Build/Products/Debug-watchos/Delegate.swiftmodule/arm64-apple-watchos.swiftdoc /Users/admin/builder/spi-builder-workspace/.derivedData/Build/Intermediates.noindex/Delegate.build/Debug-watchos/Delegate.build/Objects-normal/arm64/Delegate.swiftdoc (in target 'Delegate' from project 'Delegate')
cd /Users/admin/builder/spi-builder-workspace/.dependencies/checkouts/Delegate
builtin-copy -exclude .DS_Store -exclude CVS -exclude .svn -exclude .git -exclude .hg -resolve-src-symlinks -rename /Users/admin/builder/spi-builder-workspace/.derivedData/Build/Intermediates.noindex/Delegate.build/Debug-watchos/Delegate.build/Objects-normal/arm64/Delegate.swiftdoc /Users/admin/builder/spi-builder-workspace/.derivedData/Build/Products/Debug-watchos/Delegate.swiftmodule/arm64-apple-watchos.swiftdoc
Copy /Users/admin/builder/spi-builder-workspace/.derivedData/Build/Products/Debug-watchos/Delegate.swiftmodule/arm64-apple-watchos.abi.json /Users/admin/builder/spi-builder-workspace/.derivedData/Build/Intermediates.noindex/Delegate.build/Debug-watchos/Delegate.build/Objects-normal/arm64/Delegate.abi.json (in target 'Delegate' from project 'Delegate')
cd /Users/admin/builder/spi-builder-workspace/.dependencies/checkouts/Delegate
builtin-copy -exclude .DS_Store -exclude CVS -exclude .svn -exclude .git -exclude .hg -resolve-src-symlinks -rename /Users/admin/builder/spi-builder-workspace/.derivedData/Build/Intermediates.noindex/Delegate.build/Debug-watchos/Delegate.build/Objects-normal/arm64/Delegate.abi.json /Users/admin/builder/spi-builder-workspace/.derivedData/Build/Products/Debug-watchos/Delegate.swiftmodule/arm64-apple-watchos.abi.json
Copy /Users/admin/builder/spi-builder-workspace/.derivedData/Build/Products/Debug-watchos/Delegate.swiftmodule/Project/arm64-apple-watchos.swiftsourceinfo /Users/admin/builder/spi-builder-workspace/.derivedData/Build/Intermediates.noindex/Delegate.build/Debug-watchos/Delegate.build/Objects-normal/arm64/Delegate.swiftsourceinfo (in target 'Delegate' from project 'Delegate')
cd /Users/admin/builder/spi-builder-workspace/.dependencies/checkouts/Delegate
builtin-copy -exclude .DS_Store -exclude CVS -exclude .svn -exclude .git -exclude .hg -resolve-src-symlinks -rename /Users/admin/builder/spi-builder-workspace/.derivedData/Build/Intermediates.noindex/Delegate.build/Debug-watchos/Delegate.build/Objects-normal/arm64/Delegate.swiftsourceinfo /Users/admin/builder/spi-builder-workspace/.derivedData/Build/Products/Debug-watchos/Delegate.swiftmodule/Project/arm64-apple-watchos.swiftsourceinfo
SwiftDriverJobDiscovery normal arm64_32 Emitting module for Delegate (in target 'Delegate' from project 'Delegate')
SwiftDriver\ Compilation\ Requirements Delegate normal arm64_32 com.apple.xcode.tools.swift.compiler (in target 'Delegate' from project 'Delegate')
cd /Users/admin/builder/spi-builder-workspace/.swiftpm/xcode
builtin-Swift-Compilation-Requirements -- /Applications/Xcode-16.3.0.app/Contents/Developer/Toolchains/XcodeDefault.xctoolchain/usr/bin/swiftc -module-name Delegate -Onone -enforce-exclusivity\=checked @/Users/admin/builder/spi-builder-workspace/.derivedData/Build/Intermediates.noindex/Delegate.build/Debug-watchos/Delegate.build/Objects-normal/arm64_32/Delegate.SwiftFileList -DSWIFT_PACKAGE -DDEBUG -stats-output-dir .stats -strict-concurrency\=complete -enable-upcoming-feature StrictConcurrency -enable-upcoming-feature DisableOutwardActorInference -enable-upcoming-feature GlobalActorIsolatedTypesUsability -enable-upcoming-feature InferSendableFromCaptures -plugin-path /Applications/Xcode-16.3.0.app/Contents/Developer/Toolchains/XcodeDefault.xctoolchain/usr/lib/swift/host/plugins/testing -enable-experimental-feature DebugDescriptionMacro -sdk /Applications/Xcode-16.3.0.app/Contents/Developer/Platforms/WatchOS.platform/Developer/SDKs/WatchOS11.4.sdk -target arm64_32-apple-watchos5.0 -g -module-cache-path /Users/admin/builder/spi-builder-workspace/.derivedData/ModuleCache.noindex -Xfrontend -serialize-debugging-options -profile-coverage-mapping -profile-generate -enable-testing -suppress-warnings -index-store-path /Users/admin/builder/spi-builder-workspace/.derivedData/Index.noindex/DataStore -swift-version 5 -I /Users/admin/builder/spi-builder-workspace/.derivedData/Build/Products/Debug-watchos -I /Applications/Xcode-16.3.0.app/Contents/Developer/Platforms/WatchOS.platform/Developer/usr/lib -F /Users/admin/builder/spi-builder-workspace/.derivedData/Build/Products/Debug-watchos -F /Applications/Xcode-16.3.0.app/Contents/Developer/Platforms/WatchOS.platform/Developer/Library/Frameworks -F /Applications/Xcode-16.3.0.app/Contents/Developer/Platforms/WatchOS.platform/Developer/SDKs/WatchOS11.4.sdk/Developer/Library/Frameworks -parse-as-library -c -j10 -enable-batch-mode -incremental -Xcc -ivfsstatcache -Xcc /Users/admin/builder/spi-builder-workspace/.derivedData/SDKStatCaches.noindex/watchos11.4-22T246-43efb940ff07ba2497b70ec94253f576.sdkstatcache -output-file-map /Users/admin/builder/spi-builder-workspace/.derivedData/Build/Intermediates.noindex/Delegate.build/Debug-watchos/Delegate.build/Objects-normal/arm64_32/Delegate-OutputFileMap.json -use-frontend-parseable-output -save-temps -no-color-diagnostics -serialize-diagnostics -emit-dependencies -emit-module -emit-module-path /Users/admin/builder/spi-builder-workspace/.derivedData/Build/Intermediates.noindex/Delegate.build/Debug-watchos/Delegate.build/Objects-normal/arm64_32/Delegate.swiftmodule -validate-clang-modules-once -clang-build-session-file /Users/admin/builder/spi-builder-workspace/.derivedData/ModuleCache.noindex/Session.modulevalidation -Xcc -I/Users/admin/builder/spi-builder-workspace/.derivedData/Build/Intermediates.noindex/Delegate.build/Debug-watchos/Delegate.build/swift-overrides.hmap -emit-const-values -Xfrontend -const-gather-protocols-file -Xfrontend /Users/admin/builder/spi-builder-workspace/.derivedData/Build/Intermediates.noindex/Delegate.build/Debug-watchos/Delegate.build/Objects-normal/arm64_32/Delegate_const_extract_protocols.json -Xcc -I/Users/admin/builder/spi-builder-workspace/.derivedData/Build/Products/Debug-watchos/include -Xcc -I/Users/admin/builder/spi-builder-workspace/.derivedData/Build/Intermediates.noindex/Delegate.build/Debug-watchos/Delegate.build/DerivedSources-normal/arm64_32 -Xcc -I/Users/admin/builder/spi-builder-workspace/.derivedData/Build/Intermediates.noindex/Delegate.build/Debug-watchos/Delegate.build/DerivedSources/arm64_32 -Xcc -I/Users/admin/builder/spi-builder-workspace/.derivedData/Build/Intermediates.noindex/Delegate.build/Debug-watchos/Delegate.build/DerivedSources -Xcc -DSWIFT_PACKAGE -Xcc -DDEBUG\=1 -emit-objc-header -emit-objc-header-path /Users/admin/builder/spi-builder-workspace/.derivedData/Build/Intermediates.noindex/Delegate.build/Debug-watchos/Delegate.build/Objects-normal/arm64_32/Delegate-Swift.h -working-directory /Users/admin/builder/spi-builder-workspace/.swiftpm/xcode -experimental-emit-module-separately -disable-cmo
SwiftMergeGeneratedHeaders /Users/admin/builder/spi-builder-workspace/.derivedData/Build/Intermediates.noindex/GeneratedModuleMaps-watchos/Delegate-Swift.h /Users/admin/builder/spi-builder-workspace/.derivedData/Build/Intermediates.noindex/Delegate.build/Debug-watchos/Delegate.build/Objects-normal/arm64/Delegate-Swift.h /Users/admin/builder/spi-builder-workspace/.derivedData/Build/Intermediates.noindex/Delegate.build/Debug-watchos/Delegate.build/Objects-normal/arm64_32/Delegate-Swift.h /Users/admin/builder/spi-builder-workspace/.derivedData/Build/Intermediates.noindex/Delegate.build/Debug-watchos/Delegate.build/Objects-normal/armv7k/Delegate-Swift.h (in target 'Delegate' from project 'Delegate')
cd /Users/admin/builder/spi-builder-workspace/.dependencies/checkouts/Delegate
builtin-swiftHeaderTool -arch arm64 /Users/admin/builder/spi-builder-workspace/.derivedData/Build/Intermediates.noindex/Delegate.build/Debug-watchos/Delegate.build/Objects-normal/arm64/Delegate-Swift.h -arch arm64_32 /Users/admin/builder/spi-builder-workspace/.derivedData/Build/Intermediates.noindex/Delegate.build/Debug-watchos/Delegate.build/Objects-normal/arm64_32/Delegate-Swift.h -arch armv7k /Users/admin/builder/spi-builder-workspace/.derivedData/Build/Intermediates.noindex/Delegate.build/Debug-watchos/Delegate.build/Objects-normal/armv7k/Delegate-Swift.h -o /Users/admin/builder/spi-builder-workspace/.derivedData/Build/Intermediates.noindex/GeneratedModuleMaps-watchos/Delegate-Swift.h
Copy /Users/admin/builder/spi-builder-workspace/.derivedData/Build/Products/Debug-watchos/Delegate.swiftmodule/arm64_32-apple-watchos.swiftdoc /Users/admin/builder/spi-builder-workspace/.derivedData/Build/Intermediates.noindex/Delegate.build/Debug-watchos/Delegate.build/Objects-normal/arm64_32/Delegate.swiftdoc (in target 'Delegate' from project 'Delegate')
cd /Users/admin/builder/spi-builder-workspace/.dependencies/checkouts/Delegate
builtin-copy -exclude .DS_Store -exclude CVS -exclude .svn -exclude .git -exclude .hg -resolve-src-symlinks -rename /Users/admin/builder/spi-builder-workspace/.derivedData/Build/Intermediates.noindex/Delegate.build/Debug-watchos/Delegate.build/Objects-normal/arm64_32/Delegate.swiftdoc /Users/admin/builder/spi-builder-workspace/.derivedData/Build/Products/Debug-watchos/Delegate.swiftmodule/arm64_32-apple-watchos.swiftdoc
Copy /Users/admin/builder/spi-builder-workspace/.derivedData/Build/Products/Debug-watchos/Delegate.swiftmodule/arm64_32-apple-watchos.swiftmodule /Users/admin/builder/spi-builder-workspace/.derivedData/Build/Intermediates.noindex/Delegate.build/Debug-watchos/Delegate.build/Objects-normal/arm64_32/Delegate.swiftmodule (in target 'Delegate' from project 'Delegate')
cd /Users/admin/builder/spi-builder-workspace/.dependencies/checkouts/Delegate
builtin-copy -exclude .DS_Store -exclude CVS -exclude .svn -exclude .git -exclude .hg -resolve-src-symlinks -rename /Users/admin/builder/spi-builder-workspace/.derivedData/Build/Intermediates.noindex/Delegate.build/Debug-watchos/Delegate.build/Objects-normal/arm64_32/Delegate.swiftmodule /Users/admin/builder/spi-builder-workspace/.derivedData/Build/Products/Debug-watchos/Delegate.swiftmodule/arm64_32-apple-watchos.swiftmodule
Copy /Users/admin/builder/spi-builder-workspace/.derivedData/Build/Products/Debug-watchos/Delegate.swiftmodule/arm64_32-apple-watchos.abi.json /Users/admin/builder/spi-builder-workspace/.derivedData/Build/Intermediates.noindex/Delegate.build/Debug-watchos/Delegate.build/Objects-normal/arm64_32/Delegate.abi.json (in target 'Delegate' from project 'Delegate')
cd /Users/admin/builder/spi-builder-workspace/.dependencies/checkouts/Delegate
builtin-copy -exclude .DS_Store -exclude CVS -exclude .svn -exclude .git -exclude .hg -resolve-src-symlinks -rename /Users/admin/builder/spi-builder-workspace/.derivedData/Build/Intermediates.noindex/Delegate.build/Debug-watchos/Delegate.build/Objects-normal/arm64_32/Delegate.abi.json /Users/admin/builder/spi-builder-workspace/.derivedData/Build/Products/Debug-watchos/Delegate.swiftmodule/arm64_32-apple-watchos.abi.json
Copy /Users/admin/builder/spi-builder-workspace/.derivedData/Build/Products/Debug-watchos/Delegate.swiftmodule/Project/arm64_32-apple-watchos.swiftsourceinfo /Users/admin/builder/spi-builder-workspace/.derivedData/Build/Intermediates.noindex/Delegate.build/Debug-watchos/Delegate.build/Objects-normal/arm64_32/Delegate.swiftsourceinfo (in target 'Delegate' from project 'Delegate')
cd /Users/admin/builder/spi-builder-workspace/.dependencies/checkouts/Delegate
builtin-copy -exclude .DS_Store -exclude CVS -exclude .svn -exclude .git -exclude .hg -resolve-src-symlinks -rename /Users/admin/builder/spi-builder-workspace/.derivedData/Build/Intermediates.noindex/Delegate.build/Debug-watchos/Delegate.build/Objects-normal/arm64_32/Delegate.swiftsourceinfo /Users/admin/builder/spi-builder-workspace/.derivedData/Build/Products/Debug-watchos/Delegate.swiftmodule/Project/arm64_32-apple-watchos.swiftsourceinfo
SwiftDriver APNGKit normal arm64_32 com.apple.xcode.tools.swift.compiler (in target 'APNGKit' from project 'APNGKit')
cd /Users/admin/builder/spi-builder-workspace/.swiftpm/xcode
builtin-SwiftDriver -- /Applications/Xcode-16.3.0.app/Contents/Developer/Toolchains/XcodeDefault.xctoolchain/usr/bin/swiftc -module-name APNGKit -Onone -enforce-exclusivity\=checked @/Users/admin/builder/spi-builder-workspace/.derivedData/Build/Intermediates.noindex/APNGKit.build/Debug-watchos/APNGKit.build/Objects-normal/arm64_32/APNGKit.SwiftFileList -DSWIFT_PACKAGE -DDEBUG -stats-output-dir .stats -strict-concurrency\=complete -enable-upcoming-feature StrictConcurrency -enable-upcoming-feature DisableOutwardActorInference -enable-upcoming-feature GlobalActorIsolatedTypesUsability -enable-upcoming-feature InferSendableFromCaptures -plugin-path /Applications/Xcode-16.3.0.app/Contents/Developer/Toolchains/XcodeDefault.xctoolchain/usr/lib/swift/host/plugins/testing -enable-experimental-feature DebugDescriptionMacro -sdk /Applications/Xcode-16.3.0.app/Contents/Developer/Platforms/WatchOS.platform/Developer/SDKs/WatchOS11.4.sdk -target arm64_32-apple-watchos5.0 -g -module-cache-path /Users/admin/builder/spi-builder-workspace/.derivedData/ModuleCache.noindex -Xfrontend -serialize-debugging-options -profile-coverage-mapping -profile-generate -enable-testing -index-store-path /Users/admin/builder/spi-builder-workspace/.derivedData/Index.noindex/DataStore -swift-version 5 -I /Users/admin/builder/spi-builder-workspace/.derivedData/Build/Products/Debug-watchos -I /Applications/Xcode-16.3.0.app/Contents/Developer/Platforms/WatchOS.platform/Developer/usr/lib -F /Users/admin/builder/spi-builder-workspace/.derivedData/Build/Products/Debug-watchos/PackageFrameworks -F /Users/admin/builder/spi-builder-workspace/.derivedData/Build/Products/Debug-watchos -F /Applications/Xcode-16.3.0.app/Contents/Developer/Platforms/WatchOS.platform/Developer/Library/Frameworks -F /Applications/Xcode-16.3.0.app/Contents/Developer/Platforms/WatchOS.platform/Developer/SDKs/WatchOS11.4.sdk/Developer/Library/Frameworks -c -j10 -enable-batch-mode -incremental -Xcc -ivfsstatcache -Xcc /Users/admin/builder/spi-builder-workspace/.derivedData/SDKStatCaches.noindex/watchos11.4-22T246-43efb940ff07ba2497b70ec94253f576.sdkstatcache -output-file-map /Users/admin/builder/spi-builder-workspace/.derivedData/Build/Intermediates.noindex/APNGKit.build/Debug-watchos/APNGKit.build/Objects-normal/arm64_32/APNGKit-OutputFileMap.json -use-frontend-parseable-output -save-temps -no-color-diagnostics -serialize-diagnostics -emit-dependencies -emit-module -emit-module-path /Users/admin/builder/spi-builder-workspace/.derivedData/Build/Intermediates.noindex/APNGKit.build/Debug-watchos/APNGKit.build/Objects-normal/arm64_32/APNGKit.swiftmodule -validate-clang-modules-once -clang-build-session-file /Users/admin/builder/spi-builder-workspace/.derivedData/ModuleCache.noindex/Session.modulevalidation -package-name spi_builder_workspace -Xcc -I/Users/admin/builder/spi-builder-workspace/.derivedData/Build/Intermediates.noindex/APNGKit.build/Debug-watchos/APNGKit.build/swift-overrides.hmap -emit-const-values -Xfrontend -const-gather-protocols-file -Xfrontend /Users/admin/builder/spi-builder-workspace/.derivedData/Build/Intermediates.noindex/APNGKit.build/Debug-watchos/APNGKit.build/Objects-normal/arm64_32/APNGKit_const_extract_protocols.json -Xcc -I/Users/admin/builder/spi-builder-workspace/.derivedData/Build/Products/Debug-watchos/include -Xcc -I/Users/admin/builder/spi-builder-workspace/.derivedData/Build/Intermediates.noindex/APNGKit.build/Debug-watchos/APNGKit.build/DerivedSources-normal/arm64_32 -Xcc -I/Users/admin/builder/spi-builder-workspace/.derivedData/Build/Intermediates.noindex/APNGKit.build/Debug-watchos/APNGKit.build/DerivedSources/arm64_32 -Xcc -I/Users/admin/builder/spi-builder-workspace/.derivedData/Build/Intermediates.noindex/APNGKit.build/Debug-watchos/APNGKit.build/DerivedSources -Xcc -DSWIFT_PACKAGE -Xcc -DDEBUG\=1 -emit-objc-header -emit-objc-header-path /Users/admin/builder/spi-builder-workspace/.derivedData/Build/Intermediates.noindex/APNGKit.build/Debug-watchos/APNGKit.build/Objects-normal/arm64_32/APNGKit-Swift.h -working-directory /Users/admin/builder/spi-builder-workspace/.swiftpm/xcode -experimental-emit-module-separately -disable-cmo
SwiftDriver APNGKit normal armv7k com.apple.xcode.tools.swift.compiler (in target 'APNGKit' from project 'APNGKit')
cd /Users/admin/builder/spi-builder-workspace/.swiftpm/xcode
builtin-SwiftDriver -- /Applications/Xcode-16.3.0.app/Contents/Developer/Toolchains/XcodeDefault.xctoolchain/usr/bin/swiftc -module-name APNGKit -Onone -enforce-exclusivity\=checked @/Users/admin/builder/spi-builder-workspace/.derivedData/Build/Intermediates.noindex/APNGKit.build/Debug-watchos/APNGKit.build/Objects-normal/armv7k/APNGKit.SwiftFileList -DSWIFT_PACKAGE -DDEBUG -stats-output-dir .stats -strict-concurrency\=complete -enable-upcoming-feature StrictConcurrency -enable-upcoming-feature DisableOutwardActorInference -enable-upcoming-feature GlobalActorIsolatedTypesUsability -enable-upcoming-feature InferSendableFromCaptures -plugin-path /Applications/Xcode-16.3.0.app/Contents/Developer/Toolchains/XcodeDefault.xctoolchain/usr/lib/swift/host/plugins/testing -enable-experimental-feature DebugDescriptionMacro -sdk /Applications/Xcode-16.3.0.app/Contents/Developer/Platforms/WatchOS.platform/Developer/SDKs/WatchOS11.4.sdk -target armv7k-apple-watchos5.0 -g -module-cache-path /Users/admin/builder/spi-builder-workspace/.derivedData/ModuleCache.noindex -Xfrontend -serialize-debugging-options -profile-coverage-mapping -profile-generate -enable-testing -index-store-path /Users/admin/builder/spi-builder-workspace/.derivedData/Index.noindex/DataStore -swift-version 5 -I /Users/admin/builder/spi-builder-workspace/.derivedData/Build/Products/Debug-watchos -I /Applications/Xcode-16.3.0.app/Contents/Developer/Platforms/WatchOS.platform/Developer/usr/lib -F /Users/admin/builder/spi-builder-workspace/.derivedData/Build/Products/Debug-watchos/PackageFrameworks -F /Users/admin/builder/spi-builder-workspace/.derivedData/Build/Products/Debug-watchos -F /Applications/Xcode-16.3.0.app/Contents/Developer/Platforms/WatchOS.platform/Developer/Library/Frameworks -F /Applications/Xcode-16.3.0.app/Contents/Developer/Platforms/WatchOS.platform/Developer/SDKs/WatchOS11.4.sdk/Developer/Library/Frameworks -c -j10 -enable-batch-mode -incremental -Xcc -ivfsstatcache -Xcc /Users/admin/builder/spi-builder-workspace/.derivedData/SDKStatCaches.noindex/watchos11.4-22T246-43efb940ff07ba2497b70ec94253f576.sdkstatcache -output-file-map /Users/admin/builder/spi-builder-workspace/.derivedData/Build/Intermediates.noindex/APNGKit.build/Debug-watchos/APNGKit.build/Objects-normal/armv7k/APNGKit-OutputFileMap.json -use-frontend-parseable-output -save-temps -no-color-diagnostics -serialize-diagnostics -emit-dependencies -emit-module -emit-module-path /Users/admin/builder/spi-builder-workspace/.derivedData/Build/Intermediates.noindex/APNGKit.build/Debug-watchos/APNGKit.build/Objects-normal/armv7k/APNGKit.swiftmodule -validate-clang-modules-once -clang-build-session-file /Users/admin/builder/spi-builder-workspace/.derivedData/ModuleCache.noindex/Session.modulevalidation -package-name spi_builder_workspace -Xcc -I/Users/admin/builder/spi-builder-workspace/.derivedData/Build/Intermediates.noindex/APNGKit.build/Debug-watchos/APNGKit.build/swift-overrides.hmap -emit-const-values -Xfrontend -const-gather-protocols-file -Xfrontend /Users/admin/builder/spi-builder-workspace/.derivedData/Build/Intermediates.noindex/APNGKit.build/Debug-watchos/APNGKit.build/Objects-normal/armv7k/APNGKit_const_extract_protocols.json -Xcc -I/Users/admin/builder/spi-builder-workspace/.derivedData/Build/Products/Debug-watchos/include -Xcc -I/Users/admin/builder/spi-builder-workspace/.derivedData/Build/Intermediates.noindex/APNGKit.build/Debug-watchos/APNGKit.build/DerivedSources-normal/armv7k -Xcc -I/Users/admin/builder/spi-builder-workspace/.derivedData/Build/Intermediates.noindex/APNGKit.build/Debug-watchos/APNGKit.build/DerivedSources/armv7k -Xcc -I/Users/admin/builder/spi-builder-workspace/.derivedData/Build/Intermediates.noindex/APNGKit.build/Debug-watchos/APNGKit.build/DerivedSources -Xcc -DSWIFT_PACKAGE -Xcc -DDEBUG\=1 -emit-objc-header -emit-objc-header-path /Users/admin/builder/spi-builder-workspace/.derivedData/Build/Intermediates.noindex/APNGKit.build/Debug-watchos/APNGKit.build/Objects-normal/armv7k/APNGKit-Swift.h -working-directory /Users/admin/builder/spi-builder-workspace/.swiftpm/xcode -experimental-emit-module-separately -disable-cmo
SwiftDriver APNGKit normal arm64 com.apple.xcode.tools.swift.compiler (in target 'APNGKit' from project 'APNGKit')
cd /Users/admin/builder/spi-builder-workspace/.swiftpm/xcode
builtin-SwiftDriver -- /Applications/Xcode-16.3.0.app/Contents/Developer/Toolchains/XcodeDefault.xctoolchain/usr/bin/swiftc -module-name APNGKit -Onone -enforce-exclusivity\=checked @/Users/admin/builder/spi-builder-workspace/.derivedData/Build/Intermediates.noindex/APNGKit.build/Debug-watchos/APNGKit.build/Objects-normal/arm64/APNGKit.SwiftFileList -DSWIFT_PACKAGE -DDEBUG -stats-output-dir .stats -strict-concurrency\=complete -enable-upcoming-feature StrictConcurrency -enable-upcoming-feature DisableOutwardActorInference -enable-upcoming-feature GlobalActorIsolatedTypesUsability -enable-upcoming-feature InferSendableFromCaptures -plugin-path /Applications/Xcode-16.3.0.app/Contents/Developer/Toolchains/XcodeDefault.xctoolchain/usr/lib/swift/host/plugins/testing -enable-experimental-feature DebugDescriptionMacro -sdk /Applications/Xcode-16.3.0.app/Contents/Developer/Platforms/WatchOS.platform/Developer/SDKs/WatchOS11.4.sdk -target arm64-apple-watchos5.0 -g -module-cache-path /Users/admin/builder/spi-builder-workspace/.derivedData/ModuleCache.noindex -Xfrontend -serialize-debugging-options -profile-coverage-mapping -profile-generate -enable-testing -index-store-path /Users/admin/builder/spi-builder-workspace/.derivedData/Index.noindex/DataStore -swift-version 5 -I /Users/admin/builder/spi-builder-workspace/.derivedData/Build/Products/Debug-watchos -I /Applications/Xcode-16.3.0.app/Contents/Developer/Platforms/WatchOS.platform/Developer/usr/lib -F /Users/admin/builder/spi-builder-workspace/.derivedData/Build/Products/Debug-watchos/PackageFrameworks -F /Users/admin/builder/spi-builder-workspace/.derivedData/Build/Products/Debug-watchos -F /Applications/Xcode-16.3.0.app/Contents/Developer/Platforms/WatchOS.platform/Developer/Library/Frameworks -F /Applications/Xcode-16.3.0.app/Contents/Developer/Platforms/WatchOS.platform/Developer/SDKs/WatchOS11.4.sdk/Developer/Library/Frameworks -c -j10 -enable-batch-mode -incremental -Xcc -ivfsstatcache -Xcc /Users/admin/builder/spi-builder-workspace/.derivedData/SDKStatCaches.noindex/watchos11.4-22T246-43efb940ff07ba2497b70ec94253f576.sdkstatcache -output-file-map /Users/admin/builder/spi-builder-workspace/.derivedData/Build/Intermediates.noindex/APNGKit.build/Debug-watchos/APNGKit.build/Objects-normal/arm64/APNGKit-OutputFileMap.json -use-frontend-parseable-output -save-temps -no-color-diagnostics -serialize-diagnostics -emit-dependencies -emit-module -emit-module-path /Users/admin/builder/spi-builder-workspace/.derivedData/Build/Intermediates.noindex/APNGKit.build/Debug-watchos/APNGKit.build/Objects-normal/arm64/APNGKit.swiftmodule -validate-clang-modules-once -clang-build-session-file /Users/admin/builder/spi-builder-workspace/.derivedData/ModuleCache.noindex/Session.modulevalidation -package-name spi_builder_workspace -Xcc -I/Users/admin/builder/spi-builder-workspace/.derivedData/Build/Intermediates.noindex/APNGKit.build/Debug-watchos/APNGKit.build/swift-overrides.hmap -emit-const-values -Xfrontend -const-gather-protocols-file -Xfrontend /Users/admin/builder/spi-builder-workspace/.derivedData/Build/Intermediates.noindex/APNGKit.build/Debug-watchos/APNGKit.build/Objects-normal/arm64/APNGKit_const_extract_protocols.json -Xcc -I/Users/admin/builder/spi-builder-workspace/.derivedData/Build/Products/Debug-watchos/include -Xcc -I/Users/admin/builder/spi-builder-workspace/.derivedData/Build/Intermediates.noindex/APNGKit.build/Debug-watchos/APNGKit.build/DerivedSources-normal/arm64 -Xcc -I/Users/admin/builder/spi-builder-workspace/.derivedData/Build/Intermediates.noindex/APNGKit.build/Debug-watchos/APNGKit.build/DerivedSources/arm64 -Xcc -I/Users/admin/builder/spi-builder-workspace/.derivedData/Build/Intermediates.noindex/APNGKit.build/Debug-watchos/APNGKit.build/DerivedSources -Xcc -DSWIFT_PACKAGE -Xcc -DDEBUG\=1 -emit-objc-header -emit-objc-header-path /Users/admin/builder/spi-builder-workspace/.derivedData/Build/Intermediates.noindex/APNGKit.build/Debug-watchos/APNGKit.build/Objects-normal/arm64/APNGKit-Swift.h -working-directory /Users/admin/builder/spi-builder-workspace/.swiftpm/xcode -experimental-emit-module-separately -disable-cmo
SwiftCompile normal arm64 Compiling\ APNGImageRenderer.swift,\ APNGImageView.swift /Users/admin/builder/spi-builder-workspace/Source/APNGKit/APNGImageRenderer.swift /Users/admin/builder/spi-builder-workspace/Source/APNGKit/APNGImageView.swift (in target 'APNGKit' from project 'APNGKit')
SwiftCompile normal arm64 /Users/admin/builder/spi-builder-workspace/Source/APNGKit/APNGImageRenderer.swift (in target 'APNGKit' from project 'APNGKit')
cd /Users/admin/builder/spi-builder-workspace/.swiftpm/xcode
SwiftCompile normal arm64 /Users/admin/builder/spi-builder-workspace/Source/APNGKit/APNGImageView.swift (in target 'APNGKit' from project 'APNGKit')
cd /Users/admin/builder/spi-builder-workspace/.swiftpm/xcode
SwiftCompile normal arm64 Compiling\ resource_bundle_accessor.swift,\ APNGDecoder.swift /Users/admin/builder/spi-builder-workspace/.derivedData/Build/Intermediates.noindex/APNGKit.build/Debug-watchos/APNGKit.build/DerivedSources/resource_bundle_accessor.swift /Users/admin/builder/spi-builder-workspace/Source/APNGKit/APNGDecoder.swift (in target 'APNGKit' from project 'APNGKit')
SwiftCompile normal arm64 /Users/admin/builder/spi-builder-workspace/.derivedData/Build/Intermediates.noindex/APNGKit.build/Debug-watchos/APNGKit.build/DerivedSources/resource_bundle_accessor.swift (in target 'APNGKit' from project 'APNGKit')
cd /Users/admin/builder/spi-builder-workspace/.swiftpm/xcode
SwiftCompile normal arm64 /Users/admin/builder/spi-builder-workspace/Source/APNGKit/APNGDecoder.swift (in target 'APNGKit' from project 'APNGKit')
cd /Users/admin/builder/spi-builder-workspace/.swiftpm/xcode
SwiftCompile normal arm64 Compiling\ APNGKitError.swift /Users/admin/builder/spi-builder-workspace/Source/APNGKit/APNGKitError.swift (in target 'APNGKit' from project 'APNGKit')
SwiftCompile normal arm64 /Users/admin/builder/spi-builder-workspace/Source/APNGKit/APNGKitError.swift (in target 'APNGKit' from project 'APNGKit')
cd /Users/admin/builder/spi-builder-workspace/.swiftpm/xcode
SwiftEmitModule normal armv7k Emitting\ module\ for\ APNGKit (in target 'APNGKit' from project 'APNGKit')
Failed frontend command:
/Applications/Xcode-16.3.0.app/Contents/Developer/Toolchains/XcodeDefault.xctoolchain/usr/bin/swift-frontend -frontend -emit-module -experimental-skip-non-inlinable-function-bodies-without-types /Users/admin/builder/spi-builder-workspace/.derivedData/Build/Intermediates.noindex/APNGKit.build/Debug-watchos/APNGKit.build/DerivedSources/resource_bundle_accessor.swift /Users/admin/builder/spi-builder-workspace/Source/APNGKit/APNGDecoder.swift /Users/admin/builder/spi-builder-workspace/Source/APNGKit/APNGImage.DecodingOptions.swift /Users/admin/builder/spi-builder-workspace/Source/APNGKit/APNGImage.swift /Users/admin/builder/spi-builder-workspace/Source/APNGKit/APNGImageRenderer.swift /Users/admin/builder/spi-builder-workspace/Source/APNGKit/APNGImageView.swift /Users/admin/builder/spi-builder-workspace/Source/APNGKit/APNGKitError.swift /Users/admin/builder/spi-builder-workspace/Source/APNGKit/Chunk.swift /Users/admin/builder/spi-builder-workspace/Source/APNGKit/CrossPlatform.swift /Users/admin/builder/spi-builder-workspace/Source/APNGKit/DisplayTimer.swift /Users/admin/builder/spi-builder-workspace/Source/APNGKit/Extensions.swift /Users/admin/builder/spi-builder-workspace/Source/APNGKit/LogLevel.swift /Users/admin/builder/spi-builder-workspace/Source/APNGKit/Reader.swift -target armv7k-apple-watchos5.0 -enable-objc-interop -sdk /Applications/Xcode-16.3.0.app/Contents/Developer/Platforms/WatchOS.platform/Developer/SDKs/WatchOS11.4.sdk -I /Users/admin/builder/spi-builder-workspace/.derivedData/Build/Products/Debug-watchos -I /Applications/Xcode-16.3.0.app/Contents/Developer/Platforms/WatchOS.platform/Developer/usr/lib -F /Users/admin/builder/spi-builder-workspace/.derivedData/Build/Products/Debug-watchos/PackageFrameworks -F /Users/admin/builder/spi-builder-workspace/.derivedData/Build/Products/Debug-watchos -F /Applications/Xcode-16.3.0.app/Contents/Developer/Platforms/WatchOS.platform/Developer/Library/Frameworks -F /Applications/Xcode-16.3.0.app/Contents/Developer/Platforms/WatchOS.platform/Developer/SDKs/WatchOS11.4.sdk/Developer/Library/Frameworks -no-color-diagnostics -enable-testing -g -debug-info-format\=dwarf -dwarf-version\=4 -module-cache-path /Users/admin/builder/spi-builder-workspace/.derivedData/ModuleCache.noindex -profile-generate -profile-coverage-mapping -swift-version 5 -enforce-exclusivity\=checked -stats-output-dir /Users/admin/builder/spi-builder-workspace/.swiftpm/xcode/.stats -Onone -D SWIFT_PACKAGE -D DEBUG -serialize-debugging-options -const-gather-protocols-file /Users/admin/builder/spi-builder-workspace/.derivedData/Build/Intermediates.noindex/APNGKit.build/Debug-watchos/APNGKit.build/Objects-normal/armv7k/APNGKit_const_extract_protocols.json -enable-upcoming-feature StrictConcurrency -enable-upcoming-feature DisableOutwardActorInference -enable-upcoming-feature GlobalActorIsolatedTypesUsability -enable-upcoming-feature InferSendableFromCaptures -enable-experimental-feature DebugDescriptionMacro -strict-concurrency\=complete -empty-abi-descriptor -plugin-path /Applications/Xcode-16.3.0.app/Contents/Developer/Toolchains/XcodeDefault.xctoolchain/usr/lib/swift/host/plugins/testing -validate-clang-modules-once -clang-build-session-file /Users/admin/builder/spi-builder-workspace/.derivedData/ModuleCache.noindex/Session.modulevalidation -Xcc -working-directory -Xcc /Users/admin/builder/spi-builder-workspace/.swiftpm/xcode -resource-dir /Applications/Xcode-16.3.0.app/Contents/Developer/Toolchains/XcodeDefault.xctoolchain/usr/lib/swift -enable-anonymous-context-mangled-names -file-compilation-dir /Users/admin/builder/spi-builder-workspace/.swiftpm/xcode -Xcc -ivfsstatcache -Xcc /Users/admin/builder/spi-builder-workspace/.derivedData/SDKStatCaches.noindex/watchos11.4-22T246-43efb940ff07ba2497b70ec94253f576.sdkstatcache -Xcc -I/Users/admin/builder/spi-builder-workspace/.derivedData/Build/Intermediates.noindex/APNGKit.build/Debug-watchos/APNGKit.build/swift-overrides.hmap -Xcc -I/Users/admin/builder/spi-builder-workspace/.derivedData/Build/Products/Debug-watchos/include -Xcc -I/Users/admin/builder/spi-builder-workspace/.derivedData/Build/Intermediates.noindex/APNGKit.build/Debug-watchos/APNGKit.build/DerivedSources-normal/armv7k -Xcc -I/Users/admin/builder/spi-builder-workspace/.derivedData/Build/Intermediates.noindex/APNGKit.build/Debug-watchos/APNGKit.build/DerivedSources/armv7k -Xcc -I/Users/admin/builder/spi-builder-workspace/.derivedData/Build/Intermediates.noindex/APNGKit.build/Debug-watchos/APNGKit.build/DerivedSources -Xcc -DSWIFT_PACKAGE -Xcc -DDEBUG\=1 -module-name APNGKit -package-name spi_builder_workspace -frontend-parseable-output -disable-clang-spi -target-sdk-version 11.4 -target-sdk-name watchos11.4 -external-plugin-path /Applications/Xcode-16.3.0.app/Contents/Developer/Platforms/WatchOS.platform/Developer/usr/lib/swift/host/plugins\#/Applications/Xcode-16.3.0.app/Contents/Developer/Platforms/WatchOS.platform/Developer/usr/bin/swift-plugin-server -external-plugin-path /Applications/Xcode-16.3.0.app/Contents/Developer/Platforms/WatchOS.platform/Developer/usr/local/lib/swift/host/plugins\#/Applications/Xcode-16.3.0.app/Contents/Developer/Platforms/WatchOS.platform/Developer/usr/bin/swift-plugin-server -in-process-plugin-server-path /Applications/Xcode-16.3.0.app/Contents/Developer/Toolchains/XcodeDefault.xctoolchain/usr/lib/swift/host/libSwiftInProcPluginServer.dylib -plugin-path /Applications/Xcode-16.3.0.app/Contents/Developer/Toolchains/XcodeDefault.xctoolchain/usr/lib/swift/host/plugins -plugin-path /Applications/Xcode-16.3.0.app/Contents/Developer/Toolchains/XcodeDefault.xctoolchain/usr/local/lib/swift/host/plugins -emit-module-doc-path /Users/admin/builder/spi-builder-workspace/.derivedData/Build/Intermediates.noindex/APNGKit.build/Debug-watchos/APNGKit.build/Objects-normal/armv7k/APNGKit.swiftdoc -emit-module-source-info-path /Users/admin/builder/spi-builder-workspace/.derivedData/Build/Intermediates.noindex/APNGKit.build/Debug-watchos/APNGKit.build/Objects-normal/armv7k/APNGKit.swiftsourceinfo -emit-objc-header-path /Users/admin/builder/spi-builder-workspace/.derivedData/Build/Intermediates.noindex/APNGKit.build/Debug-watchos/APNGKit.build/Objects-normal/armv7k/APNGKit-Swift.h -serialize-diagnostics-path /Users/admin/builder/spi-builder-workspace/.derivedData/Build/Intermediates.noindex/APNGKit.build/Debug-watchos/APNGKit.build/Objects-normal/armv7k/APNGKit-master-emit-module.dia -emit-dependencies-path /Users/admin/builder/spi-builder-workspace/.derivedData/Build/Intermediates.noindex/APNGKit.build/Debug-watchos/APNGKit.build/Objects-normal/armv7k/APNGKit-master-emit-module.d -o /Users/admin/builder/spi-builder-workspace/.derivedData/Build/Intermediates.noindex/APNGKit.build/Debug-watchos/APNGKit.build/Objects-normal/armv7k/APNGKit.swiftmodule -emit-abi-descriptor-path /Users/admin/builder/spi-builder-workspace/.derivedData/Build/Intermediates.noindex/APNGKit.build/Debug-watchos/APNGKit.build/Objects-normal/armv7k/APNGKit.abi.json
EmitSwiftModule normal armv7k (in target 'APNGKit' from project 'APNGKit')
cd /Users/admin/builder/spi-builder-workspace/.swiftpm/xcode
/Users/admin/builder/spi-builder-workspace/Source/APNGKit/APNGImage.DecodingOptions.swift:26:27: warning: static property 'fullFirstPass' is not concurrency-safe because non-'Sendable' type 'APNGImage.DecodingOptions' may have shared mutable state; this is an error in the Swift 6 language mode
public static let fullFirstPass = DecodingOptions(rawValue: 1 << 0)
^
/Users/admin/builder/spi-builder-workspace/Source/APNGKit/APNGImage.DecodingOptions.swift:13:19: note: consider making struct 'DecodingOptions' conform to the 'Sendable' protocol
public struct DecodingOptions: OptionSet {
^
, Sendable
/Users/admin/builder/spi-builder-workspace/Source/APNGKit/APNGImage.DecodingOptions.swift:26:27: note: add '@MainActor' to make static property 'fullFirstPass' part of global actor 'MainActor'
public static let fullFirstPass = DecodingOptions(rawValue: 1 << 0)
^
@MainActor
/Users/admin/builder/spi-builder-workspace/Source/APNGKit/APNGImage.DecodingOptions.swift:26:27: note: disable concurrency-safety checks if accesses are protected by an external synchronization mechanism
public static let fullFirstPass = DecodingOptions(rawValue: 1 << 0)
^
nonisolated(unsafe)
/Users/admin/builder/spi-builder-workspace/Source/APNGKit/APNGImage.DecodingOptions.swift:33:27: warning: static property 'loadFrameData' is not concurrency-safe because non-'Sendable' type 'APNGImage.DecodingOptions' may have shared mutable state; this is an error in the Swift 6 language mode
public static let loadFrameData = DecodingOptions(rawValue: 1 << 1)
^
/Users/admin/builder/spi-builder-workspace/Source/APNGKit/APNGImage.DecodingOptions.swift:13:19: note: consider making struct 'DecodingOptions' conform to the 'Sendable' protocol
public struct DecodingOptions: OptionSet {
^
, Sendable
/Users/admin/builder/spi-builder-workspace/Source/APNGKit/APNGImage.DecodingOptions.swift:33:27: note: add '@MainActor' to make static property 'loadFrameData' part of global actor 'MainActor'
public static let loadFrameData = DecodingOptions(rawValue: 1 << 1)
^
@MainActor
/Users/admin/builder/spi-builder-workspace/Source/APNGKit/APNGImage.DecodingOptions.swift:33:27: note: disable concurrency-safety checks if accesses are protected by an external synchronization mechanism
public static let loadFrameData = DecodingOptions(rawValue: 1 << 1)
^
nonisolated(unsafe)
/Users/admin/builder/spi-builder-workspace/Source/APNGKit/APNGImage.DecodingOptions.swift:45:27: warning: static property 'cacheDecodedImages' is not concurrency-safe because non-'Sendable' type 'APNGImage.DecodingOptions' may have shared mutable state; this is an error in the Swift 6 language mode
public static let cacheDecodedImages = DecodingOptions(rawValue: 1 << 2)
^
/Users/admin/builder/spi-builder-workspace/Source/APNGKit/APNGImage.DecodingOptions.swift:13:19: note: consider making struct 'DecodingOptions' conform to the 'Sendable' protocol
public struct DecodingOptions: OptionSet {
^
, Sendable
/Users/admin/builder/spi-builder-workspace/Source/APNGKit/APNGImage.DecodingOptions.swift:45:27: note: add '@MainActor' to make static property 'cacheDecodedImages' part of global actor 'MainActor'
public static let cacheDecodedImages = DecodingOptions(rawValue: 1 << 2)
^
@MainActor
/Users/admin/builder/spi-builder-workspace/Source/APNGKit/APNGImage.DecodingOptions.swift:45:27: note: disable concurrency-safety checks if accesses are protected by an external synchronization mechanism
public static let cacheDecodedImages = DecodingOptions(rawValue: 1 << 2)
^
nonisolated(unsafe)
/Users/admin/builder/spi-builder-workspace/Source/APNGKit/APNGImage.DecodingOptions.swift:57:27: warning: static property 'notCacheDecodedImages' is not concurrency-safe because non-'Sendable' type 'APNGImage.DecodingOptions' may have shared mutable state; this is an error in the Swift 6 language mode
public static let notCacheDecodedImages = DecodingOptions(rawValue: 1 << 3)
^
/Users/admin/builder/spi-builder-workspace/Source/APNGKit/APNGImage.DecodingOptions.swift:13:19: note: consider making struct 'DecodingOptions' conform to the 'Sendable' protocol
public struct DecodingOptions: OptionSet {
^
, Sendable
/Users/admin/builder/spi-builder-workspace/Source/APNGKit/APNGImage.DecodingOptions.swift:57:27: note: add '@MainActor' to make static property 'notCacheDecodedImages' part of global actor 'MainActor'
public static let notCacheDecodedImages = DecodingOptions(rawValue: 1 << 3)
^
@MainActor
/Users/admin/builder/spi-builder-workspace/Source/APNGKit/APNGImage.DecodingOptions.swift:57:27: note: disable concurrency-safety checks if accesses are protected by an external synchronization mechanism
public static let notCacheDecodedImages = DecodingOptions(rawValue: 1 << 3)
^
nonisolated(unsafe)
/Users/admin/builder/spi-builder-workspace/Source/APNGKit/APNGImage.DecodingOptions.swift:75:27: warning: static property 'preRenderAllFrames' is not concurrency-safe because non-'Sendable' type 'APNGImage.DecodingOptions' may have shared mutable state; this is an error in the Swift 6 language mode
public static let preRenderAllFrames = DecodingOptions(
^
/Users/admin/builder/spi-builder-workspace/Source/APNGKit/APNGImage.DecodingOptions.swift:13:19: note: consider making struct 'DecodingOptions' conform to the 'Sendable' protocol
public struct DecodingOptions: OptionSet {
^
, Sendable
/Users/admin/builder/spi-builder-workspace/Source/APNGKit/APNGImage.DecodingOptions.swift:75:27: note: add '@MainActor' to make static property 'preRenderAllFrames' part of global actor 'MainActor'
public static let preRenderAllFrames = DecodingOptions(
^
@MainActor
/Users/admin/builder/spi-builder-workspace/Source/APNGKit/APNGImage.DecodingOptions.swift:75:27: note: disable concurrency-safety checks if accesses are protected by an external synchronization mechanism
public static let preRenderAllFrames = DecodingOptions(
^
nonisolated(unsafe)
/Users/admin/builder/spi-builder-workspace/Source/APNGKit/APNGImage.DecodingOptions.swift:88:27: warning: static property 'skipChecksumVerify' is not concurrency-safe because non-'Sendable' type 'APNGImage.DecodingOptions' may have shared mutable state; this is an error in the Swift 6 language mode
public static let skipChecksumVerify = DecodingOptions(rawValue: 1 << 5)
^
/Users/admin/builder/spi-builder-workspace/Source/APNGKit/APNGImage.DecodingOptions.swift:13:19: note: consider making struct 'DecodingOptions' conform to the 'Sendable' protocol
public struct DecodingOptions: OptionSet {
^
, Sendable
/Users/admin/builder/spi-builder-workspace/Source/APNGKit/APNGImage.DecodingOptions.swift:88:27: note: add '@MainActor' to make static property 'skipChecksumVerify' part of global actor 'MainActor'
public static let skipChecksumVerify = DecodingOptions(rawValue: 1 << 5)
^
@MainActor
/Users/admin/builder/spi-builder-workspace/Source/APNGKit/APNGImage.DecodingOptions.swift:88:27: note: disable concurrency-safety checks if accesses are protected by an external synchronization mechanism
public static let skipChecksumVerify = DecodingOptions(rawValue: 1 << 5)
^
nonisolated(unsafe)
/Users/admin/builder/spi-builder-workspace/Source/APNGKit/APNGImage.DecodingOptions.swift:95:27: warning: static property 'unlimitedFrameCount' is not concurrency-safe because non-'Sendable' type 'APNGImage.DecodingOptions' may have shared mutable state; this is an error in the Swift 6 language mode
public static let unlimitedFrameCount = DecodingOptions(rawValue: 1 << 6)
^
/Users/admin/builder/spi-builder-workspace/Source/APNGKit/APNGImage.DecodingOptions.swift:13:19: note: consider making struct 'DecodingOptions' conform to the 'Sendable' protocol
public struct DecodingOptions: OptionSet {
^
, Sendable
/Users/admin/builder/spi-builder-workspace/Source/APNGKit/APNGImage.DecodingOptions.swift:95:27: note: add '@MainActor' to make static property 'unlimitedFrameCount' part of global actor 'MainActor'
public static let unlimitedFrameCount = DecodingOptions(rawValue: 1 << 6)
^
@MainActor
/Users/admin/builder/spi-builder-workspace/Source/APNGKit/APNGImage.DecodingOptions.swift:95:27: note: disable concurrency-safety checks if accesses are protected by an external synchronization mechanism
public static let unlimitedFrameCount = DecodingOptions(rawValue: 1 << 6)
^
nonisolated(unsafe)
/Users/admin/builder/spi-builder-workspace/Source/APNGKit/APNGImage.swift:40:23: warning: static property 'maximumCacheSize' is not concurrency-safe because it is nonisolated global shared mutable state; this is an error in the Swift 6 language mode
public static var maximumCacheSize = 50_000_000 // 50 MB
^
/Users/admin/builder/spi-builder-workspace/Source/APNGKit/APNGImage.swift:40:23: note: convert 'maximumCacheSize' to a 'let' constant to make 'Sendable' shared state immutable
public static var maximumCacheSize = 50_000_000 // 50 MB
~~~ ^
let
/Users/admin/builder/spi-builder-workspace/Source/APNGKit/APNGImage.swift:40:23: note: add '@MainActor' to make static property 'maximumCacheSize' part of global actor 'MainActor'
public static var maximumCacheSize = 50_000_000 // 50 MB
^
@MainActor
/Users/admin/builder/spi-builder-workspace/Source/APNGKit/APNGImage.swift:40:23: note: disable concurrency-safety checks if accesses are protected by an external synchronization mechanism
public static var maximumCacheSize = 50_000_000 // 50 MB
^
nonisolated(unsafe)
/Users/admin/builder/spi-builder-workspace/Source/APNGKit/APNGImageView.swift:117:21: error: initializer does not override a designated initializer from its superclass
public override init(frame: CGRect) {
~~~~~~~~ ^
/Users/admin/builder/spi-builder-workspace/Source/APNGKit/APNGImageView.swift:128:23: error: property does not override any property from its superclass
open override var intrinsicContentSize: CGSize {
~~~~~~~~ ^
/Users/admin/builder/spi-builder-workspace/Source/APNGKit/APNGImageView.swift:176:13: error: cannot find 'backingLayer' in scope
backingLayer.contentsScale = targetScale
^~~~~~~~~~~~
/Users/admin/builder/spi-builder-workspace/Source/APNGKit/APNGImageView.swift:177:13: error: cannot find 'backingLayer' in scope
backingLayer.contents = staticImage?.layerContents(forContentsScale: targetScale)
^~~~~~~~~~~~
/Users/admin/builder/spi-builder-workspace/Source/APNGKit/CrossPlatform.swift:13:33: error: cannot find type 'UIView' in scope
public typealias PlatformView = UIView
^~~~~~
/Applications/Xcode-16.3.0.app/Contents/Developer/Platforms/WatchOS.platform/Developer/SDKs/WatchOS11.4.sdk/System/Library/Frameworks/UIKit.framework/Headers/NSTextAttachment.h:23:1: note: interface 'UIView' forward declared here
@class UIView;
^
/Users/admin/builder/spi-builder-workspace/Source/APNGKit/APNGKitError.swift:18:10: warning: associated value 'decoderError' of 'Sendable'-conforming enum 'APNGKitError' has non-sendable type 'APNGKitError.DecoderError'; this is an error in the Swift 6 language mode
case decoderError(DecoderError)
^
/Users/admin/builder/spi-builder-workspace/Source/APNGKit/APNGKitError.swift:28:17: note: consider making enum 'DecoderError' conform to the 'Sendable' protocol
public enum DecoderError {
^
: Sendable
/Users/admin/builder/spi-builder-workspace/Source/APNGKit/APNGKitError.swift:20:10: warning: associated value 'imageError' of 'Sendable'-conforming enum 'APNGKitError' has non-sendable type 'APNGKitError.ImageError'; this is an error in the Swift 6 language mode
case imageError(ImageError)
^
/Users/admin/builder/spi-builder-workspace/Source/APNGKit/APNGKitError.swift:50:17: note: consider making enum 'ImageError' conform to the 'Sendable' protocol
public enum ImageError {
^
: Sendable
/Users/admin/builder/spi-builder-workspace/Source/APNGKit/CrossPlatform.swift:24:45: error: cannot find 'UIApplication' in scope
static var applicationDidBecomeActive = UIApplication.didBecomeActiveNotification
^~~~~~~~~~~~~
/Users/admin/builder/spi-builder-workspace/Source/APNGKit/CrossPlatform.swift:24:16: warning: static property 'applicationDidBecomeActive' is not concurrency-safe because it is nonisolated global shared mutable state; this is an error in the Swift 6 language mode
static var applicationDidBecomeActive = UIApplication.didBecomeActiveNotification
^
/Users/admin/builder/spi-builder-workspace/Source/APNGKit/CrossPlatform.swift:24:16: note: convert 'applicationDidBecomeActive' to a 'let' constant to make 'Sendable' shared state immutable
static var applicationDidBecomeActive = UIApplication.didBecomeActiveNotification
~~~ ^
let
/Users/admin/builder/spi-builder-workspace/Source/APNGKit/CrossPlatform.swift:24:16: note: add '@MainActor' to make static property 'applicationDidBecomeActive' part of global actor 'MainActor'
static var applicationDidBecomeActive = UIApplication.didBecomeActiveNotification
^
@MainActor
/Users/admin/builder/spi-builder-workspace/Source/APNGKit/CrossPlatform.swift:24:16: note: disable concurrency-safety checks if accesses are protected by an external synchronization mechanism
static var applicationDidBecomeActive = UIApplication.didBecomeActiveNotification
^
nonisolated(unsafe)
/Users/admin/builder/spi-builder-workspace/Source/APNGKit/CrossPlatform.swift:27:11: error: cannot find type 'UIView' in scope
extension UIView {
^~~~~~
/Applications/Xcode-16.3.0.app/Contents/Developer/Platforms/WatchOS.platform/Developer/SDKs/WatchOS11.4.sdk/System/Library/Frameworks/UIKit.framework/Headers/NSTextAttachment.h:23:1: note: interface 'UIView' forward declared here
@class UIView;
^
/Users/admin/builder/spi-builder-workspace/Source/APNGKit/DisplayTimer.swift:48:30: error: 'CADisplayLink' is unavailable in watchOS
private var displayLink: CADisplayLink!
^~~~~~~~~~~~~
/Applications/Xcode-16.3.0.app/Contents/Developer/Platforms/WatchOS.platform/Developer/SDKs/WatchOS11.4.sdk/System/Library/Frameworks/QuartzCore.framework/Headers/CADisplayLink.h:21:12: note: 'CADisplayLink' has been explicitly marked unavailable here
@interface CADisplayLink : NSObject
^
/Users/admin/builder/spi-builder-workspace/Source/APNGKit/DisplayTimer.swift:60:42: error: 'CADisplayLink' is unavailable in watchOS
@objc private func step(displayLink: CADisplayLink) {
^~~~~~~~~~~~~
/Applications/Xcode-16.3.0.app/Contents/Developer/Platforms/WatchOS.platform/Developer/SDKs/WatchOS11.4.sdk/System/Library/Frameworks/QuartzCore.framework/Headers/CADisplayLink.h:21:12: note: 'CADisplayLink' has been explicitly marked unavailable here
@interface CADisplayLink : NSObject
^
/Users/admin/builder/spi-builder-workspace/Source/APNGKit/LogLevel.swift:26:23: warning: static property 'current' is not concurrency-safe because it is nonisolated global shared mutable state; this is an error in the Swift 6 language mode
public static var current: LogLevel = .default
^
/Users/admin/builder/spi-builder-workspace/Source/APNGKit/LogLevel.swift:26:23: note: convert 'current' to a 'let' constant to make 'Sendable' shared state immutable
public static var current: LogLevel = .default
~~~ ^
let
/Users/admin/builder/spi-builder-workspace/Source/APNGKit/LogLevel.swift:26:23: note: add '@MainActor' to make static property 'current' part of global actor 'MainActor'
public static var current: LogLevel = .default
^
@MainActor
/Users/admin/builder/spi-builder-workspace/Source/APNGKit/LogLevel.swift:26:23: note: disable concurrency-safety checks if accesses are protected by an external synchronization mechanism
public static var current: LogLevel = .default
^
nonisolated(unsafe)
SwiftEmitModule normal arm64 Emitting\ module\ for\ APNGKit (in target 'APNGKit' from project 'APNGKit')
EmitSwiftModule normal arm64 (in target 'APNGKit' from project 'APNGKit')
cd /Users/admin/builder/spi-builder-workspace/.swiftpm/xcode
SwiftCompile normal armv7k Compiling\ APNGImage.DecodingOptions.swift,\ APNGImage.swift /Users/admin/builder/spi-builder-workspace/Source/APNGKit/APNGImage.DecodingOptions.swift /Users/admin/builder/spi-builder-workspace/Source/APNGKit/APNGImage.swift (in target 'APNGKit' from project 'APNGKit')
SwiftCompile normal armv7k /Users/admin/builder/spi-builder-workspace/Source/APNGKit/APNGImage.DecodingOptions.swift (in target 'APNGKit' from project 'APNGKit')
cd /Users/admin/builder/spi-builder-workspace/.swiftpm/xcode
SwiftCompile normal armv7k /Users/admin/builder/spi-builder-workspace/Source/APNGKit/APNGImage.swift (in target 'APNGKit' from project 'APNGKit')
cd /Users/admin/builder/spi-builder-workspace/.swiftpm/xcode
SwiftCompile normal arm64 Compiling\ DisplayTimer.swift /Users/admin/builder/spi-builder-workspace/Source/APNGKit/DisplayTimer.swift (in target 'APNGKit' from project 'APNGKit')
SwiftCompile normal arm64 /Users/admin/builder/spi-builder-workspace/Source/APNGKit/DisplayTimer.swift (in target 'APNGKit' from project 'APNGKit')
cd /Users/admin/builder/spi-builder-workspace/.swiftpm/xcode
SwiftEmitModule normal arm64_32 Emitting\ module\ for\ APNGKit (in target 'APNGKit' from project 'APNGKit')
EmitSwiftModule normal arm64_32 (in target 'APNGKit' from project 'APNGKit')
cd /Users/admin/builder/spi-builder-workspace/.swiftpm/xcode
SwiftDriverJobDiscovery normal arm64 Compiling Delegate.swift (in target 'Delegate' from project 'Delegate')
SwiftCompile normal arm64 Compiling\ Extensions.swift /Users/admin/builder/spi-builder-workspace/Source/APNGKit/Extensions.swift (in target 'APNGKit' from project 'APNGKit')
SwiftCompile normal arm64 /Users/admin/builder/spi-builder-workspace/Source/APNGKit/Extensions.swift (in target 'APNGKit' from project 'APNGKit')
cd /Users/admin/builder/spi-builder-workspace/.swiftpm/xcode
SwiftDriverJobDiscovery normal arm64_32 Compiling Delegate.swift (in target 'Delegate' from project 'Delegate')
SwiftDriver\ Compilation Delegate normal arm64_32 com.apple.xcode.tools.swift.compiler (in target 'Delegate' from project 'Delegate')
cd /Users/admin/builder/spi-builder-workspace/.swiftpm/xcode
builtin-Swift-Compilation -- /Applications/Xcode-16.3.0.app/Contents/Developer/Toolchains/XcodeDefault.xctoolchain/usr/bin/swiftc -module-name Delegate -Onone -enforce-exclusivity\=checked @/Users/admin/builder/spi-builder-workspace/.derivedData/Build/Intermediates.noindex/Delegate.build/Debug-watchos/Delegate.build/Objects-normal/arm64_32/Delegate.SwiftFileList -DSWIFT_PACKAGE -DDEBUG -stats-output-dir .stats -strict-concurrency\=complete -enable-upcoming-feature StrictConcurrency -enable-upcoming-feature DisableOutwardActorInference -enable-upcoming-feature GlobalActorIsolatedTypesUsability -enable-upcoming-feature InferSendableFromCaptures -plugin-path /Applications/Xcode-16.3.0.app/Contents/Developer/Toolchains/XcodeDefault.xctoolchain/usr/lib/swift/host/plugins/testing -enable-experimental-feature DebugDescriptionMacro -sdk /Applications/Xcode-16.3.0.app/Contents/Developer/Platforms/WatchOS.platform/Developer/SDKs/WatchOS11.4.sdk -target arm64_32-apple-watchos5.0 -g -module-cache-path /Users/admin/builder/spi-builder-workspace/.derivedData/ModuleCache.noindex -Xfrontend -serialize-debugging-options -profile-coverage-mapping -profile-generate -enable-testing -suppress-warnings -index-store-path /Users/admin/builder/spi-builder-workspace/.derivedData/Index.noindex/DataStore -swift-version 5 -I /Users/admin/builder/spi-builder-workspace/.derivedData/Build/Products/Debug-watchos -I /Applications/Xcode-16.3.0.app/Contents/Developer/Platforms/WatchOS.platform/Developer/usr/lib -F /Users/admin/builder/spi-builder-workspace/.derivedData/Build/Products/Debug-watchos -F /Applications/Xcode-16.3.0.app/Contents/Developer/Platforms/WatchOS.platform/Developer/Library/Frameworks -F /Applications/Xcode-16.3.0.app/Contents/Developer/Platforms/WatchOS.platform/Developer/SDKs/WatchOS11.4.sdk/Developer/Library/Frameworks -parse-as-library -c -j10 -enable-batch-mode -incremental -Xcc -ivfsstatcache -Xcc /Users/admin/builder/spi-builder-workspace/.derivedData/SDKStatCaches.noindex/watchos11.4-22T246-43efb940ff07ba2497b70ec94253f576.sdkstatcache -output-file-map /Users/admin/builder/spi-builder-workspace/.derivedData/Build/Intermediates.noindex/Delegate.build/Debug-watchos/Delegate.build/Objects-normal/arm64_32/Delegate-OutputFileMap.json -use-frontend-parseable-output -save-temps -no-color-diagnostics -serialize-diagnostics -emit-dependencies -emit-module -emit-module-path /Users/admin/builder/spi-builder-workspace/.derivedData/Build/Intermediates.noindex/Delegate.build/Debug-watchos/Delegate.build/Objects-normal/arm64_32/Delegate.swiftmodule -validate-clang-modules-once -clang-build-session-file /Users/admin/builder/spi-builder-workspace/.derivedData/ModuleCache.noindex/Session.modulevalidation -Xcc -I/Users/admin/builder/spi-builder-workspace/.derivedData/Build/Intermediates.noindex/Delegate.build/Debug-watchos/Delegate.build/swift-overrides.hmap -emit-const-values -Xfrontend -const-gather-protocols-file -Xfrontend /Users/admin/builder/spi-builder-workspace/.derivedData/Build/Intermediates.noindex/Delegate.build/Debug-watchos/Delegate.build/Objects-normal/arm64_32/Delegate_const_extract_protocols.json -Xcc -I/Users/admin/builder/spi-builder-workspace/.derivedData/Build/Products/Debug-watchos/include -Xcc -I/Users/admin/builder/spi-builder-workspace/.derivedData/Build/Intermediates.noindex/Delegate.build/Debug-watchos/Delegate.build/DerivedSources-normal/arm64_32 -Xcc -I/Users/admin/builder/spi-builder-workspace/.derivedData/Build/Intermediates.noindex/Delegate.build/Debug-watchos/Delegate.build/DerivedSources/arm64_32 -Xcc -I/Users/admin/builder/spi-builder-workspace/.derivedData/Build/Intermediates.noindex/Delegate.build/Debug-watchos/Delegate.build/DerivedSources -Xcc -DSWIFT_PACKAGE -Xcc -DDEBUG\=1 -emit-objc-header -emit-objc-header-path /Users/admin/builder/spi-builder-workspace/.derivedData/Build/Intermediates.noindex/Delegate.build/Debug-watchos/Delegate.build/Objects-normal/arm64_32/Delegate-Swift.h -working-directory /Users/admin/builder/spi-builder-workspace/.swiftpm/xcode -experimental-emit-module-separately -disable-cmo
SwiftDriverJobDiscovery normal armv7k Compiling Delegate.swift (in target 'Delegate' from project 'Delegate')
SwiftDriver\ Compilation Delegate normal arm64 com.apple.xcode.tools.swift.compiler (in target 'Delegate' from project 'Delegate')
cd /Users/admin/builder/spi-builder-workspace/.swiftpm/xcode
builtin-Swift-Compilation -- /Applications/Xcode-16.3.0.app/Contents/Developer/Toolchains/XcodeDefault.xctoolchain/usr/bin/swiftc -module-name Delegate -Onone -enforce-exclusivity\=checked @/Users/admin/builder/spi-builder-workspace/.derivedData/Build/Intermediates.noindex/Delegate.build/Debug-watchos/Delegate.build/Objects-normal/arm64/Delegate.SwiftFileList -DSWIFT_PACKAGE -DDEBUG -stats-output-dir .stats -strict-concurrency\=complete -enable-upcoming-feature StrictConcurrency -enable-upcoming-feature DisableOutwardActorInference -enable-upcoming-feature GlobalActorIsolatedTypesUsability -enable-upcoming-feature InferSendableFromCaptures -plugin-path /Applications/Xcode-16.3.0.app/Contents/Developer/Toolchains/XcodeDefault.xctoolchain/usr/lib/swift/host/plugins/testing -enable-experimental-feature DebugDescriptionMacro -sdk /Applications/Xcode-16.3.0.app/Contents/Developer/Platforms/WatchOS.platform/Developer/SDKs/WatchOS11.4.sdk -target arm64-apple-watchos5.0 -g -module-cache-path /Users/admin/builder/spi-builder-workspace/.derivedData/ModuleCache.noindex -Xfrontend -serialize-debugging-options -profile-coverage-mapping -profile-generate -enable-testing -suppress-warnings -index-store-path /Users/admin/builder/spi-builder-workspace/.derivedData/Index.noindex/DataStore -swift-version 5 -I /Users/admin/builder/spi-builder-workspace/.derivedData/Build/Products/Debug-watchos -I /Applications/Xcode-16.3.0.app/Contents/Developer/Platforms/WatchOS.platform/Developer/usr/lib -F /Users/admin/builder/spi-builder-workspace/.derivedData/Build/Products/Debug-watchos -F /Applications/Xcode-16.3.0.app/Contents/Developer/Platforms/WatchOS.platform/Developer/Library/Frameworks -F /Applications/Xcode-16.3.0.app/Contents/Developer/Platforms/WatchOS.platform/Developer/SDKs/WatchOS11.4.sdk/Developer/Library/Frameworks -parse-as-library -c -j10 -enable-batch-mode -incremental -Xcc -ivfsstatcache -Xcc /Users/admin/builder/spi-builder-workspace/.derivedData/SDKStatCaches.noindex/watchos11.4-22T246-43efb940ff07ba2497b70ec94253f576.sdkstatcache -output-file-map /Users/admin/builder/spi-builder-workspace/.derivedData/Build/Intermediates.noindex/Delegate.build/Debug-watchos/Delegate.build/Objects-normal/arm64/Delegate-OutputFileMap.json -use-frontend-parseable-output -save-temps -no-color-diagnostics -serialize-diagnostics -emit-dependencies -emit-module -emit-module-path /Users/admin/builder/spi-builder-workspace/.derivedData/Build/Intermediates.noindex/Delegate.build/Debug-watchos/Delegate.build/Objects-normal/arm64/Delegate.swiftmodule -validate-clang-modules-once -clang-build-session-file /Users/admin/builder/spi-builder-workspace/.derivedData/ModuleCache.noindex/Session.modulevalidation -Xcc -I/Users/admin/builder/spi-builder-workspace/.derivedData/Build/Intermediates.noindex/Delegate.build/Debug-watchos/Delegate.build/swift-overrides.hmap -emit-const-values -Xfrontend -const-gather-protocols-file -Xfrontend /Users/admin/builder/spi-builder-workspace/.derivedData/Build/Intermediates.noindex/Delegate.build/Debug-watchos/Delegate.build/Objects-normal/arm64/Delegate_const_extract_protocols.json -Xcc -I/Users/admin/builder/spi-builder-workspace/.derivedData/Build/Products/Debug-watchos/include -Xcc -I/Users/admin/builder/spi-builder-workspace/.derivedData/Build/Intermediates.noindex/Delegate.build/Debug-watchos/Delegate.build/DerivedSources-normal/arm64 -Xcc -I/Users/admin/builder/spi-builder-workspace/.derivedData/Build/Intermediates.noindex/Delegate.build/Debug-watchos/Delegate.build/DerivedSources/arm64 -Xcc -I/Users/admin/builder/spi-builder-workspace/.derivedData/Build/Intermediates.noindex/Delegate.build/Debug-watchos/Delegate.build/DerivedSources -Xcc -DSWIFT_PACKAGE -Xcc -DDEBUG\=1 -emit-objc-header -emit-objc-header-path /Users/admin/builder/spi-builder-workspace/.derivedData/Build/Intermediates.noindex/Delegate.build/Debug-watchos/Delegate.build/Objects-normal/arm64/Delegate-Swift.h -working-directory /Users/admin/builder/spi-builder-workspace/.swiftpm/xcode -experimental-emit-module-separately -disable-cmo
Ld /Users/admin/builder/spi-builder-workspace/.derivedData/Build/Intermediates.noindex/Delegate.build/Debug-watchos/Delegate.build/Objects-normal/arm64_32/Binary/Delegate.o normal arm64_32 (in target 'Delegate' from project 'Delegate')
cd /Users/admin/builder/spi-builder-workspace/.dependencies/checkouts/Delegate
/Applications/Xcode-16.3.0.app/Contents/Developer/Toolchains/XcodeDefault.xctoolchain/usr/bin/clang -Xlinker -reproducible -target arm64_32-apple-watchos5.0 -r -isysroot /Applications/Xcode-16.3.0.app/Contents/Developer/Platforms/WatchOS.platform/Developer/SDKs/WatchOS11.4.sdk -O0 -w -L/Users/admin/builder/spi-builder-workspace/.derivedData/Build/Intermediates.noindex/EagerLinkingTBDs/Debug-watchos -L/Users/admin/builder/spi-builder-workspace/.derivedData/Build/Products/Debug-watchos -L/Applications/Xcode-16.3.0.app/Contents/Developer/Platforms/WatchOS.platform/Developer/usr/lib -F/Users/admin/builder/spi-builder-workspace/.derivedData/Build/Intermediates.noindex/EagerLinkingTBDs/Debug-watchos -F/Users/admin/builder/spi-builder-workspace/.derivedData/Build/Products/Debug-watchos -iframework /Applications/Xcode-16.3.0.app/Contents/Developer/Platforms/WatchOS.platform/Developer/Library/Frameworks -iframework /Applications/Xcode-16.3.0.app/Contents/Developer/Platforms/WatchOS.platform/Developer/SDKs/WatchOS11.4.sdk/Developer/Library/Frameworks -filelist /Users/admin/builder/spi-builder-workspace/.derivedData/Build/Intermediates.noindex/Delegate.build/Debug-watchos/Delegate.build/Objects-normal/arm64_32/Delegate.LinkFileList -nostdlib -Xlinker -object_path_lto -Xlinker /Users/admin/builder/spi-builder-workspace/.derivedData/Build/Intermediates.noindex/Delegate.build/Debug-watchos/Delegate.build/Objects-normal/arm64_32/Delegate_lto.o -rdynamic -Xlinker -no_deduplicate -Xlinker -debug_variant -Xlinker -dependency_info -Xlinker /Users/admin/builder/spi-builder-workspace/.derivedData/Build/Intermediates.noindex/Delegate.build/Debug-watchos/Delegate.build/Objects-normal/arm64_32/Delegate_dependency_info.dat -fobjc-link-runtime -L/Applications/Xcode-16.3.0.app/Contents/Developer/Toolchains/XcodeDefault.xctoolchain/usr/lib/swift/watchos -L/usr/lib/swift -Xlinker -add_ast_path -Xlinker /Users/admin/builder/spi-builder-workspace/.derivedData/Build/Intermediates.noindex/Delegate.build/Debug-watchos/Delegate.build/Objects-normal/arm64_32/Delegate.swiftmodule -o /Users/admin/builder/spi-builder-workspace/.derivedData/Build/Intermediates.noindex/Delegate.build/Debug-watchos/Delegate.build/Objects-normal/arm64_32/Binary/Delegate.o
Ld /Users/admin/builder/spi-builder-workspace/.derivedData/Build/Intermediates.noindex/Delegate.build/Debug-watchos/Delegate.build/Objects-normal/arm64/Binary/Delegate.o normal arm64 (in target 'Delegate' from project 'Delegate')
cd /Users/admin/builder/spi-builder-workspace/.dependencies/checkouts/Delegate
/Applications/Xcode-16.3.0.app/Contents/Developer/Toolchains/XcodeDefault.xctoolchain/usr/bin/clang -Xlinker -reproducible -target arm64-apple-watchos5.0 -r -isysroot /Applications/Xcode-16.3.0.app/Contents/Developer/Platforms/WatchOS.platform/Developer/SDKs/WatchOS11.4.sdk -O0 -w -L/Users/admin/builder/spi-builder-workspace/.derivedData/Build/Intermediates.noindex/EagerLinkingTBDs/Debug-watchos -L/Users/admin/builder/spi-builder-workspace/.derivedData/Build/Products/Debug-watchos -L/Applications/Xcode-16.3.0.app/Contents/Developer/Platforms/WatchOS.platform/Developer/usr/lib -F/Users/admin/builder/spi-builder-workspace/.derivedData/Build/Intermediates.noindex/EagerLinkingTBDs/Debug-watchos -F/Users/admin/builder/spi-builder-workspace/.derivedData/Build/Products/Debug-watchos -iframework /Applications/Xcode-16.3.0.app/Contents/Developer/Platforms/WatchOS.platform/Developer/Library/Frameworks -iframework /Applications/Xcode-16.3.0.app/Contents/Developer/Platforms/WatchOS.platform/Developer/SDKs/WatchOS11.4.sdk/Developer/Library/Frameworks -filelist /Users/admin/builder/spi-builder-workspace/.derivedData/Build/Intermediates.noindex/Delegate.build/Debug-watchos/Delegate.build/Objects-normal/arm64/Delegate.LinkFileList -nostdlib -Xlinker -object_path_lto -Xlinker /Users/admin/builder/spi-builder-workspace/.derivedData/Build/Intermediates.noindex/Delegate.build/Debug-watchos/Delegate.build/Objects-normal/arm64/Delegate_lto.o -rdynamic -Xlinker -no_deduplicate -Xlinker -debug_variant -Xlinker -dependency_info -Xlinker /Users/admin/builder/spi-builder-workspace/.derivedData/Build/Intermediates.noindex/Delegate.build/Debug-watchos/Delegate.build/Objects-normal/arm64/Delegate_dependency_info.dat -fobjc-link-runtime -L/Applications/Xcode-16.3.0.app/Contents/Developer/Toolchains/XcodeDefault.xctoolchain/usr/lib/swift/watchos -L/usr/lib/swift -Xlinker -add_ast_path -Xlinker /Users/admin/builder/spi-builder-workspace/.derivedData/Build/Intermediates.noindex/Delegate.build/Debug-watchos/Delegate.build/Objects-normal/arm64/Delegate.swiftmodule -o /Users/admin/builder/spi-builder-workspace/.derivedData/Build/Intermediates.noindex/Delegate.build/Debug-watchos/Delegate.build/Objects-normal/arm64/Binary/Delegate.o
SwiftDriver\ Compilation Delegate normal armv7k com.apple.xcode.tools.swift.compiler (in target 'Delegate' from project 'Delegate')
cd /Users/admin/builder/spi-builder-workspace/.swiftpm/xcode
builtin-Swift-Compilation -- /Applications/Xcode-16.3.0.app/Contents/Developer/Toolchains/XcodeDefault.xctoolchain/usr/bin/swiftc -module-name Delegate -Onone -enforce-exclusivity\=checked @/Users/admin/builder/spi-builder-workspace/.derivedData/Build/Intermediates.noindex/Delegate.build/Debug-watchos/Delegate.build/Objects-normal/armv7k/Delegate.SwiftFileList -DSWIFT_PACKAGE -DDEBUG -stats-output-dir .stats -strict-concurrency\=complete -enable-upcoming-feature StrictConcurrency -enable-upcoming-feature DisableOutwardActorInference -enable-upcoming-feature GlobalActorIsolatedTypesUsability -enable-upcoming-feature InferSendableFromCaptures -plugin-path /Applications/Xcode-16.3.0.app/Contents/Developer/Toolchains/XcodeDefault.xctoolchain/usr/lib/swift/host/plugins/testing -enable-experimental-feature DebugDescriptionMacro -sdk /Applications/Xcode-16.3.0.app/Contents/Developer/Platforms/WatchOS.platform/Developer/SDKs/WatchOS11.4.sdk -target armv7k-apple-watchos5.0 -g -module-cache-path /Users/admin/builder/spi-builder-workspace/.derivedData/ModuleCache.noindex -Xfrontend -serialize-debugging-options -profile-coverage-mapping -profile-generate -enable-testing -suppress-warnings -index-store-path /Users/admin/builder/spi-builder-workspace/.derivedData/Index.noindex/DataStore -swift-version 5 -I /Users/admin/builder/spi-builder-workspace/.derivedData/Build/Products/Debug-watchos -I /Applications/Xcode-16.3.0.app/Contents/Developer/Platforms/WatchOS.platform/Developer/usr/lib -F /Users/admin/builder/spi-builder-workspace/.derivedData/Build/Products/Debug-watchos -F /Applications/Xcode-16.3.0.app/Contents/Developer/Platforms/WatchOS.platform/Developer/Library/Frameworks -F /Applications/Xcode-16.3.0.app/Contents/Developer/Platforms/WatchOS.platform/Developer/SDKs/WatchOS11.4.sdk/Developer/Library/Frameworks -parse-as-library -c -j10 -enable-batch-mode -incremental -Xcc -ivfsstatcache -Xcc /Users/admin/builder/spi-builder-workspace/.derivedData/SDKStatCaches.noindex/watchos11.4-22T246-43efb940ff07ba2497b70ec94253f576.sdkstatcache -output-file-map /Users/admin/builder/spi-builder-workspace/.derivedData/Build/Intermediates.noindex/Delegate.build/Debug-watchos/Delegate.build/Objects-normal/armv7k/Delegate-OutputFileMap.json -use-frontend-parseable-output -save-temps -no-color-diagnostics -serialize-diagnostics -emit-dependencies -emit-module -emit-module-path /Users/admin/builder/spi-builder-workspace/.derivedData/Build/Intermediates.noindex/Delegate.build/Debug-watchos/Delegate.build/Objects-normal/armv7k/Delegate.swiftmodule -validate-clang-modules-once -clang-build-session-file /Users/admin/builder/spi-builder-workspace/.derivedData/ModuleCache.noindex/Session.modulevalidation -Xcc -I/Users/admin/builder/spi-builder-workspace/.derivedData/Build/Intermediates.noindex/Delegate.build/Debug-watchos/Delegate.build/swift-overrides.hmap -emit-const-values -Xfrontend -const-gather-protocols-file -Xfrontend /Users/admin/builder/spi-builder-workspace/.derivedData/Build/Intermediates.noindex/Delegate.build/Debug-watchos/Delegate.build/Objects-normal/armv7k/Delegate_const_extract_protocols.json -Xcc -I/Users/admin/builder/spi-builder-workspace/.derivedData/Build/Products/Debug-watchos/include -Xcc -I/Users/admin/builder/spi-builder-workspace/.derivedData/Build/Intermediates.noindex/Delegate.build/Debug-watchos/Delegate.build/DerivedSources-normal/armv7k -Xcc -I/Users/admin/builder/spi-builder-workspace/.derivedData/Build/Intermediates.noindex/Delegate.build/Debug-watchos/Delegate.build/DerivedSources/armv7k -Xcc -I/Users/admin/builder/spi-builder-workspace/.derivedData/Build/Intermediates.noindex/Delegate.build/Debug-watchos/Delegate.build/DerivedSources -Xcc -DSWIFT_PACKAGE -Xcc -DDEBUG\=1 -emit-objc-header -emit-objc-header-path /Users/admin/builder/spi-builder-workspace/.derivedData/Build/Intermediates.noindex/Delegate.build/Debug-watchos/Delegate.build/Objects-normal/armv7k/Delegate-Swift.h -working-directory /Users/admin/builder/spi-builder-workspace/.swiftpm/xcode -experimental-emit-module-separately -disable-cmo
SwiftCompile normal armv7k Compiling\ APNGImageRenderer.swift,\ APNGImageView.swift /Users/admin/builder/spi-builder-workspace/Source/APNGKit/APNGImageRenderer.swift /Users/admin/builder/spi-builder-workspace/Source/APNGKit/APNGImageView.swift (in target 'APNGKit' from project 'APNGKit')
SwiftCompile normal armv7k /Users/admin/builder/spi-builder-workspace/Source/APNGKit/APNGImageRenderer.swift (in target 'APNGKit' from project 'APNGKit')
cd /Users/admin/builder/spi-builder-workspace/.swiftpm/xcode
SwiftCompile normal armv7k /Users/admin/builder/spi-builder-workspace/Source/APNGKit/APNGImageView.swift (in target 'APNGKit' from project 'APNGKit')
cd /Users/admin/builder/spi-builder-workspace/.swiftpm/xcode
Ld /Users/admin/builder/spi-builder-workspace/.derivedData/Build/Intermediates.noindex/Delegate.build/Debug-watchos/Delegate.build/Objects-normal/armv7k/Binary/Delegate.o normal armv7k (in target 'Delegate' from project 'Delegate')
cd /Users/admin/builder/spi-builder-workspace/.dependencies/checkouts/Delegate
/Applications/Xcode-16.3.0.app/Contents/Developer/Toolchains/XcodeDefault.xctoolchain/usr/bin/clang -Xlinker -reproducible -target armv7k-apple-watchos5.0 -r -isysroot /Applications/Xcode-16.3.0.app/Contents/Developer/Platforms/WatchOS.platform/Developer/SDKs/WatchOS11.4.sdk -O0 -w -L/Users/admin/builder/spi-builder-workspace/.derivedData/Build/Intermediates.noindex/EagerLinkingTBDs/Debug-watchos -L/Users/admin/builder/spi-builder-workspace/.derivedData/Build/Products/Debug-watchos -L/Applications/Xcode-16.3.0.app/Contents/Developer/Platforms/WatchOS.platform/Developer/usr/lib -F/Users/admin/builder/spi-builder-workspace/.derivedData/Build/Intermediates.noindex/EagerLinkingTBDs/Debug-watchos -F/Users/admin/builder/spi-builder-workspace/.derivedData/Build/Products/Debug-watchos -iframework /Applications/Xcode-16.3.0.app/Contents/Developer/Platforms/WatchOS.platform/Developer/Library/Frameworks -iframework /Applications/Xcode-16.3.0.app/Contents/Developer/Platforms/WatchOS.platform/Developer/SDKs/WatchOS11.4.sdk/Developer/Library/Frameworks -filelist /Users/admin/builder/spi-builder-workspace/.derivedData/Build/Intermediates.noindex/Delegate.build/Debug-watchos/Delegate.build/Objects-normal/armv7k/Delegate.LinkFileList -nostdlib -Xlinker -object_path_lto -Xlinker /Users/admin/builder/spi-builder-workspace/.derivedData/Build/Intermediates.noindex/Delegate.build/Debug-watchos/Delegate.build/Objects-normal/armv7k/Delegate_lto.o -rdynamic -Xlinker -no_deduplicate -Xlinker -debug_variant -Xlinker -dependency_info -Xlinker /Users/admin/builder/spi-builder-workspace/.derivedData/Build/Intermediates.noindex/Delegate.build/Debug-watchos/Delegate.build/Objects-normal/armv7k/Delegate_dependency_info.dat -fobjc-link-runtime -L/Applications/Xcode-16.3.0.app/Contents/Developer/Toolchains/XcodeDefault.xctoolchain/usr/lib/swift/watchos -L/usr/lib/swift -Xlinker -add_ast_path -Xlinker /Users/admin/builder/spi-builder-workspace/.derivedData/Build/Intermediates.noindex/Delegate.build/Debug-watchos/Delegate.build/Objects-normal/armv7k/Delegate.swiftmodule -o /Users/admin/builder/spi-builder-workspace/.derivedData/Build/Intermediates.noindex/Delegate.build/Debug-watchos/Delegate.build/Objects-normal/armv7k/Binary/Delegate.o
** BUILD FAILED **
The following build commands failed:
SwiftEmitModule normal armv7k Emitting\ module\ for\ APNGKit (in target 'APNGKit' from project 'APNGKit')
EmitSwiftModule normal armv7k (in target 'APNGKit' from project 'APNGKit')
Building workspace spi-builder-workspace with scheme APNGKit
(3 failures)
Command line invocation:
/Applications/Xcode-16.3.0.app/Contents/Developer/usr/bin/xcodebuild -IDEClonedSourcePackagesDirPathOverride=/Users/admin/builder/spi-builder-workspace/.dependencies -resolvePackageDependencies
Resolve Package Graph
Resolved source packages:
Delegate: https://github.com/onevcat/Delegate.git @ 1.3.0
APNGKit: /Users/admin/builder/spi-builder-workspace
resolved source packages: Delegate, APNGKit
{
"dependencies" : [
{
"identity" : "delegate",
"requirement" : {
"range" : [
{
"lower_bound" : "1.3.0",
"upper_bound" : "2.0.0"
}
]
},
"type" : "sourceControl",
"url" : "https://github.com/onevcat/Delegate.git"
}
],
"manifest_display_name" : "APNGKit",
"name" : "APNGKit",
"path" : "/Users/admin/builder/spi-builder-workspace",
"platforms" : [
{
"name" : "macos",
"version" : "10.14"
},
{
"name" : "ios",
"version" : "12.0"
},
{
"name" : "tvos",
"version" : "12.0"
},
{
"name" : "visionos",
"version" : "1.0"
}
],
"products" : [
{
"name" : "APNGKit",
"targets" : [
"APNGKit"
],
"type" : {
"library" : [
"automatic"
]
}
}
],
"targets" : [
{
"c99name" : "APNGKitTests",
"module_type" : "SwiftTarget",
"name" : "APNGKitTests",
"path" : "Tests/APNGKitTests",
"resources" : [
{
"path" : "/Users/admin/builder/spi-builder-workspace/Tests/APNGKitTests/Resources/General",
"rule" : {
"copy" : {
}
}
},
{
"path" : "/Users/admin/builder/spi-builder-workspace/Tests/APNGKitTests/Resources/SpecTesting",
"rule" : {
"copy" : {
}
}
}
],
"sources" : [
"APNGDecoderTests.swift",
"APNGImageRendererTests.swift",
"APNGImageTests.swift",
"APNGImageViewTests.swift",
"APNGImageViewTimingTests.swift",
"ChunkTests.swift",
"DataReaderTests.swift",
"DecoderOptionsTests.swift",
"FileReaderTests.swift",
"Helpers.swift",
"ReaderExtensionTests.swift"
],
"target_dependencies" : [
"APNGKit"
],
"type" : "test"
},
{
"c99name" : "APNGKit",
"module_type" : "SwiftTarget",
"name" : "APNGKit",
"path" : "Source/APNGKit",
"product_dependencies" : [
"Delegate"
],
"product_memberships" : [
"APNGKit"
],
"resources" : [
{
"path" : "/Users/admin/builder/spi-builder-workspace/Source/APNGKit/PrivacyInfo.xcprivacy",
"rule" : {
"copy" : {
}
}
}
],
"sources" : [
"APNGDecoder.swift",
"APNGImage.DecodingOptions.swift",
"APNGImage.swift",
"APNGImageRenderer.swift",
"APNGImageView.swift",
"APNGKitError.swift",
"Chunk.swift",
"CrossPlatform.swift",
"DisplayTimer.swift",
"Extensions.swift",
"LogLevel.swift",
"Reader.swift"
],
"type" : "library"
}
],
"tools_version" : "5.9"
}
{
"workspace" : {
"name" : "spi-builder-workspace",
"schemes" : [
"APNGKit"
]
}
}
Running build ...
env DEVELOPER_DIR=/Applications/Xcode-16.3.0.app xcrun xcodebuild -IDEClonedSourcePackagesDirPathOverride=$PWD/.dependencies -skipMacroValidation -skipPackagePluginValidation -derivedDataPath $PWD/.derivedData build -scheme APNGKit -destination generic/platform=watchOS
Command line invocation:
/Applications/Xcode-16.3.0.app/Contents/Developer/usr/bin/xcodebuild -IDEClonedSourcePackagesDirPathOverride=/Users/admin/builder/spi-builder-workspace/.dependencies -skipMacroValidation -skipPackagePluginValidation -derivedDataPath /Users/admin/builder/spi-builder-workspace/.derivedData build -scheme APNGKit -destination generic/platform=watchOS
Resolve Package Graph
Resolved source packages:
APNGKit: /Users/admin/builder/spi-builder-workspace
Delegate: https://github.com/onevcat/Delegate.git @ 1.3.0
ComputePackagePrebuildTargetDependencyGraph
Prepare packages
CreateBuildRequest
SendProjectDescription
CreateBuildOperation
ComputeTargetDependencyGraph
note: Building targets in dependency order
note: Target dependency graph (7 targets)
Target 'APNGKitTests' in project 'APNGKit'
➜ Explicit dependency on target 'APNGKit_APNGKitTests' in project 'APNGKit'
➜ Explicit dependency on target 'APNGKit' in project 'APNGKit'
➜ Explicit dependency on target 'Delegate' in project 'Delegate'
Target 'APNGKit' in project 'APNGKit'
➜ Explicit dependency on target 'APNGKit' in project 'APNGKit'
➜ Explicit dependency on target 'APNGKit_APNGKit' in project 'APNGKit'
➜ Explicit dependency on target 'Delegate' in project 'Delegate'
Target 'APNGKit' in project 'APNGKit'
➜ Explicit dependency on target 'APNGKit_APNGKit' in project 'APNGKit'
➜ Explicit dependency on target 'Delegate' in project 'Delegate'
Target 'Delegate' in project 'Delegate'
➜ Explicit dependency on target 'Delegate' in project 'Delegate'
Target 'Delegate' in project 'Delegate' (no dependencies)
Target 'APNGKit_APNGKit' in project 'APNGKit' (no dependencies)
Target 'APNGKit_APNGKitTests' in project 'APNGKit' (no dependencies)
GatherProvisioningInputs
CreateBuildDescription
ExecuteExternalTool /Applications/Xcode-16.3.0.app/Contents/Developer/Toolchains/XcodeDefault.xctoolchain/usr/bin/swiftc --version
ExecuteExternalTool /Applications/Xcode-16.3.0.app/Contents/Developer/Toolchains/XcodeDefault.xctoolchain/usr/bin/clang -v -E -dM -isysroot /Applications/Xcode-16.3.0.app/Contents/Developer/Platforms/WatchOS.platform/Developer/SDKs/WatchOS11.4.sdk -x c -c /dev/null
ExecuteExternalTool /Applications/Xcode-16.3.0.app/Contents/Developer/Toolchains/XcodeDefault.xctoolchain/usr/bin/ld -version_details
Build description signature: 2d17902807d4151160360e7462ee6819
Build description path: /Users/admin/builder/spi-builder-workspace/.derivedData/Build/Intermediates.noindex/XCBuildData/2d17902807d4151160360e7462ee6819.xcbuilddata
ClangStatCache /Applications/Xcode-16.3.0.app/Contents/Developer/Toolchains/XcodeDefault.xctoolchain/usr/bin/clang-stat-cache /Applications/Xcode-16.3.0.app/Contents/Developer/Platforms/WatchOS.platform/Developer/SDKs/WatchOS11.4.sdk /Users/admin/builder/spi-builder-workspace/.derivedData/SDKStatCaches.noindex/watchos11.4-22T246-43efb940ff07ba2497b70ec94253f576.sdkstatcache
cd /Users/admin/builder/spi-builder-workspace/.swiftpm/xcode
/Applications/Xcode-16.3.0.app/Contents/Developer/Toolchains/XcodeDefault.xctoolchain/usr/bin/clang-stat-cache /Applications/Xcode-16.3.0.app/Contents/Developer/Platforms/WatchOS.platform/Developer/SDKs/WatchOS11.4.sdk -o /Users/admin/builder/spi-builder-workspace/.derivedData/SDKStatCaches.noindex/watchos11.4-22T246-43efb940ff07ba2497b70ec94253f576.sdkstatcache
ProcessInfoPlistFile /Users/admin/builder/spi-builder-workspace/.derivedData/Build/Products/Debug-watchos/APNGKit_APNGKitTests.bundle/Info.plist /Users/admin/builder/spi-builder-workspace/.derivedData/Build/Intermediates.noindex/APNGKit.build/Debug-watchos/APNGKit_APNGKitTests.build/empty-APNGKit_APNGKitTests.plist (in target 'APNGKit_APNGKitTests' from project 'APNGKit')
cd /Users/admin/builder/spi-builder-workspace
builtin-infoPlistUtility /Users/admin/builder/spi-builder-workspace/.derivedData/Build/Intermediates.noindex/APNGKit.build/Debug-watchos/APNGKit_APNGKitTests.build/empty-APNGKit_APNGKitTests.plist -producttype com.apple.product-type.bundle -expandbuildsettings -format binary -platform watchos -o /Users/admin/builder/spi-builder-workspace/.derivedData/Build/Products/Debug-watchos/APNGKit_APNGKitTests.bundle/Info.plist
ProcessInfoPlistFile /Users/admin/builder/spi-builder-workspace/.derivedData/Build/Products/Debug-watchos/APNGKit_APNGKit.bundle/Info.plist /Users/admin/builder/spi-builder-workspace/.derivedData/Build/Intermediates.noindex/APNGKit.build/Debug-watchos/APNGKit_APNGKit.build/empty-APNGKit_APNGKit.plist (in target 'APNGKit_APNGKit' from project 'APNGKit')
cd /Users/admin/builder/spi-builder-workspace
builtin-infoPlistUtility /Users/admin/builder/spi-builder-workspace/.derivedData/Build/Intermediates.noindex/APNGKit.build/Debug-watchos/APNGKit_APNGKit.build/empty-APNGKit_APNGKit.plist -producttype com.apple.product-type.bundle -expandbuildsettings -format binary -platform watchos -o /Users/admin/builder/spi-builder-workspace/.derivedData/Build/Products/Debug-watchos/APNGKit_APNGKit.bundle/Info.plist
SwiftDriver Delegate normal arm64 com.apple.xcode.tools.swift.compiler (in target 'Delegate' from project 'Delegate')
cd /Users/admin/builder/spi-builder-workspace/.swiftpm/xcode
builtin-SwiftDriver -- /Applications/Xcode-16.3.0.app/Contents/Developer/Toolchains/XcodeDefault.xctoolchain/usr/bin/swiftc -module-name Delegate -Onone -enforce-exclusivity\=checked @/Users/admin/builder/spi-builder-workspace/.derivedData/Build/Intermediates.noindex/Delegate.build/Debug-watchos/Delegate.build/Objects-normal/arm64/Delegate.SwiftFileList -DSWIFT_PACKAGE -DDEBUG -DXcode -plugin-path /Applications/Xcode-16.3.0.app/Contents/Developer/Toolchains/XcodeDefault.xctoolchain/usr/lib/swift/host/plugins/testing -enable-experimental-feature DebugDescriptionMacro -sdk /Applications/Xcode-16.3.0.app/Contents/Developer/Platforms/WatchOS.platform/Developer/SDKs/WatchOS11.4.sdk -target arm64-apple-watchos5.0 -g -module-cache-path /Users/admin/builder/spi-builder-workspace/.derivedData/ModuleCache.noindex -Xfrontend -serialize-debugging-options -profile-coverage-mapping -profile-generate -enable-testing -suppress-warnings -index-store-path /Users/admin/builder/spi-builder-workspace/.derivedData/Index.noindex/DataStore -swift-version 5 -I /Users/admin/builder/spi-builder-workspace/.derivedData/Build/Products/Debug-watchos -I /Applications/Xcode-16.3.0.app/Contents/Developer/Platforms/WatchOS.platform/Developer/usr/lib -F /Users/admin/builder/spi-builder-workspace/.derivedData/Build/Products/Debug-watchos -F /Applications/Xcode-16.3.0.app/Contents/Developer/Platforms/WatchOS.platform/Developer/Library/Frameworks -F /Applications/Xcode-16.3.0.app/Contents/Developer/Platforms/WatchOS.platform/Developer/SDKs/WatchOS11.4.sdk/Developer/Library/Frameworks -parse-as-library -c -j10 -enable-batch-mode -incremental -Xcc -ivfsstatcache -Xcc /Users/admin/builder/spi-builder-workspace/.derivedData/SDKStatCaches.noindex/watchos11.4-22T246-43efb940ff07ba2497b70ec94253f576.sdkstatcache -output-file-map /Users/admin/builder/spi-builder-workspace/.derivedData/Build/Intermediates.noindex/Delegate.build/Debug-watchos/Delegate.build/Objects-normal/arm64/Delegate-OutputFileMap.json -use-frontend-parseable-output -save-temps -no-color-diagnostics -serialize-diagnostics -emit-dependencies -emit-module -emit-module-path /Users/admin/builder/spi-builder-workspace/.derivedData/Build/Intermediates.noindex/Delegate.build/Debug-watchos/Delegate.build/Objects-normal/arm64/Delegate.swiftmodule -validate-clang-modules-once -clang-build-session-file /Users/admin/builder/spi-builder-workspace/.derivedData/ModuleCache.noindex/Session.modulevalidation -Xcc -I/Users/admin/builder/spi-builder-workspace/.derivedData/Build/Intermediates.noindex/Delegate.build/Debug-watchos/Delegate.build/swift-overrides.hmap -emit-const-values -Xfrontend -const-gather-protocols-file -Xfrontend /Users/admin/builder/spi-builder-workspace/.derivedData/Build/Intermediates.noindex/Delegate.build/Debug-watchos/Delegate.build/Objects-normal/arm64/Delegate_const_extract_protocols.json -Xcc -I/Users/admin/builder/spi-builder-workspace/.derivedData/Build/Products/Debug-watchos/include -Xcc -I/Users/admin/builder/spi-builder-workspace/.derivedData/Build/Intermediates.noindex/Delegate.build/Debug-watchos/Delegate.build/DerivedSources-normal/arm64 -Xcc -I/Users/admin/builder/spi-builder-workspace/.derivedData/Build/Intermediates.noindex/Delegate.build/Debug-watchos/Delegate.build/DerivedSources/arm64 -Xcc -I/Users/admin/builder/spi-builder-workspace/.derivedData/Build/Intermediates.noindex/Delegate.build/Debug-watchos/Delegate.build/DerivedSources -Xcc -DSWIFT_PACKAGE -Xcc -DDEBUG\=1 -emit-objc-header -emit-objc-header-path /Users/admin/builder/spi-builder-workspace/.derivedData/Build/Intermediates.noindex/Delegate.build/Debug-watchos/Delegate.build/Objects-normal/arm64/Delegate-Swift.h -working-directory /Users/admin/builder/spi-builder-workspace/.swiftpm/xcode -experimental-emit-module-separately -disable-cmo
SwiftDriver Delegate normal armv7k com.apple.xcode.tools.swift.compiler (in target 'Delegate' from project 'Delegate')
cd /Users/admin/builder/spi-builder-workspace/.swiftpm/xcode
builtin-SwiftDriver -- /Applications/Xcode-16.3.0.app/Contents/Developer/Toolchains/XcodeDefault.xctoolchain/usr/bin/swiftc -module-name Delegate -Onone -enforce-exclusivity\=checked @/Users/admin/builder/spi-builder-workspace/.derivedData/Build/Intermediates.noindex/Delegate.build/Debug-watchos/Delegate.build/Objects-normal/armv7k/Delegate.SwiftFileList -DSWIFT_PACKAGE -DDEBUG -DXcode -plugin-path /Applications/Xcode-16.3.0.app/Contents/Developer/Toolchains/XcodeDefault.xctoolchain/usr/lib/swift/host/plugins/testing -enable-experimental-feature DebugDescriptionMacro -sdk /Applications/Xcode-16.3.0.app/Contents/Developer/Platforms/WatchOS.platform/Developer/SDKs/WatchOS11.4.sdk -target armv7k-apple-watchos5.0 -g -module-cache-path /Users/admin/builder/spi-builder-workspace/.derivedData/ModuleCache.noindex -Xfrontend -serialize-debugging-options -profile-coverage-mapping -profile-generate -enable-testing -suppress-warnings -index-store-path /Users/admin/builder/spi-builder-workspace/.derivedData/Index.noindex/DataStore -swift-version 5 -I /Users/admin/builder/spi-builder-workspace/.derivedData/Build/Products/Debug-watchos -I /Applications/Xcode-16.3.0.app/Contents/Developer/Platforms/WatchOS.platform/Developer/usr/lib -F /Users/admin/builder/spi-builder-workspace/.derivedData/Build/Products/Debug-watchos -F /Applications/Xcode-16.3.0.app/Contents/Developer/Platforms/WatchOS.platform/Developer/Library/Frameworks -F /Applications/Xcode-16.3.0.app/Contents/Developer/Platforms/WatchOS.platform/Developer/SDKs/WatchOS11.4.sdk/Developer/Library/Frameworks -parse-as-library -c -j10 -enable-batch-mode -incremental -Xcc -ivfsstatcache -Xcc /Users/admin/builder/spi-builder-workspace/.derivedData/SDKStatCaches.noindex/watchos11.4-22T246-43efb940ff07ba2497b70ec94253f576.sdkstatcache -output-file-map /Users/admin/builder/spi-builder-workspace/.derivedData/Build/Intermediates.noindex/Delegate.build/Debug-watchos/Delegate.build/Objects-normal/armv7k/Delegate-OutputFileMap.json -use-frontend-parseable-output -save-temps -no-color-diagnostics -serialize-diagnostics -emit-dependencies -emit-module -emit-module-path /Users/admin/builder/spi-builder-workspace/.derivedData/Build/Intermediates.noindex/Delegate.build/Debug-watchos/Delegate.build/Objects-normal/armv7k/Delegate.swiftmodule -validate-clang-modules-once -clang-build-session-file /Users/admin/builder/spi-builder-workspace/.derivedData/ModuleCache.noindex/Session.modulevalidation -Xcc -I/Users/admin/builder/spi-builder-workspace/.derivedData/Build/Intermediates.noindex/Delegate.build/Debug-watchos/Delegate.build/swift-overrides.hmap -emit-const-values -Xfrontend -const-gather-protocols-file -Xfrontend /Users/admin/builder/spi-builder-workspace/.derivedData/Build/Intermediates.noindex/Delegate.build/Debug-watchos/Delegate.build/Objects-normal/armv7k/Delegate_const_extract_protocols.json -Xcc -I/Users/admin/builder/spi-builder-workspace/.derivedData/Build/Products/Debug-watchos/include -Xcc -I/Users/admin/builder/spi-builder-workspace/.derivedData/Build/Intermediates.noindex/Delegate.build/Debug-watchos/Delegate.build/DerivedSources-normal/armv7k -Xcc -I/Users/admin/builder/spi-builder-workspace/.derivedData/Build/Intermediates.noindex/Delegate.build/Debug-watchos/Delegate.build/DerivedSources/armv7k -Xcc -I/Users/admin/builder/spi-builder-workspace/.derivedData/Build/Intermediates.noindex/Delegate.build/Debug-watchos/Delegate.build/DerivedSources -Xcc -DSWIFT_PACKAGE -Xcc -DDEBUG\=1 -emit-objc-header -emit-objc-header-path /Users/admin/builder/spi-builder-workspace/.derivedData/Build/Intermediates.noindex/Delegate.build/Debug-watchos/Delegate.build/Objects-normal/armv7k/Delegate-Swift.h -working-directory /Users/admin/builder/spi-builder-workspace/.swiftpm/xcode -experimental-emit-module-separately -disable-cmo
SwiftDriver Delegate normal arm64_32 com.apple.xcode.tools.swift.compiler (in target 'Delegate' from project 'Delegate')
cd /Users/admin/builder/spi-builder-workspace/.swiftpm/xcode
builtin-SwiftDriver -- /Applications/Xcode-16.3.0.app/Contents/Developer/Toolchains/XcodeDefault.xctoolchain/usr/bin/swiftc -module-name Delegate -Onone -enforce-exclusivity\=checked @/Users/admin/builder/spi-builder-workspace/.derivedData/Build/Intermediates.noindex/Delegate.build/Debug-watchos/Delegate.build/Objects-normal/arm64_32/Delegate.SwiftFileList -DSWIFT_PACKAGE -DDEBUG -DXcode -plugin-path /Applications/Xcode-16.3.0.app/Contents/Developer/Toolchains/XcodeDefault.xctoolchain/usr/lib/swift/host/plugins/testing -enable-experimental-feature DebugDescriptionMacro -sdk /Applications/Xcode-16.3.0.app/Contents/Developer/Platforms/WatchOS.platform/Developer/SDKs/WatchOS11.4.sdk -target arm64_32-apple-watchos5.0 -g -module-cache-path /Users/admin/builder/spi-builder-workspace/.derivedData/ModuleCache.noindex -Xfrontend -serialize-debugging-options -profile-coverage-mapping -profile-generate -enable-testing -suppress-warnings -index-store-path /Users/admin/builder/spi-builder-workspace/.derivedData/Index.noindex/DataStore -swift-version 5 -I /Users/admin/builder/spi-builder-workspace/.derivedData/Build/Products/Debug-watchos -I /Applications/Xcode-16.3.0.app/Contents/Developer/Platforms/WatchOS.platform/Developer/usr/lib -F /Users/admin/builder/spi-builder-workspace/.derivedData/Build/Products/Debug-watchos -F /Applications/Xcode-16.3.0.app/Contents/Developer/Platforms/WatchOS.platform/Developer/Library/Frameworks -F /Applications/Xcode-16.3.0.app/Contents/Developer/Platforms/WatchOS.platform/Developer/SDKs/WatchOS11.4.sdk/Developer/Library/Frameworks -parse-as-library -c -j10 -enable-batch-mode -incremental -Xcc -ivfsstatcache -Xcc /Users/admin/builder/spi-builder-workspace/.derivedData/SDKStatCaches.noindex/watchos11.4-22T246-43efb940ff07ba2497b70ec94253f576.sdkstatcache -output-file-map /Users/admin/builder/spi-builder-workspace/.derivedData/Build/Intermediates.noindex/Delegate.build/Debug-watchos/Delegate.build/Objects-normal/arm64_32/Delegate-OutputFileMap.json -use-frontend-parseable-output -save-temps -no-color-diagnostics -serialize-diagnostics -emit-dependencies -emit-module -emit-module-path /Users/admin/builder/spi-builder-workspace/.derivedData/Build/Intermediates.noindex/Delegate.build/Debug-watchos/Delegate.build/Objects-normal/arm64_32/Delegate.swiftmodule -validate-clang-modules-once -clang-build-session-file /Users/admin/builder/spi-builder-workspace/.derivedData/ModuleCache.noindex/Session.modulevalidation -Xcc -I/Users/admin/builder/spi-builder-workspace/.derivedData/Build/Intermediates.noindex/Delegate.build/Debug-watchos/Delegate.build/swift-overrides.hmap -emit-const-values -Xfrontend -const-gather-protocols-file -Xfrontend /Users/admin/builder/spi-builder-workspace/.derivedData/Build/Intermediates.noindex/Delegate.build/Debug-watchos/Delegate.build/Objects-normal/arm64_32/Delegate_const_extract_protocols.json -Xcc -I/Users/admin/builder/spi-builder-workspace/.derivedData/Build/Products/Debug-watchos/include -Xcc -I/Users/admin/builder/spi-builder-workspace/.derivedData/Build/Intermediates.noindex/Delegate.build/Debug-watchos/Delegate.build/DerivedSources-normal/arm64_32 -Xcc -I/Users/admin/builder/spi-builder-workspace/.derivedData/Build/Intermediates.noindex/Delegate.build/Debug-watchos/Delegate.build/DerivedSources/arm64_32 -Xcc -I/Users/admin/builder/spi-builder-workspace/.derivedData/Build/Intermediates.noindex/Delegate.build/Debug-watchos/Delegate.build/DerivedSources -Xcc -DSWIFT_PACKAGE -Xcc -DDEBUG\=1 -emit-objc-header -emit-objc-header-path /Users/admin/builder/spi-builder-workspace/.derivedData/Build/Intermediates.noindex/Delegate.build/Debug-watchos/Delegate.build/Objects-normal/arm64_32/Delegate-Swift.h -working-directory /Users/admin/builder/spi-builder-workspace/.swiftpm/xcode -experimental-emit-module-separately -disable-cmo
SwiftEmitModule normal arm64 Emitting\ module\ for\ Delegate (in target 'Delegate' from project 'Delegate')
SwiftCompile normal arm64 /Users/admin/builder/spi-builder-workspace/.dependencies/checkouts/Delegate/Sources/Delegate/Delegate.swift (in target 'Delegate' from project 'Delegate')
cd /Users/admin/builder/spi-builder-workspace/.swiftpm/xcode
SwiftEmitModule normal arm64_32 Emitting\ module\ for\ Delegate (in target 'Delegate' from project 'Delegate')
SwiftCompile normal arm64_32 /Users/admin/builder/spi-builder-workspace/.dependencies/checkouts/Delegate/Sources/Delegate/Delegate.swift (in target 'Delegate' from project 'Delegate')
cd /Users/admin/builder/spi-builder-workspace/.swiftpm/xcode
SwiftEmitModule normal armv7k Emitting\ module\ for\ Delegate (in target 'Delegate' from project 'Delegate')
SwiftCompile normal armv7k /Users/admin/builder/spi-builder-workspace/.dependencies/checkouts/Delegate/Sources/Delegate/Delegate.swift (in target 'Delegate' from project 'Delegate')
cd /Users/admin/builder/spi-builder-workspace/.swiftpm/xcode
SwiftCompile normal armv7k Compiling\ Delegate.swift /Users/admin/builder/spi-builder-workspace/.dependencies/checkouts/Delegate/Sources/Delegate/Delegate.swift (in target 'Delegate' from project 'Delegate')
SwiftCompile normal armv7k /Users/admin/builder/spi-builder-workspace/.dependencies/checkouts/Delegate/Sources/Delegate/Delegate.swift (in target 'Delegate' from project 'Delegate')
cd /Users/admin/builder/spi-builder-workspace/.swiftpm/xcode
SwiftCompile normal arm64_32 Compiling\ Delegate.swift /Users/admin/builder/spi-builder-workspace/.dependencies/checkouts/Delegate/Sources/Delegate/Delegate.swift (in target 'Delegate' from project 'Delegate')
SwiftCompile normal arm64_32 /Users/admin/builder/spi-builder-workspace/.dependencies/checkouts/Delegate/Sources/Delegate/Delegate.swift (in target 'Delegate' from project 'Delegate')
cd /Users/admin/builder/spi-builder-workspace/.swiftpm/xcode
SwiftCompile normal arm64 Compiling\ Delegate.swift /Users/admin/builder/spi-builder-workspace/.dependencies/checkouts/Delegate/Sources/Delegate/Delegate.swift (in target 'Delegate' from project 'Delegate')
SwiftCompile normal arm64 /Users/admin/builder/spi-builder-workspace/.dependencies/checkouts/Delegate/Sources/Delegate/Delegate.swift (in target 'Delegate' from project 'Delegate')
cd /Users/admin/builder/spi-builder-workspace/.swiftpm/xcode
SwiftDriverJobDiscovery normal armv7k Emitting module for Delegate (in target 'Delegate' from project 'Delegate')
SwiftDriverJobDiscovery normal arm64_32 Emitting module for Delegate (in target 'Delegate' from project 'Delegate')
SwiftDriverJobDiscovery normal arm64 Emitting module for Delegate (in target 'Delegate' from project 'Delegate')
SwiftDriver\ Compilation\ Requirements Delegate normal arm64 com.apple.xcode.tools.swift.compiler (in target 'Delegate' from project 'Delegate')
cd /Users/admin/builder/spi-builder-workspace/.swiftpm/xcode
builtin-Swift-Compilation-Requirements -- /Applications/Xcode-16.3.0.app/Contents/Developer/Toolchains/XcodeDefault.xctoolchain/usr/bin/swiftc -module-name Delegate -Onone -enforce-exclusivity\=checked @/Users/admin/builder/spi-builder-workspace/.derivedData/Build/Intermediates.noindex/Delegate.build/Debug-watchos/Delegate.build/Objects-normal/arm64/Delegate.SwiftFileList -DSWIFT_PACKAGE -DDEBUG -DXcode -plugin-path /Applications/Xcode-16.3.0.app/Contents/Developer/Toolchains/XcodeDefault.xctoolchain/usr/lib/swift/host/plugins/testing -enable-experimental-feature DebugDescriptionMacro -sdk /Applications/Xcode-16.3.0.app/Contents/Developer/Platforms/WatchOS.platform/Developer/SDKs/WatchOS11.4.sdk -target arm64-apple-watchos5.0 -g -module-cache-path /Users/admin/builder/spi-builder-workspace/.derivedData/ModuleCache.noindex -Xfrontend -serialize-debugging-options -profile-coverage-mapping -profile-generate -enable-testing -suppress-warnings -index-store-path /Users/admin/builder/spi-builder-workspace/.derivedData/Index.noindex/DataStore -swift-version 5 -I /Users/admin/builder/spi-builder-workspace/.derivedData/Build/Products/Debug-watchos -I /Applications/Xcode-16.3.0.app/Contents/Developer/Platforms/WatchOS.platform/Developer/usr/lib -F /Users/admin/builder/spi-builder-workspace/.derivedData/Build/Products/Debug-watchos -F /Applications/Xcode-16.3.0.app/Contents/Developer/Platforms/WatchOS.platform/Developer/Library/Frameworks -F /Applications/Xcode-16.3.0.app/Contents/Developer/Platforms/WatchOS.platform/Developer/SDKs/WatchOS11.4.sdk/Developer/Library/Frameworks -parse-as-library -c -j10 -enable-batch-mode -incremental -Xcc -ivfsstatcache -Xcc /Users/admin/builder/spi-builder-workspace/.derivedData/SDKStatCaches.noindex/watchos11.4-22T246-43efb940ff07ba2497b70ec94253f576.sdkstatcache -output-file-map /Users/admin/builder/spi-builder-workspace/.derivedData/Build/Intermediates.noindex/Delegate.build/Debug-watchos/Delegate.build/Objects-normal/arm64/Delegate-OutputFileMap.json -use-frontend-parseable-output -save-temps -no-color-diagnostics -serialize-diagnostics -emit-dependencies -emit-module -emit-module-path /Users/admin/builder/spi-builder-workspace/.derivedData/Build/Intermediates.noindex/Delegate.build/Debug-watchos/Delegate.build/Objects-normal/arm64/Delegate.swiftmodule -validate-clang-modules-once -clang-build-session-file /Users/admin/builder/spi-builder-workspace/.derivedData/ModuleCache.noindex/Session.modulevalidation -Xcc -I/Users/admin/builder/spi-builder-workspace/.derivedData/Build/Intermediates.noindex/Delegate.build/Debug-watchos/Delegate.build/swift-overrides.hmap -emit-const-values -Xfrontend -const-gather-protocols-file -Xfrontend /Users/admin/builder/spi-builder-workspace/.derivedData/Build/Intermediates.noindex/Delegate.build/Debug-watchos/Delegate.build/Objects-normal/arm64/Delegate_const_extract_protocols.json -Xcc -I/Users/admin/builder/spi-builder-workspace/.derivedData/Build/Products/Debug-watchos/include -Xcc -I/Users/admin/builder/spi-builder-workspace/.derivedData/Build/Intermediates.noindex/Delegate.build/Debug-watchos/Delegate.build/DerivedSources-normal/arm64 -Xcc -I/Users/admin/builder/spi-builder-workspace/.derivedData/Build/Intermediates.noindex/Delegate.build/Debug-watchos/Delegate.build/DerivedSources/arm64 -Xcc -I/Users/admin/builder/spi-builder-workspace/.derivedData/Build/Intermediates.noindex/Delegate.build/Debug-watchos/Delegate.build/DerivedSources -Xcc -DSWIFT_PACKAGE -Xcc -DDEBUG\=1 -emit-objc-header -emit-objc-header-path /Users/admin/builder/spi-builder-workspace/.derivedData/Build/Intermediates.noindex/Delegate.build/Debug-watchos/Delegate.build/Objects-normal/arm64/Delegate-Swift.h -working-directory /Users/admin/builder/spi-builder-workspace/.swiftpm/xcode -experimental-emit-module-separately -disable-cmo
SwiftDriver\ Compilation\ Requirements Delegate normal armv7k com.apple.xcode.tools.swift.compiler (in target 'Delegate' from project 'Delegate')
cd /Users/admin/builder/spi-builder-workspace/.swiftpm/xcode
builtin-Swift-Compilation-Requirements -- /Applications/Xcode-16.3.0.app/Contents/Developer/Toolchains/XcodeDefault.xctoolchain/usr/bin/swiftc -module-name Delegate -Onone -enforce-exclusivity\=checked @/Users/admin/builder/spi-builder-workspace/.derivedData/Build/Intermediates.noindex/Delegate.build/Debug-watchos/Delegate.build/Objects-normal/armv7k/Delegate.SwiftFileList -DSWIFT_PACKAGE -DDEBUG -DXcode -plugin-path /Applications/Xcode-16.3.0.app/Contents/Developer/Toolchains/XcodeDefault.xctoolchain/usr/lib/swift/host/plugins/testing -enable-experimental-feature DebugDescriptionMacro -sdk /Applications/Xcode-16.3.0.app/Contents/Developer/Platforms/WatchOS.platform/Developer/SDKs/WatchOS11.4.sdk -target armv7k-apple-watchos5.0 -g -module-cache-path /Users/admin/builder/spi-builder-workspace/.derivedData/ModuleCache.noindex -Xfrontend -serialize-debugging-options -profile-coverage-mapping -profile-generate -enable-testing -suppress-warnings -index-store-path /Users/admin/builder/spi-builder-workspace/.derivedData/Index.noindex/DataStore -swift-version 5 -I /Users/admin/builder/spi-builder-workspace/.derivedData/Build/Products/Debug-watchos -I /Applications/Xcode-16.3.0.app/Contents/Developer/Platforms/WatchOS.platform/Developer/usr/lib -F /Users/admin/builder/spi-builder-workspace/.derivedData/Build/Products/Debug-watchos -F /Applications/Xcode-16.3.0.app/Contents/Developer/Platforms/WatchOS.platform/Developer/Library/Frameworks -F /Applications/Xcode-16.3.0.app/Contents/Developer/Platforms/WatchOS.platform/Developer/SDKs/WatchOS11.4.sdk/Developer/Library/Frameworks -parse-as-library -c -j10 -enable-batch-mode -incremental -Xcc -ivfsstatcache -Xcc /Users/admin/builder/spi-builder-workspace/.derivedData/SDKStatCaches.noindex/watchos11.4-22T246-43efb940ff07ba2497b70ec94253f576.sdkstatcache -output-file-map /Users/admin/builder/spi-builder-workspace/.derivedData/Build/Intermediates.noindex/Delegate.build/Debug-watchos/Delegate.build/Objects-normal/armv7k/Delegate-OutputFileMap.json -use-frontend-parseable-output -save-temps -no-color-diagnostics -serialize-diagnostics -emit-dependencies -emit-module -emit-module-path /Users/admin/builder/spi-builder-workspace/.derivedData/Build/Intermediates.noindex/Delegate.build/Debug-watchos/Delegate.build/Objects-normal/armv7k/Delegate.swiftmodule -validate-clang-modules-once -clang-build-session-file /Users/admin/builder/spi-builder-workspace/.derivedData/ModuleCache.noindex/Session.modulevalidation -Xcc -I/Users/admin/builder/spi-builder-workspace/.derivedData/Build/Intermediates.noindex/Delegate.build/Debug-watchos/Delegate.build/swift-overrides.hmap -emit-const-values -Xfrontend -const-gather-protocols-file -Xfrontend /Users/admin/builder/spi-builder-workspace/.derivedData/Build/Intermediates.noindex/Delegate.build/Debug-watchos/Delegate.build/Objects-normal/armv7k/Delegate_const_extract_protocols.json -Xcc -I/Users/admin/builder/spi-builder-workspace/.derivedData/Build/Products/Debug-watchos/include -Xcc -I/Users/admin/builder/spi-builder-workspace/.derivedData/Build/Intermediates.noindex/Delegate.build/Debug-watchos/Delegate.build/DerivedSources-normal/armv7k -Xcc -I/Users/admin/builder/spi-builder-workspace/.derivedData/Build/Intermediates.noindex/Delegate.build/Debug-watchos/Delegate.build/DerivedSources/armv7k -Xcc -I/Users/admin/builder/spi-builder-workspace/.derivedData/Build/Intermediates.noindex/Delegate.build/Debug-watchos/Delegate.build/DerivedSources -Xcc -DSWIFT_PACKAGE -Xcc -DDEBUG\=1 -emit-objc-header -emit-objc-header-path /Users/admin/builder/spi-builder-workspace/.derivedData/Build/Intermediates.noindex/Delegate.build/Debug-watchos/Delegate.build/Objects-normal/armv7k/Delegate-Swift.h -working-directory /Users/admin/builder/spi-builder-workspace/.swiftpm/xcode -experimental-emit-module-separately -disable-cmo
SwiftDriver\ Compilation\ Requirements Delegate normal arm64_32 com.apple.xcode.tools.swift.compiler (in target 'Delegate' from project 'Delegate')
cd /Users/admin/builder/spi-builder-workspace/.swiftpm/xcode
builtin-Swift-Compilation-Requirements -- /Applications/Xcode-16.3.0.app/Contents/Developer/Toolchains/XcodeDefault.xctoolchain/usr/bin/swiftc -module-name Delegate -Onone -enforce-exclusivity\=checked @/Users/admin/builder/spi-builder-workspace/.derivedData/Build/Intermediates.noindex/Delegate.build/Debug-watchos/Delegate.build/Objects-normal/arm64_32/Delegate.SwiftFileList -DSWIFT_PACKAGE -DDEBUG -DXcode -plugin-path /Applications/Xcode-16.3.0.app/Contents/Developer/Toolchains/XcodeDefault.xctoolchain/usr/lib/swift/host/plugins/testing -enable-experimental-feature DebugDescriptionMacro -sdk /Applications/Xcode-16.3.0.app/Contents/Developer/Platforms/WatchOS.platform/Developer/SDKs/WatchOS11.4.sdk -target arm64_32-apple-watchos5.0 -g -module-cache-path /Users/admin/builder/spi-builder-workspace/.derivedData/ModuleCache.noindex -Xfrontend -serialize-debugging-options -profile-coverage-mapping -profile-generate -enable-testing -suppress-warnings -index-store-path /Users/admin/builder/spi-builder-workspace/.derivedData/Index.noindex/DataStore -swift-version 5 -I /Users/admin/builder/spi-builder-workspace/.derivedData/Build/Products/Debug-watchos -I /Applications/Xcode-16.3.0.app/Contents/Developer/Platforms/WatchOS.platform/Developer/usr/lib -F /Users/admin/builder/spi-builder-workspace/.derivedData/Build/Products/Debug-watchos -F /Applications/Xcode-16.3.0.app/Contents/Developer/Platforms/WatchOS.platform/Developer/Library/Frameworks -F /Applications/Xcode-16.3.0.app/Contents/Developer/Platforms/WatchOS.platform/Developer/SDKs/WatchOS11.4.sdk/Developer/Library/Frameworks -parse-as-library -c -j10 -enable-batch-mode -incremental -Xcc -ivfsstatcache -Xcc /Users/admin/builder/spi-builder-workspace/.derivedData/SDKStatCaches.noindex/watchos11.4-22T246-43efb940ff07ba2497b70ec94253f576.sdkstatcache -output-file-map /Users/admin/builder/spi-builder-workspace/.derivedData/Build/Intermediates.noindex/Delegate.build/Debug-watchos/Delegate.build/Objects-normal/arm64_32/Delegate-OutputFileMap.json -use-frontend-parseable-output -save-temps -no-color-diagnostics -serialize-diagnostics -emit-dependencies -emit-module -emit-module-path /Users/admin/builder/spi-builder-workspace/.derivedData/Build/Intermediates.noindex/Delegate.build/Debug-watchos/Delegate.build/Objects-normal/arm64_32/Delegate.swiftmodule -validate-clang-modules-once -clang-build-session-file /Users/admin/builder/spi-builder-workspace/.derivedData/ModuleCache.noindex/Session.modulevalidation -Xcc -I/Users/admin/builder/spi-builder-workspace/.derivedData/Build/Intermediates.noindex/Delegate.build/Debug-watchos/Delegate.build/swift-overrides.hmap -emit-const-values -Xfrontend -const-gather-protocols-file -Xfrontend /Users/admin/builder/spi-builder-workspace/.derivedData/Build/Intermediates.noindex/Delegate.build/Debug-watchos/Delegate.build/Objects-normal/arm64_32/Delegate_const_extract_protocols.json -Xcc -I/Users/admin/builder/spi-builder-workspace/.derivedData/Build/Products/Debug-watchos/include -Xcc -I/Users/admin/builder/spi-builder-workspace/.derivedData/Build/Intermediates.noindex/Delegate.build/Debug-watchos/Delegate.build/DerivedSources-normal/arm64_32 -Xcc -I/Users/admin/builder/spi-builder-workspace/.derivedData/Build/Intermediates.noindex/Delegate.build/Debug-watchos/Delegate.build/DerivedSources/arm64_32 -Xcc -I/Users/admin/builder/spi-builder-workspace/.derivedData/Build/Intermediates.noindex/Delegate.build/Debug-watchos/Delegate.build/DerivedSources -Xcc -DSWIFT_PACKAGE -Xcc -DDEBUG\=1 -emit-objc-header -emit-objc-header-path /Users/admin/builder/spi-builder-workspace/.derivedData/Build/Intermediates.noindex/Delegate.build/Debug-watchos/Delegate.build/Objects-normal/arm64_32/Delegate-Swift.h -working-directory /Users/admin/builder/spi-builder-workspace/.swiftpm/xcode -experimental-emit-module-separately -disable-cmo
Copy /Users/admin/builder/spi-builder-workspace/.derivedData/Build/Products/Debug-watchos/Delegate.swiftmodule/arm64_32-apple-watchos.abi.json /Users/admin/builder/spi-builder-workspace/.derivedData/Build/Intermediates.noindex/Delegate.build/Debug-watchos/Delegate.build/Objects-normal/arm64_32/Delegate.abi.json (in target 'Delegate' from project 'Delegate')
cd /Users/admin/builder/spi-builder-workspace/.dependencies/checkouts/Delegate
builtin-copy -exclude .DS_Store -exclude CVS -exclude .svn -exclude .git -exclude .hg -resolve-src-symlinks -rename /Users/admin/builder/spi-builder-workspace/.derivedData/Build/Intermediates.noindex/Delegate.build/Debug-watchos/Delegate.build/Objects-normal/arm64_32/Delegate.abi.json /Users/admin/builder/spi-builder-workspace/.derivedData/Build/Products/Debug-watchos/Delegate.swiftmodule/arm64_32-apple-watchos.abi.json
Copy /Users/admin/builder/spi-builder-workspace/.derivedData/Build/Products/Debug-watchos/Delegate.swiftmodule/arm64-apple-watchos.abi.json /Users/admin/builder/spi-builder-workspace/.derivedData/Build/Intermediates.noindex/Delegate.build/Debug-watchos/Delegate.build/Objects-normal/arm64/Delegate.abi.json (in target 'Delegate' from project 'Delegate')
cd /Users/admin/builder/spi-builder-workspace/.dependencies/checkouts/Delegate
builtin-copy -exclude .DS_Store -exclude CVS -exclude .svn -exclude .git -exclude .hg -resolve-src-symlinks -rename /Users/admin/builder/spi-builder-workspace/.derivedData/Build/Intermediates.noindex/Delegate.build/Debug-watchos/Delegate.build/Objects-normal/arm64/Delegate.abi.json /Users/admin/builder/spi-builder-workspace/.derivedData/Build/Products/Debug-watchos/Delegate.swiftmodule/arm64-apple-watchos.abi.json
Copy /Users/admin/builder/spi-builder-workspace/.derivedData/Build/Products/Debug-watchos/Delegate.swiftmodule/armv7k-apple-watchos.abi.json /Users/admin/builder/spi-builder-workspace/.derivedData/Build/Intermediates.noindex/Delegate.build/Debug-watchos/Delegate.build/Objects-normal/armv7k/Delegate.abi.json (in target 'Delegate' from project 'Delegate')
cd /Users/admin/builder/spi-builder-workspace/.dependencies/checkouts/Delegate
builtin-copy -exclude .DS_Store -exclude CVS -exclude .svn -exclude .git -exclude .hg -resolve-src-symlinks -rename /Users/admin/builder/spi-builder-workspace/.derivedData/Build/Intermediates.noindex/Delegate.build/Debug-watchos/Delegate.build/Objects-normal/armv7k/Delegate.abi.json /Users/admin/builder/spi-builder-workspace/.derivedData/Build/Products/Debug-watchos/Delegate.swiftmodule/armv7k-apple-watchos.abi.json
SwiftDriver APNGKit normal arm64_32 com.apple.xcode.tools.swift.compiler (in target 'APNGKit' from project 'APNGKit')
cd /Users/admin/builder/spi-builder-workspace/.swiftpm/xcode
builtin-SwiftDriver -- /Applications/Xcode-16.3.0.app/Contents/Developer/Toolchains/XcodeDefault.xctoolchain/usr/bin/swiftc -module-name APNGKit -Onone -enforce-exclusivity\=checked @/Users/admin/builder/spi-builder-workspace/.derivedData/Build/Intermediates.noindex/APNGKit.build/Debug-watchos/APNGKit.build/Objects-normal/arm64_32/APNGKit.SwiftFileList -DSWIFT_PACKAGE -DDEBUG -DXcode -plugin-path /Applications/Xcode-16.3.0.app/Contents/Developer/Toolchains/XcodeDefault.xctoolchain/usr/lib/swift/host/plugins/testing -enable-experimental-feature DebugDescriptionMacro -sdk /Applications/Xcode-16.3.0.app/Contents/Developer/Platforms/WatchOS.platform/Developer/SDKs/WatchOS11.4.sdk -target arm64_32-apple-watchos5.0 -g -module-cache-path /Users/admin/builder/spi-builder-workspace/.derivedData/ModuleCache.noindex -Xfrontend -serialize-debugging-options -profile-coverage-mapping -profile-generate -enable-testing -index-store-path /Users/admin/builder/spi-builder-workspace/.derivedData/Index.noindex/DataStore -swift-version 5 -I /Users/admin/builder/spi-builder-workspace/.derivedData/Build/Products/Debug-watchos -I /Applications/Xcode-16.3.0.app/Contents/Developer/Platforms/WatchOS.platform/Developer/usr/lib -F /Users/admin/builder/spi-builder-workspace/.derivedData/Build/Products/Debug-watchos/PackageFrameworks -F /Users/admin/builder/spi-builder-workspace/.derivedData/Build/Products/Debug-watchos -F /Applications/Xcode-16.3.0.app/Contents/Developer/Platforms/WatchOS.platform/Developer/Library/Frameworks -F /Applications/Xcode-16.3.0.app/Contents/Developer/Platforms/WatchOS.platform/Developer/SDKs/WatchOS11.4.sdk/Developer/Library/Frameworks -c -j10 -enable-batch-mode -incremental -Xcc -ivfsstatcache -Xcc /Users/admin/builder/spi-builder-workspace/.derivedData/SDKStatCaches.noindex/watchos11.4-22T246-43efb940ff07ba2497b70ec94253f576.sdkstatcache -output-file-map /Users/admin/builder/spi-builder-workspace/.derivedData/Build/Intermediates.noindex/APNGKit.build/Debug-watchos/APNGKit.build/Objects-normal/arm64_32/APNGKit-OutputFileMap.json -use-frontend-parseable-output -save-temps -no-color-diagnostics -serialize-diagnostics -emit-dependencies -emit-module -emit-module-path /Users/admin/builder/spi-builder-workspace/.derivedData/Build/Intermediates.noindex/APNGKit.build/Debug-watchos/APNGKit.build/Objects-normal/arm64_32/APNGKit.swiftmodule -validate-clang-modules-once -clang-build-session-file /Users/admin/builder/spi-builder-workspace/.derivedData/ModuleCache.noindex/Session.modulevalidation -package-name spi_builder_workspace -Xcc -I/Users/admin/builder/spi-builder-workspace/.derivedData/Build/Intermediates.noindex/APNGKit.build/Debug-watchos/APNGKit.build/swift-overrides.hmap -emit-const-values -Xfrontend -const-gather-protocols-file -Xfrontend /Users/admin/builder/spi-builder-workspace/.derivedData/Build/Intermediates.noindex/APNGKit.build/Debug-watchos/APNGKit.build/Objects-normal/arm64_32/APNGKit_const_extract_protocols.json -Xcc -I/Users/admin/builder/spi-builder-workspace/.derivedData/Build/Products/Debug-watchos/include -Xcc -I/Users/admin/builder/spi-builder-workspace/.derivedData/Build/Intermediates.noindex/APNGKit.build/Debug-watchos/APNGKit.build/DerivedSources-normal/arm64_32 -Xcc -I/Users/admin/builder/spi-builder-workspace/.derivedData/Build/Intermediates.noindex/APNGKit.build/Debug-watchos/APNGKit.build/DerivedSources/arm64_32 -Xcc -I/Users/admin/builder/spi-builder-workspace/.derivedData/Build/Intermediates.noindex/APNGKit.build/Debug-watchos/APNGKit.build/DerivedSources -Xcc -DSWIFT_PACKAGE -Xcc -DDEBUG\=1 -emit-objc-header -emit-objc-header-path /Users/admin/builder/spi-builder-workspace/.derivedData/Build/Intermediates.noindex/APNGKit.build/Debug-watchos/APNGKit.build/Objects-normal/arm64_32/APNGKit-Swift.h -working-directory /Users/admin/builder/spi-builder-workspace/.swiftpm/xcode -experimental-emit-module-separately -disable-cmo
SwiftDriver APNGKit normal arm64 com.apple.xcode.tools.swift.compiler (in target 'APNGKit' from project 'APNGKit')
cd /Users/admin/builder/spi-builder-workspace/.swiftpm/xcode
builtin-SwiftDriver -- /Applications/Xcode-16.3.0.app/Contents/Developer/Toolchains/XcodeDefault.xctoolchain/usr/bin/swiftc -module-name APNGKit -Onone -enforce-exclusivity\=checked @/Users/admin/builder/spi-builder-workspace/.derivedData/Build/Intermediates.noindex/APNGKit.build/Debug-watchos/APNGKit.build/Objects-normal/arm64/APNGKit.SwiftFileList -DSWIFT_PACKAGE -DDEBUG -DXcode -plugin-path /Applications/Xcode-16.3.0.app/Contents/Developer/Toolchains/XcodeDefault.xctoolchain/usr/lib/swift/host/plugins/testing -enable-experimental-feature DebugDescriptionMacro -sdk /Applications/Xcode-16.3.0.app/Contents/Developer/Platforms/WatchOS.platform/Developer/SDKs/WatchOS11.4.sdk -target arm64-apple-watchos5.0 -g -module-cache-path /Users/admin/builder/spi-builder-workspace/.derivedData/ModuleCache.noindex -Xfrontend -serialize-debugging-options -profile-coverage-mapping -profile-generate -enable-testing -index-store-path /Users/admin/builder/spi-builder-workspace/.derivedData/Index.noindex/DataStore -swift-version 5 -I /Users/admin/builder/spi-builder-workspace/.derivedData/Build/Products/Debug-watchos -I /Applications/Xcode-16.3.0.app/Contents/Developer/Platforms/WatchOS.platform/Developer/usr/lib -F /Users/admin/builder/spi-builder-workspace/.derivedData/Build/Products/Debug-watchos/PackageFrameworks -F /Users/admin/builder/spi-builder-workspace/.derivedData/Build/Products/Debug-watchos -F /Applications/Xcode-16.3.0.app/Contents/Developer/Platforms/WatchOS.platform/Developer/Library/Frameworks -F /Applications/Xcode-16.3.0.app/Contents/Developer/Platforms/WatchOS.platform/Developer/SDKs/WatchOS11.4.sdk/Developer/Library/Frameworks -c -j10 -enable-batch-mode -incremental -Xcc -ivfsstatcache -Xcc /Users/admin/builder/spi-builder-workspace/.derivedData/SDKStatCaches.noindex/watchos11.4-22T246-43efb940ff07ba2497b70ec94253f576.sdkstatcache -output-file-map /Users/admin/builder/spi-builder-workspace/.derivedData/Build/Intermediates.noindex/APNGKit.build/Debug-watchos/APNGKit.build/Objects-normal/arm64/APNGKit-OutputFileMap.json -use-frontend-parseable-output -save-temps -no-color-diagnostics -serialize-diagnostics -emit-dependencies -emit-module -emit-module-path /Users/admin/builder/spi-builder-workspace/.derivedData/Build/Intermediates.noindex/APNGKit.build/Debug-watchos/APNGKit.build/Objects-normal/arm64/APNGKit.swiftmodule -validate-clang-modules-once -clang-build-session-file /Users/admin/builder/spi-builder-workspace/.derivedData/ModuleCache.noindex/Session.modulevalidation -package-name spi_builder_workspace -Xcc -I/Users/admin/builder/spi-builder-workspace/.derivedData/Build/Intermediates.noindex/APNGKit.build/Debug-watchos/APNGKit.build/swift-overrides.hmap -emit-const-values -Xfrontend -const-gather-protocols-file -Xfrontend /Users/admin/builder/spi-builder-workspace/.derivedData/Build/Intermediates.noindex/APNGKit.build/Debug-watchos/APNGKit.build/Objects-normal/arm64/APNGKit_const_extract_protocols.json -Xcc -I/Users/admin/builder/spi-builder-workspace/.derivedData/Build/Products/Debug-watchos/include -Xcc -I/Users/admin/builder/spi-builder-workspace/.derivedData/Build/Intermediates.noindex/APNGKit.build/Debug-watchos/APNGKit.build/DerivedSources-normal/arm64 -Xcc -I/Users/admin/builder/spi-builder-workspace/.derivedData/Build/Intermediates.noindex/APNGKit.build/Debug-watchos/APNGKit.build/DerivedSources/arm64 -Xcc -I/Users/admin/builder/spi-builder-workspace/.derivedData/Build/Intermediates.noindex/APNGKit.build/Debug-watchos/APNGKit.build/DerivedSources -Xcc -DSWIFT_PACKAGE -Xcc -DDEBUG\=1 -emit-objc-header -emit-objc-header-path /Users/admin/builder/spi-builder-workspace/.derivedData/Build/Intermediates.noindex/APNGKit.build/Debug-watchos/APNGKit.build/Objects-normal/arm64/APNGKit-Swift.h -working-directory /Users/admin/builder/spi-builder-workspace/.swiftpm/xcode -experimental-emit-module-separately -disable-cmo
SwiftDriver APNGKit normal armv7k com.apple.xcode.tools.swift.compiler (in target 'APNGKit' from project 'APNGKit')
cd /Users/admin/builder/spi-builder-workspace/.swiftpm/xcode
builtin-SwiftDriver -- /Applications/Xcode-16.3.0.app/Contents/Developer/Toolchains/XcodeDefault.xctoolchain/usr/bin/swiftc -module-name APNGKit -Onone -enforce-exclusivity\=checked @/Users/admin/builder/spi-builder-workspace/.derivedData/Build/Intermediates.noindex/APNGKit.build/Debug-watchos/APNGKit.build/Objects-normal/armv7k/APNGKit.SwiftFileList -DSWIFT_PACKAGE -DDEBUG -DXcode -plugin-path /Applications/Xcode-16.3.0.app/Contents/Developer/Toolchains/XcodeDefault.xctoolchain/usr/lib/swift/host/plugins/testing -enable-experimental-feature DebugDescriptionMacro -sdk /Applications/Xcode-16.3.0.app/Contents/Developer/Platforms/WatchOS.platform/Developer/SDKs/WatchOS11.4.sdk -target armv7k-apple-watchos5.0 -g -module-cache-path /Users/admin/builder/spi-builder-workspace/.derivedData/ModuleCache.noindex -Xfrontend -serialize-debugging-options -profile-coverage-mapping -profile-generate -enable-testing -index-store-path /Users/admin/builder/spi-builder-workspace/.derivedData/Index.noindex/DataStore -swift-version 5 -I /Users/admin/builder/spi-builder-workspace/.derivedData/Build/Products/Debug-watchos -I /Applications/Xcode-16.3.0.app/Contents/Developer/Platforms/WatchOS.platform/Developer/usr/lib -F /Users/admin/builder/spi-builder-workspace/.derivedData/Build/Products/Debug-watchos/PackageFrameworks -F /Users/admin/builder/spi-builder-workspace/.derivedData/Build/Products/Debug-watchos -F /Applications/Xcode-16.3.0.app/Contents/Developer/Platforms/WatchOS.platform/Developer/Library/Frameworks -F /Applications/Xcode-16.3.0.app/Contents/Developer/Platforms/WatchOS.platform/Developer/SDKs/WatchOS11.4.sdk/Developer/Library/Frameworks -c -j10 -enable-batch-mode -incremental -Xcc -ivfsstatcache -Xcc /Users/admin/builder/spi-builder-workspace/.derivedData/SDKStatCaches.noindex/watchos11.4-22T246-43efb940ff07ba2497b70ec94253f576.sdkstatcache -output-file-map /Users/admin/builder/spi-builder-workspace/.derivedData/Build/Intermediates.noindex/APNGKit.build/Debug-watchos/APNGKit.build/Objects-normal/armv7k/APNGKit-OutputFileMap.json -use-frontend-parseable-output -save-temps -no-color-diagnostics -serialize-diagnostics -emit-dependencies -emit-module -emit-module-path /Users/admin/builder/spi-builder-workspace/.derivedData/Build/Intermediates.noindex/APNGKit.build/Debug-watchos/APNGKit.build/Objects-normal/armv7k/APNGKit.swiftmodule -validate-clang-modules-once -clang-build-session-file /Users/admin/builder/spi-builder-workspace/.derivedData/ModuleCache.noindex/Session.modulevalidation -package-name spi_builder_workspace -Xcc -I/Users/admin/builder/spi-builder-workspace/.derivedData/Build/Intermediates.noindex/APNGKit.build/Debug-watchos/APNGKit.build/swift-overrides.hmap -emit-const-values -Xfrontend -const-gather-protocols-file -Xfrontend /Users/admin/builder/spi-builder-workspace/.derivedData/Build/Intermediates.noindex/APNGKit.build/Debug-watchos/APNGKit.build/Objects-normal/armv7k/APNGKit_const_extract_protocols.json -Xcc -I/Users/admin/builder/spi-builder-workspace/.derivedData/Build/Products/Debug-watchos/include -Xcc -I/Users/admin/builder/spi-builder-workspace/.derivedData/Build/Intermediates.noindex/APNGKit.build/Debug-watchos/APNGKit.build/DerivedSources-normal/armv7k -Xcc -I/Users/admin/builder/spi-builder-workspace/.derivedData/Build/Intermediates.noindex/APNGKit.build/Debug-watchos/APNGKit.build/DerivedSources/armv7k -Xcc -I/Users/admin/builder/spi-builder-workspace/.derivedData/Build/Intermediates.noindex/APNGKit.build/Debug-watchos/APNGKit.build/DerivedSources -Xcc -DSWIFT_PACKAGE -Xcc -DDEBUG\=1 -emit-objc-header -emit-objc-header-path /Users/admin/builder/spi-builder-workspace/.derivedData/Build/Intermediates.noindex/APNGKit.build/Debug-watchos/APNGKit.build/Objects-normal/armv7k/APNGKit-Swift.h -working-directory /Users/admin/builder/spi-builder-workspace/.swiftpm/xcode -experimental-emit-module-separately -disable-cmo
SwiftDriverJobDiscovery normal armv7k Compiling Delegate.swift (in target 'Delegate' from project 'Delegate')
SwiftDriver\ Compilation Delegate normal armv7k com.apple.xcode.tools.swift.compiler (in target 'Delegate' from project 'Delegate')
cd /Users/admin/builder/spi-builder-workspace/.swiftpm/xcode
builtin-Swift-Compilation -- /Applications/Xcode-16.3.0.app/Contents/Developer/Toolchains/XcodeDefault.xctoolchain/usr/bin/swiftc -module-name Delegate -Onone -enforce-exclusivity\=checked @/Users/admin/builder/spi-builder-workspace/.derivedData/Build/Intermediates.noindex/Delegate.build/Debug-watchos/Delegate.build/Objects-normal/armv7k/Delegate.SwiftFileList -DSWIFT_PACKAGE -DDEBUG -DXcode -plugin-path /Applications/Xcode-16.3.0.app/Contents/Developer/Toolchains/XcodeDefault.xctoolchain/usr/lib/swift/host/plugins/testing -enable-experimental-feature DebugDescriptionMacro -sdk /Applications/Xcode-16.3.0.app/Contents/Developer/Platforms/WatchOS.platform/Developer/SDKs/WatchOS11.4.sdk -target armv7k-apple-watchos5.0 -g -module-cache-path /Users/admin/builder/spi-builder-workspace/.derivedData/ModuleCache.noindex -Xfrontend -serialize-debugging-options -profile-coverage-mapping -profile-generate -enable-testing -suppress-warnings -index-store-path /Users/admin/builder/spi-builder-workspace/.derivedData/Index.noindex/DataStore -swift-version 5 -I /Users/admin/builder/spi-builder-workspace/.derivedData/Build/Products/Debug-watchos -I /Applications/Xcode-16.3.0.app/Contents/Developer/Platforms/WatchOS.platform/Developer/usr/lib -F /Users/admin/builder/spi-builder-workspace/.derivedData/Build/Products/Debug-watchos -F /Applications/Xcode-16.3.0.app/Contents/Developer/Platforms/WatchOS.platform/Developer/Library/Frameworks -F /Applications/Xcode-16.3.0.app/Contents/Developer/Platforms/WatchOS.platform/Developer/SDKs/WatchOS11.4.sdk/Developer/Library/Frameworks -parse-as-library -c -j10 -enable-batch-mode -incremental -Xcc -ivfsstatcache -Xcc /Users/admin/builder/spi-builder-workspace/.derivedData/SDKStatCaches.noindex/watchos11.4-22T246-43efb940ff07ba2497b70ec94253f576.sdkstatcache -output-file-map /Users/admin/builder/spi-builder-workspace/.derivedData/Build/Intermediates.noindex/Delegate.build/Debug-watchos/Delegate.build/Objects-normal/armv7k/Delegate-OutputFileMap.json -use-frontend-parseable-output -save-temps -no-color-diagnostics -serialize-diagnostics -emit-dependencies -emit-module -emit-module-path /Users/admin/builder/spi-builder-workspace/.derivedData/Build/Intermediates.noindex/Delegate.build/Debug-watchos/Delegate.build/Objects-normal/armv7k/Delegate.swiftmodule -validate-clang-modules-once -clang-build-session-file /Users/admin/builder/spi-builder-workspace/.derivedData/ModuleCache.noindex/Session.modulevalidation -Xcc -I/Users/admin/builder/spi-builder-workspace/.derivedData/Build/Intermediates.noindex/Delegate.build/Debug-watchos/Delegate.build/swift-overrides.hmap -emit-const-values -Xfrontend -const-gather-protocols-file -Xfrontend /Users/admin/builder/spi-builder-workspace/.derivedData/Build/Intermediates.noindex/Delegate.build/Debug-watchos/Delegate.build/Objects-normal/armv7k/Delegate_const_extract_protocols.json -Xcc -I/Users/admin/builder/spi-builder-workspace/.derivedData/Build/Products/Debug-watchos/include -Xcc -I/Users/admin/builder/spi-builder-workspace/.derivedData/Build/Intermediates.noindex/Delegate.build/Debug-watchos/Delegate.build/DerivedSources-normal/armv7k -Xcc -I/Users/admin/builder/spi-builder-workspace/.derivedData/Build/Intermediates.noindex/Delegate.build/Debug-watchos/Delegate.build/DerivedSources/armv7k -Xcc -I/Users/admin/builder/spi-builder-workspace/.derivedData/Build/Intermediates.noindex/Delegate.build/Debug-watchos/Delegate.build/DerivedSources -Xcc -DSWIFT_PACKAGE -Xcc -DDEBUG\=1 -emit-objc-header -emit-objc-header-path /Users/admin/builder/spi-builder-workspace/.derivedData/Build/Intermediates.noindex/Delegate.build/Debug-watchos/Delegate.build/Objects-normal/armv7k/Delegate-Swift.h -working-directory /Users/admin/builder/spi-builder-workspace/.swiftpm/xcode -experimental-emit-module-separately -disable-cmo
SwiftDriverJobDiscovery normal arm64 Compiling Delegate.swift (in target 'Delegate' from project 'Delegate')
SwiftDriverJobDiscovery normal arm64_32 Compiling Delegate.swift (in target 'Delegate' from project 'Delegate')
SwiftDriver\ Compilation Delegate normal arm64_32 com.apple.xcode.tools.swift.compiler (in target 'Delegate' from project 'Delegate')
cd /Users/admin/builder/spi-builder-workspace/.swiftpm/xcode
builtin-Swift-Compilation -- /Applications/Xcode-16.3.0.app/Contents/Developer/Toolchains/XcodeDefault.xctoolchain/usr/bin/swiftc -module-name Delegate -Onone -enforce-exclusivity\=checked @/Users/admin/builder/spi-builder-workspace/.derivedData/Build/Intermediates.noindex/Delegate.build/Debug-watchos/Delegate.build/Objects-normal/arm64_32/Delegate.SwiftFileList -DSWIFT_PACKAGE -DDEBUG -DXcode -plugin-path /Applications/Xcode-16.3.0.app/Contents/Developer/Toolchains/XcodeDefault.xctoolchain/usr/lib/swift/host/plugins/testing -enable-experimental-feature DebugDescriptionMacro -sdk /Applications/Xcode-16.3.0.app/Contents/Developer/Platforms/WatchOS.platform/Developer/SDKs/WatchOS11.4.sdk -target arm64_32-apple-watchos5.0 -g -module-cache-path /Users/admin/builder/spi-builder-workspace/.derivedData/ModuleCache.noindex -Xfrontend -serialize-debugging-options -profile-coverage-mapping -profile-generate -enable-testing -suppress-warnings -index-store-path /Users/admin/builder/spi-builder-workspace/.derivedData/Index.noindex/DataStore -swift-version 5 -I /Users/admin/builder/spi-builder-workspace/.derivedData/Build/Products/Debug-watchos -I /Applications/Xcode-16.3.0.app/Contents/Developer/Platforms/WatchOS.platform/Developer/usr/lib -F /Users/admin/builder/spi-builder-workspace/.derivedData/Build/Products/Debug-watchos -F /Applications/Xcode-16.3.0.app/Contents/Developer/Platforms/WatchOS.platform/Developer/Library/Frameworks -F /Applications/Xcode-16.3.0.app/Contents/Developer/Platforms/WatchOS.platform/Developer/SDKs/WatchOS11.4.sdk/Developer/Library/Frameworks -parse-as-library -c -j10 -enable-batch-mode -incremental -Xcc -ivfsstatcache -Xcc /Users/admin/builder/spi-builder-workspace/.derivedData/SDKStatCaches.noindex/watchos11.4-22T246-43efb940ff07ba2497b70ec94253f576.sdkstatcache -output-file-map /Users/admin/builder/spi-builder-workspace/.derivedData/Build/Intermediates.noindex/Delegate.build/Debug-watchos/Delegate.build/Objects-normal/arm64_32/Delegate-OutputFileMap.json -use-frontend-parseable-output -save-temps -no-color-diagnostics -serialize-diagnostics -emit-dependencies -emit-module -emit-module-path /Users/admin/builder/spi-builder-workspace/.derivedData/Build/Intermediates.noindex/Delegate.build/Debug-watchos/Delegate.build/Objects-normal/arm64_32/Delegate.swiftmodule -validate-clang-modules-once -clang-build-session-file /Users/admin/builder/spi-builder-workspace/.derivedData/ModuleCache.noindex/Session.modulevalidation -Xcc -I/Users/admin/builder/spi-builder-workspace/.derivedData/Build/Intermediates.noindex/Delegate.build/Debug-watchos/Delegate.build/swift-overrides.hmap -emit-const-values -Xfrontend -const-gather-protocols-file -Xfrontend /Users/admin/builder/spi-builder-workspace/.derivedData/Build/Intermediates.noindex/Delegate.build/Debug-watchos/Delegate.build/Objects-normal/arm64_32/Delegate_const_extract_protocols.json -Xcc -I/Users/admin/builder/spi-builder-workspace/.derivedData/Build/Products/Debug-watchos/include -Xcc -I/Users/admin/builder/spi-builder-workspace/.derivedData/Build/Intermediates.noindex/Delegate.build/Debug-watchos/Delegate.build/DerivedSources-normal/arm64_32 -Xcc -I/Users/admin/builder/spi-builder-workspace/.derivedData/Build/Intermediates.noindex/Delegate.build/Debug-watchos/Delegate.build/DerivedSources/arm64_32 -Xcc -I/Users/admin/builder/spi-builder-workspace/.derivedData/Build/Intermediates.noindex/Delegate.build/Debug-watchos/Delegate.build/DerivedSources -Xcc -DSWIFT_PACKAGE -Xcc -DDEBUG\=1 -emit-objc-header -emit-objc-header-path /Users/admin/builder/spi-builder-workspace/.derivedData/Build/Intermediates.noindex/Delegate.build/Debug-watchos/Delegate.build/Objects-normal/arm64_32/Delegate-Swift.h -working-directory /Users/admin/builder/spi-builder-workspace/.swiftpm/xcode -experimental-emit-module-separately -disable-cmo
SwiftDriver\ Compilation Delegate normal arm64 com.apple.xcode.tools.swift.compiler (in target 'Delegate' from project 'Delegate')
cd /Users/admin/builder/spi-builder-workspace/.swiftpm/xcode
builtin-Swift-Compilation -- /Applications/Xcode-16.3.0.app/Contents/Developer/Toolchains/XcodeDefault.xctoolchain/usr/bin/swiftc -module-name Delegate -Onone -enforce-exclusivity\=checked @/Users/admin/builder/spi-builder-workspace/.derivedData/Build/Intermediates.noindex/Delegate.build/Debug-watchos/Delegate.build/Objects-normal/arm64/Delegate.SwiftFileList -DSWIFT_PACKAGE -DDEBUG -DXcode -plugin-path /Applications/Xcode-16.3.0.app/Contents/Developer/Toolchains/XcodeDefault.xctoolchain/usr/lib/swift/host/plugins/testing -enable-experimental-feature DebugDescriptionMacro -sdk /Applications/Xcode-16.3.0.app/Contents/Developer/Platforms/WatchOS.platform/Developer/SDKs/WatchOS11.4.sdk -target arm64-apple-watchos5.0 -g -module-cache-path /Users/admin/builder/spi-builder-workspace/.derivedData/ModuleCache.noindex -Xfrontend -serialize-debugging-options -profile-coverage-mapping -profile-generate -enable-testing -suppress-warnings -index-store-path /Users/admin/builder/spi-builder-workspace/.derivedData/Index.noindex/DataStore -swift-version 5 -I /Users/admin/builder/spi-builder-workspace/.derivedData/Build/Products/Debug-watchos -I /Applications/Xcode-16.3.0.app/Contents/Developer/Platforms/WatchOS.platform/Developer/usr/lib -F /Users/admin/builder/spi-builder-workspace/.derivedData/Build/Products/Debug-watchos -F /Applications/Xcode-16.3.0.app/Contents/Developer/Platforms/WatchOS.platform/Developer/Library/Frameworks -F /Applications/Xcode-16.3.0.app/Contents/Developer/Platforms/WatchOS.platform/Developer/SDKs/WatchOS11.4.sdk/Developer/Library/Frameworks -parse-as-library -c -j10 -enable-batch-mode -incremental -Xcc -ivfsstatcache -Xcc /Users/admin/builder/spi-builder-workspace/.derivedData/SDKStatCaches.noindex/watchos11.4-22T246-43efb940ff07ba2497b70ec94253f576.sdkstatcache -output-file-map /Users/admin/builder/spi-builder-workspace/.derivedData/Build/Intermediates.noindex/Delegate.build/Debug-watchos/Delegate.build/Objects-normal/arm64/Delegate-OutputFileMap.json -use-frontend-parseable-output -save-temps -no-color-diagnostics -serialize-diagnostics -emit-dependencies -emit-module -emit-module-path /Users/admin/builder/spi-builder-workspace/.derivedData/Build/Intermediates.noindex/Delegate.build/Debug-watchos/Delegate.build/Objects-normal/arm64/Delegate.swiftmodule -validate-clang-modules-once -clang-build-session-file /Users/admin/builder/spi-builder-workspace/.derivedData/ModuleCache.noindex/Session.modulevalidation -Xcc -I/Users/admin/builder/spi-builder-workspace/.derivedData/Build/Intermediates.noindex/Delegate.build/Debug-watchos/Delegate.build/swift-overrides.hmap -emit-const-values -Xfrontend -const-gather-protocols-file -Xfrontend /Users/admin/builder/spi-builder-workspace/.derivedData/Build/Intermediates.noindex/Delegate.build/Debug-watchos/Delegate.build/Objects-normal/arm64/Delegate_const_extract_protocols.json -Xcc -I/Users/admin/builder/spi-builder-workspace/.derivedData/Build/Products/Debug-watchos/include -Xcc -I/Users/admin/builder/spi-builder-workspace/.derivedData/Build/Intermediates.noindex/Delegate.build/Debug-watchos/Delegate.build/DerivedSources-normal/arm64 -Xcc -I/Users/admin/builder/spi-builder-workspace/.derivedData/Build/Intermediates.noindex/Delegate.build/Debug-watchos/Delegate.build/DerivedSources/arm64 -Xcc -I/Users/admin/builder/spi-builder-workspace/.derivedData/Build/Intermediates.noindex/Delegate.build/Debug-watchos/Delegate.build/DerivedSources -Xcc -DSWIFT_PACKAGE -Xcc -DDEBUG\=1 -emit-objc-header -emit-objc-header-path /Users/admin/builder/spi-builder-workspace/.derivedData/Build/Intermediates.noindex/Delegate.build/Debug-watchos/Delegate.build/Objects-normal/arm64/Delegate-Swift.h -working-directory /Users/admin/builder/spi-builder-workspace/.swiftpm/xcode -experimental-emit-module-separately -disable-cmo
Ld /Users/admin/builder/spi-builder-workspace/.derivedData/Build/Intermediates.noindex/Delegate.build/Debug-watchos/Delegate.build/Objects-normal/armv7k/Binary/Delegate.o normal armv7k (in target 'Delegate' from project 'Delegate')
cd /Users/admin/builder/spi-builder-workspace/.dependencies/checkouts/Delegate
/Applications/Xcode-16.3.0.app/Contents/Developer/Toolchains/XcodeDefault.xctoolchain/usr/bin/clang -Xlinker -reproducible -target armv7k-apple-watchos5.0 -r -isysroot /Applications/Xcode-16.3.0.app/Contents/Developer/Platforms/WatchOS.platform/Developer/SDKs/WatchOS11.4.sdk -O0 -w -L/Users/admin/builder/spi-builder-workspace/.derivedData/Build/Intermediates.noindex/EagerLinkingTBDs/Debug-watchos -L/Users/admin/builder/spi-builder-workspace/.derivedData/Build/Products/Debug-watchos -L/Applications/Xcode-16.3.0.app/Contents/Developer/Platforms/WatchOS.platform/Developer/usr/lib -F/Users/admin/builder/spi-builder-workspace/.derivedData/Build/Intermediates.noindex/EagerLinkingTBDs/Debug-watchos -F/Users/admin/builder/spi-builder-workspace/.derivedData/Build/Products/Debug-watchos -iframework /Applications/Xcode-16.3.0.app/Contents/Developer/Platforms/WatchOS.platform/Developer/Library/Frameworks -iframework /Applications/Xcode-16.3.0.app/Contents/Developer/Platforms/WatchOS.platform/Developer/SDKs/WatchOS11.4.sdk/Developer/Library/Frameworks -filelist /Users/admin/builder/spi-builder-workspace/.derivedData/Build/Intermediates.noindex/Delegate.build/Debug-watchos/Delegate.build/Objects-normal/armv7k/Delegate.LinkFileList -nostdlib -Xlinker -object_path_lto -Xlinker /Users/admin/builder/spi-builder-workspace/.derivedData/Build/Intermediates.noindex/Delegate.build/Debug-watchos/Delegate.build/Objects-normal/armv7k/Delegate_lto.o -rdynamic -Xlinker -no_deduplicate -Xlinker -debug_variant -Xlinker -dependency_info -Xlinker /Users/admin/builder/spi-builder-workspace/.derivedData/Build/Intermediates.noindex/Delegate.build/Debug-watchos/Delegate.build/Objects-normal/armv7k/Delegate_dependency_info.dat -fobjc-link-runtime -L/Applications/Xcode-16.3.0.app/Contents/Developer/Toolchains/XcodeDefault.xctoolchain/usr/lib/swift/watchos -L/usr/lib/swift -Xlinker -add_ast_path -Xlinker /Users/admin/builder/spi-builder-workspace/.derivedData/Build/Intermediates.noindex/Delegate.build/Debug-watchos/Delegate.build/Objects-normal/armv7k/Delegate.swiftmodule -o /Users/admin/builder/spi-builder-workspace/.derivedData/Build/Intermediates.noindex/Delegate.build/Debug-watchos/Delegate.build/Objects-normal/armv7k/Binary/Delegate.o
SwiftEmitModule normal armv7k Emitting\ module\ for\ APNGKit (in target 'APNGKit' from project 'APNGKit')
EmitSwiftModule normal armv7k (in target 'APNGKit' from project 'APNGKit')
cd /Users/admin/builder/spi-builder-workspace/.swiftpm/xcode
/Users/admin/builder/spi-builder-workspace/Source/APNGKit/APNGImageView.swift:117:21: error: initializer does not override a designated initializer from its superclass
public override init(frame: CGRect) {
~~~~~~~~ ^
/Users/admin/builder/spi-builder-workspace/Source/APNGKit/APNGImageView.swift:128:23: error: property does not override any property from its superclass
open override var intrinsicContentSize: CGSize {
~~~~~~~~ ^
/Users/admin/builder/spi-builder-workspace/Source/APNGKit/APNGImageView.swift:176:13: error: cannot find 'backingLayer' in scope
backingLayer.contentsScale = targetScale
^~~~~~~~~~~~
/Users/admin/builder/spi-builder-workspace/Source/APNGKit/APNGImageView.swift:177:13: error: cannot find 'backingLayer' in scope
backingLayer.contents = staticImage?.layerContents(forContentsScale: targetScale)
^~~~~~~~~~~~
/Users/admin/builder/spi-builder-workspace/Source/APNGKit/CrossPlatform.swift:13:33: error: cannot find type 'UIView' in scope
public typealias PlatformView = UIView
^~~~~~
/Applications/Xcode-16.3.0.app/Contents/Developer/Platforms/WatchOS.platform/Developer/SDKs/WatchOS11.4.sdk/System/Library/Frameworks/UIKit.framework/Headers/NSTextAttachment.h:23:1: note: interface 'UIView' forward declared here
@class UIView;
^
/Users/admin/builder/spi-builder-workspace/Source/APNGKit/CrossPlatform.swift:24:45: error: cannot find 'UIApplication' in scope
static var applicationDidBecomeActive = UIApplication.didBecomeActiveNotification
^~~~~~~~~~~~~
/Users/admin/builder/spi-builder-workspace/Source/APNGKit/CrossPlatform.swift:27:11: error: cannot find type 'UIView' in scope
extension UIView {
^~~~~~
/Applications/Xcode-16.3.0.app/Contents/Developer/Platforms/WatchOS.platform/Developer/SDKs/WatchOS11.4.sdk/System/Library/Frameworks/UIKit.framework/Headers/NSTextAttachment.h:23:1: note: interface 'UIView' forward declared here
@class UIView;
^
/Users/admin/builder/spi-builder-workspace/Source/APNGKit/DisplayTimer.swift:48:30: error: 'CADisplayLink' is unavailable in watchOS
private var displayLink: CADisplayLink!
^~~~~~~~~~~~~
/Applications/Xcode-16.3.0.app/Contents/Developer/Platforms/WatchOS.platform/Developer/SDKs/WatchOS11.4.sdk/System/Library/Frameworks/QuartzCore.framework/Headers/CADisplayLink.h:21:12: note: 'CADisplayLink' has been explicitly marked unavailable here
@interface CADisplayLink : NSObject
^
/Users/admin/builder/spi-builder-workspace/Source/APNGKit/DisplayTimer.swift:60:42: error: 'CADisplayLink' is unavailable in watchOS
@objc private func step(displayLink: CADisplayLink) {
^~~~~~~~~~~~~
/Applications/Xcode-16.3.0.app/Contents/Developer/Platforms/WatchOS.platform/Developer/SDKs/WatchOS11.4.sdk/System/Library/Frameworks/QuartzCore.framework/Headers/CADisplayLink.h:21:12: note: 'CADisplayLink' has been explicitly marked unavailable here
@interface CADisplayLink : NSObject
^
Failed frontend command:
/Applications/Xcode-16.3.0.app/Contents/Developer/Toolchains/XcodeDefault.xctoolchain/usr/bin/swift-frontend -frontend -emit-module -experimental-skip-non-inlinable-function-bodies-without-types /Users/admin/builder/spi-builder-workspace/.derivedData/Build/Intermediates.noindex/APNGKit.build/Debug-watchos/APNGKit.build/DerivedSources/resource_bundle_accessor.swift /Users/admin/builder/spi-builder-workspace/Source/APNGKit/APNGDecoder.swift /Users/admin/builder/spi-builder-workspace/Source/APNGKit/APNGImage.DecodingOptions.swift /Users/admin/builder/spi-builder-workspace/Source/APNGKit/APNGImage.swift /Users/admin/builder/spi-builder-workspace/Source/APNGKit/APNGImageRenderer.swift /Users/admin/builder/spi-builder-workspace/Source/APNGKit/APNGImageView.swift /Users/admin/builder/spi-builder-workspace/Source/APNGKit/APNGKitError.swift /Users/admin/builder/spi-builder-workspace/Source/APNGKit/Chunk.swift /Users/admin/builder/spi-builder-workspace/Source/APNGKit/CrossPlatform.swift /Users/admin/builder/spi-builder-workspace/Source/APNGKit/DisplayTimer.swift /Users/admin/builder/spi-builder-workspace/Source/APNGKit/Extensions.swift /Users/admin/builder/spi-builder-workspace/Source/APNGKit/LogLevel.swift /Users/admin/builder/spi-builder-workspace/Source/APNGKit/Reader.swift -target armv7k-apple-watchos5.0 -enable-objc-interop -sdk /Applications/Xcode-16.3.0.app/Contents/Developer/Platforms/WatchOS.platform/Developer/SDKs/WatchOS11.4.sdk -I /Users/admin/builder/spi-builder-workspace/.derivedData/Build/Products/Debug-watchos -I /Applications/Xcode-16.3.0.app/Contents/Developer/Platforms/WatchOS.platform/Developer/usr/lib -F /Users/admin/builder/spi-builder-workspace/.derivedData/Build/Products/Debug-watchos/PackageFrameworks -F /Users/admin/builder/spi-builder-workspace/.derivedData/Build/Products/Debug-watchos -F /Applications/Xcode-16.3.0.app/Contents/Developer/Platforms/WatchOS.platform/Developer/Library/Frameworks -F /Applications/Xcode-16.3.0.app/Contents/Developer/Platforms/WatchOS.platform/Developer/SDKs/WatchOS11.4.sdk/Developer/Library/Frameworks -no-color-diagnostics -enable-testing -g -debug-info-format\=dwarf -dwarf-version\=4 -module-cache-path /Users/admin/builder/spi-builder-workspace/.derivedData/ModuleCache.noindex -profile-generate -profile-coverage-mapping -swift-version 5 -enforce-exclusivity\=checked -Onone -D SWIFT_PACKAGE -D DEBUG -D Xcode -serialize-debugging-options -const-gather-protocols-file /Users/admin/builder/spi-builder-workspace/.derivedData/Build/Intermediates.noindex/APNGKit.build/Debug-watchos/APNGKit.build/Objects-normal/armv7k/APNGKit_const_extract_protocols.json -enable-experimental-feature DebugDescriptionMacro -empty-abi-descriptor -plugin-path /Applications/Xcode-16.3.0.app/Contents/Developer/Toolchains/XcodeDefault.xctoolchain/usr/lib/swift/host/plugins/testing -validate-clang-modules-once -clang-build-session-file /Users/admin/builder/spi-builder-workspace/.derivedData/ModuleCache.noindex/Session.modulevalidation -Xcc -working-directory -Xcc /Users/admin/builder/spi-builder-workspace/.swiftpm/xcode -resource-dir /Applications/Xcode-16.3.0.app/Contents/Developer/Toolchains/XcodeDefault.xctoolchain/usr/lib/swift -enable-anonymous-context-mangled-names -file-compilation-dir /Users/admin/builder/spi-builder-workspace/.swiftpm/xcode -Xcc -ivfsstatcache -Xcc /Users/admin/builder/spi-builder-workspace/.derivedData/SDKStatCaches.noindex/watchos11.4-22T246-43efb940ff07ba2497b70ec94253f576.sdkstatcache -Xcc -I/Users/admin/builder/spi-builder-workspace/.derivedData/Build/Intermediates.noindex/APNGKit.build/Debug-watchos/APNGKit.build/swift-overrides.hmap -Xcc -I/Users/admin/builder/spi-builder-workspace/.derivedData/Build/Products/Debug-watchos/include -Xcc -I/Users/admin/builder/spi-builder-workspace/.derivedData/Build/Intermediates.noindex/APNGKit.build/Debug-watchos/APNGKit.build/DerivedSources-normal/armv7k -Xcc -I/Users/admin/builder/spi-builder-workspace/.derivedData/Build/Intermediates.noindex/APNGKit.build/Debug-watchos/APNGKit.build/DerivedSources/armv7k -Xcc -I/Users/admin/builder/spi-builder-workspace/.derivedData/Build/Intermediates.noindex/APNGKit.build/Debug-watchos/APNGKit.build/DerivedSources -Xcc -DSWIFT_PACKAGE -Xcc -DDEBUG\=1 -module-name APNGKit -package-name spi_builder_workspace -frontend-parseable-output -disable-clang-spi -target-sdk-version 11.4 -target-sdk-name watchos11.4 -external-plugin-path /Applications/Xcode-16.3.0.app/Contents/Developer/Platforms/WatchOS.platform/Developer/usr/lib/swift/host/plugins\#/Applications/Xcode-16.3.0.app/Contents/Developer/Platforms/WatchOS.platform/Developer/usr/bin/swift-plugin-server -external-plugin-path /Applications/Xcode-16.3.0.app/Contents/Developer/Platforms/WatchOS.platform/Developer/usr/local/lib/swift/host/plugins\#/Applications/Xcode-16.3.0.app/Contents/Developer/Platforms/WatchOS.platform/Developer/usr/bin/swift-plugin-server -in-process-plugin-server-path /Applications/Xcode-16.3.0.app/Contents/Developer/Toolchains/XcodeDefault.xctoolchain/usr/lib/swift/host/libSwiftInProcPluginServer.dylib -plugin-path /Applications/Xcode-16.3.0.app/Contents/Developer/Toolchains/XcodeDefault.xctoolchain/usr/lib/swift/host/plugins -plugin-path /Applications/Xcode-16.3.0.app/Contents/Developer/Toolchains/XcodeDefault.xctoolchain/usr/local/lib/swift/host/plugins -emit-module-doc-path /Users/admin/builder/spi-builder-workspace/.derivedData/Build/Intermediates.noindex/APNGKit.build/Debug-watchos/APNGKit.build/Objects-normal/armv7k/APNGKit.swiftdoc -emit-module-source-info-path /Users/admin/builder/spi-builder-workspace/.derivedData/Build/Intermediates.noindex/APNGKit.build/Debug-watchos/APNGKit.build/Objects-normal/armv7k/APNGKit.swiftsourceinfo -emit-objc-header-path /Users/admin/builder/spi-builder-workspace/.derivedData/Build/Intermediates.noindex/APNGKit.build/Debug-watchos/APNGKit.build/Objects-normal/armv7k/APNGKit-Swift.h -serialize-diagnostics-path /Users/admin/builder/spi-builder-workspace/.derivedData/Build/Intermediates.noindex/APNGKit.build/Debug-watchos/APNGKit.build/Objects-normal/armv7k/APNGKit-master-emit-module.dia -emit-dependencies-path /Users/admin/builder/spi-builder-workspace/.derivedData/Build/Intermediates.noindex/APNGKit.build/Debug-watchos/APNGKit.build/Objects-normal/armv7k/APNGKit-master-emit-module.d -o /Users/admin/builder/spi-builder-workspace/.derivedData/Build/Intermediates.noindex/APNGKit.build/Debug-watchos/APNGKit.build/Objects-normal/armv7k/APNGKit.swiftmodule -emit-abi-descriptor-path /Users/admin/builder/spi-builder-workspace/.derivedData/Build/Intermediates.noindex/APNGKit.build/Debug-watchos/APNGKit.build/Objects-normal/armv7k/APNGKit.abi.json
SwiftCompile normal armv7k Compiling\ APNGImage.DecodingOptions.swift,\ APNGImage.swift /Users/admin/builder/spi-builder-workspace/Source/APNGKit/APNGImage.DecodingOptions.swift /Users/admin/builder/spi-builder-workspace/Source/APNGKit/APNGImage.swift (in target 'APNGKit' from project 'APNGKit')
SwiftCompile normal armv7k /Users/admin/builder/spi-builder-workspace/Source/APNGKit/APNGImage.DecodingOptions.swift (in target 'APNGKit' from project 'APNGKit')
cd /Users/admin/builder/spi-builder-workspace/.swiftpm/xcode
SwiftCompile normal armv7k /Users/admin/builder/spi-builder-workspace/Source/APNGKit/APNGImage.swift (in target 'APNGKit' from project 'APNGKit')
cd /Users/admin/builder/spi-builder-workspace/.swiftpm/xcode
SwiftCompile normal armv7k Compiling\ APNGImageRenderer.swift,\ APNGImageView.swift /Users/admin/builder/spi-builder-workspace/Source/APNGKit/APNGImageRenderer.swift /Users/admin/builder/spi-builder-workspace/Source/APNGKit/APNGImageView.swift (in target 'APNGKit' from project 'APNGKit')
SwiftCompile normal armv7k /Users/admin/builder/spi-builder-workspace/Source/APNGKit/APNGImageRenderer.swift (in target 'APNGKit' from project 'APNGKit')
cd /Users/admin/builder/spi-builder-workspace/.swiftpm/xcode
SwiftCompile normal armv7k /Users/admin/builder/spi-builder-workspace/Source/APNGKit/APNGImageView.swift (in target 'APNGKit' from project 'APNGKit')
cd /Users/admin/builder/spi-builder-workspace/.swiftpm/xcode
SwiftEmitModule normal arm64_32 Emitting\ module\ for\ APNGKit (in target 'APNGKit' from project 'APNGKit')
EmitSwiftModule normal arm64_32 (in target 'APNGKit' from project 'APNGKit')
cd /Users/admin/builder/spi-builder-workspace/.swiftpm/xcode
SwiftEmitModule normal arm64 Emitting\ module\ for\ APNGKit (in target 'APNGKit' from project 'APNGKit')
EmitSwiftModule normal arm64 (in target 'APNGKit' from project 'APNGKit')
cd /Users/admin/builder/spi-builder-workspace/.swiftpm/xcode
SwiftCompile normal arm64 Compiling\ APNGImage.DecodingOptions.swift,\ APNGImage.swift /Users/admin/builder/spi-builder-workspace/Source/APNGKit/APNGImage.DecodingOptions.swift /Users/admin/builder/spi-builder-workspace/Source/APNGKit/APNGImage.swift (in target 'APNGKit' from project 'APNGKit')
SwiftCompile normal arm64 /Users/admin/builder/spi-builder-workspace/Source/APNGKit/APNGImage.DecodingOptions.swift (in target 'APNGKit' from project 'APNGKit')
cd /Users/admin/builder/spi-builder-workspace/.swiftpm/xcode
SwiftCompile normal arm64 /Users/admin/builder/spi-builder-workspace/Source/APNGKit/APNGImage.swift (in target 'APNGKit' from project 'APNGKit')
cd /Users/admin/builder/spi-builder-workspace/.swiftpm/xcode
SwiftCompile normal arm64 Compiling\ APNGKitError.swift /Users/admin/builder/spi-builder-workspace/Source/APNGKit/APNGKitError.swift (in target 'APNGKit' from project 'APNGKit')
SwiftCompile normal arm64 /Users/admin/builder/spi-builder-workspace/Source/APNGKit/APNGKitError.swift (in target 'APNGKit' from project 'APNGKit')
cd /Users/admin/builder/spi-builder-workspace/.swiftpm/xcode
SwiftCompile normal armv7k Compiling\ Reader.swift /Users/admin/builder/spi-builder-workspace/Source/APNGKit/Reader.swift (in target 'APNGKit' from project 'APNGKit')
SwiftCompile normal armv7k /Users/admin/builder/spi-builder-workspace/Source/APNGKit/Reader.swift (in target 'APNGKit' from project 'APNGKit')
cd /Users/admin/builder/spi-builder-workspace/.swiftpm/xcode
SwiftCompile normal armv7k Compiling\ Chunk.swift /Users/admin/builder/spi-builder-workspace/Source/APNGKit/Chunk.swift (in target 'APNGKit' from project 'APNGKit')
SwiftCompile normal armv7k /Users/admin/builder/spi-builder-workspace/Source/APNGKit/Chunk.swift (in target 'APNGKit' from project 'APNGKit')
cd /Users/admin/builder/spi-builder-workspace/.swiftpm/xcode
CreateUniversalBinary /Users/admin/builder/spi-builder-workspace/.derivedData/Build/Products/Debug-watchos/Delegate.o normal arm64\ armv7k\ arm64_32 (in target 'Delegate' from project 'Delegate')
cd /Users/admin/builder/spi-builder-workspace/.dependencies/checkouts/Delegate
/Applications/Xcode-16.3.0.app/Contents/Developer/Toolchains/XcodeDefault.xctoolchain/usr/bin/lipo -create /Users/admin/builder/spi-builder-workspace/.derivedData/Build/Intermediates.noindex/Delegate.build/Debug-watchos/Delegate.build/Objects-normal/arm64/Binary/Delegate.o /Users/admin/builder/spi-builder-workspace/.derivedData/Build/Intermediates.noindex/Delegate.build/Debug-watchos/Delegate.build/Objects-normal/armv7k/Binary/Delegate.o /Users/admin/builder/spi-builder-workspace/.derivedData/Build/Intermediates.noindex/Delegate.build/Debug-watchos/Delegate.build/Objects-normal/arm64_32/Binary/Delegate.o -output /Users/admin/builder/spi-builder-workspace/.derivedData/Build/Products/Debug-watchos/Delegate.o
SwiftCompile normal arm64_32 Compiling\ CrossPlatform.swift /Users/admin/builder/spi-builder-workspace/Source/APNGKit/CrossPlatform.swift (in target 'APNGKit' from project 'APNGKit')
SwiftCompile normal arm64_32 /Users/admin/builder/spi-builder-workspace/Source/APNGKit/CrossPlatform.swift (in target 'APNGKit' from project 'APNGKit')
cd /Users/admin/builder/spi-builder-workspace/.swiftpm/xcode
SwiftCompile normal arm64 Compiling\ APNGImageRenderer.swift,\ APNGImageView.swift /Users/admin/builder/spi-builder-workspace/Source/APNGKit/APNGImageRenderer.swift /Users/admin/builder/spi-builder-workspace/Source/APNGKit/APNGImageView.swift (in target 'APNGKit' from project 'APNGKit')
Command SwiftCompile failed with a nonzero exit code
** BUILD FAILED **
The following build commands failed:
EmitSwiftModule normal armv7k (in target 'APNGKit' from project 'APNGKit')
SwiftEmitModule normal armv7k Emitting\ module\ for\ APNGKit (in target 'APNGKit' from project 'APNGKit')
SwiftCompile normal arm64 Compiling\ APNGImageRenderer.swift,\ APNGImageView.swift /Users/admin/builder/spi-builder-workspace/Source/APNGKit/APNGImageRenderer.swift /Users/admin/builder/spi-builder-workspace/Source/APNGKit/APNGImageView.swift (in target 'APNGKit' from project 'APNGKit')
Building workspace spi-builder-workspace with scheme APNGKit
(4 failures)
BUILD FAILURE 6.1 watchOS