The Swift Package Index logo.Swift Package Index

Build Information

Failed to build DewdropService, reference main (b84a7c), with Swift 6.4 for watchOS using Xcode 27.0 on 22 Sep 2026 08:17:02 UTC.

Build Command

env DEVELOPER_DIR=/Applications/Xcode-27.0.0-Release.Candidate.app xcrun xcodebuild -IDEClonedSourcePackagesDirPathOverride=$PWD/.dependencies -skipMacroValidation -skipPackagePluginValidation -derivedDataPath $PWD/.derivedData build -scheme DewdropService -destination generic/platform=watchOS

Build Log

    cd /Users/admin/builder/spi-builder-workspace/.swiftpm/xcode
    builtin-SwiftPerFileCompile Cache.swift
SwiftCompile normal arm64 Compiling\ Filter.swift,\ Color.swift,\ Content.swift,\ Highlight.swift,\ Count.swift /Users/admin/builder/spi-builder-workspace/.dependencies/checkouts/Dewdrop/Sources/Dewdrop/Filter/Filter.swift /Users/admin/builder/spi-builder-workspace/.dependencies/checkouts/Dewdrop/Sources/Dewdrop/Highlight/Color.swift /Users/admin/builder/spi-builder-workspace/.dependencies/checkouts/Dewdrop/Sources/Dewdrop/Highlight/Content.swift /Users/admin/builder/spi-builder-workspace/.dependencies/checkouts/Dewdrop/Sources/Dewdrop/Highlight/Highlight.swift /Users/admin/builder/spi-builder-workspace/.dependencies/checkouts/Dewdrop/Sources/Dewdrop/Import/Count.swift (in target 'Dewdrop' from project 'Dewdrop')
SwiftCompile normal arm64 /Users/admin/builder/spi-builder-workspace/.dependencies/checkouts/Dewdrop/Sources/Dewdrop/Filter/Filter.swift (in target 'Dewdrop' from project 'Dewdrop')
    cd /Users/admin/builder/spi-builder-workspace/.swiftpm/xcode
    builtin-SwiftPerFileCompile Filter.swift
SwiftCompile normal arm64 /Users/admin/builder/spi-builder-workspace/.dependencies/checkouts/Dewdrop/Sources/Dewdrop/Highlight/Color.swift (in target 'Dewdrop' from project 'Dewdrop')
    cd /Users/admin/builder/spi-builder-workspace/.swiftpm/xcode
    builtin-SwiftPerFileCompile Color.swift
SwiftCompile normal arm64 /Users/admin/builder/spi-builder-workspace/.dependencies/checkouts/Dewdrop/Sources/Dewdrop/Highlight/Content.swift (in target 'Dewdrop' from project 'Dewdrop')
    cd /Users/admin/builder/spi-builder-workspace/.swiftpm/xcode
    builtin-SwiftPerFileCompile Content.swift
SwiftCompile normal arm64 /Users/admin/builder/spi-builder-workspace/.dependencies/checkouts/Dewdrop/Sources/Dewdrop/Highlight/Highlight.swift (in target 'Dewdrop' from project 'Dewdrop')
    cd /Users/admin/builder/spi-builder-workspace/.swiftpm/xcode
    builtin-SwiftPerFileCompile Highlight.swift
SwiftCompile normal arm64 /Users/admin/builder/spi-builder-workspace/.dependencies/checkouts/Dewdrop/Sources/Dewdrop/Import/Count.swift (in target 'Dewdrop' from project 'Dewdrop')
    cd /Users/admin/builder/spi-builder-workspace/.swiftpm/xcode
    builtin-SwiftPerFileCompile Count.swift
SwiftEmitModule normal arm64_32 Emitting\ module\ for\ Dewdrop (in target 'Dewdrop' from project 'Dewdrop')
SwiftCompile normal arm64_32 (in target 'Dewdrop' from project 'Dewdrop')
    cd /Users/admin/builder/spi-builder-workspace/.swiftpm/xcode

SwiftDriverJobDiscovery normal arm64 Compiling Network.swift, Provider.swift, Password.swift, User.swift (in target 'Dewdrop' from project 'Dewdrop')
SwiftCompile normal arm64_32 Compiling\ Network.swift,\ Provider.swift,\ Password.swift,\ User.swift /Users/admin/builder/spi-builder-workspace/.dependencies/checkouts/Dewdrop/Sources/Dewdrop/User/Network/Network.swift /Users/admin/builder/spi-builder-workspace/.dependencies/checkouts/Dewdrop/Sources/Dewdrop/User/Network/Provider.swift /Users/admin/builder/spi-builder-workspace/.dependencies/checkouts/Dewdrop/Sources/Dewdrop/User/Password.swift /Users/admin/builder/spi-builder-workspace/.dependencies/checkouts/Dewdrop/Sources/Dewdrop/User/User.swift (in target 'Dewdrop' from project 'Dewdrop')
SwiftCompile normal arm64_32 /Users/admin/builder/spi-builder-workspace/.dependencies/checkouts/Dewdrop/Sources/Dewdrop/User/Network/Network.swift (in target 'Dewdrop' from project 'Dewdrop')
    cd /Users/admin/builder/spi-builder-workspace/.swiftpm/xcode
    builtin-SwiftPerFileCompile Network.swift
SwiftCompile normal arm64_32 /Users/admin/builder/spi-builder-workspace/.dependencies/checkouts/Dewdrop/Sources/Dewdrop/User/Network/Provider.swift (in target 'Dewdrop' from project 'Dewdrop')
    cd /Users/admin/builder/spi-builder-workspace/.swiftpm/xcode
    builtin-SwiftPerFileCompile Provider.swift
SwiftCompile normal arm64_32 /Users/admin/builder/spi-builder-workspace/.dependencies/checkouts/Dewdrop/Sources/Dewdrop/User/Password.swift (in target 'Dewdrop' from project 'Dewdrop')
    cd /Users/admin/builder/spi-builder-workspace/.swiftpm/xcode
    builtin-SwiftPerFileCompile Password.swift
SwiftCompile normal arm64_32 /Users/admin/builder/spi-builder-workspace/.dependencies/checkouts/Dewdrop/Sources/Dewdrop/User/User.swift (in target 'Dewdrop' from project 'Dewdrop')
    cd /Users/admin/builder/spi-builder-workspace/.swiftpm/xcode
    builtin-SwiftPerFileCompile User.swift
SwiftDriverJobDiscovery normal arm64 Compiling Folder.swift, Import.swift, Media.swift, MediaType.swift, Cache.swift (in target 'Dewdrop' from project 'Dewdrop')
SwiftCompile normal arm64_32 Compiling\ Property.swift,\ Status.swift,\ File.swift,\ Format.swift,\ Info.swift /Users/admin/builder/spi-builder-workspace/.dependencies/checkouts/Dewdrop/Sources/Dewdrop/Raindrop/Cache/Property.swift /Users/admin/builder/spi-builder-workspace/.dependencies/checkouts/Dewdrop/Sources/Dewdrop/Raindrop/Cache/Status.swift /Users/admin/builder/spi-builder-workspace/.dependencies/checkouts/Dewdrop/Sources/Dewdrop/Raindrop/File.swift /Users/admin/builder/spi-builder-workspace/.dependencies/checkouts/Dewdrop/Sources/Dewdrop/Raindrop/Format.swift /Users/admin/builder/spi-builder-workspace/.dependencies/checkouts/Dewdrop/Sources/Dewdrop/Raindrop/Info.swift (in target 'Dewdrop' from project 'Dewdrop')
SwiftCompile normal arm64_32 /Users/admin/builder/spi-builder-workspace/.dependencies/checkouts/Dewdrop/Sources/Dewdrop/Raindrop/Cache/Property.swift (in target 'Dewdrop' from project 'Dewdrop')
    cd /Users/admin/builder/spi-builder-workspace/.swiftpm/xcode
    builtin-SwiftPerFileCompile Property.swift
SwiftCompile normal arm64_32 /Users/admin/builder/spi-builder-workspace/.dependencies/checkouts/Dewdrop/Sources/Dewdrop/Raindrop/Cache/Status.swift (in target 'Dewdrop' from project 'Dewdrop')
    cd /Users/admin/builder/spi-builder-workspace/.swiftpm/xcode
    builtin-SwiftPerFileCompile Status.swift
SwiftCompile normal arm64_32 /Users/admin/builder/spi-builder-workspace/.dependencies/checkouts/Dewdrop/Sources/Dewdrop/Raindrop/File.swift (in target 'Dewdrop' from project 'Dewdrop')
    cd /Users/admin/builder/spi-builder-workspace/.swiftpm/xcode
    builtin-SwiftPerFileCompile File.swift
SwiftCompile normal arm64_32 /Users/admin/builder/spi-builder-workspace/.dependencies/checkouts/Dewdrop/Sources/Dewdrop/Raindrop/Format.swift (in target 'Dewdrop' from project 'Dewdrop')
    cd /Users/admin/builder/spi-builder-workspace/.swiftpm/xcode
    builtin-SwiftPerFileCompile Format.swift
SwiftCompile normal arm64_32 /Users/admin/builder/spi-builder-workspace/.dependencies/checkouts/Dewdrop/Sources/Dewdrop/Raindrop/Info.swift (in target 'Dewdrop' from project 'Dewdrop')
    cd /Users/admin/builder/spi-builder-workspace/.swiftpm/xcode
    builtin-SwiftPerFileCompile Info.swift
SwiftDriverJobDiscovery normal arm64 Compiling Config.swift, FontColor.swift, FileStorage.swift, Group.swift (in target 'Dewdrop' from project 'Dewdrop')
SwiftCompile normal arm64_32 Compiling\ Config.swift,\ FontColor.swift,\ FileStorage.swift,\ Group.swift /Users/admin/builder/spi-builder-workspace/.dependencies/checkouts/Dewdrop/Sources/Dewdrop/User/Config/Config.swift /Users/admin/builder/spi-builder-workspace/.dependencies/checkouts/Dewdrop/Sources/Dewdrop/User/Config/FontColor.swift /Users/admin/builder/spi-builder-workspace/.dependencies/checkouts/Dewdrop/Sources/Dewdrop/User/FileStorage.swift /Users/admin/builder/spi-builder-workspace/.dependencies/checkouts/Dewdrop/Sources/Dewdrop/User/Group.swift (in target 'Dewdrop' from project 'Dewdrop')
SwiftCompile normal arm64_32 /Users/admin/builder/spi-builder-workspace/.dependencies/checkouts/Dewdrop/Sources/Dewdrop/User/Config/Config.swift (in target 'Dewdrop' from project 'Dewdrop')
    cd /Users/admin/builder/spi-builder-workspace/.swiftpm/xcode
    builtin-SwiftPerFileCompile Config.swift
SwiftCompile normal arm64_32 /Users/admin/builder/spi-builder-workspace/.dependencies/checkouts/Dewdrop/Sources/Dewdrop/User/Config/FontColor.swift (in target 'Dewdrop' from project 'Dewdrop')
    cd /Users/admin/builder/spi-builder-workspace/.swiftpm/xcode
    builtin-SwiftPerFileCompile FontColor.swift
SwiftCompile normal arm64_32 /Users/admin/builder/spi-builder-workspace/.dependencies/checkouts/Dewdrop/Sources/Dewdrop/User/FileStorage.swift (in target 'Dewdrop' from project 'Dewdrop')
    cd /Users/admin/builder/spi-builder-workspace/.swiftpm/xcode
    builtin-SwiftPerFileCompile FileStorage.swift
SwiftCompile normal arm64_32 /Users/admin/builder/spi-builder-workspace/.dependencies/checkouts/Dewdrop/Sources/Dewdrop/User/Group.swift (in target 'Dewdrop' from project 'Dewdrop')
    cd /Users/admin/builder/spi-builder-workspace/.swiftpm/xcode
    builtin-SwiftPerFileCompile Group.swift
SwiftDriverJobDiscovery normal arm64 Compiling Tag.swift, TagSort.swift, Account.swift, BrokenLevel.swift (in target 'Dewdrop' from project 'Dewdrop')
SwiftCompile normal arm64_32 Compiling\ AccessToken.swift,\ GrantType.swift,\ Backup.swift,\ FileFormat.swift,\ Access.swift /Users/admin/builder/spi-builder-workspace/.dependencies/checkouts/Dewdrop/Sources/Dewdrop/Authentication/AccessToken.swift /Users/admin/builder/spi-builder-workspace/.dependencies/checkouts/Dewdrop/Sources/Dewdrop/Authentication/GrantType.swift /Users/admin/builder/spi-builder-workspace/.dependencies/checkouts/Dewdrop/Sources/Dewdrop/Backup/Backup.swift /Users/admin/builder/spi-builder-workspace/.dependencies/checkouts/Dewdrop/Sources/Dewdrop/Backup/FileFormat.swift /Users/admin/builder/spi-builder-workspace/.dependencies/checkouts/Dewdrop/Sources/Dewdrop/Collection/Access/Access.swift (in target 'Dewdrop' from project 'Dewdrop')
SwiftCompile normal arm64_32 /Users/admin/builder/spi-builder-workspace/.dependencies/checkouts/Dewdrop/Sources/Dewdrop/Authentication/AccessToken.swift (in target 'Dewdrop' from project 'Dewdrop')
    cd /Users/admin/builder/spi-builder-workspace/.swiftpm/xcode
    builtin-SwiftPerFileCompile AccessToken.swift
SwiftCompile normal arm64_32 /Users/admin/builder/spi-builder-workspace/.dependencies/checkouts/Dewdrop/Sources/Dewdrop/Authentication/GrantType.swift (in target 'Dewdrop' from project 'Dewdrop')
    cd /Users/admin/builder/spi-builder-workspace/.swiftpm/xcode
    builtin-SwiftPerFileCompile GrantType.swift
SwiftCompile normal arm64_32 /Users/admin/builder/spi-builder-workspace/.dependencies/checkouts/Dewdrop/Sources/Dewdrop/Backup/Backup.swift (in target 'Dewdrop' from project 'Dewdrop')
    cd /Users/admin/builder/spi-builder-workspace/.swiftpm/xcode
    builtin-SwiftPerFileCompile Backup.swift
SwiftCompile normal arm64_32 /Users/admin/builder/spi-builder-workspace/.dependencies/checkouts/Dewdrop/Sources/Dewdrop/Backup/FileFormat.swift (in target 'Dewdrop' from project 'Dewdrop')
    cd /Users/admin/builder/spi-builder-workspace/.swiftpm/xcode
    builtin-SwiftPerFileCompile FileFormat.swift
SwiftCompile normal arm64_32 /Users/admin/builder/spi-builder-workspace/.dependencies/checkouts/Dewdrop/Sources/Dewdrop/Collection/Access/Access.swift (in target 'Dewdrop' from project 'Dewdrop')
    cd /Users/admin/builder/spi-builder-workspace/.swiftpm/xcode
    builtin-SwiftPerFileCompile Access.swift
SwiftDriverJobDiscovery normal arm64 Compiling Filter.swift, Color.swift, Content.swift, Highlight.swift, Count.swift (in target 'Dewdrop' from project 'Dewdrop')
SwiftCompile normal arm64_32 Compiling\ ItemType.swift,\ Raindrop.swift,\ Reminder.swift,\ Criterion.swift,\ RaindropSort.swift /Users/admin/builder/spi-builder-workspace/.dependencies/checkouts/Dewdrop/Sources/Dewdrop/Raindrop/ItemType.swift /Users/admin/builder/spi-builder-workspace/.dependencies/checkouts/Dewdrop/Sources/Dewdrop/Raindrop/Raindrop.swift /Users/admin/builder/spi-builder-workspace/.dependencies/checkouts/Dewdrop/Sources/Dewdrop/Raindrop/Reminder.swift /Users/admin/builder/spi-builder-workspace/.dependencies/checkouts/Dewdrop/Sources/Dewdrop/Raindrop/Sort/Criterion.swift /Users/admin/builder/spi-builder-workspace/.dependencies/checkouts/Dewdrop/Sources/Dewdrop/Raindrop/Sort/RaindropSort.swift (in target 'Dewdrop' from project 'Dewdrop')
SwiftCompile normal arm64_32 /Users/admin/builder/spi-builder-workspace/.dependencies/checkouts/Dewdrop/Sources/Dewdrop/Raindrop/ItemType.swift (in target 'Dewdrop' from project 'Dewdrop')
    cd /Users/admin/builder/spi-builder-workspace/.swiftpm/xcode
    builtin-SwiftPerFileCompile ItemType.swift
SwiftCompile normal arm64_32 /Users/admin/builder/spi-builder-workspace/.dependencies/checkouts/Dewdrop/Sources/Dewdrop/Raindrop/Raindrop.swift (in target 'Dewdrop' from project 'Dewdrop')
    cd /Users/admin/builder/spi-builder-workspace/.swiftpm/xcode
    builtin-SwiftPerFileCompile Raindrop.swift
SwiftCompile normal arm64_32 /Users/admin/builder/spi-builder-workspace/.dependencies/checkouts/Dewdrop/Sources/Dewdrop/Raindrop/Reminder.swift (in target 'Dewdrop' from project 'Dewdrop')
    cd /Users/admin/builder/spi-builder-workspace/.swiftpm/xcode
    builtin-SwiftPerFileCompile Reminder.swift
SwiftCompile normal arm64_32 /Users/admin/builder/spi-builder-workspace/.dependencies/checkouts/Dewdrop/Sources/Dewdrop/Raindrop/Sort/Criterion.swift (in target 'Dewdrop' from project 'Dewdrop')
    cd /Users/admin/builder/spi-builder-workspace/.swiftpm/xcode
    builtin-SwiftPerFileCompile Criterion.swift
SwiftCompile normal arm64_32 /Users/admin/builder/spi-builder-workspace/.dependencies/checkouts/Dewdrop/Sources/Dewdrop/Raindrop/Sort/RaindropSort.swift (in target 'Dewdrop' from project 'Dewdrop')
    cd /Users/admin/builder/spi-builder-workspace/.swiftpm/xcode
    builtin-SwiftPerFileCompile RaindropSort.swift
SwiftDriverJobDiscovery normal arm64 Compiling Property.swift, Status.swift, File.swift, Format.swift, Info.swift (in target 'Dewdrop' from project 'Dewdrop')
SwiftCompile normal arm64_32 Compiling\ Collection.swift,\ CollectionSort.swift,\ Cover.swift,\ Icon.swift,\ View.swift /Users/admin/builder/spi-builder-workspace/.dependencies/checkouts/Dewdrop/Sources/Dewdrop/Collection/Collection.swift /Users/admin/builder/spi-builder-workspace/.dependencies/checkouts/Dewdrop/Sources/Dewdrop/Collection/CollectionSort.swift /Users/admin/builder/spi-builder-workspace/.dependencies/checkouts/Dewdrop/Sources/Dewdrop/Collection/Cover/Cover.swift /Users/admin/builder/spi-builder-workspace/.dependencies/checkouts/Dewdrop/Sources/Dewdrop/Collection/Cover/Icon.swift /Users/admin/builder/spi-builder-workspace/.dependencies/checkouts/Dewdrop/Sources/Dewdrop/Collection/View.swift (in target 'Dewdrop' from project 'Dewdrop')
SwiftCompile normal arm64_32 /Users/admin/builder/spi-builder-workspace/.dependencies/checkouts/Dewdrop/Sources/Dewdrop/Collection/Collection.swift (in target 'Dewdrop' from project 'Dewdrop')
    cd /Users/admin/builder/spi-builder-workspace/.swiftpm/xcode
    builtin-SwiftPerFileCompile Collection.swift
SwiftCompile normal arm64_32 /Users/admin/builder/spi-builder-workspace/.dependencies/checkouts/Dewdrop/Sources/Dewdrop/Collection/CollectionSort.swift (in target 'Dewdrop' from project 'Dewdrop')
    cd /Users/admin/builder/spi-builder-workspace/.swiftpm/xcode
    builtin-SwiftPerFileCompile CollectionSort.swift
SwiftCompile normal arm64_32 /Users/admin/builder/spi-builder-workspace/.dependencies/checkouts/Dewdrop/Sources/Dewdrop/Collection/Cover/Cover.swift (in target 'Dewdrop' from project 'Dewdrop')
    cd /Users/admin/builder/spi-builder-workspace/.swiftpm/xcode
    builtin-SwiftPerFileCompile Cover.swift
SwiftCompile normal arm64_32 /Users/admin/builder/spi-builder-workspace/.dependencies/checkouts/Dewdrop/Sources/Dewdrop/Collection/Cover/Icon.swift (in target 'Dewdrop' from project 'Dewdrop')
    cd /Users/admin/builder/spi-builder-workspace/.swiftpm/xcode
    builtin-SwiftPerFileCompile Icon.swift
SwiftCompile normal arm64_32 /Users/admin/builder/spi-builder-workspace/.dependencies/checkouts/Dewdrop/Sources/Dewdrop/Collection/View.swift (in target 'Dewdrop' from project 'Dewdrop')
    cd /Users/admin/builder/spi-builder-workspace/.swiftpm/xcode
    builtin-SwiftPerFileCompile View.swift
SwiftDriverJobDiscovery normal arm64 Compiling Collection.swift, CollectionSort.swift, Cover.swift, Icon.swift, View.swift (in target 'Dewdrop' from project 'Dewdrop')
SwiftCompile normal arm64_32 Compiling\ Folder.swift,\ Import.swift,\ Media.swift,\ MediaType.swift,\ Cache.swift /Users/admin/builder/spi-builder-workspace/.dependencies/checkouts/Dewdrop/Sources/Dewdrop/Import/Folder.swift /Users/admin/builder/spi-builder-workspace/.dependencies/checkouts/Dewdrop/Sources/Dewdrop/Import/Import.swift /Users/admin/builder/spi-builder-workspace/.dependencies/checkouts/Dewdrop/Sources/Dewdrop/Media/Media.swift /Users/admin/builder/spi-builder-workspace/.dependencies/checkouts/Dewdrop/Sources/Dewdrop/Media/MediaType.swift /Users/admin/builder/spi-builder-workspace/.dependencies/checkouts/Dewdrop/Sources/Dewdrop/Raindrop/Cache/Cache.swift (in target 'Dewdrop' from project 'Dewdrop')
SwiftCompile normal arm64_32 /Users/admin/builder/spi-builder-workspace/.dependencies/checkouts/Dewdrop/Sources/Dewdrop/Import/Folder.swift (in target 'Dewdrop' from project 'Dewdrop')
    cd /Users/admin/builder/spi-builder-workspace/.swiftpm/xcode
    builtin-SwiftPerFileCompile Folder.swift
SwiftCompile normal arm64_32 /Users/admin/builder/spi-builder-workspace/.dependencies/checkouts/Dewdrop/Sources/Dewdrop/Import/Import.swift (in target 'Dewdrop' from project 'Dewdrop')
    cd /Users/admin/builder/spi-builder-workspace/.swiftpm/xcode
    builtin-SwiftPerFileCompile Import.swift
SwiftCompile normal arm64_32 /Users/admin/builder/spi-builder-workspace/.dependencies/checkouts/Dewdrop/Sources/Dewdrop/Media/Media.swift (in target 'Dewdrop' from project 'Dewdrop')
    cd /Users/admin/builder/spi-builder-workspace/.swiftpm/xcode
    builtin-SwiftPerFileCompile Media.swift
SwiftCompile normal arm64_32 /Users/admin/builder/spi-builder-workspace/.dependencies/checkouts/Dewdrop/Sources/Dewdrop/Media/MediaType.swift (in target 'Dewdrop' from project 'Dewdrop')
    cd /Users/admin/builder/spi-builder-workspace/.swiftpm/xcode
    builtin-SwiftPerFileCompile MediaType.swift
SwiftCompile normal arm64_32 /Users/admin/builder/spi-builder-workspace/.dependencies/checkouts/Dewdrop/Sources/Dewdrop/Raindrop/Cache/Cache.swift (in target 'Dewdrop' from project 'Dewdrop')
    cd /Users/admin/builder/spi-builder-workspace/.swiftpm/xcode
    builtin-SwiftPerFileCompile Cache.swift
SwiftDriverJobDiscovery normal arm64 Compiling Level.swift, Permissions.swift, Collaborator.swift, Invitation.swift, Role.swift (in target 'Dewdrop' from project 'Dewdrop')
SwiftCompile normal arm64_32 Compiling\ Tag.swift,\ TagSort.swift,\ Account.swift,\ BrokenLevel.swift /Users/admin/builder/spi-builder-workspace/.dependencies/checkouts/Dewdrop/Sources/Dewdrop/Tag/Tag.swift /Users/admin/builder/spi-builder-workspace/.dependencies/checkouts/Dewdrop/Sources/Dewdrop/Tag/TagSort.swift /Users/admin/builder/spi-builder-workspace/.dependencies/checkouts/Dewdrop/Sources/Dewdrop/User/Account.swift /Users/admin/builder/spi-builder-workspace/.dependencies/checkouts/Dewdrop/Sources/Dewdrop/User/Config/BrokenLevel.swift (in target 'Dewdrop' from project 'Dewdrop')
SwiftCompile normal arm64_32 /Users/admin/builder/spi-builder-workspace/.dependencies/checkouts/Dewdrop/Sources/Dewdrop/Tag/Tag.swift (in target 'Dewdrop' from project 'Dewdrop')
    cd /Users/admin/builder/spi-builder-workspace/.swiftpm/xcode
    builtin-SwiftPerFileCompile Tag.swift
SwiftCompile normal arm64_32 /Users/admin/builder/spi-builder-workspace/.dependencies/checkouts/Dewdrop/Sources/Dewdrop/Tag/TagSort.swift (in target 'Dewdrop' from project 'Dewdrop')
    cd /Users/admin/builder/spi-builder-workspace/.swiftpm/xcode
    builtin-SwiftPerFileCompile TagSort.swift
SwiftCompile normal arm64_32 /Users/admin/builder/spi-builder-workspace/.dependencies/checkouts/Dewdrop/Sources/Dewdrop/User/Account.swift (in target 'Dewdrop' from project 'Dewdrop')
    cd /Users/admin/builder/spi-builder-workspace/.swiftpm/xcode
    builtin-SwiftPerFileCompile Account.swift
SwiftCompile normal arm64_32 /Users/admin/builder/spi-builder-workspace/.dependencies/checkouts/Dewdrop/Sources/Dewdrop/User/Config/BrokenLevel.swift (in target 'Dewdrop' from project 'Dewdrop')
    cd /Users/admin/builder/spi-builder-workspace/.swiftpm/xcode
    builtin-SwiftPerFileCompile BrokenLevel.swift
SwiftDriverJobDiscovery normal arm64 Compiling AccessToken.swift, GrantType.swift, Backup.swift, FileFormat.swift, Access.swift (in target 'Dewdrop' from project 'Dewdrop')
SwiftCompile normal arm64_32 Compiling\ Filter.swift,\ Color.swift,\ Content.swift,\ Highlight.swift,\ Count.swift /Users/admin/builder/spi-builder-workspace/.dependencies/checkouts/Dewdrop/Sources/Dewdrop/Filter/Filter.swift /Users/admin/builder/spi-builder-workspace/.dependencies/checkouts/Dewdrop/Sources/Dewdrop/Highlight/Color.swift /Users/admin/builder/spi-builder-workspace/.dependencies/checkouts/Dewdrop/Sources/Dewdrop/Highlight/Content.swift /Users/admin/builder/spi-builder-workspace/.dependencies/checkouts/Dewdrop/Sources/Dewdrop/Highlight/Highlight.swift /Users/admin/builder/spi-builder-workspace/.dependencies/checkouts/Dewdrop/Sources/Dewdrop/Import/Count.swift (in target 'Dewdrop' from project 'Dewdrop')
SwiftCompile normal arm64_32 /Users/admin/builder/spi-builder-workspace/.dependencies/checkouts/Dewdrop/Sources/Dewdrop/Filter/Filter.swift (in target 'Dewdrop' from project 'Dewdrop')
    cd /Users/admin/builder/spi-builder-workspace/.swiftpm/xcode
    builtin-SwiftPerFileCompile Filter.swift
SwiftCompile normal arm64_32 /Users/admin/builder/spi-builder-workspace/.dependencies/checkouts/Dewdrop/Sources/Dewdrop/Highlight/Color.swift (in target 'Dewdrop' from project 'Dewdrop')
    cd /Users/admin/builder/spi-builder-workspace/.swiftpm/xcode
    builtin-SwiftPerFileCompile Color.swift
SwiftCompile normal arm64_32 /Users/admin/builder/spi-builder-workspace/.dependencies/checkouts/Dewdrop/Sources/Dewdrop/Highlight/Content.swift (in target 'Dewdrop' from project 'Dewdrop')
    cd /Users/admin/builder/spi-builder-workspace/.swiftpm/xcode
    builtin-SwiftPerFileCompile Content.swift
SwiftCompile normal arm64_32 /Users/admin/builder/spi-builder-workspace/.dependencies/checkouts/Dewdrop/Sources/Dewdrop/Highlight/Highlight.swift (in target 'Dewdrop' from project 'Dewdrop')
    cd /Users/admin/builder/spi-builder-workspace/.swiftpm/xcode
    builtin-SwiftPerFileCompile Highlight.swift
SwiftCompile normal arm64_32 /Users/admin/builder/spi-builder-workspace/.dependencies/checkouts/Dewdrop/Sources/Dewdrop/Import/Count.swift (in target 'Dewdrop' from project 'Dewdrop')
    cd /Users/admin/builder/spi-builder-workspace/.swiftpm/xcode
    builtin-SwiftPerFileCompile Count.swift
SwiftDriverJobDiscovery normal arm64 Emitting module for Dewdrop (in target 'Dewdrop' from project 'Dewdrop')
SwiftDriver\ Compilation\ Requirements Dewdrop normal arm64 com.apple.xcode.tools.swift.compiler (in target 'Dewdrop' from project 'Dewdrop')
    cd /Users/admin/builder/spi-builder-workspace/.swiftpm/xcode
    builtin-Swift-Compilation-Requirements -- /Applications/Xcode-27.0.0-Release.Candidate.app/Contents/Developer/Toolchains/XcodeDefault.xctoolchain/usr/bin/swiftc -parse-as-library -module-name Dewdrop -Onone @/Users/admin/builder/spi-builder-workspace/.derivedData/Build/Intermediates.noindex/Dewdrop.build/Debug-watchos/Dewdrop-t.build/Objects-normal/arm64/Dewdrop.SwiftFileList -DSWIFT_PACKAGE -DDEBUG -DSWIFT_MODULE_RESOURCE_BUNDLE_UNAVAILABLE -DXcode -enable-upcoming-feature ExistentialAny -enable-experimental-feature StrictConcurrency -plugin-path /Applications/Xcode-27.0.0-Release.Candidate.app/Contents/Developer/Toolchains/XcodeDefault.xctoolchain/usr/lib/swift/host/plugins/testing -enable-experimental-feature DebugDescriptionMacro -sdk /Applications/Xcode-27.0.0-Release.Candidate.app/Contents/Developer/Platforms/WatchOS.platform/Developer/SDKs/WatchOS27.0.sdk -target arm64-apple-watchos9.0 -g -module-cache-path /Users/admin/builder/spi-builder-workspace/.derivedData/ModuleCache.noindex -Xfrontend -serialize-debugging-options -enable-testing -suppress-warnings -index-store-path /Users/admin/builder/spi-builder-workspace/.derivedData/Index.noindex/DataStore -Xcc -D_LIBCPP_HARDENING_MODE\=_LIBCPP_HARDENING_MODE_DEBUG -swift-version 6 -I /Users/admin/builder/spi-builder-workspace/.derivedData/Build/Products/Debug-watchos -Isystem /Applications/Xcode-27.0.0-Release.Candidate.app/Contents/Developer/Platforms/WatchOS.platform/Developer/usr/lib -F /Users/admin/builder/spi-builder-workspace/.derivedData/Build/Products/Debug-watchos/PackageFrameworks -F /Users/admin/builder/spi-builder-workspace/.derivedData/Build/Products/Debug-watchos -F /Applications/Xcode-27.0.0-Release.Candidate.app/Contents/Developer/Platforms/WatchOS.platform/Developer/Library/Frameworks -F /Applications/Xcode-27.0.0-Release.Candidate.app/Contents/Developer/Platforms/WatchOS.platform/Developer/SDKs/WatchOS27.0.sdk/Developer/Library/Frameworks -Xfrontend -load-plugin-executable -Xfrontend /Users/admin/builder/spi-builder-workspace/.derivedData/Build/Products/Debug/MemberwiseInitMacros\#MemberwiseInitMacros -c -j10 -enable-batch-mode -incremental -Xcc -ivfsstatcache -Xcc /Users/admin/builder/spi-builder-workspace/.derivedData/SDKStatCaches.noindex/watchos27.0-24R360-e829b21a6f8c9b70876ba0858053c04477534ef55a1706bf4c1112bbb242f0a2.sdkstatcache -output-file-map /Users/admin/builder/spi-builder-workspace/.derivedData/Build/Intermediates.noindex/Dewdrop.build/Debug-watchos/Dewdrop-t.build/Objects-normal/arm64/Dewdrop-OutputFileMap.json -save-temps -no-color-diagnostics -explicit-module-build -module-cache-path /Users/admin/builder/spi-builder-workspace/.derivedData/Build/Intermediates.noindex/SwiftExplicitPrecompiledModules -clang-scanner-module-cache-path /Users/admin/builder/spi-builder-workspace/.derivedData/ModuleCache.noindex -sdk-module-cache-path /Users/admin/builder/spi-builder-workspace/.derivedData/SDKExplicitPrecompiledModules -emit-dependencies -emit-module -emit-module-path /Users/admin/builder/spi-builder-workspace/.derivedData/Build/Intermediates.noindex/Dewdrop.build/Debug-watchos/Dewdrop-t.build/Objects-normal/arm64/Dewdrop.swiftmodule -serialize-diagnostics -dependency-scan-serialize-diagnostics-path /Users/admin/builder/spi-builder-workspace/.derivedData/Build/Intermediates.noindex/Dewdrop.build/Debug-watchos/Dewdrop-t.build/Objects-normal/arm64/Dewdrop-dependency-scan.dia -validate-clang-modules-once -clang-build-session-file /Users/admin/builder/spi-builder-workspace/.derivedData/ModuleCache.noindex/Session.modulevalidation -Xcc -fmodules-prune-interval\=86400 -Xcc -fmodules-prune-after\=345600 -package-name dewdrop -emit-const-values -const-gather-protocols-list /Users/admin/builder/spi-builder-workspace/.derivedData/Build/Intermediates.noindex/Dewdrop.build/Debug-watchos/Dewdrop-t.build/Objects-normal/arm64/Dewdrop_const_extract_protocols.json -Xcc -I/Users/admin/builder/spi-builder-workspace/.derivedData/Build/Products/Debug-watchos/include -Xcc -I/Users/admin/builder/spi-builder-workspace/.derivedData/Build/Intermediates.noindex/Dewdrop.build/Debug-watchos/Dewdrop-t.build/DerivedSources-normal/arm64 -Xcc -I/Users/admin/builder/spi-builder-workspace/.derivedData/Build/Intermediates.noindex/Dewdrop.build/Debug-watchos/Dewdrop-t.build/DerivedSources/arm64 -Xcc -I/Users/admin/builder/spi-builder-workspace/.derivedData/Build/Intermediates.noindex/Dewdrop.build/Debug-watchos/Dewdrop-t.build/DerivedSources -Xcc -DSWIFT_PACKAGE -Xcc -DDEBUG\=1 -emit-objc-header -emit-objc-header-path /Users/admin/builder/spi-builder-workspace/.derivedData/Build/Intermediates.noindex/Dewdrop.build/Debug-watchos/Dewdrop-t.build/Objects-normal/arm64/Dewdrop-Swift.h -working-directory /Users/admin/builder/spi-builder-workspace/.swiftpm/xcode -experimental-emit-module-separately -disable-cmo
SwiftDriverJobDiscovery normal arm64_32 Compiling Network.swift, Provider.swift, Password.swift, User.swift (in target 'Dewdrop' from project 'Dewdrop')
SwiftCompile normal arm64_32 Compiling\ Level.swift,\ Permissions.swift,\ Collaborator.swift,\ Invitation.swift,\ Role.swift /Users/admin/builder/spi-builder-workspace/.dependencies/checkouts/Dewdrop/Sources/Dewdrop/Collection/Access/Level.swift /Users/admin/builder/spi-builder-workspace/.dependencies/checkouts/Dewdrop/Sources/Dewdrop/Collection/Access/Permissions.swift /Users/admin/builder/spi-builder-workspace/.dependencies/checkouts/Dewdrop/Sources/Dewdrop/Collection/Collaborator/Collaborator.swift /Users/admin/builder/spi-builder-workspace/.dependencies/checkouts/Dewdrop/Sources/Dewdrop/Collection/Collaborator/Invitation.swift /Users/admin/builder/spi-builder-workspace/.dependencies/checkouts/Dewdrop/Sources/Dewdrop/Collection/Collaborator/Role.swift (in target 'Dewdrop' from project 'Dewdrop')
SwiftCompile normal arm64_32 /Users/admin/builder/spi-builder-workspace/.dependencies/checkouts/Dewdrop/Sources/Dewdrop/Collection/Access/Level.swift (in target 'Dewdrop' from project 'Dewdrop')
    cd /Users/admin/builder/spi-builder-workspace/.swiftpm/xcode
    builtin-SwiftPerFileCompile Level.swift
SwiftCompile normal arm64_32 /Users/admin/builder/spi-builder-workspace/.dependencies/checkouts/Dewdrop/Sources/Dewdrop/Collection/Access/Permissions.swift (in target 'Dewdrop' from project 'Dewdrop')
    cd /Users/admin/builder/spi-builder-workspace/.swiftpm/xcode
    builtin-SwiftPerFileCompile Permissions.swift
SwiftCompile normal arm64_32 /Users/admin/builder/spi-builder-workspace/.dependencies/checkouts/Dewdrop/Sources/Dewdrop/Collection/Collaborator/Collaborator.swift (in target 'Dewdrop' from project 'Dewdrop')
    cd /Users/admin/builder/spi-builder-workspace/.swiftpm/xcode
    builtin-SwiftPerFileCompile Collaborator.swift
SwiftCompile normal arm64_32 /Users/admin/builder/spi-builder-workspace/.dependencies/checkouts/Dewdrop/Sources/Dewdrop/Collection/Collaborator/Invitation.swift (in target 'Dewdrop' from project 'Dewdrop')
    cd /Users/admin/builder/spi-builder-workspace/.swiftpm/xcode
    builtin-SwiftPerFileCompile Invitation.swift
SwiftCompile normal arm64_32 /Users/admin/builder/spi-builder-workspace/.dependencies/checkouts/Dewdrop/Sources/Dewdrop/Collection/Collaborator/Role.swift (in target 'Dewdrop' from project 'Dewdrop')
    cd /Users/admin/builder/spi-builder-workspace/.swiftpm/xcode
    builtin-SwiftPerFileCompile Role.swift
Copy /Users/admin/builder/spi-builder-workspace/.derivedData/Build/Products/Debug-watchos/Dewdrop.swiftmodule/arm64-apple-watchos.swiftmodule /Users/admin/builder/spi-builder-workspace/.derivedData/Build/Intermediates.noindex/Dewdrop.build/Debug-watchos/Dewdrop-t.build/Objects-normal/arm64/Dewdrop.swiftmodule (in target 'Dewdrop' from project 'Dewdrop')
    cd /Users/admin/builder/spi-builder-workspace/.dependencies/checkouts/Dewdrop
    builtin-copy -exclude .DS_Store -exclude CVS -exclude .svn -exclude .git -exclude .hg -resolve-src-symlinks -rename /Users/admin/builder/spi-builder-workspace/.derivedData/Build/Intermediates.noindex/Dewdrop.build/Debug-watchos/Dewdrop-t.build/Objects-normal/arm64/Dewdrop.swiftmodule /Users/admin/builder/spi-builder-workspace/.derivedData/Build/Products/Debug-watchos/Dewdrop.swiftmodule/arm64-apple-watchos.swiftmodule
SwiftDriverJobDiscovery normal arm64_32 Compiling Config.swift, FontColor.swift, FileStorage.swift, Group.swift (in target 'Dewdrop' from project 'Dewdrop')
Copy /Users/admin/builder/spi-builder-workspace/.derivedData/Build/Products/Debug-watchos/Dewdrop.swiftmodule/arm64-apple-watchos.swiftdoc /Users/admin/builder/spi-builder-workspace/.derivedData/Build/Intermediates.noindex/Dewdrop.build/Debug-watchos/Dewdrop-t.build/Objects-normal/arm64/Dewdrop.swiftdoc (in target 'Dewdrop' from project 'Dewdrop')
    cd /Users/admin/builder/spi-builder-workspace/.dependencies/checkouts/Dewdrop
    builtin-copy -exclude .DS_Store -exclude CVS -exclude .svn -exclude .git -exclude .hg -resolve-src-symlinks -rename /Users/admin/builder/spi-builder-workspace/.derivedData/Build/Intermediates.noindex/Dewdrop.build/Debug-watchos/Dewdrop-t.build/Objects-normal/arm64/Dewdrop.swiftdoc /Users/admin/builder/spi-builder-workspace/.derivedData/Build/Products/Debug-watchos/Dewdrop.swiftmodule/arm64-apple-watchos.swiftdoc
Copy /Users/admin/builder/spi-builder-workspace/.derivedData/Build/Products/Debug-watchos/Dewdrop.swiftmodule/arm64-apple-watchos.abi.json /Users/admin/builder/spi-builder-workspace/.derivedData/Build/Intermediates.noindex/Dewdrop.build/Debug-watchos/Dewdrop-t.build/Objects-normal/arm64/Dewdrop.abi.json (in target 'Dewdrop' from project 'Dewdrop')
    cd /Users/admin/builder/spi-builder-workspace/.dependencies/checkouts/Dewdrop
    builtin-copy -exclude .DS_Store -exclude CVS -exclude .svn -exclude .git -exclude .hg -resolve-src-symlinks -rename /Users/admin/builder/spi-builder-workspace/.derivedData/Build/Intermediates.noindex/Dewdrop.build/Debug-watchos/Dewdrop-t.build/Objects-normal/arm64/Dewdrop.abi.json /Users/admin/builder/spi-builder-workspace/.derivedData/Build/Products/Debug-watchos/Dewdrop.swiftmodule/arm64-apple-watchos.abi.json
SwiftDriverJobDiscovery normal arm64_32 Compiling Property.swift, Status.swift, File.swift, Format.swift, Info.swift (in target 'Dewdrop' from project 'Dewdrop')
Copy /Users/admin/builder/spi-builder-workspace/.derivedData/Build/Products/Debug-watchos/Dewdrop.swiftmodule/Project/arm64-apple-watchos.swiftsourceinfo /Users/admin/builder/spi-builder-workspace/.derivedData/Build/Intermediates.noindex/Dewdrop.build/Debug-watchos/Dewdrop-t.build/Objects-normal/arm64/Dewdrop.swiftsourceinfo (in target 'Dewdrop' from project 'Dewdrop')
    cd /Users/admin/builder/spi-builder-workspace/.dependencies/checkouts/Dewdrop
    builtin-copy -exclude .DS_Store -exclude CVS -exclude .svn -exclude .git -exclude .hg -resolve-src-symlinks -rename /Users/admin/builder/spi-builder-workspace/.derivedData/Build/Intermediates.noindex/Dewdrop.build/Debug-watchos/Dewdrop-t.build/Objects-normal/arm64/Dewdrop.swiftsourceinfo /Users/admin/builder/spi-builder-workspace/.derivedData/Build/Products/Debug-watchos/Dewdrop.swiftmodule/Project/arm64-apple-watchos.swiftsourceinfo
SwiftCompile normal arm64 Compiling\ ItemType.swift,\ Raindrop.swift,\ Reminder.swift,\ Criterion.swift,\ RaindropSort.swift /Users/admin/builder/spi-builder-workspace/.dependencies/checkouts/Dewdrop/Sources/Dewdrop/Raindrop/ItemType.swift /Users/admin/builder/spi-builder-workspace/.dependencies/checkouts/Dewdrop/Sources/Dewdrop/Raindrop/Raindrop.swift /Users/admin/builder/spi-builder-workspace/.dependencies/checkouts/Dewdrop/Sources/Dewdrop/Raindrop/Reminder.swift /Users/admin/builder/spi-builder-workspace/.dependencies/checkouts/Dewdrop/Sources/Dewdrop/Raindrop/Sort/Criterion.swift /Users/admin/builder/spi-builder-workspace/.dependencies/checkouts/Dewdrop/Sources/Dewdrop/Raindrop/Sort/RaindropSort.swift (in target 'Dewdrop' from project 'Dewdrop')
SwiftCompile normal arm64 /Users/admin/builder/spi-builder-workspace/.dependencies/checkouts/Dewdrop/Sources/Dewdrop/Raindrop/ItemType.swift (in target 'Dewdrop' from project 'Dewdrop')
    cd /Users/admin/builder/spi-builder-workspace/.swiftpm/xcode
    builtin-SwiftPerFileCompile ItemType.swift
SwiftCompile normal arm64 /Users/admin/builder/spi-builder-workspace/.dependencies/checkouts/Dewdrop/Sources/Dewdrop/Raindrop/Raindrop.swift (in target 'Dewdrop' from project 'Dewdrop')
    cd /Users/admin/builder/spi-builder-workspace/.swiftpm/xcode
    builtin-SwiftPerFileCompile Raindrop.swift
SwiftCompile normal arm64 /Users/admin/builder/spi-builder-workspace/.dependencies/checkouts/Dewdrop/Sources/Dewdrop/Raindrop/Reminder.swift (in target 'Dewdrop' from project 'Dewdrop')
    cd /Users/admin/builder/spi-builder-workspace/.swiftpm/xcode
    builtin-SwiftPerFileCompile Reminder.swift
SwiftCompile normal arm64 /Users/admin/builder/spi-builder-workspace/.dependencies/checkouts/Dewdrop/Sources/Dewdrop/Raindrop/Sort/Criterion.swift (in target 'Dewdrop' from project 'Dewdrop')
    cd /Users/admin/builder/spi-builder-workspace/.swiftpm/xcode
    builtin-SwiftPerFileCompile Criterion.swift
SwiftCompile normal arm64 /Users/admin/builder/spi-builder-workspace/.dependencies/checkouts/Dewdrop/Sources/Dewdrop/Raindrop/Sort/RaindropSort.swift (in target 'Dewdrop' from project 'Dewdrop')
    cd /Users/admin/builder/spi-builder-workspace/.swiftpm/xcode
    builtin-SwiftPerFileCompile RaindropSort.swift
SwiftDriverJobDiscovery normal arm64_32 Compiling Folder.swift, Import.swift, Media.swift, MediaType.swift, Cache.swift (in target 'Dewdrop' from project 'Dewdrop')
SwiftDriverJobDiscovery normal arm64_32 Compiling Collection.swift, CollectionSort.swift, Cover.swift, Icon.swift, View.swift (in target 'Dewdrop' from project 'Dewdrop')
SwiftDriverJobDiscovery normal arm64_32 Compiling ItemType.swift, Raindrop.swift, Reminder.swift, Criterion.swift, RaindropSort.swift (in target 'Dewdrop' from project 'Dewdrop')
SwiftDriverJobDiscovery normal arm64_32 Compiling AccessToken.swift, GrantType.swift, Backup.swift, FileFormat.swift, Access.swift (in target 'Dewdrop' from project 'Dewdrop')
SwiftDriverJobDiscovery normal arm64_32 Compiling Tag.swift, TagSort.swift, Account.swift, BrokenLevel.swift (in target 'Dewdrop' from project 'Dewdrop')
SwiftDriverJobDiscovery normal arm64_32 Emitting module for Dewdrop (in target 'Dewdrop' from project 'Dewdrop')
SwiftDriver\ Compilation\ Requirements Dewdrop normal arm64_32 com.apple.xcode.tools.swift.compiler (in target 'Dewdrop' from project 'Dewdrop')
    cd /Users/admin/builder/spi-builder-workspace/.swiftpm/xcode
    builtin-Swift-Compilation-Requirements -- /Applications/Xcode-27.0.0-Release.Candidate.app/Contents/Developer/Toolchains/XcodeDefault.xctoolchain/usr/bin/swiftc -parse-as-library -module-name Dewdrop -Onone @/Users/admin/builder/spi-builder-workspace/.derivedData/Build/Intermediates.noindex/Dewdrop.build/Debug-watchos/Dewdrop-t.build/Objects-normal/arm64_32/Dewdrop.SwiftFileList -DSWIFT_PACKAGE -DDEBUG -DSWIFT_MODULE_RESOURCE_BUNDLE_UNAVAILABLE -DXcode -enable-upcoming-feature ExistentialAny -enable-experimental-feature StrictConcurrency -plugin-path /Applications/Xcode-27.0.0-Release.Candidate.app/Contents/Developer/Toolchains/XcodeDefault.xctoolchain/usr/lib/swift/host/plugins/testing -enable-experimental-feature DebugDescriptionMacro -sdk /Applications/Xcode-27.0.0-Release.Candidate.app/Contents/Developer/Platforms/WatchOS.platform/Developer/SDKs/WatchOS27.0.sdk -target arm64_32-apple-watchos9.0 -g -module-cache-path /Users/admin/builder/spi-builder-workspace/.derivedData/ModuleCache.noindex -Xfrontend -serialize-debugging-options -enable-testing -suppress-warnings -index-store-path /Users/admin/builder/spi-builder-workspace/.derivedData/Index.noindex/DataStore -Xcc -D_LIBCPP_HARDENING_MODE\=_LIBCPP_HARDENING_MODE_DEBUG -swift-version 6 -I /Users/admin/builder/spi-builder-workspace/.derivedData/Build/Products/Debug-watchos -Isystem /Applications/Xcode-27.0.0-Release.Candidate.app/Contents/Developer/Platforms/WatchOS.platform/Developer/usr/lib -F /Users/admin/builder/spi-builder-workspace/.derivedData/Build/Products/Debug-watchos/PackageFrameworks -F /Users/admin/builder/spi-builder-workspace/.derivedData/Build/Products/Debug-watchos -F /Applications/Xcode-27.0.0-Release.Candidate.app/Contents/Developer/Platforms/WatchOS.platform/Developer/Library/Frameworks -F /Applications/Xcode-27.0.0-Release.Candidate.app/Contents/Developer/Platforms/WatchOS.platform/Developer/SDKs/WatchOS27.0.sdk/Developer/Library/Frameworks -Xfrontend -load-plugin-executable -Xfrontend /Users/admin/builder/spi-builder-workspace/.derivedData/Build/Products/Debug/MemberwiseInitMacros\#MemberwiseInitMacros -c -j10 -enable-batch-mode -incremental -Xcc -ivfsstatcache -Xcc /Users/admin/builder/spi-builder-workspace/.derivedData/SDKStatCaches.noindex/watchos27.0-24R360-e829b21a6f8c9b70876ba0858053c04477534ef55a1706bf4c1112bbb242f0a2.sdkstatcache -output-file-map /Users/admin/builder/spi-builder-workspace/.derivedData/Build/Intermediates.noindex/Dewdrop.build/Debug-watchos/Dewdrop-t.build/Objects-normal/arm64_32/Dewdrop-OutputFileMap.json -save-temps -no-color-diagnostics -explicit-module-build -module-cache-path /Users/admin/builder/spi-builder-workspace/.derivedData/Build/Intermediates.noindex/SwiftExplicitPrecompiledModules -clang-scanner-module-cache-path /Users/admin/builder/spi-builder-workspace/.derivedData/ModuleCache.noindex -sdk-module-cache-path /Users/admin/builder/spi-builder-workspace/.derivedData/SDKExplicitPrecompiledModules -emit-dependencies -emit-module -emit-module-path /Users/admin/builder/spi-builder-workspace/.derivedData/Build/Intermediates.noindex/Dewdrop.build/Debug-watchos/Dewdrop-t.build/Objects-normal/arm64_32/Dewdrop.swiftmodule -serialize-diagnostics -dependency-scan-serialize-diagnostics-path /Users/admin/builder/spi-builder-workspace/.derivedData/Build/Intermediates.noindex/Dewdrop.build/Debug-watchos/Dewdrop-t.build/Objects-normal/arm64_32/Dewdrop-dependency-scan.dia -validate-clang-modules-once -clang-build-session-file /Users/admin/builder/spi-builder-workspace/.derivedData/ModuleCache.noindex/Session.modulevalidation -Xcc -fmodules-prune-interval\=86400 -Xcc -fmodules-prune-after\=345600 -package-name dewdrop -emit-const-values -const-gather-protocols-list /Users/admin/builder/spi-builder-workspace/.derivedData/Build/Intermediates.noindex/Dewdrop.build/Debug-watchos/Dewdrop-t.build/Objects-normal/arm64_32/Dewdrop_const_extract_protocols.json -Xcc -I/Users/admin/builder/spi-builder-workspace/.derivedData/Build/Products/Debug-watchos/include -Xcc -I/Users/admin/builder/spi-builder-workspace/.derivedData/Build/Intermediates.noindex/Dewdrop.build/Debug-watchos/Dewdrop-t.build/DerivedSources-normal/arm64_32 -Xcc -I/Users/admin/builder/spi-builder-workspace/.derivedData/Build/Intermediates.noindex/Dewdrop.build/Debug-watchos/Dewdrop-t.build/DerivedSources/arm64_32 -Xcc -I/Users/admin/builder/spi-builder-workspace/.derivedData/Build/Intermediates.noindex/Dewdrop.build/Debug-watchos/Dewdrop-t.build/DerivedSources -Xcc -DSWIFT_PACKAGE -Xcc -DDEBUG\=1 -emit-objc-header -emit-objc-header-path /Users/admin/builder/spi-builder-workspace/.derivedData/Build/Intermediates.noindex/Dewdrop.build/Debug-watchos/Dewdrop-t.build/Objects-normal/arm64_32/Dewdrop-Swift.h -working-directory /Users/admin/builder/spi-builder-workspace/.swiftpm/xcode -experimental-emit-module-separately -disable-cmo
SwiftMergeGeneratedHeaders /Users/admin/builder/spi-builder-workspace/.derivedData/Build/Intermediates.noindex/GeneratedModuleMaps-watchos/Dewdrop-Swift.h /Users/admin/builder/spi-builder-workspace/.derivedData/Build/Intermediates.noindex/Dewdrop.build/Debug-watchos/Dewdrop-t.build/Objects-normal/arm64/Dewdrop-Swift.h /Users/admin/builder/spi-builder-workspace/.derivedData/Build/Intermediates.noindex/Dewdrop.build/Debug-watchos/Dewdrop-t.build/Objects-normal/arm64_32/Dewdrop-Swift.h (in target 'Dewdrop' from project 'Dewdrop')
    cd /Users/admin/builder/spi-builder-workspace/.dependencies/checkouts/Dewdrop
    builtin-swiftHeaderTool -arch arm64 /Users/admin/builder/spi-builder-workspace/.derivedData/Build/Intermediates.noindex/Dewdrop.build/Debug-watchos/Dewdrop-t.build/Objects-normal/arm64/Dewdrop-Swift.h -arch arm64_32 /Users/admin/builder/spi-builder-workspace/.derivedData/Build/Intermediates.noindex/Dewdrop.build/Debug-watchos/Dewdrop-t.build/Objects-normal/arm64_32/Dewdrop-Swift.h -o /Users/admin/builder/spi-builder-workspace/.derivedData/Build/Intermediates.noindex/GeneratedModuleMaps-watchos/Dewdrop-Swift.h
Copy /Users/admin/builder/spi-builder-workspace/.derivedData/Build/Products/Debug-watchos/Dewdrop.swiftmodule/arm64_32-apple-watchos.swiftdoc /Users/admin/builder/spi-builder-workspace/.derivedData/Build/Intermediates.noindex/Dewdrop.build/Debug-watchos/Dewdrop-t.build/Objects-normal/arm64_32/Dewdrop.swiftdoc (in target 'Dewdrop' from project 'Dewdrop')
    cd /Users/admin/builder/spi-builder-workspace/.dependencies/checkouts/Dewdrop
    builtin-copy -exclude .DS_Store -exclude CVS -exclude .svn -exclude .git -exclude .hg -resolve-src-symlinks -rename /Users/admin/builder/spi-builder-workspace/.derivedData/Build/Intermediates.noindex/Dewdrop.build/Debug-watchos/Dewdrop-t.build/Objects-normal/arm64_32/Dewdrop.swiftdoc /Users/admin/builder/spi-builder-workspace/.derivedData/Build/Products/Debug-watchos/Dewdrop.swiftmodule/arm64_32-apple-watchos.swiftdoc
Copy /Users/admin/builder/spi-builder-workspace/.derivedData/Build/Products/Debug-watchos/Dewdrop.swiftmodule/arm64_32-apple-watchos.abi.json /Users/admin/builder/spi-builder-workspace/.derivedData/Build/Intermediates.noindex/Dewdrop.build/Debug-watchos/Dewdrop-t.build/Objects-normal/arm64_32/Dewdrop.abi.json (in target 'Dewdrop' from project 'Dewdrop')
    cd /Users/admin/builder/spi-builder-workspace/.dependencies/checkouts/Dewdrop
    builtin-copy -exclude .DS_Store -exclude CVS -exclude .svn -exclude .git -exclude .hg -resolve-src-symlinks -rename /Users/admin/builder/spi-builder-workspace/.derivedData/Build/Intermediates.noindex/Dewdrop.build/Debug-watchos/Dewdrop-t.build/Objects-normal/arm64_32/Dewdrop.abi.json /Users/admin/builder/spi-builder-workspace/.derivedData/Build/Products/Debug-watchos/Dewdrop.swiftmodule/arm64_32-apple-watchos.abi.json
Copy /Users/admin/builder/spi-builder-workspace/.derivedData/Build/Products/Debug-watchos/Dewdrop.swiftmodule/arm64_32-apple-watchos.swiftmodule /Users/admin/builder/spi-builder-workspace/.derivedData/Build/Intermediates.noindex/Dewdrop.build/Debug-watchos/Dewdrop-t.build/Objects-normal/arm64_32/Dewdrop.swiftmodule (in target 'Dewdrop' from project 'Dewdrop')
    cd /Users/admin/builder/spi-builder-workspace/.dependencies/checkouts/Dewdrop
    builtin-copy -exclude .DS_Store -exclude CVS -exclude .svn -exclude .git -exclude .hg -resolve-src-symlinks -rename /Users/admin/builder/spi-builder-workspace/.derivedData/Build/Intermediates.noindex/Dewdrop.build/Debug-watchos/Dewdrop-t.build/Objects-normal/arm64_32/Dewdrop.swiftmodule /Users/admin/builder/spi-builder-workspace/.derivedData/Build/Products/Debug-watchos/Dewdrop.swiftmodule/arm64_32-apple-watchos.swiftmodule
Copy /Users/admin/builder/spi-builder-workspace/.derivedData/Build/Products/Debug-watchos/Dewdrop.swiftmodule/Project/arm64_32-apple-watchos.swiftsourceinfo /Users/admin/builder/spi-builder-workspace/.derivedData/Build/Intermediates.noindex/Dewdrop.build/Debug-watchos/Dewdrop-t.build/Objects-normal/arm64_32/Dewdrop.swiftsourceinfo (in target 'Dewdrop' from project 'Dewdrop')
    cd /Users/admin/builder/spi-builder-workspace/.dependencies/checkouts/Dewdrop
    builtin-copy -exclude .DS_Store -exclude CVS -exclude .svn -exclude .git -exclude .hg -resolve-src-symlinks -rename /Users/admin/builder/spi-builder-workspace/.derivedData/Build/Intermediates.noindex/Dewdrop.build/Debug-watchos/Dewdrop-t.build/Objects-normal/arm64_32/Dewdrop.swiftsourceinfo /Users/admin/builder/spi-builder-workspace/.derivedData/Build/Products/Debug-watchos/Dewdrop.swiftmodule/Project/arm64_32-apple-watchos.swiftsourceinfo
SwiftDriverJobDiscovery normal arm64_32 Compiling Filter.swift, Color.swift, Content.swift, Highlight.swift, Count.swift (in target 'Dewdrop' from project 'Dewdrop')
SwiftDriver DewdropService normal arm64 com.apple.xcode.tools.swift.compiler (in target 'DewdropService' from project 'DewdropService')
    cd /Users/admin/builder/spi-builder-workspace/.swiftpm/xcode
    builtin-SwiftDriver -- /Applications/Xcode-27.0.0-Release.Candidate.app/Contents/Developer/Toolchains/XcodeDefault.xctoolchain/usr/bin/swiftc -parse-as-library -module-name DewdropService -Onone @/Users/admin/builder/spi-builder-workspace/.derivedData/Build/Intermediates.noindex/DewdropService.build/Debug-watchos/DewdropService-t.build/Objects-normal/arm64/DewdropService.SwiftFileList -DSWIFT_PACKAGE -DDEBUG -DSWIFT_MODULE_RESOURCE_BUNDLE_UNAVAILABLE -DXcode -enable-upcoming-feature ExistentialAny -plugin-path /Applications/Xcode-27.0.0-Release.Candidate.app/Contents/Developer/Toolchains/XcodeDefault.xctoolchain/usr/lib/swift/host/plugins/testing -enable-experimental-feature DebugDescriptionMacro -sdk /Applications/Xcode-27.0.0-Release.Candidate.app/Contents/Developer/Platforms/WatchOS.platform/Developer/SDKs/WatchOS27.0.sdk -target arm64-apple-watchos9.0 -g -module-cache-path /Users/admin/builder/spi-builder-workspace/.derivedData/ModuleCache.noindex -Xfrontend -serialize-debugging-options -enable-testing -index-store-path /Users/admin/builder/spi-builder-workspace/.derivedData/Index.noindex/DataStore -Xcc -D_LIBCPP_HARDENING_MODE\=_LIBCPP_HARDENING_MODE_DEBUG -swift-version 6 -I /Users/admin/builder/spi-builder-workspace/.derivedData/Build/Products/Debug-watchos -Isystem /Applications/Xcode-27.0.0-Release.Candidate.app/Contents/Developer/Platforms/WatchOS.platform/Developer/usr/lib -F /Users/admin/builder/spi-builder-workspace/.derivedData/Build/Products/Debug-watchos/PackageFrameworks -F /Users/admin/builder/spi-builder-workspace/.derivedData/Build/Products/Debug-watchos -F /Applications/Xcode-27.0.0-Release.Candidate.app/Contents/Developer/Platforms/WatchOS.platform/Developer/Library/Frameworks -F /Applications/Xcode-27.0.0-Release.Candidate.app/Contents/Developer/Platforms/WatchOS.platform/Developer/SDKs/WatchOS27.0.sdk/Developer/Library/Frameworks -Xfrontend -load-plugin-executable -Xfrontend /Users/admin/builder/spi-builder-workspace/.derivedData/Build/Products/Debug/MemberwiseInitMacros\#MemberwiseInitMacros -c -j10 -enable-batch-mode -incremental -Xcc -ivfsstatcache -Xcc /Users/admin/builder/spi-builder-workspace/.derivedData/SDKStatCaches.noindex/watchos27.0-24R360-e829b21a6f8c9b70876ba0858053c04477534ef55a1706bf4c1112bbb242f0a2.sdkstatcache -output-file-map /Users/admin/builder/spi-builder-workspace/.derivedData/Build/Intermediates.noindex/DewdropService.build/Debug-watchos/DewdropService-t.build/Objects-normal/arm64/DewdropService-OutputFileMap.json -save-temps -no-color-diagnostics -explicit-module-build -module-cache-path /Users/admin/builder/spi-builder-workspace/.derivedData/Build/Intermediates.noindex/SwiftExplicitPrecompiledModules -clang-scanner-module-cache-path /Users/admin/builder/spi-builder-workspace/.derivedData/ModuleCache.noindex -sdk-module-cache-path /Users/admin/builder/spi-builder-workspace/.derivedData/SDKExplicitPrecompiledModules -emit-dependencies -emit-module -emit-module-path /Users/admin/builder/spi-builder-workspace/.derivedData/Build/Intermediates.noindex/DewdropService.build/Debug-watchos/DewdropService-t.build/Objects-normal/arm64/DewdropService.swiftmodule -serialize-diagnostics -dependency-scan-serialize-diagnostics-path /Users/admin/builder/spi-builder-workspace/.derivedData/Build/Intermediates.noindex/DewdropService.build/Debug-watchos/DewdropService-t.build/Objects-normal/arm64/DewdropService-dependency-scan.dia -validate-clang-modules-once -clang-build-session-file /Users/admin/builder/spi-builder-workspace/.derivedData/ModuleCache.noindex/Session.modulevalidation -Xcc -fmodules-prune-interval\=86400 -Xcc -fmodules-prune-after\=345600 -package-name spi_builder_workspace -emit-const-values -const-gather-protocols-list /Users/admin/builder/spi-builder-workspace/.derivedData/Build/Intermediates.noindex/DewdropService.build/Debug-watchos/DewdropService-t.build/Objects-normal/arm64/DewdropService_const_extract_protocols.json -Xcc -I/Users/admin/builder/spi-builder-workspace/.derivedData/Build/Products/Debug-watchos/include -Xcc -I/Users/admin/builder/spi-builder-workspace/.derivedData/Build/Intermediates.noindex/DewdropService.build/Debug-watchos/DewdropService-t.build/DerivedSources-normal/arm64 -Xcc -I/Users/admin/builder/spi-builder-workspace/.derivedData/Build/Intermediates.noindex/DewdropService.build/Debug-watchos/DewdropService-t.build/DerivedSources/arm64 -Xcc -I/Users/admin/builder/spi-builder-workspace/.derivedData/Build/Intermediates.noindex/DewdropService.build/Debug-watchos/DewdropService-t.build/DerivedSources -Xcc -DSWIFT_PACKAGE -Xcc -DDEBUG\=1 -emit-objc-header -emit-objc-header-path /Users/admin/builder/spi-builder-workspace/.derivedData/Build/Intermediates.noindex/DewdropService.build/Debug-watchos/DewdropService-t.build/Objects-normal/arm64/DewdropService-Swift.h -working-directory /Users/admin/builder/spi-builder-workspace/.swiftpm/xcode -experimental-emit-module-separately -disable-cmo
SwiftDriver DewdropService normal arm64_32 com.apple.xcode.tools.swift.compiler (in target 'DewdropService' from project 'DewdropService')
    cd /Users/admin/builder/spi-builder-workspace/.swiftpm/xcode
    builtin-SwiftDriver -- /Applications/Xcode-27.0.0-Release.Candidate.app/Contents/Developer/Toolchains/XcodeDefault.xctoolchain/usr/bin/swiftc -parse-as-library -module-name DewdropService -Onone @/Users/admin/builder/spi-builder-workspace/.derivedData/Build/Intermediates.noindex/DewdropService.build/Debug-watchos/DewdropService-t.build/Objects-normal/arm64_32/DewdropService.SwiftFileList -DSWIFT_PACKAGE -DDEBUG -DSWIFT_MODULE_RESOURCE_BUNDLE_UNAVAILABLE -DXcode -enable-upcoming-feature ExistentialAny -plugin-path /Applications/Xcode-27.0.0-Release.Candidate.app/Contents/Developer/Toolchains/XcodeDefault.xctoolchain/usr/lib/swift/host/plugins/testing -enable-experimental-feature DebugDescriptionMacro -sdk /Applications/Xcode-27.0.0-Release.Candidate.app/Contents/Developer/Platforms/WatchOS.platform/Developer/SDKs/WatchOS27.0.sdk -target arm64_32-apple-watchos9.0 -g -module-cache-path /Users/admin/builder/spi-builder-workspace/.derivedData/ModuleCache.noindex -Xfrontend -serialize-debugging-options -enable-testing -index-store-path /Users/admin/builder/spi-builder-workspace/.derivedData/Index.noindex/DataStore -Xcc -D_LIBCPP_HARDENING_MODE\=_LIBCPP_HARDENING_MODE_DEBUG -swift-version 6 -I /Users/admin/builder/spi-builder-workspace/.derivedData/Build/Products/Debug-watchos -Isystem /Applications/Xcode-27.0.0-Release.Candidate.app/Contents/Developer/Platforms/WatchOS.platform/Developer/usr/lib -F /Users/admin/builder/spi-builder-workspace/.derivedData/Build/Products/Debug-watchos/PackageFrameworks -F /Users/admin/builder/spi-builder-workspace/.derivedData/Build/Products/Debug-watchos -F /Applications/Xcode-27.0.0-Release.Candidate.app/Contents/Developer/Platforms/WatchOS.platform/Developer/Library/Frameworks -F /Applications/Xcode-27.0.0-Release.Candidate.app/Contents/Developer/Platforms/WatchOS.platform/Developer/SDKs/WatchOS27.0.sdk/Developer/Library/Frameworks -Xfrontend -load-plugin-executable -Xfrontend /Users/admin/builder/spi-builder-workspace/.derivedData/Build/Products/Debug/MemberwiseInitMacros\#MemberwiseInitMacros -c -j10 -enable-batch-mode -incremental -Xcc -ivfsstatcache -Xcc /Users/admin/builder/spi-builder-workspace/.derivedData/SDKStatCaches.noindex/watchos27.0-24R360-e829b21a6f8c9b70876ba0858053c04477534ef55a1706bf4c1112bbb242f0a2.sdkstatcache -output-file-map /Users/admin/builder/spi-builder-workspace/.derivedData/Build/Intermediates.noindex/DewdropService.build/Debug-watchos/DewdropService-t.build/Objects-normal/arm64_32/DewdropService-OutputFileMap.json -save-temps -no-color-diagnostics -explicit-module-build -module-cache-path /Users/admin/builder/spi-builder-workspace/.derivedData/Build/Intermediates.noindex/SwiftExplicitPrecompiledModules -clang-scanner-module-cache-path /Users/admin/builder/spi-builder-workspace/.derivedData/ModuleCache.noindex -sdk-module-cache-path /Users/admin/builder/spi-builder-workspace/.derivedData/SDKExplicitPrecompiledModules -emit-dependencies -emit-module -emit-module-path /Users/admin/builder/spi-builder-workspace/.derivedData/Build/Intermediates.noindex/DewdropService.build/Debug-watchos/DewdropService-t.build/Objects-normal/arm64_32/DewdropService.swiftmodule -serialize-diagnostics -dependency-scan-serialize-diagnostics-path /Users/admin/builder/spi-builder-workspace/.derivedData/Build/Intermediates.noindex/DewdropService.build/Debug-watchos/DewdropService-t.build/Objects-normal/arm64_32/DewdropService-dependency-scan.dia -validate-clang-modules-once -clang-build-session-file /Users/admin/builder/spi-builder-workspace/.derivedData/ModuleCache.noindex/Session.modulevalidation -Xcc -fmodules-prune-interval\=86400 -Xcc -fmodules-prune-after\=345600 -package-name spi_builder_workspace -emit-const-values -const-gather-protocols-list /Users/admin/builder/spi-builder-workspace/.derivedData/Build/Intermediates.noindex/DewdropService.build/Debug-watchos/DewdropService-t.build/Objects-normal/arm64_32/DewdropService_const_extract_protocols.json -Xcc -I/Users/admin/builder/spi-builder-workspace/.derivedData/Build/Products/Debug-watchos/include -Xcc -I/Users/admin/builder/spi-builder-workspace/.derivedData/Build/Intermediates.noindex/DewdropService.build/Debug-watchos/DewdropService-t.build/DerivedSources-normal/arm64_32 -Xcc -I/Users/admin/builder/spi-builder-workspace/.derivedData/Build/Intermediates.noindex/DewdropService.build/Debug-watchos/DewdropService-t.build/DerivedSources/arm64_32 -Xcc -I/Users/admin/builder/spi-builder-workspace/.derivedData/Build/Intermediates.noindex/DewdropService.build/Debug-watchos/DewdropService-t.build/DerivedSources -Xcc -DSWIFT_PACKAGE -Xcc -DDEBUG\=1 -emit-objc-header -emit-objc-header-path /Users/admin/builder/spi-builder-workspace/.derivedData/Build/Intermediates.noindex/DewdropService.build/Debug-watchos/DewdropService-t.build/Objects-normal/arm64_32/DewdropService-Swift.h -working-directory /Users/admin/builder/spi-builder-workspace/.swiftpm/xcode -experimental-emit-module-separately -disable-cmo
SwiftDriverJobDiscovery normal arm64_32 Compiling Level.swift, Permissions.swift, Collaborator.swift, Invitation.swift, Role.swift (in target 'Dewdrop' from project 'Dewdrop')
SwiftDriver\ Compilation Dewdrop normal arm64_32 com.apple.xcode.tools.swift.compiler (in target 'Dewdrop' from project 'Dewdrop')
    cd /Users/admin/builder/spi-builder-workspace/.swiftpm/xcode
    builtin-Swift-Compilation -- /Applications/Xcode-27.0.0-Release.Candidate.app/Contents/Developer/Toolchains/XcodeDefault.xctoolchain/usr/bin/swiftc -parse-as-library -module-name Dewdrop -Onone @/Users/admin/builder/spi-builder-workspace/.derivedData/Build/Intermediates.noindex/Dewdrop.build/Debug-watchos/Dewdrop-t.build/Objects-normal/arm64_32/Dewdrop.SwiftFileList -DSWIFT_PACKAGE -DDEBUG -DSWIFT_MODULE_RESOURCE_BUNDLE_UNAVAILABLE -DXcode -enable-upcoming-feature ExistentialAny -enable-experimental-feature StrictConcurrency -plugin-path /Applications/Xcode-27.0.0-Release.Candidate.app/Contents/Developer/Toolchains/XcodeDefault.xctoolchain/usr/lib/swift/host/plugins/testing -enable-experimental-feature DebugDescriptionMacro -sdk /Applications/Xcode-27.0.0-Release.Candidate.app/Contents/Developer/Platforms/WatchOS.platform/Developer/SDKs/WatchOS27.0.sdk -target arm64_32-apple-watchos9.0 -g -module-cache-path /Users/admin/builder/spi-builder-workspace/.derivedData/ModuleCache.noindex -Xfrontend -serialize-debugging-options -enable-testing -suppress-warnings -index-store-path /Users/admin/builder/spi-builder-workspace/.derivedData/Index.noindex/DataStore -Xcc -D_LIBCPP_HARDENING_MODE\=_LIBCPP_HARDENING_MODE_DEBUG -swift-version 6 -I /Users/admin/builder/spi-builder-workspace/.derivedData/Build/Products/Debug-watchos -Isystem /Applications/Xcode-27.0.0-Release.Candidate.app/Contents/Developer/Platforms/WatchOS.platform/Developer/usr/lib -F /Users/admin/builder/spi-builder-workspace/.derivedData/Build/Products/Debug-watchos/PackageFrameworks -F /Users/admin/builder/spi-builder-workspace/.derivedData/Build/Products/Debug-watchos -F /Applications/Xcode-27.0.0-Release.Candidate.app/Contents/Developer/Platforms/WatchOS.platform/Developer/Library/Frameworks -F /Applications/Xcode-27.0.0-Release.Candidate.app/Contents/Developer/Platforms/WatchOS.platform/Developer/SDKs/WatchOS27.0.sdk/Developer/Library/Frameworks -Xfrontend -load-plugin-executable -Xfrontend /Users/admin/builder/spi-builder-workspace/.derivedData/Build/Products/Debug/MemberwiseInitMacros\#MemberwiseInitMacros -c -j10 -enable-batch-mode -incremental -Xcc -ivfsstatcache -Xcc /Users/admin/builder/spi-builder-workspace/.derivedData/SDKStatCaches.noindex/watchos27.0-24R360-e829b21a6f8c9b70876ba0858053c04477534ef55a1706bf4c1112bbb242f0a2.sdkstatcache -output-file-map /Users/admin/builder/spi-builder-workspace/.derivedData/Build/Intermediates.noindex/Dewdrop.build/Debug-watchos/Dewdrop-t.build/Objects-normal/arm64_32/Dewdrop-OutputFileMap.json -save-temps -no-color-diagnostics -explicit-module-build -module-cache-path /Users/admin/builder/spi-builder-workspace/.derivedData/Build/Intermediates.noindex/SwiftExplicitPrecompiledModules -clang-scanner-module-cache-path /Users/admin/builder/spi-builder-workspace/.derivedData/ModuleCache.noindex -sdk-module-cache-path /Users/admin/builder/spi-builder-workspace/.derivedData/SDKExplicitPrecompiledModules -emit-dependencies -emit-module -emit-module-path /Users/admin/builder/spi-builder-workspace/.derivedData/Build/Intermediates.noindex/Dewdrop.build/Debug-watchos/Dewdrop-t.build/Objects-normal/arm64_32/Dewdrop.swiftmodule -serialize-diagnostics -dependency-scan-serialize-diagnostics-path /Users/admin/builder/spi-builder-workspace/.derivedData/Build/Intermediates.noindex/Dewdrop.build/Debug-watchos/Dewdrop-t.build/Objects-normal/arm64_32/Dewdrop-dependency-scan.dia -validate-clang-modules-once -clang-build-session-file /Users/admin/builder/spi-builder-workspace/.derivedData/ModuleCache.noindex/Session.modulevalidation -Xcc -fmodules-prune-interval\=86400 -Xcc -fmodules-prune-after\=345600 -package-name dewdrop -emit-const-values -const-gather-protocols-list /Users/admin/builder/spi-builder-workspace/.derivedData/Build/Intermediates.noindex/Dewdrop.build/Debug-watchos/Dewdrop-t.build/Objects-normal/arm64_32/Dewdrop_const_extract_protocols.json -Xcc -I/Users/admin/builder/spi-builder-workspace/.derivedData/Build/Products/Debug-watchos/include -Xcc -I/Users/admin/builder/spi-builder-workspace/.derivedData/Build/Intermediates.noindex/Dewdrop.build/Debug-watchos/Dewdrop-t.build/DerivedSources-normal/arm64_32 -Xcc -I/Users/admin/builder/spi-builder-workspace/.derivedData/Build/Intermediates.noindex/Dewdrop.build/Debug-watchos/Dewdrop-t.build/DerivedSources/arm64_32 -Xcc -I/Users/admin/builder/spi-builder-workspace/.derivedData/Build/Intermediates.noindex/Dewdrop.build/Debug-watchos/Dewdrop-t.build/DerivedSources -Xcc -DSWIFT_PACKAGE -Xcc -DDEBUG\=1 -emit-objc-header -emit-objc-header-path /Users/admin/builder/spi-builder-workspace/.derivedData/Build/Intermediates.noindex/Dewdrop.build/Debug-watchos/Dewdrop-t.build/Objects-normal/arm64_32/Dewdrop-Swift.h -working-directory /Users/admin/builder/spi-builder-workspace/.swiftpm/xcode -experimental-emit-module-separately -disable-cmo
Ld /Users/admin/builder/spi-builder-workspace/.derivedData/Build/Intermediates.noindex/Dewdrop.build/Debug-watchos/Dewdrop-t.build/Objects-normal/arm64_32/Binary/Dewdrop.o normal arm64_32 (in target 'Dewdrop' from project 'Dewdrop')
    cd /Users/admin/builder/spi-builder-workspace/.dependencies/checkouts/Dewdrop
    /Applications/Xcode-27.0.0-Release.Candidate.app/Contents/Developer/Toolchains/XcodeDefault.xctoolchain/usr/bin/clang -Xlinker -reproducible -target arm64_32-apple-watchos9.0 -r -isysroot /Applications/Xcode-27.0.0-Release.Candidate.app/Contents/Developer/Platforms/WatchOS.platform/Developer/SDKs/WatchOS27.0.sdk -O0 -w -Xlinker -no_warn_duplicate_libraries -F/Users/admin/builder/spi-builder-workspace/.derivedData/Build/Intermediates.noindex/EagerLinkingTBDs/Debug-watchos -F/Users/admin/builder/spi-builder-workspace/.derivedData/Build/Products/Debug-watchos/PackageFrameworks -F/Users/admin/builder/spi-builder-workspace/.derivedData/Build/Products/Debug-watchos -iframework /Applications/Xcode-27.0.0-Release.Candidate.app/Contents/Developer/Platforms/WatchOS.platform/Developer/Library/Frameworks -iframework /Applications/Xcode-27.0.0-Release.Candidate.app/Contents/Developer/Platforms/WatchOS.platform/Developer/SDKs/WatchOS27.0.sdk/Developer/Library/Frameworks -filelist /Users/admin/builder/spi-builder-workspace/.derivedData/Build/Intermediates.noindex/Dewdrop.build/Debug-watchos/Dewdrop-t.build/Objects-normal/arm64_32/Dewdrop.LinkFileList -nostdlib -Xlinker -object_path_lto -Xlinker /Users/admin/builder/spi-builder-workspace/.derivedData/Build/Intermediates.noindex/Dewdrop.build/Debug-watchos/Dewdrop-t.build/Objects-normal/arm64_32/Dewdrop_lto.o -Xlinker -no_deduplicate -Xlinker -dependency_info -Xlinker /Users/admin/builder/spi-builder-workspace/.derivedData/Build/Intermediates.noindex/Dewdrop.build/Debug-watchos/Dewdrop-t.build/Objects-normal/arm64_32/Dewdrop_dependency_info.dat -fobjc-link-runtime -L/Applications/Xcode-27.0.0-Release.Candidate.app/Contents/Developer/Toolchains/XcodeDefault.xctoolchain/usr/lib/swift/watchos -L/usr/lib/swift -Xlinker -add_ast_path -Xlinker /Users/admin/builder/spi-builder-workspace/.derivedData/Build/Intermediates.noindex/Dewdrop.build/Debug-watchos/Dewdrop-t.build/Objects-normal/arm64_32/Dewdrop.swiftmodule -o /Users/admin/builder/spi-builder-workspace/.derivedData/Build/Intermediates.noindex/Dewdrop.build/Debug-watchos/Dewdrop-t.build/Objects-normal/arm64_32/Binary/Dewdrop.o
SwiftDriverJobDiscovery normal arm64 Compiling ItemType.swift, Raindrop.swift, Reminder.swift, Criterion.swift, RaindropSort.swift (in target 'Dewdrop' from project 'Dewdrop')
SwiftDriver\ Compilation Dewdrop normal arm64 com.apple.xcode.tools.swift.compiler (in target 'Dewdrop' from project 'Dewdrop')
    cd /Users/admin/builder/spi-builder-workspace/.swiftpm/xcode
    builtin-Swift-Compilation -- /Applications/Xcode-27.0.0-Release.Candidate.app/Contents/Developer/Toolchains/XcodeDefault.xctoolchain/usr/bin/swiftc -parse-as-library -module-name Dewdrop -Onone @/Users/admin/builder/spi-builder-workspace/.derivedData/Build/Intermediates.noindex/Dewdrop.build/Debug-watchos/Dewdrop-t.build/Objects-normal/arm64/Dewdrop.SwiftFileList -DSWIFT_PACKAGE -DDEBUG -DSWIFT_MODULE_RESOURCE_BUNDLE_UNAVAILABLE -DXcode -enable-upcoming-feature ExistentialAny -enable-experimental-feature StrictConcurrency -plugin-path /Applications/Xcode-27.0.0-Release.Candidate.app/Contents/Developer/Toolchains/XcodeDefault.xctoolchain/usr/lib/swift/host/plugins/testing -enable-experimental-feature DebugDescriptionMacro -sdk /Applications/Xcode-27.0.0-Release.Candidate.app/Contents/Developer/Platforms/WatchOS.platform/Developer/SDKs/WatchOS27.0.sdk -target arm64-apple-watchos9.0 -g -module-cache-path /Users/admin/builder/spi-builder-workspace/.derivedData/ModuleCache.noindex -Xfrontend -serialize-debugging-options -enable-testing -suppress-warnings -index-store-path /Users/admin/builder/spi-builder-workspace/.derivedData/Index.noindex/DataStore -Xcc -D_LIBCPP_HARDENING_MODE\=_LIBCPP_HARDENING_MODE_DEBUG -swift-version 6 -I /Users/admin/builder/spi-builder-workspace/.derivedData/Build/Products/Debug-watchos -Isystem /Applications/Xcode-27.0.0-Release.Candidate.app/Contents/Developer/Platforms/WatchOS.platform/Developer/usr/lib -F /Users/admin/builder/spi-builder-workspace/.derivedData/Build/Products/Debug-watchos/PackageFrameworks -F /Users/admin/builder/spi-builder-workspace/.derivedData/Build/Products/Debug-watchos -F /Applications/Xcode-27.0.0-Release.Candidate.app/Contents/Developer/Platforms/WatchOS.platform/Developer/Library/Frameworks -F /Applications/Xcode-27.0.0-Release.Candidate.app/Contents/Developer/Platforms/WatchOS.platform/Developer/SDKs/WatchOS27.0.sdk/Developer/Library/Frameworks -Xfrontend -load-plugin-executable -Xfrontend /Users/admin/builder/spi-builder-workspace/.derivedData/Build/Products/Debug/MemberwiseInitMacros\#MemberwiseInitMacros -c -j10 -enable-batch-mode -incremental -Xcc -ivfsstatcache -Xcc /Users/admin/builder/spi-builder-workspace/.derivedData/SDKStatCaches.noindex/watchos27.0-24R360-e829b21a6f8c9b70876ba0858053c04477534ef55a1706bf4c1112bbb242f0a2.sdkstatcache -output-file-map /Users/admin/builder/spi-builder-workspace/.derivedData/Build/Intermediates.noindex/Dewdrop.build/Debug-watchos/Dewdrop-t.build/Objects-normal/arm64/Dewdrop-OutputFileMap.json -save-temps -no-color-diagnostics -explicit-module-build -module-cache-path /Users/admin/builder/spi-builder-workspace/.derivedData/Build/Intermediates.noindex/SwiftExplicitPrecompiledModules -clang-scanner-module-cache-path /Users/admin/builder/spi-builder-workspace/.derivedData/ModuleCache.noindex -sdk-module-cache-path /Users/admin/builder/spi-builder-workspace/.derivedData/SDKExplicitPrecompiledModules -emit-dependencies -emit-module -emit-module-path /Users/admin/builder/spi-builder-workspace/.derivedData/Build/Intermediates.noindex/Dewdrop.build/Debug-watchos/Dewdrop-t.build/Objects-normal/arm64/Dewdrop.swiftmodule -serialize-diagnostics -dependency-scan-serialize-diagnostics-path /Users/admin/builder/spi-builder-workspace/.derivedData/Build/Intermediates.noindex/Dewdrop.build/Debug-watchos/Dewdrop-t.build/Objects-normal/arm64/Dewdrop-dependency-scan.dia -validate-clang-modules-once -clang-build-session-file /Users/admin/builder/spi-builder-workspace/.derivedData/ModuleCache.noindex/Session.modulevalidation -Xcc -fmodules-prune-interval\=86400 -Xcc -fmodules-prune-after\=345600 -package-name dewdrop -emit-const-values -const-gather-protocols-list /Users/admin/builder/spi-builder-workspace/.derivedData/Build/Intermediates.noindex/Dewdrop.build/Debug-watchos/Dewdrop-t.build/Objects-normal/arm64/Dewdrop_const_extract_protocols.json -Xcc -I/Users/admin/builder/spi-builder-workspace/.derivedData/Build/Products/Debug-watchos/include -Xcc -I/Users/admin/builder/spi-builder-workspace/.derivedData/Build/Intermediates.noindex/Dewdrop.build/Debug-watchos/Dewdrop-t.build/DerivedSources-normal/arm64 -Xcc -I/Users/admin/builder/spi-builder-workspace/.derivedData/Build/Intermediates.noindex/Dewdrop.build/Debug-watchos/Dewdrop-t.build/DerivedSources/arm64 -Xcc -I/Users/admin/builder/spi-builder-workspace/.derivedData/Build/Intermediates.noindex/Dewdrop.build/Debug-watchos/Dewdrop-t.build/DerivedSources -Xcc -DSWIFT_PACKAGE -Xcc -DDEBUG\=1 -emit-objc-header -emit-objc-header-path /Users/admin/builder/spi-builder-workspace/.derivedData/Build/Intermediates.noindex/Dewdrop.build/Debug-watchos/Dewdrop-t.build/Objects-normal/arm64/Dewdrop-Swift.h -working-directory /Users/admin/builder/spi-builder-workspace/.swiftpm/xcode -experimental-emit-module-separately -disable-cmo
Ld /Users/admin/builder/spi-builder-workspace/.derivedData/Build/Intermediates.noindex/Dewdrop.build/Debug-watchos/Dewdrop-t.build/Objects-normal/arm64/Binary/Dewdrop.o normal arm64 (in target 'Dewdrop' from project 'Dewdrop')
    cd /Users/admin/builder/spi-builder-workspace/.dependencies/checkouts/Dewdrop
    /Applications/Xcode-27.0.0-Release.Candidate.app/Contents/Developer/Toolchains/XcodeDefault.xctoolchain/usr/bin/clang -Xlinker -reproducible -target arm64-apple-watchos9.0 -r -isysroot /Applications/Xcode-27.0.0-Release.Candidate.app/Contents/Developer/Platforms/WatchOS.platform/Developer/SDKs/WatchOS27.0.sdk -O0 -w -Xlinker -no_warn_duplicate_libraries -F/Users/admin/builder/spi-builder-workspace/.derivedData/Build/Intermediates.noindex/EagerLinkingTBDs/Debug-watchos -F/Users/admin/builder/spi-builder-workspace/.derivedData/Build/Products/Debug-watchos/PackageFrameworks -F/Users/admin/builder/spi-builder-workspace/.derivedData/Build/Products/Debug-watchos -iframework /Applications/Xcode-27.0.0-Release.Candidate.app/Contents/Developer/Platforms/WatchOS.platform/Developer/Library/Frameworks -iframework /Applications/Xcode-27.0.0-Release.Candidate.app/Contents/Developer/Platforms/WatchOS.platform/Developer/SDKs/WatchOS27.0.sdk/Developer/Library/Frameworks -filelist /Users/admin/builder/spi-builder-workspace/.derivedData/Build/Intermediates.noindex/Dewdrop.build/Debug-watchos/Dewdrop-t.build/Objects-normal/arm64/Dewdrop.LinkFileList -nostdlib -Xlinker -object_path_lto -Xlinker /Users/admin/builder/spi-builder-workspace/.derivedData/Build/Intermediates.noindex/Dewdrop.build/Debug-watchos/Dewdrop-t.build/Objects-normal/arm64/Dewdrop_lto.o -Xlinker -no_deduplicate -Xlinker -dependency_info -Xlinker /Users/admin/builder/spi-builder-workspace/.derivedData/Build/Intermediates.noindex/Dewdrop.build/Debug-watchos/Dewdrop-t.build/Objects-normal/arm64/Dewdrop_dependency_info.dat -fobjc-link-runtime -L/Applications/Xcode-27.0.0-Release.Candidate.app/Contents/Developer/Toolchains/XcodeDefault.xctoolchain/usr/lib/swift/watchos -L/usr/lib/swift -Xlinker -add_ast_path -Xlinker /Users/admin/builder/spi-builder-workspace/.derivedData/Build/Intermediates.noindex/Dewdrop.build/Debug-watchos/Dewdrop-t.build/Objects-normal/arm64/Dewdrop.swiftmodule -o /Users/admin/builder/spi-builder-workspace/.derivedData/Build/Intermediates.noindex/Dewdrop.build/Debug-watchos/Dewdrop-t.build/Objects-normal/arm64/Binary/Dewdrop.o
CreateUniversalBinary /Users/admin/builder/spi-builder-workspace/.derivedData/Build/Products/Debug-watchos/Dewdrop.o normal arm64\ arm64_32 (in target 'Dewdrop' from project 'Dewdrop')
    cd /Users/admin/builder/spi-builder-workspace/.dependencies/checkouts/Dewdrop
    /Applications/Xcode-27.0.0-Release.Candidate.app/Contents/Developer/Toolchains/XcodeDefault.xctoolchain/usr/bin/lipo -create /Users/admin/builder/spi-builder-workspace/.derivedData/Build/Intermediates.noindex/Dewdrop.build/Debug-watchos/Dewdrop-t.build/Objects-normal/arm64/Binary/Dewdrop.o /Users/admin/builder/spi-builder-workspace/.derivedData/Build/Intermediates.noindex/Dewdrop.build/Debug-watchos/Dewdrop-t.build/Objects-normal/arm64_32/Binary/Dewdrop.o -output /Users/admin/builder/spi-builder-workspace/.derivedData/Build/Products/Debug-watchos/Dewdrop.o
ExtractAppIntentsMetadata (in target 'Dewdrop' from project 'Dewdrop')
    cd /Users/admin/builder/spi-builder-workspace/.dependencies/checkouts/Dewdrop
    /Applications/Xcode-27.0.0-Release.Candidate.app/Contents/Developer/Toolchains/XcodeDefault.xctoolchain/usr/bin/appintentsmetadataprocessor --toolchain-dir /var/run/com.apple.security.cryptexd/mnt/com.apple.MobileAsset.MetalToolchain-v27.1.266.1.2xDXkZ/Metal.xctoolchain --module-name Dewdrop --sdk-root /Applications/Xcode-27.0.0-Release.Candidate.app/Contents/Developer/Platforms/WatchOS.platform/Developer/SDKs/WatchOS27.0.sdk --xcode-version 27A266a --platform-family watchOS --deployment-target 9.0 --bundle-identifier dewdrop.Dewdrop --output /Users/admin/builder/spi-builder-workspace/.derivedData/Build/Products/Debug-watchos/Dewdrop.appintents --target-triple arm64-apple-watchos9.0 --target-triple arm64_32-apple-watchos9.0 --binary-file /Users/admin/builder/spi-builder-workspace/.derivedData/Build/Products/Debug-watchos/Dewdrop.o --dependency-file /Users/admin/builder/spi-builder-workspace/.derivedData/Build/Intermediates.noindex/Dewdrop.build/Debug-watchos/Dewdrop-t.build/Objects-normal/arm64/Dewdrop_dependency_info.dat --dependency-file /Users/admin/builder/spi-builder-workspace/.derivedData/Build/Intermediates.noindex/Dewdrop.build/Debug-watchos/Dewdrop-t.build/Objects-normal/arm64_32/Dewdrop_dependency_info.dat --stringsdata-file /Users/admin/builder/spi-builder-workspace/.derivedData/Build/Intermediates.noindex/Dewdrop.build/Debug-watchos/Dewdrop-t.build/Objects-normal/arm64/ExtractedAppShortcutsMetadata.stringsdata --stringsdata-file /Users/admin/builder/spi-builder-workspace/.derivedData/Build/Intermediates.noindex/Dewdrop.build/Debug-watchos/Dewdrop-t.build/Objects-normal/arm64_32/ExtractedAppShortcutsMetadata.stringsdata --source-file-list /Users/admin/builder/spi-builder-workspace/.derivedData/Build/Intermediates.noindex/Dewdrop.build/Debug-watchos/Dewdrop-t.build/Objects-normal/arm64/Dewdrop.SwiftFileList --source-file-list /Users/admin/builder/spi-builder-workspace/.derivedData/Build/Intermediates.noindex/Dewdrop.build/Debug-watchos/Dewdrop-t.build/Objects-normal/arm64_32/Dewdrop.SwiftFileList --metadata-file-list /Users/admin/builder/spi-builder-workspace/.derivedData/Build/Intermediates.noindex/Dewdrop.build/Debug-watchos/Dewdrop-t.build/Dewdrop.DependencyMetadataFileList --static-metadata-file-list /Users/admin/builder/spi-builder-workspace/.derivedData/Build/Intermediates.noindex/Dewdrop.build/Debug-watchos/Dewdrop-t.build/Dewdrop.DependencyStaticMetadataFileList --swift-const-vals-list /Users/admin/builder/spi-builder-workspace/.derivedData/Build/Intermediates.noindex/Dewdrop.build/Debug-watchos/Dewdrop-t.build/Objects-normal/arm64/Dewdrop.SwiftConstValuesFileList --swift-const-vals-list /Users/admin/builder/spi-builder-workspace/.derivedData/Build/Intermediates.noindex/Dewdrop.build/Debug-watchos/Dewdrop-t.build/Objects-normal/arm64_32/Dewdrop.SwiftConstValuesFileList --force --compile-time-extraction --deployment-aware-processing --no-app-shortcuts-localization
2026-09-22 04:16:55.216 appintentsmetadataprocessor[1969:10145] Starting appintentsmetadataprocessor export
2026-09-22 04:16:55.279 appintentsmetadataprocessor[1969:10145] Extracted no relevant App Intents symbols, skipping writing output
SwiftCompile normal arm64 Compiling\ TagFields.swift,\ UserAuthenticatedFields.swift,\ UserFields.swift,\ Backup.swift /Users/admin/builder/spi-builder-workspace/Sources/DewdropService/Fields/TagFields.swift /Users/admin/builder/spi-builder-workspace/Sources/DewdropService/Fields/UserAuthenticatedFields.swift /Users/admin/builder/spi-builder-workspace/Sources/DewdropService/Fields/UserFields.swift /Users/admin/builder/spi-builder-workspace/Sources/DewdropService/Models/Backup.swift (in target 'DewdropService' from project 'DewdropService')
SwiftCompile normal arm64 /Users/admin/builder/spi-builder-workspace/Sources/DewdropService/Fields/TagFields.swift (in target 'DewdropService' from project 'DewdropService')
    cd /Users/admin/builder/spi-builder-workspace/.swiftpm/xcode
    builtin-SwiftPerFileCompile TagFields.swift
SwiftCompile normal arm64 /Users/admin/builder/spi-builder-workspace/Sources/DewdropService/Fields/UserAuthenticatedFields.swift (in target 'DewdropService' from project 'DewdropService')
    cd /Users/admin/builder/spi-builder-workspace/.swiftpm/xcode
    builtin-SwiftPerFileCompile UserAuthenticatedFields.swift
SwiftCompile normal arm64 /Users/admin/builder/spi-builder-workspace/Sources/DewdropService/Fields/UserFields.swift (in target 'DewdropService' from project 'DewdropService')
    cd /Users/admin/builder/spi-builder-workspace/.swiftpm/xcode
    builtin-SwiftPerFileCompile UserFields.swift
SwiftCompile normal arm64 /Users/admin/builder/spi-builder-workspace/Sources/DewdropService/Models/Backup.swift (in target 'DewdropService' from project 'DewdropService')
    cd /Users/admin/builder/spi-builder-workspace/.swiftpm/xcode
    builtin-SwiftPerFileCompile Backup.swift
SwiftCompile normal arm64 Compiling\ Highlight.swift,\ Media.swift,\ Raindrop.swift,\ Tag.swift /Users/admin/builder/spi-builder-workspace/Sources/DewdropService/Models/Highlight.swift /Users/admin/builder/spi-builder-workspace/Sources/DewdropService/Models/Media.swift /Users/admin/builder/spi-builder-workspace/Sources/DewdropService/Models/Raindrop.swift /Users/admin/builder/spi-builder-workspace/Sources/DewdropService/Models/Tag.swift (in target 'DewdropService' from project 'DewdropService')
SwiftCompile normal arm64 /Users/admin/builder/spi-builder-workspace/Sources/DewdropService/Models/Highlight.swift (in target 'DewdropService' from project 'DewdropService')
    cd /Users/admin/builder/spi-builder-workspace/.swiftpm/xcode
    builtin-SwiftPerFileCompile Highlight.swift
SwiftCompile normal arm64 /Users/admin/builder/spi-builder-workspace/Sources/DewdropService/Models/Media.swift (in target 'DewdropService' from project 'DewdropService')
    cd /Users/admin/builder/spi-builder-workspace/.swiftpm/xcode
    builtin-SwiftPerFileCompile Media.swift
SwiftCompile normal arm64 /Users/admin/builder/spi-builder-workspace/Sources/DewdropService/Models/Raindrop.swift (in target 'DewdropService' from project 'DewdropService')
    cd /Users/admin/builder/spi-builder-workspace/.swiftpm/xcode
    builtin-SwiftPerFileCompile Raindrop.swift
SwiftCompile normal arm64 /Users/admin/builder/spi-builder-workspace/Sources/DewdropService/Models/Tag.swift (in target 'DewdropService' from project 'DewdropService')
    cd /Users/admin/builder/spi-builder-workspace/.swiftpm/xcode
    builtin-SwiftPerFileCompile Tag.swift
SwiftCompile normal arm64 Compiling\ FolderFields.swift,\ GroupFields.swift,\ HighlightFields.swift,\ IDFields.swift /Users/admin/builder/spi-builder-workspace/Sources/DewdropService/Fields/FolderFields.swift /Users/admin/builder/spi-builder-workspace/Sources/DewdropService/Fields/GroupFields.swift /Users/admin/builder/spi-builder-workspace/Sources/DewdropService/Fields/HighlightFields.swift /Users/admin/builder/spi-builder-workspace/Sources/DewdropService/Fields/IDFields.swift (in target 'DewdropService' from project 'DewdropService')
SwiftCompile normal arm64 /Users/admin/builder/spi-builder-workspace/Sources/DewdropService/Fields/FolderFields.swift (in target 'DewdropService' from project 'DewdropService')
    cd /Users/admin/builder/spi-builder-workspace/.swiftpm/xcode
    builtin-SwiftPerFileCompile FolderFields.swift
SwiftCompile normal arm64 /Users/admin/builder/spi-builder-workspace/Sources/DewdropService/Fields/GroupFields.swift (in target 'DewdropService' from project 'DewdropService')
    cd /Users/admin/builder/spi-builder-workspace/.swiftpm/xcode
    builtin-SwiftPerFileCompile GroupFields.swift
SwiftCompile normal arm64 /Users/admin/builder/spi-builder-workspace/Sources/DewdropService/Fields/HighlightFields.swift (in target 'DewdropService' from project 'DewdropService')
    cd /Users/admin/builder/spi-builder-workspace/.swiftpm/xcode
    builtin-SwiftPerFileCompile HighlightFields.swift
SwiftCompile normal arm64 /Users/admin/builder/spi-builder-workspace/Sources/DewdropService/Fields/IDFields.swift (in target 'DewdropService' from project 'DewdropService')
    cd /Users/admin/builder/spi-builder-workspace/.swiftpm/xcode
    builtin-SwiftPerFileCompile IDFields.swift
SwiftCompile normal arm64 Compiling\ ImportFields.swift,\ InfoFields.swift,\ MediaFields.swift,\ RaindropFields.swift /Users/admin/builder/spi-builder-workspace/Sources/DewdropService/Fields/ImportFields.swift /Users/admin/builder/spi-builder-workspace/Sources/DewdropService/Fields/InfoFields.swift /Users/admin/builder/spi-builder-workspace/Sources/DewdropService/Fields/MediaFields.swift /Users/admin/builder/spi-builder-workspace/Sources/DewdropService/Fields/RaindropFields.swift (in target 'DewdropService' from project 'DewdropService')
/Users/admin/builder/spi-builder-workspace/Sources/DewdropService/Fields/RaindropFields.swift:4:15: error: struct 'ImpossibleFields' does not exist in module 'Catena'
 2 |
 3 | import struct Dewdrop.Raindrop
 4 | import struct Catena.ImpossibleFields
   |               `- error: struct 'ImpossibleFields' does not exist in module 'Catena'
 5 | import protocol Catena.Valued
 6 | import protocol Catena.Fields
/Users/admin/builder/spi-builder-workspace/Sources/DewdropService/Fields/RaindropFields.swift:13:11: error: cannot find type 'ImpossibleFields' in scope
11 |
12 | // MARK: -
13 | extension ImpossibleFields: RaindropFields where Model == Raindrop {}
   |           `- error: cannot find type 'ImpossibleFields' in scope
14 |
Failed frontend command:
/Applications/Xcode-27.0.0-Release.Candidate.app/Contents/Developer/Toolchains/XcodeDefault.xctoolchain/usr/bin/swift-frontend -frontend -c /Users/admin/builder/spi-builder-workspace/Sources/DewdropService/Fields/BackupFields.swift /Users/admin/builder/spi-builder-workspace/Sources/DewdropService/Fields/CollaboratorFields.swift /Users/admin/builder/spi-builder-workspace/Sources/DewdropService/Fields/CollectionFields.swift /Users/admin/builder/spi-builder-workspace/Sources/DewdropService/Fields/FilterFields.swift /Users/admin/builder/spi-builder-workspace/Sources/DewdropService/Fields/FolderFields.swift /Users/admin/builder/spi-builder-workspace/Sources/DewdropService/Fields/GroupFields.swift /Users/admin/builder/spi-builder-workspace/Sources/DewdropService/Fields/HighlightFields.swift /Users/admin/builder/spi-builder-workspace/Sources/DewdropService/Fields/IDFields.swift -primary-file /Users/admin/builder/spi-builder-workspace/Sources/DewdropService/Fields/ImportFields.swift -primary-file /Users/admin/builder/spi-builder-workspace/Sources/DewdropService/Fields/InfoFields.swift -primary-file /Users/admin/builder/spi-builder-workspace/Sources/DewdropService/Fields/MediaFields.swift -primary-file /Users/admin/builder/spi-builder-workspace/Sources/DewdropService/Fields/RaindropFields.swift /Users/admin/builder/spi-builder-workspace/Sources/DewdropService/Fields/TagFields.swift /Users/admin/builder/spi-builder-workspace/Sources/DewdropService/Fields/UserAuthenticatedFields.swift /Users/admin/builder/spi-builder-workspace/Sources/DewdropService/Fields/UserFields.swift /Users/admin/builder/spi-builder-workspace/Sources/DewdropService/Models/Backup.swift /Users/admin/builder/spi-builder-workspace/Sources/DewdropService/Models/Collaborator.swift /Users/admin/builder/spi-builder-workspace/Sources/DewdropService/Models/Collection.swift /Users/admin/builder/spi-builder-workspace/Sources/DewdropService/Models/Filter.swift /Users/admin/builder/spi-builder-workspace/Sources/DewdropService/Models/Group.swift /Users/admin/builder/spi-builder-workspace/Sources/DewdropService/Models/Highlight.swift /Users/admin/builder/spi-builder-workspace/Sources/DewdropService/Models/Media.swift /Users/admin/builder/spi-builder-workspace/Sources/DewdropService/Models/Raindrop.swift /Users/admin/builder/spi-builder-workspace/Sources/DewdropService/Models/Tag.swift /Users/admin/builder/spi-builder-workspace/Sources/DewdropService/Models/Tagging.swift /Users/admin/builder/spi-builder-workspace/Sources/DewdropService/Models/User.swift /Users/admin/builder/spi-builder-workspace/Sources/DewdropService/Specs/AccessTokenSpec.swift /Users/admin/builder/spi-builder-workspace/Sources/DewdropService/Specs/BackupSpec.swift /Users/admin/builder/spi-builder-workspace/Sources/DewdropService/Specs/CollaboratorSpec.swift /Users/admin/builder/spi-builder-workspace/Sources/DewdropService/Specs/CollectionSpec.swift /Users/admin/builder/spi-builder-workspace/Sources/DewdropService/Specs/ExportSpec.swift /Users/admin/builder/spi-builder-workspace/Sources/DewdropService/Specs/FilterSpec.swift /Users/admin/builder/spi-builder-workspace/Sources/DewdropService/Specs/GroupSpec.swift /Users/admin/builder/spi-builder-workspace/Sources/DewdropService/Specs/HighlightSpec.swift /Users/admin/builder/spi-builder-workspace/Sources/DewdropService/Specs/ImportSpec.swift /Users/admin/builder/spi-builder-workspace/Sources/DewdropService/Specs/RaindropSpec.swift /Users/admin/builder/spi-builder-workspace/Sources/DewdropService/Specs/TagSpec.swift /Users/admin/builder/spi-builder-workspace/Sources/DewdropService/Specs/UserSpec.swift -supplementary-output-file-map /Users/admin/builder/spi-builder-workspace/.derivedData/Build/Intermediates.noindex/DewdropService.build/Debug-watchos/DewdropService-t.build/Objects-normal/arm64/supplementaryOutputs-83 -target arm64-apple-watchos9.0 -disable-cross-import-overlay-search -load-resolved-plugin /Applications/Xcode-27.0.0-Release.Candidate.app/Contents/Developer/Platforms/WatchOS.platform/Developer/usr/lib/swift/host/plugins/libFoundationMacros.dylib\#/Applications/Xcode-27.0.0-Release.Candidate.app/Contents/Developer/Platforms/WatchOS.platform/Developer/usr/bin/swift-plugin-server\#FoundationMacros -load-resolved-plugin \#/Users/admin/builder/spi-builder-workspace/.derivedData/Build/Products/Debug/MemberwiseInitMacros\#MemberwiseInitMacros -load-resolved-plugin /Applications/Xcode-27.0.0-Release.Candidate.app/Contents/Developer/Platforms/WatchOS.platform/Developer/usr/lib/swift/host/plugins/libObservationMacros.dylib\#/Applications/Xcode-27.0.0-Release.Candidate.app/Contents/Developer/Platforms/WatchOS.platform/Developer/usr/bin/swift-plugin-server\#ObservationMacros -load-resolved-plugin /Applications/Xcode-27.0.0-Release.Candidate.app/Contents/Developer/Platforms/WatchOS.platform/Developer/usr/lib/swift/host/plugins/libPreviewsMacros.dylib\#/Applications/Xcode-27.0.0-Release.Candidate.app/Contents/Developer/Platforms/WatchOS.platform/Developer/usr/bin/swift-plugin-server\#PreviewsMacros -load-resolved-plugin /Applications/Xcode-27.0.0-Release.Candidate.app/Contents/Developer/Platforms/WatchOS.platform/Developer/usr/lib/swift/host/plugins/libSwiftMacros.dylib\#/Applications/Xcode-27.0.0-Release.Candidate.app/Contents/Developer/Platforms/WatchOS.platform/Developer/usr/bin/swift-plugin-server\#SwiftMacros -load-resolved-plugin /Applications/Xcode-27.0.0-Release.Candidate.app/Contents/Developer/Platforms/WatchOS.platform/Developer/usr/lib/swift/host/plugins/libSwiftUIMacros.dylib\#/Applications/Xcode-27.0.0-Release.Candidate.app/Contents/Developer/Platforms/WatchOS.platform/Developer/usr/bin/swift-plugin-server\#SwiftUIMacros -disable-implicit-swift-modules -Xcc -fno-implicit-modules -Xcc -fno-implicit-module-maps -explicit-swift-module-map-file /Users/admin/builder/spi-builder-workspace/.derivedData/Build/Intermediates.noindex/DewdropService.build/Debug-watchos/DewdropService-t.build/Objects-normal/arm64/DewdropService-dependencies-1.json -Xllvm -aarch64-use-tbi -enable-objc-interop -stack-check -sdk /Applications/Xcode-27.0.0-Release.Candidate.app/Contents/Developer/Platforms/WatchOS.platform/Developer/SDKs/WatchOS27.0.sdk -I /Users/admin/builder/spi-builder-workspace/.derivedData/Build/Products/Debug-watchos -Isystem /Applications/Xcode-27.0.0-Release.Candidate.app/Contents/Developer/Platforms/WatchOS.platform/Developer/usr/lib -F /Users/admin/builder/spi-builder-workspace/.derivedData/Build/Products/Debug-watchos/PackageFrameworks -F /Users/admin/builder/spi-builder-workspace/.derivedData/Build/Products/Debug-watchos -F /Applications/Xcode-27.0.0-Release.Candidate.app/Contents/Developer/Platforms/WatchOS.platform/Developer/Library/Frameworks -F /Applications/Xcode-27.0.0-Release.Candidate.app/Contents/Developer/Platforms/WatchOS.platform/Developer/SDKs/WatchOS27.0.sdk/Developer/Library/Frameworks -module-cache-path /Users/admin/builder/spi-builder-workspace/.derivedData/Build/Intermediates.noindex/SwiftExplicitPrecompiledModules -no-color-diagnostics -Xcc -fno-color-diagnostics -enable-testing -g -debug-info-format\=dwarf -dwarf-version\=4 -swift-version 6 -Onone -D SWIFT_PACKAGE -D DEBUG -D SWIFT_MODULE_RESOURCE_BUNDLE_UNAVAILABLE -D Xcode -serialize-debugging-options -load-plugin-executable /Users/admin/builder/spi-builder-workspace/.derivedData/Build/Products/Debug/MemberwiseInitMacros\#MemberwiseInitMacros -enable-upcoming-feature ExistentialAny -enable-experimental-feature DebugDescriptionMacro -empty-abi-descriptor -validate-clang-modules-once -clang-build-session-file /Users/admin/builder/spi-builder-workspace/.derivedData/ModuleCache.noindex/Session.modulevalidation -Xcc -working-directory -Xcc /Users/admin/builder/spi-builder-workspace/.swiftpm/xcode -enable-anonymous-context-mangled-names -file-compilation-dir /Users/admin/builder/spi-builder-workspace/.swiftpm/xcode -Xcc -D_LIBCPP_HARDENING_MODE\=_LIBCPP_HARDENING_MODE_DEBUG -Xcc -ivfsstatcache -Xcc /Users/admin/builder/spi-builder-workspace/.derivedData/SDKStatCaches.noindex/watchos27.0-24R360-e829b21a6f8c9b70876ba0858053c04477534ef55a1706bf4c1112bbb242f0a2.sdkstatcache -Xcc -fmodules-prune-interval\=86400 -Xcc -fmodules-prune-after\=345600 -Xcc -I/Users/admin/builder/spi-builder-workspace/.derivedData/Build/Products/Debug-watchos/include -Xcc -I/Users/admin/builder/spi-builder-workspace/.derivedData/Build/Intermediates.noindex/DewdropService.build/Debug-watchos/DewdropService-t.build/DerivedSources-normal/arm64 -Xcc -I/Users/admin/builder/spi-builder-workspace/.derivedData/Build/Intermediates.noindex/DewdropService.build/Debug-watchos/DewdropService-t.build/DerivedSources/arm64 -Xcc -I/Users/admin/builder/spi-builder-workspace/.derivedData/Build/Intermediates.noindex/DewdropService.build/Debug-watchos/DewdropService-t.build/DerivedSources -Xcc -DSWIFT_PACKAGE -Xcc -DDEBUG\=1 -no-auto-bridging-header-chaining -module-name DewdropService -package-name spi_builder_workspace -const-gather-protocols-file /Users/admin/builder/spi-builder-workspace/.derivedData/Build/Intermediates.noindex/DewdropService.build/Debug-watchos/DewdropService-t.build/Objects-normal/arm64/DewdropService_const_extract_protocols.json -disable-clang-spi -clang-target arm64-apple-watchos27.0 -target-sdk-version 27.0 -target-sdk-name watchos27.0 -in-process-plugin-server-path /Applications/Xcode-27.0.0-Release.Candidate.app/Contents/Developer/Toolchains/XcodeDefault.xctoolchain/usr/lib/swift/host/libSwiftInProcPluginServer.dylib -parse-as-library -o /Users/admin/builder/spi-builder-workspace/.derivedData/Build/Intermediates.noindex/DewdropService.build/Debug-watchos/DewdropService-t.build/Objects-normal/arm64/ImportFields.o -o /Users/admin/builder/spi-builder-workspace/.derivedData/Build/Intermediates.noindex/DewdropService.build/Debug-watchos/DewdropService-t.build/Objects-normal/arm64/InfoFields.o -o /Users/admin/builder/spi-builder-workspace/.derivedData/Build/Intermediates.noindex/DewdropService.build/Debug-watchos/DewdropService-t.build/Objects-normal/arm64/MediaFields.o -o /Users/admin/builder/spi-builder-workspace/.derivedData/Build/Intermediates.noindex/DewdropService.build/Debug-watchos/DewdropService-t.build/Objects-normal/arm64/RaindropFields.o -debug-module-path /Users/admin/builder/spi-builder-workspace/.derivedData/Build/Intermediates.noindex/DewdropService.build/Debug-watchos/DewdropService-t.build/Objects-normal/arm64/DewdropService.swiftmodule -index-unit-output-path /DewdropService.build/Debug-watchos/DewdropService-t.build/Objects-normal/arm64/ImportFields.o -index-unit-output-path /DewdropService.build/Debug-watchos/DewdropService-t.build/Objects-normal/arm64/InfoFields.o -index-unit-output-path /DewdropService.build/Debug-watchos/DewdropService-t.build/Objects-normal/arm64/MediaFields.o -index-unit-output-path /DewdropService.build/Debug-watchos/DewdropService-t.build/Objects-normal/arm64/RaindropFields.o -index-store-path /Users/admin/builder/spi-builder-workspace/.derivedData/Index.noindex/DataStore -index-system-modules
SwiftCompile normal arm64 /Users/admin/builder/spi-builder-workspace/Sources/DewdropService/Fields/ImportFields.swift (in target 'DewdropService' from project 'DewdropService')
    cd /Users/admin/builder/spi-builder-workspace/.swiftpm/xcode
    builtin-SwiftPerFileCompile ImportFields.swift
SwiftCompile normal arm64 /Users/admin/builder/spi-builder-workspace/Sources/DewdropService/Fields/InfoFields.swift (in target 'DewdropService' from project 'DewdropService')
    cd /Users/admin/builder/spi-builder-workspace/.swiftpm/xcode
    builtin-SwiftPerFileCompile InfoFields.swift
SwiftCompile normal arm64 /Users/admin/builder/spi-builder-workspace/Sources/DewdropService/Fields/MediaFields.swift (in target 'DewdropService' from project 'DewdropService')
    cd /Users/admin/builder/spi-builder-workspace/.swiftpm/xcode
    builtin-SwiftPerFileCompile MediaFields.swift
SwiftCompile normal arm64 /Users/admin/builder/spi-builder-workspace/Sources/DewdropService/Fields/RaindropFields.swift (in target 'DewdropService' from project 'DewdropService')
    cd /Users/admin/builder/spi-builder-workspace/.swiftpm/xcode
    builtin-SwiftPerFileCompile RaindropFields.swift
SwiftCompile normal arm64 Compiling\ Collaborator.swift,\ Collection.swift,\ Filter.swift,\ Group.swift /Users/admin/builder/spi-builder-workspace/Sources/DewdropService/Models/Collaborator.swift /Users/admin/builder/spi-builder-workspace/Sources/DewdropService/Models/Collection.swift /Users/admin/builder/spi-builder-workspace/Sources/DewdropService/Models/Filter.swift /Users/admin/builder/spi-builder-workspace/Sources/DewdropService/Models/Group.swift (in target 'DewdropService' from project 'DewdropService')
SwiftCompile normal arm64 /Users/admin/builder/spi-builder-workspace/Sources/DewdropService/Models/Collaborator.swift (in target 'DewdropService' from project 'DewdropService')
    cd /Users/admin/builder/spi-builder-workspace/.swiftpm/xcode
    builtin-SwiftPerFileCompile Collaborator.swift
SwiftCompile normal arm64 /Users/admin/builder/spi-builder-workspace/Sources/DewdropService/Models/Collection.swift (in target 'DewdropService' from project 'DewdropService')
    cd /Users/admin/builder/spi-builder-workspace/.swiftpm/xcode
    builtin-SwiftPerFileCompile Collection.swift
SwiftCompile normal arm64 /Users/admin/builder/spi-builder-workspace/Sources/DewdropService/Models/Filter.swift (in target 'DewdropService' from project 'DewdropService')
    cd /Users/admin/builder/spi-builder-workspace/.swiftpm/xcode
    builtin-SwiftPerFileCompile Filter.swift
SwiftCompile normal arm64 /Users/admin/builder/spi-builder-workspace/Sources/DewdropService/Models/Group.swift (in target 'DewdropService' from project 'DewdropService')
    cd /Users/admin/builder/spi-builder-workspace/.swiftpm/xcode
    builtin-SwiftPerFileCompile Group.swift
SwiftCompile normal arm64 Compiling\ BackupFields.swift,\ CollaboratorFields.swift,\ CollectionFields.swift,\ FilterFields.swift /Users/admin/builder/spi-builder-workspace/Sources/DewdropService/Fields/BackupFields.swift /Users/admin/builder/spi-builder-workspace/Sources/DewdropService/Fields/CollaboratorFields.swift /Users/admin/builder/spi-builder-workspace/Sources/DewdropService/Fields/CollectionFields.swift /Users/admin/builder/spi-builder-workspace/Sources/DewdropService/Fields/FilterFields.swift (in target 'DewdropService' from project 'DewdropService')
/Users/admin/builder/spi-builder-workspace/Sources/DewdropService/Fields/CollectionFields.swift:4:15: error: struct 'ImpossibleFields' does not exist in module 'Catena'
 2 |
 3 | import struct Dewdrop.Collection
 4 | import struct Catena.ImpossibleFields
   |               `- error: struct 'ImpossibleFields' does not exist in module 'Catena'
 5 | import protocol Catena.Valued
 6 | import protocol Catena.Fields
/Users/admin/builder/spi-builder-workspace/Sources/DewdropService/Fields/CollectionFields.swift:13:11: error: cannot find type 'ImpossibleFields' in scope
11 |
12 | // MARK: -
13 | extension ImpossibleFields: CollectionFields where Model == Collection {}
   |           `- error: cannot find type 'ImpossibleFields' in scope
14 |
Failed frontend command:
/Applications/Xcode-27.0.0-Release.Candidate.app/Contents/Developer/Toolchains/XcodeDefault.xctoolchain/usr/bin/swift-frontend -frontend -c -primary-file /Users/admin/builder/spi-builder-workspace/Sources/DewdropService/Fields/BackupFields.swift -primary-file /Users/admin/builder/spi-builder-workspace/Sources/DewdropService/Fields/CollaboratorFields.swift -primary-file /Users/admin/builder/spi-builder-workspace/Sources/DewdropService/Fields/CollectionFields.swift -primary-file /Users/admin/builder/spi-builder-workspace/Sources/DewdropService/Fields/FilterFields.swift /Users/admin/builder/spi-builder-workspace/Sources/DewdropService/Fields/FolderFields.swift /Users/admin/builder/spi-builder-workspace/Sources/DewdropService/Fields/GroupFields.swift /Users/admin/builder/spi-builder-workspace/Sources/DewdropService/Fields/HighlightFields.swift /Users/admin/builder/spi-builder-workspace/Sources/DewdropService/Fields/IDFields.swift /Users/admin/builder/spi-builder-workspace/Sources/DewdropService/Fields/ImportFields.swift /Users/admin/builder/spi-builder-workspace/Sources/DewdropService/Fields/InfoFields.swift /Users/admin/builder/spi-builder-workspace/Sources/DewdropService/Fields/MediaFields.swift /Users/admin/builder/spi-builder-workspace/Sources/DewdropService/Fields/RaindropFields.swift /Users/admin/builder/spi-builder-workspace/Sources/DewdropService/Fields/TagFields.swift /Users/admin/builder/spi-builder-workspace/Sources/DewdropService/Fields/UserAuthenticatedFields.swift /Users/admin/builder/spi-builder-workspace/Sources/DewdropService/Fields/UserFields.swift /Users/admin/builder/spi-builder-workspace/Sources/DewdropService/Models/Backup.swift /Users/admin/builder/spi-builder-workspace/Sources/DewdropService/Models/Collaborator.swift /Users/admin/builder/spi-builder-workspace/Sources/DewdropService/Models/Collection.swift /Users/admin/builder/spi-builder-workspace/Sources/DewdropService/Models/Filter.swift /Users/admin/builder/spi-builder-workspace/Sources/DewdropService/Models/Group.swift /Users/admin/builder/spi-builder-workspace/Sources/DewdropService/Models/Highlight.swift /Users/admin/builder/spi-builder-workspace/Sources/DewdropService/Models/Media.swift /Users/admin/builder/spi-builder-workspace/Sources/DewdropService/Models/Raindrop.swift /Users/admin/builder/spi-builder-workspace/Sources/DewdropService/Models/Tag.swift /Users/admin/builder/spi-builder-workspace/Sources/DewdropService/Models/Tagging.swift /Users/admin/builder/spi-builder-workspace/Sources/DewdropService/Models/User.swift /Users/admin/builder/spi-builder-workspace/Sources/DewdropService/Specs/AccessTokenSpec.swift /Users/admin/builder/spi-builder-workspace/Sources/DewdropService/Specs/BackupSpec.swift /Users/admin/builder/spi-builder-workspace/Sources/DewdropService/Specs/CollaboratorSpec.swift /Users/admin/builder/spi-builder-workspace/Sources/DewdropService/Specs/CollectionSpec.swift /Users/admin/builder/spi-builder-workspace/Sources/DewdropService/Specs/ExportSpec.swift /Users/admin/builder/spi-builder-workspace/Sources/DewdropService/Specs/FilterSpec.swift /Users/admin/builder/spi-builder-workspace/Sources/DewdropService/Specs/GroupSpec.swift /Users/admin/builder/spi-builder-workspace/Sources/DewdropService/Specs/HighlightSpec.swift /Users/admin/builder/spi-builder-workspace/Sources/DewdropService/Specs/ImportSpec.swift /Users/admin/builder/spi-builder-workspace/Sources/DewdropService/Specs/RaindropSpec.swift /Users/admin/builder/spi-builder-workspace/Sources/DewdropService/Specs/TagSpec.swift /Users/admin/builder/spi-builder-workspace/Sources/DewdropService/Specs/UserSpec.swift -supplementary-output-file-map /Users/admin/builder/spi-builder-workspace/.derivedData/Build/Intermediates.noindex/DewdropService.build/Debug-watchos/DewdropService-t.build/Objects-normal/arm64/supplementaryOutputs-81 -target arm64-apple-watchos9.0 -disable-cross-import-overlay-search -load-resolved-plugin /Applications/Xcode-27.0.0-Release.Candidate.app/Contents/Developer/Platforms/WatchOS.platform/Developer/usr/lib/swift/host/plugins/libFoundationMacros.dylib\#/Applications/Xcode-27.0.0-Release.Candidate.app/Contents/Developer/Platforms/WatchOS.platform/Developer/usr/bin/swift-plugin-server\#FoundationMacros -load-resolved-plugin \#/Users/admin/builder/spi-builder-workspace/.derivedData/Build/Products/Debug/MemberwiseInitMacros\#MemberwiseInitMacros -load-resolved-plugin /Applications/Xcode-27.0.0-Release.Candidate.app/Contents/Developer/Platforms/WatchOS.platform/Developer/usr/lib/swift/host/plugins/libObservationMacros.dylib\#/Applications/Xcode-27.0.0-Release.Candidate.app/Contents/Developer/Platforms/WatchOS.platform/Developer/usr/bin/swift-plugin-server\#ObservationMacros -load-resolved-plugin /Applications/Xcode-27.0.0-Release.Candidate.app/Contents/Developer/Platforms/WatchOS.platform/Developer/usr/lib/swift/host/plugins/libPreviewsMacros.dylib\#/Applications/Xcode-27.0.0-Release.Candidate.app/Contents/Developer/Platforms/WatchOS.platform/Developer/usr/bin/swift-plugin-server\#PreviewsMacros -load-resolved-plugin /Applications/Xcode-27.0.0-Release.Candidate.app/Contents/Developer/Platforms/WatchOS.platform/Developer/usr/lib/swift/host/plugins/libSwiftMacros.dylib\#/Applications/Xcode-27.0.0-Release.Candidate.app/Contents/Developer/Platforms/WatchOS.platform/Developer/usr/bin/swift-plugin-server\#SwiftMacros -load-resolved-plugin /Applications/Xcode-27.0.0-Release.Candidate.app/Contents/Developer/Platforms/WatchOS.platform/Developer/usr/lib/swift/host/plugins/libSwiftUIMacros.dylib\#/Applications/Xcode-27.0.0-Release.Candidate.app/Contents/Developer/Platforms/WatchOS.platform/Developer/usr/bin/swift-plugin-server\#SwiftUIMacros -disable-implicit-swift-modules -Xcc -fno-implicit-modules -Xcc -fno-implicit-module-maps -explicit-swift-module-map-file /Users/admin/builder/spi-builder-workspace/.derivedData/Build/Intermediates.noindex/DewdropService.build/Debug-watchos/DewdropService-t.build/Objects-normal/arm64/DewdropService-dependencies-1.json -Xllvm -aarch64-use-tbi -enable-objc-interop -stack-check -sdk /Applications/Xcode-27.0.0-Release.Candidate.app/Contents/Developer/Platforms/WatchOS.platform/Developer/SDKs/WatchOS27.0.sdk -I /Users/admin/builder/spi-builder-workspace/.derivedData/Build/Products/Debug-watchos -Isystem /Applications/Xcode-27.0.0-Release.Candidate.app/Contents/Developer/Platforms/WatchOS.platform/Developer/usr/lib -F /Users/admin/builder/spi-builder-workspace/.derivedData/Build/Products/Debug-watchos/PackageFrameworks -F /Users/admin/builder/spi-builder-workspace/.derivedData/Build/Products/Debug-watchos -F /Applications/Xcode-27.0.0-Release.Candidate.app/Contents/Developer/Platforms/WatchOS.platform/Developer/Library/Frameworks -F /Applications/Xcode-27.0.0-Release.Candidate.app/Contents/Developer/Platforms/WatchOS.platform/Developer/SDKs/WatchOS27.0.sdk/Developer/Library/Frameworks -module-cache-path /Users/admin/builder/spi-builder-workspace/.derivedData/Build/Intermediates.noindex/SwiftExplicitPrecompiledModules -no-color-diagnostics -Xcc -fno-color-diagnostics -enable-testing -g -debug-info-format\=dwarf -dwarf-version\=4 -swift-version 6 -Onone -D SWIFT_PACKAGE -D DEBUG -D SWIFT_MODULE_RESOURCE_BUNDLE_UNAVAILABLE -D Xcode -serialize-debugging-options -load-plugin-executable /Users/admin/builder/spi-builder-workspace/.derivedData/Build/Products/Debug/MemberwiseInitMacros\#MemberwiseInitMacros -enable-upcoming-feature ExistentialAny -enable-experimental-feature DebugDescriptionMacro -empty-abi-descriptor -validate-clang-modules-once -clang-build-session-file /Users/admin/builder/spi-builder-workspace/.derivedData/ModuleCache.noindex/Session.modulevalidation -Xcc -working-directory -Xcc /Users/admin/builder/spi-builder-workspace/.swiftpm/xcode -enable-anonymous-context-mangled-names -file-compilation-dir /Users/admin/builder/spi-builder-workspace/.swiftpm/xcode -Xcc -D_LIBCPP_HARDENING_MODE\=_LIBCPP_HARDENING_MODE_DEBUG -Xcc -ivfsstatcache -Xcc /Users/admin/builder/spi-builder-workspace/.derivedData/SDKStatCaches.noindex/watchos27.0-24R360-e829b21a6f8c9b70876ba0858053c04477534ef55a1706bf4c1112bbb242f0a2.sdkstatcache -Xcc -fmodules-prune-interval\=86400 -Xcc -fmodules-prune-after\=345600 -Xcc -I/Users/admin/builder/spi-builder-workspace/.derivedData/Build/Products/Debug-watchos/include -Xcc -I/Users/admin/builder/spi-builder-workspace/.derivedData/Build/Intermediates.noindex/DewdropService.build/Debug-watchos/DewdropService-t.build/DerivedSources-normal/arm64 -Xcc -I/Users/admin/builder/spi-builder-workspace/.derivedData/Build/Intermediates.noindex/DewdropService.build/Debug-watchos/DewdropService-t.build/DerivedSources/arm64 -Xcc -I/Users/admin/builder/spi-builder-workspace/.derivedData/Build/Intermediates.noindex/DewdropService.build/Debug-watchos/DewdropService-t.build/DerivedSources -Xcc -DSWIFT_PACKAGE -Xcc -DDEBUG\=1 -no-auto-bridging-header-chaining -module-name DewdropService -package-name spi_builder_workspace -const-gather-protocols-file /Users/admin/builder/spi-builder-workspace/.derivedData/Build/Intermediates.noindex/DewdropService.build/Debug-watchos/DewdropService-t.build/Objects-normal/arm64/DewdropService_const_extract_protocols.json -disable-clang-spi -clang-target arm64-apple-watchos27.0 -target-sdk-version 27.0 -target-sdk-name watchos27.0 -in-process-plugin-server-path /Applications/Xcode-27.0.0-Release.Candidate.app/Contents/Developer/Toolchains/XcodeDefault.xctoolchain/usr/lib/swift/host/libSwiftInProcPluginServer.dylib -parse-as-library -o /Users/admin/builder/spi-builder-workspace/.derivedData/Build/Intermediates.noindex/DewdropService.build/Debug-watchos/DewdropService-t.build/Objects-normal/arm64/BackupFields.o -o /Users/admin/builder/spi-builder-workspace/.derivedData/Build/Intermediates.noindex/DewdropService.build/Debug-watchos/DewdropService-t.build/Objects-normal/arm64/CollaboratorFields.o -o /Users/admin/builder/spi-builder-workspace/.derivedData/Build/Intermediates.noindex/DewdropService.build/Debug-watchos/DewdropService-t.build/Objects-normal/arm64/CollectionFields.o -o /Users/admin/builder/spi-builder-workspace/.derivedData/Build/Intermediates.noindex/DewdropService.build/Debug-watchos/DewdropService-t.build/Objects-normal/arm64/FilterFields.o -debug-module-path /Users/admin/builder/spi-builder-workspace/.derivedData/Build/Intermediates.noindex/DewdropService.build/Debug-watchos/DewdropService-t.build/Objects-normal/arm64/DewdropService.swiftmodule -index-unit-output-path /DewdropService.build/Debug-watchos/DewdropService-t.build/Objects-normal/arm64/BackupFields.o -index-unit-output-path /DewdropService.build/Debug-watchos/DewdropService-t.build/Objects-normal/arm64/CollaboratorFields.o -index-unit-output-path /DewdropService.build/Debug-watchos/DewdropService-t.build/Objects-normal/arm64/CollectionFields.o -index-unit-output-path /DewdropService.build/Debug-watchos/DewdropService-t.build/Objects-normal/arm64/FilterFields.o -index-store-path /Users/admin/builder/spi-builder-workspace/.derivedData/Index.noindex/DataStore -index-system-modules
SwiftCompile normal arm64 /Users/admin/builder/spi-builder-workspace/Sources/DewdropService/Fields/BackupFields.swift (in target 'DewdropService' from project 'DewdropService')
    cd /Users/admin/builder/spi-builder-workspace/.swiftpm/xcode
    builtin-SwiftPerFileCompile BackupFields.swift
SwiftCompile normal arm64 /Users/admin/builder/spi-builder-workspace/Sources/DewdropService/Fields/CollaboratorFields.swift (in target 'DewdropService' from project 'DewdropService')
    cd /Users/admin/builder/spi-builder-workspace/.swiftpm/xcode
    builtin-SwiftPerFileCompile CollaboratorFields.swift
SwiftCompile normal arm64 /Users/admin/builder/spi-builder-workspace/Sources/DewdropService/Fields/CollectionFields.swift (in target 'DewdropService' from project 'DewdropService')
    cd /Users/admin/builder/spi-builder-workspace/.swiftpm/xcode
    builtin-SwiftPerFileCompile CollectionFields.swift
SwiftCompile normal arm64 /Users/admin/builder/spi-builder-workspace/Sources/DewdropService/Fields/FilterFields.swift (in target 'DewdropService' from project 'DewdropService')
    cd /Users/admin/builder/spi-builder-workspace/.swiftpm/xcode
    builtin-SwiftPerFileCompile FilterFields.swift
SwiftCompile normal arm64 Compiling\ Tagging.swift,\ User.swift,\ AccessTokenSpec.swift,\ BackupSpec.swift /Users/admin/builder/spi-builder-workspace/Sources/DewdropService/Models/Tagging.swift /Users/admin/builder/spi-builder-workspace/Sources/DewdropService/Models/User.swift /Users/admin/builder/spi-builder-workspace/Sources/DewdropService/Specs/AccessTokenSpec.swift /Users/admin/builder/spi-builder-workspace/Sources/DewdropService/Specs/BackupSpec.swift (in target 'DewdropService' from project 'DewdropService')
SwiftCompile normal arm64 /Users/admin/builder/spi-builder-workspace/Sources/DewdropService/Models/Tagging.swift (in target 'DewdropService' from project 'DewdropService')
    cd /Users/admin/builder/spi-builder-workspace/.swiftpm/xcode
    builtin-SwiftPerFileCompile Tagging.swift
SwiftCompile normal arm64 /Users/admin/builder/spi-builder-workspace/Sources/DewdropService/Models/User.swift (in target 'DewdropService' from project 'DewdropService')
    cd /Users/admin/builder/spi-builder-workspace/.swiftpm/xcode
    builtin-SwiftPerFileCompile User.swift
SwiftCompile normal arm64 /Users/admin/builder/spi-builder-workspace/Sources/DewdropService/Specs/AccessTokenSpec.swift (in target 'DewdropService' from project 'DewdropService')
    cd /Users/admin/builder/spi-builder-workspace/.swiftpm/xcode
    builtin-SwiftPerFileCompile AccessTokenSpec.swift
SwiftCompile normal arm64 /Users/admin/builder/spi-builder-workspace/Sources/DewdropService/Specs/BackupSpec.swift (in target 'DewdropService' from project 'DewdropService')
    cd /Users/admin/builder/spi-builder-workspace/.swiftpm/xcode
    builtin-SwiftPerFileCompile BackupSpec.swift
SwiftEmitModule normal arm64 Emitting\ module\ for\ DewdropService (in target 'DewdropService' from project 'DewdropService')
/Users/admin/builder/spi-builder-workspace/Sources/DewdropService/Fields/CollectionFields.swift:4:15: error: struct 'ImpossibleFields' does not exist in module 'Catena'
 2 |
 3 | import struct Dewdrop.Collection
 4 | import struct Catena.ImpossibleFields
   |               `- error: struct 'ImpossibleFields' does not exist in module 'Catena'
 5 | import protocol Catena.Valued
 6 | import protocol Catena.Fields
/Users/admin/builder/spi-builder-workspace/Sources/DewdropService/Fields/CollectionFields.swift:13:11: error: cannot find type 'ImpossibleFields' in scope
11 |
12 | // MARK: -
13 | extension ImpossibleFields: CollectionFields where Model == Collection {}
   |           `- error: cannot find type 'ImpossibleFields' in scope
14 |
/Users/admin/builder/spi-builder-workspace/Sources/DewdropService/Fields/RaindropFields.swift:4:15: error: struct 'ImpossibleFields' does not exist in module 'Catena'
 2 |
 3 | import struct Dewdrop.Raindrop
 4 | import struct Catena.ImpossibleFields
   |               `- error: struct 'ImpossibleFields' does not exist in module 'Catena'
 5 | import protocol Catena.Valued
 6 | import protocol Catena.Fields
SwiftCompile normal arm64 (in target 'DewdropService' from project 'DewdropService')
    cd /Users/admin/builder/spi-builder-workspace/.swiftpm/xcode

SwiftCompile normal arm64 Compiling\ GroupSpec.swift,\ HighlightSpec.swift,\ ImportSpec.swift /Users/admin/builder/spi-builder-workspace/Sources/DewdropService/Specs/GroupSpec.swift /Users/admin/builder/spi-builder-workspace/Sources/DewdropService/Specs/HighlightSpec.swift /Users/admin/builder/spi-builder-workspace/Sources/DewdropService/Specs/ImportSpec.swift (in target 'DewdropService' from project 'DewdropService')
SwiftCompile normal arm64 /Users/admin/builder/spi-builder-workspace/Sources/DewdropService/Specs/GroupSpec.swift (in target 'DewdropService' from project 'DewdropService')
    cd /Users/admin/builder/spi-builder-workspace/.swiftpm/xcode
    builtin-SwiftPerFileCompile GroupSpec.swift
SwiftCompile normal arm64 /Users/admin/builder/spi-builder-workspace/Sources/DewdropService/Specs/HighlightSpec.swift (in target 'DewdropService' from project 'DewdropService')
    cd /Users/admin/builder/spi-builder-workspace/.swiftpm/xcode
    builtin-SwiftPerFileCompile HighlightSpec.swift
SwiftCompile normal arm64 /Users/admin/builder/spi-builder-workspace/Sources/DewdropService/Specs/ImportSpec.swift (in target 'DewdropService' from project 'DewdropService')
    cd /Users/admin/builder/spi-builder-workspace/.swiftpm/xcode
    builtin-SwiftPerFileCompile ImportSpec.swift
SwiftCompile normal arm64 Compiling\ CollaboratorSpec.swift,\ CollectionSpec.swift,\ ExportSpec.swift,\ FilterSpec.swift /Users/admin/builder/spi-builder-workspace/Sources/DewdropService/Specs/CollaboratorSpec.swift /Users/admin/builder/spi-builder-workspace/Sources/DewdropService/Specs/CollectionSpec.swift /Users/admin/builder/spi-builder-workspace/Sources/DewdropService/Specs/ExportSpec.swift /Users/admin/builder/spi-builder-workspace/Sources/DewdropService/Specs/FilterSpec.swift (in target 'DewdropService' from project 'DewdropService')
SwiftCompile normal arm64 /Users/admin/builder/spi-builder-workspace/Sources/DewdropService/Specs/CollaboratorSpec.swift (in target 'DewdropService' from project 'DewdropService')
    cd /Users/admin/builder/spi-builder-workspace/.swiftpm/xcode
    builtin-SwiftPerFileCompile CollaboratorSpec.swift
SwiftCompile normal arm64 /Users/admin/builder/spi-builder-workspace/Sources/DewdropService/Specs/CollectionSpec.swift (in target 'DewdropService' from project 'DewdropService')
    cd /Users/admin/builder/spi-builder-workspace/.swiftpm/xcode
    builtin-SwiftPerFileCompile CollectionSpec.swift
SwiftCompile normal arm64 /Users/admin/builder/spi-builder-workspace/Sources/DewdropService/Specs/ExportSpec.swift (in target 'DewdropService' from project 'DewdropService')
    cd /Users/admin/builder/spi-builder-workspace/.swiftpm/xcode
    builtin-SwiftPerFileCompile ExportSpec.swift
SwiftCompile normal arm64 /Users/admin/builder/spi-builder-workspace/Sources/DewdropService/Specs/FilterSpec.swift (in target 'DewdropService' from project 'DewdropService')
    cd /Users/admin/builder/spi-builder-workspace/.swiftpm/xcode
    builtin-SwiftPerFileCompile FilterSpec.swift
SwiftEmitModule normal arm64_32 Emitting\ module\ for\ DewdropService (in target 'DewdropService' from project 'DewdropService')
SwiftCompile normal arm64_32 (in target 'DewdropService' from project 'DewdropService')
    cd /Users/admin/builder/spi-builder-workspace/.swiftpm/xcode

PruneExplicitPrecompiledModules /Users/admin/builder/spi-builder-workspace/.derivedData/SDKExplicitPrecompiledModules
PruneExplicitPrecompiledModules /Users/admin/builder/spi-builder-workspace/.derivedData/Build/Intermediates.noindex/ExplicitPrecompiledModules
PruneExplicitPrecompiledModules /Users/admin/builder/spi-builder-workspace/.derivedData/Build/Intermediates.noindex/SwiftExplicitPrecompiledModules
2026-09-22 04:16:16.769 xcodebuild[987:5344] [MT] IDERunDestination: Supported platforms for the buildables in the current scheme is empty.
** BUILD FAILED **
The following build commands failed:
	SwiftCompile normal arm64 Compiling\ ImportFields.swift,\ InfoFields.swift,\ MediaFields.swift,\ RaindropFields.swift /Users/admin/builder/spi-builder-workspace/Sources/DewdropService/Fields/ImportFields.swift /Users/admin/builder/spi-builder-workspace/Sources/DewdropService/Fields/InfoFields.swift /Users/admin/builder/spi-builder-workspace/Sources/DewdropService/Fields/MediaFields.swift /Users/admin/builder/spi-builder-workspace/Sources/DewdropService/Fields/RaindropFields.swift (in target 'DewdropService' from project 'DewdropService')
	SwiftCompile normal arm64 /Users/admin/builder/spi-builder-workspace/Sources/DewdropService/Fields/RaindropFields.swift (in target 'DewdropService' from project 'DewdropService')
	SwiftCompile normal arm64 Compiling\ BackupFields.swift,\ CollaboratorFields.swift,\ CollectionFields.swift,\ FilterFields.swift /Users/admin/builder/spi-builder-workspace/Sources/DewdropService/Fields/BackupFields.swift /Users/admin/builder/spi-builder-workspace/Sources/DewdropService/Fields/CollaboratorFields.swift /Users/admin/builder/spi-builder-workspace/Sources/DewdropService/Fields/CollectionFields.swift /Users/admin/builder/spi-builder-workspace/Sources/DewdropService/Fields/FilterFields.swift (in target 'DewdropService' from project 'DewdropService')
	SwiftCompile normal arm64 /Users/admin/builder/spi-builder-workspace/Sources/DewdropService/Fields/CollectionFields.swift (in target 'DewdropService' from project 'DewdropService')
	Building workspace DewdropService with scheme DewdropService
(5 failures)
Command line invocation:
    /Applications/Xcode-27.0.0-Release.Candidate.app/Contents/Developer/usr/bin/xcodebuild -IDEClonedSourcePackagesDirPathOverride=/Users/admin/builder/spi-builder-workspace/.dependencies -resolvePackageDependencies
Resolve Package Graph
Resolved source packages:
  swift-syntax: https://github.com/swiftlang/swift-syntax @ 604.0.0
  swift-security: https://github.com/dm-zharov/swift-security @ 2.5.1
  Catena: https://github.com/Fleuronic/Catena @ main (83925e1)
  Identity: https://github.com/jordanekay/Identity @ master (ff9dfdf)
  Dewdrop: https://github.com/Fleuronic/Dewdrop @ main (f28b143)
  MemberwiseInit: https://github.com/gohanlon/swift-memberwise-init-macro @ 0.6.0
  DewdropService: /Users/admin/builder/spi-builder-workspace
resolved source packages: swift-syntax, swift-security, Catena, Identity, Dewdrop, MemberwiseInit, DewdropService
2026-09-22 04:16:57.138 xcodebuild[1983:10233] [MT] IDERunDestination: Supported platforms for the buildables in the current scheme is empty.
{
  "dependencies" : [
    {
      "identity" : "dewdrop",
      "requirement" : {
        "branch" : [
          "main"
        ]
      },
      "type" : "sourceControl",
      "url" : "https://github.com/Fleuronic/Dewdrop"
    },
    {
      "identity" : "catena",
      "requirement" : {
        "branch" : [
          "main"
        ]
      },
      "type" : "sourceControl",
      "url" : "https://github.com/Fleuronic/Catena"
    }
  ],
  "manifest_display_name" : "DewdropService",
  "name" : "DewdropService",
  "path" : "/Users/admin/builder/spi-builder-workspace",
  "platforms" : [
    {
      "name" : "ios",
      "version" : "15.0"
    },
    {
      "name" : "macos",
      "version" : "12.0"
    },
    {
      "name" : "tvos",
      "version" : "15.0"
    },
    {
      "name" : "watchos",
      "version" : "8.0"
    }
  ],
  "products" : [
    {
      "name" : "DewdropService",
      "targets" : [
        "DewdropService"
      ],
      "type" : {
        "library" : [
          "automatic"
        ]
      }
    }
  ],
  "swift_languages_versions" : [
    "6"
  ],
  "targets" : [
    {
      "c99name" : "DewdropService",
      "module_type" : "SwiftTarget",
      "name" : "DewdropService",
      "path" : "Sources/DewdropService",
      "product_dependencies" : [
        "Dewdrop",
        "Catena"
      ],
      "product_memberships" : [
        "DewdropService"
      ],
      "sources" : [
        "Fields/BackupFields.swift",
        "Fields/CollaboratorFields.swift",
        "Fields/CollectionFields.swift",
        "Fields/FilterFields.swift",
        "Fields/FolderFields.swift",
        "Fields/GroupFields.swift",
        "Fields/HighlightFields.swift",
        "Fields/IDFields.swift",
        "Fields/ImportFields.swift",
        "Fields/InfoFields.swift",
        "Fields/MediaFields.swift",
        "Fields/RaindropFields.swift",
        "Fields/TagFields.swift",
        "Fields/UserAuthenticatedFields.swift",
        "Fields/UserFields.swift",
        "Models/Backup.swift",
        "Models/Collaborator.swift",
        "Models/Collection.swift",
        "Models/Filter.swift",
        "Models/Group.swift",
        "Models/Highlight.swift",
        "Models/Media.swift",
        "Models/Raindrop.swift",
        "Models/Tag.swift",
        "Models/Tagging.swift",
        "Models/User.swift",
        "Specs/AccessTokenSpec.swift",
        "Specs/BackupSpec.swift",
        "Specs/CollaboratorSpec.swift",
        "Specs/CollectionSpec.swift",
        "Specs/ExportSpec.swift",
        "Specs/FilterSpec.swift",
        "Specs/GroupSpec.swift",
        "Specs/HighlightSpec.swift",
        "Specs/ImportSpec.swift",
        "Specs/RaindropSpec.swift",
        "Specs/TagSpec.swift",
        "Specs/UserSpec.swift"
      ],
      "type" : "library"
    }
  ],
  "tools_version" : "6.0"
}
{
  "workspace" : {
    "name" : "DewdropService",
    "schemes" : [
      "DewdropService"
    ]
  }
}
2026-09-22 04:16:58.710 xcodebuild[1992:10303] [MT] IDERunDestination: Supported platforms for the buildables in the current scheme is empty.
Running build ...
env DEVELOPER_DIR=/Applications/Xcode-27.0.0-Release.Candidate.app xcrun xcodebuild -IDEClonedSourcePackagesDirPathOverride=$PWD/.dependencies -skipMacroValidation -skipPackagePluginValidation -derivedDataPath $PWD/.derivedData build -scheme DewdropService -destination generic/platform=watchOS
Command line invocation:
    /Applications/Xcode-27.0.0-Release.Candidate.app/Contents/Developer/usr/bin/xcodebuild -IDEClonedSourcePackagesDirPathOverride=/Users/admin/builder/spi-builder-workspace/.dependencies -skipMacroValidation -skipPackagePluginValidation -derivedDataPath /Users/admin/builder/spi-builder-workspace/.derivedData build -scheme DewdropService -destination generic/platform=watchOS
Resolve Package Graph
Resolved source packages:
  Identity: https://github.com/jordanekay/Identity @ master (ff9dfdf)
  swift-syntax: https://github.com/swiftlang/swift-syntax @ 604.0.0
  DewdropService: /Users/admin/builder/spi-builder-workspace
  MemberwiseInit: https://github.com/gohanlon/swift-memberwise-init-macro @ 0.6.0
  Catena: https://github.com/Fleuronic/Catena @ main (83925e1)
  Dewdrop: https://github.com/Fleuronic/Dewdrop @ main (f28b143)
  swift-security: https://github.com/dm-zharov/swift-security @ 2.5.1
ComputePackagePrebuildTargetDependencyGraph
Prepare packages
CreateBuildRequest
SendProjectDescription
CreateBuildOperation
ComputeTargetDependencyGraph
note: Building targets in dependency order
note: Target dependency graph (35 targets)
    Target 'DewdropService-product' in project 'DewdropService'
        ➜ Explicit dependency on target 'DewdropService' in project 'DewdropService'
        ➜ Explicit dependency on target 'Dewdrop-product' in project 'Dewdrop'
        ➜ Explicit dependency on target 'Catena-product' in project 'Catena'
    Target 'DewdropService' in project 'DewdropService'
        ➜ Explicit dependency on target 'Dewdrop-product' in project 'Dewdrop'
        ➜ Explicit dependency on target 'Catena-product' in project 'Catena'
    Target 'Catena-product' in project 'Catena'
        ➜ Explicit dependency on target 'Catena' in project 'Catena'
        ➜ Explicit dependency on target 'Identity-product' in project 'Identity'
    Target 'Catena' in project 'Catena'
        ➜ Explicit dependency on target 'Identity-product' in project 'Identity'
    Target 'Identity-product' in project 'Identity'
        ➜ Explicit dependency on target 'Identity' in project 'Identity'
    Target 'Identity' in project 'Identity' (no dependencies)
    Target 'Dewdrop-product' in project 'Dewdrop'
        ➜ Explicit dependency on target 'Dewdrop' in project 'Dewdrop'
        ➜ Explicit dependency on target 'MemberwiseInit-product' in project 'MemberwiseInit'
        ➜ Explicit dependency on target 'SwiftSecurity-product' in project 'swift-security'
    Target 'Dewdrop' in project 'Dewdrop'
        ➜ Explicit dependency on target 'MemberwiseInit-product' in project 'MemberwiseInit'
        ➜ Explicit dependency on target 'SwiftSecurity-product' in project 'swift-security'
    Target 'SwiftSecurity-product' in project 'swift-security'
        ➜ Explicit dependency on target 'SwiftSecurity' in project 'swift-security'
    Target 'SwiftSecurity' in project 'swift-security' (no dependencies)
    Target 'MemberwiseInit-product' in project 'MemberwiseInit'
        ➜ Explicit dependency on target 'MemberwiseInit' in project 'MemberwiseInit'
        ➜ Explicit dependency on target 'MemberwiseInitMacros' in project 'MemberwiseInit'
    Target 'MemberwiseInit' in project 'MemberwiseInit'
        ➜ Explicit dependency on target 'MemberwiseInitMacros' in project 'MemberwiseInit'
    Target 'MemberwiseInitMacros' in project 'MemberwiseInit'
        ➜ Explicit dependency on target 'SwiftCompilerPlugin-product' in project 'swift-syntax'
        ➜ Explicit dependency on target 'SwiftSyntaxMacros-product' in project 'swift-syntax'
    Target 'SwiftSyntaxMacros-product' in project 'swift-syntax'
        ➜ Explicit dependency on target 'SwiftSyntaxMacros' in project 'swift-syntax'
        ➜ Explicit dependency on target '_SwiftSyntaxCShims' in project 'swift-syntax'
        ➜ Explicit dependency on target 'SwiftSyntax509' in project 'swift-syntax'
        ➜ Explicit dependency on target 'SwiftSyntax510' in project 'swift-syntax'
        ➜ Explicit dependency on target 'SwiftSyntax600' in project 'swift-syntax'
        ➜ Explicit dependency on target 'SwiftSyntax601' in project 'swift-syntax'
        ➜ Explicit dependency on target 'SwiftSyntax602' in project 'swift-syntax'
        ➜ Explicit dependency on target 'SwiftSyntax603' in project 'swift-syntax'
        ➜ Explicit dependency on target 'SwiftSyntax604' in project 'swift-syntax'
        ➜ Explicit dependency on target 'SwiftSyntax' in project 'swift-syntax'
        ➜ Explicit dependency on target 'SwiftDiagnostics' in project 'swift-syntax'
        ➜ Explicit dependency on target 'SwiftBasicFormat' in project 'swift-syntax'
        ➜ Explicit dependency on target 'SwiftParser' in project 'swift-syntax'
        ➜ Explicit dependency on target 'SwiftParserDiagnostics' in project 'swift-syntax'
        ➜ Explicit dependency on target 'SwiftSyntaxBuilder' in project 'swift-syntax'
        ➜ Explicit dependency on target 'SwiftOperators' in project 'swift-syntax'
        ➜ Explicit dependency on target 'SwiftIfConfig' in project 'swift-syntax'
    Target 'SwiftCompilerPlugin-product' in project 'swift-syntax'
        ➜ Explicit dependency on target 'SwiftCompilerPlugin' in project 'swift-syntax'
        ➜ Explicit dependency on target '_SwiftSyntaxCShims' in project 'swift-syntax'
        ➜ Explicit dependency on target 'SwiftSyntax509' in project 'swift-syntax'
        ➜ Explicit dependency on target 'SwiftSyntax510' in project 'swift-syntax'
        ➜ Explicit dependency on target 'SwiftSyntax600' in project 'swift-syntax'
        ➜ Explicit dependency on target 'SwiftSyntax601' in project 'swift-syntax'
        ➜ Explicit dependency on target 'SwiftSyntax602' in project 'swift-syntax'
        ➜ Explicit dependency on target 'SwiftSyntax603' in project 'swift-syntax'
        ➜ Explicit dependency on target 'SwiftSyntax604' in project 'swift-syntax'
        ➜ Explicit dependency on target 'SwiftSyntax' in project 'swift-syntax'
        ➜ Explicit dependency on target 'SwiftDiagnostics' in project 'swift-syntax'
        ➜ Explicit dependency on target 'SwiftParser' in project 'swift-syntax'
        ➜ Explicit dependency on target 'SwiftOperators' in project 'swift-syntax'
        ➜ Explicit dependency on target 'SwiftBasicFormat' in project 'swift-syntax'
        ➜ Explicit dependency on target 'SwiftParserDiagnostics' in project 'swift-syntax'
        ➜ Explicit dependency on target 'SwiftSyntaxBuilder' in project 'swift-syntax'
        ➜ Explicit dependency on target 'SwiftIfConfig' in project 'swift-syntax'
        ➜ Explicit dependency on target 'SwiftSyntaxMacros' in project 'swift-syntax'
        ➜ Explicit dependency on target 'SwiftSyntaxMacroExpansion' in project 'swift-syntax'
        ➜ Explicit dependency on target 'SwiftCompilerPluginMessageHandling' in project 'swift-syntax'
    Target 'SwiftCompilerPlugin' in project 'swift-syntax'
        ➜ Explicit dependency on target '_SwiftSyntaxCShims' in project 'swift-syntax'
        ➜ Explicit dependency on target 'SwiftSyntax509' in project 'swift-syntax'
        ➜ Explicit dependency on target 'SwiftSyntax510' in project 'swift-syntax'
        ➜ Explicit dependency on target 'SwiftSyntax600' in project 'swift-syntax'
        ➜ Explicit dependency on target 'SwiftSyntax601' in project 'swift-syntax'
        ➜ Explicit dependency on target 'SwiftSyntax602' in project 'swift-syntax'
        ➜ Explicit dependency on target 'SwiftSyntax603' in project 'swift-syntax'
        ➜ Explicit dependency on target 'SwiftSyntax604' in project 'swift-syntax'
        ➜ Explicit dependency on target 'SwiftSyntax' in project 'swift-syntax'
        ➜ Explicit dependency on target 'SwiftDiagnostics' in project 'swift-syntax'
        ➜ Explicit dependency on target 'SwiftParser' in project 'swift-syntax'
        ➜ Explicit dependency on target 'SwiftOperators' in project 'swift-syntax'
        ➜ Explicit dependency on target 'SwiftBasicFormat' in project 'swift-syntax'
        ➜ Explicit dependency on target 'SwiftParserDiagnostics' in project 'swift-syntax'
        ➜ Explicit dependency on target 'SwiftSyntaxBuilder' in project 'swift-syntax'
        ➜ Explicit dependency on target 'SwiftIfConfig' in project 'swift-syntax'
        ➜ Explicit dependency on target 'SwiftSyntaxMacros' in project 'swift-syntax'
        ➜ Explicit dependency on target 'SwiftSyntaxMacroExpansion' in project 'swift-syntax'
        ➜ Explicit dependency on target 'SwiftCompilerPluginMessageHandling' in project 'swift-syntax'
    Target 'SwiftCompilerPluginMessageHandling' in project 'swift-syntax'
        ➜ Explicit dependency on target '_SwiftSyntaxCShims' in project 'swift-syntax'
        ➜ Explicit dependency on target 'SwiftSyntax509' in project 'swift-syntax'
        ➜ Explicit dependency on target 'SwiftSyntax510' in project 'swift-syntax'
        ➜ Explicit dependency on target 'SwiftSyntax600' in project 'swift-syntax'
        ➜ Explicit dependency on target 'SwiftSyntax601' in project 'swift-syntax'
        ➜ Explicit dependency on target 'SwiftSyntax602' in project 'swift-syntax'
        ➜ Explicit dependency on target 'SwiftSyntax603' in project 'swift-syntax'
        ➜ Explicit dependency on target 'SwiftSyntax604' in project 'swift-syntax'
        ➜ Explicit dependency on target 'SwiftSyntax' in project 'swift-syntax'
        ➜ Explicit dependency on target 'SwiftDiagnostics' in project 'swift-syntax'
        ➜ Explicit dependency on target 'SwiftParser' in project 'swift-syntax'
        ➜ Explicit dependency on target 'SwiftOperators' in project 'swift-syntax'
        ➜ Explicit dependency on target 'SwiftBasicFormat' in project 'swift-syntax'
        ➜ Explicit dependency on target 'SwiftParserDiagnostics' in project 'swift-syntax'
        ➜ Explicit dependency on target 'SwiftSyntaxBuilder' in project 'swift-syntax'
        ➜ Explicit dependency on target 'SwiftIfConfig' in project 'swift-syntax'
        ➜ Explicit dependency on target 'SwiftSyntaxMacros' in project 'swift-syntax'
        ➜ Explicit dependency on target 'SwiftSyntaxMacroExpansion' in project 'swift-syntax'
    Target 'SwiftSyntaxMacroExpansion' in project 'swift-syntax'
        ➜ Explicit dependency on target '_SwiftSyntaxCShims' in project 'swift-syntax'
        ➜ Explicit dependency on target 'SwiftSyntax509' in project 'swift-syntax'
        ➜ Explicit dependency on target 'SwiftSyntax510' in project 'swift-syntax'
        ➜ Explicit dependency on target 'SwiftSyntax600' in project 'swift-syntax'
        ➜ Explicit dependency on target 'SwiftSyntax601' in project 'swift-syntax'
        ➜ Explicit dependency on target 'SwiftSyntax602' in project 'swift-syntax'
        ➜ Explicit dependency on target 'SwiftSyntax603' in project 'swift-syntax'
        ➜ Explicit dependency on target 'SwiftSyntax604' in project 'swift-syntax'
        ➜ Explicit dependency on target 'SwiftSyntax' in project 'swift-syntax'
        ➜ Explicit dependency on target 'SwiftBasicFormat' in project 'swift-syntax'
        ➜ Explicit dependency on target 'SwiftParser' in project 'swift-syntax'
        ➜ Explicit dependency on target 'SwiftDiagnostics' in project 'swift-syntax'
        ➜ Explicit dependency on target 'SwiftParserDiagnostics' in project 'swift-syntax'
        ➜ Explicit dependency on target 'SwiftSyntaxBuilder' in project 'swift-syntax'
        ➜ Explicit dependency on target 'SwiftOperators' in project 'swift-syntax'
        ➜ Explicit dependency on target 'SwiftIfConfig' in project 'swift-syntax'
        ➜ Explicit dependency on target 'SwiftSyntaxMacros' in project 'swift-syntax'
    Target 'SwiftSyntaxMacros' in project 'swift-syntax'
        ➜ Explicit dependency on target '_SwiftSyntaxCShims' in project 'swift-syntax'
        ➜ Explicit dependency on target 'SwiftSyntax509' in project 'swift-syntax'
        ➜ Explicit dependency on target 'SwiftSyntax510' in project 'swift-syntax'
        ➜ Explicit dependency on target 'SwiftSyntax600' in project 'swift-syntax'
        ➜ Explicit dependency on target 'SwiftSyntax601' in project 'swift-syntax'
        ➜ Explicit dependency on target 'SwiftSyntax602' in project 'swift-syntax'
        ➜ Explicit dependency on target 'SwiftSyntax603' in project 'swift-syntax'
        ➜ Explicit dependency on target 'SwiftSyntax604' in project 'swift-syntax'
        ➜ Explicit dependency on target 'SwiftSyntax' in project 'swift-syntax'
        ➜ Explicit dependency on target 'SwiftDiagnostics' in project 'swift-syntax'
        ➜ Explicit dependency on target 'SwiftBasicFormat' in project 'swift-syntax'
        ➜ Explicit dependency on target 'SwiftParser' in project 'swift-syntax'
        ➜ Explicit dependency on target 'SwiftParserDiagnostics' in project 'swift-syntax'
        ➜ Explicit dependency on target 'SwiftSyntaxBuilder' in project 'swift-syntax'
        ➜ Explicit dependency on target 'SwiftOperators' in project 'swift-syntax'
        ➜ Explicit dependency on target 'SwiftIfConfig' in project 'swift-syntax'
    Target 'SwiftIfConfig' in project 'swift-syntax'
        ➜ Explicit dependency on target '_SwiftSyntaxCShims' in project 'swift-syntax'
        ➜ Explicit dependency on target 'SwiftSyntax509' in project 'swift-syntax'
        ➜ Explicit dependency on target 'SwiftSyntax510' in project 'swift-syntax'
        ➜ Explicit dependency on target 'SwiftSyntax600' in project 'swift-syntax'
        ➜ Explicit dependency on target 'SwiftSyntax601' in project 'swift-syntax'
        ➜ Explicit dependency on target 'SwiftSyntax602' in project 'swift-syntax'
        ➜ Explicit dependency on target 'SwiftSyntax603' in project 'swift-syntax'
        ➜ Explicit dependency on target 'SwiftSyntax604' in project 'swift-syntax'
        ➜ Explicit dependency on target 'SwiftSyntax' in project 'swift-syntax'
        ➜ Explicit dependency on target 'SwiftBasicFormat' in project 'swift-syntax'
        ➜ Explicit dependency on target 'SwiftParser' in project 'swift-syntax'
        ➜ Explicit dependency on target 'SwiftDiagnostics' in project 'swift-syntax'
        ➜ Explicit dependency on target 'SwiftParserDiagnostics' in project 'swift-syntax'
        ➜ Explicit dependency on target 'SwiftSyntaxBuilder' in project 'swift-syntax'
        ➜ Explicit dependency on target 'SwiftOperators' in project 'swift-syntax'
    Target 'SwiftSyntaxBuilder' in project 'swift-syntax'
        ➜ Explicit dependency on target '_SwiftSyntaxCShims' in project 'swift-syntax'
        ➜ Explicit dependency on target 'SwiftSyntax509' in project 'swift-syntax'
        ➜ Explicit dependency on target 'SwiftSyntax510' in project 'swift-syntax'
        ➜ Explicit dependency on target 'SwiftSyntax600' in project 'swift-syntax'
        ➜ Explicit dependency on target 'SwiftSyntax601' in project 'swift-syntax'
        ➜ Explicit dependency on target 'SwiftSyntax602' in project 'swift-syntax'
        ➜ Explicit dependency on target 'SwiftSyntax603' in project 'swift-syntax'
        ➜ Explicit dependency on target 'SwiftSyntax604' in project 'swift-syntax'
        ➜ Explicit dependency on target 'SwiftSyntax' in project 'swift-syntax'
        ➜ Explicit dependency on target 'SwiftBasicFormat' in project 'swift-syntax'
        ➜ Explicit dependency on target 'SwiftParser' in project 'swift-syntax'
        ➜ Explicit dependency on target 'SwiftDiagnostics' in project 'swift-syntax'
        ➜ Explicit dependency on target 'SwiftParserDiagnostics' in project 'swift-syntax'
    Target 'SwiftParserDiagnostics' in project 'swift-syntax'
        ➜ Explicit dependency on target '_SwiftSyntaxCShims' in project 'swift-syntax'
        ➜ Explicit dependency on target 'SwiftSyntax509' in project 'swift-syntax'
        ➜ Explicit dependency on target 'SwiftSyntax510' in project 'swift-syntax'
        ➜ Explicit dependency on target 'SwiftSyntax600' in project 'swift-syntax'
        ➜ Explicit dependency on target 'SwiftSyntax601' in project 'swift-syntax'
        ➜ Explicit dependency on target 'SwiftSyntax602' in project 'swift-syntax'
        ➜ Explicit dependency on target 'SwiftSyntax603' in project 'swift-syntax'
        ➜ Explicit dependency on target 'SwiftSyntax604' in project 'swift-syntax'
        ➜ Explicit dependency on target 'SwiftSyntax' in project 'swift-syntax'
        ➜ Explicit dependency on target 'SwiftBasicFormat' in project 'swift-syntax'
        ➜ Explicit dependency on target 'SwiftDiagnostics' in project 'swift-syntax'
        ➜ Explicit dependency on target 'SwiftParser' in project 'swift-syntax'
    Target 'SwiftBasicFormat' in project 'swift-syntax'
        ➜ Explicit dependency on target '_SwiftSyntaxCShims' in project 'swift-syntax'
        ➜ Explicit dependency on target 'SwiftSyntax509' in project 'swift-syntax'
        ➜ Explicit dependency on target 'SwiftSyntax510' in project 'swift-syntax'
        ➜ Explicit dependency on target 'SwiftSyntax600' in project 'swift-syntax'
        ➜ Explicit dependency on target 'SwiftSyntax601' in project 'swift-syntax'
        ➜ Explicit dependency on target 'SwiftSyntax602' in project 'swift-syntax'
        ➜ Explicit dependency on target 'SwiftSyntax603' in project 'swift-syntax'
        ➜ Explicit dependency on target 'SwiftSyntax604' in project 'swift-syntax'
        ➜ Explicit dependency on target 'SwiftSyntax' in project 'swift-syntax'
    Target 'SwiftOperators' in project 'swift-syntax'
        ➜ Explicit dependency on target '_SwiftSyntaxCShims' in project 'swift-syntax'
        ➜ Explicit dependency on target 'SwiftSyntax509' in project 'swift-syntax'
        ➜ Explicit dependency on target 'SwiftSyntax510' in project 'swift-syntax'
        ➜ Explicit dependency on target 'SwiftSyntax600' in project 'swift-syntax'
        ➜ Explicit dependency on target 'SwiftSyntax601' in project 'swift-syntax'
        ➜ Explicit dependency on target 'SwiftSyntax602' in project 'swift-syntax'
        ➜ Explicit dependency on target 'SwiftSyntax603' in project 'swift-syntax'
        ➜ Explicit dependency on target 'SwiftSyntax604' in project 'swift-syntax'
        ➜ Explicit dependency on target 'SwiftSyntax' in project 'swift-syntax'
        ➜ Explicit dependency on target 'SwiftDiagnostics' in project 'swift-syntax'
        ➜ Explicit dependency on target 'SwiftParser' in project 'swift-syntax'
    Target 'SwiftParser' in project 'swift-syntax'
        ➜ Explicit dependency on target '_SwiftSyntaxCShims' in project 'swift-syntax'
        ➜ Explicit dependency on target 'SwiftSyntax509' in project 'swift-syntax'
        ➜ Explicit dependency on target 'SwiftSyntax510' in project 'swift-syntax'
        ➜ Explicit dependency on target 'SwiftSyntax600' in project 'swift-syntax'
        ➜ Explicit dependency on target 'SwiftSyntax601' in project 'swift-syntax'
        ➜ Explicit dependency on target 'SwiftSyntax602' in project 'swift-syntax'
        ➜ Explicit dependency on target 'SwiftSyntax603' in project 'swift-syntax'
        ➜ Explicit dependency on target 'SwiftSyntax604' in project 'swift-syntax'
        ➜ Explicit dependency on target 'SwiftSyntax' in project 'swift-syntax'
    Target 'SwiftDiagnostics' in project 'swift-syntax'
        ➜ Explicit dependency on target '_SwiftSyntaxCShims' in project 'swift-syntax'
        ➜ Explicit dependency on target 'SwiftSyntax509' in project 'swift-syntax'
        ➜ Explicit dependency on target 'SwiftSyntax510' in project 'swift-syntax'
        ➜ Explicit dependency on target 'SwiftSyntax600' in project 'swift-syntax'
        ➜ Explicit dependency on target 'SwiftSyntax601' in project 'swift-syntax'
        ➜ Explicit dependency on target 'SwiftSyntax602' in project 'swift-syntax'
        ➜ Explicit dependency on target 'SwiftSyntax603' in project 'swift-syntax'
        ➜ Explicit dependency on target 'SwiftSyntax604' in project 'swift-syntax'
        ➜ Explicit dependency on target 'SwiftSyntax' in project 'swift-syntax'
    Target 'SwiftSyntax' in project 'swift-syntax'
        ➜ Explicit dependency on target '_SwiftSyntaxCShims' in project 'swift-syntax'
        ➜ Explicit dependency on target 'SwiftSyntax509' in project 'swift-syntax'
        ➜ Explicit dependency on target 'SwiftSyntax510' in project 'swift-syntax'
        ➜ Explicit dependency on target 'SwiftSyntax600' in project 'swift-syntax'
        ➜ Explicit dependency on target 'SwiftSyntax601' in project 'swift-syntax'
        ➜ Explicit dependency on target 'SwiftSyntax602' in project 'swift-syntax'
        ➜ Explicit dependency on target 'SwiftSyntax603' in project 'swift-syntax'
        ➜ Explicit dependency on target 'SwiftSyntax604' in project 'swift-syntax'
    Target 'SwiftSyntax604' in project 'swift-syntax' (no dependencies)
    Target 'SwiftSyntax603' in project 'swift-syntax' (no dependencies)
    Target 'SwiftSyntax602' in project 'swift-syntax' (no dependencies)
    Target 'SwiftSyntax601' in project 'swift-syntax' (no dependencies)
    Target 'SwiftSyntax600' in project 'swift-syntax' (no dependencies)
    Target 'SwiftSyntax510' in project 'swift-syntax' (no dependencies)
    Target 'SwiftSyntax509' in project 'swift-syntax' (no dependencies)
    Target '_SwiftSyntaxCShims' in project 'swift-syntax' (no dependencies)
GatherProvisioningInputs
CreateBuildDescription
ClangStatCache /Applications/Xcode-27.0.0-Release.Candidate.app/Contents/Developer/Toolchains/XcodeDefault.xctoolchain/usr/bin/clang-stat-cache /Applications/Xcode-27.0.0-Release.Candidate.app/Contents/Developer/Platforms/WatchOS.platform/Developer/SDKs/WatchOS27.0.sdk /Users/admin/builder/spi-builder-workspace/.derivedData/SDKStatCaches.noindex/watchos27.0-24R360-e829b21a6f8c9b70876ba0858053c04477534ef55a1706bf4c1112bbb242f0a2.sdkstatcache
    cd /Users/admin/builder/spi-builder-workspace/.swiftpm/xcode
    /Applications/Xcode-27.0.0-Release.Candidate.app/Contents/Developer/Toolchains/XcodeDefault.xctoolchain/usr/bin/clang-stat-cache /Applications/Xcode-27.0.0-Release.Candidate.app/Contents/Developer/Platforms/WatchOS.platform/Developer/SDKs/WatchOS27.0.sdk -o /Users/admin/builder/spi-builder-workspace/.derivedData/SDKStatCaches.noindex/watchos27.0-24R360-e829b21a6f8c9b70876ba0858053c04477534ef55a1706bf4c1112bbb242f0a2.sdkstatcache
ClangStatCache /Applications/Xcode-27.0.0-Release.Candidate.app/Contents/Developer/Toolchains/XcodeDefault.xctoolchain/usr/bin/clang-stat-cache /Applications/Xcode-27.0.0-Release.Candidate.app/Contents/Developer/Platforms/MacOSX.platform/Developer/SDKs/MacOSX27.0.sdk /Users/admin/builder/spi-builder-workspace/.derivedData/SDKStatCaches.noindex/macosx27.0-26A425-e829b21a6f8c9b70876ba0858053c0446a22442a12e9d48fe1a705f55a1adfc4.sdkstatcache
    cd /Users/admin/builder/spi-builder-workspace/.swiftpm/xcode
    /Applications/Xcode-27.0.0-Release.Candidate.app/Contents/Developer/Toolchains/XcodeDefault.xctoolchain/usr/bin/clang-stat-cache /Applications/Xcode-27.0.0-Release.Candidate.app/Contents/Developer/Platforms/MacOSX.platform/Developer/SDKs/MacOSX27.0.sdk -o /Users/admin/builder/spi-builder-workspace/.derivedData/SDKStatCaches.noindex/macosx27.0-26A425-e829b21a6f8c9b70876ba0858053c0446a22442a12e9d48fe1a705f55a1adfc4.sdkstatcache
SwiftDriver DewdropService normal arm64 com.apple.xcode.tools.swift.compiler (in target 'DewdropService' from project 'DewdropService')
    cd /Users/admin/builder/spi-builder-workspace/.swiftpm/xcode
    builtin-SwiftDriver -- /Applications/Xcode-27.0.0-Release.Candidate.app/Contents/Developer/Toolchains/XcodeDefault.xctoolchain/usr/bin/swiftc -parse-as-library -module-name DewdropService -Onone @/Users/admin/builder/spi-builder-workspace/.derivedData/Build/Intermediates.noindex/DewdropService.build/Debug-watchos/DewdropService-t.build/Objects-normal/arm64/DewdropService.SwiftFileList -DSWIFT_PACKAGE -DDEBUG -DSWIFT_MODULE_RESOURCE_BUNDLE_UNAVAILABLE -DXcode -enable-upcoming-feature ExistentialAny -plugin-path /Applications/Xcode-27.0.0-Release.Candidate.app/Contents/Developer/Toolchains/XcodeDefault.xctoolchain/usr/lib/swift/host/plugins/testing -enable-experimental-feature DebugDescriptionMacro -sdk /Applications/Xcode-27.0.0-Release.Candidate.app/Contents/Developer/Platforms/WatchOS.platform/Developer/SDKs/WatchOS27.0.sdk -target arm64-apple-watchos9.0 -g -module-cache-path /Users/admin/builder/spi-builder-workspace/.derivedData/ModuleCache.noindex -Xfrontend -serialize-debugging-options -enable-testing -index-store-path /Users/admin/builder/spi-builder-workspace/.derivedData/Index.noindex/DataStore -Xcc -D_LIBCPP_HARDENING_MODE\=_LIBCPP_HARDENING_MODE_DEBUG -swift-version 6 -I /Users/admin/builder/spi-builder-workspace/.derivedData/Build/Products/Debug-watchos -Isystem /Applications/Xcode-27.0.0-Release.Candidate.app/Contents/Developer/Platforms/WatchOS.platform/Developer/usr/lib -F /Users/admin/builder/spi-builder-workspace/.derivedData/Build/Products/Debug-watchos/PackageFrameworks -F /Users/admin/builder/spi-builder-workspace/.derivedData/Build/Products/Debug-watchos -F /Applications/Xcode-27.0.0-Release.Candidate.app/Contents/Developer/Platforms/WatchOS.platform/Developer/Library/Frameworks -F /Applications/Xcode-27.0.0-Release.Candidate.app/Contents/Developer/Platforms/WatchOS.platform/Developer/SDKs/WatchOS27.0.sdk/Developer/Library/Frameworks -Xfrontend -load-plugin-executable -Xfrontend /Users/admin/builder/spi-builder-workspace/.derivedData/Build/Products/Debug/MemberwiseInitMacros\#MemberwiseInitMacros -c -j10 -enable-batch-mode -incremental -Xcc -ivfsstatcache -Xcc /Users/admin/builder/spi-builder-workspace/.derivedData/SDKStatCaches.noindex/watchos27.0-24R360-e829b21a6f8c9b70876ba0858053c04477534ef55a1706bf4c1112bbb242f0a2.sdkstatcache -output-file-map /Users/admin/builder/spi-builder-workspace/.derivedData/Build/Intermediates.noindex/DewdropService.build/Debug-watchos/DewdropService-t.build/Objects-normal/arm64/DewdropService-OutputFileMap.json -save-temps -no-color-diagnostics -explicit-module-build -module-cache-path /Users/admin/builder/spi-builder-workspace/.derivedData/Build/Intermediates.noindex/SwiftExplicitPrecompiledModules -clang-scanner-module-cache-path /Users/admin/builder/spi-builder-workspace/.derivedData/ModuleCache.noindex -sdk-module-cache-path /Users/admin/builder/spi-builder-workspace/.derivedData/SDKExplicitPrecompiledModules -emit-dependencies -emit-module -emit-module-path /Users/admin/builder/spi-builder-workspace/.derivedData/Build/Intermediates.noindex/DewdropService.build/Debug-watchos/DewdropService-t.build/Objects-normal/arm64/DewdropService.swiftmodule -serialize-diagnostics -dependency-scan-serialize-diagnostics-path /Users/admin/builder/spi-builder-workspace/.derivedData/Build/Intermediates.noindex/DewdropService.build/Debug-watchos/DewdropService-t.build/Objects-normal/arm64/DewdropService-dependency-scan.dia -validate-clang-modules-once -clang-build-session-file /Users/admin/builder/spi-builder-workspace/.derivedData/ModuleCache.noindex/Session.modulevalidation -Xcc -fmodules-prune-interval\=86400 -Xcc -fmodules-prune-after\=345600 -package-name spi_builder_workspace -emit-const-values -const-gather-protocols-list /Users/admin/builder/spi-builder-workspace/.derivedData/Build/Intermediates.noindex/DewdropService.build/Debug-watchos/DewdropService-t.build/Objects-normal/arm64/DewdropService_const_extract_protocols.json -Xcc -I/Users/admin/builder/spi-builder-workspace/.derivedData/Build/Products/Debug-watchos/include -Xcc -I/Users/admin/builder/spi-builder-workspace/.derivedData/Build/Intermediates.noindex/DewdropService.build/Debug-watchos/DewdropService-t.build/DerivedSources-normal/arm64 -Xcc -I/Users/admin/builder/spi-builder-workspace/.derivedData/Build/Intermediates.noindex/DewdropService.build/Debug-watchos/DewdropService-t.build/DerivedSources/arm64 -Xcc -I/Users/admin/builder/spi-builder-workspace/.derivedData/Build/Intermediates.noindex/DewdropService.build/Debug-watchos/DewdropService-t.build/DerivedSources -Xcc -DSWIFT_PACKAGE -Xcc -DDEBUG\=1 -emit-objc-header -emit-objc-header-path /Users/admin/builder/spi-builder-workspace/.derivedData/Build/Intermediates.noindex/DewdropService.build/Debug-watchos/DewdropService-t.build/Objects-normal/arm64/DewdropService-Swift.h -working-directory /Users/admin/builder/spi-builder-workspace/.swiftpm/xcode -experimental-emit-module-separately -disable-cmo
SwiftDriver DewdropService normal arm64_32 com.apple.xcode.tools.swift.compiler (in target 'DewdropService' from project 'DewdropService')
    cd /Users/admin/builder/spi-builder-workspace/.swiftpm/xcode
    builtin-SwiftDriver -- /Applications/Xcode-27.0.0-Release.Candidate.app/Contents/Developer/Toolchains/XcodeDefault.xctoolchain/usr/bin/swiftc -parse-as-library -module-name DewdropService -Onone @/Users/admin/builder/spi-builder-workspace/.derivedData/Build/Intermediates.noindex/DewdropService.build/Debug-watchos/DewdropService-t.build/Objects-normal/arm64_32/DewdropService.SwiftFileList -DSWIFT_PACKAGE -DDEBUG -DSWIFT_MODULE_RESOURCE_BUNDLE_UNAVAILABLE -DXcode -enable-upcoming-feature ExistentialAny -plugin-path /Applications/Xcode-27.0.0-Release.Candidate.app/Contents/Developer/Toolchains/XcodeDefault.xctoolchain/usr/lib/swift/host/plugins/testing -enable-experimental-feature DebugDescriptionMacro -sdk /Applications/Xcode-27.0.0-Release.Candidate.app/Contents/Developer/Platforms/WatchOS.platform/Developer/SDKs/WatchOS27.0.sdk -target arm64_32-apple-watchos9.0 -g -module-cache-path /Users/admin/builder/spi-builder-workspace/.derivedData/ModuleCache.noindex -Xfrontend -serialize-debugging-options -enable-testing -index-store-path /Users/admin/builder/spi-builder-workspace/.derivedData/Index.noindex/DataStore -Xcc -D_LIBCPP_HARDENING_MODE\=_LIBCPP_HARDENING_MODE_DEBUG -swift-version 6 -I /Users/admin/builder/spi-builder-workspace/.derivedData/Build/Products/Debug-watchos -Isystem /Applications/Xcode-27.0.0-Release.Candidate.app/Contents/Developer/Platforms/WatchOS.platform/Developer/usr/lib -F /Users/admin/builder/spi-builder-workspace/.derivedData/Build/Products/Debug-watchos/PackageFrameworks -F /Users/admin/builder/spi-builder-workspace/.derivedData/Build/Products/Debug-watchos -F /Applications/Xcode-27.0.0-Release.Candidate.app/Contents/Developer/Platforms/WatchOS.platform/Developer/Library/Frameworks -F /Applications/Xcode-27.0.0-Release.Candidate.app/Contents/Developer/Platforms/WatchOS.platform/Developer/SDKs/WatchOS27.0.sdk/Developer/Library/Frameworks -Xfrontend -load-plugin-executable -Xfrontend /Users/admin/builder/spi-builder-workspace/.derivedData/Build/Products/Debug/MemberwiseInitMacros\#MemberwiseInitMacros -c -j10 -enable-batch-mode -incremental -Xcc -ivfsstatcache -Xcc /Users/admin/builder/spi-builder-workspace/.derivedData/SDKStatCaches.noindex/watchos27.0-24R360-e829b21a6f8c9b70876ba0858053c04477534ef55a1706bf4c1112bbb242f0a2.sdkstatcache -output-file-map /Users/admin/builder/spi-builder-workspace/.derivedData/Build/Intermediates.noindex/DewdropService.build/Debug-watchos/DewdropService-t.build/Objects-normal/arm64_32/DewdropService-OutputFileMap.json -save-temps -no-color-diagnostics -explicit-module-build -module-cache-path /Users/admin/builder/spi-builder-workspace/.derivedData/Build/Intermediates.noindex/SwiftExplicitPrecompiledModules -clang-scanner-module-cache-path /Users/admin/builder/spi-builder-workspace/.derivedData/ModuleCache.noindex -sdk-module-cache-path /Users/admin/builder/spi-builder-workspace/.derivedData/SDKExplicitPrecompiledModules -emit-dependencies -emit-module -emit-module-path /Users/admin/builder/spi-builder-workspace/.derivedData/Build/Intermediates.noindex/DewdropService.build/Debug-watchos/DewdropService-t.build/Objects-normal/arm64_32/DewdropService.swiftmodule -serialize-diagnostics -dependency-scan-serialize-diagnostics-path /Users/admin/builder/spi-builder-workspace/.derivedData/Build/Intermediates.noindex/DewdropService.build/Debug-watchos/DewdropService-t.build/Objects-normal/arm64_32/DewdropService-dependency-scan.dia -validate-clang-modules-once -clang-build-session-file /Users/admin/builder/spi-builder-workspace/.derivedData/ModuleCache.noindex/Session.modulevalidation -Xcc -fmodules-prune-interval\=86400 -Xcc -fmodules-prune-after\=345600 -package-name spi_builder_workspace -emit-const-values -const-gather-protocols-list /Users/admin/builder/spi-builder-workspace/.derivedData/Build/Intermediates.noindex/DewdropService.build/Debug-watchos/DewdropService-t.build/Objects-normal/arm64_32/DewdropService_const_extract_protocols.json -Xcc -I/Users/admin/builder/spi-builder-workspace/.derivedData/Build/Products/Debug-watchos/include -Xcc -I/Users/admin/builder/spi-builder-workspace/.derivedData/Build/Intermediates.noindex/DewdropService.build/Debug-watchos/DewdropService-t.build/DerivedSources-normal/arm64_32 -Xcc -I/Users/admin/builder/spi-builder-workspace/.derivedData/Build/Intermediates.noindex/DewdropService.build/Debug-watchos/DewdropService-t.build/DerivedSources/arm64_32 -Xcc -I/Users/admin/builder/spi-builder-workspace/.derivedData/Build/Intermediates.noindex/DewdropService.build/Debug-watchos/DewdropService-t.build/DerivedSources -Xcc -DSWIFT_PACKAGE -Xcc -DDEBUG\=1 -emit-objc-header -emit-objc-header-path /Users/admin/builder/spi-builder-workspace/.derivedData/Build/Intermediates.noindex/DewdropService.build/Debug-watchos/DewdropService-t.build/Objects-normal/arm64_32/DewdropService-Swift.h -working-directory /Users/admin/builder/spi-builder-workspace/.swiftpm/xcode -experimental-emit-module-separately -disable-cmo
SwiftCompile normal arm64 Compiling\ Tagging.swift,\ User.swift,\ AccessTokenSpec.swift,\ BackupSpec.swift /Users/admin/builder/spi-builder-workspace/Sources/DewdropService/Models/Tagging.swift /Users/admin/builder/spi-builder-workspace/Sources/DewdropService/Models/User.swift /Users/admin/builder/spi-builder-workspace/Sources/DewdropService/Specs/AccessTokenSpec.swift /Users/admin/builder/spi-builder-workspace/Sources/DewdropService/Specs/BackupSpec.swift (in target 'DewdropService' from project 'DewdropService')
SwiftCompile normal arm64 /Users/admin/builder/spi-builder-workspace/Sources/DewdropService/Models/Tagging.swift (in target 'DewdropService' from project 'DewdropService')
    cd /Users/admin/builder/spi-builder-workspace/.swiftpm/xcode
    builtin-SwiftPerFileCompile Tagging.swift
SwiftCompile normal arm64 /Users/admin/builder/spi-builder-workspace/Sources/DewdropService/Models/User.swift (in target 'DewdropService' from project 'DewdropService')
    cd /Users/admin/builder/spi-builder-workspace/.swiftpm/xcode
    builtin-SwiftPerFileCompile User.swift
SwiftCompile normal arm64 /Users/admin/builder/spi-builder-workspace/Sources/DewdropService/Specs/AccessTokenSpec.swift (in target 'DewdropService' from project 'DewdropService')
    cd /Users/admin/builder/spi-builder-workspace/.swiftpm/xcode
    builtin-SwiftPerFileCompile AccessTokenSpec.swift
SwiftCompile normal arm64 /Users/admin/builder/spi-builder-workspace/Sources/DewdropService/Specs/BackupSpec.swift (in target 'DewdropService' from project 'DewdropService')
    cd /Users/admin/builder/spi-builder-workspace/.swiftpm/xcode
    builtin-SwiftPerFileCompile BackupSpec.swift
SwiftCompile normal arm64 Compiling\ TagFields.swift,\ UserAuthenticatedFields.swift,\ UserFields.swift,\ Backup.swift /Users/admin/builder/spi-builder-workspace/Sources/DewdropService/Fields/TagFields.swift /Users/admin/builder/spi-builder-workspace/Sources/DewdropService/Fields/UserAuthenticatedFields.swift /Users/admin/builder/spi-builder-workspace/Sources/DewdropService/Fields/UserFields.swift /Users/admin/builder/spi-builder-workspace/Sources/DewdropService/Models/Backup.swift (in target 'DewdropService' from project 'DewdropService')
SwiftCompile normal arm64 /Users/admin/builder/spi-builder-workspace/Sources/DewdropService/Fields/TagFields.swift (in target 'DewdropService' from project 'DewdropService')
    cd /Users/admin/builder/spi-builder-workspace/.swiftpm/xcode
    builtin-SwiftPerFileCompile TagFields.swift
SwiftCompile normal arm64 /Users/admin/builder/spi-builder-workspace/Sources/DewdropService/Fields/UserAuthenticatedFields.swift (in target 'DewdropService' from project 'DewdropService')
    cd /Users/admin/builder/spi-builder-workspace/.swiftpm/xcode
    builtin-SwiftPerFileCompile UserAuthenticatedFields.swift
SwiftCompile normal arm64 /Users/admin/builder/spi-builder-workspace/Sources/DewdropService/Fields/UserFields.swift (in target 'DewdropService' from project 'DewdropService')
    cd /Users/admin/builder/spi-builder-workspace/.swiftpm/xcode
    builtin-SwiftPerFileCompile UserFields.swift
SwiftCompile normal arm64 /Users/admin/builder/spi-builder-workspace/Sources/DewdropService/Models/Backup.swift (in target 'DewdropService' from project 'DewdropService')
    cd /Users/admin/builder/spi-builder-workspace/.swiftpm/xcode
    builtin-SwiftPerFileCompile Backup.swift
SwiftCompile normal arm64 Compiling\ ImportFields.swift,\ InfoFields.swift,\ MediaFields.swift,\ RaindropFields.swift /Users/admin/builder/spi-builder-workspace/Sources/DewdropService/Fields/ImportFields.swift /Users/admin/builder/spi-builder-workspace/Sources/DewdropService/Fields/InfoFields.swift /Users/admin/builder/spi-builder-workspace/Sources/DewdropService/Fields/MediaFields.swift /Users/admin/builder/spi-builder-workspace/Sources/DewdropService/Fields/RaindropFields.swift (in target 'DewdropService' from project 'DewdropService')
/Users/admin/builder/spi-builder-workspace/Sources/DewdropService/Fields/RaindropFields.swift:4:15: error: struct 'ImpossibleFields' does not exist in module 'Catena'
 2 |
 3 | import struct Dewdrop.Raindrop
 4 | import struct Catena.ImpossibleFields
   |               `- error: struct 'ImpossibleFields' does not exist in module 'Catena'
 5 | import protocol Catena.Valued
 6 | import protocol Catena.Fields
/Users/admin/builder/spi-builder-workspace/Sources/DewdropService/Fields/RaindropFields.swift:13:11: error: cannot find type 'ImpossibleFields' in scope
11 |
12 | // MARK: -
13 | extension ImpossibleFields: RaindropFields where Model == Raindrop {}
   |           `- error: cannot find type 'ImpossibleFields' in scope
14 |
Failed frontend command:
/Applications/Xcode-27.0.0-Release.Candidate.app/Contents/Developer/Toolchains/XcodeDefault.xctoolchain/usr/bin/swift-frontend -frontend -c /Users/admin/builder/spi-builder-workspace/Sources/DewdropService/Fields/BackupFields.swift /Users/admin/builder/spi-builder-workspace/Sources/DewdropService/Fields/CollaboratorFields.swift /Users/admin/builder/spi-builder-workspace/Sources/DewdropService/Fields/CollectionFields.swift /Users/admin/builder/spi-builder-workspace/Sources/DewdropService/Fields/FilterFields.swift /Users/admin/builder/spi-builder-workspace/Sources/DewdropService/Fields/FolderFields.swift /Users/admin/builder/spi-builder-workspace/Sources/DewdropService/Fields/GroupFields.swift /Users/admin/builder/spi-builder-workspace/Sources/DewdropService/Fields/HighlightFields.swift /Users/admin/builder/spi-builder-workspace/Sources/DewdropService/Fields/IDFields.swift -primary-file /Users/admin/builder/spi-builder-workspace/Sources/DewdropService/Fields/ImportFields.swift -primary-file /Users/admin/builder/spi-builder-workspace/Sources/DewdropService/Fields/InfoFields.swift -primary-file /Users/admin/builder/spi-builder-workspace/Sources/DewdropService/Fields/MediaFields.swift -primary-file /Users/admin/builder/spi-builder-workspace/Sources/DewdropService/Fields/RaindropFields.swift /Users/admin/builder/spi-builder-workspace/Sources/DewdropService/Fields/TagFields.swift /Users/admin/builder/spi-builder-workspace/Sources/DewdropService/Fields/UserAuthenticatedFields.swift /Users/admin/builder/spi-builder-workspace/Sources/DewdropService/Fields/UserFields.swift /Users/admin/builder/spi-builder-workspace/Sources/DewdropService/Models/Backup.swift /Users/admin/builder/spi-builder-workspace/Sources/DewdropService/Models/Collaborator.swift /Users/admin/builder/spi-builder-workspace/Sources/DewdropService/Models/Collection.swift /Users/admin/builder/spi-builder-workspace/Sources/DewdropService/Models/Filter.swift /Users/admin/builder/spi-builder-workspace/Sources/DewdropService/Models/Group.swift /Users/admin/builder/spi-builder-workspace/Sources/DewdropService/Models/Highlight.swift /Users/admin/builder/spi-builder-workspace/Sources/DewdropService/Models/Media.swift /Users/admin/builder/spi-builder-workspace/Sources/DewdropService/Models/Raindrop.swift /Users/admin/builder/spi-builder-workspace/Sources/DewdropService/Models/Tag.swift /Users/admin/builder/spi-builder-workspace/Sources/DewdropService/Models/Tagging.swift /Users/admin/builder/spi-builder-workspace/Sources/DewdropService/Models/User.swift /Users/admin/builder/spi-builder-workspace/Sources/DewdropService/Specs/AccessTokenSpec.swift /Users/admin/builder/spi-builder-workspace/Sources/DewdropService/Specs/BackupSpec.swift /Users/admin/builder/spi-builder-workspace/Sources/DewdropService/Specs/CollaboratorSpec.swift /Users/admin/builder/spi-builder-workspace/Sources/DewdropService/Specs/CollectionSpec.swift /Users/admin/builder/spi-builder-workspace/Sources/DewdropService/Specs/ExportSpec.swift /Users/admin/builder/spi-builder-workspace/Sources/DewdropService/Specs/FilterSpec.swift /Users/admin/builder/spi-builder-workspace/Sources/DewdropService/Specs/GroupSpec.swift /Users/admin/builder/spi-builder-workspace/Sources/DewdropService/Specs/HighlightSpec.swift /Users/admin/builder/spi-builder-workspace/Sources/DewdropService/Specs/ImportSpec.swift /Users/admin/builder/spi-builder-workspace/Sources/DewdropService/Specs/RaindropSpec.swift /Users/admin/builder/spi-builder-workspace/Sources/DewdropService/Specs/TagSpec.swift /Users/admin/builder/spi-builder-workspace/Sources/DewdropService/Specs/UserSpec.swift -supplementary-output-file-map /Users/admin/builder/spi-builder-workspace/.derivedData/Build/Intermediates.noindex/DewdropService.build/Debug-watchos/DewdropService-t.build/Objects-normal/arm64/supplementaryOutputs-6 -target arm64-apple-watchos9.0 -disable-cross-import-overlay-search -load-resolved-plugin /Applications/Xcode-27.0.0-Release.Candidate.app/Contents/Developer/Platforms/WatchOS.platform/Developer/usr/lib/swift/host/plugins/libFoundationMacros.dylib\#/Applications/Xcode-27.0.0-Release.Candidate.app/Contents/Developer/Platforms/WatchOS.platform/Developer/usr/bin/swift-plugin-server\#FoundationMacros -load-resolved-plugin \#/Users/admin/builder/spi-builder-workspace/.derivedData/Build/Products/Debug/MemberwiseInitMacros\#MemberwiseInitMacros -load-resolved-plugin /Applications/Xcode-27.0.0-Release.Candidate.app/Contents/Developer/Platforms/WatchOS.platform/Developer/usr/lib/swift/host/plugins/libObservationMacros.dylib\#/Applications/Xcode-27.0.0-Release.Candidate.app/Contents/Developer/Platforms/WatchOS.platform/Developer/usr/bin/swift-plugin-server\#ObservationMacros -load-resolved-plugin /Applications/Xcode-27.0.0-Release.Candidate.app/Contents/Developer/Platforms/WatchOS.platform/Developer/usr/lib/swift/host/plugins/libPreviewsMacros.dylib\#/Applications/Xcode-27.0.0-Release.Candidate.app/Contents/Developer/Platforms/WatchOS.platform/Developer/usr/bin/swift-plugin-server\#PreviewsMacros -load-resolved-plugin /Applications/Xcode-27.0.0-Release.Candidate.app/Contents/Developer/Platforms/WatchOS.platform/Developer/usr/lib/swift/host/plugins/libSwiftMacros.dylib\#/Applications/Xcode-27.0.0-Release.Candidate.app/Contents/Developer/Platforms/WatchOS.platform/Developer/usr/bin/swift-plugin-server\#SwiftMacros -load-resolved-plugin /Applications/Xcode-27.0.0-Release.Candidate.app/Contents/Developer/Platforms/WatchOS.platform/Developer/usr/lib/swift/host/plugins/libSwiftUIMacros.dylib\#/Applications/Xcode-27.0.0-Release.Candidate.app/Contents/Developer/Platforms/WatchOS.platform/Developer/usr/bin/swift-plugin-server\#SwiftUIMacros -disable-implicit-swift-modules -Xcc -fno-implicit-modules -Xcc -fno-implicit-module-maps -explicit-swift-module-map-file /Users/admin/builder/spi-builder-workspace/.derivedData/Build/Intermediates.noindex/DewdropService.build/Debug-watchos/DewdropService-t.build/Objects-normal/arm64/DewdropService-dependencies-1.json -Xllvm -aarch64-use-tbi -enable-objc-interop -stack-check -sdk /Applications/Xcode-27.0.0-Release.Candidate.app/Contents/Developer/Platforms/WatchOS.platform/Developer/SDKs/WatchOS27.0.sdk -I /Users/admin/builder/spi-builder-workspace/.derivedData/Build/Products/Debug-watchos -Isystem /Applications/Xcode-27.0.0-Release.Candidate.app/Contents/Developer/Platforms/WatchOS.platform/Developer/usr/lib -F /Users/admin/builder/spi-builder-workspace/.derivedData/Build/Products/Debug-watchos/PackageFrameworks -F /Users/admin/builder/spi-builder-workspace/.derivedData/Build/Products/Debug-watchos -F /Applications/Xcode-27.0.0-Release.Candidate.app/Contents/Developer/Platforms/WatchOS.platform/Developer/Library/Frameworks -F /Applications/Xcode-27.0.0-Release.Candidate.app/Contents/Developer/Platforms/WatchOS.platform/Developer/SDKs/WatchOS27.0.sdk/Developer/Library/Frameworks -module-cache-path /Users/admin/builder/spi-builder-workspace/.derivedData/Build/Intermediates.noindex/SwiftExplicitPrecompiledModules -no-color-diagnostics -Xcc -fno-color-diagnostics -enable-testing -g -debug-info-format\=dwarf -dwarf-version\=4 -swift-version 6 -Onone -D SWIFT_PACKAGE -D DEBUG -D SWIFT_MODULE_RESOURCE_BUNDLE_UNAVAILABLE -D Xcode -serialize-debugging-options -load-plugin-executable /Users/admin/builder/spi-builder-workspace/.derivedData/Build/Products/Debug/MemberwiseInitMacros\#MemberwiseInitMacros -enable-upcoming-feature ExistentialAny -enable-experimental-feature DebugDescriptionMacro -empty-abi-descriptor -validate-clang-modules-once -clang-build-session-file /Users/admin/builder/spi-builder-workspace/.derivedData/ModuleCache.noindex/Session.modulevalidation -Xcc -working-directory -Xcc /Users/admin/builder/spi-builder-workspace/.swiftpm/xcode -enable-anonymous-context-mangled-names -file-compilation-dir /Users/admin/builder/spi-builder-workspace/.swiftpm/xcode -Xcc -D_LIBCPP_HARDENING_MODE\=_LIBCPP_HARDENING_MODE_DEBUG -Xcc -ivfsstatcache -Xcc /Users/admin/builder/spi-builder-workspace/.derivedData/SDKStatCaches.noindex/watchos27.0-24R360-e829b21a6f8c9b70876ba0858053c04477534ef55a1706bf4c1112bbb242f0a2.sdkstatcache -Xcc -fmodules-prune-interval\=86400 -Xcc -fmodules-prune-after\=345600 -Xcc -I/Users/admin/builder/spi-builder-workspace/.derivedData/Build/Products/Debug-watchos/include -Xcc -I/Users/admin/builder/spi-builder-workspace/.derivedData/Build/Intermediates.noindex/DewdropService.build/Debug-watchos/DewdropService-t.build/DerivedSources-normal/arm64 -Xcc -I/Users/admin/builder/spi-builder-workspace/.derivedData/Build/Intermediates.noindex/DewdropService.build/Debug-watchos/DewdropService-t.build/DerivedSources/arm64 -Xcc -I/Users/admin/builder/spi-builder-workspace/.derivedData/Build/Intermediates.noindex/DewdropService.build/Debug-watchos/DewdropService-t.build/DerivedSources -Xcc -DSWIFT_PACKAGE -Xcc -DDEBUG\=1 -no-auto-bridging-header-chaining -module-name DewdropService -package-name spi_builder_workspace -const-gather-protocols-file /Users/admin/builder/spi-builder-workspace/.derivedData/Build/Intermediates.noindex/DewdropService.build/Debug-watchos/DewdropService-t.build/Objects-normal/arm64/DewdropService_const_extract_protocols.json -disable-clang-spi -clang-target arm64-apple-watchos27.0 -target-sdk-version 27.0 -target-sdk-name watchos27.0 -in-process-plugin-server-path /Applications/Xcode-27.0.0-Release.Candidate.app/Contents/Developer/Toolchains/XcodeDefault.xctoolchain/usr/lib/swift/host/libSwiftInProcPluginServer.dylib -parse-as-library -o /Users/admin/builder/spi-builder-workspace/.derivedData/Build/Intermediates.noindex/DewdropService.build/Debug-watchos/DewdropService-t.build/Objects-normal/arm64/ImportFields.o -o /Users/admin/builder/spi-builder-workspace/.derivedData/Build/Intermediates.noindex/DewdropService.build/Debug-watchos/DewdropService-t.build/Objects-normal/arm64/InfoFields.o -o /Users/admin/builder/spi-builder-workspace/.derivedData/Build/Intermediates.noindex/DewdropService.build/Debug-watchos/DewdropService-t.build/Objects-normal/arm64/MediaFields.o -o /Users/admin/builder/spi-builder-workspace/.derivedData/Build/Intermediates.noindex/DewdropService.build/Debug-watchos/DewdropService-t.build/Objects-normal/arm64/RaindropFields.o -debug-module-path /Users/admin/builder/spi-builder-workspace/.derivedData/Build/Intermediates.noindex/DewdropService.build/Debug-watchos/DewdropService-t.build/Objects-normal/arm64/DewdropService.swiftmodule -index-unit-output-path /DewdropService.build/Debug-watchos/DewdropService-t.build/Objects-normal/arm64/ImportFields.o -index-unit-output-path /DewdropService.build/Debug-watchos/DewdropService-t.build/Objects-normal/arm64/InfoFields.o -index-unit-output-path /DewdropService.build/Debug-watchos/DewdropService-t.build/Objects-normal/arm64/MediaFields.o -index-unit-output-path /DewdropService.build/Debug-watchos/DewdropService-t.build/Objects-normal/arm64/RaindropFields.o -index-store-path /Users/admin/builder/spi-builder-workspace/.derivedData/Index.noindex/DataStore -index-system-modules
SwiftCompile normal arm64 /Users/admin/builder/spi-builder-workspace/Sources/DewdropService/Fields/ImportFields.swift (in target 'DewdropService' from project 'DewdropService')
    cd /Users/admin/builder/spi-builder-workspace/.swiftpm/xcode
    builtin-SwiftPerFileCompile ImportFields.swift
SwiftCompile normal arm64 /Users/admin/builder/spi-builder-workspace/Sources/DewdropService/Fields/InfoFields.swift (in target 'DewdropService' from project 'DewdropService')
    cd /Users/admin/builder/spi-builder-workspace/.swiftpm/xcode
    builtin-SwiftPerFileCompile InfoFields.swift
SwiftCompile normal arm64 /Users/admin/builder/spi-builder-workspace/Sources/DewdropService/Fields/MediaFields.swift (in target 'DewdropService' from project 'DewdropService')
    cd /Users/admin/builder/spi-builder-workspace/.swiftpm/xcode
    builtin-SwiftPerFileCompile MediaFields.swift
SwiftCompile normal arm64 /Users/admin/builder/spi-builder-workspace/Sources/DewdropService/Fields/RaindropFields.swift (in target 'DewdropService' from project 'DewdropService')
    cd /Users/admin/builder/spi-builder-workspace/.swiftpm/xcode
    builtin-SwiftPerFileCompile RaindropFields.swift
SwiftCompile normal arm64 Compiling\ BackupFields.swift,\ CollaboratorFields.swift,\ CollectionFields.swift,\ FilterFields.swift /Users/admin/builder/spi-builder-workspace/Sources/DewdropService/Fields/BackupFields.swift /Users/admin/builder/spi-builder-workspace/Sources/DewdropService/Fields/CollaboratorFields.swift /Users/admin/builder/spi-builder-workspace/Sources/DewdropService/Fields/CollectionFields.swift /Users/admin/builder/spi-builder-workspace/Sources/DewdropService/Fields/FilterFields.swift (in target 'DewdropService' from project 'DewdropService')
/Users/admin/builder/spi-builder-workspace/Sources/DewdropService/Fields/CollectionFields.swift:4:15: error: struct 'ImpossibleFields' does not exist in module 'Catena'
 2 |
 3 | import struct Dewdrop.Collection
 4 | import struct Catena.ImpossibleFields
   |               `- error: struct 'ImpossibleFields' does not exist in module 'Catena'
 5 | import protocol Catena.Valued
 6 | import protocol Catena.Fields
/Users/admin/builder/spi-builder-workspace/Sources/DewdropService/Fields/CollectionFields.swift:13:11: error: cannot find type 'ImpossibleFields' in scope
11 |
12 | // MARK: -
13 | extension ImpossibleFields: CollectionFields where Model == Collection {}
   |           `- error: cannot find type 'ImpossibleFields' in scope
14 |
Failed frontend command:
/Applications/Xcode-27.0.0-Release.Candidate.app/Contents/Developer/Toolchains/XcodeDefault.xctoolchain/usr/bin/swift-frontend -frontend -c -primary-file /Users/admin/builder/spi-builder-workspace/Sources/DewdropService/Fields/BackupFields.swift -primary-file /Users/admin/builder/spi-builder-workspace/Sources/DewdropService/Fields/CollaboratorFields.swift -primary-file /Users/admin/builder/spi-builder-workspace/Sources/DewdropService/Fields/CollectionFields.swift -primary-file /Users/admin/builder/spi-builder-workspace/Sources/DewdropService/Fields/FilterFields.swift /Users/admin/builder/spi-builder-workspace/Sources/DewdropService/Fields/FolderFields.swift /Users/admin/builder/spi-builder-workspace/Sources/DewdropService/Fields/GroupFields.swift /Users/admin/builder/spi-builder-workspace/Sources/DewdropService/Fields/HighlightFields.swift /Users/admin/builder/spi-builder-workspace/Sources/DewdropService/Fields/IDFields.swift /Users/admin/builder/spi-builder-workspace/Sources/DewdropService/Fields/ImportFields.swift /Users/admin/builder/spi-builder-workspace/Sources/DewdropService/Fields/InfoFields.swift /Users/admin/builder/spi-builder-workspace/Sources/DewdropService/Fields/MediaFields.swift /Users/admin/builder/spi-builder-workspace/Sources/DewdropService/Fields/RaindropFields.swift /Users/admin/builder/spi-builder-workspace/Sources/DewdropService/Fields/TagFields.swift /Users/admin/builder/spi-builder-workspace/Sources/DewdropService/Fields/UserAuthenticatedFields.swift /Users/admin/builder/spi-builder-workspace/Sources/DewdropService/Fields/UserFields.swift /Users/admin/builder/spi-builder-workspace/Sources/DewdropService/Models/Backup.swift /Users/admin/builder/spi-builder-workspace/Sources/DewdropService/Models/Collaborator.swift /Users/admin/builder/spi-builder-workspace/Sources/DewdropService/Models/Collection.swift /Users/admin/builder/spi-builder-workspace/Sources/DewdropService/Models/Filter.swift /Users/admin/builder/spi-builder-workspace/Sources/DewdropService/Models/Group.swift /Users/admin/builder/spi-builder-workspace/Sources/DewdropService/Models/Highlight.swift /Users/admin/builder/spi-builder-workspace/Sources/DewdropService/Models/Media.swift /Users/admin/builder/spi-builder-workspace/Sources/DewdropService/Models/Raindrop.swift /Users/admin/builder/spi-builder-workspace/Sources/DewdropService/Models/Tag.swift /Users/admin/builder/spi-builder-workspace/Sources/DewdropService/Models/Tagging.swift /Users/admin/builder/spi-builder-workspace/Sources/DewdropService/Models/User.swift /Users/admin/builder/spi-builder-workspace/Sources/DewdropService/Specs/AccessTokenSpec.swift /Users/admin/builder/spi-builder-workspace/Sources/DewdropService/Specs/BackupSpec.swift /Users/admin/builder/spi-builder-workspace/Sources/DewdropService/Specs/CollaboratorSpec.swift /Users/admin/builder/spi-builder-workspace/Sources/DewdropService/Specs/CollectionSpec.swift /Users/admin/builder/spi-builder-workspace/Sources/DewdropService/Specs/ExportSpec.swift /Users/admin/builder/spi-builder-workspace/Sources/DewdropService/Specs/FilterSpec.swift /Users/admin/builder/spi-builder-workspace/Sources/DewdropService/Specs/GroupSpec.swift /Users/admin/builder/spi-builder-workspace/Sources/DewdropService/Specs/HighlightSpec.swift /Users/admin/builder/spi-builder-workspace/Sources/DewdropService/Specs/ImportSpec.swift /Users/admin/builder/spi-builder-workspace/Sources/DewdropService/Specs/RaindropSpec.swift /Users/admin/builder/spi-builder-workspace/Sources/DewdropService/Specs/TagSpec.swift /Users/admin/builder/spi-builder-workspace/Sources/DewdropService/Specs/UserSpec.swift -supplementary-output-file-map /Users/admin/builder/spi-builder-workspace/.derivedData/Build/Intermediates.noindex/DewdropService.build/Debug-watchos/DewdropService-t.build/Objects-normal/arm64/supplementaryOutputs-2 -target arm64-apple-watchos9.0 -disable-cross-import-overlay-search -load-resolved-plugin /Applications/Xcode-27.0.0-Release.Candidate.app/Contents/Developer/Platforms/WatchOS.platform/Developer/usr/lib/swift/host/plugins/libFoundationMacros.dylib\#/Applications/Xcode-27.0.0-Release.Candidate.app/Contents/Developer/Platforms/WatchOS.platform/Developer/usr/bin/swift-plugin-server\#FoundationMacros -load-resolved-plugin \#/Users/admin/builder/spi-builder-workspace/.derivedData/Build/Products/Debug/MemberwiseInitMacros\#MemberwiseInitMacros -load-resolved-plugin /Applications/Xcode-27.0.0-Release.Candidate.app/Contents/Developer/Platforms/WatchOS.platform/Developer/usr/lib/swift/host/plugins/libObservationMacros.dylib\#/Applications/Xcode-27.0.0-Release.Candidate.app/Contents/Developer/Platforms/WatchOS.platform/Developer/usr/bin/swift-plugin-server\#ObservationMacros -load-resolved-plugin /Applications/Xcode-27.0.0-Release.Candidate.app/Contents/Developer/Platforms/WatchOS.platform/Developer/usr/lib/swift/host/plugins/libPreviewsMacros.dylib\#/Applications/Xcode-27.0.0-Release.Candidate.app/Contents/Developer/Platforms/WatchOS.platform/Developer/usr/bin/swift-plugin-server\#PreviewsMacros -load-resolved-plugin /Applications/Xcode-27.0.0-Release.Candidate.app/Contents/Developer/Platforms/WatchOS.platform/Developer/usr/lib/swift/host/plugins/libSwiftMacros.dylib\#/Applications/Xcode-27.0.0-Release.Candidate.app/Contents/Developer/Platforms/WatchOS.platform/Developer/usr/bin/swift-plugin-server\#SwiftMacros -load-resolved-plugin /Applications/Xcode-27.0.0-Release.Candidate.app/Contents/Developer/Platforms/WatchOS.platform/Developer/usr/lib/swift/host/plugins/libSwiftUIMacros.dylib\#/Applications/Xcode-27.0.0-Release.Candidate.app/Contents/Developer/Platforms/WatchOS.platform/Developer/usr/bin/swift-plugin-server\#SwiftUIMacros -disable-implicit-swift-modules -Xcc -fno-implicit-modules -Xcc -fno-implicit-module-maps -explicit-swift-module-map-file /Users/admin/builder/spi-builder-workspace/.derivedData/Build/Intermediates.noindex/DewdropService.build/Debug-watchos/DewdropService-t.build/Objects-normal/arm64/DewdropService-dependencies-1.json -Xllvm -aarch64-use-tbi -enable-objc-interop -stack-check -sdk /Applications/Xcode-27.0.0-Release.Candidate.app/Contents/Developer/Platforms/WatchOS.platform/Developer/SDKs/WatchOS27.0.sdk -I /Users/admin/builder/spi-builder-workspace/.derivedData/Build/Products/Debug-watchos -Isystem /Applications/Xcode-27.0.0-Release.Candidate.app/Contents/Developer/Platforms/WatchOS.platform/Developer/usr/lib -F /Users/admin/builder/spi-builder-workspace/.derivedData/Build/Products/Debug-watchos/PackageFrameworks -F /Users/admin/builder/spi-builder-workspace/.derivedData/Build/Products/Debug-watchos -F /Applications/Xcode-27.0.0-Release.Candidate.app/Contents/Developer/Platforms/WatchOS.platform/Developer/Library/Frameworks -F /Applications/Xcode-27.0.0-Release.Candidate.app/Contents/Developer/Platforms/WatchOS.platform/Developer/SDKs/WatchOS27.0.sdk/Developer/Library/Frameworks -module-cache-path /Users/admin/builder/spi-builder-workspace/.derivedData/Build/Intermediates.noindex/SwiftExplicitPrecompiledModules -no-color-diagnostics -Xcc -fno-color-diagnostics -enable-testing -g -debug-info-format\=dwarf -dwarf-version\=4 -swift-version 6 -Onone -D SWIFT_PACKAGE -D DEBUG -D SWIFT_MODULE_RESOURCE_BUNDLE_UNAVAILABLE -D Xcode -serialize-debugging-options -load-plugin-executable /Users/admin/builder/spi-builder-workspace/.derivedData/Build/Products/Debug/MemberwiseInitMacros\#MemberwiseInitMacros -enable-upcoming-feature ExistentialAny -enable-experimental-feature DebugDescriptionMacro -empty-abi-descriptor -validate-clang-modules-once -clang-build-session-file /Users/admin/builder/spi-builder-workspace/.derivedData/ModuleCache.noindex/Session.modulevalidation -Xcc -working-directory -Xcc /Users/admin/builder/spi-builder-workspace/.swiftpm/xcode -enable-anonymous-context-mangled-names -file-compilation-dir /Users/admin/builder/spi-builder-workspace/.swiftpm/xcode -Xcc -D_LIBCPP_HARDENING_MODE\=_LIBCPP_HARDENING_MODE_DEBUG -Xcc -ivfsstatcache -Xcc /Users/admin/builder/spi-builder-workspace/.derivedData/SDKStatCaches.noindex/watchos27.0-24R360-e829b21a6f8c9b70876ba0858053c04477534ef55a1706bf4c1112bbb242f0a2.sdkstatcache -Xcc -fmodules-prune-interval\=86400 -Xcc -fmodules-prune-after\=345600 -Xcc -I/Users/admin/builder/spi-builder-workspace/.derivedData/Build/Products/Debug-watchos/include -Xcc -I/Users/admin/builder/spi-builder-workspace/.derivedData/Build/Intermediates.noindex/DewdropService.build/Debug-watchos/DewdropService-t.build/DerivedSources-normal/arm64 -Xcc -I/Users/admin/builder/spi-builder-workspace/.derivedData/Build/Intermediates.noindex/DewdropService.build/Debug-watchos/DewdropService-t.build/DerivedSources/arm64 -Xcc -I/Users/admin/builder/spi-builder-workspace/.derivedData/Build/Intermediates.noindex/DewdropService.build/Debug-watchos/DewdropService-t.build/DerivedSources -Xcc -DSWIFT_PACKAGE -Xcc -DDEBUG\=1 -no-auto-bridging-header-chaining -module-name DewdropService -package-name spi_builder_workspace -const-gather-protocols-file /Users/admin/builder/spi-builder-workspace/.derivedData/Build/Intermediates.noindex/DewdropService.build/Debug-watchos/DewdropService-t.build/Objects-normal/arm64/DewdropService_const_extract_protocols.json -disable-clang-spi -clang-target arm64-apple-watchos27.0 -target-sdk-version 27.0 -target-sdk-name watchos27.0 -in-process-plugin-server-path /Applications/Xcode-27.0.0-Release.Candidate.app/Contents/Developer/Toolchains/XcodeDefault.xctoolchain/usr/lib/swift/host/libSwiftInProcPluginServer.dylib -parse-as-library -o /Users/admin/builder/spi-builder-workspace/.derivedData/Build/Intermediates.noindex/DewdropService.build/Debug-watchos/DewdropService-t.build/Objects-normal/arm64/BackupFields.o -o /Users/admin/builder/spi-builder-workspace/.derivedData/Build/Intermediates.noindex/DewdropService.build/Debug-watchos/DewdropService-t.build/Objects-normal/arm64/CollaboratorFields.o -o /Users/admin/builder/spi-builder-workspace/.derivedData/Build/Intermediates.noindex/DewdropService.build/Debug-watchos/DewdropService-t.build/Objects-normal/arm64/CollectionFields.o -o /Users/admin/builder/spi-builder-workspace/.derivedData/Build/Intermediates.noindex/DewdropService.build/Debug-watchos/DewdropService-t.build/Objects-normal/arm64/FilterFields.o -debug-module-path /Users/admin/builder/spi-builder-workspace/.derivedData/Build/Intermediates.noindex/DewdropService.build/Debug-watchos/DewdropService-t.build/Objects-normal/arm64/DewdropService.swiftmodule -index-unit-output-path /DewdropService.build/Debug-watchos/DewdropService-t.build/Objects-normal/arm64/BackupFields.o -index-unit-output-path /DewdropService.build/Debug-watchos/DewdropService-t.build/Objects-normal/arm64/CollaboratorFields.o -index-unit-output-path /DewdropService.build/Debug-watchos/DewdropService-t.build/Objects-normal/arm64/CollectionFields.o -index-unit-output-path /DewdropService.build/Debug-watchos/DewdropService-t.build/Objects-normal/arm64/FilterFields.o -index-store-path /Users/admin/builder/spi-builder-workspace/.derivedData/Index.noindex/DataStore -index-system-modules
SwiftCompile normal arm64 /Users/admin/builder/spi-builder-workspace/Sources/DewdropService/Fields/BackupFields.swift (in target 'DewdropService' from project 'DewdropService')
    cd /Users/admin/builder/spi-builder-workspace/.swiftpm/xcode
    builtin-SwiftPerFileCompile BackupFields.swift
SwiftCompile normal arm64 /Users/admin/builder/spi-builder-workspace/Sources/DewdropService/Fields/CollaboratorFields.swift (in target 'DewdropService' from project 'DewdropService')
    cd /Users/admin/builder/spi-builder-workspace/.swiftpm/xcode
    builtin-SwiftPerFileCompile CollaboratorFields.swift
SwiftCompile normal arm64 /Users/admin/builder/spi-builder-workspace/Sources/DewdropService/Fields/CollectionFields.swift (in target 'DewdropService' from project 'DewdropService')
    cd /Users/admin/builder/spi-builder-workspace/.swiftpm/xcode
    builtin-SwiftPerFileCompile CollectionFields.swift
SwiftCompile normal arm64 /Users/admin/builder/spi-builder-workspace/Sources/DewdropService/Fields/FilterFields.swift (in target 'DewdropService' from project 'DewdropService')
    cd /Users/admin/builder/spi-builder-workspace/.swiftpm/xcode
    builtin-SwiftPerFileCompile FilterFields.swift
SwiftCompile normal arm64 Compiling\ FolderFields.swift,\ GroupFields.swift,\ HighlightFields.swift,\ IDFields.swift /Users/admin/builder/spi-builder-workspace/Sources/DewdropService/Fields/FolderFields.swift /Users/admin/builder/spi-builder-workspace/Sources/DewdropService/Fields/GroupFields.swift /Users/admin/builder/spi-builder-workspace/Sources/DewdropService/Fields/HighlightFields.swift /Users/admin/builder/spi-builder-workspace/Sources/DewdropService/Fields/IDFields.swift (in target 'DewdropService' from project 'DewdropService')
SwiftCompile normal arm64 /Users/admin/builder/spi-builder-workspace/Sources/DewdropService/Fields/FolderFields.swift (in target 'DewdropService' from project 'DewdropService')
    cd /Users/admin/builder/spi-builder-workspace/.swiftpm/xcode
    builtin-SwiftPerFileCompile FolderFields.swift
SwiftCompile normal arm64 /Users/admin/builder/spi-builder-workspace/Sources/DewdropService/Fields/GroupFields.swift (in target 'DewdropService' from project 'DewdropService')
    cd /Users/admin/builder/spi-builder-workspace/.swiftpm/xcode
    builtin-SwiftPerFileCompile GroupFields.swift
SwiftCompile normal arm64 /Users/admin/builder/spi-builder-workspace/Sources/DewdropService/Fields/HighlightFields.swift (in target 'DewdropService' from project 'DewdropService')
    cd /Users/admin/builder/spi-builder-workspace/.swiftpm/xcode
    builtin-SwiftPerFileCompile HighlightFields.swift
SwiftCompile normal arm64 /Users/admin/builder/spi-builder-workspace/Sources/DewdropService/Fields/IDFields.swift (in target 'DewdropService' from project 'DewdropService')
    cd /Users/admin/builder/spi-builder-workspace/.swiftpm/xcode
    builtin-SwiftPerFileCompile IDFields.swift
SwiftCompile normal arm64 Compiling\ Collaborator.swift,\ Collection.swift,\ Filter.swift,\ Group.swift /Users/admin/builder/spi-builder-workspace/Sources/DewdropService/Models/Collaborator.swift /Users/admin/builder/spi-builder-workspace/Sources/DewdropService/Models/Collection.swift /Users/admin/builder/spi-builder-workspace/Sources/DewdropService/Models/Filter.swift /Users/admin/builder/spi-builder-workspace/Sources/DewdropService/Models/Group.swift (in target 'DewdropService' from project 'DewdropService')
SwiftCompile normal arm64 /Users/admin/builder/spi-builder-workspace/Sources/DewdropService/Models/Collaborator.swift (in target 'DewdropService' from project 'DewdropService')
    cd /Users/admin/builder/spi-builder-workspace/.swiftpm/xcode
    builtin-SwiftPerFileCompile Collaborator.swift
SwiftCompile normal arm64 /Users/admin/builder/spi-builder-workspace/Sources/DewdropService/Models/Collection.swift (in target 'DewdropService' from project 'DewdropService')
    cd /Users/admin/builder/spi-builder-workspace/.swiftpm/xcode
    builtin-SwiftPerFileCompile Collection.swift
SwiftCompile normal arm64 /Users/admin/builder/spi-builder-workspace/Sources/DewdropService/Models/Filter.swift (in target 'DewdropService' from project 'DewdropService')
    cd /Users/admin/builder/spi-builder-workspace/.swiftpm/xcode
    builtin-SwiftPerFileCompile Filter.swift
SwiftCompile normal arm64 /Users/admin/builder/spi-builder-workspace/Sources/DewdropService/Models/Group.swift (in target 'DewdropService' from project 'DewdropService')
    cd /Users/admin/builder/spi-builder-workspace/.swiftpm/xcode
    builtin-SwiftPerFileCompile Group.swift
SwiftCompile normal arm64 Compiling\ Highlight.swift,\ Media.swift,\ Raindrop.swift,\ Tag.swift /Users/admin/builder/spi-builder-workspace/Sources/DewdropService/Models/Highlight.swift /Users/admin/builder/spi-builder-workspace/Sources/DewdropService/Models/Media.swift /Users/admin/builder/spi-builder-workspace/Sources/DewdropService/Models/Raindrop.swift /Users/admin/builder/spi-builder-workspace/Sources/DewdropService/Models/Tag.swift (in target 'DewdropService' from project 'DewdropService')
SwiftCompile normal arm64 /Users/admin/builder/spi-builder-workspace/Sources/DewdropService/Models/Highlight.swift (in target 'DewdropService' from project 'DewdropService')
    cd /Users/admin/builder/spi-builder-workspace/.swiftpm/xcode
    builtin-SwiftPerFileCompile Highlight.swift
SwiftCompile normal arm64 /Users/admin/builder/spi-builder-workspace/Sources/DewdropService/Models/Media.swift (in target 'DewdropService' from project 'DewdropService')
    cd /Users/admin/builder/spi-builder-workspace/.swiftpm/xcode
    builtin-SwiftPerFileCompile Media.swift
SwiftCompile normal arm64 /Users/admin/builder/spi-builder-workspace/Sources/DewdropService/Models/Raindrop.swift (in target 'DewdropService' from project 'DewdropService')
    cd /Users/admin/builder/spi-builder-workspace/.swiftpm/xcode
    builtin-SwiftPerFileCompile Raindrop.swift
SwiftCompile normal arm64 /Users/admin/builder/spi-builder-workspace/Sources/DewdropService/Models/Tag.swift (in target 'DewdropService' from project 'DewdropService')
    cd /Users/admin/builder/spi-builder-workspace/.swiftpm/xcode
    builtin-SwiftPerFileCompile Tag.swift
SwiftCompile normal arm64 Compiling\ GroupSpec.swift,\ HighlightSpec.swift,\ ImportSpec.swift /Users/admin/builder/spi-builder-workspace/Sources/DewdropService/Specs/GroupSpec.swift /Users/admin/builder/spi-builder-workspace/Sources/DewdropService/Specs/HighlightSpec.swift /Users/admin/builder/spi-builder-workspace/Sources/DewdropService/Specs/ImportSpec.swift (in target 'DewdropService' from project 'DewdropService')
SwiftCompile normal arm64 /Users/admin/builder/spi-builder-workspace/Sources/DewdropService/Specs/GroupSpec.swift (in target 'DewdropService' from project 'DewdropService')
    cd /Users/admin/builder/spi-builder-workspace/.swiftpm/xcode
    builtin-SwiftPerFileCompile GroupSpec.swift
SwiftCompile normal arm64 /Users/admin/builder/spi-builder-workspace/Sources/DewdropService/Specs/HighlightSpec.swift (in target 'DewdropService' from project 'DewdropService')
    cd /Users/admin/builder/spi-builder-workspace/.swiftpm/xcode
    builtin-SwiftPerFileCompile HighlightSpec.swift
SwiftCompile normal arm64 /Users/admin/builder/spi-builder-workspace/Sources/DewdropService/Specs/ImportSpec.swift (in target 'DewdropService' from project 'DewdropService')
    cd /Users/admin/builder/spi-builder-workspace/.swiftpm/xcode
    builtin-SwiftPerFileCompile ImportSpec.swift
SwiftCompile normal arm64 Compiling\ RaindropSpec.swift,\ TagSpec.swift,\ UserSpec.swift /Users/admin/builder/spi-builder-workspace/Sources/DewdropService/Specs/RaindropSpec.swift /Users/admin/builder/spi-builder-workspace/Sources/DewdropService/Specs/TagSpec.swift /Users/admin/builder/spi-builder-workspace/Sources/DewdropService/Specs/UserSpec.swift (in target 'DewdropService' from project 'DewdropService')
SwiftCompile normal arm64 /Users/admin/builder/spi-builder-workspace/Sources/DewdropService/Specs/RaindropSpec.swift (in target 'DewdropService' from project 'DewdropService')
    cd /Users/admin/builder/spi-builder-workspace/.swiftpm/xcode
    builtin-SwiftPerFileCompile RaindropSpec.swift
SwiftCompile normal arm64 /Users/admin/builder/spi-builder-workspace/Sources/DewdropService/Specs/TagSpec.swift (in target 'DewdropService' from project 'DewdropService')
    cd /Users/admin/builder/spi-builder-workspace/.swiftpm/xcode
    builtin-SwiftPerFileCompile TagSpec.swift
SwiftCompile normal arm64 /Users/admin/builder/spi-builder-workspace/Sources/DewdropService/Specs/UserSpec.swift (in target 'DewdropService' from project 'DewdropService')
    cd /Users/admin/builder/spi-builder-workspace/.swiftpm/xcode
    builtin-SwiftPerFileCompile UserSpec.swift
SwiftCompile normal arm64 Compiling\ CollaboratorSpec.swift,\ CollectionSpec.swift,\ ExportSpec.swift,\ FilterSpec.swift /Users/admin/builder/spi-builder-workspace/Sources/DewdropService/Specs/CollaboratorSpec.swift /Users/admin/builder/spi-builder-workspace/Sources/DewdropService/Specs/CollectionSpec.swift /Users/admin/builder/spi-builder-workspace/Sources/DewdropService/Specs/ExportSpec.swift /Users/admin/builder/spi-builder-workspace/Sources/DewdropService/Specs/FilterSpec.swift (in target 'DewdropService' from project 'DewdropService')
SwiftCompile normal arm64 /Users/admin/builder/spi-builder-workspace/Sources/DewdropService/Specs/CollaboratorSpec.swift (in target 'DewdropService' from project 'DewdropService')
    cd /Users/admin/builder/spi-builder-workspace/.swiftpm/xcode
    builtin-SwiftPerFileCompile CollaboratorSpec.swift
SwiftCompile normal arm64 /Users/admin/builder/spi-builder-workspace/Sources/DewdropService/Specs/CollectionSpec.swift (in target 'DewdropService' from project 'DewdropService')
    cd /Users/admin/builder/spi-builder-workspace/.swiftpm/xcode
    builtin-SwiftPerFileCompile CollectionSpec.swift
SwiftCompile normal arm64 /Users/admin/builder/spi-builder-workspace/Sources/DewdropService/Specs/ExportSpec.swift (in target 'DewdropService' from project 'DewdropService')
    cd /Users/admin/builder/spi-builder-workspace/.swiftpm/xcode
    builtin-SwiftPerFileCompile ExportSpec.swift
SwiftCompile normal arm64 /Users/admin/builder/spi-builder-workspace/Sources/DewdropService/Specs/FilterSpec.swift (in target 'DewdropService' from project 'DewdropService')
    cd /Users/admin/builder/spi-builder-workspace/.swiftpm/xcode
    builtin-SwiftPerFileCompile FilterSpec.swift
SwiftEmitModule normal arm64_32 Emitting\ module\ for\ DewdropService (in target 'DewdropService' from project 'DewdropService')
SwiftCompile normal arm64_32 (in target 'DewdropService' from project 'DewdropService')
    cd /Users/admin/builder/spi-builder-workspace/.swiftpm/xcode

PruneExplicitPrecompiledModules /Users/admin/builder/spi-builder-workspace/.derivedData/Build/Intermediates.noindex/ExplicitPrecompiledModules
PruneExplicitPrecompiledModules /Users/admin/builder/spi-builder-workspace/.derivedData/SDKExplicitPrecompiledModules
PruneExplicitPrecompiledModules /Users/admin/builder/spi-builder-workspace/.derivedData/Build/Intermediates.noindex/SwiftExplicitPrecompiledModules
2026-09-22 04:17:00.016 xcodebuild[1994:10332] [MT] IDERunDestination: Supported platforms for the buildables in the current scheme is empty.
** BUILD FAILED **
The following build commands failed:
	SwiftCompile normal arm64 Compiling\ ImportFields.swift,\ InfoFields.swift,\ MediaFields.swift,\ RaindropFields.swift /Users/admin/builder/spi-builder-workspace/Sources/DewdropService/Fields/ImportFields.swift /Users/admin/builder/spi-builder-workspace/Sources/DewdropService/Fields/InfoFields.swift /Users/admin/builder/spi-builder-workspace/Sources/DewdropService/Fields/MediaFields.swift /Users/admin/builder/spi-builder-workspace/Sources/DewdropService/Fields/RaindropFields.swift (in target 'DewdropService' from project 'DewdropService')
	SwiftCompile normal arm64 /Users/admin/builder/spi-builder-workspace/Sources/DewdropService/Fields/RaindropFields.swift (in target 'DewdropService' from project 'DewdropService')
	SwiftCompile normal arm64 Compiling\ BackupFields.swift,\ CollaboratorFields.swift,\ CollectionFields.swift,\ FilterFields.swift /Users/admin/builder/spi-builder-workspace/Sources/DewdropService/Fields/BackupFields.swift /Users/admin/builder/spi-builder-workspace/Sources/DewdropService/Fields/CollaboratorFields.swift /Users/admin/builder/spi-builder-workspace/Sources/DewdropService/Fields/CollectionFields.swift /Users/admin/builder/spi-builder-workspace/Sources/DewdropService/Fields/FilterFields.swift (in target 'DewdropService' from project 'DewdropService')
	SwiftCompile normal arm64 /Users/admin/builder/spi-builder-workspace/Sources/DewdropService/Fields/CollectionFields.swift (in target 'DewdropService' from project 'DewdropService')
	Building workspace DewdropService with scheme DewdropService
(5 failures)
BUILD FAILURE 6.4 watchOS