Build Information
Failed to build RuntimeExtensions, reference 1.1.0 (221825), with Swift 6.4 for tvOS using Xcode 27.0 on 20 Sep 2026 22:13:11 UTC.
Build Command
env DEVELOPER_DIR=/Applications/Xcode-27.0.0-Release.Candidate.app xcrun xcodebuild -IDEClonedSourcePackagesDirPathOverride=$PWD/.dependencies -skipMacroValidation -skipPackagePluginValidation -derivedDataPath $PWD/.derivedData build -scheme RuntimeExtensions-Package -destination generic/platform=tvOSBuild Log
========================================
RunAll
========================================
Builder version: 5.1.0
Interrupt handler set up.
========================================
Checkout
========================================
Clone URL: https://github.com/Appsaurus/RuntimeExtensions.git
Reference: 1.1.0
Initialized empty Git repository in /Users/admin/builder/spi-builder-workspace/.git/
From https://github.com/Appsaurus/RuntimeExtensions
* tag 1.1.0 -> FETCH_HEAD
HEAD is now at 221825b Bumping Runtime library
Cloned https://github.com/Appsaurus/RuntimeExtensions.git
Revision (git rev-parse @):
221825b8864255392b347725f4afbccfa1cf9662
SUCCESS checkout https://github.com/Appsaurus/RuntimeExtensions.git at 1.1.0
========================================
Build
========================================
Selected platform: tvOS
Swift version: 6.4
Building package at path: $PWD
https://github.com/Appsaurus/RuntimeExtensions.git
Command line invocation:
/Applications/Xcode-27.0.0-Release.Candidate.app/Contents/Developer/usr/bin/xcodebuild -IDEClonedSourcePackagesDirPathOverride=/Users/admin/builder/spi-builder-workspace/.dependencies -resolvePackageDependencies
resolved source packages:
{
"dependencies" : [
{
"identity" : "runtime",
"requirement" : {
"exact" : [
"2.2.7"
]
},
"type" : "sourceControl",
"url" : "https://github.com/wickwirew/Runtime"
},
{
"identity" : "swifttestutils",
"requirement" : {
"range" : [
{
"lower_bound" : "1.0.0",
"upper_bound" : "2.0.0"
}
]
},
"type" : "sourceControl",
"url" : "https://github.com/Appsaurus/SwiftTestUtils"
}
],
"manifest_display_name" : "RuntimeExtensions",
"name" : "RuntimeExtensions",
"path" : "/Users/admin/builder/spi-builder-workspace",
"platforms" : [
],
"products" : [
{
"name" : "RuntimeExtensions",
"targets" : [
"RuntimeExtensions"
],
"type" : {
"library" : [
"automatic"
]
}
}
],
"targets" : [
{
"c99name" : "RuntimeExtensionsTests",
"module_type" : "SwiftTarget",
"name" : "RuntimeExtensionsTests",
"path" : "RuntimeExtensionsTests/Shared",
"product_dependencies" : [
"SwiftTestUtils"
],
"sources" : [
"RuntimeExtensionsTests.swift",
"TestModels/TestKVCModel.swift",
"TestModels/TestKVCStruct.swift"
],
"target_dependencies" : [
"RuntimeExtensions"
],
"type" : "test"
},
{
"c99name" : "RuntimeExtensions",
"module_type" : "SwiftTarget",
"name" : "RuntimeExtensions",
"path" : "Sources/Shared",
"product_dependencies" : [
"Runtime"
],
"product_memberships" : [
"RuntimeExtensions"
],
"sources" : [
"EmptyInitializable.swift",
"EnumUtils.swift",
"Exports.swift",
"GlobalRuntimeFunctions.swift",
"KVC.swift",
"OptionalProtocol.swift",
"PropertyInfo++.swift",
"ProxyWrapper.swift",
"TypeInfo++.swift"
],
"type" : "library"
}
],
"tools_version" : "5.5"
}
{
"project" : {
"configurations" : [
"Debug",
"Release"
],
"name" : "RuntimeExtensions",
"schemes" : [
"RuntimeExtensions-Package"
],
"targets" : [
"CRuntime",
"Runtime",
"RuntimeExtensions",
"RuntimeExtensionsPackageDescription",
"RuntimeExtensionsPackageTests",
"RuntimeExtensionsTests",
"RuntimePackageDescription",
"SwiftTestUtils",
"SwiftTestUtilsPackageDescription"
]
}
}
Running build ...
env DEVELOPER_DIR=/Applications/Xcode-27.0.0-Release.Candidate.app xcrun xcodebuild -IDEClonedSourcePackagesDirPathOverride=$PWD/.dependencies -skipMacroValidation -skipPackagePluginValidation -derivedDataPath $PWD/.derivedData build -scheme RuntimeExtensions-Package -destination generic/platform=tvOS
Command line invocation:
/Applications/Xcode-27.0.0-Release.Candidate.app/Contents/Developer/usr/bin/xcodebuild -IDEClonedSourcePackagesDirPathOverride=/Users/admin/builder/spi-builder-workspace/.dependencies -skipMacroValidation -skipPackagePluginValidation -derivedDataPath /Users/admin/builder/spi-builder-workspace/.derivedData build -scheme RuntimeExtensions-Package -destination generic/platform=tvOS
ComputePackagePrebuildTargetDependencyGraph
Prepare packages
CreateBuildRequest
SendProjectDescription
CreateBuildOperation
ComputeTargetDependencyGraph
note: Building targets in dependency order
note: Target dependency graph (2 targets)
Target 'RuntimeExtensions' in project 'RuntimeExtensions'
➜ Explicit dependency on target 'Runtime' in project 'RuntimeExtensions'
Target 'Runtime' in project 'RuntimeExtensions' (no dependencies)
GatherProvisioningInputs
CreateBuildDescription
ExecuteExternalTool /Applications/Xcode-27.0.0-Release.Candidate.app/Contents/Developer/Toolchains/XcodeDefault.xctoolchain/usr/bin/swiftc --version
ExecuteExternalTool /Applications/Xcode-27.0.0-Release.Candidate.app/Contents/Developer/Toolchains/XcodeDefault.xctoolchain/usr/bin/clang -v -E -dM -isysroot /Applications/Xcode-27.0.0-Release.Candidate.app/Contents/Developer/Platforms/AppleTVOS.platform/Developer/SDKs/AppleTVOS27.0.sdk -x c -c /dev/null
ExecuteExternalTool /Applications/Xcode-27.0.0-Release.Candidate.app/Contents/Developer/Toolchains/XcodeDefault.xctoolchain/usr/bin/ld -version_details
Build description signature: 2c4a53f64e07713aa9f23cdb2b2517bf
Build description path: /Users/admin/builder/spi-builder-workspace/.derivedData/Build/Intermediates.noindex/XCBuildData/2c4a53f64e07713aa9f23cdb2b2517bf.xcbuilddata
/Users/admin/builder/spi-builder-workspace/RuntimeExtensions.xcodeproj: error: The tvOS deployment target 'TVOS_DEPLOYMENT_TARGET' is set to 9.0, but the range of supported deployment target versions is 15.0 to 27.0.x. (in target 'RuntimeExtensions' from project 'RuntimeExtensions')
/Users/admin/builder/spi-builder-workspace/RuntimeExtensions.xcodeproj: error: The tvOS deployment target 'TVOS_DEPLOYMENT_TARGET' is set to 9.0, but the range of supported deployment target versions is 15.0 to 27.0.x. (in target 'Runtime' from project 'RuntimeExtensions')
** BUILD FAILED **
The following build commands failed:
Building project RuntimeExtensions with scheme RuntimeExtensions-Package
(1 failure)
Command line invocation:
/Applications/Xcode-27.0.0-Release.Candidate.app/Contents/Developer/usr/bin/xcodebuild -IDEClonedSourcePackagesDirPathOverride=/Users/admin/builder/spi-builder-workspace/.dependencies -resolvePackageDependencies
resolved source packages:
{
"dependencies" : [
{
"identity" : "runtime",
"requirement" : {
"exact" : [
"2.2.7"
]
},
"type" : "sourceControl",
"url" : "https://github.com/wickwirew/Runtime"
},
{
"identity" : "swifttestutils",
"requirement" : {
"range" : [
{
"lower_bound" : "1.0.0",
"upper_bound" : "2.0.0"
}
]
},
"type" : "sourceControl",
"url" : "https://github.com/Appsaurus/SwiftTestUtils"
}
],
"manifest_display_name" : "RuntimeExtensions",
"name" : "RuntimeExtensions",
"path" : "/Users/admin/builder/spi-builder-workspace",
"platforms" : [
],
"products" : [
{
"name" : "RuntimeExtensions",
"targets" : [
"RuntimeExtensions"
],
"type" : {
"library" : [
"automatic"
]
}
}
],
"targets" : [
{
"c99name" : "RuntimeExtensionsTests",
"module_type" : "SwiftTarget",
"name" : "RuntimeExtensionsTests",
"path" : "RuntimeExtensionsTests/Shared",
"product_dependencies" : [
"SwiftTestUtils"
],
"sources" : [
"RuntimeExtensionsTests.swift",
"TestModels/TestKVCModel.swift",
"TestModels/TestKVCStruct.swift"
],
"target_dependencies" : [
"RuntimeExtensions"
],
"type" : "test"
},
{
"c99name" : "RuntimeExtensions",
"module_type" : "SwiftTarget",
"name" : "RuntimeExtensions",
"path" : "Sources/Shared",
"product_dependencies" : [
"Runtime"
],
"product_memberships" : [
"RuntimeExtensions"
],
"sources" : [
"EmptyInitializable.swift",
"EnumUtils.swift",
"Exports.swift",
"GlobalRuntimeFunctions.swift",
"KVC.swift",
"OptionalProtocol.swift",
"PropertyInfo++.swift",
"ProxyWrapper.swift",
"TypeInfo++.swift"
],
"type" : "library"
}
],
"tools_version" : "5.5"
}
{
"project" : {
"configurations" : [
"Debug",
"Release"
],
"name" : "RuntimeExtensions",
"schemes" : [
"RuntimeExtensions-Package"
],
"targets" : [
"CRuntime",
"Runtime",
"RuntimeExtensions",
"RuntimeExtensionsPackageDescription",
"RuntimeExtensionsPackageTests",
"RuntimeExtensionsTests",
"RuntimePackageDescription",
"SwiftTestUtils",
"SwiftTestUtilsPackageDescription"
]
}
}
Running build ...
env DEVELOPER_DIR=/Applications/Xcode-27.0.0-Release.Candidate.app xcrun xcodebuild -IDEClonedSourcePackagesDirPathOverride=$PWD/.dependencies -skipMacroValidation -skipPackagePluginValidation -derivedDataPath $PWD/.derivedData build -scheme RuntimeExtensions-Package -destination generic/platform=tvOS
Command line invocation:
/Applications/Xcode-27.0.0-Release.Candidate.app/Contents/Developer/usr/bin/xcodebuild -IDEClonedSourcePackagesDirPathOverride=/Users/admin/builder/spi-builder-workspace/.dependencies -skipMacroValidation -skipPackagePluginValidation -derivedDataPath /Users/admin/builder/spi-builder-workspace/.derivedData build -scheme RuntimeExtensions-Package -destination generic/platform=tvOS
ComputePackagePrebuildTargetDependencyGraph
Prepare packages
CreateBuildRequest
SendProjectDescription
CreateBuildOperation
ComputeTargetDependencyGraph
note: Building targets in dependency order
note: Target dependency graph (2 targets)
Target 'RuntimeExtensions' in project 'RuntimeExtensions'
➜ Explicit dependency on target 'Runtime' in project 'RuntimeExtensions'
Target 'Runtime' in project 'RuntimeExtensions' (no dependencies)
GatherProvisioningInputs
CreateBuildDescription
/Users/admin/builder/spi-builder-workspace/RuntimeExtensions.xcodeproj: error: The tvOS deployment target 'TVOS_DEPLOYMENT_TARGET' is set to 9.0, but the range of supported deployment target versions is 15.0 to 27.0.x. (in target 'Runtime' from project 'RuntimeExtensions')
/Users/admin/builder/spi-builder-workspace/RuntimeExtensions.xcodeproj: error: The tvOS deployment target 'TVOS_DEPLOYMENT_TARGET' is set to 9.0, but the range of supported deployment target versions is 15.0 to 27.0.x. (in target 'RuntimeExtensions' from project 'RuntimeExtensions')
** BUILD FAILED **
The following build commands failed:
Building project RuntimeExtensions with scheme RuntimeExtensions-Package
(1 failure)
BUILD FAILURE 6.4 tvOS