The Swift Package Index logo.Swift Package Index

Build Information

Failed to build KrakenKit, reference 0.0.1 (9b3d1f), with Swift 6.4 for iOS using Xcode 27.0 on 16 Sep 2026 19:14:19 UTC.

Build Command

env DEVELOPER_DIR=/Applications/Xcode-27.0.0-Release.Candidate.app xcrun xcodebuild -IDEClonedSourcePackagesDirPathOverride=$PWD/.dependencies -skipMacroValidation -skipPackagePluginValidation -derivedDataPath $PWD/.derivedData build -scheme KrakenKit-Package -destination generic/platform=iOS

Build Log

========================================
RunAll
========================================
Builder version: 5.1.0
Interrupt handler set up.
========================================
Checkout
========================================
Clone URL: https://github.com/krakencl/krakenkit.git
Reference: 0.0.1
Initialized empty Git repository in /Users/admin/builder/spi-builder-workspace/.git/
From https://github.com/krakencl/krakenkit
 * tag               0.0.1      -> FETCH_HEAD
HEAD is now at 9b3d1fb New toolchain released.
Cloned https://github.com/krakencl/krakenkit.git
Revision (git rev-parse @):
9b3d1fbaf39aaa0f53d1b814f3a2811263e77ab3
SUCCESS checkout https://github.com/krakencl/krakenkit.git at 0.0.1
========================================
Build
========================================
Selected platform:         iOS
Swift version:             6.4
Building package at path:  $PWD
https://github.com/krakencl/krakenkit.git
Command line invocation:
    /Applications/Xcode-27.0.0-Release.Candidate.app/Contents/Developer/usr/bin/xcodebuild -IDEClonedSourcePackagesDirPathOverride=/Users/admin/builder/spi-builder-workspace/.dependencies -resolvePackageDependencies
Resolve Package Graph
Fetching from https://github.com/KrakenCL/LibPNG.git
Fetching from https://github.com/apple/swift-protobuf.git
Creating working copy of package ‘swift-protobuf’
Checking out 1.38.1 of package ‘swift-protobuf’
Creating working copy of package ‘LibPNG’
Checking out 0.0.3 of package ‘LibPNG’
failed to retrieve search paths with pkg-config; maybe pkg-config is not installedyou may be able to install libpng using your system-packager:
    brew install libpng
Resolve Package Graph
you may be able to install libpng using your system-packager:
    brew install libpng
Resolved source packages:
  SwiftProtobuf: https://github.com/apple/swift-protobuf.git @ 1.38.1
  LibPNG: https://github.com/KrakenCL/LibPNG.git @ 0.0.3
  KrakenKit: /Users/admin/builder/spi-builder-workspace
resolved source packages: SwiftProtobuf, LibPNG, KrakenKit
2026-09-16 15:13:23.063 xcodebuild[525:3003] [MT] IDERunDestination: Supported platforms for the buildables in the current scheme is empty.
{
  "dependencies" : [
    {
      "identity" : "swift-protobuf",
      "requirement" : {
        "range" : [
          {
            "lower_bound" : "1.2.0",
            "upper_bound" : "2.0.0"
          }
        ]
      },
      "type" : "sourceControl",
      "url" : "https://github.com/apple/swift-protobuf.git"
    },
    {
      "identity" : "libpng",
      "requirement" : {
        "range" : [
          {
            "lower_bound" : "0.0.3",
            "upper_bound" : "1.0.0"
          }
        ]
      },
      "type" : "sourceControl",
      "url" : "https://github.com/KrakenCL/LibPNG.git"
    }
  ],
  "manifest_display_name" : "KrakenKit",
  "name" : "KrakenKit",
  "path" : "/Users/admin/builder/spi-builder-workspace",
  "platforms" : [
  ],
  "products" : [
    {
      "name" : "Proto",
      "targets" : [
        "Proto"
      ],
      "type" : {
        "library" : [
          "static"
        ]
      }
    },
    {
      "name" : "KrakenKit",
      "targets" : [
        "KrakenKit"
      ],
      "type" : {
        "library" : [
          "static"
        ]
      }
    }
  ],
  "targets" : [
    {
      "c99name" : "Proto",
      "module_type" : "SwiftTarget",
      "name" : "Proto",
      "path" : "Sources/Proto",
      "product_dependencies" : [
        "SwiftProtobuf"
      ],
      "product_memberships" : [
        "Proto",
        "KrakenKit"
      ],
      "sources" : [
        "core/debug/debug_service.pb.swift",
        "core/debug/debugger_event_metadata.pb.swift",
        "core/framework/allocation_description.pb.swift",
        "core/framework/api_def.pb.swift",
        "core/framework/attr_value.pb.swift",
        "core/framework/cost_graph.pb.swift",
        "core/framework/device_attributes.pb.swift",
        "core/framework/function.pb.swift",
        "core/framework/graph.pb.swift",
        "core/framework/graph_transfer_info.pb.swift",
        "core/framework/iterator.pb.swift",
        "core/framework/kernel_def.pb.swift",
        "core/framework/log_memory.pb.swift",
        "core/framework/node_def.pb.swift",
        "core/framework/op_def.pb.swift",
        "core/framework/reader_base.pb.swift",
        "core/framework/remote_fused_graph_execute_info.pb.swift",
        "core/framework/resource_handle.pb.swift",
        "core/framework/step_stats.pb.swift",
        "core/framework/summary.pb.swift",
        "core/framework/tensor.pb.swift",
        "core/framework/tensor_description.pb.swift",
        "core/framework/tensor_shape.pb.swift",
        "core/framework/tensor_slice.pb.swift",
        "core/framework/types.pb.swift",
        "core/framework/variable.pb.swift",
        "core/framework/versions.pb.swift",
        "core/grappler/costs/op_performance_data.pb.swift",
        "core/kernels/boosted_trees/boosted_trees.pb.swift",
        "core/lib/core/error_codes.pb.swift",
        "core/profiler/profile.pb.swift",
        "core/profiler/tfprof_log.pb.swift",
        "core/profiler/tfprof_options.pb.swift",
        "core/profiler/tfprof_output.pb.swift",
        "core/protobuf/checkpointable_object_graph.pb.swift",
        "core/protobuf/cluster.pb.swift",
        "core/protobuf/config.pb.swift",
        "core/protobuf/control_flow.pb.swift",
        "core/protobuf/critical_section.pb.swift",
        "core/protobuf/debug.pb.swift",
        "core/protobuf/device_properties.pb.swift",
        "core/protobuf/eager_service.pb.swift",
        "core/protobuf/master.pb.swift",
        "core/protobuf/master_service.pb.swift",
        "core/protobuf/meta_graph.pb.swift",
        "core/protobuf/named_tensor.pb.swift",
        "core/protobuf/queue_runner.pb.swift",
        "core/protobuf/replay_log.pb.swift",
        "core/protobuf/rewriter_config.pb.swift",
        "core/protobuf/saved_model.pb.swift",
        "core/protobuf/saver.pb.swift",
        "core/protobuf/tensor_bundle.pb.swift",
        "core/protobuf/tensorflow_server.pb.swift",
        "core/protobuf/transport_options.pb.swift",
        "core/protobuf/worker.pb.swift",
        "core/protobuf/worker_service.pb.swift",
        "core/util/event.pb.swift",
        "core/util/memmapped_file_system.pb.swift",
        "core/util/saved_tensor_slice.pb.swift",
        "core/util/test_log.pb.swift"
      ],
      "type" : "library"
    },
    {
      "c99name" : "KrakenKitTests",
      "module_type" : "SwiftTarget",
      "name" : "KrakenKitTests",
      "path" : "Tests/KrakenKitTests",
      "sources" : [
        "KrakenKitTests.swift",
        "XCTestManifests.swift"
      ],
      "target_dependencies" : [
        "KrakenKit"
      ],
      "type" : "test"
    },
    {
      "c99name" : "KrakenKit",
      "module_type" : "SwiftTarget",
      "name" : "KrakenKit",
      "path" : "Sources/KrakenKit",
      "product_dependencies" : [
        "LibPNG"
      ],
      "product_memberships" : [
        "KrakenKit"
      ],
      "sources" : [
        "DataType.swift",
        "FileWriter.swift",
        "Histogram.swift",
        "KrakenKit.swift",
        "Record.swift",
        "Summary.swift",
        "Tensor+Proto.swift"
      ],
      "target_dependencies" : [
        "Proto"
      ],
      "type" : "library"
    }
  ],
  "tools_version" : "4.2"
}
{
  "workspace" : {
    "name" : "KrakenKit",
    "schemes" : [
      "KrakenKit",
      "KrakenKit-Package",
      "Proto"
    ]
  }
}
2026-09-16 15:14:05.657 xcodebuild[728:4513] [MT] IDERunDestination: Supported platforms for the buildables in the current scheme is empty.
Running build ...
env DEVELOPER_DIR=/Applications/Xcode-27.0.0-Release.Candidate.app xcrun xcodebuild -IDEClonedSourcePackagesDirPathOverride=$PWD/.dependencies -skipMacroValidation -skipPackagePluginValidation -derivedDataPath $PWD/.derivedData build -scheme KrakenKit-Package -destination generic/platform=iOS
Command line invocation:
    /Applications/Xcode-27.0.0-Release.Candidate.app/Contents/Developer/usr/bin/xcodebuild -IDEClonedSourcePackagesDirPathOverride=/Users/admin/builder/spi-builder-workspace/.dependencies -skipMacroValidation -skipPackagePluginValidation -derivedDataPath /Users/admin/builder/spi-builder-workspace/.derivedData build -scheme KrakenKit-Package -destination generic/platform=iOS
Resolve Package Graph
failed to retrieve search paths with pkg-config; maybe pkg-config is not installedyou may be able to install libpng using your system-packager:
    brew install libpng
Resolve Package Graph
you may be able to install libpng using your system-packager:
    brew install libpng
Resolved source packages:
  LibPNG: https://github.com/KrakenCL/LibPNG.git @ 0.0.3
  KrakenKit: /Users/admin/builder/spi-builder-workspace
  SwiftProtobuf: https://github.com/apple/swift-protobuf.git @ 1.38.1
ComputePackagePrebuildTargetDependencyGraph
Prepare packages
CreateBuildRequest
SendProjectDescription
CreateBuildOperation
ComputeTargetDependencyGraph
note: Building targets in dependency order
note: Target dependency graph (10 targets)
    Target 'KrakenKit-product' in project 'KrakenKit'
        ➜ Explicit dependency on target 'KrakenKit' in project 'KrakenKit'
        ➜ Explicit dependency on target 'Proto' in project 'KrakenKit'
        ➜ Explicit dependency on target 'SwiftProtobuf-product' in project 'SwiftProtobuf'
        ➜ Explicit dependency on target 'LibPNG-product' in project 'LibPNG'
    Target 'KrakenKit' in project 'KrakenKit'
        ➜ Explicit dependency on target 'Proto' in project 'KrakenKit'
        ➜ Explicit dependency on target 'SwiftProtobuf-product' in project 'SwiftProtobuf'
        ➜ Explicit dependency on target 'LibPNG-product' in project 'LibPNG'
    Target 'LibPNG-product' in project 'LibPNG'
        ➜ Explicit dependency on target 'LibPNG' in project 'LibPNG'
    Target 'LibPNG' in project 'LibPNG'
        ➜ Explicit dependency on target 'CPNG' in project 'LibPNG'
    Target 'CPNG' in project 'LibPNG' (no dependencies)
    Target 'Proto-product' in project 'KrakenKit'
        ➜ Explicit dependency on target 'Proto' in project 'KrakenKit'
        ➜ Explicit dependency on target 'SwiftProtobuf-product' in project 'SwiftProtobuf'
    Target 'Proto' in project 'KrakenKit'
        ➜ Explicit dependency on target 'SwiftProtobuf-product' in project 'SwiftProtobuf'
    Target 'SwiftProtobuf-product' in project 'SwiftProtobuf'
        ➜ Explicit dependency on target 'SwiftProtobuf' in project 'SwiftProtobuf'
        ➜ Explicit dependency on target 'SwiftProtobuf_SwiftProtobuf' in project 'SwiftProtobuf'
    Target 'SwiftProtobuf' in project 'SwiftProtobuf'
        ➜ Explicit dependency on target 'SwiftProtobuf_SwiftProtobuf' in project 'SwiftProtobuf'
    Target 'SwiftProtobuf_SwiftProtobuf' in project 'SwiftProtobuf' (no dependencies)
GatherProvisioningInputs
CreateBuildDescription
ExecuteExternalTool /Applications/Xcode-27.0.0-Release.Candidate.app/Contents/Developer/Toolchains/XcodeDefault.xctoolchain/usr/bin/swiftc --version
ExecuteExternalTool /Applications/Xcode-27.0.0-Release.Candidate.app/Contents/Developer/Toolchains/XcodeDefault.xctoolchain/usr/bin/clang -v -E -dM -isysroot /Applications/Xcode-27.0.0-Release.Candidate.app/Contents/Developer/Platforms/iPhoneOS.platform/Developer/SDKs/iPhoneOS27.0.sdk -x c -c /dev/null
ExecuteExternalTool /Applications/Xcode-27.0.0-Release.Candidate.app/Contents/Developer/Toolchains/XcodeDefault.xctoolchain/usr/bin/ld -version_details
ReadFileContents /Applications/Xcode-27.0.0-Release.Candidate.app/Contents/Developer/Toolchains/XcodeDefault.xctoolchain/usr/share/docc/features.json
Build description signature: c76ff56bfe5cc5a342bc0f691dc2f5a0
Build description path: /Users/admin/builder/spi-builder-workspace/.derivedData/Build/Intermediates.noindex/XCBuildData/c76ff56bfe5cc5a342bc0f691dc2f5a0.xcbuilddata
CreateBuildDirectory /Users/admin/builder/spi-builder-workspace/.derivedData/CompilationCache.noindex
    cd /Users/admin/builder/spi-builder-workspace/.swiftpm/xcode
    builtin-create-build-directory /Users/admin/builder/spi-builder-workspace/.derivedData/CompilationCache.noindex
CreateBuildDirectory /Users/admin/builder/spi-builder-workspace/.derivedData/ModuleCache.noindex
    cd /Users/admin/builder/spi-builder-workspace/.swiftpm/xcode
    builtin-create-build-directory /Users/admin/builder/spi-builder-workspace/.derivedData/ModuleCache.noindex
CreateBuildDirectory /Users/admin/builder/spi-builder-workspace/.derivedData/SDKExplicitPrecompiledModules
    cd /Users/admin/builder/spi-builder-workspace/.swiftpm/xcode
    builtin-create-build-directory /Users/admin/builder/spi-builder-workspace/.derivedData/SDKExplicitPrecompiledModules
ClangStatCache /Applications/Xcode-27.0.0-Release.Candidate.app/Contents/Developer/Toolchains/XcodeDefault.xctoolchain/usr/bin/clang-stat-cache /Applications/Xcode-27.0.0-Release.Candidate.app/Contents/Developer/Platforms/iPhoneOS.platform/Developer/SDKs/iPhoneOS27.0.sdk /Users/admin/builder/spi-builder-workspace/.derivedData/SDKStatCaches.noindex/iphoneos27.0-24A430-e829b21a6f8c9b70876ba0858053c04440ceaa042ed91876912b2eeea4e3aa14.sdkstatcache
    cd /Users/admin/builder/spi-builder-workspace/.swiftpm/xcode
    /Applications/Xcode-27.0.0-Release.Candidate.app/Contents/Developer/Toolchains/XcodeDefault.xctoolchain/usr/bin/clang-stat-cache /Applications/Xcode-27.0.0-Release.Candidate.app/Contents/Developer/Platforms/iPhoneOS.platform/Developer/SDKs/iPhoneOS27.0.sdk -o /Users/admin/builder/spi-builder-workspace/.derivedData/SDKStatCaches.noindex/iphoneos27.0-24A430-e829b21a6f8c9b70876ba0858053c04440ceaa042ed91876912b2eeea4e3aa14.sdkstatcache
CreateBuildDirectory /Users/admin/builder/spi-builder-workspace/.derivedData/Build/Products
    cd /Users/admin/builder/spi-builder-workspace/.swiftpm/xcode
    builtin-create-build-directory /Users/admin/builder/spi-builder-workspace/.derivedData/Build/Products
CreateBuildDirectory /Users/admin/builder/spi-builder-workspace/.derivedData/Build/Intermediates.noindex
    cd /Users/admin/builder/spi-builder-workspace/.swiftpm/xcode
    builtin-create-build-directory /Users/admin/builder/spi-builder-workspace/.derivedData/Build/Intermediates.noindex
CreateBuildDirectory /Users/admin/builder/spi-builder-workspace/.derivedData/Build/Products/Debug-iphoneos
    cd /Users/admin/builder/spi-builder-workspace/.swiftpm/xcode
    builtin-create-build-directory /Users/admin/builder/spi-builder-workspace/.derivedData/Build/Products/Debug-iphoneos
CreateBuildDirectory /Users/admin/builder/spi-builder-workspace/.derivedData/Build/Intermediates.noindex/SwiftExplicitPrecompiledModules
    cd /Users/admin/builder/spi-builder-workspace/.swiftpm/xcode
    builtin-create-build-directory /Users/admin/builder/spi-builder-workspace/.derivedData/Build/Intermediates.noindex/SwiftExplicitPrecompiledModules
CreateBuildDirectory /Users/admin/builder/spi-builder-workspace/.derivedData/Build/Intermediates.noindex/PrecompiledHeaders
    cd /Users/admin/builder/spi-builder-workspace/.swiftpm/xcode
    builtin-create-build-directory /Users/admin/builder/spi-builder-workspace/.derivedData/Build/Intermediates.noindex/PrecompiledHeaders
CreateBuildDirectory /Users/admin/builder/spi-builder-workspace/.derivedData/Build/Intermediates.noindex/ExplicitPrecompiledModules
    cd /Users/admin/builder/spi-builder-workspace/.swiftpm/xcode
    builtin-create-build-directory /Users/admin/builder/spi-builder-workspace/.derivedData/Build/Intermediates.noindex/ExplicitPrecompiledModules
CreateBuildDirectory /Users/admin/builder/spi-builder-workspace/.derivedData/Build/Intermediates.noindex/EagerLinkingTBDs/Debug-iphoneos
    cd /Users/admin/builder/spi-builder-workspace/.swiftpm/xcode
    builtin-create-build-directory /Users/admin/builder/spi-builder-workspace/.derivedData/Build/Intermediates.noindex/EagerLinkingTBDs/Debug-iphoneos
CreateBuildDirectory /Users/admin/builder/spi-builder-workspace/.derivedData/Build/Products/Debug-iphoneos/PackageFrameworks
    cd /Users/admin/builder/spi-builder-workspace/.swiftpm/xcode
    builtin-create-build-directory /Users/admin/builder/spi-builder-workspace/.derivedData/Build/Products/Debug-iphoneos/PackageFrameworks
WriteAuxiliaryFile /Users/admin/builder/spi-builder-workspace/.derivedData/Build/Intermediates.noindex/SwiftProtobuf.build/Debug-iphoneos/SwiftProtobuf_SwiftProtobuf-b.build/SwiftProtobuf_SwiftProtobuf.DependencyMetadataFileList (in target 'SwiftProtobuf_SwiftProtobuf' from project 'SwiftProtobuf')
    cd /Users/admin/builder/spi-builder-workspace/.dependencies/checkouts/swift-protobuf
    write-file /Users/admin/builder/spi-builder-workspace/.derivedData/Build/Intermediates.noindex/SwiftProtobuf.build/Debug-iphoneos/SwiftProtobuf_SwiftProtobuf-b.build/SwiftProtobuf_SwiftProtobuf.DependencyMetadataFileList
WriteAuxiliaryFile /Users/admin/builder/spi-builder-workspace/.derivedData/Build/Intermediates.noindex/SwiftProtobuf.build/Debug-iphoneos/SwiftProtobuf_SwiftProtobuf-b.build/empty-SwiftProtobuf_SwiftProtobuf.plist (in target 'SwiftProtobuf_SwiftProtobuf' from project 'SwiftProtobuf')
    cd /Users/admin/builder/spi-builder-workspace/.dependencies/checkouts/swift-protobuf
    write-file /Users/admin/builder/spi-builder-workspace/.derivedData/Build/Intermediates.noindex/SwiftProtobuf.build/Debug-iphoneos/SwiftProtobuf_SwiftProtobuf-b.build/empty-SwiftProtobuf_SwiftProtobuf.plist
WriteAuxiliaryFile /Users/admin/builder/spi-builder-workspace/.derivedData/Build/Intermediates.noindex/SwiftProtobuf.build/Debug-iphoneos/SwiftProtobuf_SwiftProtobuf-b.build/SwiftProtobuf_SwiftProtobuf.DependencyStaticMetadataFileList (in target 'SwiftProtobuf_SwiftProtobuf' from project 'SwiftProtobuf')
    cd /Users/admin/builder/spi-builder-workspace/.dependencies/checkouts/swift-protobuf
    write-file /Users/admin/builder/spi-builder-workspace/.derivedData/Build/Intermediates.noindex/SwiftProtobuf.build/Debug-iphoneos/SwiftProtobuf_SwiftProtobuf-b.build/SwiftProtobuf_SwiftProtobuf.DependencyStaticMetadataFileList
WriteAuxiliaryFile /Users/admin/builder/spi-builder-workspace/.derivedData/Build/Intermediates.noindex/SwiftProtobuf.build/Debug-iphoneos/SwiftProtobuf-t.build/SwiftProtobuf.DependencyMetadataFileList (in target 'SwiftProtobuf' from project 'SwiftProtobuf')
    cd /Users/admin/builder/spi-builder-workspace/.dependencies/checkouts/swift-protobuf
    write-file /Users/admin/builder/spi-builder-workspace/.derivedData/Build/Intermediates.noindex/SwiftProtobuf.build/Debug-iphoneos/SwiftProtobuf-t.build/SwiftProtobuf.DependencyMetadataFileList
WriteAuxiliaryFile /Users/admin/builder/spi-builder-workspace/.derivedData/Build/Intermediates.noindex/SwiftProtobuf.build/Debug-iphoneos/SwiftProtobuf-t.build/SwiftProtobuf.DependencyStaticMetadataFileList (in target 'SwiftProtobuf' from project 'SwiftProtobuf')
    cd /Users/admin/builder/spi-builder-workspace/.dependencies/checkouts/swift-protobuf
    write-file /Users/admin/builder/spi-builder-workspace/.derivedData/Build/Intermediates.noindex/SwiftProtobuf.build/Debug-iphoneos/SwiftProtobuf-t.build/SwiftProtobuf.DependencyStaticMetadataFileList
WriteAuxiliaryFile /Users/admin/builder/spi-builder-workspace/.derivedData/Build/Intermediates.noindex/SwiftProtobuf.build/Debug-iphoneos/SwiftProtobuf-t.build/SwiftProtobuf.modulemap (in target 'SwiftProtobuf' from project 'SwiftProtobuf')
    cd /Users/admin/builder/spi-builder-workspace/.dependencies/checkouts/swift-protobuf
    write-file /Users/admin/builder/spi-builder-workspace/.derivedData/Build/Intermediates.noindex/SwiftProtobuf.build/Debug-iphoneos/SwiftProtobuf-t.build/SwiftProtobuf.modulemap
WriteAuxiliaryFile /Users/admin/builder/spi-builder-workspace/.derivedData/Build/Intermediates.noindex/SwiftProtobuf.build/Debug-iphoneos/SwiftProtobuf-t.build/Objects-normal/arm64/SwiftProtobuf.SwiftFileList (in target 'SwiftProtobuf' from project 'SwiftProtobuf')
    cd /Users/admin/builder/spi-builder-workspace/.dependencies/checkouts/swift-protobuf
    write-file /Users/admin/builder/spi-builder-workspace/.derivedData/Build/Intermediates.noindex/SwiftProtobuf.build/Debug-iphoneos/SwiftProtobuf-t.build/Objects-normal/arm64/SwiftProtobuf.SwiftFileList
WriteAuxiliaryFile /Users/admin/builder/spi-builder-workspace/.derivedData/Build/Intermediates.noindex/SwiftProtobuf.build/Debug-iphoneos/SwiftProtobuf-t.build/Objects-normal/arm64/SwiftProtobuf.SwiftConstValuesFileList (in target 'SwiftProtobuf' from project 'SwiftProtobuf')
    cd /Users/admin/builder/spi-builder-workspace/.dependencies/checkouts/swift-protobuf
    write-file /Users/admin/builder/spi-builder-workspace/.derivedData/Build/Intermediates.noindex/SwiftProtobuf.build/Debug-iphoneos/SwiftProtobuf-t.build/Objects-normal/arm64/SwiftProtobuf.SwiftConstValuesFileList
WriteAuxiliaryFile /Users/admin/builder/spi-builder-workspace/.derivedData/Build/Intermediates.noindex/SwiftProtobuf.build/Debug-iphoneos/SwiftProtobuf-t.build/Objects-normal/arm64/SwiftProtobuf_const_extract_protocols.json (in target 'SwiftProtobuf' from project 'SwiftProtobuf')
    cd /Users/admin/builder/spi-builder-workspace/.dependencies/checkouts/swift-protobuf
    write-file /Users/admin/builder/spi-builder-workspace/.derivedData/Build/Intermediates.noindex/SwiftProtobuf.build/Debug-iphoneos/SwiftProtobuf-t.build/Objects-normal/arm64/SwiftProtobuf_const_extract_protocols.json
WriteAuxiliaryFile /Users/admin/builder/spi-builder-workspace/.derivedData/Build/Intermediates.noindex/SwiftProtobuf.build/Debug-iphoneos/SwiftProtobuf-t.build/Objects-normal/arm64/SwiftProtobuf.LinkFileList (in target 'SwiftProtobuf' from project 'SwiftProtobuf')
    cd /Users/admin/builder/spi-builder-workspace/.dependencies/checkouts/swift-protobuf
    write-file /Users/admin/builder/spi-builder-workspace/.derivedData/Build/Intermediates.noindex/SwiftProtobuf.build/Debug-iphoneos/SwiftProtobuf-t.build/Objects-normal/arm64/SwiftProtobuf.LinkFileList
WriteAuxiliaryFile /Users/admin/builder/spi-builder-workspace/.derivedData/Build/Intermediates.noindex/SwiftProtobuf.build/Debug-iphoneos/SwiftProtobuf-t.build/Objects-normal/arm64/SwiftProtobuf-OutputFileMap.json (in target 'SwiftProtobuf' from project 'SwiftProtobuf')
    cd /Users/admin/builder/spi-builder-workspace/.dependencies/checkouts/swift-protobuf
    write-file /Users/admin/builder/spi-builder-workspace/.derivedData/Build/Intermediates.noindex/SwiftProtobuf.build/Debug-iphoneos/SwiftProtobuf-t.build/Objects-normal/arm64/SwiftProtobuf-OutputFileMap.json
WriteAuxiliaryFile /Users/admin/builder/spi-builder-workspace/.derivedData/Build/Intermediates.noindex/SwiftProtobuf.build/Debug-iphoneos/SwiftProtobuf-t.build/DerivedSources/resource_bundle_accessor.swift (in target 'SwiftProtobuf' from project 'SwiftProtobuf')
    cd /Users/admin/builder/spi-builder-workspace/.dependencies/checkouts/swift-protobuf
    write-file /Users/admin/builder/spi-builder-workspace/.derivedData/Build/Intermediates.noindex/SwiftProtobuf.build/Debug-iphoneos/SwiftProtobuf-t.build/DerivedSources/resource_bundle_accessor.swift
WriteAuxiliaryFile /Users/admin/builder/spi-builder-workspace/.derivedData/Build/Intermediates.noindex/KrakenKit.build/Debug-iphoneos/Proto-t.build/Proto.modulemap (in target 'Proto' from project 'KrakenKit')
    cd /Users/admin/builder/spi-builder-workspace
    write-file /Users/admin/builder/spi-builder-workspace/.derivedData/Build/Intermediates.noindex/KrakenKit.build/Debug-iphoneos/Proto-t.build/Proto.modulemap
WriteAuxiliaryFile /Users/admin/builder/spi-builder-workspace/.derivedData/Build/Intermediates.noindex/KrakenKit.build/Debug-iphoneos/Proto-t.build/Proto.DependencyMetadataFileList (in target 'Proto' from project 'KrakenKit')
    cd /Users/admin/builder/spi-builder-workspace
    write-file /Users/admin/builder/spi-builder-workspace/.derivedData/Build/Intermediates.noindex/KrakenKit.build/Debug-iphoneos/Proto-t.build/Proto.DependencyMetadataFileList
WriteAuxiliaryFile /Users/admin/builder/spi-builder-workspace/.derivedData/Build/Intermediates.noindex/KrakenKit.build/Debug-iphoneos/Proto-t.build/Proto.DependencyStaticMetadataFileList (in target 'Proto' from project 'KrakenKit')
    cd /Users/admin/builder/spi-builder-workspace
    write-file /Users/admin/builder/spi-builder-workspace/.derivedData/Build/Intermediates.noindex/KrakenKit.build/Debug-iphoneos/Proto-t.build/Proto.DependencyStaticMetadataFileList
Copy /Users/admin/builder/spi-builder-workspace/.derivedData/Build/Intermediates.noindex/GeneratedModuleMaps-iphoneos/SwiftProtobuf.modulemap /Users/admin/builder/spi-builder-workspace/.derivedData/Build/Intermediates.noindex/SwiftProtobuf.build/Debug-iphoneos/SwiftProtobuf-t.build/SwiftProtobuf.modulemap (in target 'SwiftProtobuf' from project 'SwiftProtobuf')
    cd /Users/admin/builder/spi-builder-workspace/.dependencies/checkouts/swift-protobuf
    builtin-copy -exclude .DS_Store -exclude CVS -exclude .svn -exclude .git -exclude .hg -resolve-src-symlinks /Users/admin/builder/spi-builder-workspace/.derivedData/Build/Intermediates.noindex/SwiftProtobuf.build/Debug-iphoneos/SwiftProtobuf-t.build/SwiftProtobuf.modulemap /Users/admin/builder/spi-builder-workspace/.derivedData/Build/Intermediates.noindex/GeneratedModuleMaps-iphoneos
WriteAuxiliaryFile /Users/admin/builder/spi-builder-workspace/.derivedData/Build/Intermediates.noindex/KrakenKit.build/Debug-iphoneos/Proto-t.build/Objects-normal/arm64/Proto_const_extract_protocols.json (in target 'Proto' from project 'KrakenKit')
    cd /Users/admin/builder/spi-builder-workspace
    write-file /Users/admin/builder/spi-builder-workspace/.derivedData/Build/Intermediates.noindex/KrakenKit.build/Debug-iphoneos/Proto-t.build/Objects-normal/arm64/Proto_const_extract_protocols.json
WriteAuxiliaryFile /Users/admin/builder/spi-builder-workspace/.derivedData/Build/Intermediates.noindex/KrakenKit.build/Debug-iphoneos/Proto-t.build/Objects-normal/arm64/Proto.SwiftFileList (in target 'Proto' from project 'KrakenKit')
    cd /Users/admin/builder/spi-builder-workspace
    write-file /Users/admin/builder/spi-builder-workspace/.derivedData/Build/Intermediates.noindex/KrakenKit.build/Debug-iphoneos/Proto-t.build/Objects-normal/arm64/Proto.SwiftFileList
WriteAuxiliaryFile /Users/admin/builder/spi-builder-workspace/.derivedData/Build/Intermediates.noindex/KrakenKit.build/Debug-iphoneos/Proto-t.build/Objects-normal/arm64/Proto.SwiftConstValuesFileList (in target 'Proto' from project 'KrakenKit')
    cd /Users/admin/builder/spi-builder-workspace
    write-file /Users/admin/builder/spi-builder-workspace/.derivedData/Build/Intermediates.noindex/KrakenKit.build/Debug-iphoneos/Proto-t.build/Objects-normal/arm64/Proto.SwiftConstValuesFileList
WriteAuxiliaryFile /Users/admin/builder/spi-builder-workspace/.derivedData/Build/Intermediates.noindex/KrakenKit.build/Debug-iphoneos/Proto-t.build/Objects-normal/arm64/Proto.LinkFileList (in target 'Proto' from project 'KrakenKit')
    cd /Users/admin/builder/spi-builder-workspace
    write-file /Users/admin/builder/spi-builder-workspace/.derivedData/Build/Intermediates.noindex/KrakenKit.build/Debug-iphoneos/Proto-t.build/Objects-normal/arm64/Proto.LinkFileList
WriteAuxiliaryFile /Users/admin/builder/spi-builder-workspace/.derivedData/Build/Intermediates.noindex/KrakenKit.build/Debug-iphoneos/Proto-t.build/Objects-normal/arm64/Proto-OutputFileMap.json (in target 'Proto' from project 'KrakenKit')
    cd /Users/admin/builder/spi-builder-workspace
    write-file /Users/admin/builder/spi-builder-workspace/.derivedData/Build/Intermediates.noindex/KrakenKit.build/Debug-iphoneos/Proto-t.build/Objects-normal/arm64/Proto-OutputFileMap.json
Copy /Users/admin/builder/spi-builder-workspace/.derivedData/Build/Intermediates.noindex/GeneratedModuleMaps-iphoneos/Proto.modulemap /Users/admin/builder/spi-builder-workspace/.derivedData/Build/Intermediates.noindex/KrakenKit.build/Debug-iphoneos/Proto-t.build/Proto.modulemap (in target 'Proto' from project 'KrakenKit')
    cd /Users/admin/builder/spi-builder-workspace
    builtin-copy -exclude .DS_Store -exclude CVS -exclude .svn -exclude .git -exclude .hg -resolve-src-symlinks /Users/admin/builder/spi-builder-workspace/.derivedData/Build/Intermediates.noindex/KrakenKit.build/Debug-iphoneos/Proto-t.build/Proto.modulemap /Users/admin/builder/spi-builder-workspace/.derivedData/Build/Intermediates.noindex/GeneratedModuleMaps-iphoneos
WriteAuxiliaryFile /Users/admin/builder/spi-builder-workspace/.derivedData/Build/Intermediates.noindex/LibPNG.build/Debug-iphoneos/LibPNG-t.build/Objects-normal/arm64/LibPNG_const_extract_protocols.json (in target 'LibPNG' from project 'LibPNG')
    cd /Users/admin/builder/spi-builder-workspace/.dependencies/checkouts/LibPNG
    write-file /Users/admin/builder/spi-builder-workspace/.derivedData/Build/Intermediates.noindex/LibPNG.build/Debug-iphoneos/LibPNG-t.build/Objects-normal/arm64/LibPNG_const_extract_protocols.json
WriteAuxiliaryFile /Users/admin/builder/spi-builder-workspace/.derivedData/Build/Intermediates.noindex/LibPNG.build/Debug-iphoneos/LibPNG-t.build/Objects-normal/arm64/LibPNG.SwiftFileList (in target 'LibPNG' from project 'LibPNG')
    cd /Users/admin/builder/spi-builder-workspace/.dependencies/checkouts/LibPNG
    write-file /Users/admin/builder/spi-builder-workspace/.derivedData/Build/Intermediates.noindex/LibPNG.build/Debug-iphoneos/LibPNG-t.build/Objects-normal/arm64/LibPNG.SwiftFileList
WriteAuxiliaryFile /Users/admin/builder/spi-builder-workspace/.derivedData/Build/Intermediates.noindex/LibPNG.build/Debug-iphoneos/LibPNG-t.build/Objects-normal/arm64/LibPNG.SwiftConstValuesFileList (in target 'LibPNG' from project 'LibPNG')
    cd /Users/admin/builder/spi-builder-workspace/.dependencies/checkouts/LibPNG
    write-file /Users/admin/builder/spi-builder-workspace/.derivedData/Build/Intermediates.noindex/LibPNG.build/Debug-iphoneos/LibPNG-t.build/Objects-normal/arm64/LibPNG.SwiftConstValuesFileList
WriteAuxiliaryFile /Users/admin/builder/spi-builder-workspace/.derivedData/Build/Intermediates.noindex/LibPNG.build/Debug-iphoneos/LibPNG-t.build/Objects-normal/arm64/LibPNG.LinkFileList (in target 'LibPNG' from project 'LibPNG')
    cd /Users/admin/builder/spi-builder-workspace/.dependencies/checkouts/LibPNG
    write-file /Users/admin/builder/spi-builder-workspace/.derivedData/Build/Intermediates.noindex/LibPNG.build/Debug-iphoneos/LibPNG-t.build/Objects-normal/arm64/LibPNG.LinkFileList
WriteAuxiliaryFile /Users/admin/builder/spi-builder-workspace/.derivedData/Build/Intermediates.noindex/LibPNG.build/Debug-iphoneos/LibPNG-t.build/Objects-normal/arm64/LibPNG-OutputFileMap.json (in target 'LibPNG' from project 'LibPNG')
    cd /Users/admin/builder/spi-builder-workspace/.dependencies/checkouts/LibPNG
    write-file /Users/admin/builder/spi-builder-workspace/.derivedData/Build/Intermediates.noindex/LibPNG.build/Debug-iphoneos/LibPNG-t.build/Objects-normal/arm64/LibPNG-OutputFileMap.json
WriteAuxiliaryFile /Users/admin/builder/spi-builder-workspace/.derivedData/Build/Intermediates.noindex/LibPNG.build/Debug-iphoneos/LibPNG-t.build/LibPNG.modulemap (in target 'LibPNG' from project 'LibPNG')
    cd /Users/admin/builder/spi-builder-workspace/.dependencies/checkouts/LibPNG
    write-file /Users/admin/builder/spi-builder-workspace/.derivedData/Build/Intermediates.noindex/LibPNG.build/Debug-iphoneos/LibPNG-t.build/LibPNG.modulemap
WriteAuxiliaryFile /Users/admin/builder/spi-builder-workspace/.derivedData/Build/Intermediates.noindex/LibPNG.build/Debug-iphoneos/LibPNG-t.build/LibPNG.DependencyStaticMetadataFileList (in target 'LibPNG' from project 'LibPNG')
    cd /Users/admin/builder/spi-builder-workspace/.dependencies/checkouts/LibPNG
    write-file /Users/admin/builder/spi-builder-workspace/.derivedData/Build/Intermediates.noindex/LibPNG.build/Debug-iphoneos/LibPNG-t.build/LibPNG.DependencyStaticMetadataFileList
WriteAuxiliaryFile /Users/admin/builder/spi-builder-workspace/.derivedData/Build/Intermediates.noindex/LibPNG.build/Debug-iphoneos/LibPNG-t.build/LibPNG.DependencyMetadataFileList (in target 'LibPNG' from project 'LibPNG')
    cd /Users/admin/builder/spi-builder-workspace/.dependencies/checkouts/LibPNG
    write-file /Users/admin/builder/spi-builder-workspace/.derivedData/Build/Intermediates.noindex/LibPNG.build/Debug-iphoneos/LibPNG-t.build/LibPNG.DependencyMetadataFileList
WriteAuxiliaryFile /Users/admin/builder/spi-builder-workspace/.derivedData/Build/Intermediates.noindex/KrakenKit.build/Debug-iphoneos/KrakenKit-t.build/Objects-normal/arm64/KrakenKit.SwiftFileList (in target 'KrakenKit' from project 'KrakenKit')
    cd /Users/admin/builder/spi-builder-workspace
    write-file /Users/admin/builder/spi-builder-workspace/.derivedData/Build/Intermediates.noindex/KrakenKit.build/Debug-iphoneos/KrakenKit-t.build/Objects-normal/arm64/KrakenKit.SwiftFileList
WriteAuxiliaryFile /Users/admin/builder/spi-builder-workspace/.derivedData/Build/Intermediates.noindex/KrakenKit.build/Debug-iphoneos/KrakenKit-t.build/Objects-normal/arm64/KrakenKit_const_extract_protocols.json (in target 'KrakenKit' from project 'KrakenKit')
    cd /Users/admin/builder/spi-builder-workspace
    write-file /Users/admin/builder/spi-builder-workspace/.derivedData/Build/Intermediates.noindex/KrakenKit.build/Debug-iphoneos/KrakenKit-t.build/Objects-normal/arm64/KrakenKit_const_extract_protocols.json
WriteAuxiliaryFile /Users/admin/builder/spi-builder-workspace/.derivedData/Build/Intermediates.noindex/KrakenKit.build/Debug-iphoneos/KrakenKit-t.build/Objects-normal/arm64/KrakenKit.SwiftConstValuesFileList (in target 'KrakenKit' from project 'KrakenKit')
    cd /Users/admin/builder/spi-builder-workspace
    write-file /Users/admin/builder/spi-builder-workspace/.derivedData/Build/Intermediates.noindex/KrakenKit.build/Debug-iphoneos/KrakenKit-t.build/Objects-normal/arm64/KrakenKit.SwiftConstValuesFileList
WriteAuxiliaryFile /Users/admin/builder/spi-builder-workspace/.derivedData/Build/Intermediates.noindex/KrakenKit.build/Debug-iphoneos/KrakenKit-t.build/Objects-normal/arm64/KrakenKit.LinkFileList (in target 'KrakenKit' from project 'KrakenKit')
    cd /Users/admin/builder/spi-builder-workspace
    write-file /Users/admin/builder/spi-builder-workspace/.derivedData/Build/Intermediates.noindex/KrakenKit.build/Debug-iphoneos/KrakenKit-t.build/Objects-normal/arm64/KrakenKit.LinkFileList
WriteAuxiliaryFile /Users/admin/builder/spi-builder-workspace/.derivedData/Build/Intermediates.noindex/KrakenKit.build/Debug-iphoneos/KrakenKit-t.build/Objects-normal/arm64/KrakenKit-OutputFileMap.json (in target 'KrakenKit' from project 'KrakenKit')
    cd /Users/admin/builder/spi-builder-workspace
    write-file /Users/admin/builder/spi-builder-workspace/.derivedData/Build/Intermediates.noindex/KrakenKit.build/Debug-iphoneos/KrakenKit-t.build/Objects-normal/arm64/KrakenKit-OutputFileMap.json
WriteAuxiliaryFile /Users/admin/builder/spi-builder-workspace/.derivedData/Build/Intermediates.noindex/KrakenKit.build/Debug-iphoneos/KrakenKit-t.build/KrakenKit.modulemap (in target 'KrakenKit' from project 'KrakenKit')
    cd /Users/admin/builder/spi-builder-workspace
    write-file /Users/admin/builder/spi-builder-workspace/.derivedData/Build/Intermediates.noindex/KrakenKit.build/Debug-iphoneos/KrakenKit-t.build/KrakenKit.modulemap
WriteAuxiliaryFile /Users/admin/builder/spi-builder-workspace/.derivedData/Build/Intermediates.noindex/KrakenKit.build/Debug-iphoneos/KrakenKit-t.build/KrakenKit.DependencyStaticMetadataFileList (in target 'KrakenKit' from project 'KrakenKit')
    cd /Users/admin/builder/spi-builder-workspace
    write-file /Users/admin/builder/spi-builder-workspace/.derivedData/Build/Intermediates.noindex/KrakenKit.build/Debug-iphoneos/KrakenKit-t.build/KrakenKit.DependencyStaticMetadataFileList
Copy /Users/admin/builder/spi-builder-workspace/.derivedData/Build/Intermediates.noindex/GeneratedModuleMaps-iphoneos/LibPNG.modulemap /Users/admin/builder/spi-builder-workspace/.derivedData/Build/Intermediates.noindex/LibPNG.build/Debug-iphoneos/LibPNG-t.build/LibPNG.modulemap (in target 'LibPNG' from project 'LibPNG')
    cd /Users/admin/builder/spi-builder-workspace/.dependencies/checkouts/LibPNG
    builtin-copy -exclude .DS_Store -exclude CVS -exclude .svn -exclude .git -exclude .hg -resolve-src-symlinks /Users/admin/builder/spi-builder-workspace/.derivedData/Build/Intermediates.noindex/LibPNG.build/Debug-iphoneos/LibPNG-t.build/LibPNG.modulemap /Users/admin/builder/spi-builder-workspace/.derivedData/Build/Intermediates.noindex/GeneratedModuleMaps-iphoneos
WriteAuxiliaryFile /Users/admin/builder/spi-builder-workspace/.derivedData/Build/Intermediates.noindex/KrakenKit.build/Debug-iphoneos/KrakenKit-t.build/KrakenKit.DependencyMetadataFileList (in target 'KrakenKit' from project 'KrakenKit')
    cd /Users/admin/builder/spi-builder-workspace
    write-file /Users/admin/builder/spi-builder-workspace/.derivedData/Build/Intermediates.noindex/KrakenKit.build/Debug-iphoneos/KrakenKit-t.build/KrakenKit.DependencyMetadataFileList
MkDir /Users/admin/builder/spi-builder-workspace/.derivedData/Build/Products/Debug-iphoneos/SwiftProtobuf_SwiftProtobuf.bundle (in target 'SwiftProtobuf_SwiftProtobuf' from project 'SwiftProtobuf')
    cd /Users/admin/builder/spi-builder-workspace/.dependencies/checkouts/swift-protobuf
    /bin/mkdir -p /Users/admin/builder/spi-builder-workspace/.derivedData/Build/Products/Debug-iphoneos/SwiftProtobuf_SwiftProtobuf.bundle
Copy /Users/admin/builder/spi-builder-workspace/.derivedData/Build/Intermediates.noindex/GeneratedModuleMaps-iphoneos/KrakenKit.modulemap /Users/admin/builder/spi-builder-workspace/.derivedData/Build/Intermediates.noindex/KrakenKit.build/Debug-iphoneos/KrakenKit-t.build/KrakenKit.modulemap (in target 'KrakenKit' from project 'KrakenKit')
    cd /Users/admin/builder/spi-builder-workspace
    builtin-copy -exclude .DS_Store -exclude CVS -exclude .svn -exclude .git -exclude .hg -resolve-src-symlinks /Users/admin/builder/spi-builder-workspace/.derivedData/Build/Intermediates.noindex/KrakenKit.build/Debug-iphoneos/KrakenKit-t.build/KrakenKit.modulemap /Users/admin/builder/spi-builder-workspace/.derivedData/Build/Intermediates.noindex/GeneratedModuleMaps-iphoneos
ProcessInfoPlistFile /Users/admin/builder/spi-builder-workspace/.derivedData/Build/Products/Debug-iphoneos/SwiftProtobuf_SwiftProtobuf.bundle/Info.plist /Users/admin/builder/spi-builder-workspace/.derivedData/Build/Intermediates.noindex/SwiftProtobuf.build/Debug-iphoneos/SwiftProtobuf_SwiftProtobuf-b.build/empty-SwiftProtobuf_SwiftProtobuf.plist (in target 'SwiftProtobuf_SwiftProtobuf' from project 'SwiftProtobuf')
    cd /Users/admin/builder/spi-builder-workspace/.dependencies/checkouts/swift-protobuf
    builtin-infoPlistUtility /Users/admin/builder/spi-builder-workspace/.derivedData/Build/Intermediates.noindex/SwiftProtobuf.build/Debug-iphoneos/SwiftProtobuf_SwiftProtobuf-b.build/empty-SwiftProtobuf_SwiftProtobuf.plist -producttype com.apple.product-type.bundle -expandbuildsettings -format binary -platform iphoneos -requiredArchitecture arm64 -o /Users/admin/builder/spi-builder-workspace/.derivedData/Build/Products/Debug-iphoneos/SwiftProtobuf_SwiftProtobuf.bundle/Info.plist
CpResource /Users/admin/builder/spi-builder-workspace/.derivedData/Build/Products/Debug-iphoneos/SwiftProtobuf_SwiftProtobuf.bundle/PrivacyInfo.xcprivacy /Users/admin/builder/spi-builder-workspace/.dependencies/checkouts/swift-protobuf/Sources/SwiftProtobuf/PrivacyInfo.xcprivacy (in target 'SwiftProtobuf_SwiftProtobuf' from project 'SwiftProtobuf')
    cd /Users/admin/builder/spi-builder-workspace/.dependencies/checkouts/swift-protobuf
    builtin-copy -exclude .DS_Store -exclude CVS -exclude .svn -exclude .git -exclude .hg -resolve-src-symlinks /Users/admin/builder/spi-builder-workspace/.dependencies/checkouts/swift-protobuf/Sources/SwiftProtobuf/PrivacyInfo.xcprivacy /Users/admin/builder/spi-builder-workspace/.derivedData/Build/Products/Debug-iphoneos/SwiftProtobuf_SwiftProtobuf.bundle
RegisterExecutionPolicyException /Users/admin/builder/spi-builder-workspace/.derivedData/Build/Products/Debug-iphoneos/SwiftProtobuf_SwiftProtobuf.bundle (in target 'SwiftProtobuf_SwiftProtobuf' from project 'SwiftProtobuf')
    cd /Users/admin/builder/spi-builder-workspace/.dependencies/checkouts/swift-protobuf
    builtin-RegisterExecutionPolicyException /Users/admin/builder/spi-builder-workspace/.derivedData/Build/Products/Debug-iphoneos/SwiftProtobuf_SwiftProtobuf.bundle
Touch /Users/admin/builder/spi-builder-workspace/.derivedData/Build/Products/Debug-iphoneos/SwiftProtobuf_SwiftProtobuf.bundle (in target 'SwiftProtobuf_SwiftProtobuf' from project 'SwiftProtobuf')
    cd /Users/admin/builder/spi-builder-workspace/.dependencies/checkouts/swift-protobuf
    /usr/bin/touch -c /Users/admin/builder/spi-builder-workspace/.derivedData/Build/Products/Debug-iphoneos/SwiftProtobuf_SwiftProtobuf.bundle
SwiftDriver SwiftProtobuf normal arm64 com.apple.xcode.tools.swift.compiler (in target 'SwiftProtobuf' from project 'SwiftProtobuf')
    cd /Users/admin/builder/spi-builder-workspace/.swiftpm/xcode
    builtin-SwiftDriver -- /Applications/Xcode-27.0.0-Release.Candidate.app/Contents/Developer/Toolchains/XcodeDefault.xctoolchain/usr/bin/swiftc -parse-as-library -module-name SwiftProtobuf -Onone @/Users/admin/builder/spi-builder-workspace/.derivedData/Build/Intermediates.noindex/SwiftProtobuf.build/Debug-iphoneos/SwiftProtobuf-t.build/Objects-normal/arm64/SwiftProtobuf.SwiftFileList -DSWIFT_PACKAGE -DDEBUG -DSWIFT_MODULE_RESOURCE_BUNDLE_AVAILABLE -DBinaryDelimitedStreams -DFieldMaskUtilities -DXcode -enable-upcoming-feature ExistentialAny -plugin-path /Applications/Xcode-27.0.0-Release.Candidate.app/Contents/Developer/Toolchains/XcodeDefault.xctoolchain/usr/lib/swift/host/plugins/testing -enable-experimental-feature DebugDescriptionMacro -sdk /Applications/Xcode-27.0.0-Release.Candidate.app/Contents/Developer/Platforms/iPhoneOS.platform/Developer/SDKs/iPhoneOS27.0.sdk -target arm64-apple-ios15.0 -g -module-cache-path /Users/admin/builder/spi-builder-workspace/.derivedData/ModuleCache.noindex -Xfrontend -serialize-debugging-options -profile-coverage-mapping -profile-generate -enable-testing -suppress-warnings -index-store-path /Users/admin/builder/spi-builder-workspace/.derivedData/Index.noindex/DataStore -Xcc -D_LIBCPP_HARDENING_MODE\=_LIBCPP_HARDENING_MODE_DEBUG -swift-version 6 -I /Users/admin/builder/spi-builder-workspace/.derivedData/Build/Products/Debug-iphoneos -Isystem /Applications/Xcode-27.0.0-Release.Candidate.app/Contents/Developer/Platforms/iPhoneOS.platform/Developer/usr/lib -F /Users/admin/builder/spi-builder-workspace/.derivedData/Build/Products/Debug-iphoneos -F /Applications/Xcode-27.0.0-Release.Candidate.app/Contents/Developer/Platforms/iPhoneOS.platform/Developer/Library/Frameworks -F /Applications/Xcode-27.0.0-Release.Candidate.app/Contents/Developer/Platforms/iPhoneOS.platform/Developer/SDKs/iPhoneOS27.0.sdk/Developer/Library/Frameworks -c -j10 -enable-batch-mode -incremental -Xcc -ivfsstatcache -Xcc /Users/admin/builder/spi-builder-workspace/.derivedData/SDKStatCaches.noindex/iphoneos27.0-24A430-e829b21a6f8c9b70876ba0858053c04440ceaa042ed91876912b2eeea4e3aa14.sdkstatcache -output-file-map /Users/admin/builder/spi-builder-workspace/.derivedData/Build/Intermediates.noindex/SwiftProtobuf.build/Debug-iphoneos/SwiftProtobuf-t.build/Objects-normal/arm64/SwiftProtobuf-OutputFileMap.json -save-temps -no-color-diagnostics -explicit-module-build -module-cache-path /Users/admin/builder/spi-builder-workspace/.derivedData/Build/Intermediates.noindex/SwiftExplicitPrecompiledModules -clang-scanner-module-cache-path /Users/admin/builder/spi-builder-workspace/.derivedData/ModuleCache.noindex -sdk-module-cache-path /Users/admin/builder/spi-builder-workspace/.derivedData/SDKExplicitPrecompiledModules -emit-dependencies -emit-module -emit-module-path /Users/admin/builder/spi-builder-workspace/.derivedData/Build/Intermediates.noindex/SwiftProtobuf.build/Debug-iphoneos/SwiftProtobuf-t.build/Objects-normal/arm64/SwiftProtobuf.swiftmodule -serialize-diagnostics -dependency-scan-serialize-diagnostics-path /Users/admin/builder/spi-builder-workspace/.derivedData/Build/Intermediates.noindex/SwiftProtobuf.build/Debug-iphoneos/SwiftProtobuf-t.build/Objects-normal/arm64/SwiftProtobuf-dependency-scan.dia -user-module-version 1.38.1 -validate-clang-modules-once -clang-build-session-file /Users/admin/builder/spi-builder-workspace/.derivedData/ModuleCache.noindex/Session.modulevalidation -Xcc -fmodules-prune-interval\=86400 -Xcc -fmodules-prune-after\=345600 -package-name swift_protobuf -emit-const-values -const-gather-protocols-list /Users/admin/builder/spi-builder-workspace/.derivedData/Build/Intermediates.noindex/SwiftProtobuf.build/Debug-iphoneos/SwiftProtobuf-t.build/Objects-normal/arm64/SwiftProtobuf_const_extract_protocols.json -Xcc -I/Users/admin/builder/spi-builder-workspace/.derivedData/Build/Products/Debug-iphoneos/include -Xcc -I/Users/admin/builder/spi-builder-workspace/.derivedData/Build/Intermediates.noindex/SwiftProtobuf.build/Debug-iphoneos/SwiftProtobuf-t.build/DerivedSources-normal/arm64 -Xcc -I/Users/admin/builder/spi-builder-workspace/.derivedData/Build/Intermediates.noindex/SwiftProtobuf.build/Debug-iphoneos/SwiftProtobuf-t.build/DerivedSources/arm64 -Xcc -I/Users/admin/builder/spi-builder-workspace/.derivedData/Build/Intermediates.noindex/SwiftProtobuf.build/Debug-iphoneos/SwiftProtobuf-t.build/DerivedSources -Xcc -DSWIFT_PACKAGE -Xcc -DDEBUG\=1 -emit-objc-header -emit-objc-header-path /Users/admin/builder/spi-builder-workspace/.derivedData/Build/Intermediates.noindex/SwiftProtobuf.build/Debug-iphoneos/SwiftProtobuf-t.build/Objects-normal/arm64/SwiftProtobuf-Swift.h -working-directory /Users/admin/builder/spi-builder-workspace/.swiftpm/xcode -experimental-emit-module-separately -disable-cmo
SwiftDriver LibPNG normal arm64 com.apple.xcode.tools.swift.compiler (in target 'LibPNG' from project 'LibPNG')
    cd /Users/admin/builder/spi-builder-workspace/.swiftpm/xcode
    builtin-SwiftDriver -- /Applications/Xcode-27.0.0-Release.Candidate.app/Contents/Developer/Toolchains/XcodeDefault.xctoolchain/usr/bin/swiftc -parse-as-library -module-name LibPNG -Onone @/Users/admin/builder/spi-builder-workspace/.derivedData/Build/Intermediates.noindex/LibPNG.build/Debug-iphoneos/LibPNG-t.build/Objects-normal/arm64/LibPNG.SwiftFileList -DSWIFT_PACKAGE -DDEBUG -DSWIFT_MODULE_RESOURCE_BUNDLE_UNAVAILABLE -Xcc -fmodule-map-file\=/Users/admin/builder/spi-builder-workspace/.dependencies/checkouts/LibPNG/Library/CPNG/module.modulemap -DXcode -plugin-path /Applications/Xcode-27.0.0-Release.Candidate.app/Contents/Developer/Toolchains/XcodeDefault.xctoolchain/usr/lib/swift/host/plugins/testing -enable-experimental-feature DebugDescriptionMacro -sdk /Applications/Xcode-27.0.0-Release.Candidate.app/Contents/Developer/Platforms/iPhoneOS.platform/Developer/SDKs/iPhoneOS27.0.sdk -target arm64-apple-ios15.0 -g -module-cache-path /Users/admin/builder/spi-builder-workspace/.derivedData/ModuleCache.noindex -Xfrontend -serialize-debugging-options -profile-coverage-mapping -profile-generate -enable-testing -suppress-warnings -index-store-path /Users/admin/builder/spi-builder-workspace/.derivedData/Index.noindex/DataStore -Xcc -D_LIBCPP_HARDENING_MODE\=_LIBCPP_HARDENING_MODE_DEBUG -swift-version 4.2 -I /Users/admin/builder/spi-builder-workspace/.derivedData/Build/Products/Debug-iphoneos -Isystem /Applications/Xcode-27.0.0-Release.Candidate.app/Contents/Developer/Platforms/iPhoneOS.platform/Developer/usr/lib -F /Users/admin/builder/spi-builder-workspace/.derivedData/Build/Products/Debug-iphoneos -F /Applications/Xcode-27.0.0-Release.Candidate.app/Contents/Developer/Platforms/iPhoneOS.platform/Developer/Library/Frameworks -F /Applications/Xcode-27.0.0-Release.Candidate.app/Contents/Developer/Platforms/iPhoneOS.platform/Developer/SDKs/iPhoneOS27.0.sdk/Developer/Library/Frameworks -c -j10 -enable-batch-mode -incremental -Xcc -ivfsstatcache -Xcc /Users/admin/builder/spi-builder-workspace/.derivedData/SDKStatCaches.noindex/iphoneos27.0-24A430-e829b21a6f8c9b70876ba0858053c04440ceaa042ed91876912b2eeea4e3aa14.sdkstatcache -output-file-map /Users/admin/builder/spi-builder-workspace/.derivedData/Build/Intermediates.noindex/LibPNG.build/Debug-iphoneos/LibPNG-t.build/Objects-normal/arm64/LibPNG-OutputFileMap.json -save-temps -no-color-diagnostics -emit-dependencies -emit-module -emit-module-path /Users/admin/builder/spi-builder-workspace/.derivedData/Build/Intermediates.noindex/LibPNG.build/Debug-iphoneos/LibPNG-t.build/Objects-normal/arm64/LibPNG.swiftmodule -serialize-diagnostics -validate-clang-modules-once -clang-build-session-file /Users/admin/builder/spi-builder-workspace/.derivedData/ModuleCache.noindex/Session.modulevalidation -Xcc -fmodules-prune-interval\=86400 -Xcc -fmodules-prune-after\=345600 -emit-const-values -const-gather-protocols-list /Users/admin/builder/spi-builder-workspace/.derivedData/Build/Intermediates.noindex/LibPNG.build/Debug-iphoneos/LibPNG-t.build/Objects-normal/arm64/LibPNG_const_extract_protocols.json -Xcc -I/Users/admin/builder/spi-builder-workspace/.derivedData/Build/Products/Debug-iphoneos/include -Xcc -I/Users/admin/builder/spi-builder-workspace/.derivedData/Build/Intermediates.noindex/LibPNG.build/Debug-iphoneos/LibPNG-t.build/DerivedSources-normal/arm64 -Xcc -I/Users/admin/builder/spi-builder-workspace/.derivedData/Build/Intermediates.noindex/LibPNG.build/Debug-iphoneos/LibPNG-t.build/DerivedSources/arm64 -Xcc -I/Users/admin/builder/spi-builder-workspace/.derivedData/Build/Intermediates.noindex/LibPNG.build/Debug-iphoneos/LibPNG-t.build/DerivedSources -Xcc -DSWIFT_PACKAGE -Xcc -DDEBUG\=1 -emit-objc-header -emit-objc-header-path /Users/admin/builder/spi-builder-workspace/.derivedData/Build/Intermediates.noindex/LibPNG.build/Debug-iphoneos/LibPNG-t.build/Objects-normal/arm64/LibPNG-Swift.h -working-directory /Users/admin/builder/spi-builder-workspace/.swiftpm/xcode -experimental-emit-module-separately -disable-cmo
SwiftEmitModule normal arm64 Emitting\ module\ for\ LibPNG (in target 'LibPNG' from project 'LibPNG')
SwiftCompile normal arm64 (in target 'LibPNG' from project 'LibPNG')
    cd /Users/admin/builder/spi-builder-workspace/.swiftpm/xcode

/Users/admin/builder/spi-builder-workspace/.dependencies/checkouts/LibPNG/Library/CPNG/module.modulemap:2:10: error: header '/usr/local/include/png.h' not found
1 | module CPNG [system] {
2 |   header "/usr/local/include/png.h"
  |          `- error: header '/usr/local/include/png.h' not found
3 |   link "png"
4 |   export *
/Users/admin/builder/spi-builder-workspace/.dependencies/checkouts/LibPNG/Sources/LibPNG/LibPNG.swift:19:8: error: could not build Objective-C module 'CPNG'
 17 |
 18 | import Foundation
 19 | import CPNG
    |        `- error: could not build Objective-C module 'CPNG'
 20 |
 21 | public typealias Pixel = UInt8
Failed frontend command:
/Applications/Xcode-27.0.0-Release.Candidate.app/Contents/Developer/Toolchains/XcodeDefault.xctoolchain/usr/bin/swift-frontend -frontend -emit-module -experimental-skip-non-inlinable-function-bodies-without-types /Users/admin/builder/spi-builder-workspace/.dependencies/checkouts/LibPNG/Sources/LibPNG/LibPNG.swift -target arm64-apple-ios15.0 -Xllvm -aarch64-use-tbi -enable-objc-interop -stack-check -sdk /Applications/Xcode-27.0.0-Release.Candidate.app/Contents/Developer/Platforms/iPhoneOS.platform/Developer/SDKs/iPhoneOS27.0.sdk -I /Users/admin/builder/spi-builder-workspace/.derivedData/Build/Products/Debug-iphoneos -Isystem /Applications/Xcode-27.0.0-Release.Candidate.app/Contents/Developer/Platforms/iPhoneOS.platform/Developer/usr/lib -F /Users/admin/builder/spi-builder-workspace/.derivedData/Build/Products/Debug-iphoneos -F /Applications/Xcode-27.0.0-Release.Candidate.app/Contents/Developer/Platforms/iPhoneOS.platform/Developer/Library/Frameworks -F /Applications/Xcode-27.0.0-Release.Candidate.app/Contents/Developer/Platforms/iPhoneOS.platform/Developer/SDKs/iPhoneOS27.0.sdk/Developer/Library/Frameworks -module-cache-path /Users/admin/builder/spi-builder-workspace/.derivedData/ModuleCache.noindex -no-color-diagnostics -Xcc -fno-color-diagnostics -enable-testing -g -debug-info-format\=dwarf -dwarf-version\=4 -suppress-warnings -profile-generate -profile-coverage-mapping -swift-version 4.2 -Onone -D SWIFT_PACKAGE -D DEBUG -D SWIFT_MODULE_RESOURCE_BUNDLE_UNAVAILABLE -D Xcode -serialize-debugging-options -enable-experimental-feature DebugDescriptionMacro -empty-abi-descriptor -plugin-path /Applications/Xcode-27.0.0-Release.Candidate.app/Contents/Developer/Toolchains/XcodeDefault.xctoolchain/usr/lib/swift/host/plugins/testing -validate-clang-modules-once -clang-build-session-file /Users/admin/builder/spi-builder-workspace/.derivedData/ModuleCache.noindex/Session.modulevalidation -Xcc -working-directory -Xcc /Users/admin/builder/spi-builder-workspace/.swiftpm/xcode -enable-anonymous-context-mangled-names -file-compilation-dir /Users/admin/builder/spi-builder-workspace/.swiftpm/xcode -Xcc -fmodule-map-file\=/Users/admin/builder/spi-builder-workspace/.dependencies/checkouts/LibPNG/Library/CPNG/module.modulemap -Xcc -D_LIBCPP_HARDENING_MODE\=_LIBCPP_HARDENING_MODE_DEBUG -Xcc -ivfsstatcache -Xcc /Users/admin/builder/spi-builder-workspace/.derivedData/SDKStatCaches.noindex/iphoneos27.0-24A430-e829b21a6f8c9b70876ba0858053c04440ceaa042ed91876912b2eeea4e3aa14.sdkstatcache -Xcc -fmodules-prune-interval\=86400 -Xcc -fmodules-prune-after\=345600 -Xcc -I/Users/admin/builder/spi-builder-workspace/.derivedData/Build/Products/Debug-iphoneos/include -Xcc -I/Users/admin/builder/spi-builder-workspace/.derivedData/Build/Intermediates.noindex/LibPNG.build/Debug-iphoneos/LibPNG-t.build/DerivedSources-normal/arm64 -Xcc -I/Users/admin/builder/spi-builder-workspace/.derivedData/Build/Intermediates.noindex/LibPNG.build/Debug-iphoneos/LibPNG-t.build/DerivedSources/arm64 -Xcc -I/Users/admin/builder/spi-builder-workspace/.derivedData/Build/Intermediates.noindex/LibPNG.build/Debug-iphoneos/LibPNG-t.build/DerivedSources -Xcc -DSWIFT_PACKAGE -Xcc -DDEBUG\=1 -no-auto-bridging-header-chaining -module-name LibPNG -const-gather-protocols-file /Users/admin/builder/spi-builder-workspace/.derivedData/Build/Intermediates.noindex/LibPNG.build/Debug-iphoneos/LibPNG-t.build/Objects-normal/arm64/LibPNG_const_extract_protocols.json -disable-clang-spi -target-sdk-version 27.0 -target-sdk-name iphoneos27.0 -external-plugin-path /Applications/Xcode-27.0.0-Release.Candidate.app/Contents/Developer/Platforms/iPhoneOS.platform/Developer/usr/lib/swift/host/plugins\#/Applications/Xcode-27.0.0-Release.Candidate.app/Contents/Developer/Platforms/iPhoneOS.platform/Developer/usr/bin/swift-plugin-server -external-plugin-path /Applications/Xcode-27.0.0-Release.Candidate.app/Contents/Developer/Platforms/iPhoneOS.platform/Developer/usr/local/lib/swift/host/plugins\#/Applications/Xcode-27.0.0-Release.Candidate.app/Contents/Developer/Platforms/iPhoneOS.platform/Developer/usr/bin/swift-plugin-server -in-process-plugin-server-path /Applications/Xcode-27.0.0-Release.Candidate.app/Contents/Developer/Toolchains/XcodeDefault.xctoolchain/usr/lib/swift/host/libSwiftInProcPluginServer.dylib -plugin-path /Applications/Xcode-27.0.0-Release.Candidate.app/Contents/Developer/Toolchains/XcodeDefault.xctoolchain/usr/lib/swift/host/plugins -plugin-path /Applications/Xcode-27.0.0-Release.Candidate.app/Contents/Developer/Toolchains/XcodeDefault.xctoolchain/usr/local/lib/swift/host/plugins -emit-module-doc-path /Users/admin/builder/spi-builder-workspace/.derivedData/Build/Intermediates.noindex/LibPNG.build/Debug-iphoneos/LibPNG-t.build/Objects-normal/arm64/LibPNG.swiftdoc -emit-module-source-info-path /Users/admin/builder/spi-builder-workspace/.derivedData/Build/Intermediates.noindex/LibPNG.build/Debug-iphoneos/LibPNG-t.build/Objects-normal/arm64/LibPNG.swiftsourceinfo -emit-objc-header-path /Users/admin/builder/spi-builder-workspace/.derivedData/Build/Intermediates.noindex/LibPNG.build/Debug-iphoneos/LibPNG-t.build/Objects-normal/arm64/LibPNG-Swift.h -serialize-diagnostics-path /Users/admin/builder/spi-builder-workspace/.derivedData/Build/Intermediates.noindex/LibPNG.build/Debug-iphoneos/LibPNG-t.build/Objects-normal/arm64/LibPNG-primary-emit-module.dia -emit-dependencies-path /Users/admin/builder/spi-builder-workspace/.derivedData/Build/Intermediates.noindex/LibPNG.build/Debug-iphoneos/LibPNG-t.build/Objects-normal/arm64/LibPNG-primary-emit-module.d -parse-as-library -o /Users/admin/builder/spi-builder-workspace/.derivedData/Build/Intermediates.noindex/LibPNG.build/Debug-iphoneos/LibPNG-t.build/Objects-normal/arm64/LibPNG.swiftmodule -emit-abi-descriptor-path /Users/admin/builder/spi-builder-workspace/.derivedData/Build/Intermediates.noindex/LibPNG.build/Debug-iphoneos/LibPNG-t.build/Objects-normal/arm64/LibPNG.abi.json
SwiftCompile normal arm64 Compiling\ LibPNG.swift /Users/admin/builder/spi-builder-workspace/.dependencies/checkouts/LibPNG/Sources/LibPNG/LibPNG.swift (in target 'LibPNG' from project 'LibPNG')
SwiftCompile normal arm64 /Users/admin/builder/spi-builder-workspace/.dependencies/checkouts/LibPNG/Sources/LibPNG/LibPNG.swift (in target 'LibPNG' from project 'LibPNG')
    cd /Users/admin/builder/spi-builder-workspace/.swiftpm/xcode
    builtin-SwiftPerFileCompile LibPNG.swift
/Users/admin/builder/spi-builder-workspace/.dependencies/checkouts/LibPNG/Library/CPNG/module.modulemap:2:10: error: header '/usr/local/include/png.h' not found
1 | module CPNG [system] {
2 |   header "/usr/local/include/png.h"
  |          `- error: header '/usr/local/include/png.h' not found
3 |   link "png"
4 |   export *
SwiftExplicitDependencyGeneratePcm arm64 /Users/admin/builder/spi-builder-workspace/.derivedData/SDKExplicitPrecompiledModules/_Builtin_stddef-497PWUKWYPOGQHRSPKM0T1465.pcm
SwiftExplicitDependencyGeneratePcm arm64 /Users/admin/builder/spi-builder-workspace/.derivedData/SDKExplicitPrecompiledModules/ptrauth-AW885YIGD3C9FM93EVUVX6RSX.pcm
SwiftExplicitDependencyGeneratePcm arm64 /Users/admin/builder/spi-builder-workspace/.derivedData/SDKExplicitPrecompiledModules/ptrcheck-7IAJ7MPM56KRQ7DVR098RZHZ.pcm
SwiftExplicitDependencyGeneratePcm arm64 /Users/admin/builder/spi-builder-workspace/.derivedData/SDKExplicitPrecompiledModules/_Builtin_float-C9YPEHM4CFZRZANG7FZUAXNEM.pcm
SwiftExplicitDependencyGeneratePcm arm64 /Users/admin/builder/spi-builder-workspace/.derivedData/SDKExplicitPrecompiledModules/_Builtin_stdbool-8O3N4J6YVKHLL0V45IVQS8NH2.pcm
SwiftExplicitDependencyGeneratePcm arm64 /Users/admin/builder/spi-builder-workspace/.derivedData/SDKExplicitPrecompiledModules/_AvailabilityInternal-3RI5Y5TKNUVCSZS0AWA4QTVBL.pcm
SwiftExplicitDependencyGeneratePcm arm64 /Users/admin/builder/spi-builder-workspace/.derivedData/SDKExplicitPrecompiledModules/_SwiftConcurrencyShims-1YQ444MGGYMS6A2AOV77GJGQW.pcm
SwiftExplicitDependencyGeneratePcm arm64 /Users/admin/builder/spi-builder-workspace/.derivedData/SDKExplicitPrecompiledModules/SwiftShims-2T1JKJY1CNAX17AUPWM2I7WV9.pcm
SwiftExplicitDependencyGeneratePcm arm64 /Users/admin/builder/spi-builder-workspace/.derivedData/SDKExplicitPrecompiledModules/_Builtin_stdarg-68742DYUXT1W2MV2M7VLNH88N.pcm
SwiftExplicitDependencyGeneratePcm arm64 /Users/admin/builder/spi-builder-workspace/.derivedData/SDKExplicitPrecompiledModules/_DarwinFoundation1-CM7XFNS1BWR7TJ77APPPZNEYV.pcm
SwiftExplicitDependencyGeneratePcm arm64 /Users/admin/builder/spi-builder-workspace/.derivedData/SDKExplicitPrecompiledModules/_DarwinFoundation2-B59V6W3XU16CLURAS03HJS6YW.pcm
SwiftExplicitDependencyGeneratePcm arm64 /Users/admin/builder/spi-builder-workspace/.derivedData/SDKExplicitPrecompiledModules/_Builtin_limits-DZCNUPSJE8VFID4WNCB288197.pcm
SwiftExplicitDependencyGeneratePcm arm64 /Users/admin/builder/spi-builder-workspace/.derivedData/SDKExplicitPrecompiledModules/_Builtin_stdint-6SFA8FHKKN84TABC4YGTRQP9K.pcm
SwiftExplicitDependencyGeneratePcm arm64 /Users/admin/builder/spi-builder-workspace/.derivedData/SDKExplicitPrecompiledModules/sys_types-362M33UJYX5FN4RCNSGM7NM1D.pcm
SwiftExplicitDependencyGeneratePcm arm64 /Users/admin/builder/spi-builder-workspace/.derivedData/SDKExplicitPrecompiledModules/string_h-1Q2U6QG8BMVR0IC2U25873FPM.pcm
SwiftExplicitDependencyGeneratePcm arm64 /Users/admin/builder/spi-builder-workspace/.derivedData/SDKExplicitPrecompiledModules/_DarwinFoundation3-DYY938WDNPDWGPOGH1M1QUITA.pcm
SwiftExplicitDependencyGeneratePcm arm64 /Users/admin/builder/spi-builder-workspace/.derivedData/SDKExplicitPrecompiledModules/_Builtin_inttypes-65FJ2B2J1AEG8S0QD4ORVM8AF.pcm
SwiftExplicitDependencyGeneratePcm arm64 /Users/admin/builder/spi-builder-workspace/.derivedData/SDKExplicitPrecompiledModules/Darwin-7BRJ35O6AB5WG6M0QJKB4XRFG.pcm
SwiftExplicitDependencyGeneratePcm arm64 /Users/admin/builder/spi-builder-workspace/.derivedData/SDKExplicitPrecompiledModules/ObjectiveC-2XPQ6U9PP7GEYPPG4LGBZBUCL.pcm
SwiftExplicitDependencyGeneratePcm arm64 /Users/admin/builder/spi-builder-workspace/.derivedData/SDKExplicitPrecompiledModules/os_object-CN4Y7T89Q3YQ2MKXLFROZXLDT.pcm
SwiftExplicitDependencyGeneratePcm arm64 /Users/admin/builder/spi-builder-workspace/.derivedData/SDKExplicitPrecompiledModules/os_workgroup-5UBI4P9YBOBEVSY2WVPGNJBP0.pcm
PruneExplicitPrecompiledModules /Users/admin/builder/spi-builder-workspace/.derivedData/Build/Intermediates.noindex/ExplicitPrecompiledModules
PruneExplicitPrecompiledModules /Users/admin/builder/spi-builder-workspace/.derivedData/Build/Intermediates.noindex/SwiftExplicitPrecompiledModules
PruneExplicitPrecompiledModules /Users/admin/builder/spi-builder-workspace/.derivedData/SDKExplicitPrecompiledModules
2026-09-16 15:14:09.022 xcodebuild[737:4571] [MT] IDERunDestination: Supported platforms for the buildables in the current scheme is empty.
** BUILD FAILED **
The following build commands failed:
	SwiftCompile normal arm64 (in target 'LibPNG' from project 'LibPNG')
	SwiftEmitModule normal arm64 Emitting\ module\ for\ LibPNG (in target 'LibPNG' from project 'LibPNG')
	Building workspace KrakenKit with scheme KrakenKit-Package
(3 failures)
Command line invocation:
    /Applications/Xcode-27.0.0-Release.Candidate.app/Contents/Developer/usr/bin/xcodebuild -IDEClonedSourcePackagesDirPathOverride=/Users/admin/builder/spi-builder-workspace/.dependencies -resolvePackageDependencies
Resolve Package Graph
failed to retrieve search paths with pkg-config; maybe pkg-config is not installedyou may be able to install libpng using your system-packager:
    brew install libpng
Resolved source packages:
  KrakenKit: /Users/admin/builder/spi-builder-workspace
  LibPNG: https://github.com/KrakenCL/LibPNG.git @ 0.0.3
  SwiftProtobuf: https://github.com/apple/swift-protobuf.git @ 1.38.1
resolved source packages: KrakenKit, LibPNG, SwiftProtobuf
2026-09-16 15:14:14.411 xcodebuild[801:4928] [MT] IDERunDestination: Supported platforms for the buildables in the current scheme is empty.
{
  "dependencies" : [
    {
      "identity" : "swift-protobuf",
      "requirement" : {
        "range" : [
          {
            "lower_bound" : "1.2.0",
            "upper_bound" : "2.0.0"
          }
        ]
      },
      "type" : "sourceControl",
      "url" : "https://github.com/apple/swift-protobuf.git"
    },
    {
      "identity" : "libpng",
      "requirement" : {
        "range" : [
          {
            "lower_bound" : "0.0.3",
            "upper_bound" : "1.0.0"
          }
        ]
      },
      "type" : "sourceControl",
      "url" : "https://github.com/KrakenCL/LibPNG.git"
    }
  ],
  "manifest_display_name" : "KrakenKit",
  "name" : "KrakenKit",
  "path" : "/Users/admin/builder/spi-builder-workspace",
  "platforms" : [
  ],
  "products" : [
    {
      "name" : "Proto",
      "targets" : [
        "Proto"
      ],
      "type" : {
        "library" : [
          "static"
        ]
      }
    },
    {
      "name" : "KrakenKit",
      "targets" : [
        "KrakenKit"
      ],
      "type" : {
        "library" : [
          "static"
        ]
      }
    }
  ],
  "targets" : [
    {
      "c99name" : "Proto",
      "module_type" : "SwiftTarget",
      "name" : "Proto",
      "path" : "Sources/Proto",
      "product_dependencies" : [
        "SwiftProtobuf"
      ],
      "product_memberships" : [
        "Proto",
        "KrakenKit"
      ],
      "sources" : [
        "core/debug/debug_service.pb.swift",
        "core/debug/debugger_event_metadata.pb.swift",
        "core/framework/allocation_description.pb.swift",
        "core/framework/api_def.pb.swift",
        "core/framework/attr_value.pb.swift",
        "core/framework/cost_graph.pb.swift",
        "core/framework/device_attributes.pb.swift",
        "core/framework/function.pb.swift",
        "core/framework/graph.pb.swift",
        "core/framework/graph_transfer_info.pb.swift",
        "core/framework/iterator.pb.swift",
        "core/framework/kernel_def.pb.swift",
        "core/framework/log_memory.pb.swift",
        "core/framework/node_def.pb.swift",
        "core/framework/op_def.pb.swift",
        "core/framework/reader_base.pb.swift",
        "core/framework/remote_fused_graph_execute_info.pb.swift",
        "core/framework/resource_handle.pb.swift",
        "core/framework/step_stats.pb.swift",
        "core/framework/summary.pb.swift",
        "core/framework/tensor.pb.swift",
        "core/framework/tensor_description.pb.swift",
        "core/framework/tensor_shape.pb.swift",
        "core/framework/tensor_slice.pb.swift",
        "core/framework/types.pb.swift",
        "core/framework/variable.pb.swift",
        "core/framework/versions.pb.swift",
        "core/grappler/costs/op_performance_data.pb.swift",
        "core/kernels/boosted_trees/boosted_trees.pb.swift",
        "core/lib/core/error_codes.pb.swift",
        "core/profiler/profile.pb.swift",
        "core/profiler/tfprof_log.pb.swift",
        "core/profiler/tfprof_options.pb.swift",
        "core/profiler/tfprof_output.pb.swift",
        "core/protobuf/checkpointable_object_graph.pb.swift",
        "core/protobuf/cluster.pb.swift",
        "core/protobuf/config.pb.swift",
        "core/protobuf/control_flow.pb.swift",
        "core/protobuf/critical_section.pb.swift",
        "core/protobuf/debug.pb.swift",
        "core/protobuf/device_properties.pb.swift",
        "core/protobuf/eager_service.pb.swift",
        "core/protobuf/master.pb.swift",
        "core/protobuf/master_service.pb.swift",
        "core/protobuf/meta_graph.pb.swift",
        "core/protobuf/named_tensor.pb.swift",
        "core/protobuf/queue_runner.pb.swift",
        "core/protobuf/replay_log.pb.swift",
        "core/protobuf/rewriter_config.pb.swift",
        "core/protobuf/saved_model.pb.swift",
        "core/protobuf/saver.pb.swift",
        "core/protobuf/tensor_bundle.pb.swift",
        "core/protobuf/tensorflow_server.pb.swift",
        "core/protobuf/transport_options.pb.swift",
        "core/protobuf/worker.pb.swift",
        "core/protobuf/worker_service.pb.swift",
        "core/util/event.pb.swift",
        "core/util/memmapped_file_system.pb.swift",
        "core/util/saved_tensor_slice.pb.swift",
        "core/util/test_log.pb.swift"
      ],
      "type" : "library"
    },
    {
      "c99name" : "KrakenKitTests",
      "module_type" : "SwiftTarget",
      "name" : "KrakenKitTests",
      "path" : "Tests/KrakenKitTests",
      "sources" : [
        "KrakenKitTests.swift",
        "XCTestManifests.swift"
      ],
      "target_dependencies" : [
        "KrakenKit"
      ],
      "type" : "test"
    },
    {
      "c99name" : "KrakenKit",
      "module_type" : "SwiftTarget",
      "name" : "KrakenKit",
      "path" : "Sources/KrakenKit",
      "product_dependencies" : [
        "LibPNG"
      ],
      "product_memberships" : [
        "KrakenKit"
      ],
      "sources" : [
        "DataType.swift",
        "FileWriter.swift",
        "Histogram.swift",
        "KrakenKit.swift",
        "Record.swift",
        "Summary.swift",
        "Tensor+Proto.swift"
      ],
      "target_dependencies" : [
        "Proto"
      ],
      "type" : "library"
    }
  ],
  "tools_version" : "4.2"
}
{
  "workspace" : {
    "name" : "KrakenKit",
    "schemes" : [
      "KrakenKit",
      "KrakenKit-Package",
      "Proto"
    ]
  }
}
2026-09-16 15:14:16.464 xcodebuild[817:5007] [MT] IDERunDestination: Supported platforms for the buildables in the current scheme is empty.
Running build ...
env DEVELOPER_DIR=/Applications/Xcode-27.0.0-Release.Candidate.app xcrun xcodebuild -IDEClonedSourcePackagesDirPathOverride=$PWD/.dependencies -skipMacroValidation -skipPackagePluginValidation -derivedDataPath $PWD/.derivedData build -scheme KrakenKit-Package -destination generic/platform=iOS
Command line invocation:
    /Applications/Xcode-27.0.0-Release.Candidate.app/Contents/Developer/usr/bin/xcodebuild -IDEClonedSourcePackagesDirPathOverride=/Users/admin/builder/spi-builder-workspace/.dependencies -skipMacroValidation -skipPackagePluginValidation -derivedDataPath /Users/admin/builder/spi-builder-workspace/.derivedData build -scheme KrakenKit-Package -destination generic/platform=iOS
Resolve Package Graph
failed to retrieve search paths with pkg-config; maybe pkg-config is not installedyou may be able to install libpng using your system-packager:
    brew install libpng
Resolved source packages:
  KrakenKit: /Users/admin/builder/spi-builder-workspace
  LibPNG: https://github.com/KrakenCL/LibPNG.git @ 0.0.3
  SwiftProtobuf: https://github.com/apple/swift-protobuf.git @ 1.38.1
ComputePackagePrebuildTargetDependencyGraph
Prepare packages
CreateBuildRequest
SendProjectDescription
CreateBuildOperation
ComputeTargetDependencyGraph
note: Building targets in dependency order
note: Target dependency graph (10 targets)
    Target 'KrakenKit-product' in project 'KrakenKit'
        ➜ Explicit dependency on target 'KrakenKit' in project 'KrakenKit'
        ➜ Explicit dependency on target 'Proto' in project 'KrakenKit'
        ➜ Explicit dependency on target 'SwiftProtobuf-product' in project 'SwiftProtobuf'
        ➜ Explicit dependency on target 'LibPNG-product' in project 'LibPNG'
    Target 'KrakenKit' in project 'KrakenKit'
        ➜ Explicit dependency on target 'Proto' in project 'KrakenKit'
        ➜ Explicit dependency on target 'SwiftProtobuf-product' in project 'SwiftProtobuf'
        ➜ Explicit dependency on target 'LibPNG-product' in project 'LibPNG'
    Target 'LibPNG-product' in project 'LibPNG'
        ➜ Explicit dependency on target 'LibPNG' in project 'LibPNG'
    Target 'LibPNG' in project 'LibPNG'
        ➜ Explicit dependency on target 'CPNG' in project 'LibPNG'
    Target 'CPNG' in project 'LibPNG' (no dependencies)
    Target 'Proto-product' in project 'KrakenKit'
        ➜ Explicit dependency on target 'Proto' in project 'KrakenKit'
        ➜ Explicit dependency on target 'SwiftProtobuf-product' in project 'SwiftProtobuf'
    Target 'Proto' in project 'KrakenKit'
        ➜ Explicit dependency on target 'SwiftProtobuf-product' in project 'SwiftProtobuf'
    Target 'SwiftProtobuf-product' in project 'SwiftProtobuf'
        ➜ Explicit dependency on target 'SwiftProtobuf' in project 'SwiftProtobuf'
        ➜ Explicit dependency on target 'SwiftProtobuf_SwiftProtobuf' in project 'SwiftProtobuf'
    Target 'SwiftProtobuf' in project 'SwiftProtobuf'
        ➜ Explicit dependency on target 'SwiftProtobuf_SwiftProtobuf' in project 'SwiftProtobuf'
    Target 'SwiftProtobuf_SwiftProtobuf' in project 'SwiftProtobuf' (no dependencies)
GatherProvisioningInputs
CreateBuildDescription
ClangStatCache /Applications/Xcode-27.0.0-Release.Candidate.app/Contents/Developer/Toolchains/XcodeDefault.xctoolchain/usr/bin/clang-stat-cache /Applications/Xcode-27.0.0-Release.Candidate.app/Contents/Developer/Platforms/iPhoneOS.platform/Developer/SDKs/iPhoneOS27.0.sdk /Users/admin/builder/spi-builder-workspace/.derivedData/SDKStatCaches.noindex/iphoneos27.0-24A430-e829b21a6f8c9b70876ba0858053c04440ceaa042ed91876912b2eeea4e3aa14.sdkstatcache
    cd /Users/admin/builder/spi-builder-workspace/.swiftpm/xcode
    /Applications/Xcode-27.0.0-Release.Candidate.app/Contents/Developer/Toolchains/XcodeDefault.xctoolchain/usr/bin/clang-stat-cache /Applications/Xcode-27.0.0-Release.Candidate.app/Contents/Developer/Platforms/iPhoneOS.platform/Developer/SDKs/iPhoneOS27.0.sdk -o /Users/admin/builder/spi-builder-workspace/.derivedData/SDKStatCaches.noindex/iphoneos27.0-24A430-e829b21a6f8c9b70876ba0858053c04440ceaa042ed91876912b2eeea4e3aa14.sdkstatcache
SwiftDriver SwiftProtobuf normal arm64 com.apple.xcode.tools.swift.compiler (in target 'SwiftProtobuf' from project 'SwiftProtobuf')
    cd /Users/admin/builder/spi-builder-workspace/.swiftpm/xcode
    builtin-SwiftDriver -- /Applications/Xcode-27.0.0-Release.Candidate.app/Contents/Developer/Toolchains/XcodeDefault.xctoolchain/usr/bin/swiftc -parse-as-library -module-name SwiftProtobuf -Onone @/Users/admin/builder/spi-builder-workspace/.derivedData/Build/Intermediates.noindex/SwiftProtobuf.build/Debug-iphoneos/SwiftProtobuf-t.build/Objects-normal/arm64/SwiftProtobuf.SwiftFileList -DSWIFT_PACKAGE -DDEBUG -DSWIFT_MODULE_RESOURCE_BUNDLE_AVAILABLE -DBinaryDelimitedStreams -DFieldMaskUtilities -DXcode -enable-upcoming-feature ExistentialAny -plugin-path /Applications/Xcode-27.0.0-Release.Candidate.app/Contents/Developer/Toolchains/XcodeDefault.xctoolchain/usr/lib/swift/host/plugins/testing -enable-experimental-feature DebugDescriptionMacro -sdk /Applications/Xcode-27.0.0-Release.Candidate.app/Contents/Developer/Platforms/iPhoneOS.platform/Developer/SDKs/iPhoneOS27.0.sdk -target arm64-apple-ios15.0 -g -module-cache-path /Users/admin/builder/spi-builder-workspace/.derivedData/ModuleCache.noindex -Xfrontend -serialize-debugging-options -profile-coverage-mapping -profile-generate -enable-testing -suppress-warnings -index-store-path /Users/admin/builder/spi-builder-workspace/.derivedData/Index.noindex/DataStore -Xcc -D_LIBCPP_HARDENING_MODE\=_LIBCPP_HARDENING_MODE_DEBUG -swift-version 6 -I /Users/admin/builder/spi-builder-workspace/.derivedData/Build/Products/Debug-iphoneos -Isystem /Applications/Xcode-27.0.0-Release.Candidate.app/Contents/Developer/Platforms/iPhoneOS.platform/Developer/usr/lib -F /Users/admin/builder/spi-builder-workspace/.derivedData/Build/Products/Debug-iphoneos -F /Applications/Xcode-27.0.0-Release.Candidate.app/Contents/Developer/Platforms/iPhoneOS.platform/Developer/Library/Frameworks -F /Applications/Xcode-27.0.0-Release.Candidate.app/Contents/Developer/Platforms/iPhoneOS.platform/Developer/SDKs/iPhoneOS27.0.sdk/Developer/Library/Frameworks -c -j10 -enable-batch-mode -incremental -Xcc -ivfsstatcache -Xcc /Users/admin/builder/spi-builder-workspace/.derivedData/SDKStatCaches.noindex/iphoneos27.0-24A430-e829b21a6f8c9b70876ba0858053c04440ceaa042ed91876912b2eeea4e3aa14.sdkstatcache -output-file-map /Users/admin/builder/spi-builder-workspace/.derivedData/Build/Intermediates.noindex/SwiftProtobuf.build/Debug-iphoneos/SwiftProtobuf-t.build/Objects-normal/arm64/SwiftProtobuf-OutputFileMap.json -save-temps -no-color-diagnostics -explicit-module-build -module-cache-path /Users/admin/builder/spi-builder-workspace/.derivedData/Build/Intermediates.noindex/SwiftExplicitPrecompiledModules -clang-scanner-module-cache-path /Users/admin/builder/spi-builder-workspace/.derivedData/ModuleCache.noindex -sdk-module-cache-path /Users/admin/builder/spi-builder-workspace/.derivedData/SDKExplicitPrecompiledModules -emit-dependencies -emit-module -emit-module-path /Users/admin/builder/spi-builder-workspace/.derivedData/Build/Intermediates.noindex/SwiftProtobuf.build/Debug-iphoneos/SwiftProtobuf-t.build/Objects-normal/arm64/SwiftProtobuf.swiftmodule -serialize-diagnostics -dependency-scan-serialize-diagnostics-path /Users/admin/builder/spi-builder-workspace/.derivedData/Build/Intermediates.noindex/SwiftProtobuf.build/Debug-iphoneos/SwiftProtobuf-t.build/Objects-normal/arm64/SwiftProtobuf-dependency-scan.dia -user-module-version 1.38.1 -validate-clang-modules-once -clang-build-session-file /Users/admin/builder/spi-builder-workspace/.derivedData/ModuleCache.noindex/Session.modulevalidation -Xcc -fmodules-prune-interval\=86400 -Xcc -fmodules-prune-after\=345600 -package-name swift_protobuf -emit-const-values -const-gather-protocols-list /Users/admin/builder/spi-builder-workspace/.derivedData/Build/Intermediates.noindex/SwiftProtobuf.build/Debug-iphoneos/SwiftProtobuf-t.build/Objects-normal/arm64/SwiftProtobuf_const_extract_protocols.json -Xcc -I/Users/admin/builder/spi-builder-workspace/.derivedData/Build/Products/Debug-iphoneos/include -Xcc -I/Users/admin/builder/spi-builder-workspace/.derivedData/Build/Intermediates.noindex/SwiftProtobuf.build/Debug-iphoneos/SwiftProtobuf-t.build/DerivedSources-normal/arm64 -Xcc -I/Users/admin/builder/spi-builder-workspace/.derivedData/Build/Intermediates.noindex/SwiftProtobuf.build/Debug-iphoneos/SwiftProtobuf-t.build/DerivedSources/arm64 -Xcc -I/Users/admin/builder/spi-builder-workspace/.derivedData/Build/Intermediates.noindex/SwiftProtobuf.build/Debug-iphoneos/SwiftProtobuf-t.build/DerivedSources -Xcc -DSWIFT_PACKAGE -Xcc -DDEBUG\=1 -emit-objc-header -emit-objc-header-path /Users/admin/builder/spi-builder-workspace/.derivedData/Build/Intermediates.noindex/SwiftProtobuf.build/Debug-iphoneos/SwiftProtobuf-t.build/Objects-normal/arm64/SwiftProtobuf-Swift.h -working-directory /Users/admin/builder/spi-builder-workspace/.swiftpm/xcode -experimental-emit-module-separately -disable-cmo
SwiftDriver LibPNG normal arm64 com.apple.xcode.tools.swift.compiler (in target 'LibPNG' from project 'LibPNG')
    cd /Users/admin/builder/spi-builder-workspace/.swiftpm/xcode
    builtin-SwiftDriver -- /Applications/Xcode-27.0.0-Release.Candidate.app/Contents/Developer/Toolchains/XcodeDefault.xctoolchain/usr/bin/swiftc -parse-as-library -module-name LibPNG -Onone @/Users/admin/builder/spi-builder-workspace/.derivedData/Build/Intermediates.noindex/LibPNG.build/Debug-iphoneos/LibPNG-t.build/Objects-normal/arm64/LibPNG.SwiftFileList -DSWIFT_PACKAGE -DDEBUG -DSWIFT_MODULE_RESOURCE_BUNDLE_UNAVAILABLE -Xcc -fmodule-map-file\=/Users/admin/builder/spi-builder-workspace/.dependencies/checkouts/LibPNG/Library/CPNG/module.modulemap -DXcode -plugin-path /Applications/Xcode-27.0.0-Release.Candidate.app/Contents/Developer/Toolchains/XcodeDefault.xctoolchain/usr/lib/swift/host/plugins/testing -enable-experimental-feature DebugDescriptionMacro -sdk /Applications/Xcode-27.0.0-Release.Candidate.app/Contents/Developer/Platforms/iPhoneOS.platform/Developer/SDKs/iPhoneOS27.0.sdk -target arm64-apple-ios15.0 -g -module-cache-path /Users/admin/builder/spi-builder-workspace/.derivedData/ModuleCache.noindex -Xfrontend -serialize-debugging-options -profile-coverage-mapping -profile-generate -enable-testing -suppress-warnings -index-store-path /Users/admin/builder/spi-builder-workspace/.derivedData/Index.noindex/DataStore -Xcc -D_LIBCPP_HARDENING_MODE\=_LIBCPP_HARDENING_MODE_DEBUG -swift-version 4.2 -I /Users/admin/builder/spi-builder-workspace/.derivedData/Build/Products/Debug-iphoneos -Isystem /Applications/Xcode-27.0.0-Release.Candidate.app/Contents/Developer/Platforms/iPhoneOS.platform/Developer/usr/lib -F /Users/admin/builder/spi-builder-workspace/.derivedData/Build/Products/Debug-iphoneos -F /Applications/Xcode-27.0.0-Release.Candidate.app/Contents/Developer/Platforms/iPhoneOS.platform/Developer/Library/Frameworks -F /Applications/Xcode-27.0.0-Release.Candidate.app/Contents/Developer/Platforms/iPhoneOS.platform/Developer/SDKs/iPhoneOS27.0.sdk/Developer/Library/Frameworks -c -j10 -enable-batch-mode -incremental -Xcc -ivfsstatcache -Xcc /Users/admin/builder/spi-builder-workspace/.derivedData/SDKStatCaches.noindex/iphoneos27.0-24A430-e829b21a6f8c9b70876ba0858053c04440ceaa042ed91876912b2eeea4e3aa14.sdkstatcache -output-file-map /Users/admin/builder/spi-builder-workspace/.derivedData/Build/Intermediates.noindex/LibPNG.build/Debug-iphoneos/LibPNG-t.build/Objects-normal/arm64/LibPNG-OutputFileMap.json -save-temps -no-color-diagnostics -emit-dependencies -emit-module -emit-module-path /Users/admin/builder/spi-builder-workspace/.derivedData/Build/Intermediates.noindex/LibPNG.build/Debug-iphoneos/LibPNG-t.build/Objects-normal/arm64/LibPNG.swiftmodule -serialize-diagnostics -validate-clang-modules-once -clang-build-session-file /Users/admin/builder/spi-builder-workspace/.derivedData/ModuleCache.noindex/Session.modulevalidation -Xcc -fmodules-prune-interval\=86400 -Xcc -fmodules-prune-after\=345600 -emit-const-values -const-gather-protocols-list /Users/admin/builder/spi-builder-workspace/.derivedData/Build/Intermediates.noindex/LibPNG.build/Debug-iphoneos/LibPNG-t.build/Objects-normal/arm64/LibPNG_const_extract_protocols.json -Xcc -I/Users/admin/builder/spi-builder-workspace/.derivedData/Build/Products/Debug-iphoneos/include -Xcc -I/Users/admin/builder/spi-builder-workspace/.derivedData/Build/Intermediates.noindex/LibPNG.build/Debug-iphoneos/LibPNG-t.build/DerivedSources-normal/arm64 -Xcc -I/Users/admin/builder/spi-builder-workspace/.derivedData/Build/Intermediates.noindex/LibPNG.build/Debug-iphoneos/LibPNG-t.build/DerivedSources/arm64 -Xcc -I/Users/admin/builder/spi-builder-workspace/.derivedData/Build/Intermediates.noindex/LibPNG.build/Debug-iphoneos/LibPNG-t.build/DerivedSources -Xcc -DSWIFT_PACKAGE -Xcc -DDEBUG\=1 -emit-objc-header -emit-objc-header-path /Users/admin/builder/spi-builder-workspace/.derivedData/Build/Intermediates.noindex/LibPNG.build/Debug-iphoneos/LibPNG-t.build/Objects-normal/arm64/LibPNG-Swift.h -working-directory /Users/admin/builder/spi-builder-workspace/.swiftpm/xcode -experimental-emit-module-separately -disable-cmo
SwiftCompile normal arm64 Compiling\ LibPNG.swift /Users/admin/builder/spi-builder-workspace/.dependencies/checkouts/LibPNG/Sources/LibPNG/LibPNG.swift (in target 'LibPNG' from project 'LibPNG')
/Users/admin/builder/spi-builder-workspace/.dependencies/checkouts/LibPNG/Library/CPNG/module.modulemap:2:10: error: header '/usr/local/include/png.h' not found
1 | module CPNG [system] {
2 |   header "/usr/local/include/png.h"
  |          `- error: header '/usr/local/include/png.h' not found
3 |   link "png"
4 |   export *
SwiftCompile normal arm64 /Users/admin/builder/spi-builder-workspace/.dependencies/checkouts/LibPNG/Sources/LibPNG/LibPNG.swift (in target 'LibPNG' from project 'LibPNG')
    cd /Users/admin/builder/spi-builder-workspace/.swiftpm/xcode
    builtin-SwiftPerFileCompile LibPNG.swift
SwiftEmitModule normal arm64 Emitting\ module\ for\ LibPNG (in target 'LibPNG' from project 'LibPNG')
/Users/admin/builder/spi-builder-workspace/.dependencies/checkouts/LibPNG/Library/CPNG/module.modulemap:2:10: error: header '/usr/local/include/png.h' not found
1 | module CPNG [system] {
2 |   header "/usr/local/include/png.h"
  |          `- error: header '/usr/local/include/png.h' not found
3 |   link "png"
4 |   export *
/Users/admin/builder/spi-builder-workspace/.dependencies/checkouts/LibPNG/Sources/LibPNG/LibPNG.swift:19:8: error: could not build Objective-C module 'CPNG'
 17 |
 18 | import Foundation
 19 | import CPNG
    |        `- error: could not build Objective-C module 'CPNG'
 20 |
 21 | public typealias Pixel = UInt8
Failed frontend command:
/Applications/Xcode-27.0.0-Release.Candidate.app/Contents/Developer/Toolchains/XcodeDefault.xctoolchain/usr/bin/swift-frontend -frontend -emit-module -experimental-skip-non-inlinable-function-bodies-without-types /Users/admin/builder/spi-builder-workspace/.dependencies/checkouts/LibPNG/Sources/LibPNG/LibPNG.swift -target arm64-apple-ios15.0 -Xllvm -aarch64-use-tbi -enable-objc-interop -stack-check -sdk /Applications/Xcode-27.0.0-Release.Candidate.app/Contents/Developer/Platforms/iPhoneOS.platform/Developer/SDKs/iPhoneOS27.0.sdk -I /Users/admin/builder/spi-builder-workspace/.derivedData/Build/Products/Debug-iphoneos -Isystem /Applications/Xcode-27.0.0-Release.Candidate.app/Contents/Developer/Platforms/iPhoneOS.platform/Developer/usr/lib -F /Users/admin/builder/spi-builder-workspace/.derivedData/Build/Products/Debug-iphoneos -F /Applications/Xcode-27.0.0-Release.Candidate.app/Contents/Developer/Platforms/iPhoneOS.platform/Developer/Library/Frameworks -F /Applications/Xcode-27.0.0-Release.Candidate.app/Contents/Developer/Platforms/iPhoneOS.platform/Developer/SDKs/iPhoneOS27.0.sdk/Developer/Library/Frameworks -module-cache-path /Users/admin/builder/spi-builder-workspace/.derivedData/ModuleCache.noindex -no-color-diagnostics -Xcc -fno-color-diagnostics -enable-testing -g -debug-info-format\=dwarf -dwarf-version\=4 -suppress-warnings -profile-generate -profile-coverage-mapping -swift-version 4.2 -Onone -D SWIFT_PACKAGE -D DEBUG -D SWIFT_MODULE_RESOURCE_BUNDLE_UNAVAILABLE -D Xcode -serialize-debugging-options -enable-experimental-feature DebugDescriptionMacro -empty-abi-descriptor -plugin-path /Applications/Xcode-27.0.0-Release.Candidate.app/Contents/Developer/Toolchains/XcodeDefault.xctoolchain/usr/lib/swift/host/plugins/testing -validate-clang-modules-once -clang-build-session-file /Users/admin/builder/spi-builder-workspace/.derivedData/ModuleCache.noindex/Session.modulevalidation -Xcc -working-directory -Xcc /Users/admin/builder/spi-builder-workspace/.swiftpm/xcode -enable-anonymous-context-mangled-names -file-compilation-dir /Users/admin/builder/spi-builder-workspace/.swiftpm/xcode -Xcc -fmodule-map-file\=/Users/admin/builder/spi-builder-workspace/.dependencies/checkouts/LibPNG/Library/CPNG/module.modulemap -Xcc -D_LIBCPP_HARDENING_MODE\=_LIBCPP_HARDENING_MODE_DEBUG -Xcc -ivfsstatcache -Xcc /Users/admin/builder/spi-builder-workspace/.derivedData/SDKStatCaches.noindex/iphoneos27.0-24A430-e829b21a6f8c9b70876ba0858053c04440ceaa042ed91876912b2eeea4e3aa14.sdkstatcache -Xcc -fmodules-prune-interval\=86400 -Xcc -fmodules-prune-after\=345600 -Xcc -I/Users/admin/builder/spi-builder-workspace/.derivedData/Build/Products/Debug-iphoneos/include -Xcc -I/Users/admin/builder/spi-builder-workspace/.derivedData/Build/Intermediates.noindex/LibPNG.build/Debug-iphoneos/LibPNG-t.build/DerivedSources-normal/arm64 -Xcc -I/Users/admin/builder/spi-builder-workspace/.derivedData/Build/Intermediates.noindex/LibPNG.build/Debug-iphoneos/LibPNG-t.build/DerivedSources/arm64 -Xcc -I/Users/admin/builder/spi-builder-workspace/.derivedData/Build/Intermediates.noindex/LibPNG.build/Debug-iphoneos/LibPNG-t.build/DerivedSources -Xcc -DSWIFT_PACKAGE -Xcc -DDEBUG\=1 -no-auto-bridging-header-chaining -module-name LibPNG -const-gather-protocols-file /Users/admin/builder/spi-builder-workspace/.derivedData/Build/Intermediates.noindex/LibPNG.build/Debug-iphoneos/LibPNG-t.build/Objects-normal/arm64/LibPNG_const_extract_protocols.json -disable-clang-spi -target-sdk-version 27.0 -target-sdk-name iphoneos27.0 -external-plugin-path /Applications/Xcode-27.0.0-Release.Candidate.app/Contents/Developer/Platforms/iPhoneOS.platform/Developer/usr/lib/swift/host/plugins\#/Applications/Xcode-27.0.0-Release.Candidate.app/Contents/Developer/Platforms/iPhoneOS.platform/Developer/usr/bin/swift-plugin-server -external-plugin-path /Applications/Xcode-27.0.0-Release.Candidate.app/Contents/Developer/Platforms/iPhoneOS.platform/Developer/usr/local/lib/swift/host/plugins\#/Applications/Xcode-27.0.0-Release.Candidate.app/Contents/Developer/Platforms/iPhoneOS.platform/Developer/usr/bin/swift-plugin-server -in-process-plugin-server-path /Applications/Xcode-27.0.0-Release.Candidate.app/Contents/Developer/Toolchains/XcodeDefault.xctoolchain/usr/lib/swift/host/libSwiftInProcPluginServer.dylib -plugin-path /Applications/Xcode-27.0.0-Release.Candidate.app/Contents/Developer/Toolchains/XcodeDefault.xctoolchain/usr/lib/swift/host/plugins -plugin-path /Applications/Xcode-27.0.0-Release.Candidate.app/Contents/Developer/Toolchains/XcodeDefault.xctoolchain/usr/local/lib/swift/host/plugins -emit-module-doc-path /Users/admin/builder/spi-builder-workspace/.derivedData/Build/Intermediates.noindex/LibPNG.build/Debug-iphoneos/LibPNG-t.build/Objects-normal/arm64/LibPNG.swiftdoc -emit-module-source-info-path /Users/admin/builder/spi-builder-workspace/.derivedData/Build/Intermediates.noindex/LibPNG.build/Debug-iphoneos/LibPNG-t.build/Objects-normal/arm64/LibPNG.swiftsourceinfo -emit-objc-header-path /Users/admin/builder/spi-builder-workspace/.derivedData/Build/Intermediates.noindex/LibPNG.build/Debug-iphoneos/LibPNG-t.build/Objects-normal/arm64/LibPNG-Swift.h -serialize-diagnostics-path /Users/admin/builder/spi-builder-workspace/.derivedData/Build/Intermediates.noindex/LibPNG.build/Debug-iphoneos/LibPNG-t.build/Objects-normal/arm64/LibPNG-primary-emit-module.dia -emit-dependencies-path /Users/admin/builder/spi-builder-workspace/.derivedData/Build/Intermediates.noindex/LibPNG.build/Debug-iphoneos/LibPNG-t.build/Objects-normal/arm64/LibPNG-primary-emit-module.d -parse-as-library -o /Users/admin/builder/spi-builder-workspace/.derivedData/Build/Intermediates.noindex/LibPNG.build/Debug-iphoneos/LibPNG-t.build/Objects-normal/arm64/LibPNG.swiftmodule -emit-abi-descriptor-path /Users/admin/builder/spi-builder-workspace/.derivedData/Build/Intermediates.noindex/LibPNG.build/Debug-iphoneos/LibPNG-t.build/Objects-normal/arm64/LibPNG.abi.json
SwiftCompile normal arm64 (in target 'LibPNG' from project 'LibPNG')
    cd /Users/admin/builder/spi-builder-workspace/.swiftpm/xcode

PruneExplicitPrecompiledModules /Users/admin/builder/spi-builder-workspace/.derivedData/Build/Intermediates.noindex/SwiftExplicitPrecompiledModules
PruneExplicitPrecompiledModules /Users/admin/builder/spi-builder-workspace/.derivedData/Build/Intermediates.noindex/ExplicitPrecompiledModules
PruneExplicitPrecompiledModules /Users/admin/builder/spi-builder-workspace/.derivedData/SDKExplicitPrecompiledModules
2026-09-16 15:14:18.249 xcodebuild[826:5048] [MT] IDERunDestination: Supported platforms for the buildables in the current scheme is empty.
** BUILD FAILED **
The following build commands failed:
	SwiftEmitModule normal arm64 Emitting\ module\ for\ LibPNG (in target 'LibPNG' from project 'LibPNG')
	SwiftCompile normal arm64 (in target 'LibPNG' from project 'LibPNG')
	Building workspace KrakenKit with scheme KrakenKit-Package
(3 failures)
BUILD FAILURE 6.4 iOS