The Swift Package Index logo.Swift Package Index

Build Information

Failed to build FranticApparatus, reference 7.0.0 (382472), with Swift 6.4 for watchOS using Xcode 27.0 on 16 Sep 2026 03:39:11 UTC.

Build Command

env DEVELOPER_DIR=/Applications/Xcode-27.0.0-Release.Candidate.app xcrun xcodebuild -IDEClonedSourcePackagesDirPathOverride=$PWD/.dependencies -skipMacroValidation -skipPackagePluginValidation -derivedDataPath $PWD/.derivedData build -scheme FranticApparatus-Package -destination generic/platform=watchOS

Build Log

========================================
RunAll
========================================
Builder version: 5.1.0
Interrupt handler set up.
========================================
Checkout
========================================
Clone URL: https://github.com/jkolb/FranticApparatus.git
Reference: 7.0.0
Initialized empty Git repository in /Users/admin/builder/spi-builder-workspace/.git/
From https://github.com/jkolb/FranticApparatus
 * tag               7.0.0      -> FETCH_HEAD
HEAD is now at 382472d Add Cocoapods support
Cloned https://github.com/jkolb/FranticApparatus.git
Revision (git rev-parse @):
382472df4b5206856352fabd77d826febf6c8a99
SUCCESS checkout https://github.com/jkolb/FranticApparatus.git at 7.0.0
========================================
Build
========================================
Selected platform:         watchOS
Swift version:             6.4
Building package at path:  $PWD
https://github.com/jkolb/FranticApparatus.git
Command line invocation:
    /Applications/Xcode-27.0.0-Release.Candidate.app/Contents/Developer/usr/bin/xcodebuild -IDEClonedSourcePackagesDirPathOverride=/Users/admin/builder/spi-builder-workspace/.dependencies -resolvePackageDependencies
resolved source packages:
{
  "dependencies" : [
  ],
  "manifest_display_name" : "FranticApparatus",
  "name" : "FranticApparatus",
  "path" : "/Users/admin/builder/spi-builder-workspace",
  "platforms" : [
  ],
  "products" : [
    {
      "name" : "FranticApparatus",
      "targets" : [
        "FranticApparatus"
      ],
      "type" : {
        "library" : [
          "automatic"
        ]
      }
    }
  ],
  "targets" : [
    {
      "c99name" : "FranticApparatusTests",
      "module_type" : "SwiftTarget",
      "name" : "FranticApparatusTests",
      "path" : "Tests/FranticApparatusTests",
      "sources" : [
        "FranticApparatusTests.swift"
      ],
      "target_dependencies" : [
        "FranticApparatus"
      ],
      "type" : "test"
    },
    {
      "c99name" : "FranticApparatus",
      "module_type" : "SwiftTarget",
      "name" : "FranticApparatus",
      "path" : "Sources/FranticApparatus",
      "product_memberships" : [
        "FranticApparatus"
      ],
      "sources" : [
        "AllPromises.swift",
        "AnyPromises.swift",
        "Deferred.swift",
        "Dispatcher.swift",
        "GCDDispatcher.swift",
        "Lock.swift",
        "OperationDispatcher.swift",
        "Promise.swift",
        "PromiseError.swift",
        "PromiseMaker.swift",
        "RacePromises.swift",
        "Result.swift",
        "State.swift",
        "Thenable.swift"
      ],
      "type" : "library"
    }
  ],
  "tools_version" : "4.0"
}
{
  "project" : {
    "configurations" : [
      "Debug",
      "Release"
    ],
    "name" : "FranticApparatus",
    "schemes" : [
      "FranticApparatus-Package",
      "FranticApparatusPackageDescription",
      "FranticApparatusPackageTests"
    ],
    "targets" : [
      "FranticApparatusPackageDescription",
      "FranticApparatusTests",
      "FranticApparatus",
      "FranticApparatusPackageTests"
    ]
  }
}
Running build ...
env DEVELOPER_DIR=/Applications/Xcode-27.0.0-Release.Candidate.app xcrun xcodebuild -IDEClonedSourcePackagesDirPathOverride=$PWD/.dependencies -skipMacroValidation -skipPackagePluginValidation -derivedDataPath $PWD/.derivedData build -scheme FranticApparatus-Package -destination generic/platform=watchOS
Command line invocation:
    /Applications/Xcode-27.0.0-Release.Candidate.app/Contents/Developer/usr/bin/xcodebuild -IDEClonedSourcePackagesDirPathOverride=/Users/admin/builder/spi-builder-workspace/.dependencies -skipMacroValidation -skipPackagePluginValidation -derivedDataPath /Users/admin/builder/spi-builder-workspace/.derivedData build -scheme FranticApparatus-Package -destination generic/platform=watchOS
ComputePackagePrebuildTargetDependencyGraph
Prepare packages
CreateBuildRequest
SendProjectDescription
CreateBuildOperation
ComputeTargetDependencyGraph
note: Building targets in dependency order
note: Target dependency graph (1 target)
    Target 'FranticApparatus' in project 'FranticApparatus' (no dependencies)
GatherProvisioningInputs
CreateBuildDescription
ExecuteExternalTool /Applications/Xcode-27.0.0-Release.Candidate.app/Contents/Developer/Toolchains/XcodeDefault.xctoolchain/usr/bin/clang -v -E -dM -isysroot /Applications/Xcode-27.0.0-Release.Candidate.app/Contents/Developer/Platforms/WatchOS.platform/Developer/SDKs/WatchOS27.0.sdk -x c -c /dev/null
ExecuteExternalTool /Applications/Xcode-27.0.0-Release.Candidate.app/Contents/Developer/Toolchains/XcodeDefault.xctoolchain/usr/bin/swiftc --version
ExecuteExternalTool /Applications/Xcode-27.0.0-Release.Candidate.app/Contents/Developer/Toolchains/XcodeDefault.xctoolchain/usr/bin/ld -version_details
Build description signature: 924de5b2600ca660785d23afc6b8bde2
Build description path: /Users/admin/builder/spi-builder-workspace/.derivedData/Build/Intermediates.noindex/XCBuildData/924de5b2600ca660785d23afc6b8bde2.xcbuilddata
CreateBuildDirectory /Users/admin/builder/spi-builder-workspace/.derivedData/SDKExplicitPrecompiledModules
    cd /Users/admin/builder/spi-builder-workspace/FranticApparatus.xcodeproj
    builtin-create-build-directory /Users/admin/builder/spi-builder-workspace/.derivedData/SDKExplicitPrecompiledModules
CreateBuildDirectory /Users/admin/builder/spi-builder-workspace/.derivedData/CompilationCache.noindex
    cd /Users/admin/builder/spi-builder-workspace/FranticApparatus.xcodeproj
    builtin-create-build-directory /Users/admin/builder/spi-builder-workspace/.derivedData/CompilationCache.noindex
CreateBuildDirectory /Users/admin/builder/spi-builder-workspace/.derivedData/ModuleCache.noindex
    cd /Users/admin/builder/spi-builder-workspace/FranticApparatus.xcodeproj
    builtin-create-build-directory /Users/admin/builder/spi-builder-workspace/.derivedData/ModuleCache.noindex
CreateBuildDirectory /Users/admin/builder/spi-builder-workspace/.derivedData/Build/Products
    cd /Users/admin/builder/spi-builder-workspace/FranticApparatus.xcodeproj
    builtin-create-build-directory /Users/admin/builder/spi-builder-workspace/.derivedData/Build/Products
CreateBuildDirectory /Users/admin/builder/spi-builder-workspace/.derivedData/Build/Intermediates.noindex
    cd /Users/admin/builder/spi-builder-workspace/FranticApparatus.xcodeproj
    builtin-create-build-directory /Users/admin/builder/spi-builder-workspace/.derivedData/Build/Intermediates.noindex
ClangStatCache /Applications/Xcode-27.0.0-Release.Candidate.app/Contents/Developer/Toolchains/XcodeDefault.xctoolchain/usr/bin/clang-stat-cache /Applications/Xcode-27.0.0-Release.Candidate.app/Contents/Developer/Platforms/WatchOS.platform/Developer/SDKs/WatchOS27.0.sdk /Users/admin/builder/spi-builder-workspace/.derivedData/SDKStatCaches.noindex/watchos27.0-24R360-e829b21a6f8c9b70876ba0858053c04477534ef55a1706bf4c1112bbb242f0a2.sdkstatcache
    cd /Users/admin/builder/spi-builder-workspace/FranticApparatus.xcodeproj
    /Applications/Xcode-27.0.0-Release.Candidate.app/Contents/Developer/Toolchains/XcodeDefault.xctoolchain/usr/bin/clang-stat-cache /Applications/Xcode-27.0.0-Release.Candidate.app/Contents/Developer/Platforms/WatchOS.platform/Developer/SDKs/WatchOS27.0.sdk -o /Users/admin/builder/spi-builder-workspace/.derivedData/SDKStatCaches.noindex/watchos27.0-24R360-e829b21a6f8c9b70876ba0858053c04477534ef55a1706bf4c1112bbb242f0a2.sdkstatcache
CreateBuildDirectory /Users/admin/builder/spi-builder-workspace/.derivedData/Build/Intermediates.noindex/PrecompiledHeaders
    cd /Users/admin/builder/spi-builder-workspace/FranticApparatus.xcodeproj
    builtin-create-build-directory /Users/admin/builder/spi-builder-workspace/.derivedData/Build/Intermediates.noindex/PrecompiledHeaders
CreateBuildDirectory /Users/admin/builder/spi-builder-workspace/.derivedData/Build/Intermediates.noindex/SwiftExplicitPrecompiledModules
    cd /Users/admin/builder/spi-builder-workspace/FranticApparatus.xcodeproj
    builtin-create-build-directory /Users/admin/builder/spi-builder-workspace/.derivedData/Build/Intermediates.noindex/SwiftExplicitPrecompiledModules
CreateBuildDirectory /Users/admin/builder/spi-builder-workspace/.derivedData/Build/Intermediates.noindex/ExplicitPrecompiledModules
    cd /Users/admin/builder/spi-builder-workspace/FranticApparatus.xcodeproj
    builtin-create-build-directory /Users/admin/builder/spi-builder-workspace/.derivedData/Build/Intermediates.noindex/ExplicitPrecompiledModules
CreateBuildDirectory /Users/admin/builder/spi-builder-workspace/.derivedData/Build/Intermediates.noindex/EagerLinkingTBDs/Debug-watchos
    cd /Users/admin/builder/spi-builder-workspace/FranticApparatus.xcodeproj
    builtin-create-build-directory /Users/admin/builder/spi-builder-workspace/.derivedData/Build/Intermediates.noindex/EagerLinkingTBDs/Debug-watchos
CreateBuildDirectory /Users/admin/builder/spi-builder-workspace/.derivedData/Build/Products/Debug-watchos
    cd /Users/admin/builder/spi-builder-workspace/FranticApparatus.xcodeproj
    builtin-create-build-directory /Users/admin/builder/spi-builder-workspace/.derivedData/Build/Products/Debug-watchos
MkDir /Users/admin/builder/spi-builder-workspace/.derivedData/Build/Products/Debug-watchos/FranticApparatus.framework (in target 'FranticApparatus' from project 'FranticApparatus')
    cd /Users/admin/builder/spi-builder-workspace
    /bin/mkdir -p /Users/admin/builder/spi-builder-workspace/.derivedData/Build/Products/Debug-watchos/FranticApparatus.framework
MkDir /Users/admin/builder/spi-builder-workspace/.derivedData/Build/Products/Debug-watchos/FranticApparatus.framework/Headers (in target 'FranticApparatus' from project 'FranticApparatus')
    cd /Users/admin/builder/spi-builder-workspace
    /bin/mkdir -p /Users/admin/builder/spi-builder-workspace/.derivedData/Build/Products/Debug-watchos/FranticApparatus.framework/Headers
WriteAuxiliaryFile /Users/admin/builder/spi-builder-workspace/.derivedData/Build/Intermediates.noindex/FranticApparatus.build/Debug-watchos/FranticApparatus.build/FranticApparatus.DependencyMetadataFileList (in target 'FranticApparatus' from project 'FranticApparatus')
    cd /Users/admin/builder/spi-builder-workspace
    write-file /Users/admin/builder/spi-builder-workspace/.derivedData/Build/Intermediates.noindex/FranticApparatus.build/Debug-watchos/FranticApparatus.build/FranticApparatus.DependencyMetadataFileList
WriteAuxiliaryFile /Users/admin/builder/spi-builder-workspace/.derivedData/Build/Intermediates.noindex/FranticApparatus.build/Debug-watchos/FranticApparatus.build/FranticApparatus.DependencyStaticMetadataFileList (in target 'FranticApparatus' from project 'FranticApparatus')
    cd /Users/admin/builder/spi-builder-workspace
    write-file /Users/admin/builder/spi-builder-workspace/.derivedData/Build/Intermediates.noindex/FranticApparatus.build/Debug-watchos/FranticApparatus.build/FranticApparatus.DependencyStaticMetadataFileList
WriteAuxiliaryFile /Users/admin/builder/spi-builder-workspace/.derivedData/Build/Intermediates.noindex/FranticApparatus.build/Debug-watchos/FranticApparatus.build/Objects-normal/arm64/FranticApparatus.LinkFileList (in target 'FranticApparatus' from project 'FranticApparatus')
    cd /Users/admin/builder/spi-builder-workspace
    write-file /Users/admin/builder/spi-builder-workspace/.derivedData/Build/Intermediates.noindex/FranticApparatus.build/Debug-watchos/FranticApparatus.build/Objects-normal/arm64/FranticApparatus.LinkFileList
WriteAuxiliaryFile /Users/admin/builder/spi-builder-workspace/.derivedData/Build/Intermediates.noindex/FranticApparatus.build/Debug-watchos/FranticApparatus.build/Objects-normal/arm64/FranticApparatus_const_extract_protocols.json (in target 'FranticApparatus' from project 'FranticApparatus')
    cd /Users/admin/builder/spi-builder-workspace
    write-file /Users/admin/builder/spi-builder-workspace/.derivedData/Build/Intermediates.noindex/FranticApparatus.build/Debug-watchos/FranticApparatus.build/Objects-normal/arm64/FranticApparatus_const_extract_protocols.json
WriteAuxiliaryFile /Users/admin/builder/spi-builder-workspace/.derivedData/Build/Intermediates.noindex/FranticApparatus.build/Debug-watchos/FranticApparatus.build/Objects-normal/arm64/FranticApparatus.SwiftConstValuesFileList (in target 'FranticApparatus' from project 'FranticApparatus')
    cd /Users/admin/builder/spi-builder-workspace
    write-file /Users/admin/builder/spi-builder-workspace/.derivedData/Build/Intermediates.noindex/FranticApparatus.build/Debug-watchos/FranticApparatus.build/Objects-normal/arm64/FranticApparatus.SwiftConstValuesFileList
WriteAuxiliaryFile /Users/admin/builder/spi-builder-workspace/.derivedData/Build/Intermediates.noindex/FranticApparatus.build/Debug-watchos/FranticApparatus.build/Objects-normal/arm64/FranticApparatus.SwiftFileList (in target 'FranticApparatus' from project 'FranticApparatus')
    cd /Users/admin/builder/spi-builder-workspace
    write-file /Users/admin/builder/spi-builder-workspace/.derivedData/Build/Intermediates.noindex/FranticApparatus.build/Debug-watchos/FranticApparatus.build/Objects-normal/arm64/FranticApparatus.SwiftFileList
WriteAuxiliaryFile /Users/admin/builder/spi-builder-workspace/.derivedData/Build/Intermediates.noindex/FranticApparatus.build/Debug-watchos/FranticApparatus.build/Objects-normal/arm64/FranticApparatus-OutputFileMap.json (in target 'FranticApparatus' from project 'FranticApparatus')
    cd /Users/admin/builder/spi-builder-workspace
    write-file /Users/admin/builder/spi-builder-workspace/.derivedData/Build/Intermediates.noindex/FranticApparatus.build/Debug-watchos/FranticApparatus.build/Objects-normal/arm64/FranticApparatus-OutputFileMap.json
ProcessInfoPlistFile /Users/admin/builder/spi-builder-workspace/.derivedData/Build/Products/Debug-watchos/FranticApparatus.framework/Info.plist /Users/admin/builder/spi-builder-workspace/FranticApparatus.xcodeproj/FranticApparatus_Info.plist (in target 'FranticApparatus' from project 'FranticApparatus')
    cd /Users/admin/builder/spi-builder-workspace
    builtin-infoPlistUtility /Users/admin/builder/spi-builder-workspace/FranticApparatus.xcodeproj/FranticApparatus_Info.plist -producttype com.apple.product-type.framework -expandbuildsettings -format binary -platform watchos -o /Users/admin/builder/spi-builder-workspace/.derivedData/Build/Products/Debug-watchos/FranticApparatus.framework/Info.plist
SwiftDriver FranticApparatus normal arm64 com.apple.xcode.tools.swift.compiler (in target 'FranticApparatus' from project 'FranticApparatus')
    cd /Users/admin/builder/spi-builder-workspace
    builtin-SwiftDriver -- /Applications/Xcode-27.0.0-Release.Candidate.app/Contents/Developer/Toolchains/XcodeDefault.xctoolchain/usr/bin/swiftc -module-name FranticApparatus -Onone @/Users/admin/builder/spi-builder-workspace/.derivedData/Build/Intermediates.noindex/FranticApparatus.build/Debug-watchos/FranticApparatus.build/Objects-normal/arm64/FranticApparatus.SwiftFileList -DSWIFT_PACKAGE -DXcode -enable-bare-slash-regex -enable-experimental-feature DebugDescriptionMacro -sdk /Applications/Xcode-27.0.0-Release.Candidate.app/Contents/Developer/Platforms/WatchOS.platform/Developer/SDKs/WatchOS27.0.sdk -target arm64-apple-watchos27.0 -g -module-cache-path /Users/admin/builder/spi-builder-workspace/.derivedData/ModuleCache.noindex -Xfrontend -serialize-debugging-options -enable-testing -index-store-path /Users/admin/builder/spi-builder-workspace/.derivedData/Index.noindex/DataStore -Xcc -D_LIBCPP_HARDENING_MODE\=_LIBCPP_HARDENING_MODE_DEBUG -swift-version 4 -I /Users/admin/builder/spi-builder-workspace/.derivedData/Build/Products/Debug-watchos -F /Users/admin/builder/spi-builder-workspace/.derivedData/Build/Products/Debug-watchos -F /Applications/Xcode-27.0.0-Release.Candidate.app/Contents/Developer/Platforms/WatchOS.platform/Developer/Library/Frameworks -c -j10 -enable-batch-mode -incremental -Xcc -ivfsstatcache -Xcc /Users/admin/builder/spi-builder-workspace/.derivedData/SDKStatCaches.noindex/watchos27.0-24R360-e829b21a6f8c9b70876ba0858053c04477534ef55a1706bf4c1112bbb242f0a2.sdkstatcache -output-file-map /Users/admin/builder/spi-builder-workspace/.derivedData/Build/Intermediates.noindex/FranticApparatus.build/Debug-watchos/FranticApparatus.build/Objects-normal/arm64/FranticApparatus-OutputFileMap.json -save-temps -no-color-diagnostics -emit-dependencies -emit-module -emit-module-path /Users/admin/builder/spi-builder-workspace/.derivedData/Build/Intermediates.noindex/FranticApparatus.build/Debug-watchos/FranticApparatus.build/Objects-normal/arm64/FranticApparatus.swiftmodule -serialize-diagnostics -validate-clang-modules-once -clang-build-session-file /Users/admin/builder/spi-builder-workspace/.derivedData/ModuleCache.noindex/Session.modulevalidation -Xcc -fmodules-prune-interval\=86400 -Xcc -fmodules-prune-after\=345600 -emit-const-values -const-gather-protocols-list /Users/admin/builder/spi-builder-workspace/.derivedData/Build/Intermediates.noindex/FranticApparatus.build/Debug-watchos/FranticApparatus.build/Objects-normal/arm64/FranticApparatus_const_extract_protocols.json -Xcc -I/Users/admin/builder/spi-builder-workspace/.derivedData/Build/Products/Debug-watchos/include -Xcc -I/Users/admin/builder/spi-builder-workspace/.derivedData/Build/Intermediates.noindex/FranticApparatus.build/Debug-watchos/FranticApparatus.build/DerivedSources-normal/arm64 -Xcc -I/Users/admin/builder/spi-builder-workspace/.derivedData/Build/Intermediates.noindex/FranticApparatus.build/Debug-watchos/FranticApparatus.build/DerivedSources/arm64 -Xcc -I/Users/admin/builder/spi-builder-workspace/.derivedData/Build/Intermediates.noindex/FranticApparatus.build/Debug-watchos/FranticApparatus.build/DerivedSources -emit-objc-header -emit-objc-header-path /Users/admin/builder/spi-builder-workspace/.derivedData/Build/Intermediates.noindex/FranticApparatus.build/Debug-watchos/FranticApparatus.build/Objects-normal/arm64/FranticApparatus-Swift.h -working-directory /Users/admin/builder/spi-builder-workspace -experimental-emit-module-separately -disable-cmo
SwiftCompile normal arm64 Compiling\ AllPromises.swift,\ AnyPromises.swift /Users/admin/builder/spi-builder-workspace/Sources/FranticApparatus/AllPromises.swift /Users/admin/builder/spi-builder-workspace/Sources/FranticApparatus/AnyPromises.swift (in target 'FranticApparatus' from project 'FranticApparatus')
SwiftCompile normal arm64 /Users/admin/builder/spi-builder-workspace/Sources/FranticApparatus/AllPromises.swift (in target 'FranticApparatus' from project 'FranticApparatus')
    cd /Users/admin/builder/spi-builder-workspace
    builtin-SwiftPerFileCompile AllPromises.swift
SwiftCompile normal arm64 /Users/admin/builder/spi-builder-workspace/Sources/FranticApparatus/AnyPromises.swift (in target 'FranticApparatus' from project 'FranticApparatus')
    cd /Users/admin/builder/spi-builder-workspace
    builtin-SwiftPerFileCompile AnyPromises.swift
SwiftCompile normal arm64 Compiling\ PromiseError.swift /Users/admin/builder/spi-builder-workspace/Sources/FranticApparatus/PromiseError.swift (in target 'FranticApparatus' from project 'FranticApparatus')
SwiftCompile normal arm64 /Users/admin/builder/spi-builder-workspace/Sources/FranticApparatus/PromiseError.swift (in target 'FranticApparatus' from project 'FranticApparatus')
    cd /Users/admin/builder/spi-builder-workspace
    builtin-SwiftPerFileCompile PromiseError.swift
SwiftCompile normal arm64 Compiling\ Deferred.swift,\ Dispatcher.swift /Users/admin/builder/spi-builder-workspace/Sources/FranticApparatus/Deferred.swift /Users/admin/builder/spi-builder-workspace/Sources/FranticApparatus/Dispatcher.swift (in target 'FranticApparatus' from project 'FranticApparatus')
SwiftCompile normal arm64 /Users/admin/builder/spi-builder-workspace/Sources/FranticApparatus/Deferred.swift (in target 'FranticApparatus' from project 'FranticApparatus')
    cd /Users/admin/builder/spi-builder-workspace
    builtin-SwiftPerFileCompile Deferred.swift
SwiftCompile normal arm64 /Users/admin/builder/spi-builder-workspace/Sources/FranticApparatus/Dispatcher.swift (in target 'FranticApparatus' from project 'FranticApparatus')
    cd /Users/admin/builder/spi-builder-workspace
    builtin-SwiftPerFileCompile Dispatcher.swift
SwiftCompile normal arm64 Compiling\ GCDDispatcher.swift,\ Lock.swift /Users/admin/builder/spi-builder-workspace/Sources/FranticApparatus/GCDDispatcher.swift /Users/admin/builder/spi-builder-workspace/Sources/FranticApparatus/Lock.swift (in target 'FranticApparatus' from project 'FranticApparatus')
SwiftCompile normal arm64 /Users/admin/builder/spi-builder-workspace/Sources/FranticApparatus/GCDDispatcher.swift (in target 'FranticApparatus' from project 'FranticApparatus')
    cd /Users/admin/builder/spi-builder-workspace
    builtin-SwiftPerFileCompile GCDDispatcher.swift
SwiftCompile normal arm64 /Users/admin/builder/spi-builder-workspace/Sources/FranticApparatus/Lock.swift (in target 'FranticApparatus' from project 'FranticApparatus')
    cd /Users/admin/builder/spi-builder-workspace
    builtin-SwiftPerFileCompile Lock.swift
SwiftCompile normal arm64 Compiling\ PromiseMaker.swift /Users/admin/builder/spi-builder-workspace/Sources/FranticApparatus/PromiseMaker.swift (in target 'FranticApparatus' from project 'FranticApparatus')
SwiftCompile normal arm64 /Users/admin/builder/spi-builder-workspace/Sources/FranticApparatus/PromiseMaker.swift (in target 'FranticApparatus' from project 'FranticApparatus')
    cd /Users/admin/builder/spi-builder-workspace
    builtin-SwiftPerFileCompile PromiseMaker.swift
SwiftCompile normal arm64 Compiling\ Result.swift /Users/admin/builder/spi-builder-workspace/Sources/FranticApparatus/Result.swift (in target 'FranticApparatus' from project 'FranticApparatus')
SwiftCompile normal arm64 /Users/admin/builder/spi-builder-workspace/Sources/FranticApparatus/Result.swift (in target 'FranticApparatus' from project 'FranticApparatus')
    cd /Users/admin/builder/spi-builder-workspace
    builtin-SwiftPerFileCompile Result.swift
SwiftCompile normal arm64 Compiling\ OperationDispatcher.swift,\ Promise.swift /Users/admin/builder/spi-builder-workspace/Sources/FranticApparatus/OperationDispatcher.swift /Users/admin/builder/spi-builder-workspace/Sources/FranticApparatus/Promise.swift (in target 'FranticApparatus' from project 'FranticApparatus')
SwiftCompile normal arm64 /Users/admin/builder/spi-builder-workspace/Sources/FranticApparatus/OperationDispatcher.swift (in target 'FranticApparatus' from project 'FranticApparatus')
    cd /Users/admin/builder/spi-builder-workspace
    builtin-SwiftPerFileCompile OperationDispatcher.swift
SwiftCompile normal arm64 /Users/admin/builder/spi-builder-workspace/Sources/FranticApparatus/Promise.swift (in target 'FranticApparatus' from project 'FranticApparatus')
    cd /Users/admin/builder/spi-builder-workspace
    builtin-SwiftPerFileCompile Promise.swift
SwiftCompile normal arm64 Compiling\ State.swift /Users/admin/builder/spi-builder-workspace/Sources/FranticApparatus/State.swift (in target 'FranticApparatus' from project 'FranticApparatus')
SwiftCompile normal arm64 /Users/admin/builder/spi-builder-workspace/Sources/FranticApparatus/State.swift (in target 'FranticApparatus' from project 'FranticApparatus')
    cd /Users/admin/builder/spi-builder-workspace
    builtin-SwiftPerFileCompile State.swift
SwiftCompile normal arm64 Compiling\ RacePromises.swift /Users/admin/builder/spi-builder-workspace/Sources/FranticApparatus/RacePromises.swift (in target 'FranticApparatus' from project 'FranticApparatus')
SwiftCompile normal arm64 /Users/admin/builder/spi-builder-workspace/Sources/FranticApparatus/RacePromises.swift (in target 'FranticApparatus' from project 'FranticApparatus')
    cd /Users/admin/builder/spi-builder-workspace
    builtin-SwiftPerFileCompile RacePromises.swift
SwiftEmitModule normal arm64 Emitting\ module\ for\ FranticApparatus (in target 'FranticApparatus' from project 'FranticApparatus')
/Users/admin/builder/spi-builder-workspace/Sources/FranticApparatus/Lock.swift:32:29: error: cannot find 'pthread_mutex_t' in scope
30 |
31 | final class Lock {
32 |     fileprivate var mutex = pthread_mutex_t()
   |                             `- error: cannot find 'pthread_mutex_t' in scope
33 |
34 |     init() {
/Users/admin/builder/spi-builder-workspace/Sources/FranticApparatus/Thenable.swift:32:5: warning: 'public' modifier is redundant for instance method declared in a public extension
 30 |
 31 | public extension Thenable {
 32 |     public func whenFulfilledThenMap<ResultingValue>(on dispatcher: Dispatcher, map: @escaping (Value) throws -> Result<ResultingValue>) -> Promise<ResultingValue> {
    |     `- warning: 'public' modifier is redundant for instance method declared in a public extension
 33 |         return then(
 34 |             on: dispatcher,
/Users/admin/builder/spi-builder-workspace/Sources/FranticApparatus/Thenable.swift:44:5: warning: 'public' modifier is redundant for instance method declared in a public extension
 42 |     }
 43 |
 44 |     public func whenFulfilled(on dispatcher: Dispatcher, thenDo: @escaping (Value) throws -> Void) -> Promise<Value> {
    |     `- warning: 'public' modifier is redundant for instance method declared in a public extension
 45 |         return whenFulfilledThenMap(on: dispatcher) { (value) throws -> Result<Value> in
 46 |             try thenDo(value)
/Users/admin/builder/spi-builder-workspace/Sources/FranticApparatus/Thenable.swift:52:5: warning: 'public' modifier is redundant for instance method declared in a public extension
 50 |     }
 51 |
 52 |     public func whenFulfilledThenTransform<ResultingValue>(on dispatcher: Dispatcher, transform: @escaping (Value) throws -> ResultingValue) -> Promise<ResultingValue> {
    |     `- warning: 'public' modifier is redundant for instance method declared in a public extension
 53 |         return whenFulfilledThenMap(on: dispatcher) { (value) throws -> Result<ResultingValue> in
 54 |             let result = try transform(value)
/Users/admin/builder/spi-builder-workspace/Sources/FranticApparatus/Thenable.swift:60:5: warning: 'public' modifier is redundant for instance method declared in a public extension
 58 |     }
 59 |
 60 |     public func whenFulfilledThenPromise<ResultingValue>(on dispatcher: Dispatcher, promise: @escaping (Value) throws -> Promise<ResultingValue>) -> Promise<ResultingValue> {
    |     `- warning: 'public' modifier is redundant for instance method declared in a public extension
 61 |         return whenFulfilledThenMap(on: dispatcher) { (value) throws -> Result<ResultingValue> in
 62 |             let result = try promise(value)
/Users/admin/builder/spi-builder-workspace/Sources/FranticApparatus/Thenable.swift:68:5: warning: 'public' modifier is redundant for instance method declared in a public extension
 66 |     }
 67 |
 68 |     public func whenRejectedThenMap(on dispatcher: Dispatcher, map: @escaping (Error) throws -> Result<Value>) -> Promise<Value> {
    |     `- warning: 'public' modifier is redundant for instance method declared in a public extension
 69 |         return then(
 70 |             on: dispatcher,
/Users/admin/builder/spi-builder-workspace/Sources/FranticApparatus/Thenable.swift:82:5: warning: 'public' modifier is redundant for instance method declared in a public extension
 80 |     }
 81 |
 82 |     public func whenRejected(on dispatcher: Dispatcher, thenDo: @escaping (Error) throws -> Void) -> Promise<Value> {
    |     `- warning: 'public' modifier is redundant for instance method declared in a public extension
 83 |         return whenRejectedThenMap(on: dispatcher) { (reason) throws -> Result<Value> in
 84 |             try thenDo(reason)
/Users/admin/builder/spi-builder-workspace/Sources/FranticApparatus/Thenable.swift:90:5: warning: 'public' modifier is redundant for instance method declared in a public extension
 88 |     }
 89 |
 90 |     public func whenRejectedThenTransform(on dispatcher: Dispatcher, transform: @escaping (Error) throws -> Value) -> Promise<Value> {
    |     `- warning: 'public' modifier is redundant for instance method declared in a public extension
 91 |         return whenRejectedThenMap(on: dispatcher) { (reason) throws -> Result<Value> in
 92 |             let result = try transform(reason)
/Users/admin/builder/spi-builder-workspace/Sources/FranticApparatus/Thenable.swift:98:5: warning: 'public' modifier is redundant for instance method declared in a public extension
 96 |     }
 97 |
 98 |     public func whenRejectedThenPromise(on dispatcher: Dispatcher, promise: @escaping (Error) throws -> Promise<Value>) -> Promise<Value> {
    |     `- warning: 'public' modifier is redundant for instance method declared in a public extension
 99 |         return whenRejectedThenMap(on: dispatcher) { (reason) throws -> Result<Value> in
100 |             let result = try promise(reason)
/Users/admin/builder/spi-builder-workspace/Sources/FranticApparatus/Thenable.swift:106:5: warning: 'public' modifier is redundant for instance method declared in a public extension
104 |     }
105 |
106 |     public func whenComplete(on dispatcher: Dispatcher, thenDo: @escaping () -> Void) -> Promise<Value> {
    |     `- warning: 'public' modifier is redundant for instance method declared in a public extension
107 |         return then(
108 |             on: dispatcher,
Failed frontend command:
/Applications/Xcode-27.0.0-Release.Candidate.app/Contents/Developer/Toolchains/XcodeDefault.xctoolchain/usr/bin/swift-frontend -frontend -emit-module -experimental-skip-non-inlinable-function-bodies-without-types /Users/admin/builder/spi-builder-workspace/Sources/FranticApparatus/AllPromises.swift /Users/admin/builder/spi-builder-workspace/Sources/FranticApparatus/AnyPromises.swift /Users/admin/builder/spi-builder-workspace/Sources/FranticApparatus/Deferred.swift /Users/admin/builder/spi-builder-workspace/Sources/FranticApparatus/Dispatcher.swift /Users/admin/builder/spi-builder-workspace/Sources/FranticApparatus/GCDDispatcher.swift /Users/admin/builder/spi-builder-workspace/Sources/FranticApparatus/Lock.swift /Users/admin/builder/spi-builder-workspace/Sources/FranticApparatus/OperationDispatcher.swift /Users/admin/builder/spi-builder-workspace/Sources/FranticApparatus/Promise.swift /Users/admin/builder/spi-builder-workspace/Sources/FranticApparatus/PromiseError.swift /Users/admin/builder/spi-builder-workspace/Sources/FranticApparatus/PromiseMaker.swift /Users/admin/builder/spi-builder-workspace/Sources/FranticApparatus/RacePromises.swift /Users/admin/builder/spi-builder-workspace/Sources/FranticApparatus/Result.swift /Users/admin/builder/spi-builder-workspace/Sources/FranticApparatus/State.swift /Users/admin/builder/spi-builder-workspace/Sources/FranticApparatus/Thenable.swift -target arm64-apple-watchos27.0 -Xllvm -aarch64-use-tbi -enable-objc-interop -stack-check -sdk /Applications/Xcode-27.0.0-Release.Candidate.app/Contents/Developer/Platforms/WatchOS.platform/Developer/SDKs/WatchOS27.0.sdk -I /Users/admin/builder/spi-builder-workspace/.derivedData/Build/Products/Debug-watchos -F /Users/admin/builder/spi-builder-workspace/.derivedData/Build/Products/Debug-watchos -F /Applications/Xcode-27.0.0-Release.Candidate.app/Contents/Developer/Platforms/WatchOS.platform/Developer/Library/Frameworks -module-cache-path /Users/admin/builder/spi-builder-workspace/.derivedData/ModuleCache.noindex -no-color-diagnostics -Xcc -fno-color-diagnostics -enable-testing -g -debug-info-format\=dwarf -dwarf-version\=5 -swift-version 4 -Onone -D SWIFT_PACKAGE -D Xcode -serialize-debugging-options -enable-experimental-feature DebugDescriptionMacro -enable-bare-slash-regex -empty-abi-descriptor -validate-clang-modules-once -clang-build-session-file /Users/admin/builder/spi-builder-workspace/.derivedData/ModuleCache.noindex/Session.modulevalidation -Xcc -working-directory -Xcc /Users/admin/builder/spi-builder-workspace -enable-anonymous-context-mangled-names -file-compilation-dir /Users/admin/builder/spi-builder-workspace -Xcc -D_LIBCPP_HARDENING_MODE\=_LIBCPP_HARDENING_MODE_DEBUG -Xcc -ivfsstatcache -Xcc /Users/admin/builder/spi-builder-workspace/.derivedData/SDKStatCaches.noindex/watchos27.0-24R360-e829b21a6f8c9b70876ba0858053c04477534ef55a1706bf4c1112bbb242f0a2.sdkstatcache -Xcc -fmodules-prune-interval\=86400 -Xcc -fmodules-prune-after\=345600 -Xcc -I/Users/admin/builder/spi-builder-workspace/.derivedData/Build/Products/Debug-watchos/include -Xcc -I/Users/admin/builder/spi-builder-workspace/.derivedData/Build/Intermediates.noindex/FranticApparatus.build/Debug-watchos/FranticApparatus.build/DerivedSources-normal/arm64 -Xcc -I/Users/admin/builder/spi-builder-workspace/.derivedData/Build/Intermediates.noindex/FranticApparatus.build/Debug-watchos/FranticApparatus.build/DerivedSources/arm64 -Xcc -I/Users/admin/builder/spi-builder-workspace/.derivedData/Build/Intermediates.noindex/FranticApparatus.build/Debug-watchos/FranticApparatus.build/DerivedSources -no-auto-bridging-header-chaining -module-name FranticApparatus -const-gather-protocols-file /Users/admin/builder/spi-builder-workspace/.derivedData/Build/Intermediates.noindex/FranticApparatus.build/Debug-watchos/FranticApparatus.build/Objects-normal/arm64/FranticApparatus_const_extract_protocols.json -disable-clang-spi -target-sdk-version 27.0 -target-sdk-name watchos27.0 -external-plugin-path /Applications/Xcode-27.0.0-Release.Candidate.app/Contents/Developer/Platforms/WatchOS.platform/Developer/usr/lib/swift/host/plugins\#/Applications/Xcode-27.0.0-Release.Candidate.app/Contents/Developer/Platforms/WatchOS.platform/Developer/usr/bin/swift-plugin-server -external-plugin-path /Applications/Xcode-27.0.0-Release.Candidate.app/Contents/Developer/Platforms/WatchOS.platform/Developer/usr/local/lib/swift/host/plugins\#/Applications/Xcode-27.0.0-Release.Candidate.app/Contents/Developer/Platforms/WatchOS.platform/Developer/usr/bin/swift-plugin-server -in-process-plugin-server-path /Applications/Xcode-27.0.0-Release.Candidate.app/Contents/Developer/Toolchains/XcodeDefault.xctoolchain/usr/lib/swift/host/libSwiftInProcPluginServer.dylib -plugin-path /Applications/Xcode-27.0.0-Release.Candidate.app/Contents/Developer/Toolchains/XcodeDefault.xctoolchain/usr/lib/swift/host/plugins -plugin-path /Applications/Xcode-27.0.0-Release.Candidate.app/Contents/Developer/Toolchains/XcodeDefault.xctoolchain/usr/local/lib/swift/host/plugins -emit-module-doc-path /Users/admin/builder/spi-builder-workspace/.derivedData/Build/Intermediates.noindex/FranticApparatus.build/Debug-watchos/FranticApparatus.build/Objects-normal/arm64/FranticApparatus.swiftdoc -emit-module-source-info-path /Users/admin/builder/spi-builder-workspace/.derivedData/Build/Intermediates.noindex/FranticApparatus.build/Debug-watchos/FranticApparatus.build/Objects-normal/arm64/FranticApparatus.swiftsourceinfo -emit-objc-header-path /Users/admin/builder/spi-builder-workspace/.derivedData/Build/Intermediates.noindex/FranticApparatus.build/Debug-watchos/FranticApparatus.build/Objects-normal/arm64/FranticApparatus-Swift.h -serialize-diagnostics-path /Users/admin/builder/spi-builder-workspace/.derivedData/Build/Intermediates.noindex/FranticApparatus.build/Debug-watchos/FranticApparatus.build/Objects-normal/arm64/FranticApparatus-primary-emit-module.dia -emit-dependencies-path /Users/admin/builder/spi-builder-workspace/.derivedData/Build/Intermediates.noindex/FranticApparatus.build/Debug-watchos/FranticApparatus.build/Objects-normal/arm64/FranticApparatus-primary-emit-module.d -o /Users/admin/builder/spi-builder-workspace/.derivedData/Build/Intermediates.noindex/FranticApparatus.build/Debug-watchos/FranticApparatus.build/Objects-normal/arm64/FranticApparatus.swiftmodule -emit-abi-descriptor-path /Users/admin/builder/spi-builder-workspace/.derivedData/Build/Intermediates.noindex/FranticApparatus.build/Debug-watchos/FranticApparatus.build/Objects-normal/arm64/FranticApparatus.abi.json
SwiftCompile normal arm64 (in target 'FranticApparatus' from project 'FranticApparatus')
    cd /Users/admin/builder/spi-builder-workspace

SwiftCompile normal arm64 Compiling\ Thenable.swift /Users/admin/builder/spi-builder-workspace/Sources/FranticApparatus/Thenable.swift (in target 'FranticApparatus' from project 'FranticApparatus')
SwiftCompile normal arm64 /Users/admin/builder/spi-builder-workspace/Sources/FranticApparatus/Thenable.swift (in target 'FranticApparatus' from project 'FranticApparatus')
    cd /Users/admin/builder/spi-builder-workspace
    builtin-SwiftPerFileCompile Thenable.swift
PruneExplicitPrecompiledModules /Users/admin/builder/spi-builder-workspace/.derivedData/Build/Intermediates.noindex/ExplicitPrecompiledModules
PruneExplicitPrecompiledModules /Users/admin/builder/spi-builder-workspace/.derivedData/Build/Intermediates.noindex/SwiftExplicitPrecompiledModules
PruneExplicitPrecompiledModules /Users/admin/builder/spi-builder-workspace/.derivedData/SDKExplicitPrecompiledModules
** BUILD FAILED **
The following build commands failed:
	SwiftEmitModule normal arm64 Emitting\ module\ for\ FranticApparatus (in target 'FranticApparatus' from project 'FranticApparatus')
	SwiftCompile normal arm64 (in target 'FranticApparatus' from project 'FranticApparatus')
	Building project FranticApparatus with scheme FranticApparatus-Package
(3 failures)
Command line invocation:
    /Applications/Xcode-27.0.0-Release.Candidate.app/Contents/Developer/usr/bin/xcodebuild -IDEClonedSourcePackagesDirPathOverride=/Users/admin/builder/spi-builder-workspace/.dependencies -resolvePackageDependencies
resolved source packages:
{
  "dependencies" : [
  ],
  "manifest_display_name" : "FranticApparatus",
  "name" : "FranticApparatus",
  "path" : "/Users/admin/builder/spi-builder-workspace",
  "platforms" : [
  ],
  "products" : [
    {
      "name" : "FranticApparatus",
      "targets" : [
        "FranticApparatus"
      ],
      "type" : {
        "library" : [
          "automatic"
        ]
      }
    }
  ],
  "targets" : [
    {
      "c99name" : "FranticApparatusTests",
      "module_type" : "SwiftTarget",
      "name" : "FranticApparatusTests",
      "path" : "Tests/FranticApparatusTests",
      "sources" : [
        "FranticApparatusTests.swift"
      ],
      "target_dependencies" : [
        "FranticApparatus"
      ],
      "type" : "test"
    },
    {
      "c99name" : "FranticApparatus",
      "module_type" : "SwiftTarget",
      "name" : "FranticApparatus",
      "path" : "Sources/FranticApparatus",
      "product_memberships" : [
        "FranticApparatus"
      ],
      "sources" : [
        "AllPromises.swift",
        "AnyPromises.swift",
        "Deferred.swift",
        "Dispatcher.swift",
        "GCDDispatcher.swift",
        "Lock.swift",
        "OperationDispatcher.swift",
        "Promise.swift",
        "PromiseError.swift",
        "PromiseMaker.swift",
        "RacePromises.swift",
        "Result.swift",
        "State.swift",
        "Thenable.swift"
      ],
      "type" : "library"
    }
  ],
  "tools_version" : "4.0"
}
{
  "project" : {
    "configurations" : [
      "Debug",
      "Release"
    ],
    "name" : "FranticApparatus",
    "schemes" : [
      "FranticApparatus-Package",
      "FranticApparatusPackageDescription",
      "FranticApparatusPackageTests"
    ],
    "targets" : [
      "FranticApparatusPackageDescription",
      "FranticApparatusTests",
      "FranticApparatus",
      "FranticApparatusPackageTests"
    ]
  }
}
Running build ...
env DEVELOPER_DIR=/Applications/Xcode-27.0.0-Release.Candidate.app xcrun xcodebuild -IDEClonedSourcePackagesDirPathOverride=$PWD/.dependencies -skipMacroValidation -skipPackagePluginValidation -derivedDataPath $PWD/.derivedData build -scheme FranticApparatus-Package -destination generic/platform=watchOS
Command line invocation:
    /Applications/Xcode-27.0.0-Release.Candidate.app/Contents/Developer/usr/bin/xcodebuild -IDEClonedSourcePackagesDirPathOverride=/Users/admin/builder/spi-builder-workspace/.dependencies -skipMacroValidation -skipPackagePluginValidation -derivedDataPath /Users/admin/builder/spi-builder-workspace/.derivedData build -scheme FranticApparatus-Package -destination generic/platform=watchOS
ComputePackagePrebuildTargetDependencyGraph
Prepare packages
CreateBuildRequest
SendProjectDescription
CreateBuildOperation
ComputeTargetDependencyGraph
note: Building targets in dependency order
note: Target dependency graph (1 target)
    Target 'FranticApparatus' in project 'FranticApparatus' (no dependencies)
GatherProvisioningInputs
CreateBuildDescription
ClangStatCache /Applications/Xcode-27.0.0-Release.Candidate.app/Contents/Developer/Toolchains/XcodeDefault.xctoolchain/usr/bin/clang-stat-cache /Applications/Xcode-27.0.0-Release.Candidate.app/Contents/Developer/Platforms/WatchOS.platform/Developer/SDKs/WatchOS27.0.sdk /Users/admin/builder/spi-builder-workspace/.derivedData/SDKStatCaches.noindex/watchos27.0-24R360-e829b21a6f8c9b70876ba0858053c04477534ef55a1706bf4c1112bbb242f0a2.sdkstatcache
    cd /Users/admin/builder/spi-builder-workspace/FranticApparatus.xcodeproj
    /Applications/Xcode-27.0.0-Release.Candidate.app/Contents/Developer/Toolchains/XcodeDefault.xctoolchain/usr/bin/clang-stat-cache /Applications/Xcode-27.0.0-Release.Candidate.app/Contents/Developer/Platforms/WatchOS.platform/Developer/SDKs/WatchOS27.0.sdk -o /Users/admin/builder/spi-builder-workspace/.derivedData/SDKStatCaches.noindex/watchos27.0-24R360-e829b21a6f8c9b70876ba0858053c04477534ef55a1706bf4c1112bbb242f0a2.sdkstatcache
SwiftDriver FranticApparatus normal arm64 com.apple.xcode.tools.swift.compiler (in target 'FranticApparatus' from project 'FranticApparatus')
    cd /Users/admin/builder/spi-builder-workspace
    builtin-SwiftDriver -- /Applications/Xcode-27.0.0-Release.Candidate.app/Contents/Developer/Toolchains/XcodeDefault.xctoolchain/usr/bin/swiftc -module-name FranticApparatus -Onone @/Users/admin/builder/spi-builder-workspace/.derivedData/Build/Intermediates.noindex/FranticApparatus.build/Debug-watchos/FranticApparatus.build/Objects-normal/arm64/FranticApparatus.SwiftFileList -DSWIFT_PACKAGE -DXcode -enable-bare-slash-regex -enable-experimental-feature DebugDescriptionMacro -sdk /Applications/Xcode-27.0.0-Release.Candidate.app/Contents/Developer/Platforms/WatchOS.platform/Developer/SDKs/WatchOS27.0.sdk -target arm64-apple-watchos27.0 -g -module-cache-path /Users/admin/builder/spi-builder-workspace/.derivedData/ModuleCache.noindex -Xfrontend -serialize-debugging-options -enable-testing -index-store-path /Users/admin/builder/spi-builder-workspace/.derivedData/Index.noindex/DataStore -Xcc -D_LIBCPP_HARDENING_MODE\=_LIBCPP_HARDENING_MODE_DEBUG -swift-version 4 -I /Users/admin/builder/spi-builder-workspace/.derivedData/Build/Products/Debug-watchos -F /Users/admin/builder/spi-builder-workspace/.derivedData/Build/Products/Debug-watchos -F /Applications/Xcode-27.0.0-Release.Candidate.app/Contents/Developer/Platforms/WatchOS.platform/Developer/Library/Frameworks -c -j10 -enable-batch-mode -incremental -Xcc -ivfsstatcache -Xcc /Users/admin/builder/spi-builder-workspace/.derivedData/SDKStatCaches.noindex/watchos27.0-24R360-e829b21a6f8c9b70876ba0858053c04477534ef55a1706bf4c1112bbb242f0a2.sdkstatcache -output-file-map /Users/admin/builder/spi-builder-workspace/.derivedData/Build/Intermediates.noindex/FranticApparatus.build/Debug-watchos/FranticApparatus.build/Objects-normal/arm64/FranticApparatus-OutputFileMap.json -save-temps -no-color-diagnostics -emit-dependencies -emit-module -emit-module-path /Users/admin/builder/spi-builder-workspace/.derivedData/Build/Intermediates.noindex/FranticApparatus.build/Debug-watchos/FranticApparatus.build/Objects-normal/arm64/FranticApparatus.swiftmodule -serialize-diagnostics -validate-clang-modules-once -clang-build-session-file /Users/admin/builder/spi-builder-workspace/.derivedData/ModuleCache.noindex/Session.modulevalidation -Xcc -fmodules-prune-interval\=86400 -Xcc -fmodules-prune-after\=345600 -emit-const-values -const-gather-protocols-list /Users/admin/builder/spi-builder-workspace/.derivedData/Build/Intermediates.noindex/FranticApparatus.build/Debug-watchos/FranticApparatus.build/Objects-normal/arm64/FranticApparatus_const_extract_protocols.json -Xcc -I/Users/admin/builder/spi-builder-workspace/.derivedData/Build/Products/Debug-watchos/include -Xcc -I/Users/admin/builder/spi-builder-workspace/.derivedData/Build/Intermediates.noindex/FranticApparatus.build/Debug-watchos/FranticApparatus.build/DerivedSources-normal/arm64 -Xcc -I/Users/admin/builder/spi-builder-workspace/.derivedData/Build/Intermediates.noindex/FranticApparatus.build/Debug-watchos/FranticApparatus.build/DerivedSources/arm64 -Xcc -I/Users/admin/builder/spi-builder-workspace/.derivedData/Build/Intermediates.noindex/FranticApparatus.build/Debug-watchos/FranticApparatus.build/DerivedSources -emit-objc-header -emit-objc-header-path /Users/admin/builder/spi-builder-workspace/.derivedData/Build/Intermediates.noindex/FranticApparatus.build/Debug-watchos/FranticApparatus.build/Objects-normal/arm64/FranticApparatus-Swift.h -working-directory /Users/admin/builder/spi-builder-workspace -experimental-emit-module-separately -disable-cmo
SwiftCompile normal arm64 Compiling\ Deferred.swift,\ Dispatcher.swift /Users/admin/builder/spi-builder-workspace/Sources/FranticApparatus/Deferred.swift /Users/admin/builder/spi-builder-workspace/Sources/FranticApparatus/Dispatcher.swift (in target 'FranticApparatus' from project 'FranticApparatus')
SwiftCompile normal arm64 /Users/admin/builder/spi-builder-workspace/Sources/FranticApparatus/Deferred.swift (in target 'FranticApparatus' from project 'FranticApparatus')
    cd /Users/admin/builder/spi-builder-workspace
    builtin-SwiftPerFileCompile Deferred.swift
SwiftCompile normal arm64 /Users/admin/builder/spi-builder-workspace/Sources/FranticApparatus/Dispatcher.swift (in target 'FranticApparatus' from project 'FranticApparatus')
    cd /Users/admin/builder/spi-builder-workspace
    builtin-SwiftPerFileCompile Dispatcher.swift
SwiftCompile normal arm64 Compiling\ AllPromises.swift,\ AnyPromises.swift /Users/admin/builder/spi-builder-workspace/Sources/FranticApparatus/AllPromises.swift /Users/admin/builder/spi-builder-workspace/Sources/FranticApparatus/AnyPromises.swift (in target 'FranticApparatus' from project 'FranticApparatus')
SwiftCompile normal arm64 /Users/admin/builder/spi-builder-workspace/Sources/FranticApparatus/AllPromises.swift (in target 'FranticApparatus' from project 'FranticApparatus')
    cd /Users/admin/builder/spi-builder-workspace
    builtin-SwiftPerFileCompile AllPromises.swift
SwiftCompile normal arm64 /Users/admin/builder/spi-builder-workspace/Sources/FranticApparatus/AnyPromises.swift (in target 'FranticApparatus' from project 'FranticApparatus')
    cd /Users/admin/builder/spi-builder-workspace
    builtin-SwiftPerFileCompile AnyPromises.swift
SwiftCompile normal arm64 Compiling\ GCDDispatcher.swift,\ Lock.swift /Users/admin/builder/spi-builder-workspace/Sources/FranticApparatus/GCDDispatcher.swift /Users/admin/builder/spi-builder-workspace/Sources/FranticApparatus/Lock.swift (in target 'FranticApparatus' from project 'FranticApparatus')
/Users/admin/builder/spi-builder-workspace/Sources/FranticApparatus/Lock.swift:32:29: error: cannot find 'pthread_mutex_t' in scope
30 |
31 | final class Lock {
32 |     fileprivate var mutex = pthread_mutex_t()
   |                             `- error: cannot find 'pthread_mutex_t' in scope
33 |
34 |     init() {
/Users/admin/builder/spi-builder-workspace/Sources/FranticApparatus/Lock.swift:35:9: error: cannot find 'pthread_mutex_init' in scope
33 |
34 |     init() {
35 |         pthread_mutex_init(&mutex, nil)
   |         `- error: cannot find 'pthread_mutex_init' in scope
36 |     }
37 |
/Users/admin/builder/spi-builder-workspace/Sources/FranticApparatus/Lock.swift:39:9: error: cannot find 'pthread_mutex_destroy' in scope
37 |
38 |     deinit {
39 |         pthread_mutex_destroy(&mutex)
   |         `- error: cannot find 'pthread_mutex_destroy' in scope
40 |     }
41 |
/Users/admin/builder/spi-builder-workspace/Sources/FranticApparatus/Lock.swift:43:9: error: cannot find 'pthread_mutex_lock' in scope
41 |
42 |     func lock() {
43 |         pthread_mutex_lock(&mutex)
   |         `- error: cannot find 'pthread_mutex_lock' in scope
44 |     }
45 |
SwiftCompile normal arm64 /Users/admin/builder/spi-builder-workspace/Sources/FranticApparatus/GCDDispatcher.swift (in target 'FranticApparatus' from project 'FranticApparatus')
    cd /Users/admin/builder/spi-builder-workspace
    builtin-SwiftPerFileCompile GCDDispatcher.swift
SwiftCompile normal arm64 /Users/admin/builder/spi-builder-workspace/Sources/FranticApparatus/Lock.swift (in target 'FranticApparatus' from project 'FranticApparatus')
    cd /Users/admin/builder/spi-builder-workspace
    builtin-SwiftPerFileCompile Lock.swift
SwiftCompile normal arm64 Compiling\ PromiseError.swift /Users/admin/builder/spi-builder-workspace/Sources/FranticApparatus/PromiseError.swift (in target 'FranticApparatus' from project 'FranticApparatus')
SwiftCompile normal arm64 /Users/admin/builder/spi-builder-workspace/Sources/FranticApparatus/PromiseError.swift (in target 'FranticApparatus' from project 'FranticApparatus')
    cd /Users/admin/builder/spi-builder-workspace
    builtin-SwiftPerFileCompile PromiseError.swift
SwiftEmitModule normal arm64 Emitting\ module\ for\ FranticApparatus (in target 'FranticApparatus' from project 'FranticApparatus')
/Users/admin/builder/spi-builder-workspace/Sources/FranticApparatus/Lock.swift:32:29: error: cannot find 'pthread_mutex_t' in scope
30 |
31 | final class Lock {
32 |     fileprivate var mutex = pthread_mutex_t()
   |                             `- error: cannot find 'pthread_mutex_t' in scope
33 |
34 |     init() {
/Users/admin/builder/spi-builder-workspace/Sources/FranticApparatus/Thenable.swift:32:5: warning: 'public' modifier is redundant for instance method declared in a public extension
 30 |
 31 | public extension Thenable {
 32 |     public func whenFulfilledThenMap<ResultingValue>(on dispatcher: Dispatcher, map: @escaping (Value) throws -> Result<ResultingValue>) -> Promise<ResultingValue> {
    |     `- warning: 'public' modifier is redundant for instance method declared in a public extension
 33 |         return then(
 34 |             on: dispatcher,
/Users/admin/builder/spi-builder-workspace/Sources/FranticApparatus/Thenable.swift:44:5: warning: 'public' modifier is redundant for instance method declared in a public extension
 42 |     }
 43 |
 44 |     public func whenFulfilled(on dispatcher: Dispatcher, thenDo: @escaping (Value) throws -> Void) -> Promise<Value> {
    |     `- warning: 'public' modifier is redundant for instance method declared in a public extension
 45 |         return whenFulfilledThenMap(on: dispatcher) { (value) throws -> Result<Value> in
 46 |             try thenDo(value)
/Users/admin/builder/spi-builder-workspace/Sources/FranticApparatus/Thenable.swift:52:5: warning: 'public' modifier is redundant for instance method declared in a public extension
 50 |     }
 51 |
 52 |     public func whenFulfilledThenTransform<ResultingValue>(on dispatcher: Dispatcher, transform: @escaping (Value) throws -> ResultingValue) -> Promise<ResultingValue> {
    |     `- warning: 'public' modifier is redundant for instance method declared in a public extension
 53 |         return whenFulfilledThenMap(on: dispatcher) { (value) throws -> Result<ResultingValue> in
 54 |             let result = try transform(value)
/Users/admin/builder/spi-builder-workspace/Sources/FranticApparatus/Thenable.swift:60:5: warning: 'public' modifier is redundant for instance method declared in a public extension
 58 |     }
 59 |
 60 |     public func whenFulfilledThenPromise<ResultingValue>(on dispatcher: Dispatcher, promise: @escaping (Value) throws -> Promise<ResultingValue>) -> Promise<ResultingValue> {
    |     `- warning: 'public' modifier is redundant for instance method declared in a public extension
 61 |         return whenFulfilledThenMap(on: dispatcher) { (value) throws -> Result<ResultingValue> in
 62 |             let result = try promise(value)
/Users/admin/builder/spi-builder-workspace/Sources/FranticApparatus/Thenable.swift:68:5: warning: 'public' modifier is redundant for instance method declared in a public extension
 66 |     }
 67 |
 68 |     public func whenRejectedThenMap(on dispatcher: Dispatcher, map: @escaping (Error) throws -> Result<Value>) -> Promise<Value> {
    |     `- warning: 'public' modifier is redundant for instance method declared in a public extension
 69 |         return then(
 70 |             on: dispatcher,
/Users/admin/builder/spi-builder-workspace/Sources/FranticApparatus/Thenable.swift:82:5: warning: 'public' modifier is redundant for instance method declared in a public extension
 80 |     }
 81 |
 82 |     public func whenRejected(on dispatcher: Dispatcher, thenDo: @escaping (Error) throws -> Void) -> Promise<Value> {
    |     `- warning: 'public' modifier is redundant for instance method declared in a public extension
 83 |         return whenRejectedThenMap(on: dispatcher) { (reason) throws -> Result<Value> in
 84 |             try thenDo(reason)
/Users/admin/builder/spi-builder-workspace/Sources/FranticApparatus/Thenable.swift:90:5: warning: 'public' modifier is redundant for instance method declared in a public extension
 88 |     }
 89 |
 90 |     public func whenRejectedThenTransform(on dispatcher: Dispatcher, transform: @escaping (Error) throws -> Value) -> Promise<Value> {
    |     `- warning: 'public' modifier is redundant for instance method declared in a public extension
 91 |         return whenRejectedThenMap(on: dispatcher) { (reason) throws -> Result<Value> in
 92 |             let result = try transform(reason)
/Users/admin/builder/spi-builder-workspace/Sources/FranticApparatus/Thenable.swift:98:5: warning: 'public' modifier is redundant for instance method declared in a public extension
 96 |     }
 97 |
 98 |     public func whenRejectedThenPromise(on dispatcher: Dispatcher, promise: @escaping (Error) throws -> Promise<Value>) -> Promise<Value> {
    |     `- warning: 'public' modifier is redundant for instance method declared in a public extension
 99 |         return whenRejectedThenMap(on: dispatcher) { (reason) throws -> Result<Value> in
100 |             let result = try promise(reason)
/Users/admin/builder/spi-builder-workspace/Sources/FranticApparatus/Thenable.swift:106:5: warning: 'public' modifier is redundant for instance method declared in a public extension
104 |     }
105 |
106 |     public func whenComplete(on dispatcher: Dispatcher, thenDo: @escaping () -> Void) -> Promise<Value> {
    |     `- warning: 'public' modifier is redundant for instance method declared in a public extension
107 |         return then(
108 |             on: dispatcher,
Failed frontend command:
/Applications/Xcode-27.0.0-Release.Candidate.app/Contents/Developer/Toolchains/XcodeDefault.xctoolchain/usr/bin/swift-frontend -frontend -emit-module -experimental-skip-non-inlinable-function-bodies-without-types /Users/admin/builder/spi-builder-workspace/Sources/FranticApparatus/AllPromises.swift /Users/admin/builder/spi-builder-workspace/Sources/FranticApparatus/AnyPromises.swift /Users/admin/builder/spi-builder-workspace/Sources/FranticApparatus/Deferred.swift /Users/admin/builder/spi-builder-workspace/Sources/FranticApparatus/Dispatcher.swift /Users/admin/builder/spi-builder-workspace/Sources/FranticApparatus/GCDDispatcher.swift /Users/admin/builder/spi-builder-workspace/Sources/FranticApparatus/Lock.swift /Users/admin/builder/spi-builder-workspace/Sources/FranticApparatus/OperationDispatcher.swift /Users/admin/builder/spi-builder-workspace/Sources/FranticApparatus/Promise.swift /Users/admin/builder/spi-builder-workspace/Sources/FranticApparatus/PromiseError.swift /Users/admin/builder/spi-builder-workspace/Sources/FranticApparatus/PromiseMaker.swift /Users/admin/builder/spi-builder-workspace/Sources/FranticApparatus/RacePromises.swift /Users/admin/builder/spi-builder-workspace/Sources/FranticApparatus/Result.swift /Users/admin/builder/spi-builder-workspace/Sources/FranticApparatus/State.swift /Users/admin/builder/spi-builder-workspace/Sources/FranticApparatus/Thenable.swift -target arm64-apple-watchos27.0 -Xllvm -aarch64-use-tbi -enable-objc-interop -stack-check -sdk /Applications/Xcode-27.0.0-Release.Candidate.app/Contents/Developer/Platforms/WatchOS.platform/Developer/SDKs/WatchOS27.0.sdk -I /Users/admin/builder/spi-builder-workspace/.derivedData/Build/Products/Debug-watchos -F /Users/admin/builder/spi-builder-workspace/.derivedData/Build/Products/Debug-watchos -F /Applications/Xcode-27.0.0-Release.Candidate.app/Contents/Developer/Platforms/WatchOS.platform/Developer/Library/Frameworks -module-cache-path /Users/admin/builder/spi-builder-workspace/.derivedData/ModuleCache.noindex -no-color-diagnostics -Xcc -fno-color-diagnostics -enable-testing -g -debug-info-format\=dwarf -dwarf-version\=5 -swift-version 4 -Onone -D SWIFT_PACKAGE -D Xcode -serialize-debugging-options -enable-experimental-feature DebugDescriptionMacro -enable-bare-slash-regex -empty-abi-descriptor -validate-clang-modules-once -clang-build-session-file /Users/admin/builder/spi-builder-workspace/.derivedData/ModuleCache.noindex/Session.modulevalidation -Xcc -working-directory -Xcc /Users/admin/builder/spi-builder-workspace -enable-anonymous-context-mangled-names -file-compilation-dir /Users/admin/builder/spi-builder-workspace -Xcc -D_LIBCPP_HARDENING_MODE\=_LIBCPP_HARDENING_MODE_DEBUG -Xcc -ivfsstatcache -Xcc /Users/admin/builder/spi-builder-workspace/.derivedData/SDKStatCaches.noindex/watchos27.0-24R360-e829b21a6f8c9b70876ba0858053c04477534ef55a1706bf4c1112bbb242f0a2.sdkstatcache -Xcc -fmodules-prune-interval\=86400 -Xcc -fmodules-prune-after\=345600 -Xcc -I/Users/admin/builder/spi-builder-workspace/.derivedData/Build/Products/Debug-watchos/include -Xcc -I/Users/admin/builder/spi-builder-workspace/.derivedData/Build/Intermediates.noindex/FranticApparatus.build/Debug-watchos/FranticApparatus.build/DerivedSources-normal/arm64 -Xcc -I/Users/admin/builder/spi-builder-workspace/.derivedData/Build/Intermediates.noindex/FranticApparatus.build/Debug-watchos/FranticApparatus.build/DerivedSources/arm64 -Xcc -I/Users/admin/builder/spi-builder-workspace/.derivedData/Build/Intermediates.noindex/FranticApparatus.build/Debug-watchos/FranticApparatus.build/DerivedSources -no-auto-bridging-header-chaining -module-name FranticApparatus -const-gather-protocols-file /Users/admin/builder/spi-builder-workspace/.derivedData/Build/Intermediates.noindex/FranticApparatus.build/Debug-watchos/FranticApparatus.build/Objects-normal/arm64/FranticApparatus_const_extract_protocols.json -disable-clang-spi -target-sdk-version 27.0 -target-sdk-name watchos27.0 -external-plugin-path /Applications/Xcode-27.0.0-Release.Candidate.app/Contents/Developer/Platforms/WatchOS.platform/Developer/usr/lib/swift/host/plugins\#/Applications/Xcode-27.0.0-Release.Candidate.app/Contents/Developer/Platforms/WatchOS.platform/Developer/usr/bin/swift-plugin-server -external-plugin-path /Applications/Xcode-27.0.0-Release.Candidate.app/Contents/Developer/Platforms/WatchOS.platform/Developer/usr/local/lib/swift/host/plugins\#/Applications/Xcode-27.0.0-Release.Candidate.app/Contents/Developer/Platforms/WatchOS.platform/Developer/usr/bin/swift-plugin-server -in-process-plugin-server-path /Applications/Xcode-27.0.0-Release.Candidate.app/Contents/Developer/Toolchains/XcodeDefault.xctoolchain/usr/lib/swift/host/libSwiftInProcPluginServer.dylib -plugin-path /Applications/Xcode-27.0.0-Release.Candidate.app/Contents/Developer/Toolchains/XcodeDefault.xctoolchain/usr/lib/swift/host/plugins -plugin-path /Applications/Xcode-27.0.0-Release.Candidate.app/Contents/Developer/Toolchains/XcodeDefault.xctoolchain/usr/local/lib/swift/host/plugins -emit-module-doc-path /Users/admin/builder/spi-builder-workspace/.derivedData/Build/Intermediates.noindex/FranticApparatus.build/Debug-watchos/FranticApparatus.build/Objects-normal/arm64/FranticApparatus.swiftdoc -emit-module-source-info-path /Users/admin/builder/spi-builder-workspace/.derivedData/Build/Intermediates.noindex/FranticApparatus.build/Debug-watchos/FranticApparatus.build/Objects-normal/arm64/FranticApparatus.swiftsourceinfo -emit-objc-header-path /Users/admin/builder/spi-builder-workspace/.derivedData/Build/Intermediates.noindex/FranticApparatus.build/Debug-watchos/FranticApparatus.build/Objects-normal/arm64/FranticApparatus-Swift.h -serialize-diagnostics-path /Users/admin/builder/spi-builder-workspace/.derivedData/Build/Intermediates.noindex/FranticApparatus.build/Debug-watchos/FranticApparatus.build/Objects-normal/arm64/FranticApparatus-primary-emit-module.dia -emit-dependencies-path /Users/admin/builder/spi-builder-workspace/.derivedData/Build/Intermediates.noindex/FranticApparatus.build/Debug-watchos/FranticApparatus.build/Objects-normal/arm64/FranticApparatus-primary-emit-module.d -o /Users/admin/builder/spi-builder-workspace/.derivedData/Build/Intermediates.noindex/FranticApparatus.build/Debug-watchos/FranticApparatus.build/Objects-normal/arm64/FranticApparatus.swiftmodule -emit-abi-descriptor-path /Users/admin/builder/spi-builder-workspace/.derivedData/Build/Intermediates.noindex/FranticApparatus.build/Debug-watchos/FranticApparatus.build/Objects-normal/arm64/FranticApparatus.abi.json
SwiftCompile normal arm64 (in target 'FranticApparatus' from project 'FranticApparatus')
    cd /Users/admin/builder/spi-builder-workspace

SwiftCompile normal arm64 Compiling\ OperationDispatcher.swift,\ Promise.swift /Users/admin/builder/spi-builder-workspace/Sources/FranticApparatus/OperationDispatcher.swift /Users/admin/builder/spi-builder-workspace/Sources/FranticApparatus/Promise.swift (in target 'FranticApparatus' from project 'FranticApparatus')
SwiftCompile normal arm64 /Users/admin/builder/spi-builder-workspace/Sources/FranticApparatus/OperationDispatcher.swift (in target 'FranticApparatus' from project 'FranticApparatus')
    cd /Users/admin/builder/spi-builder-workspace
    builtin-SwiftPerFileCompile OperationDispatcher.swift
SwiftCompile normal arm64 /Users/admin/builder/spi-builder-workspace/Sources/FranticApparatus/Promise.swift (in target 'FranticApparatus' from project 'FranticApparatus')
    cd /Users/admin/builder/spi-builder-workspace
    builtin-SwiftPerFileCompile Promise.swift
SwiftCompile normal arm64 Compiling\ RacePromises.swift /Users/admin/builder/spi-builder-workspace/Sources/FranticApparatus/RacePromises.swift (in target 'FranticApparatus' from project 'FranticApparatus')
SwiftCompile normal arm64 /Users/admin/builder/spi-builder-workspace/Sources/FranticApparatus/RacePromises.swift (in target 'FranticApparatus' from project 'FranticApparatus')
    cd /Users/admin/builder/spi-builder-workspace
    builtin-SwiftPerFileCompile RacePromises.swift
SwiftCompile normal arm64 Compiling\ PromiseMaker.swift /Users/admin/builder/spi-builder-workspace/Sources/FranticApparatus/PromiseMaker.swift (in target 'FranticApparatus' from project 'FranticApparatus')
SwiftCompile normal arm64 /Users/admin/builder/spi-builder-workspace/Sources/FranticApparatus/PromiseMaker.swift (in target 'FranticApparatus' from project 'FranticApparatus')
    cd /Users/admin/builder/spi-builder-workspace
    builtin-SwiftPerFileCompile PromiseMaker.swift
SwiftCompile normal arm64 Compiling\ State.swift /Users/admin/builder/spi-builder-workspace/Sources/FranticApparatus/State.swift (in target 'FranticApparatus' from project 'FranticApparatus')
SwiftCompile normal arm64 /Users/admin/builder/spi-builder-workspace/Sources/FranticApparatus/State.swift (in target 'FranticApparatus' from project 'FranticApparatus')
    cd /Users/admin/builder/spi-builder-workspace
    builtin-SwiftPerFileCompile State.swift
SwiftCompile normal arm64 Compiling\ Result.swift /Users/admin/builder/spi-builder-workspace/Sources/FranticApparatus/Result.swift (in target 'FranticApparatus' from project 'FranticApparatus')
SwiftCompile normal arm64 /Users/admin/builder/spi-builder-workspace/Sources/FranticApparatus/Result.swift (in target 'FranticApparatus' from project 'FranticApparatus')
    cd /Users/admin/builder/spi-builder-workspace
    builtin-SwiftPerFileCompile Result.swift
SwiftCompile normal arm64 Compiling\ Thenable.swift /Users/admin/builder/spi-builder-workspace/Sources/FranticApparatus/Thenable.swift (in target 'FranticApparatus' from project 'FranticApparatus')
SwiftCompile normal arm64 /Users/admin/builder/spi-builder-workspace/Sources/FranticApparatus/Thenable.swift (in target 'FranticApparatus' from project 'FranticApparatus')
    cd /Users/admin/builder/spi-builder-workspace
    builtin-SwiftPerFileCompile Thenable.swift
PruneExplicitPrecompiledModules /Users/admin/builder/spi-builder-workspace/.derivedData/Build/Intermediates.noindex/ExplicitPrecompiledModules
PruneExplicitPrecompiledModules /Users/admin/builder/spi-builder-workspace/.derivedData/SDKExplicitPrecompiledModules
PruneExplicitPrecompiledModules /Users/admin/builder/spi-builder-workspace/.derivedData/Build/Intermediates.noindex/SwiftExplicitPrecompiledModules
** BUILD FAILED **
The following build commands failed:
	SwiftEmitModule normal arm64 Emitting\ module\ for\ FranticApparatus (in target 'FranticApparatus' from project 'FranticApparatus')
	SwiftCompile normal arm64 (in target 'FranticApparatus' from project 'FranticApparatus')
	Building project FranticApparatus with scheme FranticApparatus-Package
(3 failures)
BUILD FAILURE 6.4 watchOS