Build Information
Failed to build Thrift, reference master (69c286), with Swift 6.4 for watchOS using Xcode 27.0 on 19 Sep 2026 08:16:05 UTC.
Build Command
env DEVELOPER_DIR=/Applications/Xcode-27.0.0-Release.Candidate.app xcrun xcodebuild -IDEClonedSourcePackagesDirPathOverride=$PWD/.dependencies -skipMacroValidation -skipPackagePluginValidation -derivedDataPath $PWD/.derivedData build -scheme Thrift -destination generic/platform=watchOSBuild Log
========================================
RunAll
========================================
Builder version: 5.1.0
Interrupt handler set up.
========================================
Checkout
========================================
Clone URL: https://github.com/apocolipse/Thrift-Swift.git
Reference: master
Initialized empty Git repository in /Users/admin/builder/spi-builder-workspace/.git/
From https://github.com/apocolipse/Thrift-Swift
* branch master -> FETCH_HEAD
* [new branch] master -> origin/master
HEAD is now at 69c2862 add TJSONProtocol support (#35)
Cloned https://github.com/apocolipse/Thrift-Swift.git
Revision (git rev-parse @):
69c28628b75eda61465d58938dcf83d485e847ec
SUCCESS checkout https://github.com/apocolipse/Thrift-Swift.git at master
========================================
Build
========================================
Selected platform: watchOS
Swift version: 6.4
Building package at path: $PWD
https://github.com/apocolipse/Thrift-Swift.git
Command line invocation:
/Applications/Xcode-27.0.0-Release.Candidate.app/Contents/Developer/usr/bin/xcodebuild -IDEClonedSourcePackagesDirPathOverride=/Users/admin/builder/spi-builder-workspace/.dependencies -resolvePackageDependencies
Resolve Package Graph
Resolve Package Graph
Resolved source packages:
Thrift: /Users/admin/builder/spi-builder-workspace
resolved source packages: Thrift
2026-09-19 04:15:14.399 xcodebuild[524:3010] [MT] IDERunDestination: Supported platforms for the buildables in the current scheme is empty.
{
"dependencies" : [
],
"manifest_display_name" : "Thrift",
"name" : "Thrift",
"path" : "/Users/admin/builder/spi-builder-workspace",
"platforms" : [
],
"products" : [
{
"name" : "Thrift",
"targets" : [
"Thrift"
],
"type" : {
"library" : [
"automatic"
]
}
}
],
"targets" : [
{
"c99name" : "ThriftTests",
"module_type" : "SwiftTarget",
"name" : "ThriftTests",
"path" : "Tests/ThriftTests",
"sources" : [
"TBinaryProtocolTests.swift",
"TCompactProtocolTests.swift",
"TJSONProtocolTests.swift",
"ThriftTests.swift"
],
"target_dependencies" : [
"Thrift"
],
"type" : "test"
},
{
"c99name" : "Thrift",
"module_type" : "SwiftTarget",
"name" : "Thrift",
"path" : "Sources",
"product_memberships" : [
"Thrift"
],
"sources" : [
"LinuxHelper.swift",
"TApplicationError.swift",
"TBase64Utils.swift",
"TBinary.swift",
"TBinaryProtocol.swift",
"TClient.swift",
"TCompactProtocol.swift",
"TEnum.swift",
"TError.swift",
"TFileHandleTransport.swift",
"TFileTransport.swift",
"TFramedTransport.swift",
"THTTPSessionTransport.swift",
"TJSONProtocol.swift",
"TList.swift",
"TMap.swift",
"TMemoryBufferTransport.swift",
"TMultiplexedProtocol.swift",
"TProcessor.swift",
"TProtocol.swift",
"TProtocolError.swift",
"TSSLSocketTransport.swift",
"TSSLSocketTransportError.swift",
"TSerializable.swift",
"TSet.swift",
"TSocketServer.swift",
"TSocketTransport.swift",
"TStreamTransport.swift",
"TStruct.swift",
"TTransport.swift",
"TTransportError.swift",
"TWrappedProtocol.swift",
"Thrift.swift"
],
"type" : "library"
}
],
"tools_version" : "5.7"
}
{
"workspace" : {
"name" : "Thrift",
"schemes" : [
"Thrift"
]
}
}
2026-09-19 04:15:55.390 xcodebuild[623:3899] [MT] IDERunDestination: Supported platforms for the buildables in the current scheme is empty.
Running build ...
env DEVELOPER_DIR=/Applications/Xcode-27.0.0-Release.Candidate.app xcrun xcodebuild -IDEClonedSourcePackagesDirPathOverride=$PWD/.dependencies -skipMacroValidation -skipPackagePluginValidation -derivedDataPath $PWD/.derivedData build -scheme Thrift -destination generic/platform=watchOS
Command line invocation:
/Applications/Xcode-27.0.0-Release.Candidate.app/Contents/Developer/usr/bin/xcodebuild -IDEClonedSourcePackagesDirPathOverride=/Users/admin/builder/spi-builder-workspace/.dependencies -skipMacroValidation -skipPackagePluginValidation -derivedDataPath /Users/admin/builder/spi-builder-workspace/.derivedData build -scheme Thrift -destination generic/platform=watchOS
Resolve Package Graph
Resolved source packages:
Thrift: /Users/admin/builder/spi-builder-workspace
ComputePackagePrebuildTargetDependencyGraph
Prepare packages
CreateBuildRequest
SendProjectDescription
CreateBuildOperation
ComputeTargetDependencyGraph
note: Building targets in dependency order
note: Target dependency graph (2 targets)
Target 'Thrift-product' in project 'Thrift'
➜ Explicit dependency on target 'Thrift' in project 'Thrift'
Target 'Thrift' in project 'Thrift' (no dependencies)
GatherProvisioningInputs
CreateBuildDescription
ExecuteExternalTool /Applications/Xcode-27.0.0-Release.Candidate.app/Contents/Developer/Toolchains/XcodeDefault.xctoolchain/usr/bin/clang -v -E -dM -isysroot /Applications/Xcode-27.0.0-Release.Candidate.app/Contents/Developer/Platforms/WatchOS.platform/Developer/SDKs/WatchOS27.0.sdk -x c -c /dev/null
ExecuteExternalTool /Applications/Xcode-27.0.0-Release.Candidate.app/Contents/Developer/Toolchains/XcodeDefault.xctoolchain/usr/bin/swiftc --version
ExecuteExternalTool /Applications/Xcode-27.0.0-Release.Candidate.app/Contents/Developer/Toolchains/XcodeDefault.xctoolchain/usr/bin/ld -version_details
Build description signature: ecaa80b190a4434611d4f36da6a10785
Build description path: /Users/admin/builder/spi-builder-workspace/.derivedData/Build/Intermediates.noindex/XCBuildData/ecaa80b190a4434611d4f36da6a10785.xcbuilddata
CreateBuildDirectory /Users/admin/builder/spi-builder-workspace/.derivedData/SDKExplicitPrecompiledModules
cd /Users/admin/builder/spi-builder-workspace/.swiftpm/xcode
builtin-create-build-directory /Users/admin/builder/spi-builder-workspace/.derivedData/SDKExplicitPrecompiledModules
CreateBuildDirectory /Users/admin/builder/spi-builder-workspace/.derivedData/CompilationCache.noindex
cd /Users/admin/builder/spi-builder-workspace/.swiftpm/xcode
builtin-create-build-directory /Users/admin/builder/spi-builder-workspace/.derivedData/CompilationCache.noindex
CreateBuildDirectory /Users/admin/builder/spi-builder-workspace/.derivedData/ModuleCache.noindex
cd /Users/admin/builder/spi-builder-workspace/.swiftpm/xcode
builtin-create-build-directory /Users/admin/builder/spi-builder-workspace/.derivedData/ModuleCache.noindex
ClangStatCache /Applications/Xcode-27.0.0-Release.Candidate.app/Contents/Developer/Toolchains/XcodeDefault.xctoolchain/usr/bin/clang-stat-cache /Applications/Xcode-27.0.0-Release.Candidate.app/Contents/Developer/Platforms/WatchOS.platform/Developer/SDKs/WatchOS27.0.sdk /Users/admin/builder/spi-builder-workspace/.derivedData/SDKStatCaches.noindex/watchos27.0-24R360-e829b21a6f8c9b70876ba0858053c04477534ef55a1706bf4c1112bbb242f0a2.sdkstatcache
cd /Users/admin/builder/spi-builder-workspace/.swiftpm/xcode
/Applications/Xcode-27.0.0-Release.Candidate.app/Contents/Developer/Toolchains/XcodeDefault.xctoolchain/usr/bin/clang-stat-cache /Applications/Xcode-27.0.0-Release.Candidate.app/Contents/Developer/Platforms/WatchOS.platform/Developer/SDKs/WatchOS27.0.sdk -o /Users/admin/builder/spi-builder-workspace/.derivedData/SDKStatCaches.noindex/watchos27.0-24R360-e829b21a6f8c9b70876ba0858053c04477534ef55a1706bf4c1112bbb242f0a2.sdkstatcache
CreateBuildDirectory /Users/admin/builder/spi-builder-workspace/.derivedData/Build/Products
cd /Users/admin/builder/spi-builder-workspace/.swiftpm/xcode
builtin-create-build-directory /Users/admin/builder/spi-builder-workspace/.derivedData/Build/Products
CreateBuildDirectory /Users/admin/builder/spi-builder-workspace/.derivedData/Build/Intermediates.noindex
cd /Users/admin/builder/spi-builder-workspace/.swiftpm/xcode
builtin-create-build-directory /Users/admin/builder/spi-builder-workspace/.derivedData/Build/Intermediates.noindex
CreateBuildDirectory /Users/admin/builder/spi-builder-workspace/.derivedData/Build/Products/Debug-watchos
cd /Users/admin/builder/spi-builder-workspace/.swiftpm/xcode
builtin-create-build-directory /Users/admin/builder/spi-builder-workspace/.derivedData/Build/Products/Debug-watchos
CreateBuildDirectory /Users/admin/builder/spi-builder-workspace/.derivedData/Build/Intermediates.noindex/SwiftExplicitPrecompiledModules
cd /Users/admin/builder/spi-builder-workspace/.swiftpm/xcode
builtin-create-build-directory /Users/admin/builder/spi-builder-workspace/.derivedData/Build/Intermediates.noindex/SwiftExplicitPrecompiledModules
CreateBuildDirectory /Users/admin/builder/spi-builder-workspace/.derivedData/Build/Intermediates.noindex/PrecompiledHeaders
cd /Users/admin/builder/spi-builder-workspace/.swiftpm/xcode
builtin-create-build-directory /Users/admin/builder/spi-builder-workspace/.derivedData/Build/Intermediates.noindex/PrecompiledHeaders
CreateBuildDirectory /Users/admin/builder/spi-builder-workspace/.derivedData/Build/Intermediates.noindex/ExplicitPrecompiledModules
cd /Users/admin/builder/spi-builder-workspace/.swiftpm/xcode
builtin-create-build-directory /Users/admin/builder/spi-builder-workspace/.derivedData/Build/Intermediates.noindex/ExplicitPrecompiledModules
CreateBuildDirectory /Users/admin/builder/spi-builder-workspace/.derivedData/Build/Intermediates.noindex/EagerLinkingTBDs/Debug-watchos
cd /Users/admin/builder/spi-builder-workspace/.swiftpm/xcode
builtin-create-build-directory /Users/admin/builder/spi-builder-workspace/.derivedData/Build/Intermediates.noindex/EagerLinkingTBDs/Debug-watchos
CreateBuildDirectory /Users/admin/builder/spi-builder-workspace/.derivedData/Build/Products/Debug-watchos/PackageFrameworks
cd /Users/admin/builder/spi-builder-workspace/.swiftpm/xcode
builtin-create-build-directory /Users/admin/builder/spi-builder-workspace/.derivedData/Build/Products/Debug-watchos/PackageFrameworks
WriteAuxiliaryFile /Users/admin/builder/spi-builder-workspace/.derivedData/Build/Intermediates.noindex/Thrift.build/Debug-watchos/Thrift-t.build/Thrift.modulemap (in target 'Thrift' from project 'Thrift')
cd /Users/admin/builder/spi-builder-workspace
write-file /Users/admin/builder/spi-builder-workspace/.derivedData/Build/Intermediates.noindex/Thrift.build/Debug-watchos/Thrift-t.build/Thrift.modulemap
WriteAuxiliaryFile /Users/admin/builder/spi-builder-workspace/.derivedData/Build/Intermediates.noindex/Thrift.build/Debug-watchos/Thrift-t.build/Thrift.DependencyStaticMetadataFileList (in target 'Thrift' from project 'Thrift')
cd /Users/admin/builder/spi-builder-workspace
write-file /Users/admin/builder/spi-builder-workspace/.derivedData/Build/Intermediates.noindex/Thrift.build/Debug-watchos/Thrift-t.build/Thrift.DependencyStaticMetadataFileList
WriteAuxiliaryFile /Users/admin/builder/spi-builder-workspace/.derivedData/Build/Intermediates.noindex/Thrift.build/Debug-watchos/Thrift-t.build/Thrift.DependencyMetadataFileList (in target 'Thrift' from project 'Thrift')
cd /Users/admin/builder/spi-builder-workspace
write-file /Users/admin/builder/spi-builder-workspace/.derivedData/Build/Intermediates.noindex/Thrift.build/Debug-watchos/Thrift-t.build/Thrift.DependencyMetadataFileList
WriteAuxiliaryFile /Users/admin/builder/spi-builder-workspace/.derivedData/Build/Intermediates.noindex/Thrift.build/Debug-watchos/Thrift-t.build/Objects-normal/arm64_32/Thrift_const_extract_protocols.json (in target 'Thrift' from project 'Thrift')
cd /Users/admin/builder/spi-builder-workspace
write-file /Users/admin/builder/spi-builder-workspace/.derivedData/Build/Intermediates.noindex/Thrift.build/Debug-watchos/Thrift-t.build/Objects-normal/arm64_32/Thrift_const_extract_protocols.json
WriteAuxiliaryFile /Users/admin/builder/spi-builder-workspace/.derivedData/Build/Intermediates.noindex/Thrift.build/Debug-watchos/Thrift-t.build/Objects-normal/arm64_32/Thrift.LinkFileList (in target 'Thrift' from project 'Thrift')
cd /Users/admin/builder/spi-builder-workspace
write-file /Users/admin/builder/spi-builder-workspace/.derivedData/Build/Intermediates.noindex/Thrift.build/Debug-watchos/Thrift-t.build/Objects-normal/arm64_32/Thrift.LinkFileList
WriteAuxiliaryFile /Users/admin/builder/spi-builder-workspace/.derivedData/Build/Intermediates.noindex/Thrift.build/Debug-watchos/Thrift-t.build/Objects-normal/arm64_32/Thrift-OutputFileMap.json (in target 'Thrift' from project 'Thrift')
cd /Users/admin/builder/spi-builder-workspace
write-file /Users/admin/builder/spi-builder-workspace/.derivedData/Build/Intermediates.noindex/Thrift.build/Debug-watchos/Thrift-t.build/Objects-normal/arm64_32/Thrift-OutputFileMap.json
WriteAuxiliaryFile /Users/admin/builder/spi-builder-workspace/.derivedData/Build/Intermediates.noindex/Thrift.build/Debug-watchos/Thrift-t.build/Objects-normal/arm64_32/Thrift.SwiftConstValuesFileList (in target 'Thrift' from project 'Thrift')
cd /Users/admin/builder/spi-builder-workspace
write-file /Users/admin/builder/spi-builder-workspace/.derivedData/Build/Intermediates.noindex/Thrift.build/Debug-watchos/Thrift-t.build/Objects-normal/arm64_32/Thrift.SwiftConstValuesFileList
WriteAuxiliaryFile /Users/admin/builder/spi-builder-workspace/.derivedData/Build/Intermediates.noindex/Thrift.build/Debug-watchos/Thrift-t.build/Objects-normal/arm64_32/Thrift.SwiftFileList (in target 'Thrift' from project 'Thrift')
cd /Users/admin/builder/spi-builder-workspace
write-file /Users/admin/builder/spi-builder-workspace/.derivedData/Build/Intermediates.noindex/Thrift.build/Debug-watchos/Thrift-t.build/Objects-normal/arm64_32/Thrift.SwiftFileList
WriteAuxiliaryFile /Users/admin/builder/spi-builder-workspace/.derivedData/Build/Intermediates.noindex/Thrift.build/Debug-watchos/Thrift-t.build/Objects-normal/arm64/Thrift_const_extract_protocols.json (in target 'Thrift' from project 'Thrift')
cd /Users/admin/builder/spi-builder-workspace
write-file /Users/admin/builder/spi-builder-workspace/.derivedData/Build/Intermediates.noindex/Thrift.build/Debug-watchos/Thrift-t.build/Objects-normal/arm64/Thrift_const_extract_protocols.json
WriteAuxiliaryFile /Users/admin/builder/spi-builder-workspace/.derivedData/Build/Intermediates.noindex/Thrift.build/Debug-watchos/Thrift-t.build/Objects-normal/arm64/Thrift.SwiftConstValuesFileList (in target 'Thrift' from project 'Thrift')
cd /Users/admin/builder/spi-builder-workspace
write-file /Users/admin/builder/spi-builder-workspace/.derivedData/Build/Intermediates.noindex/Thrift.build/Debug-watchos/Thrift-t.build/Objects-normal/arm64/Thrift.SwiftConstValuesFileList
WriteAuxiliaryFile /Users/admin/builder/spi-builder-workspace/.derivedData/Build/Intermediates.noindex/Thrift.build/Debug-watchos/Thrift-t.build/Objects-normal/arm64/Thrift.SwiftFileList (in target 'Thrift' from project 'Thrift')
cd /Users/admin/builder/spi-builder-workspace
write-file /Users/admin/builder/spi-builder-workspace/.derivedData/Build/Intermediates.noindex/Thrift.build/Debug-watchos/Thrift-t.build/Objects-normal/arm64/Thrift.SwiftFileList
WriteAuxiliaryFile /Users/admin/builder/spi-builder-workspace/.derivedData/Build/Intermediates.noindex/Thrift.build/Debug-watchos/Thrift-t.build/Objects-normal/arm64/Thrift-OutputFileMap.json (in target 'Thrift' from project 'Thrift')
cd /Users/admin/builder/spi-builder-workspace
write-file /Users/admin/builder/spi-builder-workspace/.derivedData/Build/Intermediates.noindex/Thrift.build/Debug-watchos/Thrift-t.build/Objects-normal/arm64/Thrift-OutputFileMap.json
WriteAuxiliaryFile /Users/admin/builder/spi-builder-workspace/.derivedData/Build/Intermediates.noindex/Thrift.build/Debug-watchos/Thrift-t.build/Objects-normal/arm64/Thrift.LinkFileList (in target 'Thrift' from project 'Thrift')
cd /Users/admin/builder/spi-builder-workspace
write-file /Users/admin/builder/spi-builder-workspace/.derivedData/Build/Intermediates.noindex/Thrift.build/Debug-watchos/Thrift-t.build/Objects-normal/arm64/Thrift.LinkFileList
Copy /Users/admin/builder/spi-builder-workspace/.derivedData/Build/Intermediates.noindex/GeneratedModuleMaps-watchos/Thrift.modulemap /Users/admin/builder/spi-builder-workspace/.derivedData/Build/Intermediates.noindex/Thrift.build/Debug-watchos/Thrift-t.build/Thrift.modulemap (in target 'Thrift' from project 'Thrift')
cd /Users/admin/builder/spi-builder-workspace
builtin-copy -exclude .DS_Store -exclude CVS -exclude .svn -exclude .git -exclude .hg -resolve-src-symlinks /Users/admin/builder/spi-builder-workspace/.derivedData/Build/Intermediates.noindex/Thrift.build/Debug-watchos/Thrift-t.build/Thrift.modulemap /Users/admin/builder/spi-builder-workspace/.derivedData/Build/Intermediates.noindex/GeneratedModuleMaps-watchos
SwiftDriver Thrift normal arm64_32 com.apple.xcode.tools.swift.compiler (in target 'Thrift' from project 'Thrift')
cd /Users/admin/builder/spi-builder-workspace/.swiftpm/xcode
builtin-SwiftDriver -- /Applications/Xcode-27.0.0-Release.Candidate.app/Contents/Developer/Toolchains/XcodeDefault.xctoolchain/usr/bin/swiftc -parse-as-library -module-name Thrift -Onone @/Users/admin/builder/spi-builder-workspace/.derivedData/Build/Intermediates.noindex/Thrift.build/Debug-watchos/Thrift-t.build/Objects-normal/arm64_32/Thrift.SwiftFileList -DSWIFT_PACKAGE -DDEBUG -DSWIFT_MODULE_RESOURCE_BUNDLE_UNAVAILABLE -DXcode -plugin-path /Applications/Xcode-27.0.0-Release.Candidate.app/Contents/Developer/Toolchains/XcodeDefault.xctoolchain/usr/lib/swift/host/plugins/testing -enable-experimental-feature DebugDescriptionMacro -sdk /Applications/Xcode-27.0.0-Release.Candidate.app/Contents/Developer/Platforms/WatchOS.platform/Developer/SDKs/WatchOS27.0.sdk -target arm64_32-apple-watchos9.0 -g -module-cache-path /Users/admin/builder/spi-builder-workspace/.derivedData/ModuleCache.noindex -Xfrontend -serialize-debugging-options -profile-coverage-mapping -profile-generate -enable-testing -index-store-path /Users/admin/builder/spi-builder-workspace/.derivedData/Index.noindex/DataStore -Xcc -D_LIBCPP_HARDENING_MODE\=_LIBCPP_HARDENING_MODE_DEBUG -swift-version 5 -I /Users/admin/builder/spi-builder-workspace/.derivedData/Build/Products/Debug-watchos -Isystem /Applications/Xcode-27.0.0-Release.Candidate.app/Contents/Developer/Platforms/WatchOS.platform/Developer/usr/lib -F /Users/admin/builder/spi-builder-workspace/.derivedData/Build/Products/Debug-watchos -F /Applications/Xcode-27.0.0-Release.Candidate.app/Contents/Developer/Platforms/WatchOS.platform/Developer/Library/Frameworks -F /Applications/Xcode-27.0.0-Release.Candidate.app/Contents/Developer/Platforms/WatchOS.platform/Developer/SDKs/WatchOS27.0.sdk/Developer/Library/Frameworks -c -j10 -enable-batch-mode -incremental -Xcc -ivfsstatcache -Xcc /Users/admin/builder/spi-builder-workspace/.derivedData/SDKStatCaches.noindex/watchos27.0-24R360-e829b21a6f8c9b70876ba0858053c04477534ef55a1706bf4c1112bbb242f0a2.sdkstatcache -output-file-map /Users/admin/builder/spi-builder-workspace/.derivedData/Build/Intermediates.noindex/Thrift.build/Debug-watchos/Thrift-t.build/Objects-normal/arm64_32/Thrift-OutputFileMap.json -save-temps -no-color-diagnostics -explicit-module-build -module-cache-path /Users/admin/builder/spi-builder-workspace/.derivedData/Build/Intermediates.noindex/SwiftExplicitPrecompiledModules -clang-scanner-module-cache-path /Users/admin/builder/spi-builder-workspace/.derivedData/ModuleCache.noindex -sdk-module-cache-path /Users/admin/builder/spi-builder-workspace/.derivedData/SDKExplicitPrecompiledModules -emit-dependencies -emit-module -emit-module-path /Users/admin/builder/spi-builder-workspace/.derivedData/Build/Intermediates.noindex/Thrift.build/Debug-watchos/Thrift-t.build/Objects-normal/arm64_32/Thrift.swiftmodule -serialize-diagnostics -dependency-scan-serialize-diagnostics-path /Users/admin/builder/spi-builder-workspace/.derivedData/Build/Intermediates.noindex/Thrift.build/Debug-watchos/Thrift-t.build/Objects-normal/arm64_32/Thrift-dependency-scan.dia -validate-clang-modules-once -clang-build-session-file /Users/admin/builder/spi-builder-workspace/.derivedData/ModuleCache.noindex/Session.modulevalidation -Xcc -fmodules-prune-interval\=86400 -Xcc -fmodules-prune-after\=345600 -emit-const-values -const-gather-protocols-list /Users/admin/builder/spi-builder-workspace/.derivedData/Build/Intermediates.noindex/Thrift.build/Debug-watchos/Thrift-t.build/Objects-normal/arm64_32/Thrift_const_extract_protocols.json -Xcc -I/Users/admin/builder/spi-builder-workspace/.derivedData/Build/Products/Debug-watchos/include -Xcc -I/Users/admin/builder/spi-builder-workspace/.derivedData/Build/Intermediates.noindex/Thrift.build/Debug-watchos/Thrift-t.build/DerivedSources-normal/arm64_32 -Xcc -I/Users/admin/builder/spi-builder-workspace/.derivedData/Build/Intermediates.noindex/Thrift.build/Debug-watchos/Thrift-t.build/DerivedSources/arm64_32 -Xcc -I/Users/admin/builder/spi-builder-workspace/.derivedData/Build/Intermediates.noindex/Thrift.build/Debug-watchos/Thrift-t.build/DerivedSources -Xcc -DSWIFT_PACKAGE -Xcc -DDEBUG\=1 -emit-objc-header -emit-objc-header-path /Users/admin/builder/spi-builder-workspace/.derivedData/Build/Intermediates.noindex/Thrift.build/Debug-watchos/Thrift-t.build/Objects-normal/arm64_32/Thrift-Swift.h -working-directory /Users/admin/builder/spi-builder-workspace/.swiftpm/xcode -experimental-emit-module-separately -disable-cmo
SwiftDriver Thrift normal arm64 com.apple.xcode.tools.swift.compiler (in target 'Thrift' from project 'Thrift')
cd /Users/admin/builder/spi-builder-workspace/.swiftpm/xcode
builtin-SwiftDriver -- /Applications/Xcode-27.0.0-Release.Candidate.app/Contents/Developer/Toolchains/XcodeDefault.xctoolchain/usr/bin/swiftc -parse-as-library -module-name Thrift -Onone @/Users/admin/builder/spi-builder-workspace/.derivedData/Build/Intermediates.noindex/Thrift.build/Debug-watchos/Thrift-t.build/Objects-normal/arm64/Thrift.SwiftFileList -DSWIFT_PACKAGE -DDEBUG -DSWIFT_MODULE_RESOURCE_BUNDLE_UNAVAILABLE -DXcode -plugin-path /Applications/Xcode-27.0.0-Release.Candidate.app/Contents/Developer/Toolchains/XcodeDefault.xctoolchain/usr/lib/swift/host/plugins/testing -enable-experimental-feature DebugDescriptionMacro -sdk /Applications/Xcode-27.0.0-Release.Candidate.app/Contents/Developer/Platforms/WatchOS.platform/Developer/SDKs/WatchOS27.0.sdk -target arm64-apple-watchos9.0 -g -module-cache-path /Users/admin/builder/spi-builder-workspace/.derivedData/ModuleCache.noindex -Xfrontend -serialize-debugging-options -profile-coverage-mapping -profile-generate -enable-testing -index-store-path /Users/admin/builder/spi-builder-workspace/.derivedData/Index.noindex/DataStore -Xcc -D_LIBCPP_HARDENING_MODE\=_LIBCPP_HARDENING_MODE_DEBUG -swift-version 5 -I /Users/admin/builder/spi-builder-workspace/.derivedData/Build/Products/Debug-watchos -Isystem /Applications/Xcode-27.0.0-Release.Candidate.app/Contents/Developer/Platforms/WatchOS.platform/Developer/usr/lib -F /Users/admin/builder/spi-builder-workspace/.derivedData/Build/Products/Debug-watchos -F /Applications/Xcode-27.0.0-Release.Candidate.app/Contents/Developer/Platforms/WatchOS.platform/Developer/Library/Frameworks -F /Applications/Xcode-27.0.0-Release.Candidate.app/Contents/Developer/Platforms/WatchOS.platform/Developer/SDKs/WatchOS27.0.sdk/Developer/Library/Frameworks -c -j10 -enable-batch-mode -incremental -Xcc -ivfsstatcache -Xcc /Users/admin/builder/spi-builder-workspace/.derivedData/SDKStatCaches.noindex/watchos27.0-24R360-e829b21a6f8c9b70876ba0858053c04477534ef55a1706bf4c1112bbb242f0a2.sdkstatcache -output-file-map /Users/admin/builder/spi-builder-workspace/.derivedData/Build/Intermediates.noindex/Thrift.build/Debug-watchos/Thrift-t.build/Objects-normal/arm64/Thrift-OutputFileMap.json -save-temps -no-color-diagnostics -explicit-module-build -module-cache-path /Users/admin/builder/spi-builder-workspace/.derivedData/Build/Intermediates.noindex/SwiftExplicitPrecompiledModules -clang-scanner-module-cache-path /Users/admin/builder/spi-builder-workspace/.derivedData/ModuleCache.noindex -sdk-module-cache-path /Users/admin/builder/spi-builder-workspace/.derivedData/SDKExplicitPrecompiledModules -emit-dependencies -emit-module -emit-module-path /Users/admin/builder/spi-builder-workspace/.derivedData/Build/Intermediates.noindex/Thrift.build/Debug-watchos/Thrift-t.build/Objects-normal/arm64/Thrift.swiftmodule -serialize-diagnostics -dependency-scan-serialize-diagnostics-path /Users/admin/builder/spi-builder-workspace/.derivedData/Build/Intermediates.noindex/Thrift.build/Debug-watchos/Thrift-t.build/Objects-normal/arm64/Thrift-dependency-scan.dia -validate-clang-modules-once -clang-build-session-file /Users/admin/builder/spi-builder-workspace/.derivedData/ModuleCache.noindex/Session.modulevalidation -Xcc -fmodules-prune-interval\=86400 -Xcc -fmodules-prune-after\=345600 -emit-const-values -const-gather-protocols-list /Users/admin/builder/spi-builder-workspace/.derivedData/Build/Intermediates.noindex/Thrift.build/Debug-watchos/Thrift-t.build/Objects-normal/arm64/Thrift_const_extract_protocols.json -Xcc -I/Users/admin/builder/spi-builder-workspace/.derivedData/Build/Products/Debug-watchos/include -Xcc -I/Users/admin/builder/spi-builder-workspace/.derivedData/Build/Intermediates.noindex/Thrift.build/Debug-watchos/Thrift-t.build/DerivedSources-normal/arm64 -Xcc -I/Users/admin/builder/spi-builder-workspace/.derivedData/Build/Intermediates.noindex/Thrift.build/Debug-watchos/Thrift-t.build/DerivedSources/arm64 -Xcc -I/Users/admin/builder/spi-builder-workspace/.derivedData/Build/Intermediates.noindex/Thrift.build/Debug-watchos/Thrift-t.build/DerivedSources -Xcc -DSWIFT_PACKAGE -Xcc -DDEBUG\=1 -emit-objc-header -emit-objc-header-path /Users/admin/builder/spi-builder-workspace/.derivedData/Build/Intermediates.noindex/Thrift.build/Debug-watchos/Thrift-t.build/Objects-normal/arm64/Thrift-Swift.h -working-directory /Users/admin/builder/spi-builder-workspace/.swiftpm/xcode -experimental-emit-module-separately -disable-cmo
SwiftExplicitDependencyGeneratePcm arm64 /Users/admin/builder/spi-builder-workspace/.derivedData/SDKExplicitPrecompiledModules/ptrauth-3TZ9WJCGLYD25HQPWH4968ONX.pcm
SwiftExplicitDependencyGeneratePcm arm64 /Users/admin/builder/spi-builder-workspace/.derivedData/SDKExplicitPrecompiledModules/ptrcheck-AIF0NDOYZ8ORBNHQAQR5NNB8M.pcm
SwiftExplicitDependencyGeneratePcm arm64 /Users/admin/builder/spi-builder-workspace/.derivedData/SDKExplicitPrecompiledModules/_Builtin_stddef-1FU30Y8SWFB7OUUHMJQH5J6FM.pcm
SwiftExplicitDependencyGeneratePcm arm64 /Users/admin/builder/spi-builder-workspace/.derivedData/SDKExplicitPrecompiledModules/_SwiftConcurrencyShims-659N52XSKR5F0QSB880BH2FJR.pcm
SwiftExplicitDependencyGeneratePcm arm64 /Users/admin/builder/spi-builder-workspace/.derivedData/SDKExplicitPrecompiledModules/_Builtin_stdarg-A7UU8LE6MP85SM26YO7PBZNUQ.pcm
SwiftExplicitDependencyGeneratePcm arm64 /Users/admin/builder/spi-builder-workspace/.derivedData/SDKExplicitPrecompiledModules/_Builtin_stdbool-83J96QSOFE9VX04AAS6310UAE.pcm
SwiftExplicitDependencyGeneratePcm arm64 /Users/admin/builder/spi-builder-workspace/.derivedData/SDKExplicitPrecompiledModules/_AvailabilityInternal-BUNV3UXM65NT37THI4W1AM0SF.pcm
SwiftExplicitDependencyGeneratePcm arm64 /Users/admin/builder/spi-builder-workspace/.derivedData/SDKExplicitPrecompiledModules/SwiftShims-4MXFZPV6FEB0XBYXCGPWAMQGL.pcm
SwiftExplicitDependencyGeneratePcm arm64 /Users/admin/builder/spi-builder-workspace/.derivedData/SDKExplicitPrecompiledModules/_Builtin_float-C0CW5Q4HGBQYKE77TC42IAFB5.pcm
SwiftExplicitDependencyGeneratePcm arm64_32 /Users/admin/builder/spi-builder-workspace/.derivedData/SDKExplicitPrecompiledModules/_Builtin_stddef-H44EFHQX6XSS5MZ7QP6YJZ76.pcm
SwiftExplicitDependencyGeneratePcm arm64_32 /Users/admin/builder/spi-builder-workspace/.derivedData/SDKExplicitPrecompiledModules/_Builtin_stdbool-A967K8W8YUYEC9SN52KJ7OO88.pcm
SwiftExplicitDependencyGeneratePcm arm64_32 /Users/admin/builder/spi-builder-workspace/.derivedData/SDKExplicitPrecompiledModules/_AvailabilityInternal-244WAN3Z1QBT7PIA64EZEFY1R.pcm
SwiftExplicitDependencyGeneratePcm arm64_32 /Users/admin/builder/spi-builder-workspace/.derivedData/SDKExplicitPrecompiledModules/SwiftShims-9CQQGWTSNTN9EB5NSHDWUJICH.pcm
SwiftExplicitDependencyGeneratePcm arm64_32 /Users/admin/builder/spi-builder-workspace/.derivedData/SDKExplicitPrecompiledModules/ptrcheck-7ELIH9BTIGVKX3UBITM9N72WD.pcm
SwiftExplicitDependencyGeneratePcm arm64_32 /Users/admin/builder/spi-builder-workspace/.derivedData/SDKExplicitPrecompiledModules/_Builtin_stdarg-D305JG44A2WPI6CJY37X3QJE8.pcm
SwiftExplicitDependencyGeneratePcm arm64_32 /Users/admin/builder/spi-builder-workspace/.derivedData/SDKExplicitPrecompiledModules/ptrauth-BFXF358ME5AK535N5A9Z766WU.pcm
SwiftExplicitDependencyGeneratePcm arm64_32 /Users/admin/builder/spi-builder-workspace/.derivedData/SDKExplicitPrecompiledModules/_SwiftConcurrencyShims-6RTBPQ03V7BM9SPRK8SUE055H.pcm
SwiftExplicitDependencyGeneratePcm arm64_32 /Users/admin/builder/spi-builder-workspace/.derivedData/SDKExplicitPrecompiledModules/_Builtin_float-6KO8O3PEWRCA4WC6PPLOYO6WJ.pcm
SwiftExplicitDependencyGeneratePcm arm64 /Users/admin/builder/spi-builder-workspace/.derivedData/SDKExplicitPrecompiledModules/_DarwinFoundation1-7SPX3MD0HMP55E4OLNCPNDQ53.pcm
SwiftExplicitDependencyGeneratePcm arm64_32 /Users/admin/builder/spi-builder-workspace/.derivedData/SDKExplicitPrecompiledModules/_DarwinFoundation1-2GWF9RFMPLQW4PDHS3NARVI3G.pcm
SwiftExplicitDependencyGeneratePcm arm64 /Users/admin/builder/spi-builder-workspace/.derivedData/SDKExplicitPrecompiledModules/_DarwinFoundation2-D0XAPJU49S5E9XMKYOFGSTB1Q.pcm
SwiftExplicitDependencyGeneratePcm arm64 /Users/admin/builder/spi-builder-workspace/.derivedData/SDKExplicitPrecompiledModules/_Builtin_limits-9GWPA2B0H20DYUNYHYCWKABJG.pcm
SwiftExplicitDependencyGeneratePcm arm64_32 /Users/admin/builder/spi-builder-workspace/.derivedData/SDKExplicitPrecompiledModules/_DarwinFoundation2-9MY8GOSYRO0M9MKNXF6D3MBNK.pcm
SwiftExplicitDependencyGeneratePcm arm64_32 /Users/admin/builder/spi-builder-workspace/.derivedData/SDKExplicitPrecompiledModules/_Builtin_limits-3VKBU2AFTD65PAJZ5CJ3LHFM2.pcm
SwiftExplicitDependencyGeneratePcm arm64 /Users/admin/builder/spi-builder-workspace/.derivedData/SDKExplicitPrecompiledModules/sys_types-2KXQLI78OUCDP779AE68GZJ2.pcm
SwiftExplicitDependencyGeneratePcm arm64 /Users/admin/builder/spi-builder-workspace/.derivedData/SDKExplicitPrecompiledModules/string_h-E6PRXK75PHIPCZFWOFCQ3QBMK.pcm
SwiftExplicitDependencyGeneratePcm arm64 /Users/admin/builder/spi-builder-workspace/.derivedData/SDKExplicitPrecompiledModules/_Builtin_stdint-8XMILLJZEGRN2XG7XZUXZ5RLX.pcm
SwiftExplicitDependencyGeneratePcm arm64_32 /Users/admin/builder/spi-builder-workspace/.derivedData/SDKExplicitPrecompiledModules/string_h-BFVLUQUSBZWYMLCU9QI7VZALW.pcm
SwiftExplicitDependencyGeneratePcm arm64_32 /Users/admin/builder/spi-builder-workspace/.derivedData/SDKExplicitPrecompiledModules/_Builtin_stdint-1HMXWI3V0V4TXHRWZOMZGZ80Y.pcm
SwiftExplicitDependencyGeneratePcm arm64_32 /Users/admin/builder/spi-builder-workspace/.derivedData/SDKExplicitPrecompiledModules/sys_types-8TLLMW08ZJWDGIIPKOYFGHHZW.pcm
SwiftExplicitDependencyGeneratePcm arm64 /Users/admin/builder/spi-builder-workspace/.derivedData/SDKExplicitPrecompiledModules/_DarwinFoundation3-B97LRG0E9GON2NUE65TVG81HU.pcm
SwiftExplicitDependencyGeneratePcm arm64_32 /Users/admin/builder/spi-builder-workspace/.derivedData/SDKExplicitPrecompiledModules/_DarwinFoundation3-3DUTYQDQSD9HUAAVY947NMWOI.pcm
SwiftExplicitDependencyGeneratePcm arm64 /Users/admin/builder/spi-builder-workspace/.derivedData/SDKExplicitPrecompiledModules/_Builtin_inttypes-3UQSCM7WNM9EK4HZML8TY5J3D.pcm
SwiftExplicitDependencyGeneratePcm arm64_32 /Users/admin/builder/spi-builder-workspace/.derivedData/SDKExplicitPrecompiledModules/_Builtin_inttypes-D2KPCR4PEX9AQA33NGLUT5SBR.pcm
SwiftExplicitDependencyGeneratePcm arm64 /Users/admin/builder/spi-builder-workspace/.derivedData/SDKExplicitPrecompiledModules/Darwin-3984OXKFNSPE77NT743WK8SEX.pcm
SwiftExplicitDependencyGeneratePcm arm64_32 /Users/admin/builder/spi-builder-workspace/.derivedData/SDKExplicitPrecompiledModules/Darwin-3FVT1SKLN2ZQ5RVOABMTQBB34.pcm
SwiftExplicitDependencyGeneratePcm arm64 /Users/admin/builder/spi-builder-workspace/.derivedData/SDKExplicitPrecompiledModules/ObjectiveC-72IVD3VS2RS8Q28D9PIMY0KQP.pcm
SwiftExplicitDependencyGeneratePcm arm64_32 /Users/admin/builder/spi-builder-workspace/.derivedData/SDKExplicitPrecompiledModules/ObjectiveC-6IJNELR2E80E7LUKESVCP2KET.pcm
SwiftExplicitDependencyGeneratePcm arm64 /Users/admin/builder/spi-builder-workspace/.derivedData/SDKExplicitPrecompiledModules/os_object-3SDKD7F87FTZ26OON37DRYT6O.pcm
SwiftExplicitDependencyGeneratePcm arm64 /Users/admin/builder/spi-builder-workspace/.derivedData/SDKExplicitPrecompiledModules/os_workgroup-89GG5G7YC2D0ZTK6AZXXQ20DH.pcm
SwiftExplicitDependencyGeneratePcm arm64_32 /Users/admin/builder/spi-builder-workspace/.derivedData/SDKExplicitPrecompiledModules/os_object-5YWTC6L4756IWSTPGXS5NM0D0.pcm
SwiftExplicitDependencyGeneratePcm arm64 /Users/admin/builder/spi-builder-workspace/.derivedData/SDKExplicitPrecompiledModules/Dispatch-1NLJOVAK60XP0DUB05XA59EIM.pcm
SwiftExplicitDependencyGeneratePcm arm64_32 /Users/admin/builder/spi-builder-workspace/.derivedData/SDKExplicitPrecompiledModules/os_workgroup-5JHTPDMNBUNHLJI8LPHKQK1JK.pcm
SwiftExplicitDependencyGeneratePcm arm64_32 /Users/admin/builder/spi-builder-workspace/.derivedData/SDKExplicitPrecompiledModules/Dispatch-2P62F1T4XV63S4P99TUDTOK2Q.pcm
SwiftExplicitDependencyGeneratePcm arm64 /Users/admin/builder/spi-builder-workspace/.derivedData/SDKExplicitPrecompiledModules/XPC-40DR0X1DHKGCV4J1IOLFS8MOU.pcm
SwiftExplicitDependencyGeneratePcm arm64 /Users/admin/builder/spi-builder-workspace/.derivedData/SDKExplicitPrecompiledModules/CoreFoundation-8T2L24YC5NU7WO6WQJWRY7W08.pcm
SwiftExplicitDependencyGeneratePcm arm64_32 /Users/admin/builder/spi-builder-workspace/.derivedData/SDKExplicitPrecompiledModules/CoreFoundation-8E6Y4BA3EXYKUGJ24GT9LGV3N.pcm
SwiftExplicitDependencyGeneratePcm arm64_32 /Users/admin/builder/spi-builder-workspace/.derivedData/SDKExplicitPrecompiledModules/XPC-81Y45QFY96XYYFCW2GT6FY8S4.pcm
SwiftExplicitDependencyGeneratePcm arm64 /Users/admin/builder/spi-builder-workspace/.derivedData/SDKExplicitPrecompiledModules/Security-6RZ6YBRU8WCUHRFFRVUK5WKMM.pcm
SwiftExplicitDependencyGeneratePcm arm64_32 /Users/admin/builder/spi-builder-workspace/.derivedData/SDKExplicitPrecompiledModules/Security-D7TOWF88VWF67TB9HAFP5UWB1.pcm
SwiftExplicitDependencyGeneratePcm arm64 /Users/admin/builder/spi-builder-workspace/.derivedData/SDKExplicitPrecompiledModules/Foundation-DLBKUSGXN8QHAT8W0OARR9S8A.pcm
SwiftExplicitDependencyGeneratePcm arm64_32 /Users/admin/builder/spi-builder-workspace/.derivedData/SDKExplicitPrecompiledModules/Foundation-BJ2VQGI3OGR34500MEQ1VKHPH.pcm
SwiftEmitModule normal arm64 Emitting\ module\ for\ Thrift (in target 'Thrift' from project 'Thrift')
/Users/admin/builder/spi-builder-workspace/Sources/LinuxHelper.swift:44:61: error: cannot find 'kCFStreamPropertySSLSettings' in scope
42 | // Exists as Stream.PropertyKey.socketSecuritylevelKey but doesn't work with CFReadStreamSetProperty
43 | static let socketSecurityLevel = CFStreamPropertyKey(kCFStreamPropertySocketSecurityLevel)
44 | static let SSLSettings = CFStreamPropertyKey(kCFStreamPropertySSLSettings)
| `- error: cannot find 'kCFStreamPropertySSLSettings' in scope
45 | }
46 | #endif
/Users/admin/builder/spi-builder-workspace/Sources/TList.swift:34:14: warning: 'Hashable.hashValue' is deprecated as a protocol requirement; conform type 'TList' to 'Hashable' by implementing 'hash(into:)' instead [#DeprecatedDeclaration]
32 |
33 | /// Mark: Hashable
34 | public var hashValue : Int {
| `- warning: 'Hashable.hashValue' is deprecated as a protocol requirement; conform type 'TList' to 'Hashable' by implementing 'hash(into:)' instead [#DeprecatedDeclaration]
35 | let prime = 31
36 | var result = 1
/Users/admin/builder/spi-builder-workspace/Sources/TMap.swift:119:14: warning: 'Hashable.hashValue' is deprecated as a protocol requirement; conform type 'TMap' to 'Hashable' by implementing 'hash(into:)' instead [#DeprecatedDeclaration]
117 | /// Mark: Hashable
118 |
119 | public var hashValue: Int {
| `- warning: 'Hashable.hashValue' is deprecated as a protocol requirement; conform type 'TMap' to 'Hashable' by implementing 'hash(into:)' instead [#DeprecatedDeclaration]
120 | let prime = 31
121 | var result = 1
/Users/admin/builder/spi-builder-workspace/Sources/TProtocol.swift:102:3: warning: 'public' modifier is redundant for instance method declared in a public extension
100 |
101 | public extension TProtocol {
102 | public func writeFieldValue(_ value: TSerializable, name: String, type: TType, id: Int32) throws {
| `- warning: 'public' modifier is redundant for instance method declared in a public extension
103 | try writeFieldBegin(name: name, type: type, fieldID: id)
104 | try value.write(to: self)
/Users/admin/builder/spi-builder-workspace/Sources/TProtocol.swift:108:3: warning: 'public' modifier is redundant for instance method declared in a public extension
106 | }
107 |
108 | public func validateValue(_ value: Any?, named name: String) throws {
| `- warning: 'public' modifier is redundant for instance method declared in a public extension
109 | if value == nil {
110 | throw TProtocolError(error: .unknown, message: "Missing required value for field: \(name)")
/Users/admin/builder/spi-builder-workspace/Sources/TProtocol.swift:114:3: warning: 'public' modifier is redundant for instance method declared in a public extension
112 | }
113 |
114 | public func readResultMessageBegin() throws {
| `- warning: 'public' modifier is redundant for instance method declared in a public extension
115 | let (_, type, _) = try readMessageBegin();
116 | if type == .exception {
/Users/admin/builder/spi-builder-workspace/Sources/TProtocol.swift:123:3: warning: 'public' modifier is redundant for instance method declared in a public extension
121 | }
122 |
123 | public func readException() throws -> TApplicationError {
| `- warning: 'public' modifier is redundant for instance method declared in a public extension
124 | return try TApplicationError.read(from: self)
125 | }
/Users/admin/builder/spi-builder-workspace/Sources/TProtocol.swift:127:3: warning: 'public' modifier is redundant for instance method declared in a public extension
125 | }
126 |
127 | public func writeException(messageName name: String, sequenceID: Int32, ex: TApplicationError) throws {
| `- warning: 'public' modifier is redundant for instance method declared in a public extension
128 | try writeMessageBegin(name: name, type: .exception, sequenceID: sequenceID)
129 | try ex.write(to: self)
/Users/admin/builder/spi-builder-workspace/Sources/TProtocol.swift:133:3: warning: 'public' modifier is redundant for instance method declared in a public extension
131 | }
132 |
133 | public func skip(type: TType) throws {
| `- warning: 'public' modifier is redundant for instance method declared in a public extension
134 | switch type {
135 | case .bool: _ = try read() as Bool
/Users/admin/builder/spi-builder-workspace/Sources/TSocketTransport.swift:62:48: error: cannot find 'kCFStreamPropertySSLPeerTrust' in scope
60 | #else
61 | extension Stream.PropertyKey {
62 | static let SSLPeerTrust = Stream.PropertyKey(kCFStreamPropertySSLPeerTrust as String)
| `- error: cannot find 'kCFStreamPropertySSLPeerTrust' in scope
63 | }
64 |
/Users/admin/builder/spi-builder-workspace/Sources/TStruct.swift:32:3: warning: 'public' modifier is redundant for static property declared in a public extension
30 |
31 | public extension TStruct {
32 | public static var fieldIds: [String: (id: Int32, type: TType)] { return [:] }
| `- warning: 'public' modifier is redundant for static property declared in a public extension
33 | public static var thriftType: TType { return .struct }
34 |
/Users/admin/builder/spi-builder-workspace/Sources/TStruct.swift:33:3: warning: 'public' modifier is redundant for static property declared in a public extension
31 | public extension TStruct {
32 | public static var fieldIds: [String: (id: Int32, type: TType)] { return [:] }
33 | public static var thriftType: TType { return .struct }
| `- warning: 'public' modifier is redundant for static property declared in a public extension
34 |
35 | public func write(to proto: TProtocol) throws {
/Users/admin/builder/spi-builder-workspace/Sources/TStruct.swift:35:3: warning: 'public' modifier is redundant for instance method declared in a public extension
33 | public static var thriftType: TType { return .struct }
34 |
35 | public func write(to proto: TProtocol) throws {
| `- warning: 'public' modifier is redundant for instance method declared in a public extension
36 | // Write struct name first
37 | try proto.writeStructBegin(name: Self.structName)
/Users/admin/builder/spi-builder-workspace/Sources/TStruct.swift:48:3: warning: 'public' modifier is redundant for property declared in a public extension
46 | }
47 |
48 | public var hashValue: Int {
| `- warning: 'public' modifier is redundant for property declared in a public extension
49 | let prime = 31
50 | var result = 1
[#DeprecatedDeclaration]: <https://docs.swift.org/compiler/documentation/diagnostics/deprecated-declaration>
Failed frontend command:
SwiftCompile normal arm64 (in target 'Thrift' from project 'Thrift')
cd /Users/admin/builder/spi-builder-workspace/.swiftpm/xcode
/Applications/Xcode-27.0.0-Release.Candidate.app/Contents/Developer/Toolchains/XcodeDefault.xctoolchain/usr/bin/swift-frontend -frontend -emit-module -experimental-skip-non-inlinable-function-bodies-without-types /Users/admin/builder/spi-builder-workspace/Sources/LinuxHelper.swift /Users/admin/builder/spi-builder-workspace/Sources/TApplicationError.swift /Users/admin/builder/spi-builder-workspace/Sources/TBase64Utils.swift /Users/admin/builder/spi-builder-workspace/Sources/TBinary.swift /Users/admin/builder/spi-builder-workspace/Sources/TBinaryProtocol.swift /Users/admin/builder/spi-builder-workspace/Sources/TClient.swift /Users/admin/builder/spi-builder-workspace/Sources/TCompactProtocol.swift /Users/admin/builder/spi-builder-workspace/Sources/TEnum.swift /Users/admin/builder/spi-builder-workspace/Sources/TError.swift /Users/admin/builder/spi-builder-workspace/Sources/TFileHandleTransport.swift /Users/admin/builder/spi-builder-workspace/Sources/TFileTransport.swift /Users/admin/builder/spi-builder-workspace/Sources/TFramedTransport.swift /Users/admin/builder/spi-builder-workspace/Sources/THTTPSessionTransport.swift /Users/admin/builder/spi-builder-workspace/Sources/TJSONProtocol.swift /Users/admin/builder/spi-builder-workspace/Sources/TList.swift /Users/admin/builder/spi-builder-workspace/Sources/TMap.swift /Users/admin/builder/spi-builder-workspace/Sources/TMemoryBufferTransport.swift /Users/admin/builder/spi-builder-workspace/Sources/TMultiplexedProtocol.swift /Users/admin/builder/spi-builder-workspace/Sources/TProcessor.swift /Users/admin/builder/spi-builder-workspace/Sources/TProtocol.swift /Users/admin/builder/spi-builder-workspace/Sources/TProtocolError.swift /Users/admin/builder/spi-builder-workspace/Sources/TSSLSocketTransport.swift /Users/admin/builder/spi-builder-workspace/Sources/TSSLSocketTransportError.swift /Users/admin/builder/spi-builder-workspace/Sources/TSerializable.swift /Users/admin/builder/spi-builder-workspace/Sources/TSet.swift /Users/admin/builder/spi-builder-workspace/Sources/TSocketServer.swift /Users/admin/builder/spi-builder-workspace/Sources/TSocketTransport.swift /Users/admin/builder/spi-builder-workspace/Sources/TStreamTransport.swift /Users/admin/builder/spi-builder-workspace/Sources/TStruct.swift /Users/admin/builder/spi-builder-workspace/Sources/TTransport.swift /Users/admin/builder/spi-builder-workspace/Sources/TTransportError.swift /Users/admin/builder/spi-builder-workspace/Sources/TWrappedProtocol.swift /Users/admin/builder/spi-builder-workspace/Sources/Thrift.swift -target arm64-apple-watchos9.0 -disable-cross-import-overlay-search -swift-module-cross-import Darwin /Applications/Xcode-27.0.0-Release.Candidate.app/Contents/Developer/Platforms/WatchOS.platform/Developer/SDKs/WatchOS.sdk/usr/include/Darwin.swiftcrossimport/xlocale.swiftoverlay -load-resolved-plugin /Applications/Xcode-27.0.0-Release.Candidate.app/Contents/Developer/Platforms/WatchOS.platform/Developer/usr/lib/swift/host/plugins/libFoundationMacros.dylib\#/Applications/Xcode-27.0.0-Release.Candidate.app/Contents/Developer/Platforms/WatchOS.platform/Developer/usr/bin/swift-plugin-server\#FoundationMacros -load-resolved-plugin /Applications/Xcode-27.0.0-Release.Candidate.app/Contents/Developer/Platforms/WatchOS.platform/Developer/usr/lib/swift/host/plugins/libObservationMacros.dylib\#/Applications/Xcode-27.0.0-Release.Candidate.app/Contents/Developer/Platforms/WatchOS.platform/Developer/usr/bin/swift-plugin-server\#ObservationMacros -load-resolved-plugin /Applications/Xcode-27.0.0-Release.Candidate.app/Contents/Developer/Platforms/WatchOS.platform/Developer/usr/lib/swift/host/plugins/libSwiftMacros.dylib\#/Applications/Xcode-27.0.0-Release.Candidate.app/Contents/Developer/Platforms/WatchOS.platform/Developer/usr/bin/swift-plugin-server\#SwiftMacros -disable-implicit-swift-modules -Xcc -fno-implicit-modules -Xcc -fno-implicit-module-maps -explicit-swift-module-map-file /Users/admin/builder/spi-builder-workspace/.derivedData/Build/Intermediates.noindex/Thrift.build/Debug-watchos/Thrift-t.build/Objects-normal/arm64/Thrift-dependencies-1.json -Xllvm -aarch64-use-tbi -enable-objc-interop -stack-check -sdk /Applications/Xcode-27.0.0-Release.Candidate.app/Contents/Developer/Platforms/WatchOS.platform/Developer/SDKs/WatchOS27.0.sdk -I /Users/admin/builder/spi-builder-workspace/.derivedData/Build/Products/Debug-watchos -Isystem /Applications/Xcode-27.0.0-Release.Candidate.app/Contents/Developer/Platforms/WatchOS.platform/Developer/usr/lib -F /Users/admin/builder/spi-builder-workspace/.derivedData/Build/Products/Debug-watchos -F /Applications/Xcode-27.0.0-Release.Candidate.app/Contents/Developer/Platforms/WatchOS.platform/Developer/Library/Frameworks -F /Applications/Xcode-27.0.0-Release.Candidate.app/Contents/Developer/Platforms/WatchOS.platform/Developer/SDKs/WatchOS27.0.sdk/Developer/Library/Frameworks -module-cache-path /Users/admin/builder/spi-builder-workspace/.derivedData/Build/Intermediates.noindex/SwiftExplicitPrecompiledModules -no-color-diagnostics -Xcc -fno-color-diagnostics -enable-testing -g -debug-info-format\=dwarf -dwarf-version\=4 -profile-generate -profile-coverage-mapping -swift-version 5 -Onone -D SWIFT_PACKAGE -D DEBUG -D SWIFT_MODULE_RESOURCE_BUNDLE_UNAVAILABLE -D Xcode -serialize-debugging-options -enable-experimental-feature DebugDescriptionMacro -empty-abi-descriptor -validate-clang-modules-once -clang-build-session-file /Users/admin/builder/spi-builder-workspace/.derivedData/ModuleCache.noindex/Session.modulevalidation -Xcc -working-directory -Xcc /Users/admin/builder/spi-builder-workspace/.swiftpm/xcode -enable-anonymous-context-mangled-names -file-compilation-dir /Users/admin/builder/spi-builder-workspace/.swiftpm/xcode -Xcc -D_LIBCPP_HARDENING_MODE\=_LIBCPP_HARDENING_MODE_DEBUG -Xcc -ivfsstatcache -Xcc /Users/admin/builder/spi-builder-workspace/.derivedData/SDKStatCaches.noindex/watchos27.0-24R360-e829b21a6f8c9b70876ba0858053c04477534ef55a1706bf4c1112bbb242f0a2.sdkstatcache -Xcc -fmodules-prune-interval\=86400 -Xcc -fmodules-prune-after\=345600 -Xcc -I/Users/admin/builder/spi-builder-workspace/.derivedData/Build/Products/Debug-watchos/include -Xcc -I/Users/admin/builder/spi-builder-workspace/.derivedData/Build/Intermediates.noindex/Thrift.build/Debug-watchos/Thrift-t.build/DerivedSources-normal/arm64 -Xcc -I/Users/admin/builder/spi-builder-workspace/.derivedData/Build/Intermediates.noindex/Thrift.build/Debug-watchos/Thrift-t.build/DerivedSources/arm64 -Xcc -I/Users/admin/builder/spi-builder-workspace/.derivedData/Build/Intermediates.noindex/Thrift.build/Debug-watchos/Thrift-t.build/DerivedSources -Xcc -DSWIFT_PACKAGE -Xcc -DDEBUG\=1 -no-auto-bridging-header-chaining -module-name Thrift -const-gather-protocols-file /Users/admin/builder/spi-builder-workspace/.derivedData/Build/Intermediates.noindex/Thrift.build/Debug-watchos/Thrift-t.build/Objects-normal/arm64/Thrift_const_extract_protocols.json -disable-clang-spi -clang-target arm64-apple-watchos27.0 -target-sdk-version 27.0 -target-sdk-name watchos27.0 -in-process-plugin-server-path /Applications/Xcode-27.0.0-Release.Candidate.app/Contents/Developer/Toolchains/XcodeDefault.xctoolchain/usr/lib/swift/host/libSwiftInProcPluginServer.dylib -emit-module-doc-path /Users/admin/builder/spi-builder-workspace/.derivedData/Build/Intermediates.noindex/Thrift.build/Debug-watchos/Thrift-t.build/Objects-normal/arm64/Thrift.swiftdoc -emit-module-source-info-path /Users/admin/builder/spi-builder-workspace/.derivedData/Build/Intermediates.noindex/Thrift.build/Debug-watchos/Thrift-t.build/Objects-normal/arm64/Thrift.swiftsourceinfo -emit-objc-header-path /Users/admin/builder/spi-builder-workspace/.derivedData/Build/Intermediates.noindex/Thrift.build/Debug-watchos/Thrift-t.build/Objects-normal/arm64/Thrift-Swift.h -serialize-diagnostics-path /Users/admin/builder/spi-builder-workspace/.derivedData/Build/Intermediates.noindex/Thrift.build/Debug-watchos/Thrift-t.build/Objects-normal/arm64/Thrift-primary-emit-module.dia -emit-dependencies-path /Users/admin/builder/spi-builder-workspace/.derivedData/Build/Intermediates.noindex/Thrift.build/Debug-watchos/Thrift-t.build/Objects-normal/arm64/Thrift-primary-emit-module.d -parse-as-library -o /Users/admin/builder/spi-builder-workspace/.derivedData/Build/Intermediates.noindex/Thrift.build/Debug-watchos/Thrift-t.build/Objects-normal/arm64/Thrift.swiftmodule -emit-abi-descriptor-path /Users/admin/builder/spi-builder-workspace/.derivedData/Build/Intermediates.noindex/Thrift.build/Debug-watchos/Thrift-t.build/Objects-normal/arm64/Thrift.abi.json
SwiftCompile normal arm64 Compiling\ THTTPSessionTransport.swift,\ TJSONProtocol.swift,\ TList.swift /Users/admin/builder/spi-builder-workspace/Sources/THTTPSessionTransport.swift /Users/admin/builder/spi-builder-workspace/Sources/TJSONProtocol.swift /Users/admin/builder/spi-builder-workspace/Sources/TList.swift (in target 'Thrift' from project 'Thrift')
SwiftCompile normal arm64 /Users/admin/builder/spi-builder-workspace/Sources/THTTPSessionTransport.swift (in target 'Thrift' from project 'Thrift')
cd /Users/admin/builder/spi-builder-workspace/.swiftpm/xcode
builtin-SwiftPerFileCompile THTTPSessionTransport.swift
SwiftCompile normal arm64 /Users/admin/builder/spi-builder-workspace/Sources/TJSONProtocol.swift (in target 'Thrift' from project 'Thrift')
cd /Users/admin/builder/spi-builder-workspace/.swiftpm/xcode
builtin-SwiftPerFileCompile TJSONProtocol.swift
SwiftCompile normal arm64 /Users/admin/builder/spi-builder-workspace/Sources/TList.swift (in target 'Thrift' from project 'Thrift')
cd /Users/admin/builder/spi-builder-workspace/.swiftpm/xcode
builtin-SwiftPerFileCompile TList.swift
SwiftCompile normal arm64 Compiling\ TStreamTransport.swift,\ TStruct.swift,\ TTransport.swift /Users/admin/builder/spi-builder-workspace/Sources/TStreamTransport.swift /Users/admin/builder/spi-builder-workspace/Sources/TStruct.swift /Users/admin/builder/spi-builder-workspace/Sources/TTransport.swift (in target 'Thrift' from project 'Thrift')
SwiftCompile normal arm64 /Users/admin/builder/spi-builder-workspace/Sources/TStreamTransport.swift (in target 'Thrift' from project 'Thrift')
cd /Users/admin/builder/spi-builder-workspace/.swiftpm/xcode
builtin-SwiftPerFileCompile TStreamTransport.swift
SwiftCompile normal arm64 /Users/admin/builder/spi-builder-workspace/Sources/TStruct.swift (in target 'Thrift' from project 'Thrift')
cd /Users/admin/builder/spi-builder-workspace/.swiftpm/xcode
builtin-SwiftPerFileCompile TStruct.swift
SwiftCompile normal arm64 /Users/admin/builder/spi-builder-workspace/Sources/TTransport.swift (in target 'Thrift' from project 'Thrift')
cd /Users/admin/builder/spi-builder-workspace/.swiftpm/xcode
builtin-SwiftPerFileCompile TTransport.swift
/Users/admin/builder/spi-builder-workspace/Sources/TStreamTransport.swift:67:21: warning: 'init(bytes:)' is deprecated: use `init(_:)` instead [#DeprecatedDeclaration]
65 | throw TTransportError(error: .notOpen)
66 | }
67 | read.append(Data(bytes: buffer))
| `- warning: 'init(bytes:)' is deprecated: use `init(_:)` instead [#DeprecatedDeclaration]
68 | }
69 | return read
/Users/admin/builder/spi-builder-workspace/Sources/TStreamTransport.swift:88:21: warning: 'init(bytes:)' is deprecated: use `init(_:)` instead [#DeprecatedDeclaration]
86 | }
87 |
88 | read.append(Data(bytes: buffer))
| `- warning: 'init(bytes:)' is deprecated: use `init(_:)` instead [#DeprecatedDeclaration]
89 | }
90 | return read
/Users/admin/builder/spi-builder-workspace/Sources/TStreamTransport.swift:100:29: warning: 'withUnsafeBytes' is deprecated: use `withUnsafeBytes<R>(_: (UnsafeRawBufferPointer) throws -> R) rethrows -> R` instead [#DeprecatedDeclaration]
98 | var bytesWritten = 0
99 | while bytesWritten < data.count {
100 | bytesWritten = data.withUnsafeBytes {
| `- warning: 'withUnsafeBytes' is deprecated: use `withUnsafeBytes<R>(_: (UnsafeRawBufferPointer) throws -> R) rethrows -> R` instead [#DeprecatedDeclaration]
101 | return output.write($0, maxLength: data.count)
102 | }
/Users/admin/builder/spi-builder-workspace/Sources/TStruct.swift:32:3: warning: 'public' modifier is redundant for static property declared in a public extension
30 |
31 | public extension TStruct {
32 | public static var fieldIds: [String: (id: Int32, type: TType)] { return [:] }
| `- warning: 'public' modifier is redundant for static property declared in a public extension
33 | public static var thriftType: TType { return .struct }
34 |
/Users/admin/builder/spi-builder-workspace/Sources/TStruct.swift:33:3: warning: 'public' modifier is redundant for static property declared in a public extension
31 | public extension TStruct {
32 | public static var fieldIds: [String: (id: Int32, type: TType)] { return [:] }
33 | public static var thriftType: TType { return .struct }
| `- warning: 'public' modifier is redundant for static property declared in a public extension
34 |
35 | public func write(to proto: TProtocol) throws {
/Users/admin/builder/spi-builder-workspace/Sources/TStruct.swift:35:3: warning: 'public' modifier is redundant for instance method declared in a public extension
33 | public static var thriftType: TType { return .struct }
34 |
35 | public func write(to proto: TProtocol) throws {
| `- warning: 'public' modifier is redundant for instance method declared in a public extension
36 | // Write struct name first
37 | try proto.writeStructBegin(name: Self.structName)
SwiftCompile normal arm64 Compiling\ TTransportError.swift,\ TWrappedProtocol.swift,\ Thrift.swift /Users/admin/builder/spi-builder-workspace/Sources/TTransportError.swift /Users/admin/builder/spi-builder-workspace/Sources/TWrappedProtocol.swift /Users/admin/builder/spi-builder-workspace/Sources/Thrift.swift (in target 'Thrift' from project 'Thrift')
SwiftCompile normal arm64 /Users/admin/builder/spi-builder-workspace/Sources/TTransportError.swift (in target 'Thrift' from project 'Thrift')
cd /Users/admin/builder/spi-builder-workspace/.swiftpm/xcode
builtin-SwiftPerFileCompile TTransportError.swift
SwiftCompile normal arm64 /Users/admin/builder/spi-builder-workspace/Sources/TWrappedProtocol.swift (in target 'Thrift' from project 'Thrift')
cd /Users/admin/builder/spi-builder-workspace/.swiftpm/xcode
builtin-SwiftPerFileCompile TWrappedProtocol.swift
SwiftCompile normal arm64 /Users/admin/builder/spi-builder-workspace/Sources/Thrift.swift (in target 'Thrift' from project 'Thrift')
cd /Users/admin/builder/spi-builder-workspace/.swiftpm/xcode
builtin-SwiftPerFileCompile Thrift.swift
SwiftCompile normal arm64 Compiling\ TSet.swift,\ TSocketServer.swift,\ TSocketTransport.swift /Users/admin/builder/spi-builder-workspace/Sources/TSet.swift /Users/admin/builder/spi-builder-workspace/Sources/TSocketServer.swift /Users/admin/builder/spi-builder-workspace/Sources/TSocketTransport.swift (in target 'Thrift' from project 'Thrift')
SwiftCompile normal arm64 /Users/admin/builder/spi-builder-workspace/Sources/TSet.swift (in target 'Thrift' from project 'Thrift')
cd /Users/admin/builder/spi-builder-workspace/.swiftpm/xcode
builtin-SwiftPerFileCompile TSet.swift
SwiftCompile normal arm64 /Users/admin/builder/spi-builder-workspace/Sources/TSocketServer.swift (in target 'Thrift' from project 'Thrift')
cd /Users/admin/builder/spi-builder-workspace/.swiftpm/xcode
builtin-SwiftPerFileCompile TSocketServer.swift
SwiftCompile normal arm64 /Users/admin/builder/spi-builder-workspace/Sources/TSocketTransport.swift (in target 'Thrift' from project 'Thrift')
cd /Users/admin/builder/spi-builder-workspace/.swiftpm/xcode
builtin-SwiftPerFileCompile TSocketTransport.swift
/Users/admin/builder/spi-builder-workspace/Sources/TSocketServer.swift:82:28: warning: 'withUnsafeBytes' is deprecated: use `withUnsafeBytes<R>(_: (UnsafeRawBufferPointer) throws -> R) rethrows -> R` instead [#DeprecatedDeclaration]
80 | let address = Data(bytes: ptr, count: MemoryLayout<sockaddr_in>.size)
81 |
82 | let cfaddr = address.withUnsafeBytes {
| `- warning: 'withUnsafeBytes' is deprecated: use `withUnsafeBytes<R>(_: (UnsafeRawBufferPointer) throws -> R) rethrows -> R` instead [#DeprecatedDeclaration]
83 | CFDataCreateWithBytesNoCopy(kCFAllocatorDefault, $0, address.count, nil)
84 | }
/Users/admin/builder/spi-builder-workspace/Sources/TSocketTransport.swift:62:48: error: cannot find 'kCFStreamPropertySSLPeerTrust' in scope
60 | #else
61 | extension Stream.PropertyKey {
62 | static let SSLPeerTrust = Stream.PropertyKey(kCFStreamPropertySSLPeerTrust as String)
| `- error: cannot find 'kCFStreamPropertySSLPeerTrust' in scope
63 | }
64 |
/Users/admin/builder/spi-builder-workspace/Sources/TSocketTransport.swift:187:12: warning: 'init(bytes:)' is deprecated: use `init(_:)` instead [#DeprecatedDeclaration]
185 | let readBytes = Sys.read(socketDescriptor, &buff, size)
186 |
187 | return Data(bytes: buff[0..<readBytes])
| `- warning: 'init(bytes:)' is deprecated: use `init(_:)` instead [#DeprecatedDeclaration]
188 | }
189 |
SwiftCompile normal arm64 Compiling\ TProcessor.swift,\ TProtocol.swift,\ TProtocolError.swift /Users/admin/builder/spi-builder-workspace/Sources/TProcessor.swift /Users/admin/builder/spi-builder-workspace/Sources/TProtocol.swift /Users/admin/builder/spi-builder-workspace/Sources/TProtocolError.swift (in target 'Thrift' from project 'Thrift')
SwiftCompile normal arm64 /Users/admin/builder/spi-builder-workspace/Sources/TProcessor.swift (in target 'Thrift' from project 'Thrift')
cd /Users/admin/builder/spi-builder-workspace/.swiftpm/xcode
builtin-SwiftPerFileCompile TProcessor.swift
SwiftCompile normal arm64 /Users/admin/builder/spi-builder-workspace/Sources/TProtocol.swift (in target 'Thrift' from project 'Thrift')
cd /Users/admin/builder/spi-builder-workspace/.swiftpm/xcode
builtin-SwiftPerFileCompile TProtocol.swift
SwiftCompile normal arm64 /Users/admin/builder/spi-builder-workspace/Sources/TProtocolError.swift (in target 'Thrift' from project 'Thrift')
cd /Users/admin/builder/spi-builder-workspace/.swiftpm/xcode
builtin-SwiftPerFileCompile TProtocolError.swift
/Users/admin/builder/spi-builder-workspace/Sources/TProtocol.swift:102:3: warning: 'public' modifier is redundant for instance method declared in a public extension
100 |
101 | public extension TProtocol {
102 | public func writeFieldValue(_ value: TSerializable, name: String, type: TType, id: Int32) throws {
| `- warning: 'public' modifier is redundant for instance method declared in a public extension
103 | try writeFieldBegin(name: name, type: type, fieldID: id)
104 | try value.write(to: self)
/Users/admin/builder/spi-builder-workspace/Sources/TProtocol.swift:108:3: warning: 'public' modifier is redundant for instance method declared in a public extension
106 | }
107 |
108 | public func validateValue(_ value: Any?, named name: String) throws {
| `- warning: 'public' modifier is redundant for instance method declared in a public extension
109 | if value == nil {
110 | throw TProtocolError(error: .unknown, message: "Missing required value for field: \(name)")
/Users/admin/builder/spi-builder-workspace/Sources/TProtocol.swift:114:3: warning: 'public' modifier is redundant for instance method declared in a public extension
112 | }
113 |
114 | public func readResultMessageBegin() throws {
| `- warning: 'public' modifier is redundant for instance method declared in a public extension
115 | let (_, type, _) = try readMessageBegin();
116 | if type == .exception {
/Users/admin/builder/spi-builder-workspace/Sources/TProtocol.swift:123:3: warning: 'public' modifier is redundant for instance method declared in a public extension
121 | }
122 |
123 | public func readException() throws -> TApplicationError {
| `- warning: 'public' modifier is redundant for instance method declared in a public extension
124 | return try TApplicationError.read(from: self)
125 | }
/Users/admin/builder/spi-builder-workspace/Sources/TProtocol.swift:127:3: warning: 'public' modifier is redundant for instance method declared in a public extension
125 | }
126 |
127 | public func writeException(messageName name: String, sequenceID: Int32, ex: TApplicationError) throws {
| `- warning: 'public' modifier is redundant for instance method declared in a public extension
128 | try writeMessageBegin(name: name, type: .exception, sequenceID: sequenceID)
129 | try ex.write(to: self)
/Users/admin/builder/spi-builder-workspace/Sources/TProtocol.swift:133:3: warning: 'public' modifier is redundant for instance method declared in a public extension
131 | }
132 |
133 | public func skip(type: TType) throws {
| `- warning: 'public' modifier is redundant for instance method declared in a public extension
134 | switch type {
135 | case .bool: _ = try read() as Bool
SwiftCompile normal arm64 Compiling\ TMap.swift,\ TMemoryBufferTransport.swift,\ TMultiplexedProtocol.swift /Users/admin/builder/spi-builder-workspace/Sources/TMap.swift /Users/admin/builder/spi-builder-workspace/Sources/TMemoryBufferTransport.swift /Users/admin/builder/spi-builder-workspace/Sources/TMultiplexedProtocol.swift (in target 'Thrift' from project 'Thrift')
SwiftCompile normal arm64 /Users/admin/builder/spi-builder-workspace/Sources/TMap.swift (in target 'Thrift' from project 'Thrift')
cd /Users/admin/builder/spi-builder-workspace/.swiftpm/xcode
builtin-SwiftPerFileCompile TMap.swift
SwiftCompile normal arm64 /Users/admin/builder/spi-builder-workspace/Sources/TMemoryBufferTransport.swift (in target 'Thrift' from project 'Thrift')
cd /Users/admin/builder/spi-builder-workspace/.swiftpm/xcode
builtin-SwiftPerFileCompile TMemoryBufferTransport.swift
SwiftCompile normal arm64 /Users/admin/builder/spi-builder-workspace/Sources/TMultiplexedProtocol.swift (in target 'Thrift' from project 'Thrift')
cd /Users/admin/builder/spi-builder-workspace/.swiftpm/xcode
builtin-SwiftPerFileCompile TMultiplexedProtocol.swift
SwiftCompile normal arm64 Compiling\ TSSLSocketTransport.swift,\ TSSLSocketTransportError.swift,\ TSerializable.swift /Users/admin/builder/spi-builder-workspace/Sources/TSSLSocketTransport.swift /Users/admin/builder/spi-builder-workspace/Sources/TSSLSocketTransportError.swift /Users/admin/builder/spi-builder-workspace/Sources/TSerializable.swift (in target 'Thrift' from project 'Thrift')
/Users/admin/builder/spi-builder-workspace/Sources/TSSLSocketTransport.swift:97:39: error: cannot find 'kCFStreamSSLValidatesCertificateChain' in scope
95 | kCFStreamSocketSecurityLevelTLSv1)
96 |
97 | let settings: [String: Bool] = [kCFStreamSSLValidatesCertificateChain as String: true]
| `- error: cannot find 'kCFStreamSSLValidatesCertificateChain' in scope
98 |
99 | CFReadStreamSetProperty(readStream?.takeRetainedValue(),
/Users/admin/builder/spi-builder-workspace/Sources/LinuxHelper.swift:44:61: error: cannot find 'kCFStreamPropertySSLSettings' in scope
42 | // Exists as Stream.PropertyKey.socketSecuritylevelKey but doesn't work with CFReadStreamSetProperty
43 | static let socketSecurityLevel = CFStreamPropertyKey(kCFStreamPropertySocketSecurityLevel)
44 | static let SSLSettings = CFStreamPropertyKey(kCFStreamPropertySSLSettings)
| `- error: cannot find 'kCFStreamPropertySSLSettings' in scope
45 | }
46 | #endif
/Users/admin/builder/spi-builder-workspace/Sources/TSSLSocketTransport.swift:138:12: warning: 'SecTrustEvaluate' was deprecated in watchOS 6.0: renamed to 'SecTrustEvaluateWithError(_:_:)' [#DeprecatedDeclaration]
136 | var tr = lastTrustResult
137 | let success = withUnsafeMutablePointer(to: &tr) { trPtr -> Bool in
138 | if SecTrustEvaluate(myTrust, trPtr) != errSecSuccess {
| |- warning: 'SecTrustEvaluate' was deprecated in watchOS 6.0: renamed to 'SecTrustEvaluateWithError(_:_:)' [#DeprecatedDeclaration]
| `- note: use 'SecTrustEvaluateWithError(_:_:)' instead
139 | return false
140 | }
/Users/admin/builder/spi-builder-workspace/Sources/TSocketTransport.swift:62:48: error: cannot find 'kCFStreamPropertySSLPeerTrust' in scope
60 | #else
61 | extension Stream.PropertyKey {
62 | static let SSLPeerTrust = Stream.PropertyKey(kCFStreamPropertySSLPeerTrust as String)
| `- error: cannot find 'kCFStreamPropertySSLPeerTrust' in scope
63 | }
64 |
SwiftCompile normal arm64 /Users/admin/builder/spi-builder-workspace/Sources/TSSLSocketTransport.swift (in target 'Thrift' from project 'Thrift')
cd /Users/admin/builder/spi-builder-workspace/.swiftpm/xcode
builtin-SwiftPerFileCompile TSSLSocketTransport.swift
SwiftCompile normal arm64 /Users/admin/builder/spi-builder-workspace/Sources/TSSLSocketTransportError.swift (in target 'Thrift' from project 'Thrift')
cd /Users/admin/builder/spi-builder-workspace/.swiftpm/xcode
builtin-SwiftPerFileCompile TSSLSocketTransportError.swift
SwiftCompile normal arm64 /Users/admin/builder/spi-builder-workspace/Sources/TSerializable.swift (in target 'Thrift' from project 'Thrift')
cd /Users/admin/builder/spi-builder-workspace/.swiftpm/xcode
builtin-SwiftPerFileCompile TSerializable.swift
SwiftCompile normal arm64 Compiling\ LinuxHelper.swift,\ TApplicationError.swift,\ TBase64Utils.swift,\ TBinary.swift /Users/admin/builder/spi-builder-workspace/Sources/LinuxHelper.swift /Users/admin/builder/spi-builder-workspace/Sources/TApplicationError.swift /Users/admin/builder/spi-builder-workspace/Sources/TBase64Utils.swift /Users/admin/builder/spi-builder-workspace/Sources/TBinary.swift (in target 'Thrift' from project 'Thrift')
SwiftCompile normal arm64 /Users/admin/builder/spi-builder-workspace/Sources/LinuxHelper.swift (in target 'Thrift' from project 'Thrift')
cd /Users/admin/builder/spi-builder-workspace/.swiftpm/xcode
builtin-SwiftPerFileCompile LinuxHelper.swift
SwiftCompile normal arm64 /Users/admin/builder/spi-builder-workspace/Sources/TApplicationError.swift (in target 'Thrift' from project 'Thrift')
cd /Users/admin/builder/spi-builder-workspace/.swiftpm/xcode
builtin-SwiftPerFileCompile TApplicationError.swift
SwiftCompile normal arm64 /Users/admin/builder/spi-builder-workspace/Sources/TBase64Utils.swift (in target 'Thrift' from project 'Thrift')
cd /Users/admin/builder/spi-builder-workspace/.swiftpm/xcode
builtin-SwiftPerFileCompile TBase64Utils.swift
SwiftCompile normal arm64 /Users/admin/builder/spi-builder-workspace/Sources/TBinary.swift (in target 'Thrift' from project 'Thrift')
cd /Users/admin/builder/spi-builder-workspace/.swiftpm/xcode
builtin-SwiftPerFileCompile TBinary.swift
SwiftCompile normal arm64 Compiling\ TError.swift,\ TFileHandleTransport.swift,\ TFileTransport.swift,\ TFramedTransport.swift /Users/admin/builder/spi-builder-workspace/Sources/TError.swift /Users/admin/builder/spi-builder-workspace/Sources/TFileHandleTransport.swift /Users/admin/builder/spi-builder-workspace/Sources/TFileTransport.swift /Users/admin/builder/spi-builder-workspace/Sources/TFramedTransport.swift (in target 'Thrift' from project 'Thrift')
SwiftCompile normal arm64 /Users/admin/builder/spi-builder-workspace/Sources/TError.swift (in target 'Thrift' from project 'Thrift')
cd /Users/admin/builder/spi-builder-workspace/.swiftpm/xcode
builtin-SwiftPerFileCompile TError.swift
SwiftCompile normal arm64 /Users/admin/builder/spi-builder-workspace/Sources/TFileHandleTransport.swift (in target 'Thrift' from project 'Thrift')
cd /Users/admin/builder/spi-builder-workspace/.swiftpm/xcode
builtin-SwiftPerFileCompile TFileHandleTransport.swift
SwiftCompile normal arm64 /Users/admin/builder/spi-builder-workspace/Sources/TFileTransport.swift (in target 'Thrift' from project 'Thrift')
cd /Users/admin/builder/spi-builder-workspace/.swiftpm/xcode
builtin-SwiftPerFileCompile TFileTransport.swift
SwiftCompile normal arm64 /Users/admin/builder/spi-builder-workspace/Sources/TFramedTransport.swift (in target 'Thrift' from project 'Thrift')
cd /Users/admin/builder/spi-builder-workspace/.swiftpm/xcode
builtin-SwiftPerFileCompile TFramedTransport.swift
/Users/admin/builder/spi-builder-workspace/Sources/TFileTransport.swift:90:29: warning: 'withUnsafeBytes' is deprecated: use `withUnsafeBytes<R>(_: (UnsafeRawBufferPointer) throws -> R) rethrows -> R` instead [#DeprecatedDeclaration]
88 |
89 | public func write(data: Data) throws {
90 | let bytesWritten = data.withUnsafeBytes {
| `- warning: 'withUnsafeBytes' is deprecated: use `withUnsafeBytes<R>(_: (UnsafeRawBufferPointer) throws -> R) rethrows -> R` instead [#DeprecatedDeclaration]
91 | fwrite($0, 1, data.count, self.fileHandle)
92 | }
/Users/admin/builder/spi-builder-workspace/Sources/TFramedTransport.swift:95:17: warning: 'init(bytes:)' is deprecated: use `init(_:)` instead [#DeprecatedDeclaration]
93 | private func encodeFrameSize(size: UInt32) -> Data {
94 | var data = Data()
95 | data.append(Data(bytes: [UInt8(0xff & (size >> 24))]))
| `- warning: 'init(bytes:)' is deprecated: use `init(_:)` instead [#DeprecatedDeclaration]
96 | data.append(Data(bytes: [UInt8(0xff & (size >> 16))]))
97 | data.append(Data(bytes: [UInt8(0xff & (size >> 8))]))
/Users/admin/builder/spi-builder-workspace/Sources/TFramedTransport.swift:96:17: warning: 'init(bytes:)' is deprecated: use `init(_:)` instead [#DeprecatedDeclaration]
94 | var data = Data()
95 | data.append(Data(bytes: [UInt8(0xff & (size >> 24))]))
96 | data.append(Data(bytes: [UInt8(0xff & (size >> 16))]))
| `- warning: 'init(bytes:)' is deprecated: use `init(_:)` instead [#DeprecatedDeclaration]
97 | data.append(Data(bytes: [UInt8(0xff & (size >> 8))]))
98 | data.append(Data(bytes: [UInt8(0xff & (size))]))
/Users/admin/builder/spi-builder-workspace/Sources/TFramedTransport.swift:97:17: warning: 'init(bytes:)' is deprecated: use `init(_:)` instead [#DeprecatedDeclaration]
95 | data.append(Data(bytes: [UInt8(0xff & (size >> 24))]))
96 | data.append(Data(bytes: [UInt8(0xff & (size >> 16))]))
97 | data.append(Data(bytes: [UInt8(0xff & (size >> 8))]))
| `- warning: 'init(bytes:)' is deprecated: use `init(_:)` instead [#DeprecatedDeclaration]
98 | data.append(Data(bytes: [UInt8(0xff & (size))]))
99 |
SwiftEmitModule normal arm64_32 Emitting\ module\ for\ Thrift (in target 'Thrift' from project 'Thrift')
SwiftCompile normal arm64_32 (in target 'Thrift' from project 'Thrift')
cd /Users/admin/builder/spi-builder-workspace/.swiftpm/xcode
PruneExplicitPrecompiledModules /Users/admin/builder/spi-builder-workspace/.derivedData/SDKExplicitPrecompiledModules
PruneExplicitPrecompiledModules /Users/admin/builder/spi-builder-workspace/.derivedData/Build/Intermediates.noindex/SwiftExplicitPrecompiledModules
PruneExplicitPrecompiledModules /Users/admin/builder/spi-builder-workspace/.derivedData/Build/Intermediates.noindex/ExplicitPrecompiledModules
2026-09-19 04:15:57.243 xcodebuild[625:3963] [MT] IDERunDestination: Supported platforms for the buildables in the current scheme is empty.
** BUILD FAILED **
The following build commands failed:
SwiftCompile normal arm64 (in target 'Thrift' from project 'Thrift')
SwiftEmitModule normal arm64 Emitting\ module\ for\ Thrift (in target 'Thrift' from project 'Thrift')
Building workspace Thrift with scheme Thrift
(3 failures)
Command line invocation:
/Applications/Xcode-27.0.0-Release.Candidate.app/Contents/Developer/usr/bin/xcodebuild -IDEClonedSourcePackagesDirPathOverride=/Users/admin/builder/spi-builder-workspace/.dependencies -resolvePackageDependencies
Resolve Package Graph
Resolved source packages:
Thrift: /Users/admin/builder/spi-builder-workspace
resolved source packages: Thrift
2026-09-19 04:16:02.347 xcodebuild[722:4465] [MT] IDERunDestination: Supported platforms for the buildables in the current scheme is empty.
{
"dependencies" : [
],
"manifest_display_name" : "Thrift",
"name" : "Thrift",
"path" : "/Users/admin/builder/spi-builder-workspace",
"platforms" : [
],
"products" : [
{
"name" : "Thrift",
"targets" : [
"Thrift"
],
"type" : {
"library" : [
"automatic"
]
}
}
],
"targets" : [
{
"c99name" : "ThriftTests",
"module_type" : "SwiftTarget",
"name" : "ThriftTests",
"path" : "Tests/ThriftTests",
"sources" : [
"TBinaryProtocolTests.swift",
"TCompactProtocolTests.swift",
"TJSONProtocolTests.swift",
"ThriftTests.swift"
],
"target_dependencies" : [
"Thrift"
],
"type" : "test"
},
{
"c99name" : "Thrift",
"module_type" : "SwiftTarget",
"name" : "Thrift",
"path" : "Sources",
"product_memberships" : [
"Thrift"
],
"sources" : [
"LinuxHelper.swift",
"TApplicationError.swift",
"TBase64Utils.swift",
"TBinary.swift",
"TBinaryProtocol.swift",
"TClient.swift",
"TCompactProtocol.swift",
"TEnum.swift",
"TError.swift",
"TFileHandleTransport.swift",
"TFileTransport.swift",
"TFramedTransport.swift",
"THTTPSessionTransport.swift",
"TJSONProtocol.swift",
"TList.swift",
"TMap.swift",
"TMemoryBufferTransport.swift",
"TMultiplexedProtocol.swift",
"TProcessor.swift",
"TProtocol.swift",
"TProtocolError.swift",
"TSSLSocketTransport.swift",
"TSSLSocketTransportError.swift",
"TSerializable.swift",
"TSet.swift",
"TSocketServer.swift",
"TSocketTransport.swift",
"TStreamTransport.swift",
"TStruct.swift",
"TTransport.swift",
"TTransportError.swift",
"TWrappedProtocol.swift",
"Thrift.swift"
],
"type" : "library"
}
],
"tools_version" : "5.7"
}
{
"workspace" : {
"name" : "Thrift",
"schemes" : [
"Thrift"
]
}
}
2026-09-19 04:16:03.584 xcodebuild[730:4529] [MT] IDERunDestination: Supported platforms for the buildables in the current scheme is empty.
Running build ...
env DEVELOPER_DIR=/Applications/Xcode-27.0.0-Release.Candidate.app xcrun xcodebuild -IDEClonedSourcePackagesDirPathOverride=$PWD/.dependencies -skipMacroValidation -skipPackagePluginValidation -derivedDataPath $PWD/.derivedData build -scheme Thrift -destination generic/platform=watchOS
Command line invocation:
/Applications/Xcode-27.0.0-Release.Candidate.app/Contents/Developer/usr/bin/xcodebuild -IDEClonedSourcePackagesDirPathOverride=/Users/admin/builder/spi-builder-workspace/.dependencies -skipMacroValidation -skipPackagePluginValidation -derivedDataPath /Users/admin/builder/spi-builder-workspace/.derivedData build -scheme Thrift -destination generic/platform=watchOS
Resolve Package Graph
Resolved source packages:
Thrift: /Users/admin/builder/spi-builder-workspace
ComputePackagePrebuildTargetDependencyGraph
Prepare packages
CreateBuildRequest
SendProjectDescription
CreateBuildOperation
ComputeTargetDependencyGraph
note: Building targets in dependency order
note: Target dependency graph (2 targets)
Target 'Thrift-product' in project 'Thrift'
➜ Explicit dependency on target 'Thrift' in project 'Thrift'
Target 'Thrift' in project 'Thrift' (no dependencies)
GatherProvisioningInputs
CreateBuildDescription
ClangStatCache /Applications/Xcode-27.0.0-Release.Candidate.app/Contents/Developer/Toolchains/XcodeDefault.xctoolchain/usr/bin/clang-stat-cache /Applications/Xcode-27.0.0-Release.Candidate.app/Contents/Developer/Platforms/WatchOS.platform/Developer/SDKs/WatchOS27.0.sdk /Users/admin/builder/spi-builder-workspace/.derivedData/SDKStatCaches.noindex/watchos27.0-24R360-e829b21a6f8c9b70876ba0858053c04477534ef55a1706bf4c1112bbb242f0a2.sdkstatcache
cd /Users/admin/builder/spi-builder-workspace/.swiftpm/xcode
/Applications/Xcode-27.0.0-Release.Candidate.app/Contents/Developer/Toolchains/XcodeDefault.xctoolchain/usr/bin/clang-stat-cache /Applications/Xcode-27.0.0-Release.Candidate.app/Contents/Developer/Platforms/WatchOS.platform/Developer/SDKs/WatchOS27.0.sdk -o /Users/admin/builder/spi-builder-workspace/.derivedData/SDKStatCaches.noindex/watchos27.0-24R360-e829b21a6f8c9b70876ba0858053c04477534ef55a1706bf4c1112bbb242f0a2.sdkstatcache
SwiftDriver Thrift normal arm64_32 com.apple.xcode.tools.swift.compiler (in target 'Thrift' from project 'Thrift')
cd /Users/admin/builder/spi-builder-workspace/.swiftpm/xcode
builtin-SwiftDriver -- /Applications/Xcode-27.0.0-Release.Candidate.app/Contents/Developer/Toolchains/XcodeDefault.xctoolchain/usr/bin/swiftc -parse-as-library -module-name Thrift -Onone @/Users/admin/builder/spi-builder-workspace/.derivedData/Build/Intermediates.noindex/Thrift.build/Debug-watchos/Thrift-t.build/Objects-normal/arm64_32/Thrift.SwiftFileList -DSWIFT_PACKAGE -DDEBUG -DSWIFT_MODULE_RESOURCE_BUNDLE_UNAVAILABLE -DXcode -plugin-path /Applications/Xcode-27.0.0-Release.Candidate.app/Contents/Developer/Toolchains/XcodeDefault.xctoolchain/usr/lib/swift/host/plugins/testing -enable-experimental-feature DebugDescriptionMacro -sdk /Applications/Xcode-27.0.0-Release.Candidate.app/Contents/Developer/Platforms/WatchOS.platform/Developer/SDKs/WatchOS27.0.sdk -target arm64_32-apple-watchos9.0 -g -module-cache-path /Users/admin/builder/spi-builder-workspace/.derivedData/ModuleCache.noindex -Xfrontend -serialize-debugging-options -profile-coverage-mapping -profile-generate -enable-testing -index-store-path /Users/admin/builder/spi-builder-workspace/.derivedData/Index.noindex/DataStore -Xcc -D_LIBCPP_HARDENING_MODE\=_LIBCPP_HARDENING_MODE_DEBUG -swift-version 5 -I /Users/admin/builder/spi-builder-workspace/.derivedData/Build/Products/Debug-watchos -Isystem /Applications/Xcode-27.0.0-Release.Candidate.app/Contents/Developer/Platforms/WatchOS.platform/Developer/usr/lib -F /Users/admin/builder/spi-builder-workspace/.derivedData/Build/Products/Debug-watchos -F /Applications/Xcode-27.0.0-Release.Candidate.app/Contents/Developer/Platforms/WatchOS.platform/Developer/Library/Frameworks -F /Applications/Xcode-27.0.0-Release.Candidate.app/Contents/Developer/Platforms/WatchOS.platform/Developer/SDKs/WatchOS27.0.sdk/Developer/Library/Frameworks -c -j10 -enable-batch-mode -incremental -Xcc -ivfsstatcache -Xcc /Users/admin/builder/spi-builder-workspace/.derivedData/SDKStatCaches.noindex/watchos27.0-24R360-e829b21a6f8c9b70876ba0858053c04477534ef55a1706bf4c1112bbb242f0a2.sdkstatcache -output-file-map /Users/admin/builder/spi-builder-workspace/.derivedData/Build/Intermediates.noindex/Thrift.build/Debug-watchos/Thrift-t.build/Objects-normal/arm64_32/Thrift-OutputFileMap.json -save-temps -no-color-diagnostics -explicit-module-build -module-cache-path /Users/admin/builder/spi-builder-workspace/.derivedData/Build/Intermediates.noindex/SwiftExplicitPrecompiledModules -clang-scanner-module-cache-path /Users/admin/builder/spi-builder-workspace/.derivedData/ModuleCache.noindex -sdk-module-cache-path /Users/admin/builder/spi-builder-workspace/.derivedData/SDKExplicitPrecompiledModules -emit-dependencies -emit-module -emit-module-path /Users/admin/builder/spi-builder-workspace/.derivedData/Build/Intermediates.noindex/Thrift.build/Debug-watchos/Thrift-t.build/Objects-normal/arm64_32/Thrift.swiftmodule -serialize-diagnostics -dependency-scan-serialize-diagnostics-path /Users/admin/builder/spi-builder-workspace/.derivedData/Build/Intermediates.noindex/Thrift.build/Debug-watchos/Thrift-t.build/Objects-normal/arm64_32/Thrift-dependency-scan.dia -validate-clang-modules-once -clang-build-session-file /Users/admin/builder/spi-builder-workspace/.derivedData/ModuleCache.noindex/Session.modulevalidation -Xcc -fmodules-prune-interval\=86400 -Xcc -fmodules-prune-after\=345600 -emit-const-values -const-gather-protocols-list /Users/admin/builder/spi-builder-workspace/.derivedData/Build/Intermediates.noindex/Thrift.build/Debug-watchos/Thrift-t.build/Objects-normal/arm64_32/Thrift_const_extract_protocols.json -Xcc -I/Users/admin/builder/spi-builder-workspace/.derivedData/Build/Products/Debug-watchos/include -Xcc -I/Users/admin/builder/spi-builder-workspace/.derivedData/Build/Intermediates.noindex/Thrift.build/Debug-watchos/Thrift-t.build/DerivedSources-normal/arm64_32 -Xcc -I/Users/admin/builder/spi-builder-workspace/.derivedData/Build/Intermediates.noindex/Thrift.build/Debug-watchos/Thrift-t.build/DerivedSources/arm64_32 -Xcc -I/Users/admin/builder/spi-builder-workspace/.derivedData/Build/Intermediates.noindex/Thrift.build/Debug-watchos/Thrift-t.build/DerivedSources -Xcc -DSWIFT_PACKAGE -Xcc -DDEBUG\=1 -emit-objc-header -emit-objc-header-path /Users/admin/builder/spi-builder-workspace/.derivedData/Build/Intermediates.noindex/Thrift.build/Debug-watchos/Thrift-t.build/Objects-normal/arm64_32/Thrift-Swift.h -working-directory /Users/admin/builder/spi-builder-workspace/.swiftpm/xcode -experimental-emit-module-separately -disable-cmo
SwiftDriver Thrift normal arm64 com.apple.xcode.tools.swift.compiler (in target 'Thrift' from project 'Thrift')
cd /Users/admin/builder/spi-builder-workspace/.swiftpm/xcode
builtin-SwiftDriver -- /Applications/Xcode-27.0.0-Release.Candidate.app/Contents/Developer/Toolchains/XcodeDefault.xctoolchain/usr/bin/swiftc -parse-as-library -module-name Thrift -Onone @/Users/admin/builder/spi-builder-workspace/.derivedData/Build/Intermediates.noindex/Thrift.build/Debug-watchos/Thrift-t.build/Objects-normal/arm64/Thrift.SwiftFileList -DSWIFT_PACKAGE -DDEBUG -DSWIFT_MODULE_RESOURCE_BUNDLE_UNAVAILABLE -DXcode -plugin-path /Applications/Xcode-27.0.0-Release.Candidate.app/Contents/Developer/Toolchains/XcodeDefault.xctoolchain/usr/lib/swift/host/plugins/testing -enable-experimental-feature DebugDescriptionMacro -sdk /Applications/Xcode-27.0.0-Release.Candidate.app/Contents/Developer/Platforms/WatchOS.platform/Developer/SDKs/WatchOS27.0.sdk -target arm64-apple-watchos9.0 -g -module-cache-path /Users/admin/builder/spi-builder-workspace/.derivedData/ModuleCache.noindex -Xfrontend -serialize-debugging-options -profile-coverage-mapping -profile-generate -enable-testing -index-store-path /Users/admin/builder/spi-builder-workspace/.derivedData/Index.noindex/DataStore -Xcc -D_LIBCPP_HARDENING_MODE\=_LIBCPP_HARDENING_MODE_DEBUG -swift-version 5 -I /Users/admin/builder/spi-builder-workspace/.derivedData/Build/Products/Debug-watchos -Isystem /Applications/Xcode-27.0.0-Release.Candidate.app/Contents/Developer/Platforms/WatchOS.platform/Developer/usr/lib -F /Users/admin/builder/spi-builder-workspace/.derivedData/Build/Products/Debug-watchos -F /Applications/Xcode-27.0.0-Release.Candidate.app/Contents/Developer/Platforms/WatchOS.platform/Developer/Library/Frameworks -F /Applications/Xcode-27.0.0-Release.Candidate.app/Contents/Developer/Platforms/WatchOS.platform/Developer/SDKs/WatchOS27.0.sdk/Developer/Library/Frameworks -c -j10 -enable-batch-mode -incremental -Xcc -ivfsstatcache -Xcc /Users/admin/builder/spi-builder-workspace/.derivedData/SDKStatCaches.noindex/watchos27.0-24R360-e829b21a6f8c9b70876ba0858053c04477534ef55a1706bf4c1112bbb242f0a2.sdkstatcache -output-file-map /Users/admin/builder/spi-builder-workspace/.derivedData/Build/Intermediates.noindex/Thrift.build/Debug-watchos/Thrift-t.build/Objects-normal/arm64/Thrift-OutputFileMap.json -save-temps -no-color-diagnostics -explicit-module-build -module-cache-path /Users/admin/builder/spi-builder-workspace/.derivedData/Build/Intermediates.noindex/SwiftExplicitPrecompiledModules -clang-scanner-module-cache-path /Users/admin/builder/spi-builder-workspace/.derivedData/ModuleCache.noindex -sdk-module-cache-path /Users/admin/builder/spi-builder-workspace/.derivedData/SDKExplicitPrecompiledModules -emit-dependencies -emit-module -emit-module-path /Users/admin/builder/spi-builder-workspace/.derivedData/Build/Intermediates.noindex/Thrift.build/Debug-watchos/Thrift-t.build/Objects-normal/arm64/Thrift.swiftmodule -serialize-diagnostics -dependency-scan-serialize-diagnostics-path /Users/admin/builder/spi-builder-workspace/.derivedData/Build/Intermediates.noindex/Thrift.build/Debug-watchos/Thrift-t.build/Objects-normal/arm64/Thrift-dependency-scan.dia -validate-clang-modules-once -clang-build-session-file /Users/admin/builder/spi-builder-workspace/.derivedData/ModuleCache.noindex/Session.modulevalidation -Xcc -fmodules-prune-interval\=86400 -Xcc -fmodules-prune-after\=345600 -emit-const-values -const-gather-protocols-list /Users/admin/builder/spi-builder-workspace/.derivedData/Build/Intermediates.noindex/Thrift.build/Debug-watchos/Thrift-t.build/Objects-normal/arm64/Thrift_const_extract_protocols.json -Xcc -I/Users/admin/builder/spi-builder-workspace/.derivedData/Build/Products/Debug-watchos/include -Xcc -I/Users/admin/builder/spi-builder-workspace/.derivedData/Build/Intermediates.noindex/Thrift.build/Debug-watchos/Thrift-t.build/DerivedSources-normal/arm64 -Xcc -I/Users/admin/builder/spi-builder-workspace/.derivedData/Build/Intermediates.noindex/Thrift.build/Debug-watchos/Thrift-t.build/DerivedSources/arm64 -Xcc -I/Users/admin/builder/spi-builder-workspace/.derivedData/Build/Intermediates.noindex/Thrift.build/Debug-watchos/Thrift-t.build/DerivedSources -Xcc -DSWIFT_PACKAGE -Xcc -DDEBUG\=1 -emit-objc-header -emit-objc-header-path /Users/admin/builder/spi-builder-workspace/.derivedData/Build/Intermediates.noindex/Thrift.build/Debug-watchos/Thrift-t.build/Objects-normal/arm64/Thrift-Swift.h -working-directory /Users/admin/builder/spi-builder-workspace/.swiftpm/xcode -experimental-emit-module-separately -disable-cmo
SwiftEmitModule normal arm64_32 Emitting\ module\ for\ Thrift (in target 'Thrift' from project 'Thrift')
/Users/admin/builder/spi-builder-workspace/Sources/LinuxHelper.swift:44:61: error: cannot find 'kCFStreamPropertySSLSettings' in scope
42 | // Exists as Stream.PropertyKey.socketSecuritylevelKey but doesn't work with CFReadStreamSetProperty
43 | static let socketSecurityLevel = CFStreamPropertyKey(kCFStreamPropertySocketSecurityLevel)
44 | static let SSLSettings = CFStreamPropertyKey(kCFStreamPropertySSLSettings)
| `- error: cannot find 'kCFStreamPropertySSLSettings' in scope
45 | }
46 | #endif
/Users/admin/builder/spi-builder-workspace/Sources/TList.swift:34:14: warning: 'Hashable.hashValue' is deprecated as a protocol requirement; conform type 'TList' to 'Hashable' by implementing 'hash(into:)' instead [#DeprecatedDeclaration]
32 |
33 | /// Mark: Hashable
34 | public var hashValue : Int {
| `- warning: 'Hashable.hashValue' is deprecated as a protocol requirement; conform type 'TList' to 'Hashable' by implementing 'hash(into:)' instead [#DeprecatedDeclaration]
35 | let prime = 31
36 | var result = 1
/Users/admin/builder/spi-builder-workspace/Sources/TMap.swift:119:14: warning: 'Hashable.hashValue' is deprecated as a protocol requirement; conform type 'TMap' to 'Hashable' by implementing 'hash(into:)' instead [#DeprecatedDeclaration]
117 | /// Mark: Hashable
118 |
119 | public var hashValue: Int {
| `- warning: 'Hashable.hashValue' is deprecated as a protocol requirement; conform type 'TMap' to 'Hashable' by implementing 'hash(into:)' instead [#DeprecatedDeclaration]
120 | let prime = 31
121 | var result = 1
/Users/admin/builder/spi-builder-workspace/Sources/TProtocol.swift:102:3: warning: 'public' modifier is redundant for instance method declared in a public extension
100 |
101 | public extension TProtocol {
102 | public func writeFieldValue(_ value: TSerializable, name: String, type: TType, id: Int32) throws {
| `- warning: 'public' modifier is redundant for instance method declared in a public extension
103 | try writeFieldBegin(name: name, type: type, fieldID: id)
104 | try value.write(to: self)
/Users/admin/builder/spi-builder-workspace/Sources/TProtocol.swift:108:3: warning: 'public' modifier is redundant for instance method declared in a public extension
106 | }
107 |
108 | public func validateValue(_ value: Any?, named name: String) throws {
| `- warning: 'public' modifier is redundant for instance method declared in a public extension
109 | if value == nil {
110 | throw TProtocolError(error: .unknown, message: "Missing required value for field: \(name)")
/Users/admin/builder/spi-builder-workspace/Sources/TProtocol.swift:114:3: warning: 'public' modifier is redundant for instance method declared in a public extension
112 | }
113 |
114 | public func readResultMessageBegin() throws {
| `- warning: 'public' modifier is redundant for instance method declared in a public extension
115 | let (_, type, _) = try readMessageBegin();
116 | if type == .exception {
/Users/admin/builder/spi-builder-workspace/Sources/TProtocol.swift:123:3: warning: 'public' modifier is redundant for instance method declared in a public extension
121 | }
122 |
123 | public func readException() throws -> TApplicationError {
| `- warning: 'public' modifier is redundant for instance method declared in a public extension
124 | return try TApplicationError.read(from: self)
125 | }
/Users/admin/builder/spi-builder-workspace/Sources/TProtocol.swift:127:3: warning: 'public' modifier is redundant for instance method declared in a public extension
125 | }
126 |
127 | public func writeException(messageName name: String, sequenceID: Int32, ex: TApplicationError) throws {
| `- warning: 'public' modifier is redundant for instance method declared in a public extension
128 | try writeMessageBegin(name: name, type: .exception, sequenceID: sequenceID)
129 | try ex.write(to: self)
/Users/admin/builder/spi-builder-workspace/Sources/TProtocol.swift:133:3: warning: 'public' modifier is redundant for instance method declared in a public extension
131 | }
132 |
133 | public func skip(type: TType) throws {
| `- warning: 'public' modifier is redundant for instance method declared in a public extension
134 | switch type {
135 | case .bool: _ = try read() as Bool
/Users/admin/builder/spi-builder-workspace/Sources/TSocketTransport.swift:62:48: error: cannot find 'kCFStreamPropertySSLPeerTrust' in scope
60 | #else
61 | extension Stream.PropertyKey {
62 | static let SSLPeerTrust = Stream.PropertyKey(kCFStreamPropertySSLPeerTrust as String)
| `- error: cannot find 'kCFStreamPropertySSLPeerTrust' in scope
63 | }
64 |
/Users/admin/builder/spi-builder-workspace/Sources/TStruct.swift:32:3: warning: 'public' modifier is redundant for static property declared in a public extension
30 |
31 | public extension TStruct {
32 | public static var fieldIds: [String: (id: Int32, type: TType)] { return [:] }
| `- warning: 'public' modifier is redundant for static property declared in a public extension
33 | public static var thriftType: TType { return .struct }
34 |
/Users/admin/builder/spi-builder-workspace/Sources/TStruct.swift:33:3: warning: 'public' modifier is redundant for static property declared in a public extension
31 | public extension TStruct {
32 | public static var fieldIds: [String: (id: Int32, type: TType)] { return [:] }
33 | public static var thriftType: TType { return .struct }
| `- warning: 'public' modifier is redundant for static property declared in a public extension
34 |
35 | public func write(to proto: TProtocol) throws {
/Users/admin/builder/spi-builder-workspace/Sources/TStruct.swift:35:3: warning: 'public' modifier is redundant for instance method declared in a public extension
33 | public static var thriftType: TType { return .struct }
34 |
35 | public func write(to proto: TProtocol) throws {
| `- warning: 'public' modifier is redundant for instance method declared in a public extension
36 | // Write struct name first
37 | try proto.writeStructBegin(name: Self.structName)
/Users/admin/builder/spi-builder-workspace/Sources/TStruct.swift:48:3: warning: 'public' modifier is redundant for property declared in a public extension
46 | }
47 |
48 | public var hashValue: Int {
| `- warning: 'public' modifier is redundant for property declared in a public extension
49 | let prime = 31
50 | var result = 1
[#DeprecatedDeclaration]: <https://docs.swift.org/compiler/documentation/diagnostics/deprecated-declaration>
Failed frontend command:
SwiftCompile normal arm64_32 (in target 'Thrift' from project 'Thrift')
cd /Users/admin/builder/spi-builder-workspace/.swiftpm/xcode
/Applications/Xcode-27.0.0-Release.Candidate.app/Contents/Developer/Toolchains/XcodeDefault.xctoolchain/usr/bin/swift-frontend -frontend -emit-module -experimental-skip-non-inlinable-function-bodies-without-types /Users/admin/builder/spi-builder-workspace/Sources/LinuxHelper.swift /Users/admin/builder/spi-builder-workspace/Sources/TApplicationError.swift /Users/admin/builder/spi-builder-workspace/Sources/TBase64Utils.swift /Users/admin/builder/spi-builder-workspace/Sources/TBinary.swift /Users/admin/builder/spi-builder-workspace/Sources/TBinaryProtocol.swift /Users/admin/builder/spi-builder-workspace/Sources/TClient.swift /Users/admin/builder/spi-builder-workspace/Sources/TCompactProtocol.swift /Users/admin/builder/spi-builder-workspace/Sources/TEnum.swift /Users/admin/builder/spi-builder-workspace/Sources/TError.swift /Users/admin/builder/spi-builder-workspace/Sources/TFileHandleTransport.swift /Users/admin/builder/spi-builder-workspace/Sources/TFileTransport.swift /Users/admin/builder/spi-builder-workspace/Sources/TFramedTransport.swift /Users/admin/builder/spi-builder-workspace/Sources/THTTPSessionTransport.swift /Users/admin/builder/spi-builder-workspace/Sources/TJSONProtocol.swift /Users/admin/builder/spi-builder-workspace/Sources/TList.swift /Users/admin/builder/spi-builder-workspace/Sources/TMap.swift /Users/admin/builder/spi-builder-workspace/Sources/TMemoryBufferTransport.swift /Users/admin/builder/spi-builder-workspace/Sources/TMultiplexedProtocol.swift /Users/admin/builder/spi-builder-workspace/Sources/TProcessor.swift /Users/admin/builder/spi-builder-workspace/Sources/TProtocol.swift /Users/admin/builder/spi-builder-workspace/Sources/TProtocolError.swift /Users/admin/builder/spi-builder-workspace/Sources/TSSLSocketTransport.swift /Users/admin/builder/spi-builder-workspace/Sources/TSSLSocketTransportError.swift /Users/admin/builder/spi-builder-workspace/Sources/TSerializable.swift /Users/admin/builder/spi-builder-workspace/Sources/TSet.swift /Users/admin/builder/spi-builder-workspace/Sources/TSocketServer.swift /Users/admin/builder/spi-builder-workspace/Sources/TSocketTransport.swift /Users/admin/builder/spi-builder-workspace/Sources/TStreamTransport.swift /Users/admin/builder/spi-builder-workspace/Sources/TStruct.swift /Users/admin/builder/spi-builder-workspace/Sources/TTransport.swift /Users/admin/builder/spi-builder-workspace/Sources/TTransportError.swift /Users/admin/builder/spi-builder-workspace/Sources/TWrappedProtocol.swift /Users/admin/builder/spi-builder-workspace/Sources/Thrift.swift -target arm64_32-apple-watchos9.0 -disable-cross-import-overlay-search -swift-module-cross-import Darwin /Applications/Xcode-27.0.0-Release.Candidate.app/Contents/Developer/Platforms/WatchOS.platform/Developer/SDKs/WatchOS.sdk/usr/include/Darwin.swiftcrossimport/xlocale.swiftoverlay -load-resolved-plugin /Applications/Xcode-27.0.0-Release.Candidate.app/Contents/Developer/Platforms/WatchOS.platform/Developer/usr/lib/swift/host/plugins/libFoundationMacros.dylib\#/Applications/Xcode-27.0.0-Release.Candidate.app/Contents/Developer/Platforms/WatchOS.platform/Developer/usr/bin/swift-plugin-server\#FoundationMacros -load-resolved-plugin /Applications/Xcode-27.0.0-Release.Candidate.app/Contents/Developer/Platforms/WatchOS.platform/Developer/usr/lib/swift/host/plugins/libObservationMacros.dylib\#/Applications/Xcode-27.0.0-Release.Candidate.app/Contents/Developer/Platforms/WatchOS.platform/Developer/usr/bin/swift-plugin-server\#ObservationMacros -load-resolved-plugin /Applications/Xcode-27.0.0-Release.Candidate.app/Contents/Developer/Platforms/WatchOS.platform/Developer/usr/lib/swift/host/plugins/libSwiftMacros.dylib\#/Applications/Xcode-27.0.0-Release.Candidate.app/Contents/Developer/Platforms/WatchOS.platform/Developer/usr/bin/swift-plugin-server\#SwiftMacros -disable-implicit-swift-modules -Xcc -fno-implicit-modules -Xcc -fno-implicit-module-maps -explicit-swift-module-map-file /Users/admin/builder/spi-builder-workspace/.derivedData/Build/Intermediates.noindex/Thrift.build/Debug-watchos/Thrift-t.build/Objects-normal/arm64_32/Thrift-dependencies-2.json -enable-objc-interop -sdk /Applications/Xcode-27.0.0-Release.Candidate.app/Contents/Developer/Platforms/WatchOS.platform/Developer/SDKs/WatchOS27.0.sdk -I /Users/admin/builder/spi-builder-workspace/.derivedData/Build/Products/Debug-watchos -Isystem /Applications/Xcode-27.0.0-Release.Candidate.app/Contents/Developer/Platforms/WatchOS.platform/Developer/usr/lib -F /Users/admin/builder/spi-builder-workspace/.derivedData/Build/Products/Debug-watchos -F /Applications/Xcode-27.0.0-Release.Candidate.app/Contents/Developer/Platforms/WatchOS.platform/Developer/Library/Frameworks -F /Applications/Xcode-27.0.0-Release.Candidate.app/Contents/Developer/Platforms/WatchOS.platform/Developer/SDKs/WatchOS27.0.sdk/Developer/Library/Frameworks -module-cache-path /Users/admin/builder/spi-builder-workspace/.derivedData/Build/Intermediates.noindex/SwiftExplicitPrecompiledModules -no-color-diagnostics -Xcc -fno-color-diagnostics -enable-testing -g -debug-info-format\=dwarf -dwarf-version\=4 -profile-generate -profile-coverage-mapping -swift-version 5 -Onone -D SWIFT_PACKAGE -D DEBUG -D SWIFT_MODULE_RESOURCE_BUNDLE_UNAVAILABLE -D Xcode -serialize-debugging-options -enable-experimental-feature DebugDescriptionMacro -empty-abi-descriptor -validate-clang-modules-once -clang-build-session-file /Users/admin/builder/spi-builder-workspace/.derivedData/ModuleCache.noindex/Session.modulevalidation -Xcc -working-directory -Xcc /Users/admin/builder/spi-builder-workspace/.swiftpm/xcode -enable-anonymous-context-mangled-names -file-compilation-dir /Users/admin/builder/spi-builder-workspace/.swiftpm/xcode -Xcc -D_LIBCPP_HARDENING_MODE\=_LIBCPP_HARDENING_MODE_DEBUG -Xcc -ivfsstatcache -Xcc /Users/admin/builder/spi-builder-workspace/.derivedData/SDKStatCaches.noindex/watchos27.0-24R360-e829b21a6f8c9b70876ba0858053c04477534ef55a1706bf4c1112bbb242f0a2.sdkstatcache -Xcc -fmodules-prune-interval\=86400 -Xcc -fmodules-prune-after\=345600 -Xcc -I/Users/admin/builder/spi-builder-workspace/.derivedData/Build/Products/Debug-watchos/include -Xcc -I/Users/admin/builder/spi-builder-workspace/.derivedData/Build/Intermediates.noindex/Thrift.build/Debug-watchos/Thrift-t.build/DerivedSources-normal/arm64_32 -Xcc -I/Users/admin/builder/spi-builder-workspace/.derivedData/Build/Intermediates.noindex/Thrift.build/Debug-watchos/Thrift-t.build/DerivedSources/arm64_32 -Xcc -I/Users/admin/builder/spi-builder-workspace/.derivedData/Build/Intermediates.noindex/Thrift.build/Debug-watchos/Thrift-t.build/DerivedSources -Xcc -DSWIFT_PACKAGE -Xcc -DDEBUG\=1 -no-auto-bridging-header-chaining -module-name Thrift -const-gather-protocols-file /Users/admin/builder/spi-builder-workspace/.derivedData/Build/Intermediates.noindex/Thrift.build/Debug-watchos/Thrift-t.build/Objects-normal/arm64_32/Thrift_const_extract_protocols.json -disable-clang-spi -clang-target arm64_32-apple-watchos27.0 -target-sdk-version 27.0 -target-sdk-name watchos27.0 -in-process-plugin-server-path /Applications/Xcode-27.0.0-Release.Candidate.app/Contents/Developer/Toolchains/XcodeDefault.xctoolchain/usr/lib/swift/host/libSwiftInProcPluginServer.dylib -emit-module-doc-path /Users/admin/builder/spi-builder-workspace/.derivedData/Build/Intermediates.noindex/Thrift.build/Debug-watchos/Thrift-t.build/Objects-normal/arm64_32/Thrift.swiftdoc -emit-module-source-info-path /Users/admin/builder/spi-builder-workspace/.derivedData/Build/Intermediates.noindex/Thrift.build/Debug-watchos/Thrift-t.build/Objects-normal/arm64_32/Thrift.swiftsourceinfo -emit-objc-header-path /Users/admin/builder/spi-builder-workspace/.derivedData/Build/Intermediates.noindex/Thrift.build/Debug-watchos/Thrift-t.build/Objects-normal/arm64_32/Thrift-Swift.h -serialize-diagnostics-path /Users/admin/builder/spi-builder-workspace/.derivedData/Build/Intermediates.noindex/Thrift.build/Debug-watchos/Thrift-t.build/Objects-normal/arm64_32/Thrift-primary-emit-module.dia -emit-dependencies-path /Users/admin/builder/spi-builder-workspace/.derivedData/Build/Intermediates.noindex/Thrift.build/Debug-watchos/Thrift-t.build/Objects-normal/arm64_32/Thrift-primary-emit-module.d -parse-as-library -o /Users/admin/builder/spi-builder-workspace/.derivedData/Build/Intermediates.noindex/Thrift.build/Debug-watchos/Thrift-t.build/Objects-normal/arm64_32/Thrift.swiftmodule -emit-abi-descriptor-path /Users/admin/builder/spi-builder-workspace/.derivedData/Build/Intermediates.noindex/Thrift.build/Debug-watchos/Thrift-t.build/Objects-normal/arm64_32/Thrift.abi.json
SwiftCompile normal arm64_32 Compiling\ TMap.swift,\ TMemoryBufferTransport.swift,\ TMultiplexedProtocol.swift /Users/admin/builder/spi-builder-workspace/Sources/TMap.swift /Users/admin/builder/spi-builder-workspace/Sources/TMemoryBufferTransport.swift /Users/admin/builder/spi-builder-workspace/Sources/TMultiplexedProtocol.swift (in target 'Thrift' from project 'Thrift')
SwiftCompile normal arm64_32 /Users/admin/builder/spi-builder-workspace/Sources/TMap.swift (in target 'Thrift' from project 'Thrift')
cd /Users/admin/builder/spi-builder-workspace/.swiftpm/xcode
builtin-SwiftPerFileCompile TMap.swift
SwiftCompile normal arm64_32 /Users/admin/builder/spi-builder-workspace/Sources/TMemoryBufferTransport.swift (in target 'Thrift' from project 'Thrift')
cd /Users/admin/builder/spi-builder-workspace/.swiftpm/xcode
builtin-SwiftPerFileCompile TMemoryBufferTransport.swift
SwiftCompile normal arm64_32 /Users/admin/builder/spi-builder-workspace/Sources/TMultiplexedProtocol.swift (in target 'Thrift' from project 'Thrift')
cd /Users/admin/builder/spi-builder-workspace/.swiftpm/xcode
builtin-SwiftPerFileCompile TMultiplexedProtocol.swift
SwiftCompile normal arm64_32 Compiling\ TSet.swift,\ TSocketServer.swift,\ TSocketTransport.swift /Users/admin/builder/spi-builder-workspace/Sources/TSet.swift /Users/admin/builder/spi-builder-workspace/Sources/TSocketServer.swift /Users/admin/builder/spi-builder-workspace/Sources/TSocketTransport.swift (in target 'Thrift' from project 'Thrift')
/Users/admin/builder/spi-builder-workspace/Sources/TSocketServer.swift:82:28: warning: 'withUnsafeBytes' is deprecated: use `withUnsafeBytes<R>(_: (UnsafeRawBufferPointer) throws -> R) rethrows -> R` instead [#DeprecatedDeclaration]
80 | let address = Data(bytes: ptr, count: MemoryLayout<sockaddr_in>.size)
81 |
82 | let cfaddr = address.withUnsafeBytes {
| `- warning: 'withUnsafeBytes' is deprecated: use `withUnsafeBytes<R>(_: (UnsafeRawBufferPointer) throws -> R) rethrows -> R` instead [#DeprecatedDeclaration]
83 | CFDataCreateWithBytesNoCopy(kCFAllocatorDefault, $0, address.count, nil)
84 | }
/Users/admin/builder/spi-builder-workspace/Sources/TSocketTransport.swift:62:48: error: cannot find 'kCFStreamPropertySSLPeerTrust' in scope
60 | #else
61 | extension Stream.PropertyKey {
62 | static let SSLPeerTrust = Stream.PropertyKey(kCFStreamPropertySSLPeerTrust as String)
| `- error: cannot find 'kCFStreamPropertySSLPeerTrust' in scope
63 | }
64 |
/Users/admin/builder/spi-builder-workspace/Sources/TSocketTransport.swift:187:12: warning: 'init(bytes:)' is deprecated: use `init(_:)` instead [#DeprecatedDeclaration]
185 | let readBytes = Sys.read(socketDescriptor, &buff, size)
186 |
187 | return Data(bytes: buff[0..<readBytes])
| `- warning: 'init(bytes:)' is deprecated: use `init(_:)` instead [#DeprecatedDeclaration]
188 | }
189 |
SwiftCompile normal arm64_32 /Users/admin/builder/spi-builder-workspace/Sources/TSet.swift (in target 'Thrift' from project 'Thrift')
cd /Users/admin/builder/spi-builder-workspace/.swiftpm/xcode
builtin-SwiftPerFileCompile TSet.swift
SwiftCompile normal arm64_32 /Users/admin/builder/spi-builder-workspace/Sources/TSocketServer.swift (in target 'Thrift' from project 'Thrift')
cd /Users/admin/builder/spi-builder-workspace/.swiftpm/xcode
builtin-SwiftPerFileCompile TSocketServer.swift
SwiftCompile normal arm64_32 /Users/admin/builder/spi-builder-workspace/Sources/TSocketTransport.swift (in target 'Thrift' from project 'Thrift')
cd /Users/admin/builder/spi-builder-workspace/.swiftpm/xcode
builtin-SwiftPerFileCompile TSocketTransport.swift
SwiftCompile normal arm64_32 Compiling\ TBinaryProtocol.swift,\ TClient.swift,\ TCompactProtocol.swift,\ TEnum.swift /Users/admin/builder/spi-builder-workspace/Sources/TBinaryProtocol.swift /Users/admin/builder/spi-builder-workspace/Sources/TClient.swift /Users/admin/builder/spi-builder-workspace/Sources/TCompactProtocol.swift /Users/admin/builder/spi-builder-workspace/Sources/TEnum.swift (in target 'Thrift' from project 'Thrift')
/Users/admin/builder/spi-builder-workspace/Sources/TBinaryProtocol.swift:328:16: warning: 'init(bytes:)' is deprecated: use `init(_:)` instead [#DeprecatedDeclaration]
326 |
327 | public func write(_ value: UInt8) throws {
328 | let buff = Data(bytes: [value])
| `- warning: 'init(bytes:)' is deprecated: use `init(_:)` instead [#DeprecatedDeclaration]
329 |
330 | try ProtocolTransportTry(error: TProtocolError(message: "Transport write failed")) {
/Users/admin/builder/spi-builder-workspace/Sources/TBinaryProtocol.swift:337:17: warning: 'init(bytes:)' is deprecated: use `init(_:)` instead [#DeprecatedDeclaration]
335 | public func write(_ value: Int16) throws {
336 | var buff = Data()
337 | buff.append(Data(bytes: [UInt8(0xff & (value >> 8))]))
| `- warning: 'init(bytes:)' is deprecated: use `init(_:)` instead [#DeprecatedDeclaration]
338 | buff.append(Data(bytes: [UInt8(0xff & (value))]))
339 | try ProtocolTransportTry(error: TProtocolError(message: "Transport write failed")) {
/Users/admin/builder/spi-builder-workspace/Sources/TBinaryProtocol.swift:338:17: warning: 'init(bytes:)' is deprecated: use `init(_:)` instead [#DeprecatedDeclaration]
336 | var buff = Data()
337 | buff.append(Data(bytes: [UInt8(0xff & (value >> 8))]))
338 | buff.append(Data(bytes: [UInt8(0xff & (value))]))
| `- warning: 'init(bytes:)' is deprecated: use `init(_:)` instead [#DeprecatedDeclaration]
339 | try ProtocolTransportTry(error: TProtocolError(message: "Transport write failed")) {
340 | try self.transport.write(data: buff)
/Users/admin/builder/spi-builder-workspace/Sources/TBinaryProtocol.swift:346:17: warning: 'init(bytes:)' is deprecated: use `init(_:)` instead [#DeprecatedDeclaration]
344 | public func write(_ value: Int32) throws {
345 | var buff = Data()
346 | buff.append(Data(bytes: [UInt8(0xff & (value >> 24))]))
| `- warning: 'init(bytes:)' is deprecated: use `init(_:)` instead [#DeprecatedDeclaration]
347 | buff.append(Data(bytes: [UInt8(0xff & (value >> 16))]))
348 | buff.append(Data(bytes: [UInt8(0xff & (value >> 8))]))
/Users/admin/builder/spi-builder-workspace/Sources/TBinaryProtocol.swift:347:17: warning: 'init(bytes:)' is deprecated: use `init(_:)` instead [#DeprecatedDeclaration]
345 | var buff = Data()
346 | buff.append(Data(bytes: [UInt8(0xff & (value >> 24))]))
347 | buff.append(Data(bytes: [UInt8(0xff & (value >> 16))]))
| `- warning: 'init(bytes:)' is deprecated: use `init(_:)` instead [#DeprecatedDeclaration]
348 | buff.append(Data(bytes: [UInt8(0xff & (value >> 8))]))
349 | buff.append(Data(bytes: [UInt8(0xff & (value))]))
/Users/admin/builder/spi-builder-workspace/Sources/TBinaryProtocol.swift:348:17: warning: 'init(bytes:)' is deprecated: use `init(_:)` instead [#DeprecatedDeclaration]
346 | buff.append(Data(bytes: [UInt8(0xff & (value >> 24))]))
347 | buff.append(Data(bytes: [UInt8(0xff & (value >> 16))]))
348 | buff.append(Data(bytes: [UInt8(0xff & (value >> 8))]))
| `- warning: 'init(bytes:)' is deprecated: use `init(_:)` instead [#DeprecatedDeclaration]
349 | buff.append(Data(bytes: [UInt8(0xff & (value))]))
350 |
/Users/admin/builder/spi-builder-workspace/Sources/TBinaryProtocol.swift:349:17: warning: 'init(bytes:)' is deprecated: use `init(_:)` instead [#DeprecatedDeclaration]
347 | buff.append(Data(bytes: [UInt8(0xff & (value >> 16))]))
348 | buff.append(Data(bytes: [UInt8(0xff & (value >> 8))]))
349 | buff.append(Data(bytes: [UInt8(0xff & (value))]))
| `- warning: 'init(bytes:)' is deprecated: use `init(_:)` instead [#DeprecatedDeclaration]
350 |
351 | try ProtocolTransportTry(error: TProtocolError(message: "Transport write failed")) {
/Users/admin/builder/spi-builder-workspace/Sources/TBinaryProtocol.swift:358:17: warning: 'init(bytes:)' is deprecated: use `init(_:)` instead [#DeprecatedDeclaration]
356 | public func write(_ value: Int64) throws {
357 | var buff = Data()
358 | buff.append(Data(bytes: [UInt8(0xff & (value >> 56))]))
| `- warning: 'init(bytes:)' is deprecated: use `init(_:)` instead [#DeprecatedDeclaration]
359 | buff.append(Data(bytes: [UInt8(0xff & (value >> 48))]))
360 | buff.append(Data(bytes: [UInt8(0xff & (value >> 40))]))
/Users/admin/builder/spi-builder-workspace/Sources/TBinaryProtocol.swift:359:17: warning: 'init(bytes:)' is deprecated: use `init(_:)` instead [#DeprecatedDeclaration]
357 | var buff = Data()
358 | buff.append(Data(bytes: [UInt8(0xff & (value >> 56))]))
359 | buff.append(Data(bytes: [UInt8(0xff & (value >> 48))]))
| `- warning: 'init(bytes:)' is deprecated: use `init(_:)` instead [#DeprecatedDeclaration]
360 | buff.append(Data(bytes: [UInt8(0xff & (value >> 40))]))
361 | buff.append(Data(bytes: [UInt8(0xff & (value >> 32))]))
/Users/admin/builder/spi-builder-workspace/Sources/TBinaryProtocol.swift:360:17: warning: 'init(bytes:)' is deprecated: use `init(_:)` instead [#DeprecatedDeclaration]
358 | buff.append(Data(bytes: [UInt8(0xff & (value >> 56))]))
359 | buff.append(Data(bytes: [UInt8(0xff & (value >> 48))]))
360 | buff.append(Data(bytes: [UInt8(0xff & (value >> 40))]))
| `- warning: 'init(bytes:)' is deprecated: use `init(_:)` instead [#DeprecatedDeclaration]
361 | buff.append(Data(bytes: [UInt8(0xff & (value >> 32))]))
362 | buff.append(Data(bytes: [UInt8(0xff & (value >> 24))]))
/Users/admin/builder/spi-builder-workspace/Sources/TBinaryProtocol.swift:361:17: warning: 'init(bytes:)' is deprecated: use `init(_:)` instead [#DeprecatedDeclaration]
359 | buff.append(Data(bytes: [UInt8(0xff & (value >> 48))]))
360 | buff.append(Data(bytes: [UInt8(0xff & (value >> 40))]))
361 | buff.append(Data(bytes: [UInt8(0xff & (value >> 32))]))
| `- warning: 'init(bytes:)' is deprecated: use `init(_:)` instead [#DeprecatedDeclaration]
362 | buff.append(Data(bytes: [UInt8(0xff & (value >> 24))]))
363 | buff.append(Data(bytes: [UInt8(0xff & (value >> 16))]))
/Users/admin/builder/spi-builder-workspace/Sources/TBinaryProtocol.swift:362:17: warning: 'init(bytes:)' is deprecated: use `init(_:)` instead [#DeprecatedDeclaration]
360 | buff.append(Data(bytes: [UInt8(0xff & (value >> 40))]))
361 | buff.append(Data(bytes: [UInt8(0xff & (value >> 32))]))
362 | buff.append(Data(bytes: [UInt8(0xff & (value >> 24))]))
| `- warning: 'init(bytes:)' is deprecated: use `init(_:)` instead [#DeprecatedDeclaration]
363 | buff.append(Data(bytes: [UInt8(0xff & (value >> 16))]))
364 | buff.append(Data(bytes: [UInt8(0xff & (value >> 8))]))
/Users/admin/builder/spi-builder-workspace/Sources/TBinaryProtocol.swift:363:17: warning: 'init(bytes:)' is deprecated: use `init(_:)` instead [#DeprecatedDeclaration]
361 | buff.append(Data(bytes: [UInt8(0xff & (value >> 32))]))
362 | buff.append(Data(bytes: [UInt8(0xff & (value >> 24))]))
363 | buff.append(Data(bytes: [UInt8(0xff & (value >> 16))]))
| `- warning: 'init(bytes:)' is deprecated: use `init(_:)` instead [#DeprecatedDeclaration]
364 | buff.append(Data(bytes: [UInt8(0xff & (value >> 8))]))
365 | buff.append(Data(bytes: [UInt8(0xff & (value))]))
/Users/admin/builder/spi-builder-workspace/Sources/TBinaryProtocol.swift:364:17: warning: 'init(bytes:)' is deprecated: use `init(_:)` instead [#DeprecatedDeclaration]
362 | buff.append(Data(bytes: [UInt8(0xff & (value >> 24))]))
363 | buff.append(Data(bytes: [UInt8(0xff & (value >> 16))]))
364 | buff.append(Data(bytes: [UInt8(0xff & (value >> 8))]))
| `- warning: 'init(bytes:)' is deprecated: use `init(_:)` instead [#DeprecatedDeclaration]
365 | buff.append(Data(bytes: [UInt8(0xff & (value))]))
366 |
/Users/admin/builder/spi-builder-workspace/Sources/TBinaryProtocol.swift:365:17: warning: 'init(bytes:)' is deprecated: use `init(_:)` instead [#DeprecatedDeclaration]
363 | buff.append(Data(bytes: [UInt8(0xff & (value >> 16))]))
364 | buff.append(Data(bytes: [UInt8(0xff & (value >> 8))]))
365 | buff.append(Data(bytes: [UInt8(0xff & (value))]))
| `- warning: 'init(bytes:)' is deprecated: use `init(_:)` instead [#DeprecatedDeclaration]
366 |
367 | try ProtocolTransportTry(error: TProtocolError(message: "Transport write failed")) {
/Users/admin/builder/spi-builder-workspace/Sources/TCompactProtocol.swift:70:16: warning: 'init(bytes:)' is deprecated: use `init(_:)` instead [#DeprecatedDeclaration]
68 |
69 | func writebyteDirect(_ byte: UInt8) throws {
70 | let byte = Data(bytes: [byte])
| `- warning: 'init(bytes:)' is deprecated: use `init(_:)` instead [#DeprecatedDeclaration]
71 | try ProtocolTransportTry(error: TProtocolError(message: "Transport Write Failed")) {
72 | try self.transport.write(data: byte)
/Users/admin/builder/spi-builder-workspace/Sources/TCompactProtocol.swift:93:38: warning: 'init(bytes:)' is deprecated: use `init(_:)` instead [#DeprecatedDeclaration]
91 |
92 | try ProtocolTransportTry(error: TProtocolError(message: "Transport Write Failed")) {
93 | try self.transport.write(data: Data(bytes: i32buf[0..<idx]))
| `- warning: 'init(bytes:)' is deprecated: use `init(_:)` instead [#DeprecatedDeclaration]
94 | }
95 | }
/Users/admin/builder/spi-builder-workspace/Sources/TCompactProtocol.swift:114:38: warning: 'init(bytes:)' is deprecated: use `init(_:)` instead [#DeprecatedDeclaration]
112 |
113 | try ProtocolTransportTry(error: TProtocolError(message: "Transport Write Failed")) {
114 | try self.transport.write(data: Data(bytes: varint64out[0..<idx]))
| `- warning: 'init(bytes:)' is deprecated: use `init(_:)` instead [#DeprecatedDeclaration]
115 | }
116 |
SwiftCompile normal arm64_32 /Users/admin/builder/spi-builder-workspace/Sources/TBinaryProtocol.swift (in target 'Thrift' from project 'Thrift')
cd /Users/admin/builder/spi-builder-workspace/.swiftpm/xcode
builtin-SwiftPerFileCompile TBinaryProtocol.swift
SwiftCompile normal arm64_32 /Users/admin/builder/spi-builder-workspace/Sources/TClient.swift (in target 'Thrift' from project 'Thrift')
cd /Users/admin/builder/spi-builder-workspace/.swiftpm/xcode
builtin-SwiftPerFileCompile TClient.swift
SwiftCompile normal arm64_32 /Users/admin/builder/spi-builder-workspace/Sources/TCompactProtocol.swift (in target 'Thrift' from project 'Thrift')
cd /Users/admin/builder/spi-builder-workspace/.swiftpm/xcode
builtin-SwiftPerFileCompile TCompactProtocol.swift
SwiftCompile normal arm64_32 /Users/admin/builder/spi-builder-workspace/Sources/TEnum.swift (in target 'Thrift' from project 'Thrift')
cd /Users/admin/builder/spi-builder-workspace/.swiftpm/xcode
builtin-SwiftPerFileCompile TEnum.swift
SwiftCompile normal arm64_32 Compiling\ TProcessor.swift,\ TProtocol.swift,\ TProtocolError.swift /Users/admin/builder/spi-builder-workspace/Sources/TProcessor.swift /Users/admin/builder/spi-builder-workspace/Sources/TProtocol.swift /Users/admin/builder/spi-builder-workspace/Sources/TProtocolError.swift (in target 'Thrift' from project 'Thrift')
/Users/admin/builder/spi-builder-workspace/Sources/TProtocol.swift:102:3: warning: 'public' modifier is redundant for instance method declared in a public extension
100 |
101 | public extension TProtocol {
102 | public func writeFieldValue(_ value: TSerializable, name: String, type: TType, id: Int32) throws {
| `- warning: 'public' modifier is redundant for instance method declared in a public extension
103 | try writeFieldBegin(name: name, type: type, fieldID: id)
104 | try value.write(to: self)
/Users/admin/builder/spi-builder-workspace/Sources/TProtocol.swift:108:3: warning: 'public' modifier is redundant for instance method declared in a public extension
106 | }
107 |
108 | public func validateValue(_ value: Any?, named name: String) throws {
| `- warning: 'public' modifier is redundant for instance method declared in a public extension
109 | if value == nil {
110 | throw TProtocolError(error: .unknown, message: "Missing required value for field: \(name)")
/Users/admin/builder/spi-builder-workspace/Sources/TProtocol.swift:114:3: warning: 'public' modifier is redundant for instance method declared in a public extension
112 | }
113 |
114 | public func readResultMessageBegin() throws {
| `- warning: 'public' modifier is redundant for instance method declared in a public extension
115 | let (_, type, _) = try readMessageBegin();
116 | if type == .exception {
/Users/admin/builder/spi-builder-workspace/Sources/TProtocol.swift:123:3: warning: 'public' modifier is redundant for instance method declared in a public extension
121 | }
122 |
123 | public func readException() throws -> TApplicationError {
| `- warning: 'public' modifier is redundant for instance method declared in a public extension
124 | return try TApplicationError.read(from: self)
125 | }
/Users/admin/builder/spi-builder-workspace/Sources/TProtocol.swift:127:3: warning: 'public' modifier is redundant for instance method declared in a public extension
125 | }
126 |
127 | public func writeException(messageName name: String, sequenceID: Int32, ex: TApplicationError) throws {
| `- warning: 'public' modifier is redundant for instance method declared in a public extension
128 | try writeMessageBegin(name: name, type: .exception, sequenceID: sequenceID)
129 | try ex.write(to: self)
/Users/admin/builder/spi-builder-workspace/Sources/TProtocol.swift:133:3: warning: 'public' modifier is redundant for instance method declared in a public extension
131 | }
132 |
133 | public func skip(type: TType) throws {
| `- warning: 'public' modifier is redundant for instance method declared in a public extension
134 | switch type {
135 | case .bool: _ = try read() as Bool
SwiftCompile normal arm64_32 /Users/admin/builder/spi-builder-workspace/Sources/TProcessor.swift (in target 'Thrift' from project 'Thrift')
cd /Users/admin/builder/spi-builder-workspace/.swiftpm/xcode
builtin-SwiftPerFileCompile TProcessor.swift
SwiftCompile normal arm64_32 /Users/admin/builder/spi-builder-workspace/Sources/TProtocol.swift (in target 'Thrift' from project 'Thrift')
cd /Users/admin/builder/spi-builder-workspace/.swiftpm/xcode
builtin-SwiftPerFileCompile TProtocol.swift
SwiftCompile normal arm64_32 /Users/admin/builder/spi-builder-workspace/Sources/TProtocolError.swift (in target 'Thrift' from project 'Thrift')
cd /Users/admin/builder/spi-builder-workspace/.swiftpm/xcode
builtin-SwiftPerFileCompile TProtocolError.swift
SwiftCompile normal arm64_32 Compiling\ TTransportError.swift,\ TWrappedProtocol.swift,\ Thrift.swift /Users/admin/builder/spi-builder-workspace/Sources/TTransportError.swift /Users/admin/builder/spi-builder-workspace/Sources/TWrappedProtocol.swift /Users/admin/builder/spi-builder-workspace/Sources/Thrift.swift (in target 'Thrift' from project 'Thrift')
SwiftCompile normal arm64_32 /Users/admin/builder/spi-builder-workspace/Sources/TTransportError.swift (in target 'Thrift' from project 'Thrift')
cd /Users/admin/builder/spi-builder-workspace/.swiftpm/xcode
builtin-SwiftPerFileCompile TTransportError.swift
SwiftCompile normal arm64_32 /Users/admin/builder/spi-builder-workspace/Sources/TWrappedProtocol.swift (in target 'Thrift' from project 'Thrift')
cd /Users/admin/builder/spi-builder-workspace/.swiftpm/xcode
builtin-SwiftPerFileCompile TWrappedProtocol.swift
SwiftCompile normal arm64_32 /Users/admin/builder/spi-builder-workspace/Sources/Thrift.swift (in target 'Thrift' from project 'Thrift')
cd /Users/admin/builder/spi-builder-workspace/.swiftpm/xcode
builtin-SwiftPerFileCompile Thrift.swift
SwiftCompile normal arm64 Compiling\ LinuxHelper.swift,\ TApplicationError.swift,\ TBase64Utils.swift,\ TBinary.swift /Users/admin/builder/spi-builder-workspace/Sources/LinuxHelper.swift /Users/admin/builder/spi-builder-workspace/Sources/TApplicationError.swift /Users/admin/builder/spi-builder-workspace/Sources/TBase64Utils.swift /Users/admin/builder/spi-builder-workspace/Sources/TBinary.swift (in target 'Thrift' from project 'Thrift')
SwiftCompile normal arm64 /Users/admin/builder/spi-builder-workspace/Sources/LinuxHelper.swift (in target 'Thrift' from project 'Thrift')
cd /Users/admin/builder/spi-builder-workspace/.swiftpm/xcode
builtin-SwiftPerFileCompile LinuxHelper.swift
SwiftCompile normal arm64 /Users/admin/builder/spi-builder-workspace/Sources/TApplicationError.swift (in target 'Thrift' from project 'Thrift')
cd /Users/admin/builder/spi-builder-workspace/.swiftpm/xcode
builtin-SwiftPerFileCompile TApplicationError.swift
SwiftCompile normal arm64 /Users/admin/builder/spi-builder-workspace/Sources/TBase64Utils.swift (in target 'Thrift' from project 'Thrift')
cd /Users/admin/builder/spi-builder-workspace/.swiftpm/xcode
builtin-SwiftPerFileCompile TBase64Utils.swift
SwiftCompile normal arm64 /Users/admin/builder/spi-builder-workspace/Sources/TBinary.swift (in target 'Thrift' from project 'Thrift')
cd /Users/admin/builder/spi-builder-workspace/.swiftpm/xcode
builtin-SwiftPerFileCompile TBinary.swift
SwiftCompile normal arm64 Compiling\ TBinaryProtocol.swift,\ TClient.swift,\ TCompactProtocol.swift,\ TEnum.swift /Users/admin/builder/spi-builder-workspace/Sources/TBinaryProtocol.swift /Users/admin/builder/spi-builder-workspace/Sources/TClient.swift /Users/admin/builder/spi-builder-workspace/Sources/TCompactProtocol.swift /Users/admin/builder/spi-builder-workspace/Sources/TEnum.swift (in target 'Thrift' from project 'Thrift')
/Users/admin/builder/spi-builder-workspace/Sources/TBinaryProtocol.swift:328:16: warning: 'init(bytes:)' is deprecated: use `init(_:)` instead [#DeprecatedDeclaration]
326 |
327 | public func write(_ value: UInt8) throws {
328 | let buff = Data(bytes: [value])
| `- warning: 'init(bytes:)' is deprecated: use `init(_:)` instead [#DeprecatedDeclaration]
329 |
330 | try ProtocolTransportTry(error: TProtocolError(message: "Transport write failed")) {
/Users/admin/builder/spi-builder-workspace/Sources/TBinaryProtocol.swift:337:17: warning: 'init(bytes:)' is deprecated: use `init(_:)` instead [#DeprecatedDeclaration]
335 | public func write(_ value: Int16) throws {
336 | var buff = Data()
337 | buff.append(Data(bytes: [UInt8(0xff & (value >> 8))]))
| `- warning: 'init(bytes:)' is deprecated: use `init(_:)` instead [#DeprecatedDeclaration]
338 | buff.append(Data(bytes: [UInt8(0xff & (value))]))
339 | try ProtocolTransportTry(error: TProtocolError(message: "Transport write failed")) {
/Users/admin/builder/spi-builder-workspace/Sources/TBinaryProtocol.swift:338:17: warning: 'init(bytes:)' is deprecated: use `init(_:)` instead [#DeprecatedDeclaration]
336 | var buff = Data()
337 | buff.append(Data(bytes: [UInt8(0xff & (value >> 8))]))
338 | buff.append(Data(bytes: [UInt8(0xff & (value))]))
| `- warning: 'init(bytes:)' is deprecated: use `init(_:)` instead [#DeprecatedDeclaration]
339 | try ProtocolTransportTry(error: TProtocolError(message: "Transport write failed")) {
340 | try self.transport.write(data: buff)
/Users/admin/builder/spi-builder-workspace/Sources/TBinaryProtocol.swift:346:17: warning: 'init(bytes:)' is deprecated: use `init(_:)` instead [#DeprecatedDeclaration]
344 | public func write(_ value: Int32) throws {
345 | var buff = Data()
346 | buff.append(Data(bytes: [UInt8(0xff & (value >> 24))]))
| `- warning: 'init(bytes:)' is deprecated: use `init(_:)` instead [#DeprecatedDeclaration]
347 | buff.append(Data(bytes: [UInt8(0xff & (value >> 16))]))
348 | buff.append(Data(bytes: [UInt8(0xff & (value >> 8))]))
/Users/admin/builder/spi-builder-workspace/Sources/TBinaryProtocol.swift:347:17: warning: 'init(bytes:)' is deprecated: use `init(_:)` instead [#DeprecatedDeclaration]
345 | var buff = Data()
346 | buff.append(Data(bytes: [UInt8(0xff & (value >> 24))]))
347 | buff.append(Data(bytes: [UInt8(0xff & (value >> 16))]))
| `- warning: 'init(bytes:)' is deprecated: use `init(_:)` instead [#DeprecatedDeclaration]
348 | buff.append(Data(bytes: [UInt8(0xff & (value >> 8))]))
349 | buff.append(Data(bytes: [UInt8(0xff & (value))]))
/Users/admin/builder/spi-builder-workspace/Sources/TBinaryProtocol.swift:348:17: warning: 'init(bytes:)' is deprecated: use `init(_:)` instead [#DeprecatedDeclaration]
346 | buff.append(Data(bytes: [UInt8(0xff & (value >> 24))]))
347 | buff.append(Data(bytes: [UInt8(0xff & (value >> 16))]))
348 | buff.append(Data(bytes: [UInt8(0xff & (value >> 8))]))
| `- warning: 'init(bytes:)' is deprecated: use `init(_:)` instead [#DeprecatedDeclaration]
349 | buff.append(Data(bytes: [UInt8(0xff & (value))]))
350 |
/Users/admin/builder/spi-builder-workspace/Sources/TBinaryProtocol.swift:349:17: warning: 'init(bytes:)' is deprecated: use `init(_:)` instead [#DeprecatedDeclaration]
347 | buff.append(Data(bytes: [UInt8(0xff & (value >> 16))]))
348 | buff.append(Data(bytes: [UInt8(0xff & (value >> 8))]))
349 | buff.append(Data(bytes: [UInt8(0xff & (value))]))
| `- warning: 'init(bytes:)' is deprecated: use `init(_:)` instead [#DeprecatedDeclaration]
350 |
351 | try ProtocolTransportTry(error: TProtocolError(message: "Transport write failed")) {
/Users/admin/builder/spi-builder-workspace/Sources/TBinaryProtocol.swift:358:17: warning: 'init(bytes:)' is deprecated: use `init(_:)` instead [#DeprecatedDeclaration]
356 | public func write(_ value: Int64) throws {
357 | var buff = Data()
358 | buff.append(Data(bytes: [UInt8(0xff & (value >> 56))]))
| `- warning: 'init(bytes:)' is deprecated: use `init(_:)` instead [#DeprecatedDeclaration]
359 | buff.append(Data(bytes: [UInt8(0xff & (value >> 48))]))
360 | buff.append(Data(bytes: [UInt8(0xff & (value >> 40))]))
/Users/admin/builder/spi-builder-workspace/Sources/TBinaryProtocol.swift:359:17: warning: 'init(bytes:)' is deprecated: use `init(_:)` instead [#DeprecatedDeclaration]
357 | var buff = Data()
358 | buff.append(Data(bytes: [UInt8(0xff & (value >> 56))]))
359 | buff.append(Data(bytes: [UInt8(0xff & (value >> 48))]))
| `- warning: 'init(bytes:)' is deprecated: use `init(_:)` instead [#DeprecatedDeclaration]
360 | buff.append(Data(bytes: [UInt8(0xff & (value >> 40))]))
361 | buff.append(Data(bytes: [UInt8(0xff & (value >> 32))]))
/Users/admin/builder/spi-builder-workspace/Sources/TBinaryProtocol.swift:360:17: warning: 'init(bytes:)' is deprecated: use `init(_:)` instead [#DeprecatedDeclaration]
358 | buff.append(Data(bytes: [UInt8(0xff & (value >> 56))]))
359 | buff.append(Data(bytes: [UInt8(0xff & (value >> 48))]))
360 | buff.append(Data(bytes: [UInt8(0xff & (value >> 40))]))
| `- warning: 'init(bytes:)' is deprecated: use `init(_:)` instead [#DeprecatedDeclaration]
361 | buff.append(Data(bytes: [UInt8(0xff & (value >> 32))]))
362 | buff.append(Data(bytes: [UInt8(0xff & (value >> 24))]))
/Users/admin/builder/spi-builder-workspace/Sources/TBinaryProtocol.swift:361:17: warning: 'init(bytes:)' is deprecated: use `init(_:)` instead [#DeprecatedDeclaration]
359 | buff.append(Data(bytes: [UInt8(0xff & (value >> 48))]))
360 | buff.append(Data(bytes: [UInt8(0xff & (value >> 40))]))
361 | buff.append(Data(bytes: [UInt8(0xff & (value >> 32))]))
| `- warning: 'init(bytes:)' is deprecated: use `init(_:)` instead [#DeprecatedDeclaration]
362 | buff.append(Data(bytes: [UInt8(0xff & (value >> 24))]))
363 | buff.append(Data(bytes: [UInt8(0xff & (value >> 16))]))
/Users/admin/builder/spi-builder-workspace/Sources/TBinaryProtocol.swift:362:17: warning: 'init(bytes:)' is deprecated: use `init(_:)` instead [#DeprecatedDeclaration]
360 | buff.append(Data(bytes: [UInt8(0xff & (value >> 40))]))
361 | buff.append(Data(bytes: [UInt8(0xff & (value >> 32))]))
362 | buff.append(Data(bytes: [UInt8(0xff & (value >> 24))]))
| `- warning: 'init(bytes:)' is deprecated: use `init(_:)` instead [#DeprecatedDeclaration]
363 | buff.append(Data(bytes: [UInt8(0xff & (value >> 16))]))
364 | buff.append(Data(bytes: [UInt8(0xff & (value >> 8))]))
/Users/admin/builder/spi-builder-workspace/Sources/TBinaryProtocol.swift:363:17: warning: 'init(bytes:)' is deprecated: use `init(_:)` instead [#DeprecatedDeclaration]
361 | buff.append(Data(bytes: [UInt8(0xff & (value >> 32))]))
362 | buff.append(Data(bytes: [UInt8(0xff & (value >> 24))]))
363 | buff.append(Data(bytes: [UInt8(0xff & (value >> 16))]))
| `- warning: 'init(bytes:)' is deprecated: use `init(_:)` instead [#DeprecatedDeclaration]
364 | buff.append(Data(bytes: [UInt8(0xff & (value >> 8))]))
365 | buff.append(Data(bytes: [UInt8(0xff & (value))]))
/Users/admin/builder/spi-builder-workspace/Sources/TBinaryProtocol.swift:364:17: warning: 'init(bytes:)' is deprecated: use `init(_:)` instead [#DeprecatedDeclaration]
362 | buff.append(Data(bytes: [UInt8(0xff & (value >> 24))]))
363 | buff.append(Data(bytes: [UInt8(0xff & (value >> 16))]))
364 | buff.append(Data(bytes: [UInt8(0xff & (value >> 8))]))
| `- warning: 'init(bytes:)' is deprecated: use `init(_:)` instead [#DeprecatedDeclaration]
365 | buff.append(Data(bytes: [UInt8(0xff & (value))]))
366 |
/Users/admin/builder/spi-builder-workspace/Sources/TBinaryProtocol.swift:365:17: warning: 'init(bytes:)' is deprecated: use `init(_:)` instead [#DeprecatedDeclaration]
363 | buff.append(Data(bytes: [UInt8(0xff & (value >> 16))]))
364 | buff.append(Data(bytes: [UInt8(0xff & (value >> 8))]))
365 | buff.append(Data(bytes: [UInt8(0xff & (value))]))
| `- warning: 'init(bytes:)' is deprecated: use `init(_:)` instead [#DeprecatedDeclaration]
366 |
367 | try ProtocolTransportTry(error: TProtocolError(message: "Transport write failed")) {
/Users/admin/builder/spi-builder-workspace/Sources/TCompactProtocol.swift:70:16: warning: 'init(bytes:)' is deprecated: use `init(_:)` instead [#DeprecatedDeclaration]
68 |
69 | func writebyteDirect(_ byte: UInt8) throws {
70 | let byte = Data(bytes: [byte])
| `- warning: 'init(bytes:)' is deprecated: use `init(_:)` instead [#DeprecatedDeclaration]
71 | try ProtocolTransportTry(error: TProtocolError(message: "Transport Write Failed")) {
72 | try self.transport.write(data: byte)
/Users/admin/builder/spi-builder-workspace/Sources/TCompactProtocol.swift:93:38: warning: 'init(bytes:)' is deprecated: use `init(_:)` instead [#DeprecatedDeclaration]
91 |
92 | try ProtocolTransportTry(error: TProtocolError(message: "Transport Write Failed")) {
93 | try self.transport.write(data: Data(bytes: i32buf[0..<idx]))
| `- warning: 'init(bytes:)' is deprecated: use `init(_:)` instead [#DeprecatedDeclaration]
94 | }
95 | }
/Users/admin/builder/spi-builder-workspace/Sources/TCompactProtocol.swift:114:38: warning: 'init(bytes:)' is deprecated: use `init(_:)` instead [#DeprecatedDeclaration]
112 |
113 | try ProtocolTransportTry(error: TProtocolError(message: "Transport Write Failed")) {
114 | try self.transport.write(data: Data(bytes: varint64out[0..<idx]))
| `- warning: 'init(bytes:)' is deprecated: use `init(_:)` instead [#DeprecatedDeclaration]
115 | }
116 |
SwiftCompile normal arm64 /Users/admin/builder/spi-builder-workspace/Sources/TBinaryProtocol.swift (in target 'Thrift' from project 'Thrift')
cd /Users/admin/builder/spi-builder-workspace/.swiftpm/xcode
builtin-SwiftPerFileCompile TBinaryProtocol.swift
SwiftCompile normal arm64 /Users/admin/builder/spi-builder-workspace/Sources/TClient.swift (in target 'Thrift' from project 'Thrift')
cd /Users/admin/builder/spi-builder-workspace/.swiftpm/xcode
builtin-SwiftPerFileCompile TClient.swift
SwiftCompile normal arm64 /Users/admin/builder/spi-builder-workspace/Sources/TCompactProtocol.swift (in target 'Thrift' from project 'Thrift')
cd /Users/admin/builder/spi-builder-workspace/.swiftpm/xcode
builtin-SwiftPerFileCompile TCompactProtocol.swift
SwiftCompile normal arm64 /Users/admin/builder/spi-builder-workspace/Sources/TEnum.swift (in target 'Thrift' from project 'Thrift')
cd /Users/admin/builder/spi-builder-workspace/.swiftpm/xcode
builtin-SwiftPerFileCompile TEnum.swift
SwiftCompile normal arm64_32 Compiling\ LinuxHelper.swift,\ TApplicationError.swift,\ TBase64Utils.swift,\ TBinary.swift /Users/admin/builder/spi-builder-workspace/Sources/LinuxHelper.swift /Users/admin/builder/spi-builder-workspace/Sources/TApplicationError.swift /Users/admin/builder/spi-builder-workspace/Sources/TBase64Utils.swift /Users/admin/builder/spi-builder-workspace/Sources/TBinary.swift (in target 'Thrift' from project 'Thrift')
SwiftCompile normal arm64_32 /Users/admin/builder/spi-builder-workspace/Sources/LinuxHelper.swift (in target 'Thrift' from project 'Thrift')
cd /Users/admin/builder/spi-builder-workspace/.swiftpm/xcode
builtin-SwiftPerFileCompile LinuxHelper.swift
SwiftCompile normal arm64_32 /Users/admin/builder/spi-builder-workspace/Sources/TApplicationError.swift (in target 'Thrift' from project 'Thrift')
cd /Users/admin/builder/spi-builder-workspace/.swiftpm/xcode
builtin-SwiftPerFileCompile TApplicationError.swift
SwiftCompile normal arm64_32 /Users/admin/builder/spi-builder-workspace/Sources/TBase64Utils.swift (in target 'Thrift' from project 'Thrift')
cd /Users/admin/builder/spi-builder-workspace/.swiftpm/xcode
builtin-SwiftPerFileCompile TBase64Utils.swift
SwiftCompile normal arm64_32 /Users/admin/builder/spi-builder-workspace/Sources/TBinary.swift (in target 'Thrift' from project 'Thrift')
cd /Users/admin/builder/spi-builder-workspace/.swiftpm/xcode
builtin-SwiftPerFileCompile TBinary.swift
SwiftCompile normal arm64_32 Compiling\ THTTPSessionTransport.swift,\ TJSONProtocol.swift,\ TList.swift /Users/admin/builder/spi-builder-workspace/Sources/THTTPSessionTransport.swift /Users/admin/builder/spi-builder-workspace/Sources/TJSONProtocol.swift /Users/admin/builder/spi-builder-workspace/Sources/TList.swift (in target 'Thrift' from project 'Thrift')
SwiftCompile normal arm64_32 /Users/admin/builder/spi-builder-workspace/Sources/THTTPSessionTransport.swift (in target 'Thrift' from project 'Thrift')
cd /Users/admin/builder/spi-builder-workspace/.swiftpm/xcode
builtin-SwiftPerFileCompile THTTPSessionTransport.swift
SwiftCompile normal arm64_32 /Users/admin/builder/spi-builder-workspace/Sources/TJSONProtocol.swift (in target 'Thrift' from project 'Thrift')
cd /Users/admin/builder/spi-builder-workspace/.swiftpm/xcode
builtin-SwiftPerFileCompile TJSONProtocol.swift
SwiftCompile normal arm64_32 /Users/admin/builder/spi-builder-workspace/Sources/TList.swift (in target 'Thrift' from project 'Thrift')
cd /Users/admin/builder/spi-builder-workspace/.swiftpm/xcode
builtin-SwiftPerFileCompile TList.swift
SwiftEmitModule normal arm64 Emitting\ module\ for\ Thrift (in target 'Thrift' from project 'Thrift')
SwiftCompile normal arm64 (in target 'Thrift' from project 'Thrift')
cd /Users/admin/builder/spi-builder-workspace/.swiftpm/xcode
PruneExplicitPrecompiledModules /Users/admin/builder/spi-builder-workspace/.derivedData/Build/Intermediates.noindex/SwiftExplicitPrecompiledModules
PruneExplicitPrecompiledModules /Users/admin/builder/spi-builder-workspace/.derivedData/SDKExplicitPrecompiledModules
PruneExplicitPrecompiledModules /Users/admin/builder/spi-builder-workspace/.derivedData/Build/Intermediates.noindex/ExplicitPrecompiledModules
2026-09-19 04:16:04.559 xcodebuild[731:4556] [MT] IDERunDestination: Supported platforms for the buildables in the current scheme is empty.
** BUILD FAILED **
The following build commands failed:
SwiftCompile normal arm64_32 (in target 'Thrift' from project 'Thrift')
SwiftEmitModule normal arm64_32 Emitting\ module\ for\ Thrift (in target 'Thrift' from project 'Thrift')
Building workspace Thrift with scheme Thrift
(3 failures)
BUILD FAILURE 6.4 watchOS