The Swift Package Index logo.Swift Package Index

Build Information

Failed to build MetricsReporter, reference v2.0.1 (49b0d7), with Swift 6.4 for Linux on 11 Oct 2026 22:56:23 UTC.

Build Command

bash -c docker run --pull=always --rm -v "checkouts-53886768-3":/host -w "$PWD" -e JAVA_HOME="/root/.sdkman/candidates/java/current" -e SPI_BUILD="1" -e SPI_PROCESSING="1" registry.gitlab.com/saguaro1/spi-images:basic-6.4-latest swift build --triple x86_64-unknown-linux-gnu 2>&1

Build Log

========================================
RunAll
========================================
Builder version: 5.1.1
Interrupt handler set up.
========================================
Checkout
========================================
Clone URL: https://github.com/rudderlabs/metrics-reporter-ios.git
Reference: v2.0.1
Initialized empty Git repository in /host/spi-builder-workspace/.git/
hint: Using 'master' as the name for the initial branch. This default branch name
hint: is subject to change. To configure the initial branch name to use in all
hint: of your new repositories, which will suppress this warning, call:
hint:
hint: 	git config --global init.defaultBranch <name>
hint:
hint: Names commonly chosen instead of 'master' are 'main', 'trunk' and
hint: 'development'. The just-created branch can be renamed via this command:
hint:
hint: 	git branch -m <name>
From https://github.com/rudderlabs/metrics-reporter-ios
 * tag               v2.0.1     -> FETCH_HEAD
HEAD is now at 49b0d7b chore(release): pulling release/2.0.1 into master
Cloned https://github.com/rudderlabs/metrics-reporter-ios.git
Revision (git rev-parse @):
49b0d7b8f5fefd95da210f6c92fc8a6a9daf0dfd
SUCCESS checkout https://github.com/rudderlabs/metrics-reporter-ios.git at v2.0.1
========================================
Build
========================================
Selected platform:         linux
Swift version:             6.4
Building package at path:  $PWD
https://github.com/rudderlabs/metrics-reporter-ios.git
Running build ...
bash -c docker run --pull=always --rm -v "checkouts-53886768-3":/host -w "$PWD" -e JAVA_HOME="/root/.sdkman/candidates/java/current" -e SPI_BUILD="1" -e SPI_PROCESSING="1" registry.gitlab.com/saguaro1/spi-images:basic-6.4-latest swift build --triple x86_64-unknown-linux-gnu 2>&1
basic-6.4-latest: Pulling from saguaro1/spi-images
Digest: sha256:cb09f0c0d537a8668f02529c380785d189fc75032d54572211355a09e050e122
Status: Image is up to date for registry.gitlab.com/saguaro1/spi-images:basic-6.4-latest
Fetching https://github.com/rudderlabs/rudder-ios-kit
Fetching https://github.com/rudderlabs/crash-reporter-ios
[1/351] Fetching rudder-ios-kit
[352/33579] Fetching rudder-ios-kit, crash-reporter-ios
Fetched https://github.com/rudderlabs/rudder-ios-kit (1.14s)
Fetched https://github.com/rudderlabs/crash-reporter-ios (1.14s)
Computing version for https://github.com/rudderlabs/crash-reporter-ios
Computed https://github.com/rudderlabs/crash-reporter-ios at 1.0.1 (1.33s)
Computing version for https://github.com/rudderlabs/rudder-ios-kit
Computed https://github.com/rudderlabs/rudder-ios-kit at 1.4.0 (0.17s)
Creating working copy for https://github.com/rudderlabs/rudder-ios-kit
Working copy of https://github.com/rudderlabs/rudder-ios-kit resolved at 1.4.0
Creating working copy for https://github.com/rudderlabs/crash-reporter-ios
Working copy of https://github.com/rudderlabs/crash-reporter-ios resolved at 1.0.1
warning: 'spi-builder-workspace': found 4 file(s) which are unhandled; explicitly declare them as resources or exclude from the target
    /host/spi-builder-workspace/MetricsReporterTests/MetricsReporter-iOS.xctestplan
    /host/spi-builder-workspace/MetricsReporterTests/MetricsReporter-macOS.xctestplan
    /host/spi-builder-workspace/MetricsReporterTests/MetricsReporter-tvOS.xctestplan
    /host/spi-builder-workspace/MetricsReporterTests/MetricsReporter-watchOS.xctestplan
Building for debugging...
[Constructing description]
[Planning deferred tasks]
In file included from /host/spi-builder-workspace/.build/checkouts/crash-reporter-ios/RSCrashReporter/Payload/RSCrashReporterUser.m:9:
In file included from /host/spi-builder-workspace/.build/checkouts/crash-reporter-ios/RSCrashReporter/Payload/RSCrashReporterUser+Private.h:9:
/host/spi-builder-workspace/.build/checkouts/crash-reporter-ios/RSCrashReporter/Helpers/RSCDefines.h:11:10: fatal error: 'TargetConditionals.h' file not found
   11 | #include <TargetConditionals.h>
      |          ^~~~~~~~~~~~~~~~~~~~~~
1 error generated.
error: CompileC /host/spi-builder-workspace/.build/out/Intermediates.noindex/RSCrashReporter.build/Debug-linux-x86_64/RSCrashReporter-t.build/Objects-normal/x86_64/RSCrashReporterUser.o /host/spi-builder-workspace/.build/checkouts/crash-reporter-ios/RSCrashReporter/Payload/RSCrashReporterUser.m normal x86_64 objective-c com.apple.compilers.llvm.clang.1_0.compiler failed with a nonzero exit code. Command line:     cd /host

    Using response file: /host/spi-builder-workspace/.build/out/Intermediates.noindex/RSCrashReporter.build/Debug-linux-x86_64/RSCrashReporter-t.build/Objects-normal/x86_64/6f95552a3397ee1cec971b90cf334075d5f321c3a3b0689ad55c3d1e24702600-common-args.resp

    /usr/bin/clang -x objective-c -target x86_64-unknown-linux-gnu -fmessage-length\=0 -fdiagnostics-show-note-include-stack -fmacro-backtrace-limit\=0 -fcolor-diagnostics -Wno-trigraphs -Wno-missing-field-initializers -Wno-missing-prototypes -Wno-return-type -Wno-implicit-atomic-properties -Wno-objc-interface-ivars -Wno-arc-repeated-use-of-weak -Wno-missing-braces -Wparentheses -Wswitch -Wno-unused-function -Wno-unused-label -Wno-unused-parameter -Wno-unused-variable -Wunused-value -Wno-empty-body -Wno-uninitialized -Wno-unknown-pragmas -w -Wno-shadow -Wno-four-char-constants -Wno-conversion -Wno-constant-conversion -Wno-int-conversion -Wno-bool-conversion -Wno-enum-conversion -Wno-float-conversion -Wno-non-literal-null-conversion -Wno-objc-literal-conversion -Wno-shorten-64-to-32 -Wpointer-sign -Wno-newline-eof -Wno-selector -Wno-strict-selector-match -Wno-undeclared-selector -Wno-deprecated-implementations -Wno-implicit-fallthrough -fstrict-aliasing -Wprotocol -Wdeprecated-declarations -Wno-sign-conversion -Wno-infinite-recursion -Wno-comma -Wno-block-capture-autoreleasing -Wno-strict-prototypes -Wno-semicolon-before-method-body --sysroot / @/host/spi-builder-workspace/.build/out/Intermediates.noindex/RSCrashReporter.build/Debug-linux-x86_64/RSCrashReporter-t.build/Objects-normal/x86_64/6f95552a3397ee1cec971b90cf334075d5f321c3a3b0689ad55c3d1e24702600-common-args.resp -MMD -MT dependencies -MF /host/spi-builder-workspace/.build/out/Intermediates.noindex/RSCrashReporter.build/Debug-linux-x86_64/RSCrashReporter-t.build/Objects-normal/x86_64/RSCrashReporterUser.d --serialize-diagnostics /host/spi-builder-workspace/.build/out/Intermediates.noindex/RSCrashReporter.build/Debug-linux-x86_64/RSCrashReporter-t.build/Objects-normal/x86_64/RSCrashReporterUser.dia -c /host/spi-builder-workspace/.build/checkouts/crash-reporter-ios/RSCrashReporter/Payload/RSCrashReporterUser.m -o /host/spi-builder-workspace/.build/out/Intermediates.noindex/RSCrashReporter.build/Debug-linux-x86_64/RSCrashReporter-t.build/Objects-normal/x86_64/RSCrashReporterUser.o
In file included from /host/spi-builder-workspace/.build/checkouts/crash-reporter-ios/RSCrashReporter/RSCrashReporterSystemState.m:9:
/host/spi-builder-workspace/.build/checkouts/crash-reporter-ios/RSCrashReporter/RSCrashReporterSystemState.h:9:9: fatal error: 'Foundation/Foundation.h' file not found
    9 | #import <Foundation/Foundation.h>
      |         ^~~~~~~~~~~~~~~~~~~~~~~~~
1 error generated.
error: CompileC /host/spi-builder-workspace/.build/out/Intermediates.noindex/RSCrashReporter.build/Debug-linux-x86_64/RSCrashReporter-t.build/Objects-normal/x86_64/RSCrashReporterSystemState.o /host/spi-builder-workspace/.build/checkouts/crash-reporter-ios/RSCrashReporter/RSCrashReporterSystemState.m normal x86_64 objective-c com.apple.compilers.llvm.clang.1_0.compiler failed with a nonzero exit code. Command line:     cd /host

    Using response file: /host/spi-builder-workspace/.build/out/Intermediates.noindex/RSCrashReporter.build/Debug-linux-x86_64/RSCrashReporter-t.build/Objects-normal/x86_64/6f95552a3397ee1cec971b90cf334075d5f321c3a3b0689ad55c3d1e24702600-common-args.resp

    /usr/bin/clang -x objective-c -target x86_64-unknown-linux-gnu -fmessage-length\=0 -fdiagnostics-show-note-include-stack -fmacro-backtrace-limit\=0 -fcolor-diagnostics -Wno-trigraphs -Wno-missing-field-initializers -Wno-missing-prototypes -Wno-return-type -Wno-implicit-atomic-properties -Wno-objc-interface-ivars -Wno-arc-repeated-use-of-weak -Wno-missing-braces -Wparentheses -Wswitch -Wno-unused-function -Wno-unused-label -Wno-unused-parameter -Wno-unused-variable -Wunused-value -Wno-empty-body -Wno-uninitialized -Wno-unknown-pragmas -w -Wno-shadow -Wno-four-char-constants -Wno-conversion -Wno-constant-conversion -Wno-int-conversion -Wno-bool-conversion -Wno-enum-conversion -Wno-float-conversion -Wno-non-literal-null-conversion -Wno-objc-literal-conversion -Wno-shorten-64-to-32 -Wpointer-sign -Wno-newline-eof -Wno-selector -Wno-strict-selector-match -Wno-undeclared-selector -Wno-deprecated-implementations -Wno-implicit-fallthrough -fstrict-aliasing -Wprotocol -Wdeprecated-declarations -Wno-sign-conversion -Wno-infinite-recursion -Wno-comma -Wno-block-capture-autoreleasing -Wno-strict-prototypes -Wno-semicolon-before-method-body --sysroot / @/host/spi-builder-workspace/.build/out/Intermediates.noindex/RSCrashReporter.build/Debug-linux-x86_64/RSCrashReporter-t.build/Objects-normal/x86_64/6f95552a3397ee1cec971b90cf334075d5f321c3a3b0689ad55c3d1e24702600-common-args.resp -MMD -MT dependencies -MF /host/spi-builder-workspace/.build/out/Intermediates.noindex/RSCrashReporter.build/Debug-linux-x86_64/RSCrashReporter-t.build/Objects-normal/x86_64/RSCrashReporterSystemState.d --serialize-diagnostics /host/spi-builder-workspace/.build/out/Intermediates.noindex/RSCrashReporter.build/Debug-linux-x86_64/RSCrashReporter-t.build/Objects-normal/x86_64/RSCrashReporterSystemState.dia -c /host/spi-builder-workspace/.build/checkouts/crash-reporter-ios/RSCrashReporter/RSCrashReporterSystemState.m -o /host/spi-builder-workspace/.build/out/Intermediates.noindex/RSCrashReporter.build/Debug-linux-x86_64/RSCrashReporter-t.build/Objects-normal/x86_64/RSCrashReporterSystemState.o
In file included from /host/spi-builder-workspace/.build/checkouts/crash-reporter-ios/RSCrashReporter/Payload/RSCrashReporterStacktrace.m:9:
/host/spi-builder-workspace/.build/checkouts/crash-reporter-ios/RSCrashReporter/Payload/RSCrashReporterStacktrace.h:9:9: fatal error: 'Foundation/Foundation.h' file not found
    9 | #import <Foundation/Foundation.h>
      |         ^~~~~~~~~~~~~~~~~~~~~~~~~
1 error generated.
error: CompileC /host/spi-builder-workspace/.build/out/Intermediates.noindex/RSCrashReporter.build/Debug-linux-x86_64/RSCrashReporter-t.build/Objects-normal/x86_64/RSCrashReporterStacktrace.o /host/spi-builder-workspace/.build/checkouts/crash-reporter-ios/RSCrashReporter/Payload/RSCrashReporterStacktrace.m normal x86_64 objective-c com.apple.compilers.llvm.clang.1_0.compiler failed with a nonzero exit code. Command line:     cd /host

    Using response file: /host/spi-builder-workspace/.build/out/Intermediates.noindex/RSCrashReporter.build/Debug-linux-x86_64/RSCrashReporter-t.build/Objects-normal/x86_64/6f95552a3397ee1cec971b90cf334075d5f321c3a3b0689ad55c3d1e24702600-common-args.resp

    /usr/bin/clang -x objective-c -target x86_64-unknown-linux-gnu -fmessage-length\=0 -fdiagnostics-show-note-include-stack -fmacro-backtrace-limit\=0 -fcolor-diagnostics -Wno-trigraphs -Wno-missing-field-initializers -Wno-missing-prototypes -Wno-return-type -Wno-implicit-atomic-properties -Wno-objc-interface-ivars -Wno-arc-repeated-use-of-weak -Wno-missing-braces -Wparentheses -Wswitch -Wno-unused-function -Wno-unused-label -Wno-unused-parameter -Wno-unused-variable -Wunused-value -Wno-empty-body -Wno-uninitialized -Wno-unknown-pragmas -w -Wno-shadow -Wno-four-char-constants -Wno-conversion -Wno-constant-conversion -Wno-int-conversion -Wno-bool-conversion -Wno-enum-conversion -Wno-float-conversion -Wno-non-literal-null-conversion -Wno-objc-literal-conversion -Wno-shorten-64-to-32 -Wpointer-sign -Wno-newline-eof -Wno-selector -Wno-strict-selector-match -Wno-undeclared-selector -Wno-deprecated-implementations -Wno-implicit-fallthrough -fstrict-aliasing -Wprotocol -Wdeprecated-declarations -Wno-sign-conversion -Wno-infinite-recursion -Wno-comma -Wno-block-capture-autoreleasing -Wno-strict-prototypes -Wno-semicolon-before-method-body --sysroot / @/host/spi-builder-workspace/.build/out/Intermediates.noindex/RSCrashReporter.build/Debug-linux-x86_64/RSCrashReporter-t.build/Objects-normal/x86_64/6f95552a3397ee1cec971b90cf334075d5f321c3a3b0689ad55c3d1e24702600-common-args.resp -MMD -MT dependencies -MF /host/spi-builder-workspace/.build/out/Intermediates.noindex/RSCrashReporter.build/Debug-linux-x86_64/RSCrashReporter-t.build/Objects-normal/x86_64/RSCrashReporterStacktrace.d --serialize-diagnostics /host/spi-builder-workspace/.build/out/Intermediates.noindex/RSCrashReporter.build/Debug-linux-x86_64/RSCrashReporter-t.build/Objects-normal/x86_64/RSCrashReporterStacktrace.dia -c /host/spi-builder-workspace/.build/checkouts/crash-reporter-ios/RSCrashReporter/Payload/RSCrashReporterStacktrace.m -o /host/spi-builder-workspace/.build/out/Intermediates.noindex/RSCrashReporter.build/Debug-linux-x86_64/RSCrashReporter-t.build/Objects-normal/x86_64/RSCrashReporterStacktrace.o
[40 / 132] RudderKit
In file included from /host/spi-builder-workspace/.build/checkouts/crash-reporter-ios/RSCrashReporter/Payload/RSCrashReporterThread.m:9:
In file included from /host/spi-builder-workspace/.build/checkouts/crash-reporter-ios/RSCrashReporter/Payload/RSCrashReporterThread+Private.h:9:
/host/spi-builder-workspace/.build/checkouts/crash-reporter-ios/RSCrashReporter/Helpers/RSCDefines.h:11:10: fatal error: 'TargetConditionals.h' file not found
   11 | #include <TargetConditionals.h>
      |          ^~~~~~~~~~~~~~~~~~~~~~
1 error generated.
error: CompileC /host/spi-builder-workspace/.build/out/Intermediates.noindex/RSCrashReporter.build/Debug-linux-x86_64/RSCrashReporter-t.build/Objects-normal/x86_64/RSCrashReporterThread.o /host/spi-builder-workspace/.build/checkouts/crash-reporter-ios/RSCrashReporter/Payload/RSCrashReporterThread.m normal x86_64 objective-c com.apple.compilers.llvm.clang.1_0.compiler failed with a nonzero exit code. Command line:     cd /host

    Using response file: /host/spi-builder-workspace/.build/out/Intermediates.noindex/RSCrashReporter.build/Debug-linux-x86_64/RSCrashReporter-t.build/Objects-normal/x86_64/6f95552a3397ee1cec971b90cf334075d5f321c3a3b0689ad55c3d1e24702600-common-args.resp

    /usr/bin/clang -x objective-c -target x86_64-unknown-linux-gnu -fmessage-length\=0 -fdiagnostics-show-note-include-stack -fmacro-backtrace-limit\=0 -fcolor-diagnostics -Wno-trigraphs -Wno-missing-field-initializers -Wno-missing-prototypes -Wno-return-type -Wno-implicit-atomic-properties -Wno-objc-interface-ivars -Wno-arc-repeated-use-of-weak -Wno-missing-braces -Wparentheses -Wswitch -Wno-unused-function -Wno-unused-label -Wno-unused-parameter -Wno-unused-variable -Wunused-value -Wno-empty-body -Wno-uninitialized -Wno-unknown-pragmas -w -Wno-shadow -Wno-four-char-constants -Wno-conversion -Wno-constant-conversion -Wno-int-conversion -Wno-bool-conversion -Wno-enum-conversion -Wno-float-conversion -Wno-non-literal-null-conversion -Wno-objc-literal-conversion -Wno-shorten-64-to-32 -Wpointer-sign -Wno-newline-eof -Wno-selector -Wno-strict-selector-match -Wno-undeclared-selector -Wno-deprecated-implementations -Wno-implicit-fallthrough -fstrict-aliasing -Wprotocol -Wdeprecated-declarations -Wno-sign-conversion -Wno-infinite-recursion -Wno-comma -Wno-block-capture-autoreleasing -Wno-strict-prototypes -Wno-semicolon-before-method-body --sysroot / @/host/spi-builder-workspace/.build/out/Intermediates.noindex/RSCrashReporter.build/Debug-linux-x86_64/RSCrashReporter-t.build/Objects-normal/x86_64/6f95552a3397ee1cec971b90cf334075d5f321c3a3b0689ad55c3d1e24702600-common-args.resp -MMD -MT dependencies -MF /host/spi-builder-workspace/.build/out/Intermediates.noindex/RSCrashReporter.build/Debug-linux-x86_64/RSCrashReporter-t.build/Objects-normal/x86_64/RSCrashReporterThread.d --serialize-diagnostics /host/spi-builder-workspace/.build/out/Intermediates.noindex/RSCrashReporter.build/Debug-linux-x86_64/RSCrashReporter-t.build/Objects-normal/x86_64/RSCrashReporterThread.dia -c /host/spi-builder-workspace/.build/checkouts/crash-reporter-ios/RSCrashReporter/Payload/RSCrashReporterThread.m -o /host/spi-builder-workspace/.build/out/Intermediates.noindex/RSCrashReporter.build/Debug-linux-x86_64/RSCrashReporter-t.build/Objects-normal/x86_64/RSCrashReporterThread.o
In file included from /host/spi-builder-workspace/.build/checkouts/crash-reporter-ios/RSCrashReporter/Payload/RSCrashReporterNotifier.m:9:
/host/spi-builder-workspace/.build/checkouts/crash-reporter-ios/RSCrashReporter/Payload/RSCrashReporterNotifier.h:10:9: fatal error: 'Foundation/Foundation.h' file not found
   10 | #import <Foundation/Foundation.h>
      |         ^~~~~~~~~~~~~~~~~~~~~~~~~
1 error generated.
error: CompileC /host/spi-builder-workspace/.build/out/Intermediates.noindex/RSCrashReporter.build/Debug-linux-x86_64/RSCrashReporter-t.build/Objects-normal/x86_64/RSCrashReporterNotifier.o /host/spi-builder-workspace/.build/checkouts/crash-reporter-ios/RSCrashReporter/Payload/RSCrashReporterNotifier.m normal x86_64 objective-c com.apple.compilers.llvm.clang.1_0.compiler failed with a nonzero exit code. Command line:     cd /host

    Using response file: /host/spi-builder-workspace/.build/out/Intermediates.noindex/RSCrashReporter.build/Debug-linux-x86_64/RSCrashReporter-t.build/Objects-normal/x86_64/6f95552a3397ee1cec971b90cf334075d5f321c3a3b0689ad55c3d1e24702600-common-args.resp

    /usr/bin/clang -x objective-c -target x86_64-unknown-linux-gnu -fmessage-length\=0 -fdiagnostics-show-note-include-stack -fmacro-backtrace-limit\=0 -fcolor-diagnostics -Wno-trigraphs -Wno-missing-field-initializers -Wno-missing-prototypes -Wno-return-type -Wno-implicit-atomic-properties -Wno-objc-interface-ivars -Wno-arc-repeated-use-of-weak -Wno-missing-braces -Wparentheses -Wswitch -Wno-unused-function -Wno-unused-label -Wno-unused-parameter -Wno-unused-variable -Wunused-value -Wno-empty-body -Wno-uninitialized -Wno-unknown-pragmas -w -Wno-shadow -Wno-four-char-constants -Wno-conversion -Wno-constant-conversion -Wno-int-conversion -Wno-bool-conversion -Wno-enum-conversion -Wno-float-conversion -Wno-non-literal-null-conversion -Wno-objc-literal-conversion -Wno-shorten-64-to-32 -Wpointer-sign -Wno-newline-eof -Wno-selector -Wno-strict-selector-match -Wno-undeclared-selector -Wno-deprecated-implementations -Wno-implicit-fallthrough -fstrict-aliasing -Wprotocol -Wdeprecated-declarations -Wno-sign-conversion -Wno-infinite-recursion -Wno-comma -Wno-block-capture-autoreleasing -Wno-strict-prototypes -Wno-semicolon-before-method-body --sysroot / @/host/spi-builder-workspace/.build/out/Intermediates.noindex/RSCrashReporter.build/Debug-linux-x86_64/RSCrashReporter-t.build/Objects-normal/x86_64/6f95552a3397ee1cec971b90cf334075d5f321c3a3b0689ad55c3d1e24702600-common-args.resp -MMD -MT dependencies -MF /host/spi-builder-workspace/.build/out/Intermediates.noindex/RSCrashReporter.build/Debug-linux-x86_64/RSCrashReporter-t.build/Objects-normal/x86_64/RSCrashReporterNotifier.d --serialize-diagnostics /host/spi-builder-workspace/.build/out/Intermediates.noindex/RSCrashReporter.build/Debug-linux-x86_64/RSCrashReporter-t.build/Objects-normal/x86_64/RSCrashReporterNotifier.dia -c /host/spi-builder-workspace/.build/checkouts/crash-reporter-ios/RSCrashReporter/Payload/RSCrashReporterNotifier.m -o /host/spi-builder-workspace/.build/out/Intermediates.noindex/RSCrashReporter.build/Debug-linux-x86_64/RSCrashReporter-t.build/Objects-normal/x86_64/RSCrashReporterNotifier.o
error: Build failed
BUILD FAILURE 6.4 linux