The Swift Package Index logo.Swift Package Index

Build Information

Failed to build AEPEdgeConsent, reference main (92d246), with Swift 6.4 for watchOS using Xcode 27.0 on 20 Sep 2026 22:36:18 UTC.

Build Command

env DEVELOPER_DIR=/Applications/Xcode-27.0.0-Release.Candidate.app xcrun xcodebuild -IDEClonedSourcePackagesDirPathOverride=$PWD/.dependencies -skipMacroValidation -skipPackagePluginValidation -derivedDataPath $PWD/.derivedData build -scheme AEPEdgeConsent -destination generic/platform=watchOS

Build Log

WriteAuxiliaryFile /Users/admin/builder/spi-builder-workspace/.derivedData/Build/Intermediates.noindex/AEPRulesEngine.build/Debug-watchos/AEPRulesEngine-t.build/Objects-normal/arm64/AEPRulesEngine-OutputFileMap.json (in target 'AEPRulesEngine' from project 'AEPRulesEngine')
    cd /Users/admin/builder/spi-builder-workspace/.dependencies/checkouts/aepsdk-rulesengine-ios
    write-file /Users/admin/builder/spi-builder-workspace/.derivedData/Build/Intermediates.noindex/AEPRulesEngine.build/Debug-watchos/AEPRulesEngine-t.build/Objects-normal/arm64/AEPRulesEngine-OutputFileMap.json
WriteAuxiliaryFile /Users/admin/builder/spi-builder-workspace/.derivedData/Build/Intermediates.noindex/AEPRulesEngine.build/Debug-watchos/AEPRulesEngine-t.build/AEPRulesEngine.modulemap (in target 'AEPRulesEngine' from project 'AEPRulesEngine')
    cd /Users/admin/builder/spi-builder-workspace/.dependencies/checkouts/aepsdk-rulesengine-ios
    write-file /Users/admin/builder/spi-builder-workspace/.derivedData/Build/Intermediates.noindex/AEPRulesEngine.build/Debug-watchos/AEPRulesEngine-t.build/AEPRulesEngine.modulemap
WriteAuxiliaryFile /Users/admin/builder/spi-builder-workspace/.derivedData/Build/Intermediates.noindex/AEPRulesEngine.build/Debug-watchos/AEPRulesEngine-t.build/AEPRulesEngine.DependencyStaticMetadataFileList (in target 'AEPRulesEngine' from project 'AEPRulesEngine')
    cd /Users/admin/builder/spi-builder-workspace/.dependencies/checkouts/aepsdk-rulesengine-ios
    write-file /Users/admin/builder/spi-builder-workspace/.derivedData/Build/Intermediates.noindex/AEPRulesEngine.build/Debug-watchos/AEPRulesEngine-t.build/AEPRulesEngine.DependencyStaticMetadataFileList
WriteAuxiliaryFile /Users/admin/builder/spi-builder-workspace/.derivedData/Build/Intermediates.noindex/AEPRulesEngine.build/Debug-watchos/AEPRulesEngine-t.build/AEPRulesEngine.DependencyMetadataFileList (in target 'AEPRulesEngine' from project 'AEPRulesEngine')
    cd /Users/admin/builder/spi-builder-workspace/.dependencies/checkouts/aepsdk-rulesengine-ios
    write-file /Users/admin/builder/spi-builder-workspace/.derivedData/Build/Intermediates.noindex/AEPRulesEngine.build/Debug-watchos/AEPRulesEngine-t.build/AEPRulesEngine.DependencyMetadataFileList
WriteAuxiliaryFile /Users/admin/builder/spi-builder-workspace/.derivedData/Build/Intermediates.noindex/AEPEdgeIdentity.build/Debug-watchos/AEPEdgeIdentity-t.build/Objects-normal/arm64_32/AEPEdgeIdentity_const_extract_protocols.json (in target 'AEPEdgeIdentity' from project 'AEPEdgeIdentity')
    cd /Users/admin/builder/spi-builder-workspace/.dependencies/checkouts/aepsdk-edgeidentity-ios
    write-file /Users/admin/builder/spi-builder-workspace/.derivedData/Build/Intermediates.noindex/AEPEdgeIdentity.build/Debug-watchos/AEPEdgeIdentity-t.build/Objects-normal/arm64_32/AEPEdgeIdentity_const_extract_protocols.json
WriteAuxiliaryFile /Users/admin/builder/spi-builder-workspace/.derivedData/Build/Intermediates.noindex/AEPEdgeIdentity.build/Debug-watchos/AEPEdgeIdentity-t.build/Objects-normal/arm64_32/AEPEdgeIdentity.SwiftFileList (in target 'AEPEdgeIdentity' from project 'AEPEdgeIdentity')
    cd /Users/admin/builder/spi-builder-workspace/.dependencies/checkouts/aepsdk-edgeidentity-ios
    write-file /Users/admin/builder/spi-builder-workspace/.derivedData/Build/Intermediates.noindex/AEPEdgeIdentity.build/Debug-watchos/AEPEdgeIdentity-t.build/Objects-normal/arm64_32/AEPEdgeIdentity.SwiftFileList
WriteAuxiliaryFile /Users/admin/builder/spi-builder-workspace/.derivedData/Build/Intermediates.noindex/AEPEdgeIdentity.build/Debug-watchos/AEPEdgeIdentity-t.build/Objects-normal/arm64_32/AEPEdgeIdentity.SwiftConstValuesFileList (in target 'AEPEdgeIdentity' from project 'AEPEdgeIdentity')
    cd /Users/admin/builder/spi-builder-workspace/.dependencies/checkouts/aepsdk-edgeidentity-ios
    write-file /Users/admin/builder/spi-builder-workspace/.derivedData/Build/Intermediates.noindex/AEPEdgeIdentity.build/Debug-watchos/AEPEdgeIdentity-t.build/Objects-normal/arm64_32/AEPEdgeIdentity.SwiftConstValuesFileList
WriteAuxiliaryFile /Users/admin/builder/spi-builder-workspace/.derivedData/Build/Intermediates.noindex/AEPEdgeIdentity.build/Debug-watchos/AEPEdgeIdentity-t.build/Objects-normal/arm64_32/AEPEdgeIdentity.LinkFileList (in target 'AEPEdgeIdentity' from project 'AEPEdgeIdentity')
    cd /Users/admin/builder/spi-builder-workspace/.dependencies/checkouts/aepsdk-edgeidentity-ios
    write-file /Users/admin/builder/spi-builder-workspace/.derivedData/Build/Intermediates.noindex/AEPEdgeIdentity.build/Debug-watchos/AEPEdgeIdentity-t.build/Objects-normal/arm64_32/AEPEdgeIdentity.LinkFileList
WriteAuxiliaryFile /Users/admin/builder/spi-builder-workspace/.derivedData/Build/Intermediates.noindex/AEPEdgeIdentity.build/Debug-watchos/AEPEdgeIdentity-t.build/Objects-normal/arm64_32/AEPEdgeIdentity-OutputFileMap.json (in target 'AEPEdgeIdentity' from project 'AEPEdgeIdentity')
    cd /Users/admin/builder/spi-builder-workspace/.dependencies/checkouts/aepsdk-edgeidentity-ios
    write-file /Users/admin/builder/spi-builder-workspace/.derivedData/Build/Intermediates.noindex/AEPEdgeIdentity.build/Debug-watchos/AEPEdgeIdentity-t.build/Objects-normal/arm64_32/AEPEdgeIdentity-OutputFileMap.json
WriteAuxiliaryFile /Users/admin/builder/spi-builder-workspace/.derivedData/Build/Intermediates.noindex/AEPEdgeIdentity.build/Debug-watchos/AEPEdgeIdentity-t.build/Objects-normal/arm64/AEPEdgeIdentity_const_extract_protocols.json (in target 'AEPEdgeIdentity' from project 'AEPEdgeIdentity')
    cd /Users/admin/builder/spi-builder-workspace/.dependencies/checkouts/aepsdk-edgeidentity-ios
    write-file /Users/admin/builder/spi-builder-workspace/.derivedData/Build/Intermediates.noindex/AEPEdgeIdentity.build/Debug-watchos/AEPEdgeIdentity-t.build/Objects-normal/arm64/AEPEdgeIdentity_const_extract_protocols.json
Copy /Users/admin/builder/spi-builder-workspace/.derivedData/Build/Intermediates.noindex/GeneratedModuleMaps-watchos/AEPRulesEngine.modulemap /Users/admin/builder/spi-builder-workspace/.derivedData/Build/Intermediates.noindex/AEPRulesEngine.build/Debug-watchos/AEPRulesEngine-t.build/AEPRulesEngine.modulemap (in target 'AEPRulesEngine' from project 'AEPRulesEngine')
    cd /Users/admin/builder/spi-builder-workspace/.dependencies/checkouts/aepsdk-rulesengine-ios
    builtin-copy -exclude .DS_Store -exclude CVS -exclude .svn -exclude .git -exclude .hg -resolve-src-symlinks /Users/admin/builder/spi-builder-workspace/.derivedData/Build/Intermediates.noindex/AEPRulesEngine.build/Debug-watchos/AEPRulesEngine-t.build/AEPRulesEngine.modulemap /Users/admin/builder/spi-builder-workspace/.derivedData/Build/Intermediates.noindex/GeneratedModuleMaps-watchos
WriteAuxiliaryFile /Users/admin/builder/spi-builder-workspace/.derivedData/Build/Intermediates.noindex/AEPEdgeIdentity.build/Debug-watchos/AEPEdgeIdentity-t.build/Objects-normal/arm64/AEPEdgeIdentity.SwiftFileList (in target 'AEPEdgeIdentity' from project 'AEPEdgeIdentity')
    cd /Users/admin/builder/spi-builder-workspace/.dependencies/checkouts/aepsdk-edgeidentity-ios
    write-file /Users/admin/builder/spi-builder-workspace/.derivedData/Build/Intermediates.noindex/AEPEdgeIdentity.build/Debug-watchos/AEPEdgeIdentity-t.build/Objects-normal/arm64/AEPEdgeIdentity.SwiftFileList
WriteAuxiliaryFile /Users/admin/builder/spi-builder-workspace/.derivedData/Build/Intermediates.noindex/AEPEdgeIdentity.build/Debug-watchos/AEPEdgeIdentity-t.build/Objects-normal/arm64/AEPEdgeIdentity.SwiftConstValuesFileList (in target 'AEPEdgeIdentity' from project 'AEPEdgeIdentity')
    cd /Users/admin/builder/spi-builder-workspace/.dependencies/checkouts/aepsdk-edgeidentity-ios
    write-file /Users/admin/builder/spi-builder-workspace/.derivedData/Build/Intermediates.noindex/AEPEdgeIdentity.build/Debug-watchos/AEPEdgeIdentity-t.build/Objects-normal/arm64/AEPEdgeIdentity.SwiftConstValuesFileList
WriteAuxiliaryFile /Users/admin/builder/spi-builder-workspace/.derivedData/Build/Intermediates.noindex/AEPEdgeIdentity.build/Debug-watchos/AEPEdgeIdentity-t.build/Objects-normal/arm64/AEPEdgeIdentity.LinkFileList (in target 'AEPEdgeIdentity' from project 'AEPEdgeIdentity')
    cd /Users/admin/builder/spi-builder-workspace/.dependencies/checkouts/aepsdk-edgeidentity-ios
    write-file /Users/admin/builder/spi-builder-workspace/.derivedData/Build/Intermediates.noindex/AEPEdgeIdentity.build/Debug-watchos/AEPEdgeIdentity-t.build/Objects-normal/arm64/AEPEdgeIdentity.LinkFileList
WriteAuxiliaryFile /Users/admin/builder/spi-builder-workspace/.derivedData/Build/Intermediates.noindex/AEPEdgeIdentity.build/Debug-watchos/AEPEdgeIdentity-t.build/Objects-normal/arm64/AEPEdgeIdentity-OutputFileMap.json (in target 'AEPEdgeIdentity' from project 'AEPEdgeIdentity')
    cd /Users/admin/builder/spi-builder-workspace/.dependencies/checkouts/aepsdk-edgeidentity-ios
    write-file /Users/admin/builder/spi-builder-workspace/.derivedData/Build/Intermediates.noindex/AEPEdgeIdentity.build/Debug-watchos/AEPEdgeIdentity-t.build/Objects-normal/arm64/AEPEdgeIdentity-OutputFileMap.json
WriteAuxiliaryFile /Users/admin/builder/spi-builder-workspace/.derivedData/Build/Intermediates.noindex/AEPEdgeIdentity.build/Debug-watchos/AEPEdgeIdentity-t.build/AEPEdgeIdentity.modulemap (in target 'AEPEdgeIdentity' from project 'AEPEdgeIdentity')
    cd /Users/admin/builder/spi-builder-workspace/.dependencies/checkouts/aepsdk-edgeidentity-ios
    write-file /Users/admin/builder/spi-builder-workspace/.derivedData/Build/Intermediates.noindex/AEPEdgeIdentity.build/Debug-watchos/AEPEdgeIdentity-t.build/AEPEdgeIdentity.modulemap
WriteAuxiliaryFile /Users/admin/builder/spi-builder-workspace/.derivedData/Build/Intermediates.noindex/AEPEdgeIdentity.build/Debug-watchos/AEPEdgeIdentity-t.build/AEPEdgeIdentity.DependencyStaticMetadataFileList (in target 'AEPEdgeIdentity' from project 'AEPEdgeIdentity')
    cd /Users/admin/builder/spi-builder-workspace/.dependencies/checkouts/aepsdk-edgeidentity-ios
    write-file /Users/admin/builder/spi-builder-workspace/.derivedData/Build/Intermediates.noindex/AEPEdgeIdentity.build/Debug-watchos/AEPEdgeIdentity-t.build/AEPEdgeIdentity.DependencyStaticMetadataFileList
WriteAuxiliaryFile /Users/admin/builder/spi-builder-workspace/.derivedData/Build/Intermediates.noindex/AEPEdgeIdentity.build/Debug-watchos/AEPEdgeIdentity-t.build/AEPEdgeIdentity.DependencyMetadataFileList (in target 'AEPEdgeIdentity' from project 'AEPEdgeIdentity')
    cd /Users/admin/builder/spi-builder-workspace/.dependencies/checkouts/aepsdk-edgeidentity-ios
    write-file /Users/admin/builder/spi-builder-workspace/.derivedData/Build/Intermediates.noindex/AEPEdgeIdentity.build/Debug-watchos/AEPEdgeIdentity-t.build/AEPEdgeIdentity.DependencyMetadataFileList
WriteAuxiliaryFile /Users/admin/builder/spi-builder-workspace/.derivedData/Build/Intermediates.noindex/AEPEdgeConsent.build/Debug-watchos/AEPEdgeConsent-t.build/Objects-normal/arm64_32/AEPEdgeConsent_const_extract_protocols.json (in target 'AEPEdgeConsent' from project 'AEPEdgeConsent')
    cd /Users/admin/builder/spi-builder-workspace
    write-file /Users/admin/builder/spi-builder-workspace/.derivedData/Build/Intermediates.noindex/AEPEdgeConsent.build/Debug-watchos/AEPEdgeConsent-t.build/Objects-normal/arm64_32/AEPEdgeConsent_const_extract_protocols.json
WriteAuxiliaryFile /Users/admin/builder/spi-builder-workspace/.derivedData/Build/Intermediates.noindex/AEPEdgeConsent.build/Debug-watchos/AEPEdgeConsent-t.build/Objects-normal/arm64_32/AEPEdgeConsent.SwiftFileList (in target 'AEPEdgeConsent' from project 'AEPEdgeConsent')
    cd /Users/admin/builder/spi-builder-workspace
    write-file /Users/admin/builder/spi-builder-workspace/.derivedData/Build/Intermediates.noindex/AEPEdgeConsent.build/Debug-watchos/AEPEdgeConsent-t.build/Objects-normal/arm64_32/AEPEdgeConsent.SwiftFileList
WriteAuxiliaryFile /Users/admin/builder/spi-builder-workspace/.derivedData/Build/Intermediates.noindex/AEPEdgeConsent.build/Debug-watchos/AEPEdgeConsent-t.build/Objects-normal/arm64_32/AEPEdgeConsent.SwiftConstValuesFileList (in target 'AEPEdgeConsent' from project 'AEPEdgeConsent')
    cd /Users/admin/builder/spi-builder-workspace
    write-file /Users/admin/builder/spi-builder-workspace/.derivedData/Build/Intermediates.noindex/AEPEdgeConsent.build/Debug-watchos/AEPEdgeConsent-t.build/Objects-normal/arm64_32/AEPEdgeConsent.SwiftConstValuesFileList
WriteAuxiliaryFile /Users/admin/builder/spi-builder-workspace/.derivedData/Build/Intermediates.noindex/AEPEdgeConsent.build/Debug-watchos/AEPEdgeConsent-t.build/Objects-normal/arm64_32/AEPEdgeConsent.LinkFileList (in target 'AEPEdgeConsent' from project 'AEPEdgeConsent')
    cd /Users/admin/builder/spi-builder-workspace
    write-file /Users/admin/builder/spi-builder-workspace/.derivedData/Build/Intermediates.noindex/AEPEdgeConsent.build/Debug-watchos/AEPEdgeConsent-t.build/Objects-normal/arm64_32/AEPEdgeConsent.LinkFileList
WriteAuxiliaryFile /Users/admin/builder/spi-builder-workspace/.derivedData/Build/Intermediates.noindex/AEPEdgeConsent.build/Debug-watchos/AEPEdgeConsent-t.build/Objects-normal/arm64_32/AEPEdgeConsent-OutputFileMap.json (in target 'AEPEdgeConsent' from project 'AEPEdgeConsent')
    cd /Users/admin/builder/spi-builder-workspace
    write-file /Users/admin/builder/spi-builder-workspace/.derivedData/Build/Intermediates.noindex/AEPEdgeConsent.build/Debug-watchos/AEPEdgeConsent-t.build/Objects-normal/arm64_32/AEPEdgeConsent-OutputFileMap.json
WriteAuxiliaryFile /Users/admin/builder/spi-builder-workspace/.derivedData/Build/Intermediates.noindex/AEPEdgeConsent.build/Debug-watchos/AEPEdgeConsent-t.build/Objects-normal/arm64/AEPEdgeConsent.SwiftConstValuesFileList (in target 'AEPEdgeConsent' from project 'AEPEdgeConsent')
    cd /Users/admin/builder/spi-builder-workspace
    write-file /Users/admin/builder/spi-builder-workspace/.derivedData/Build/Intermediates.noindex/AEPEdgeConsent.build/Debug-watchos/AEPEdgeConsent-t.build/Objects-normal/arm64/AEPEdgeConsent.SwiftConstValuesFileList
WriteAuxiliaryFile /Users/admin/builder/spi-builder-workspace/.derivedData/Build/Intermediates.noindex/AEPEdgeConsent.build/Debug-watchos/AEPEdgeConsent-t.build/Objects-normal/arm64/AEPEdgeConsent.SwiftFileList (in target 'AEPEdgeConsent' from project 'AEPEdgeConsent')
    cd /Users/admin/builder/spi-builder-workspace
    write-file /Users/admin/builder/spi-builder-workspace/.derivedData/Build/Intermediates.noindex/AEPEdgeConsent.build/Debug-watchos/AEPEdgeConsent-t.build/Objects-normal/arm64/AEPEdgeConsent.SwiftFileList
WriteAuxiliaryFile /Users/admin/builder/spi-builder-workspace/.derivedData/Build/Intermediates.noindex/AEPEdgeConsent.build/Debug-watchos/AEPEdgeConsent-t.build/Objects-normal/arm64/AEPEdgeConsent_const_extract_protocols.json (in target 'AEPEdgeConsent' from project 'AEPEdgeConsent')
    cd /Users/admin/builder/spi-builder-workspace
    write-file /Users/admin/builder/spi-builder-workspace/.derivedData/Build/Intermediates.noindex/AEPEdgeConsent.build/Debug-watchos/AEPEdgeConsent-t.build/Objects-normal/arm64/AEPEdgeConsent_const_extract_protocols.json
Copy /Users/admin/builder/spi-builder-workspace/.derivedData/Build/Intermediates.noindex/GeneratedModuleMaps-watchos/AEPEdgeIdentity.modulemap /Users/admin/builder/spi-builder-workspace/.derivedData/Build/Intermediates.noindex/AEPEdgeIdentity.build/Debug-watchos/AEPEdgeIdentity-t.build/AEPEdgeIdentity.modulemap (in target 'AEPEdgeIdentity' from project 'AEPEdgeIdentity')
    cd /Users/admin/builder/spi-builder-workspace/.dependencies/checkouts/aepsdk-edgeidentity-ios
    builtin-copy -exclude .DS_Store -exclude CVS -exclude .svn -exclude .git -exclude .hg -resolve-src-symlinks /Users/admin/builder/spi-builder-workspace/.derivedData/Build/Intermediates.noindex/AEPEdgeIdentity.build/Debug-watchos/AEPEdgeIdentity-t.build/AEPEdgeIdentity.modulemap /Users/admin/builder/spi-builder-workspace/.derivedData/Build/Intermediates.noindex/GeneratedModuleMaps-watchos
WriteAuxiliaryFile /Users/admin/builder/spi-builder-workspace/.derivedData/Build/Intermediates.noindex/AEPEdgeConsent.build/Debug-watchos/AEPEdgeConsent-t.build/Objects-normal/arm64/AEPEdgeConsent.LinkFileList (in target 'AEPEdgeConsent' from project 'AEPEdgeConsent')
    cd /Users/admin/builder/spi-builder-workspace
    write-file /Users/admin/builder/spi-builder-workspace/.derivedData/Build/Intermediates.noindex/AEPEdgeConsent.build/Debug-watchos/AEPEdgeConsent-t.build/Objects-normal/arm64/AEPEdgeConsent.LinkFileList
WriteAuxiliaryFile /Users/admin/builder/spi-builder-workspace/.derivedData/Build/Intermediates.noindex/AEPEdgeConsent.build/Debug-watchos/AEPEdgeConsent-t.build/Objects-normal/arm64/AEPEdgeConsent-OutputFileMap.json (in target 'AEPEdgeConsent' from project 'AEPEdgeConsent')
    cd /Users/admin/builder/spi-builder-workspace
    write-file /Users/admin/builder/spi-builder-workspace/.derivedData/Build/Intermediates.noindex/AEPEdgeConsent.build/Debug-watchos/AEPEdgeConsent-t.build/Objects-normal/arm64/AEPEdgeConsent-OutputFileMap.json
WriteAuxiliaryFile /Users/admin/builder/spi-builder-workspace/.derivedData/Build/Intermediates.noindex/AEPEdgeConsent.build/Debug-watchos/AEPEdgeConsent-t.build/AEPEdgeConsent.modulemap (in target 'AEPEdgeConsent' from project 'AEPEdgeConsent')
    cd /Users/admin/builder/spi-builder-workspace
    write-file /Users/admin/builder/spi-builder-workspace/.derivedData/Build/Intermediates.noindex/AEPEdgeConsent.build/Debug-watchos/AEPEdgeConsent-t.build/AEPEdgeConsent.modulemap
WriteAuxiliaryFile /Users/admin/builder/spi-builder-workspace/.derivedData/Build/Intermediates.noindex/AEPEdgeConsent.build/Debug-watchos/AEPEdgeConsent-t.build/AEPEdgeConsent.DependencyStaticMetadataFileList (in target 'AEPEdgeConsent' from project 'AEPEdgeConsent')
    cd /Users/admin/builder/spi-builder-workspace
    write-file /Users/admin/builder/spi-builder-workspace/.derivedData/Build/Intermediates.noindex/AEPEdgeConsent.build/Debug-watchos/AEPEdgeConsent-t.build/AEPEdgeConsent.DependencyStaticMetadataFileList
WriteAuxiliaryFile /Users/admin/builder/spi-builder-workspace/.derivedData/Build/Intermediates.noindex/AEPEdgeConsent.build/Debug-watchos/AEPEdgeConsent-t.build/AEPEdgeConsent.DependencyMetadataFileList (in target 'AEPEdgeConsent' from project 'AEPEdgeConsent')
    cd /Users/admin/builder/spi-builder-workspace
    write-file /Users/admin/builder/spi-builder-workspace/.derivedData/Build/Intermediates.noindex/AEPEdgeConsent.build/Debug-watchos/AEPEdgeConsent-t.build/AEPEdgeConsent.DependencyMetadataFileList
WriteAuxiliaryFile /Users/admin/builder/spi-builder-workspace/.derivedData/Build/Intermediates.noindex/AEPEdge.build/Debug-watchos/AEPEdge-t.build/Objects-normal/arm64_32/AEPEdge.SwiftFileList (in target 'AEPEdge' from project 'AEPEdge')
    cd /Users/admin/builder/spi-builder-workspace/.dependencies/checkouts/aepsdk-edge-ios
    write-file /Users/admin/builder/spi-builder-workspace/.derivedData/Build/Intermediates.noindex/AEPEdge.build/Debug-watchos/AEPEdge-t.build/Objects-normal/arm64_32/AEPEdge.SwiftFileList
WriteAuxiliaryFile /Users/admin/builder/spi-builder-workspace/.derivedData/Build/Intermediates.noindex/AEPEdge.build/Debug-watchos/AEPEdge-t.build/Objects-normal/arm64_32/AEPEdge.SwiftConstValuesFileList (in target 'AEPEdge' from project 'AEPEdge')
    cd /Users/admin/builder/spi-builder-workspace/.dependencies/checkouts/aepsdk-edge-ios
    write-file /Users/admin/builder/spi-builder-workspace/.derivedData/Build/Intermediates.noindex/AEPEdge.build/Debug-watchos/AEPEdge-t.build/Objects-normal/arm64_32/AEPEdge.SwiftConstValuesFileList
WriteAuxiliaryFile /Users/admin/builder/spi-builder-workspace/.derivedData/Build/Intermediates.noindex/AEPEdge.build/Debug-watchos/AEPEdge-t.build/Objects-normal/arm64_32/AEPEdge_const_extract_protocols.json (in target 'AEPEdge' from project 'AEPEdge')
    cd /Users/admin/builder/spi-builder-workspace/.dependencies/checkouts/aepsdk-edge-ios
    write-file /Users/admin/builder/spi-builder-workspace/.derivedData/Build/Intermediates.noindex/AEPEdge.build/Debug-watchos/AEPEdge-t.build/Objects-normal/arm64_32/AEPEdge_const_extract_protocols.json
WriteAuxiliaryFile /Users/admin/builder/spi-builder-workspace/.derivedData/Build/Intermediates.noindex/AEPEdge.build/Debug-watchos/AEPEdge-t.build/Objects-normal/arm64_32/AEPEdge.LinkFileList (in target 'AEPEdge' from project 'AEPEdge')
    cd /Users/admin/builder/spi-builder-workspace/.dependencies/checkouts/aepsdk-edge-ios
    write-file /Users/admin/builder/spi-builder-workspace/.derivedData/Build/Intermediates.noindex/AEPEdge.build/Debug-watchos/AEPEdge-t.build/Objects-normal/arm64_32/AEPEdge.LinkFileList
WriteAuxiliaryFile /Users/admin/builder/spi-builder-workspace/.derivedData/Build/Intermediates.noindex/AEPEdge.build/Debug-watchos/AEPEdge-t.build/Objects-normal/arm64_32/AEPEdge-OutputFileMap.json (in target 'AEPEdge' from project 'AEPEdge')
    cd /Users/admin/builder/spi-builder-workspace/.dependencies/checkouts/aepsdk-edge-ios
    write-file /Users/admin/builder/spi-builder-workspace/.derivedData/Build/Intermediates.noindex/AEPEdge.build/Debug-watchos/AEPEdge-t.build/Objects-normal/arm64_32/AEPEdge-OutputFileMap.json
WriteAuxiliaryFile /Users/admin/builder/spi-builder-workspace/.derivedData/Build/Intermediates.noindex/AEPEdge.build/Debug-watchos/AEPEdge-t.build/Objects-normal/arm64/AEPEdge.SwiftFileList (in target 'AEPEdge' from project 'AEPEdge')
    cd /Users/admin/builder/spi-builder-workspace/.dependencies/checkouts/aepsdk-edge-ios
    write-file /Users/admin/builder/spi-builder-workspace/.derivedData/Build/Intermediates.noindex/AEPEdge.build/Debug-watchos/AEPEdge-t.build/Objects-normal/arm64/AEPEdge.SwiftFileList
WriteAuxiliaryFile /Users/admin/builder/spi-builder-workspace/.derivedData/Build/Intermediates.noindex/AEPEdge.build/Debug-watchos/AEPEdge-t.build/Objects-normal/arm64/AEPEdge_const_extract_protocols.json (in target 'AEPEdge' from project 'AEPEdge')
    cd /Users/admin/builder/spi-builder-workspace/.dependencies/checkouts/aepsdk-edge-ios
    write-file /Users/admin/builder/spi-builder-workspace/.derivedData/Build/Intermediates.noindex/AEPEdge.build/Debug-watchos/AEPEdge-t.build/Objects-normal/arm64/AEPEdge_const_extract_protocols.json
Copy /Users/admin/builder/spi-builder-workspace/.derivedData/Build/Intermediates.noindex/GeneratedModuleMaps-watchos/AEPEdgeConsent.modulemap /Users/admin/builder/spi-builder-workspace/.derivedData/Build/Intermediates.noindex/AEPEdgeConsent.build/Debug-watchos/AEPEdgeConsent-t.build/AEPEdgeConsent.modulemap (in target 'AEPEdgeConsent' from project 'AEPEdgeConsent')
    cd /Users/admin/builder/spi-builder-workspace
    builtin-copy -exclude .DS_Store -exclude CVS -exclude .svn -exclude .git -exclude .hg -resolve-src-symlinks /Users/admin/builder/spi-builder-workspace/.derivedData/Build/Intermediates.noindex/AEPEdgeConsent.build/Debug-watchos/AEPEdgeConsent-t.build/AEPEdgeConsent.modulemap /Users/admin/builder/spi-builder-workspace/.derivedData/Build/Intermediates.noindex/GeneratedModuleMaps-watchos
WriteAuxiliaryFile /Users/admin/builder/spi-builder-workspace/.derivedData/Build/Intermediates.noindex/AEPEdge.build/Debug-watchos/AEPEdge-t.build/Objects-normal/arm64/AEPEdge.SwiftConstValuesFileList (in target 'AEPEdge' from project 'AEPEdge')
    cd /Users/admin/builder/spi-builder-workspace/.dependencies/checkouts/aepsdk-edge-ios
    write-file /Users/admin/builder/spi-builder-workspace/.derivedData/Build/Intermediates.noindex/AEPEdge.build/Debug-watchos/AEPEdge-t.build/Objects-normal/arm64/AEPEdge.SwiftConstValuesFileList
WriteAuxiliaryFile /Users/admin/builder/spi-builder-workspace/.derivedData/Build/Intermediates.noindex/AEPEdge.build/Debug-watchos/AEPEdge-t.build/Objects-normal/arm64/AEPEdge.LinkFileList (in target 'AEPEdge' from project 'AEPEdge')
    cd /Users/admin/builder/spi-builder-workspace/.dependencies/checkouts/aepsdk-edge-ios
    write-file /Users/admin/builder/spi-builder-workspace/.derivedData/Build/Intermediates.noindex/AEPEdge.build/Debug-watchos/AEPEdge-t.build/Objects-normal/arm64/AEPEdge.LinkFileList
WriteAuxiliaryFile /Users/admin/builder/spi-builder-workspace/.derivedData/Build/Intermediates.noindex/AEPEdge.build/Debug-watchos/AEPEdge-t.build/Objects-normal/arm64/AEPEdge-OutputFileMap.json (in target 'AEPEdge' from project 'AEPEdge')
    cd /Users/admin/builder/spi-builder-workspace/.dependencies/checkouts/aepsdk-edge-ios
    write-file /Users/admin/builder/spi-builder-workspace/.derivedData/Build/Intermediates.noindex/AEPEdge.build/Debug-watchos/AEPEdge-t.build/Objects-normal/arm64/AEPEdge-OutputFileMap.json
WriteAuxiliaryFile /Users/admin/builder/spi-builder-workspace/.derivedData/Build/Intermediates.noindex/AEPEdge.build/Debug-watchos/AEPEdge-t.build/AEPEdge.modulemap (in target 'AEPEdge' from project 'AEPEdge')
    cd /Users/admin/builder/spi-builder-workspace/.dependencies/checkouts/aepsdk-edge-ios
    write-file /Users/admin/builder/spi-builder-workspace/.derivedData/Build/Intermediates.noindex/AEPEdge.build/Debug-watchos/AEPEdge-t.build/AEPEdge.modulemap
WriteAuxiliaryFile /Users/admin/builder/spi-builder-workspace/.derivedData/Build/Intermediates.noindex/AEPEdge.build/Debug-watchos/AEPEdge-t.build/AEPEdge.DependencyStaticMetadataFileList (in target 'AEPEdge' from project 'AEPEdge')
    cd /Users/admin/builder/spi-builder-workspace/.dependencies/checkouts/aepsdk-edge-ios
    write-file /Users/admin/builder/spi-builder-workspace/.derivedData/Build/Intermediates.noindex/AEPEdge.build/Debug-watchos/AEPEdge-t.build/AEPEdge.DependencyStaticMetadataFileList
WriteAuxiliaryFile /Users/admin/builder/spi-builder-workspace/.derivedData/Build/Intermediates.noindex/AEPEdge.build/Debug-watchos/AEPEdge-t.build/AEPEdge.DependencyMetadataFileList (in target 'AEPEdge' from project 'AEPEdge')
    cd /Users/admin/builder/spi-builder-workspace/.dependencies/checkouts/aepsdk-edge-ios
    write-file /Users/admin/builder/spi-builder-workspace/.derivedData/Build/Intermediates.noindex/AEPEdge.build/Debug-watchos/AEPEdge-t.build/AEPEdge.DependencyMetadataFileList
WriteAuxiliaryFile /Users/admin/builder/spi-builder-workspace/.derivedData/Build/Intermediates.noindex/AEPCore.build/Debug-watchos/AEPCore_AEPServices-b.build/empty-AEPCore_AEPServices.plist (in target 'AEPCore_AEPServices' from project 'AEPCore')
    cd /Users/admin/builder/spi-builder-workspace/.dependencies/checkouts/aepsdk-core-ios
    write-file /Users/admin/builder/spi-builder-workspace/.derivedData/Build/Intermediates.noindex/AEPCore.build/Debug-watchos/AEPCore_AEPServices-b.build/empty-AEPCore_AEPServices.plist
WriteAuxiliaryFile /Users/admin/builder/spi-builder-workspace/.derivedData/Build/Intermediates.noindex/AEPCore.build/Debug-watchos/AEPCore_AEPServices-b.build/AEPCore_AEPServices.DependencyStaticMetadataFileList (in target 'AEPCore_AEPServices' from project 'AEPCore')
    cd /Users/admin/builder/spi-builder-workspace/.dependencies/checkouts/aepsdk-core-ios
    write-file /Users/admin/builder/spi-builder-workspace/.derivedData/Build/Intermediates.noindex/AEPCore.build/Debug-watchos/AEPCore_AEPServices-b.build/AEPCore_AEPServices.DependencyStaticMetadataFileList
WriteAuxiliaryFile /Users/admin/builder/spi-builder-workspace/.derivedData/Build/Intermediates.noindex/AEPCore.build/Debug-watchos/AEPCore_AEPServices-b.build/AEPCore_AEPServices.DependencyMetadataFileList (in target 'AEPCore_AEPServices' from project 'AEPCore')
    cd /Users/admin/builder/spi-builder-workspace/.dependencies/checkouts/aepsdk-core-ios
    write-file /Users/admin/builder/spi-builder-workspace/.derivedData/Build/Intermediates.noindex/AEPCore.build/Debug-watchos/AEPCore_AEPServices-b.build/AEPCore_AEPServices.DependencyMetadataFileList
MkDir /Users/admin/builder/spi-builder-workspace/.derivedData/Build/Products/Debug-watchos/AEPCore_AEPServices.bundle (in target 'AEPCore_AEPServices' from project 'AEPCore')
    cd /Users/admin/builder/spi-builder-workspace/.dependencies/checkouts/aepsdk-core-ios
    /bin/mkdir -p /Users/admin/builder/spi-builder-workspace/.derivedData/Build/Products/Debug-watchos/AEPCore_AEPServices.bundle
Copy /Users/admin/builder/spi-builder-workspace/.derivedData/Build/Intermediates.noindex/GeneratedModuleMaps-watchos/AEPEdge.modulemap /Users/admin/builder/spi-builder-workspace/.derivedData/Build/Intermediates.noindex/AEPEdge.build/Debug-watchos/AEPEdge-t.build/AEPEdge.modulemap (in target 'AEPEdge' from project 'AEPEdge')
    cd /Users/admin/builder/spi-builder-workspace/.dependencies/checkouts/aepsdk-edge-ios
    builtin-copy -exclude .DS_Store -exclude CVS -exclude .svn -exclude .git -exclude .hg -resolve-src-symlinks /Users/admin/builder/spi-builder-workspace/.derivedData/Build/Intermediates.noindex/AEPEdge.build/Debug-watchos/AEPEdge-t.build/AEPEdge.modulemap /Users/admin/builder/spi-builder-workspace/.derivedData/Build/Intermediates.noindex/GeneratedModuleMaps-watchos
WriteAuxiliaryFile /Users/admin/builder/spi-builder-workspace/.derivedData/Build/Intermediates.noindex/AEPCore.build/Debug-watchos/AEPCore_AEPCore-b.build/empty-AEPCore_AEPCore.plist (in target 'AEPCore_AEPCore' from project 'AEPCore')
    cd /Users/admin/builder/spi-builder-workspace/.dependencies/checkouts/aepsdk-core-ios
    write-file /Users/admin/builder/spi-builder-workspace/.derivedData/Build/Intermediates.noindex/AEPCore.build/Debug-watchos/AEPCore_AEPCore-b.build/empty-AEPCore_AEPCore.plist
WriteAuxiliaryFile /Users/admin/builder/spi-builder-workspace/.derivedData/Build/Intermediates.noindex/AEPCore.build/Debug-watchos/AEPCore_AEPCore-b.build/AEPCore_AEPCore.DependencyStaticMetadataFileList (in target 'AEPCore_AEPCore' from project 'AEPCore')
    cd /Users/admin/builder/spi-builder-workspace/.dependencies/checkouts/aepsdk-core-ios
    write-file /Users/admin/builder/spi-builder-workspace/.derivedData/Build/Intermediates.noindex/AEPCore.build/Debug-watchos/AEPCore_AEPCore-b.build/AEPCore_AEPCore.DependencyStaticMetadataFileList
WriteAuxiliaryFile /Users/admin/builder/spi-builder-workspace/.derivedData/Build/Intermediates.noindex/AEPCore.build/Debug-watchos/AEPCore_AEPCore-b.build/AEPCore_AEPCore.DependencyMetadataFileList (in target 'AEPCore_AEPCore' from project 'AEPCore')
    cd /Users/admin/builder/spi-builder-workspace/.dependencies/checkouts/aepsdk-core-ios
    write-file /Users/admin/builder/spi-builder-workspace/.derivedData/Build/Intermediates.noindex/AEPCore.build/Debug-watchos/AEPCore_AEPCore-b.build/AEPCore_AEPCore.DependencyMetadataFileList
WriteAuxiliaryFile /Users/admin/builder/spi-builder-workspace/.derivedData/Build/Intermediates.noindex/AEPCore.build/Debug-watchos/AEPCore-t.build/Objects-normal/arm64_32/AEPCore_const_extract_protocols.json (in target 'AEPCore' from project 'AEPCore')
    cd /Users/admin/builder/spi-builder-workspace/.dependencies/checkouts/aepsdk-core-ios
    write-file /Users/admin/builder/spi-builder-workspace/.derivedData/Build/Intermediates.noindex/AEPCore.build/Debug-watchos/AEPCore-t.build/Objects-normal/arm64_32/AEPCore_const_extract_protocols.json
WriteAuxiliaryFile /Users/admin/builder/spi-builder-workspace/.derivedData/Build/Intermediates.noindex/AEPCore.build/Debug-watchos/AEPCore-t.build/Objects-normal/arm64_32/AEPCore.SwiftFileList (in target 'AEPCore' from project 'AEPCore')
    cd /Users/admin/builder/spi-builder-workspace/.dependencies/checkouts/aepsdk-core-ios
    write-file /Users/admin/builder/spi-builder-workspace/.derivedData/Build/Intermediates.noindex/AEPCore.build/Debug-watchos/AEPCore-t.build/Objects-normal/arm64_32/AEPCore.SwiftFileList
WriteAuxiliaryFile /Users/admin/builder/spi-builder-workspace/.derivedData/Build/Intermediates.noindex/AEPCore.build/Debug-watchos/AEPCore-t.build/Objects-normal/arm64_32/AEPCore.SwiftConstValuesFileList (in target 'AEPCore' from project 'AEPCore')
    cd /Users/admin/builder/spi-builder-workspace/.dependencies/checkouts/aepsdk-core-ios
    write-file /Users/admin/builder/spi-builder-workspace/.derivedData/Build/Intermediates.noindex/AEPCore.build/Debug-watchos/AEPCore-t.build/Objects-normal/arm64_32/AEPCore.SwiftConstValuesFileList
WriteAuxiliaryFile /Users/admin/builder/spi-builder-workspace/.derivedData/Build/Intermediates.noindex/AEPCore.build/Debug-watchos/AEPCore-t.build/Objects-normal/arm64_32/AEPCore.LinkFileList (in target 'AEPCore' from project 'AEPCore')
    cd /Users/admin/builder/spi-builder-workspace/.dependencies/checkouts/aepsdk-core-ios
    write-file /Users/admin/builder/spi-builder-workspace/.derivedData/Build/Intermediates.noindex/AEPCore.build/Debug-watchos/AEPCore-t.build/Objects-normal/arm64_32/AEPCore.LinkFileList
WriteAuxiliaryFile /Users/admin/builder/spi-builder-workspace/.derivedData/Build/Intermediates.noindex/AEPCore.build/Debug-watchos/AEPCore-t.build/Objects-normal/arm64_32/AEPCore-OutputFileMap.json (in target 'AEPCore' from project 'AEPCore')
    cd /Users/admin/builder/spi-builder-workspace/.dependencies/checkouts/aepsdk-core-ios
    write-file /Users/admin/builder/spi-builder-workspace/.derivedData/Build/Intermediates.noindex/AEPCore.build/Debug-watchos/AEPCore-t.build/Objects-normal/arm64_32/AEPCore-OutputFileMap.json
WriteAuxiliaryFile /Users/admin/builder/spi-builder-workspace/.derivedData/Build/Intermediates.noindex/AEPCore.build/Debug-watchos/AEPCore-t.build/Objects-normal/arm64/AEPCore_const_extract_protocols.json (in target 'AEPCore' from project 'AEPCore')
    cd /Users/admin/builder/spi-builder-workspace/.dependencies/checkouts/aepsdk-core-ios
    write-file /Users/admin/builder/spi-builder-workspace/.derivedData/Build/Intermediates.noindex/AEPCore.build/Debug-watchos/AEPCore-t.build/Objects-normal/arm64/AEPCore_const_extract_protocols.json
WriteAuxiliaryFile /Users/admin/builder/spi-builder-workspace/.derivedData/Build/Intermediates.noindex/AEPCore.build/Debug-watchos/AEPCore-t.build/Objects-normal/arm64/AEPCore.SwiftFileList (in target 'AEPCore' from project 'AEPCore')
    cd /Users/admin/builder/spi-builder-workspace/.dependencies/checkouts/aepsdk-core-ios
    write-file /Users/admin/builder/spi-builder-workspace/.derivedData/Build/Intermediates.noindex/AEPCore.build/Debug-watchos/AEPCore-t.build/Objects-normal/arm64/AEPCore.SwiftFileList
WriteAuxiliaryFile /Users/admin/builder/spi-builder-workspace/.derivedData/Build/Intermediates.noindex/AEPCore.build/Debug-watchos/AEPCore-t.build/Objects-normal/arm64/AEPCore.SwiftConstValuesFileList (in target 'AEPCore' from project 'AEPCore')
    cd /Users/admin/builder/spi-builder-workspace/.dependencies/checkouts/aepsdk-core-ios
    write-file /Users/admin/builder/spi-builder-workspace/.derivedData/Build/Intermediates.noindex/AEPCore.build/Debug-watchos/AEPCore-t.build/Objects-normal/arm64/AEPCore.SwiftConstValuesFileList
WriteAuxiliaryFile /Users/admin/builder/spi-builder-workspace/.derivedData/Build/Intermediates.noindex/AEPCore.build/Debug-watchos/AEPCore-t.build/Objects-normal/arm64/AEPCore.LinkFileList (in target 'AEPCore' from project 'AEPCore')
    cd /Users/admin/builder/spi-builder-workspace/.dependencies/checkouts/aepsdk-core-ios
    write-file /Users/admin/builder/spi-builder-workspace/.derivedData/Build/Intermediates.noindex/AEPCore.build/Debug-watchos/AEPCore-t.build/Objects-normal/arm64/AEPCore.LinkFileList
WriteAuxiliaryFile /Users/admin/builder/spi-builder-workspace/.derivedData/Build/Intermediates.noindex/AEPCore.build/Debug-watchos/AEPCore-t.build/Objects-normal/arm64/AEPCore-OutputFileMap.json (in target 'AEPCore' from project 'AEPCore')
    cd /Users/admin/builder/spi-builder-workspace/.dependencies/checkouts/aepsdk-core-ios
    write-file /Users/admin/builder/spi-builder-workspace/.derivedData/Build/Intermediates.noindex/AEPCore.build/Debug-watchos/AEPCore-t.build/Objects-normal/arm64/AEPCore-OutputFileMap.json
WriteAuxiliaryFile /Users/admin/builder/spi-builder-workspace/.derivedData/Build/Intermediates.noindex/AEPCore.build/Debug-watchos/AEPCore-t.build/AEPCore.modulemap (in target 'AEPCore' from project 'AEPCore')
    cd /Users/admin/builder/spi-builder-workspace/.dependencies/checkouts/aepsdk-core-ios
    write-file /Users/admin/builder/spi-builder-workspace/.derivedData/Build/Intermediates.noindex/AEPCore.build/Debug-watchos/AEPCore-t.build/AEPCore.modulemap
WriteAuxiliaryFile /Users/admin/builder/spi-builder-workspace/.derivedData/Build/Intermediates.noindex/AEPCore.build/Debug-watchos/AEPCore-t.build/AEPCore.DependencyStaticMetadataFileList (in target 'AEPCore' from project 'AEPCore')
    cd /Users/admin/builder/spi-builder-workspace/.dependencies/checkouts/aepsdk-core-ios
    write-file /Users/admin/builder/spi-builder-workspace/.derivedData/Build/Intermediates.noindex/AEPCore.build/Debug-watchos/AEPCore-t.build/AEPCore.DependencyStaticMetadataFileList
WriteAuxiliaryFile /Users/admin/builder/spi-builder-workspace/.derivedData/Build/Intermediates.noindex/AEPCore.build/Debug-watchos/AEPCore-t.build/AEPCore.DependencyMetadataFileList (in target 'AEPCore' from project 'AEPCore')
    cd /Users/admin/builder/spi-builder-workspace/.dependencies/checkouts/aepsdk-core-ios
    write-file /Users/admin/builder/spi-builder-workspace/.derivedData/Build/Intermediates.noindex/AEPCore.build/Debug-watchos/AEPCore-t.build/AEPCore.DependencyMetadataFileList
WriteAuxiliaryFile /Users/admin/builder/spi-builder-workspace/.derivedData/Build/Intermediates.noindex/AEPCore.build/Debug-watchos/AEPCore-t.build/DerivedSources/resource_bundle_accessor.swift (in target 'AEPCore' from project 'AEPCore')
    cd /Users/admin/builder/spi-builder-workspace/.dependencies/checkouts/aepsdk-core-ios
    write-file /Users/admin/builder/spi-builder-workspace/.derivedData/Build/Intermediates.noindex/AEPCore.build/Debug-watchos/AEPCore-t.build/DerivedSources/resource_bundle_accessor.swift
MkDir /Users/admin/builder/spi-builder-workspace/.derivedData/Build/Products/Debug-watchos/AEPCore_AEPCore.bundle (in target 'AEPCore_AEPCore' from project 'AEPCore')
    cd /Users/admin/builder/spi-builder-workspace/.dependencies/checkouts/aepsdk-core-ios
    /bin/mkdir -p /Users/admin/builder/spi-builder-workspace/.derivedData/Build/Products/Debug-watchos/AEPCore_AEPCore.bundle
Copy /Users/admin/builder/spi-builder-workspace/.derivedData/Build/Intermediates.noindex/GeneratedModuleMaps-watchos/AEPCore.modulemap /Users/admin/builder/spi-builder-workspace/.derivedData/Build/Intermediates.noindex/AEPCore.build/Debug-watchos/AEPCore-t.build/AEPCore.modulemap (in target 'AEPCore' from project 'AEPCore')
    cd /Users/admin/builder/spi-builder-workspace/.dependencies/checkouts/aepsdk-core-ios
    builtin-copy -exclude .DS_Store -exclude CVS -exclude .svn -exclude .git -exclude .hg -resolve-src-symlinks /Users/admin/builder/spi-builder-workspace/.derivedData/Build/Intermediates.noindex/AEPCore.build/Debug-watchos/AEPCore-t.build/AEPCore.modulemap /Users/admin/builder/spi-builder-workspace/.derivedData/Build/Intermediates.noindex/GeneratedModuleMaps-watchos
ProcessInfoPlistFile /Users/admin/builder/spi-builder-workspace/.derivedData/Build/Products/Debug-watchos/AEPCore_AEPServices.bundle/Info.plist /Users/admin/builder/spi-builder-workspace/.derivedData/Build/Intermediates.noindex/AEPCore.build/Debug-watchos/AEPCore_AEPServices-b.build/empty-AEPCore_AEPServices.plist (in target 'AEPCore_AEPServices' from project 'AEPCore')
    cd /Users/admin/builder/spi-builder-workspace/.dependencies/checkouts/aepsdk-core-ios
    builtin-infoPlistUtility /Users/admin/builder/spi-builder-workspace/.derivedData/Build/Intermediates.noindex/AEPCore.build/Debug-watchos/AEPCore_AEPServices-b.build/empty-AEPCore_AEPServices.plist -producttype com.apple.product-type.bundle -expandbuildsettings -format binary -platform watchos -o /Users/admin/builder/spi-builder-workspace/.derivedData/Build/Products/Debug-watchos/AEPCore_AEPServices.bundle/Info.plist
CpResource /Users/admin/builder/spi-builder-workspace/.derivedData/Build/Products/Debug-watchos/AEPCore_AEPServices.bundle/PrivacyInfo.xcprivacy /Users/admin/builder/spi-builder-workspace/.dependencies/checkouts/aepsdk-core-ios/AEPServices/Sources/PrivacyInfo.xcprivacy (in target 'AEPCore_AEPServices' from project 'AEPCore')
    cd /Users/admin/builder/spi-builder-workspace/.dependencies/checkouts/aepsdk-core-ios
    builtin-copy -exclude .DS_Store -exclude CVS -exclude .svn -exclude .git -exclude .hg -resolve-src-symlinks /Users/admin/builder/spi-builder-workspace/.dependencies/checkouts/aepsdk-core-ios/AEPServices/Sources/PrivacyInfo.xcprivacy /Users/admin/builder/spi-builder-workspace/.derivedData/Build/Products/Debug-watchos/AEPCore_AEPServices.bundle
CpResource /Users/admin/builder/spi-builder-workspace/.derivedData/Build/Products/Debug-watchos/AEPCore_AEPCore.bundle/PrivacyInfo.xcprivacy /Users/admin/builder/spi-builder-workspace/.dependencies/checkouts/aepsdk-core-ios/AEPCore/Sources/PrivacyInfo.xcprivacy (in target 'AEPCore_AEPCore' from project 'AEPCore')
    cd /Users/admin/builder/spi-builder-workspace/.dependencies/checkouts/aepsdk-core-ios
    builtin-copy -exclude .DS_Store -exclude CVS -exclude .svn -exclude .git -exclude .hg -resolve-src-symlinks /Users/admin/builder/spi-builder-workspace/.dependencies/checkouts/aepsdk-core-ios/AEPCore/Sources/PrivacyInfo.xcprivacy /Users/admin/builder/spi-builder-workspace/.derivedData/Build/Products/Debug-watchos/AEPCore_AEPCore.bundle
ProcessInfoPlistFile /Users/admin/builder/spi-builder-workspace/.derivedData/Build/Products/Debug-watchos/AEPCore_AEPCore.bundle/Info.plist /Users/admin/builder/spi-builder-workspace/.derivedData/Build/Intermediates.noindex/AEPCore.build/Debug-watchos/AEPCore_AEPCore-b.build/empty-AEPCore_AEPCore.plist (in target 'AEPCore_AEPCore' from project 'AEPCore')
    cd /Users/admin/builder/spi-builder-workspace/.dependencies/checkouts/aepsdk-core-ios
    builtin-infoPlistUtility /Users/admin/builder/spi-builder-workspace/.derivedData/Build/Intermediates.noindex/AEPCore.build/Debug-watchos/AEPCore_AEPCore-b.build/empty-AEPCore_AEPCore.plist -producttype com.apple.product-type.bundle -expandbuildsettings -format binary -platform watchos -o /Users/admin/builder/spi-builder-workspace/.derivedData/Build/Products/Debug-watchos/AEPCore_AEPCore.bundle/Info.plist
RegisterExecutionPolicyException /Users/admin/builder/spi-builder-workspace/.derivedData/Build/Products/Debug-watchos/AEPCore_AEPServices.bundle (in target 'AEPCore_AEPServices' from project 'AEPCore')
    cd /Users/admin/builder/spi-builder-workspace/.dependencies/checkouts/aepsdk-core-ios
    builtin-RegisterExecutionPolicyException /Users/admin/builder/spi-builder-workspace/.derivedData/Build/Products/Debug-watchos/AEPCore_AEPServices.bundle
RegisterExecutionPolicyException /Users/admin/builder/spi-builder-workspace/.derivedData/Build/Products/Debug-watchos/AEPCore_AEPCore.bundle (in target 'AEPCore_AEPCore' from project 'AEPCore')
    cd /Users/admin/builder/spi-builder-workspace/.dependencies/checkouts/aepsdk-core-ios
    builtin-RegisterExecutionPolicyException /Users/admin/builder/spi-builder-workspace/.derivedData/Build/Products/Debug-watchos/AEPCore_AEPCore.bundle
Touch /Users/admin/builder/spi-builder-workspace/.derivedData/Build/Products/Debug-watchos/AEPCore_AEPCore.bundle (in target 'AEPCore_AEPCore' from project 'AEPCore')
    cd /Users/admin/builder/spi-builder-workspace/.dependencies/checkouts/aepsdk-core-ios
    /usr/bin/touch -c /Users/admin/builder/spi-builder-workspace/.derivedData/Build/Products/Debug-watchos/AEPCore_AEPCore.bundle
Touch /Users/admin/builder/spi-builder-workspace/.derivedData/Build/Products/Debug-watchos/AEPCore_AEPServices.bundle (in target 'AEPCore_AEPServices' from project 'AEPCore')
    cd /Users/admin/builder/spi-builder-workspace/.dependencies/checkouts/aepsdk-core-ios
    /usr/bin/touch -c /Users/admin/builder/spi-builder-workspace/.derivedData/Build/Products/Debug-watchos/AEPCore_AEPServices.bundle
SwiftDriver AEPRulesEngine normal arm64 com.apple.xcode.tools.swift.compiler (in target 'AEPRulesEngine' from project 'AEPRulesEngine')
    cd /Users/admin/builder/spi-builder-workspace/.swiftpm/xcode
    builtin-SwiftDriver -- /Applications/Xcode-27.0.0-Release.Candidate.app/Contents/Developer/Toolchains/XcodeDefault.xctoolchain/usr/bin/swiftc -parse-as-library -module-name AEPRulesEngine -Onone @/Users/admin/builder/spi-builder-workspace/.derivedData/Build/Intermediates.noindex/AEPRulesEngine.build/Debug-watchos/AEPRulesEngine-t.build/Objects-normal/arm64/AEPRulesEngine.SwiftFileList -DSWIFT_PACKAGE -DDEBUG -DSWIFT_MODULE_RESOURCE_BUNDLE_UNAVAILABLE -DXcode -plugin-path /Applications/Xcode-27.0.0-Release.Candidate.app/Contents/Developer/Toolchains/XcodeDefault.xctoolchain/usr/lib/swift/host/plugins/testing -enable-experimental-feature DebugDescriptionMacro -sdk /Applications/Xcode-27.0.0-Release.Candidate.app/Contents/Developer/Platforms/WatchOS.platform/Developer/SDKs/WatchOS27.0.sdk -target arm64-apple-watchos9.0 -g -module-cache-path /Users/admin/builder/spi-builder-workspace/.derivedData/ModuleCache.noindex -Xfrontend -serialize-debugging-options -enable-testing -suppress-warnings -index-store-path /Users/admin/builder/spi-builder-workspace/.derivedData/Index.noindex/DataStore -Xcc -D_LIBCPP_HARDENING_MODE\=_LIBCPP_HARDENING_MODE_DEBUG -swift-version 5 -I /Users/admin/builder/spi-builder-workspace/.derivedData/Build/Products/Debug-watchos -Isystem /Applications/Xcode-27.0.0-Release.Candidate.app/Contents/Developer/Platforms/WatchOS.platform/Developer/usr/lib -F /Users/admin/builder/spi-builder-workspace/.derivedData/Build/Products/Debug-watchos -F /Applications/Xcode-27.0.0-Release.Candidate.app/Contents/Developer/Platforms/WatchOS.platform/Developer/Library/Frameworks -F /Applications/Xcode-27.0.0-Release.Candidate.app/Contents/Developer/Platforms/WatchOS.platform/Developer/SDKs/WatchOS27.0.sdk/Developer/Library/Frameworks -c -j10 -enable-batch-mode -incremental -Xcc -ivfsstatcache -Xcc /Users/admin/builder/spi-builder-workspace/.derivedData/SDKStatCaches.noindex/watchos27.0-24R360-e829b21a6f8c9b70876ba0858053c04477534ef55a1706bf4c1112bbb242f0a2.sdkstatcache -output-file-map /Users/admin/builder/spi-builder-workspace/.derivedData/Build/Intermediates.noindex/AEPRulesEngine.build/Debug-watchos/AEPRulesEngine-t.build/Objects-normal/arm64/AEPRulesEngine-OutputFileMap.json -save-temps -no-color-diagnostics -explicit-module-build -module-cache-path /Users/admin/builder/spi-builder-workspace/.derivedData/Build/Intermediates.noindex/SwiftExplicitPrecompiledModules -clang-scanner-module-cache-path /Users/admin/builder/spi-builder-workspace/.derivedData/ModuleCache.noindex -sdk-module-cache-path /Users/admin/builder/spi-builder-workspace/.derivedData/SDKExplicitPrecompiledModules -emit-dependencies -emit-module -emit-module-path /Users/admin/builder/spi-builder-workspace/.derivedData/Build/Intermediates.noindex/AEPRulesEngine.build/Debug-watchos/AEPRulesEngine-t.build/Objects-normal/arm64/AEPRulesEngine.swiftmodule -serialize-diagnostics -dependency-scan-serialize-diagnostics-path /Users/admin/builder/spi-builder-workspace/.derivedData/Build/Intermediates.noindex/AEPRulesEngine.build/Debug-watchos/AEPRulesEngine-t.build/Objects-normal/arm64/AEPRulesEngine-dependency-scan.dia -validate-clang-modules-once -clang-build-session-file /Users/admin/builder/spi-builder-workspace/.derivedData/ModuleCache.noindex/Session.modulevalidation -Xcc -fmodules-prune-interval\=86400 -Xcc -fmodules-prune-after\=345600 -emit-const-values -const-gather-protocols-list /Users/admin/builder/spi-builder-workspace/.derivedData/Build/Intermediates.noindex/AEPRulesEngine.build/Debug-watchos/AEPRulesEngine-t.build/Objects-normal/arm64/AEPRulesEngine_const_extract_protocols.json -Xcc -I/Users/admin/builder/spi-builder-workspace/.derivedData/Build/Products/Debug-watchos/include -Xcc -I/Users/admin/builder/spi-builder-workspace/.derivedData/Build/Intermediates.noindex/AEPRulesEngine.build/Debug-watchos/AEPRulesEngine-t.build/DerivedSources-normal/arm64 -Xcc -I/Users/admin/builder/spi-builder-workspace/.derivedData/Build/Intermediates.noindex/AEPRulesEngine.build/Debug-watchos/AEPRulesEngine-t.build/DerivedSources/arm64 -Xcc -I/Users/admin/builder/spi-builder-workspace/.derivedData/Build/Intermediates.noindex/AEPRulesEngine.build/Debug-watchos/AEPRulesEngine-t.build/DerivedSources -Xcc -DSWIFT_PACKAGE -Xcc -DDEBUG\=1 -emit-objc-header -emit-objc-header-path /Users/admin/builder/spi-builder-workspace/.derivedData/Build/Intermediates.noindex/AEPRulesEngine.build/Debug-watchos/AEPRulesEngine-t.build/Objects-normal/arm64/AEPRulesEngine-Swift.h -working-directory /Users/admin/builder/spi-builder-workspace/.swiftpm/xcode -experimental-emit-module-separately -disable-cmo
SwiftDriver AEPServices normal arm64_32 com.apple.xcode.tools.swift.compiler (in target 'AEPServices' from project 'AEPCore')
    cd /Users/admin/builder/spi-builder-workspace/.swiftpm/xcode
    builtin-SwiftDriver -- /Applications/Xcode-27.0.0-Release.Candidate.app/Contents/Developer/Toolchains/XcodeDefault.xctoolchain/usr/bin/swiftc -parse-as-library -module-name AEPServices -Onone @/Users/admin/builder/spi-builder-workspace/.derivedData/Build/Intermediates.noindex/AEPCore.build/Debug-watchos/AEPServices-t.build/Objects-normal/arm64_32/AEPServices.SwiftFileList -DSWIFT_PACKAGE -DDEBUG -DSWIFT_MODULE_RESOURCE_BUNDLE_AVAILABLE -DXcode -plugin-path /Applications/Xcode-27.0.0-Release.Candidate.app/Contents/Developer/Toolchains/XcodeDefault.xctoolchain/usr/lib/swift/host/plugins/testing -enable-experimental-feature DebugDescriptionMacro -sdk /Applications/Xcode-27.0.0-Release.Candidate.app/Contents/Developer/Platforms/WatchOS.platform/Developer/SDKs/WatchOS27.0.sdk -target arm64_32-apple-watchos9.0 -g -module-cache-path /Users/admin/builder/spi-builder-workspace/.derivedData/ModuleCache.noindex -Xfrontend -serialize-debugging-options -enable-testing -suppress-warnings -index-store-path /Users/admin/builder/spi-builder-workspace/.derivedData/Index.noindex/DataStore -Xcc -D_LIBCPP_HARDENING_MODE\=_LIBCPP_HARDENING_MODE_DEBUG -swift-version 5 -I /Users/admin/builder/spi-builder-workspace/.derivedData/Build/Products/Debug-watchos -Isystem /Applications/Xcode-27.0.0-Release.Candidate.app/Contents/Developer/Platforms/WatchOS.platform/Developer/usr/lib -F /Users/admin/builder/spi-builder-workspace/.derivedData/Build/Products/Debug-watchos -F /Applications/Xcode-27.0.0-Release.Candidate.app/Contents/Developer/Platforms/WatchOS.platform/Developer/Library/Frameworks -F /Applications/Xcode-27.0.0-Release.Candidate.app/Contents/Developer/Platforms/WatchOS.platform/Developer/SDKs/WatchOS27.0.sdk/Developer/Library/Frameworks -c -j10 -enable-batch-mode -incremental -Xcc -ivfsstatcache -Xcc /Users/admin/builder/spi-builder-workspace/.derivedData/SDKStatCaches.noindex/watchos27.0-24R360-e829b21a6f8c9b70876ba0858053c04477534ef55a1706bf4c1112bbb242f0a2.sdkstatcache -output-file-map /Users/admin/builder/spi-builder-workspace/.derivedData/Build/Intermediates.noindex/AEPCore.build/Debug-watchos/AEPServices-t.build/Objects-normal/arm64_32/AEPServices-OutputFileMap.json -save-temps -no-color-diagnostics -explicit-module-build -module-cache-path /Users/admin/builder/spi-builder-workspace/.derivedData/Build/Intermediates.noindex/SwiftExplicitPrecompiledModules -clang-scanner-module-cache-path /Users/admin/builder/spi-builder-workspace/.derivedData/ModuleCache.noindex -sdk-module-cache-path /Users/admin/builder/spi-builder-workspace/.derivedData/SDKExplicitPrecompiledModules -emit-dependencies -emit-module -emit-module-path /Users/admin/builder/spi-builder-workspace/.derivedData/Build/Intermediates.noindex/AEPCore.build/Debug-watchos/AEPServices-t.build/Objects-normal/arm64_32/AEPServices.swiftmodule -serialize-diagnostics -dependency-scan-serialize-diagnostics-path /Users/admin/builder/spi-builder-workspace/.derivedData/Build/Intermediates.noindex/AEPCore.build/Debug-watchos/AEPServices-t.build/Objects-normal/arm64_32/AEPServices-dependency-scan.dia -validate-clang-modules-once -clang-build-session-file /Users/admin/builder/spi-builder-workspace/.derivedData/ModuleCache.noindex/Session.modulevalidation -Xcc -fmodules-prune-interval\=86400 -Xcc -fmodules-prune-after\=345600 -emit-const-values -const-gather-protocols-list /Users/admin/builder/spi-builder-workspace/.derivedData/Build/Intermediates.noindex/AEPCore.build/Debug-watchos/AEPServices-t.build/Objects-normal/arm64_32/AEPServices_const_extract_protocols.json -Xcc -I/Users/admin/builder/spi-builder-workspace/.derivedData/Build/Products/Debug-watchos/include -Xcc -I/Users/admin/builder/spi-builder-workspace/.derivedData/Build/Intermediates.noindex/AEPCore.build/Debug-watchos/AEPServices-t.build/DerivedSources-normal/arm64_32 -Xcc -I/Users/admin/builder/spi-builder-workspace/.derivedData/Build/Intermediates.noindex/AEPCore.build/Debug-watchos/AEPServices-t.build/DerivedSources/arm64_32 -Xcc -I/Users/admin/builder/spi-builder-workspace/.derivedData/Build/Intermediates.noindex/AEPCore.build/Debug-watchos/AEPServices-t.build/DerivedSources -Xcc -DSWIFT_PACKAGE -Xcc -DDEBUG\=1 -emit-objc-header -emit-objc-header-path /Users/admin/builder/spi-builder-workspace/.derivedData/Build/Intermediates.noindex/AEPCore.build/Debug-watchos/AEPServices-t.build/Objects-normal/arm64_32/AEPServices-Swift.h -working-directory /Users/admin/builder/spi-builder-workspace/.swiftpm/xcode -experimental-emit-module-separately -disable-cmo
SwiftDriver AEPServices normal arm64 com.apple.xcode.tools.swift.compiler (in target 'AEPServices' from project 'AEPCore')
    cd /Users/admin/builder/spi-builder-workspace/.swiftpm/xcode
    builtin-SwiftDriver -- /Applications/Xcode-27.0.0-Release.Candidate.app/Contents/Developer/Toolchains/XcodeDefault.xctoolchain/usr/bin/swiftc -parse-as-library -module-name AEPServices -Onone @/Users/admin/builder/spi-builder-workspace/.derivedData/Build/Intermediates.noindex/AEPCore.build/Debug-watchos/AEPServices-t.build/Objects-normal/arm64/AEPServices.SwiftFileList -DSWIFT_PACKAGE -DDEBUG -DSWIFT_MODULE_RESOURCE_BUNDLE_AVAILABLE -DXcode -plugin-path /Applications/Xcode-27.0.0-Release.Candidate.app/Contents/Developer/Toolchains/XcodeDefault.xctoolchain/usr/lib/swift/host/plugins/testing -enable-experimental-feature DebugDescriptionMacro -sdk /Applications/Xcode-27.0.0-Release.Candidate.app/Contents/Developer/Platforms/WatchOS.platform/Developer/SDKs/WatchOS27.0.sdk -target arm64-apple-watchos9.0 -g -module-cache-path /Users/admin/builder/spi-builder-workspace/.derivedData/ModuleCache.noindex -Xfrontend -serialize-debugging-options -enable-testing -suppress-warnings -index-store-path /Users/admin/builder/spi-builder-workspace/.derivedData/Index.noindex/DataStore -Xcc -D_LIBCPP_HARDENING_MODE\=_LIBCPP_HARDENING_MODE_DEBUG -swift-version 5 -I /Users/admin/builder/spi-builder-workspace/.derivedData/Build/Products/Debug-watchos -Isystem /Applications/Xcode-27.0.0-Release.Candidate.app/Contents/Developer/Platforms/WatchOS.platform/Developer/usr/lib -F /Users/admin/builder/spi-builder-workspace/.derivedData/Build/Products/Debug-watchos -F /Applications/Xcode-27.0.0-Release.Candidate.app/Contents/Developer/Platforms/WatchOS.platform/Developer/Library/Frameworks -F /Applications/Xcode-27.0.0-Release.Candidate.app/Contents/Developer/Platforms/WatchOS.platform/Developer/SDKs/WatchOS27.0.sdk/Developer/Library/Frameworks -c -j10 -enable-batch-mode -incremental -Xcc -ivfsstatcache -Xcc /Users/admin/builder/spi-builder-workspace/.derivedData/SDKStatCaches.noindex/watchos27.0-24R360-e829b21a6f8c9b70876ba0858053c04477534ef55a1706bf4c1112bbb242f0a2.sdkstatcache -output-file-map /Users/admin/builder/spi-builder-workspace/.derivedData/Build/Intermediates.noindex/AEPCore.build/Debug-watchos/AEPServices-t.build/Objects-normal/arm64/AEPServices-OutputFileMap.json -save-temps -no-color-diagnostics -explicit-module-build -module-cache-path /Users/admin/builder/spi-builder-workspace/.derivedData/Build/Intermediates.noindex/SwiftExplicitPrecompiledModules -clang-scanner-module-cache-path /Users/admin/builder/spi-builder-workspace/.derivedData/ModuleCache.noindex -sdk-module-cache-path /Users/admin/builder/spi-builder-workspace/.derivedData/SDKExplicitPrecompiledModules -emit-dependencies -emit-module -emit-module-path /Users/admin/builder/spi-builder-workspace/.derivedData/Build/Intermediates.noindex/AEPCore.build/Debug-watchos/AEPServices-t.build/Objects-normal/arm64/AEPServices.swiftmodule -serialize-diagnostics -dependency-scan-serialize-diagnostics-path /Users/admin/builder/spi-builder-workspace/.derivedData/Build/Intermediates.noindex/AEPCore.build/Debug-watchos/AEPServices-t.build/Objects-normal/arm64/AEPServices-dependency-scan.dia -validate-clang-modules-once -clang-build-session-file /Users/admin/builder/spi-builder-workspace/.derivedData/ModuleCache.noindex/Session.modulevalidation -Xcc -fmodules-prune-interval\=86400 -Xcc -fmodules-prune-after\=345600 -emit-const-values -const-gather-protocols-list /Users/admin/builder/spi-builder-workspace/.derivedData/Build/Intermediates.noindex/AEPCore.build/Debug-watchos/AEPServices-t.build/Objects-normal/arm64/AEPServices_const_extract_protocols.json -Xcc -I/Users/admin/builder/spi-builder-workspace/.derivedData/Build/Products/Debug-watchos/include -Xcc -I/Users/admin/builder/spi-builder-workspace/.derivedData/Build/Intermediates.noindex/AEPCore.build/Debug-watchos/AEPServices-t.build/DerivedSources-normal/arm64 -Xcc -I/Users/admin/builder/spi-builder-workspace/.derivedData/Build/Intermediates.noindex/AEPCore.build/Debug-watchos/AEPServices-t.build/DerivedSources/arm64 -Xcc -I/Users/admin/builder/spi-builder-workspace/.derivedData/Build/Intermediates.noindex/AEPCore.build/Debug-watchos/AEPServices-t.build/DerivedSources -Xcc -DSWIFT_PACKAGE -Xcc -DDEBUG\=1 -emit-objc-header -emit-objc-header-path /Users/admin/builder/spi-builder-workspace/.derivedData/Build/Intermediates.noindex/AEPCore.build/Debug-watchos/AEPServices-t.build/Objects-normal/arm64/AEPServices-Swift.h -working-directory /Users/admin/builder/spi-builder-workspace/.swiftpm/xcode -experimental-emit-module-separately -disable-cmo
SwiftDriver AEPRulesEngine normal arm64_32 com.apple.xcode.tools.swift.compiler (in target 'AEPRulesEngine' from project 'AEPRulesEngine')
    cd /Users/admin/builder/spi-builder-workspace/.swiftpm/xcode
    builtin-SwiftDriver -- /Applications/Xcode-27.0.0-Release.Candidate.app/Contents/Developer/Toolchains/XcodeDefault.xctoolchain/usr/bin/swiftc -parse-as-library -module-name AEPRulesEngine -Onone @/Users/admin/builder/spi-builder-workspace/.derivedData/Build/Intermediates.noindex/AEPRulesEngine.build/Debug-watchos/AEPRulesEngine-t.build/Objects-normal/arm64_32/AEPRulesEngine.SwiftFileList -DSWIFT_PACKAGE -DDEBUG -DSWIFT_MODULE_RESOURCE_BUNDLE_UNAVAILABLE -DXcode -plugin-path /Applications/Xcode-27.0.0-Release.Candidate.app/Contents/Developer/Toolchains/XcodeDefault.xctoolchain/usr/lib/swift/host/plugins/testing -enable-experimental-feature DebugDescriptionMacro -sdk /Applications/Xcode-27.0.0-Release.Candidate.app/Contents/Developer/Platforms/WatchOS.platform/Developer/SDKs/WatchOS27.0.sdk -target arm64_32-apple-watchos9.0 -g -module-cache-path /Users/admin/builder/spi-builder-workspace/.derivedData/ModuleCache.noindex -Xfrontend -serialize-debugging-options -enable-testing -suppress-warnings -index-store-path /Users/admin/builder/spi-builder-workspace/.derivedData/Index.noindex/DataStore -Xcc -D_LIBCPP_HARDENING_MODE\=_LIBCPP_HARDENING_MODE_DEBUG -swift-version 5 -I /Users/admin/builder/spi-builder-workspace/.derivedData/Build/Products/Debug-watchos -Isystem /Applications/Xcode-27.0.0-Release.Candidate.app/Contents/Developer/Platforms/WatchOS.platform/Developer/usr/lib -F /Users/admin/builder/spi-builder-workspace/.derivedData/Build/Products/Debug-watchos -F /Applications/Xcode-27.0.0-Release.Candidate.app/Contents/Developer/Platforms/WatchOS.platform/Developer/Library/Frameworks -F /Applications/Xcode-27.0.0-Release.Candidate.app/Contents/Developer/Platforms/WatchOS.platform/Developer/SDKs/WatchOS27.0.sdk/Developer/Library/Frameworks -c -j10 -enable-batch-mode -incremental -Xcc -ivfsstatcache -Xcc /Users/admin/builder/spi-builder-workspace/.derivedData/SDKStatCaches.noindex/watchos27.0-24R360-e829b21a6f8c9b70876ba0858053c04477534ef55a1706bf4c1112bbb242f0a2.sdkstatcache -output-file-map /Users/admin/builder/spi-builder-workspace/.derivedData/Build/Intermediates.noindex/AEPRulesEngine.build/Debug-watchos/AEPRulesEngine-t.build/Objects-normal/arm64_32/AEPRulesEngine-OutputFileMap.json -save-temps -no-color-diagnostics -explicit-module-build -module-cache-path /Users/admin/builder/spi-builder-workspace/.derivedData/Build/Intermediates.noindex/SwiftExplicitPrecompiledModules -clang-scanner-module-cache-path /Users/admin/builder/spi-builder-workspace/.derivedData/ModuleCache.noindex -sdk-module-cache-path /Users/admin/builder/spi-builder-workspace/.derivedData/SDKExplicitPrecompiledModules -emit-dependencies -emit-module -emit-module-path /Users/admin/builder/spi-builder-workspace/.derivedData/Build/Intermediates.noindex/AEPRulesEngine.build/Debug-watchos/AEPRulesEngine-t.build/Objects-normal/arm64_32/AEPRulesEngine.swiftmodule -serialize-diagnostics -dependency-scan-serialize-diagnostics-path /Users/admin/builder/spi-builder-workspace/.derivedData/Build/Intermediates.noindex/AEPRulesEngine.build/Debug-watchos/AEPRulesEngine-t.build/Objects-normal/arm64_32/AEPRulesEngine-dependency-scan.dia -validate-clang-modules-once -clang-build-session-file /Users/admin/builder/spi-builder-workspace/.derivedData/ModuleCache.noindex/Session.modulevalidation -Xcc -fmodules-prune-interval\=86400 -Xcc -fmodules-prune-after\=345600 -emit-const-values -const-gather-protocols-list /Users/admin/builder/spi-builder-workspace/.derivedData/Build/Intermediates.noindex/AEPRulesEngine.build/Debug-watchos/AEPRulesEngine-t.build/Objects-normal/arm64_32/AEPRulesEngine_const_extract_protocols.json -Xcc -I/Users/admin/builder/spi-builder-workspace/.derivedData/Build/Products/Debug-watchos/include -Xcc -I/Users/admin/builder/spi-builder-workspace/.derivedData/Build/Intermediates.noindex/AEPRulesEngine.build/Debug-watchos/AEPRulesEngine-t.build/DerivedSources-normal/arm64_32 -Xcc -I/Users/admin/builder/spi-builder-workspace/.derivedData/Build/Intermediates.noindex/AEPRulesEngine.build/Debug-watchos/AEPRulesEngine-t.build/DerivedSources/arm64_32 -Xcc -I/Users/admin/builder/spi-builder-workspace/.derivedData/Build/Intermediates.noindex/AEPRulesEngine.build/Debug-watchos/AEPRulesEngine-t.build/DerivedSources -Xcc -DSWIFT_PACKAGE -Xcc -DDEBUG\=1 -emit-objc-header -emit-objc-header-path /Users/admin/builder/spi-builder-workspace/.derivedData/Build/Intermediates.noindex/AEPRulesEngine.build/Debug-watchos/AEPRulesEngine-t.build/Objects-normal/arm64_32/AEPRulesEngine-Swift.h -working-directory /Users/admin/builder/spi-builder-workspace/.swiftpm/xcode -experimental-emit-module-separately -disable-cmo
SwiftExplicitDependencyGeneratePcm arm64 /Users/admin/builder/spi-builder-workspace/.derivedData/SDKExplicitPrecompiledModules/_Builtin_float-C0CW5Q4HGBQYKE77TC42IAFB5.pcm
SwiftExplicitDependencyGeneratePcm arm64 /Users/admin/builder/spi-builder-workspace/.derivedData/SDKExplicitPrecompiledModules/ptrauth-3TZ9WJCGLYD25HQPWH4968ONX.pcm
SwiftExplicitDependencyGeneratePcm arm64 /Users/admin/builder/spi-builder-workspace/.derivedData/SDKExplicitPrecompiledModules/_Builtin_stdarg-A7UU8LE6MP85SM26YO7PBZNUQ.pcm
SwiftExplicitDependencyGeneratePcm arm64 /Users/admin/builder/spi-builder-workspace/.derivedData/SDKExplicitPrecompiledModules/ptrcheck-AIF0NDOYZ8ORBNHQAQR5NNB8M.pcm
SwiftExplicitDependencyGeneratePcm arm64 /Users/admin/builder/spi-builder-workspace/.derivedData/SDKExplicitPrecompiledModules/_SwiftConcurrencyShims-659N52XSKR5F0QSB880BH2FJR.pcm
SwiftExplicitDependencyGeneratePcm arm64 /Users/admin/builder/spi-builder-workspace/.derivedData/SDKExplicitPrecompiledModules/SwiftShims-4MXFZPV6FEB0XBYXCGPWAMQGL.pcm
SwiftExplicitDependencyGeneratePcm arm64 /Users/admin/builder/spi-builder-workspace/.derivedData/SDKExplicitPrecompiledModules/_AvailabilityInternal-BUNV3UXM65NT37THI4W1AM0SF.pcm
SwiftExplicitDependencyGeneratePcm arm64_32 /Users/admin/builder/spi-builder-workspace/.derivedData/SDKExplicitPrecompiledModules/ptrcheck-7ELIH9BTIGVKX3UBITM9N72WD.pcm
SwiftExplicitDependencyGeneratePcm arm64_32 /Users/admin/builder/spi-builder-workspace/.derivedData/SDKExplicitPrecompiledModules/_SwiftConcurrencyShims-6RTBPQ03V7BM9SPRK8SUE055H.pcm
SwiftExplicitDependencyGeneratePcm arm64_32 /Users/admin/builder/spi-builder-workspace/.derivedData/SDKExplicitPrecompiledModules/_Builtin_stdbool-A967K8W8YUYEC9SN52KJ7OO88.pcm
SwiftExplicitDependencyGeneratePcm arm64_32 /Users/admin/builder/spi-builder-workspace/.derivedData/SDKExplicitPrecompiledModules/_AvailabilityInternal-244WAN3Z1QBT7PIA64EZEFY1R.pcm
SwiftExplicitDependencyGeneratePcm arm64_32 /Users/admin/builder/spi-builder-workspace/.derivedData/SDKExplicitPrecompiledModules/_Builtin_stdarg-D305JG44A2WPI6CJY37X3QJE8.pcm
SwiftExplicitDependencyGeneratePcm arm64_32 /Users/admin/builder/spi-builder-workspace/.derivedData/SDKExplicitPrecompiledModules/ptrauth-BFXF358ME5AK535N5A9Z766WU.pcm
SwiftExplicitDependencyGeneratePcm arm64 /Users/admin/builder/spi-builder-workspace/.derivedData/SDKExplicitPrecompiledModules/_Builtin_stdbool-83J96QSOFE9VX04AAS6310UAE.pcm
SwiftExplicitDependencyGeneratePcm arm64_32 /Users/admin/builder/spi-builder-workspace/.derivedData/SDKExplicitPrecompiledModules/_Builtin_stddef-H44EFHQX6XSS5MZ7QP6YJZ76.pcm
SwiftExplicitDependencyGeneratePcm arm64 /Users/admin/builder/spi-builder-workspace/.derivedData/SDKExplicitPrecompiledModules/_DarwinFoundation1-7SPX3MD0HMP55E4OLNCPNDQ53.pcm
SwiftExplicitDependencyGeneratePcm arm64_32 /Users/admin/builder/spi-builder-workspace/.derivedData/SDKExplicitPrecompiledModules/_Builtin_float-6KO8O3PEWRCA4WC6PPLOYO6WJ.pcm
SwiftExplicitDependencyGeneratePcm arm64_32 /Users/admin/builder/spi-builder-workspace/.derivedData/SDKExplicitPrecompiledModules/SwiftShims-9CQQGWTSNTN9EB5NSHDWUJICH.pcm
SwiftExplicitDependencyGeneratePcm arm64 /Users/admin/builder/spi-builder-workspace/.derivedData/SDKExplicitPrecompiledModules/_Builtin_stddef-1FU30Y8SWFB7OUUHMJQH5J6FM.pcm
SwiftExplicitDependencyGeneratePcm arm64 /Users/admin/builder/spi-builder-workspace/.derivedData/SDKExplicitPrecompiledModules/_Builtin_limits-9GWPA2B0H20DYUNYHYCWKABJG.pcm
SwiftExplicitDependencyGeneratePcm arm64_32 /Users/admin/builder/spi-builder-workspace/.derivedData/SDKExplicitPrecompiledModules/_DarwinFoundation1-2GWF9RFMPLQW4PDHS3NARVI3G.pcm
SwiftExplicitDependencyGeneratePcm arm64 /Users/admin/builder/spi-builder-workspace/.derivedData/SDKExplicitPrecompiledModules/_DarwinFoundation2-D0XAPJU49S5E9XMKYOFGSTB1Q.pcm
SwiftExplicitDependencyGeneratePcm arm64_32 /Users/admin/builder/spi-builder-workspace/.derivedData/SDKExplicitPrecompiledModules/_Builtin_limits-3VKBU2AFTD65PAJZ5CJ3LHFM2.pcm
SwiftExplicitDependencyGeneratePcm arm64_32 /Users/admin/builder/spi-builder-workspace/.derivedData/SDKExplicitPrecompiledModules/_DarwinFoundation2-9MY8GOSYRO0M9MKNXF6D3MBNK.pcm
SwiftExplicitDependencyGeneratePcm arm64 /Users/admin/builder/spi-builder-workspace/.derivedData/SDKExplicitPrecompiledModules/sys_types-2KXQLI78OUCDP779AE68GZJ2.pcm
SwiftExplicitDependencyGeneratePcm arm64 /Users/admin/builder/spi-builder-workspace/.derivedData/SDKExplicitPrecompiledModules/string_h-E6PRXK75PHIPCZFWOFCQ3QBMK.pcm
SwiftExplicitDependencyGeneratePcm arm64 /Users/admin/builder/spi-builder-workspace/.derivedData/SDKExplicitPrecompiledModules/_Builtin_stdint-8XMILLJZEGRN2XG7XZUXZ5RLX.pcm
SwiftExplicitDependencyGeneratePcm arm64_32 /Users/admin/builder/spi-builder-workspace/.derivedData/SDKExplicitPrecompiledModules/DeveloperToolsSupport-DZU5G1OCMNWU0AQRULIFHUJ1Z.pcm
SwiftExplicitDependencyGeneratePcm arm64_32 /Users/admin/builder/spi-builder-workspace/.derivedData/SDKExplicitPrecompiledModules/SQLite3-XQYJ99QSC0C1F9QFMDJ3G2YG.pcm
SwiftExplicitDependencyGeneratePcm arm64 /Users/admin/builder/spi-builder-workspace/.derivedData/SDKExplicitPrecompiledModules/_Builtin_tgmath-8NQ96OZ0YHXEC24JI95P01UF8.pcm
SwiftExplicitDependencyGeneratePcm arm64 /Users/admin/builder/spi-builder-workspace/.derivedData/SDKExplicitPrecompiledModules/DeveloperToolsSupport-E7CNISCB36UE8XQ9IOHK9XDX1.pcm
SwiftExplicitDependencyGeneratePcm arm64 /Users/admin/builder/spi-builder-workspace/.derivedData/SDKExplicitPrecompiledModules/SQLite3-5AWX4HLVYPUFTBU8N2ZLPZUG4.pcm
SwiftExplicitDependencyGeneratePcm arm64 /Users/admin/builder/spi-builder-workspace/.derivedData/SDKExplicitPrecompiledModules/_DarwinFoundation3-B97LRG0E9GON2NUE65TVG81HU.pcm
SwiftExplicitDependencyGeneratePcm arm64 /Users/admin/builder/spi-builder-workspace/.derivedData/SDKExplicitPrecompiledModules/_Builtin_intrinsics-75960HIPCIYA06IUW8FIIPQT.pcm
SwiftExplicitDependencyGeneratePcm arm64 /Users/admin/builder/spi-builder-workspace/.derivedData/SDKExplicitPrecompiledModules/_Builtin_stdatomic-7JEFA3KBJJJN6TKJWY3OG1VG5.pcm
SwiftExplicitDependencyGeneratePcm arm64_32 /Users/admin/builder/spi-builder-workspace/.derivedData/SDKExplicitPrecompiledModules/string_h-BFVLUQUSBZWYMLCU9QI7VZALW.pcm
SwiftExplicitDependencyGeneratePcm arm64_32 /Users/admin/builder/spi-builder-workspace/.derivedData/SDKExplicitPrecompiledModules/_Builtin_stdint-1HMXWI3V0V4TXHRWZOMZGZ80Y.pcm
SwiftExplicitDependencyGeneratePcm arm64_32 /Users/admin/builder/spi-builder-workspace/.derivedData/SDKExplicitPrecompiledModules/sys_types-8TLLMW08ZJWDGIIPKOYFGHHZW.pcm
SwiftExplicitDependencyGeneratePcm arm64_32 /Users/admin/builder/spi-builder-workspace/.derivedData/SDKExplicitPrecompiledModules/_Builtin_tgmath-23PGCKURCQILXMK0MYZRYDCOU.pcm
SwiftExplicitDependencyGeneratePcm arm64_32 /Users/admin/builder/spi-builder-workspace/.derivedData/SDKExplicitPrecompiledModules/_Builtin_intrinsics-196IIAKDQVU42DLOZP9OQCV76.pcm
SwiftExplicitDependencyGeneratePcm arm64_32 /Users/admin/builder/spi-builder-workspace/.derivedData/SDKExplicitPrecompiledModules/_Builtin_stdatomic-1TY035TURL76BF2U98PZPPZRX.pcm
SwiftExplicitDependencyGeneratePcm arm64_32 /Users/admin/builder/spi-builder-workspace/.derivedData/SDKExplicitPrecompiledModules/_DarwinFoundation3-3DUTYQDQSD9HUAAVY947NMWOI.pcm
SwiftExplicitDependencyGeneratePcm arm64 /Users/admin/builder/spi-builder-workspace/.derivedData/SDKExplicitPrecompiledModules/_Builtin_inttypes-3UQSCM7WNM9EK4HZML8TY5J3D.pcm
SwiftExplicitDependencyGeneratePcm arm64 /Users/admin/builder/spi-builder-workspace/.derivedData/SDKExplicitPrecompiledModules/Darwin-3984OXKFNSPE77NT743WK8SEX.pcm
SwiftExplicitDependencyGeneratePcm arm64_32 /Users/admin/builder/spi-builder-workspace/.derivedData/SDKExplicitPrecompiledModules/_Builtin_inttypes-D2KPCR4PEX9AQA33NGLUT5SBR.pcm
SwiftExplicitDependencyGeneratePcm arm64_32 /Users/admin/builder/spi-builder-workspace/.derivedData/SDKExplicitPrecompiledModules/Darwin-3FVT1SKLN2ZQ5RVOABMTQBB34.pcm
SwiftExplicitDependencyGeneratePcm arm64 /Users/admin/builder/spi-builder-workspace/.derivedData/SDKExplicitPrecompiledModules/simd-EH08NODU6574T74ZKU61VP9BW.pcm
SwiftExplicitDependencyGeneratePcm arm64_32 /Users/admin/builder/spi-builder-workspace/.derivedData/SDKExplicitPrecompiledModules/simd-21UNWYOBUZI1LVSQ99S1XBLMO.pcm
SwiftExplicitDependencyGeneratePcm arm64 /Users/admin/builder/spi-builder-workspace/.derivedData/SDKExplicitPrecompiledModules/ObjectiveC-72IVD3VS2RS8Q28D9PIMY0KQP.pcm
SwiftExplicitDependencyGeneratePcm arm64 /Users/admin/builder/spi-builder-workspace/.derivedData/SDKExplicitPrecompiledModules/MachO-2U90NNSAQILBNBPS1SA4F8TYP.pcm
SwiftExplicitDependencyGeneratePcm arm64 /Users/admin/builder/spi-builder-workspace/.derivedData/SDKExplicitPrecompiledModules/Compression-5JXFQ7U2IJ2UHA3THHV3AF2C6.pcm
SwiftExplicitDependencyGeneratePcm arm64_32 /Users/admin/builder/spi-builder-workspace/.derivedData/SDKExplicitPrecompiledModules/Compression-4LI7BWTMW76ZLLSQKT5AJYQVL.pcm
SwiftExplicitDependencyGeneratePcm arm64_32 /Users/admin/builder/spi-builder-workspace/.derivedData/SDKExplicitPrecompiledModules/ObjectiveC-6IJNELR2E80E7LUKESVCP2KET.pcm
SwiftExplicitDependencyGeneratePcm arm64_32 /Users/admin/builder/spi-builder-workspace/.derivedData/SDKExplicitPrecompiledModules/MachO-56838ZJ0NC1EBAJ0O6O8QMPDX.pcm
SwiftExplicitDependencyGeneratePcm arm64 /Users/admin/builder/spi-builder-workspace/.derivedData/SDKExplicitPrecompiledModules/os_object-3SDKD7F87FTZ26OON37DRYT6O.pcm
SwiftExplicitDependencyGeneratePcm arm64 /Users/admin/builder/spi-builder-workspace/.derivedData/SDKExplicitPrecompiledModules/os_workgroup-89GG5G7YC2D0ZTK6AZXXQ20DH.pcm
SwiftExplicitDependencyGeneratePcm arm64_32 /Users/admin/builder/spi-builder-workspace/.derivedData/SDKExplicitPrecompiledModules/os_object-5YWTC6L4756IWSTPGXS5NM0D0.pcm
SwiftExplicitDependencyGeneratePcm arm64 /Users/admin/builder/spi-builder-workspace/.derivedData/SDKExplicitPrecompiledModules/Spatial-44FJGYXFAT2AQAW9Z6T7YS02U.pcm
SwiftExplicitDependencyGeneratePcm arm64_32 /Users/admin/builder/spi-builder-workspace/.derivedData/SDKExplicitPrecompiledModules/os_workgroup-5JHTPDMNBUNHLJI8LPHKQK1JK.pcm
SwiftExplicitDependencyGeneratePcm arm64 /Users/admin/builder/spi-builder-workspace/.derivedData/SDKExplicitPrecompiledModules/Dispatch-1NLJOVAK60XP0DUB05XA59EIM.pcm
SwiftExplicitDependencyGeneratePcm arm64_32 /Users/admin/builder/spi-builder-workspace/.derivedData/SDKExplicitPrecompiledModules/Dispatch-2P62F1T4XV63S4P99TUDTOK2Q.pcm
SwiftExplicitDependencyGeneratePcm arm64_32 /Users/admin/builder/spi-builder-workspace/.derivedData/SDKExplicitPrecompiledModules/Spatial-CWVWNML3T0NXVHZDKVLD3X1YZ.pcm
SwiftExplicitDependencyGeneratePcm arm64 /Users/admin/builder/spi-builder-workspace/.derivedData/SDKExplicitPrecompiledModules/CoreFoundation-8T2L24YC5NU7WO6WQJWRY7W08.pcm
SwiftExplicitDependencyGeneratePcm arm64 /Users/admin/builder/spi-builder-workspace/.derivedData/SDKExplicitPrecompiledModules/XPC-40DR0X1DHKGCV4J1IOLFS8MOU.pcm
SwiftExplicitDependencyGeneratePcm arm64 /Users/admin/builder/spi-builder-workspace/.derivedData/SDKExplicitPrecompiledModules/dnssd-CL0B2OI7ZJ3F9VN9NFDYWB3FP.pcm
SwiftExplicitDependencyGeneratePcm arm64_32 /Users/admin/builder/spi-builder-workspace/.derivedData/SDKExplicitPrecompiledModules/dnssd-F2TCC2EMGLFIMP0GH8SDTEIE.pcm
SwiftExplicitDependencyGeneratePcm arm64_32 /Users/admin/builder/spi-builder-workspace/.derivedData/SDKExplicitPrecompiledModules/CoreFoundation-8E6Y4BA3EXYKUGJ24GT9LGV3N.pcm
SwiftExplicitDependencyGeneratePcm arm64_32 /Users/admin/builder/spi-builder-workspace/.derivedData/SDKExplicitPrecompiledModules/XPC-81Y45QFY96XYYFCW2GT6FY8S4.pcm
SwiftExplicitDependencyGeneratePcm arm64 /Users/admin/builder/spi-builder-workspace/.derivedData/SDKExplicitPrecompiledModules/os-5DIL6Z9LFIGLMZAHM7X2T5435.pcm
SwiftExplicitDependencyGeneratePcm arm64 /Users/admin/builder/spi-builder-workspace/.derivedData/SDKExplicitPrecompiledModules/CoreGraphics-DWNZ73GEH98SBJXZ7DEXB420K.pcm
SwiftExplicitDependencyGeneratePcm arm64 /Users/admin/builder/spi-builder-workspace/.derivedData/SDKExplicitPrecompiledModules/Security-6RZ6YBRU8WCUHRFFRVUK5WKMM.pcm
SwiftExplicitDependencyGeneratePcm arm64_32 /Users/admin/builder/spi-builder-workspace/.derivedData/SDKExplicitPrecompiledModules/os-E5IGB442IA6SBB25TTCOLK2OC.pcm
SwiftExplicitDependencyGeneratePcm arm64_32 /Users/admin/builder/spi-builder-workspace/.derivedData/SDKExplicitPrecompiledModules/CoreGraphics-9FDXYX6BKBUT6TJ2VF819E7T5.pcm
SwiftExplicitDependencyGeneratePcm arm64_32 /Users/admin/builder/spi-builder-workspace/.derivedData/SDKExplicitPrecompiledModules/Security-D7TOWF88VWF67TB9HAFP5UWB1.pcm
SwiftExplicitDependencyGeneratePcm arm64 /Users/admin/builder/spi-builder-workspace/.derivedData/SDKExplicitPrecompiledModules/Foundation-DLBKUSGXN8QHAT8W0OARR9S8A.pcm
SwiftExplicitDependencyGeneratePcm arm64 /Users/admin/builder/spi-builder-workspace/.derivedData/SDKExplicitPrecompiledModules/CoreVideo-8MRR5MNWUOAW2DBPGUQ8FKK4.pcm
SwiftExplicitDependencyGeneratePcm arm64 /Users/admin/builder/spi-builder-workspace/.derivedData/SDKExplicitPrecompiledModules/CoreText-970YJN6NIYGK1316L35Z0O8QT.pcm
SwiftExplicitDependencyGeneratePcm arm64_32 /Users/admin/builder/spi-builder-workspace/.derivedData/SDKExplicitPrecompiledModules/Foundation-BJ2VQGI3OGR34500MEQ1VKHPH.pcm
SwiftExplicitDependencyGeneratePcm arm64_32 /Users/admin/builder/spi-builder-workspace/.derivedData/SDKExplicitPrecompiledModules/CoreText-C9X2REPZN2V5BSU4G80FCETDR.pcm
SwiftExplicitDependencyGeneratePcm arm64_32 /Users/admin/builder/spi-builder-workspace/.derivedData/SDKExplicitPrecompiledModules/CoreVideo-2P8HI0403J99LBDPKNFJ5D4DL.pcm
SwiftExplicitDependencyGeneratePcm arm64 /Users/admin/builder/spi-builder-workspace/.derivedData/SDKExplicitPrecompiledModules/_LocationEssentials-5ZZDGDXB6HLQUC72SJW7YJ7MK.pcm
SwiftExplicitDependencyGeneratePcm arm64 /Users/admin/builder/spi-builder-workspace/.derivedData/SDKExplicitPrecompiledModules/UniformTypeIdentifiers-8L08Q8DQJV8C4AW84YVGFGTRN.pcm
SwiftExplicitDependencyGeneratePcm arm64 /Users/admin/builder/spi-builder-workspace/.derivedData/SDKExplicitPrecompiledModules/Network-8DKIQ0T2WQTBELHOHOC6MLTW0.pcm
SwiftExplicitDependencyGeneratePcm arm64 /Users/admin/builder/spi-builder-workspace/.derivedData/SDKExplicitPrecompiledModules/UserNotifications-ARAH8MEQ0C2L0FBO39HITJMAO.pcm
SwiftExplicitDependencyGeneratePcm arm64 /Users/admin/builder/spi-builder-workspace/.derivedData/SDKExplicitPrecompiledModules/CoreTransferable-9PPG3SLJ55T4LITIFYX2M0NOZ.pcm
SwiftExplicitDependencyGeneratePcm arm64 /Users/admin/builder/spi-builder-workspace/.derivedData/SDKExplicitPrecompiledModules/Symbols-3EFABTJ9L5PQDJ7RQCYQWEJMM.pcm
SwiftExplicitDependencyGeneratePcm arm64 /Users/admin/builder/spi-builder-workspace/.derivedData/SDKExplicitPrecompiledModules/OSLog-B7VGO357Y3GJG35TST7DKDSI3.pcm
SwiftEmitModule normal arm64 Emitting\ module\ for\ AEPRulesEngine (in target 'AEPRulesEngine' from project 'AEPRulesEngine')
SwiftCompile normal arm64 (in target 'AEPRulesEngine' from project 'AEPRulesEngine')
    cd /Users/admin/builder/spi-builder-workspace/.swiftpm/xcode

SwiftExplicitDependencyGeneratePcm arm64 /Users/admin/builder/spi-builder-workspace/.derivedData/SDKExplicitPrecompiledModules/QuartzCore-94KFMWNOU7ZLUZNB4T5DLZC9D.pcm
SwiftExplicitDependencyGeneratePcm arm64 /Users/admin/builder/spi-builder-workspace/.derivedData/SDKExplicitPrecompiledModules/Accessibility-27QMG6ZQ1NKYTNBYFPM1XKNFC.pcm
SwiftEmitModule normal arm64_32 Emitting\ module\ for\ AEPRulesEngine (in target 'AEPRulesEngine' from project 'AEPRulesEngine')
SwiftCompile normal arm64_32 (in target 'AEPRulesEngine' from project 'AEPRulesEngine')
    cd /Users/admin/builder/spi-builder-workspace/.swiftpm/xcode

SwiftExplicitDependencyGeneratePcm arm64_32 /Users/admin/builder/spi-builder-workspace/.derivedData/SDKExplicitPrecompiledModules/QuartzCore-6375NPYACK5NYVHPMC1QQ8MC2.pcm
SwiftExplicitDependencyGeneratePcm arm64_32 /Users/admin/builder/spi-builder-workspace/.derivedData/SDKExplicitPrecompiledModules/UniformTypeIdentifiers-CJZ3NTHPSBH4XWX5EVOG56UZS.pcm
SwiftExplicitDependencyGeneratePcm arm64_32 /Users/admin/builder/spi-builder-workspace/.derivedData/SDKExplicitPrecompiledModules/DataDetection-U9BF7WHFVA6BZGFXXXP272PS.pcm
SwiftExplicitDependencyGeneratePcm arm64_32 /Users/admin/builder/spi-builder-workspace/.derivedData/SDKExplicitPrecompiledModules/_LocationEssentials-AQ1OL9QKC3LQLY5CNSRM1HB53.pcm
SwiftExplicitDependencyGeneratePcm arm64_32 /Users/admin/builder/spi-builder-workspace/.derivedData/SDKExplicitPrecompiledModules/UserNotifications-6TBN8TEAKO014N1T2QD926XED.pcm
SwiftExplicitDependencyGeneratePcm arm64_32 /Users/admin/builder/spi-builder-workspace/.derivedData/SDKExplicitPrecompiledModules/Symbols-1H97WMG76HU94F5VGJR19PXFY.pcm
SwiftExplicitDependencyGeneratePcm arm64_32 /Users/admin/builder/spi-builder-workspace/.derivedData/SDKExplicitPrecompiledModules/Network-BKN0QUBAIFW11VZPQ7MWLIH3Y.pcm
SwiftExplicitDependencyGeneratePcm arm64 /Users/admin/builder/spi-builder-workspace/.derivedData/SDKExplicitPrecompiledModules/SwiftUICore-C1DST1IX2Z0PTH5SJJZ1IULRB.pcm
SwiftExplicitDependencyGeneratePcm arm64_32 /Users/admin/builder/spi-builder-workspace/.derivedData/SDKExplicitPrecompiledModules/CoreTransferable-5D4IR6X37682FPHJ5CBPTKQV6.pcm
SwiftExplicitDependencyGeneratePcm arm64_32 /Users/admin/builder/spi-builder-workspace/.derivedData/SDKExplicitPrecompiledModules/OSLog-D9AVFY0KWO7RVBIQ73CBIJVCN.pcm
SwiftExplicitDependencyGeneratePcm arm64 /Users/admin/builder/spi-builder-workspace/.derivedData/SDKExplicitPrecompiledModules/CoreLocation-ACKJ9K7ABI14F97Y46Y6SRR17.pcm
SwiftExplicitDependencyGeneratePcm arm64_32 /Users/admin/builder/spi-builder-workspace/.derivedData/SDKExplicitPrecompiledModules/CoreLocation-8XU5YMYM4P11RQMYCQAG65ITK.pcm
SwiftExplicitDependencyGeneratePcm arm64 /Users/admin/builder/spi-builder-workspace/.derivedData/SDKExplicitPrecompiledModules/DataDetection-7BNVI1SZW5ISQL5SX4WL2X7I5.pcm
SwiftExplicitDependencyGeneratePcm arm64_32 /Users/admin/builder/spi-builder-workspace/.derivedData/SDKExplicitPrecompiledModules/SwiftUICore-3Q7WLRD8MR9R3NGIPUBQCP6F6.pcm
SwiftExplicitDependencyGeneratePcm arm64 /Users/admin/builder/spi-builder-workspace/.derivedData/SDKExplicitPrecompiledModules/UIUtilities-IR7RNW23VAUKYI9MLCS9NL9A.pcm
SwiftExplicitDependencyGeneratePcm arm64_32 /Users/admin/builder/spi-builder-workspace/.derivedData/SDKExplicitPrecompiledModules/UIUtilities-9YFVNIMRC5HRVOIARNWHP1E3H.pcm
SwiftExplicitDependencyGeneratePcm arm64_32 /Users/admin/builder/spi-builder-workspace/.derivedData/SDKExplicitPrecompiledModules/Accessibility-F385OMZ5GYBUY5O4QAJB4NRII.pcm
SwiftCompile normal arm64_32 Compiling\ LogLevel.swift,\ Logging.swift,\ Operand+Literal.swift /Users/admin/builder/spi-builder-workspace/.dependencies/checkouts/aepsdk-rulesengine-ios/Sources/AEPRulesEngine/Log/LogLevel.swift /Users/admin/builder/spi-builder-workspace/.dependencies/checkouts/aepsdk-rulesengine-ios/Sources/AEPRulesEngine/Log/Logging.swift /Users/admin/builder/spi-builder-workspace/.dependencies/checkouts/aepsdk-rulesengine-ios/Sources/AEPRulesEngine/Operand+Literal.swift (in target 'AEPRulesEngine' from project 'AEPRulesEngine')
SwiftCompile normal arm64_32 /Users/admin/builder/spi-builder-workspace/.dependencies/checkouts/aepsdk-rulesengine-ios/Sources/AEPRulesEngine/Log/LogLevel.swift (in target 'AEPRulesEngine' from project 'AEPRulesEngine')
    cd /Users/admin/builder/spi-builder-workspace/.swiftpm/xcode
    builtin-SwiftPerFileCompile LogLevel.swift
SwiftCompile normal arm64_32 /Users/admin/builder/spi-builder-workspace/.dependencies/checkouts/aepsdk-rulesengine-ios/Sources/AEPRulesEngine/Log/Logging.swift (in target 'AEPRulesEngine' from project 'AEPRulesEngine')
    cd /Users/admin/builder/spi-builder-workspace/.swiftpm/xcode
    builtin-SwiftPerFileCompile Logging.swift
SwiftCompile normal arm64_32 /Users/admin/builder/spi-builder-workspace/.dependencies/checkouts/aepsdk-rulesengine-ios/Sources/AEPRulesEngine/Operand+Literal.swift (in target 'AEPRulesEngine' from project 'AEPRulesEngine')
    cd /Users/admin/builder/spi-builder-workspace/.swiftpm/xcode
    builtin-SwiftPerFileCompile Operand+Literal.swift
SwiftCompile normal arm64 Compiling\ Transforming.swift,\ Traversable.swift /Users/admin/builder/spi-builder-workspace/.dependencies/checkouts/aepsdk-rulesengine-ios/Sources/AEPRulesEngine/Transforming.swift /Users/admin/builder/spi-builder-workspace/.dependencies/checkouts/aepsdk-rulesengine-ios/Sources/AEPRulesEngine/Traversable.swift (in target 'AEPRulesEngine' from project 'AEPRulesEngine')
SwiftCompile normal arm64 /Users/admin/builder/spi-builder-workspace/.dependencies/checkouts/aepsdk-rulesengine-ios/Sources/AEPRulesEngine/Transforming.swift (in target 'AEPRulesEngine' from project 'AEPRulesEngine')
    cd /Users/admin/builder/spi-builder-workspace/.swiftpm/xcode
    builtin-SwiftPerFileCompile Transforming.swift
SwiftCompile normal arm64 /Users/admin/builder/spi-builder-workspace/.dependencies/checkouts/aepsdk-rulesengine-ios/Sources/AEPRulesEngine/Traversable.swift (in target 'AEPRulesEngine' from project 'AEPRulesEngine')
    cd /Users/admin/builder/spi-builder-workspace/.swiftpm/xcode
    builtin-SwiftPerFileCompile Traversable.swift
SwiftExplicitDependencyGeneratePcm arm64 /Users/admin/builder/spi-builder-workspace/.derivedData/SDKExplicitPrecompiledModules/CoreMotion-6RD5K48QT1F4L9CATNFD2O7YB.pcm
SwiftCompile normal arm64 Compiling\ LogLevel.swift,\ Logging.swift,\ Operand+Literal.swift /Users/admin/builder/spi-builder-workspace/.dependencies/checkouts/aepsdk-rulesengine-ios/Sources/AEPRulesEngine/Log/LogLevel.swift /Users/admin/builder/spi-builder-workspace/.dependencies/checkouts/aepsdk-rulesengine-ios/Sources/AEPRulesEngine/Log/Logging.swift /Users/admin/builder/spi-builder-workspace/.dependencies/checkouts/aepsdk-rulesengine-ios/Sources/AEPRulesEngine/Operand+Literal.swift (in target 'AEPRulesEngine' from project 'AEPRulesEngine')
SwiftCompile normal arm64 /Users/admin/builder/spi-builder-workspace/.dependencies/checkouts/aepsdk-rulesengine-ios/Sources/AEPRulesEngine/Log/LogLevel.swift (in target 'AEPRulesEngine' from project 'AEPRulesEngine')
    cd /Users/admin/builder/spi-builder-workspace/.swiftpm/xcode
    builtin-SwiftPerFileCompile LogLevel.swift
SwiftCompile normal arm64 /Users/admin/builder/spi-builder-workspace/.dependencies/checkouts/aepsdk-rulesengine-ios/Sources/AEPRulesEngine/Log/Logging.swift (in target 'AEPRulesEngine' from project 'AEPRulesEngine')
    cd /Users/admin/builder/spi-builder-workspace/.swiftpm/xcode
    builtin-SwiftPerFileCompile Logging.swift
SwiftCompile normal arm64 /Users/admin/builder/spi-builder-workspace/.dependencies/checkouts/aepsdk-rulesengine-ios/Sources/AEPRulesEngine/Operand+Literal.swift (in target 'AEPRulesEngine' from project 'AEPRulesEngine')
    cd /Users/admin/builder/spi-builder-workspace/.swiftpm/xcode
    builtin-SwiftPerFileCompile Operand+Literal.swift
SwiftCompile normal arm64 Compiling\ Segment.swift,\ Template.swift /Users/admin/builder/spi-builder-workspace/.dependencies/checkouts/aepsdk-rulesengine-ios/Sources/AEPRulesEngine/Template/Segment.swift /Users/admin/builder/spi-builder-workspace/.dependencies/checkouts/aepsdk-rulesengine-ios/Sources/AEPRulesEngine/Template/Template.swift (in target 'AEPRulesEngine' from project 'AEPRulesEngine')
SwiftCompile normal arm64 /Users/admin/builder/spi-builder-workspace/.dependencies/checkouts/aepsdk-rulesengine-ios/Sources/AEPRulesEngine/Template/Segment.swift (in target 'AEPRulesEngine' from project 'AEPRulesEngine')
    cd /Users/admin/builder/spi-builder-workspace/.swiftpm/xcode
    builtin-SwiftPerFileCompile Segment.swift
SwiftCompile normal arm64 /Users/admin/builder/spi-builder-workspace/.dependencies/checkouts/aepsdk-rulesengine-ios/Sources/AEPRulesEngine/Template/Template.swift (in target 'AEPRulesEngine' from project 'AEPRulesEngine')
    cd /Users/admin/builder/spi-builder-workspace/.swiftpm/xcode
    builtin-SwiftPerFileCompile Template.swift
SwiftDriverJobDiscovery normal arm64 Emitting module for AEPRulesEngine (in target 'AEPRulesEngine' from project 'AEPRulesEngine')
SwiftDriver\ Compilation\ Requirements AEPRulesEngine normal arm64 com.apple.xcode.tools.swift.compiler (in target 'AEPRulesEngine' from project 'AEPRulesEngine')
    cd /Users/admin/builder/spi-builder-workspace/.swiftpm/xcode
    builtin-Swift-Compilation-Requirements -- /Applications/Xcode-27.0.0-Release.Candidate.app/Contents/Developer/Toolchains/XcodeDefault.xctoolchain/usr/bin/swiftc -parse-as-library -module-name AEPRulesEngine -Onone @/Users/admin/builder/spi-builder-workspace/.derivedData/Build/Intermediates.noindex/AEPRulesEngine.build/Debug-watchos/AEPRulesEngine-t.build/Objects-normal/arm64/AEPRulesEngine.SwiftFileList -DSWIFT_PACKAGE -DDEBUG -DSWIFT_MODULE_RESOURCE_BUNDLE_UNAVAILABLE -DXcode -plugin-path /Applications/Xcode-27.0.0-Release.Candidate.app/Contents/Developer/Toolchains/XcodeDefault.xctoolchain/usr/lib/swift/host/plugins/testing -enable-experimental-feature DebugDescriptionMacro -sdk /Applications/Xcode-27.0.0-Release.Candidate.app/Contents/Developer/Platforms/WatchOS.platform/Developer/SDKs/WatchOS27.0.sdk -target arm64-apple-watchos9.0 -g -module-cache-path /Users/admin/builder/spi-builder-workspace/.derivedData/ModuleCache.noindex -Xfrontend -serialize-debugging-options -enable-testing -suppress-warnings -index-store-path /Users/admin/builder/spi-builder-workspace/.derivedData/Index.noindex/DataStore -Xcc -D_LIBCPP_HARDENING_MODE\=_LIBCPP_HARDENING_MODE_DEBUG -swift-version 5 -I /Users/admin/builder/spi-builder-workspace/.derivedData/Build/Products/Debug-watchos -Isystem /Applications/Xcode-27.0.0-Release.Candidate.app/Contents/Developer/Platforms/WatchOS.platform/Developer/usr/lib -F /Users/admin/builder/spi-builder-workspace/.derivedData/Build/Products/Debug-watchos -F /Applications/Xcode-27.0.0-Release.Candidate.app/Contents/Developer/Platforms/WatchOS.platform/Developer/Library/Frameworks -F /Applications/Xcode-27.0.0-Release.Candidate.app/Contents/Developer/Platforms/WatchOS.platform/Developer/SDKs/WatchOS27.0.sdk/Developer/Library/Frameworks -c -j10 -enable-batch-mode -incremental -Xcc -ivfsstatcache -Xcc /Users/admin/builder/spi-builder-workspace/.derivedData/SDKStatCaches.noindex/watchos27.0-24R360-e829b21a6f8c9b70876ba0858053c04477534ef55a1706bf4c1112bbb242f0a2.sdkstatcache -output-file-map /Users/admin/builder/spi-builder-workspace/.derivedData/Build/Intermediates.noindex/AEPRulesEngine.build/Debug-watchos/AEPRulesEngine-t.build/Objects-normal/arm64/AEPRulesEngine-OutputFileMap.json -save-temps -no-color-diagnostics -explicit-module-build -module-cache-path /Users/admin/builder/spi-builder-workspace/.derivedData/Build/Intermediates.noindex/SwiftExplicitPrecompiledModules -clang-scanner-module-cache-path /Users/admin/builder/spi-builder-workspace/.derivedData/ModuleCache.noindex -sdk-module-cache-path /Users/admin/builder/spi-builder-workspace/.derivedData/SDKExplicitPrecompiledModules -emit-dependencies -emit-module -emit-module-path /Users/admin/builder/spi-builder-workspace/.derivedData/Build/Intermediates.noindex/AEPRulesEngine.build/Debug-watchos/AEPRulesEngine-t.build/Objects-normal/arm64/AEPRulesEngine.swiftmodule -serialize-diagnostics -dependency-scan-serialize-diagnostics-path /Users/admin/builder/spi-builder-workspace/.derivedData/Build/Intermediates.noindex/AEPRulesEngine.build/Debug-watchos/AEPRulesEngine-t.build/Objects-normal/arm64/AEPRulesEngine-dependency-scan.dia -validate-clang-modules-once -clang-build-session-file /Users/admin/builder/spi-builder-workspace/.derivedData/ModuleCache.noindex/Session.modulevalidation -Xcc -fmodules-prune-interval\=86400 -Xcc -fmodules-prune-after\=345600 -emit-const-values -const-gather-protocols-list /Users/admin/builder/spi-builder-workspace/.derivedData/Build/Intermediates.noindex/AEPRulesEngine.build/Debug-watchos/AEPRulesEngine-t.build/Objects-normal/arm64/AEPRulesEngine_const_extract_protocols.json -Xcc -I/Users/admin/builder/spi-builder-workspace/.derivedData/Build/Products/Debug-watchos/include -Xcc -I/Users/admin/builder/spi-builder-workspace/.derivedData/Build/Intermediates.noindex/AEPRulesEngine.build/Debug-watchos/AEPRulesEngine-t.build/DerivedSources-normal/arm64 -Xcc -I/Users/admin/builder/spi-builder-workspace/.derivedData/Build/Intermediates.noindex/AEPRulesEngine.build/Debug-watchos/AEPRulesEngine-t.build/DerivedSources/arm64 -Xcc -I/Users/admin/builder/spi-builder-workspace/.derivedData/Build/Intermediates.noindex/AEPRulesEngine.build/Debug-watchos/AEPRulesEngine-t.build/DerivedSources -Xcc -DSWIFT_PACKAGE -Xcc -DDEBUG\=1 -emit-objc-header -emit-objc-header-path /Users/admin/builder/spi-builder-workspace/.derivedData/Build/Intermediates.noindex/AEPRulesEngine.build/Debug-watchos/AEPRulesEngine-t.build/Objects-normal/arm64/AEPRulesEngine-Swift.h -working-directory /Users/admin/builder/spi-builder-workspace/.swiftpm/xcode -experimental-emit-module-separately -disable-cmo
SwiftCompile normal arm64 Compiling\ RulesFailure.swift,\ MustacheError.swift /Users/admin/builder/spi-builder-workspace/.dependencies/checkouts/aepsdk-rulesengine-ios/Sources/AEPRulesEngine/RulesFailure.swift /Users/admin/builder/spi-builder-workspace/.dependencies/checkouts/aepsdk-rulesengine-ios/Sources/AEPRulesEngine/Template/MustacheError.swift (in target 'AEPRulesEngine' from project 'AEPRulesEngine')
SwiftCompile normal arm64 /Users/admin/builder/spi-builder-workspace/.dependencies/checkouts/aepsdk-rulesengine-ios/Sources/AEPRulesEngine/RulesFailure.swift (in target 'AEPRulesEngine' from project 'AEPRulesEngine')
    cd /Users/admin/builder/spi-builder-workspace/.swiftpm/xcode
    builtin-SwiftPerFileCompile RulesFailure.swift
SwiftCompile normal arm64 /Users/admin/builder/spi-builder-workspace/.dependencies/checkouts/aepsdk-rulesengine-ios/Sources/AEPRulesEngine/Template/MustacheError.swift (in target 'AEPRulesEngine' from project 'AEPRulesEngine')
    cd /Users/admin/builder/spi-builder-workspace/.swiftpm/xcode
    builtin-SwiftPerFileCompile MustacheError.swift
Copy /Users/admin/builder/spi-builder-workspace/.derivedData/Build/Products/Debug-watchos/AEPRulesEngine.swiftmodule/arm64-apple-watchos.swiftmodule /Users/admin/builder/spi-builder-workspace/.derivedData/Build/Intermediates.noindex/AEPRulesEngine.build/Debug-watchos/AEPRulesEngine-t.build/Objects-normal/arm64/AEPRulesEngine.swiftmodule (in target 'AEPRulesEngine' from project 'AEPRulesEngine')
    cd /Users/admin/builder/spi-builder-workspace/.dependencies/checkouts/aepsdk-rulesengine-ios
    builtin-copy -exclude .DS_Store -exclude CVS -exclude .svn -exclude .git -exclude .hg -resolve-src-symlinks -rename /Users/admin/builder/spi-builder-workspace/.derivedData/Build/Intermediates.noindex/AEPRulesEngine.build/Debug-watchos/AEPRulesEngine-t.build/Objects-normal/arm64/AEPRulesEngine.swiftmodule /Users/admin/builder/spi-builder-workspace/.derivedData/Build/Products/Debug-watchos/AEPRulesEngine.swiftmodule/arm64-apple-watchos.swiftmodule
Copy /Users/admin/builder/spi-builder-workspace/.derivedData/Build/Products/Debug-watchos/AEPRulesEngine.swiftmodule/arm64-apple-watchos.swiftdoc /Users/admin/builder/spi-builder-workspace/.derivedData/Build/Intermediates.noindex/AEPRulesEngine.build/Debug-watchos/AEPRulesEngine-t.build/Objects-normal/arm64/AEPRulesEngine.swiftdoc (in target 'AEPRulesEngine' from project 'AEPRulesEngine')
    cd /Users/admin/builder/spi-builder-workspace/.dependencies/checkouts/aepsdk-rulesengine-ios
    builtin-copy -exclude .DS_Store -exclude CVS -exclude .svn -exclude .git -exclude .hg -resolve-src-symlinks -rename /Users/admin/builder/spi-builder-workspace/.derivedData/Build/Intermediates.noindex/AEPRulesEngine.build/Debug-watchos/AEPRulesEngine-t.build/Objects-normal/arm64/AEPRulesEngine.swiftdoc /Users/admin/builder/spi-builder-workspace/.derivedData/Build/Products/Debug-watchos/AEPRulesEngine.swiftmodule/arm64-apple-watchos.swiftdoc
Copy /Users/admin/builder/spi-builder-workspace/.derivedData/Build/Products/Debug-watchos/AEPRulesEngine.swiftmodule/arm64-apple-watchos.abi.json /Users/admin/builder/spi-builder-workspace/.derivedData/Build/Intermediates.noindex/AEPRulesEngine.build/Debug-watchos/AEPRulesEngine-t.build/Objects-normal/arm64/AEPRulesEngine.abi.json (in target 'AEPRulesEngine' from project 'AEPRulesEngine')
    cd /Users/admin/builder/spi-builder-workspace/.dependencies/checkouts/aepsdk-rulesengine-ios
    builtin-copy -exclude .DS_Store -exclude CVS -exclude .svn -exclude .git -exclude .hg -resolve-src-symlinks -rename /Users/admin/builder/spi-builder-workspace/.derivedData/Build/Intermediates.noindex/AEPRulesEngine.build/Debug-watchos/AEPRulesEngine-t.build/Objects-normal/arm64/AEPRulesEngine.abi.json /Users/admin/builder/spi-builder-workspace/.derivedData/Build/Products/Debug-watchos/AEPRulesEngine.swiftmodule/arm64-apple-watchos.abi.json
Copy /Users/admin/builder/spi-builder-workspace/.derivedData/Build/Products/Debug-watchos/AEPRulesEngine.swiftmodule/Project/arm64-apple-watchos.swiftsourceinfo /Users/admin/builder/spi-builder-workspace/.derivedData/Build/Intermediates.noindex/AEPRulesEngine.build/Debug-watchos/AEPRulesEngine-t.build/Objects-normal/arm64/AEPRulesEngine.swiftsourceinfo (in target 'AEPRulesEngine' from project 'AEPRulesEngine')
    cd /Users/admin/builder/spi-builder-workspace/.dependencies/checkouts/aepsdk-rulesengine-ios
    builtin-copy -exclude .DS_Store -exclude CVS -exclude .svn -exclude .git -exclude .hg -resolve-src-symlinks -rename /Users/admin/builder/spi-builder-workspace/.derivedData/Build/Intermediates.noindex/AEPRulesEngine.build/Debug-watchos/AEPRulesEngine-t.build/Objects-normal/arm64/AEPRulesEngine.swiftsourceinfo /Users/admin/builder/spi-builder-workspace/.derivedData/Build/Products/Debug-watchos/AEPRulesEngine.swiftmodule/Project/arm64-apple-watchos.swiftsourceinfo
SwiftExplicitDependencyGeneratePcm arm64_32 /Users/admin/builder/spi-builder-workspace/.derivedData/SDKExplicitPrecompiledModules/CoreMotion-1XGTVTE5PP32UHME8AC63TL6.pcm
SwiftCompile normal arm64 Compiling\ ComparisonExpression.swift,\ Evaluable.swift,\ LogicalExpression.swift /Users/admin/builder/spi-builder-workspace/.dependencies/checkouts/aepsdk-rulesengine-ios/Sources/AEPRulesEngine/Expression/ComparisonExpression.swift /Users/admin/builder/spi-builder-workspace/.dependencies/checkouts/aepsdk-rulesengine-ios/Sources/AEPRulesEngine/Expression/Evaluable.swift /Users/admin/builder/spi-builder-workspace/.dependencies/checkouts/aepsdk-rulesengine-ios/Sources/AEPRulesEngine/Expression/LogicalExpression.swift (in target 'AEPRulesEngine' from project 'AEPRulesEngine')
SwiftCompile normal arm64 /Users/admin/builder/spi-builder-workspace/.dependencies/checkouts/aepsdk-rulesengine-ios/Sources/AEPRulesEngine/Expression/ComparisonExpression.swift (in target 'AEPRulesEngine' from project 'AEPRulesEngine')
    cd /Users/admin/builder/spi-builder-workspace/.swiftpm/xcode
    builtin-SwiftPerFileCompile ComparisonExpression.swift
SwiftCompile normal arm64 /Users/admin/builder/spi-builder-workspace/.dependencies/checkouts/aepsdk-rulesengine-ios/Sources/AEPRulesEngine/Expression/Evaluable.swift (in target 'AEPRulesEngine' from project 'AEPRulesEngine')
    cd /Users/admin/builder/spi-builder-workspace/.swiftpm/xcode
    builtin-SwiftPerFileCompile Evaluable.swift
SwiftCompile normal arm64 /Users/admin/builder/spi-builder-workspace/.dependencies/checkouts/aepsdk-rulesengine-ios/Sources/AEPRulesEngine/Expression/LogicalExpression.swift (in target 'AEPRulesEngine' from project 'AEPRulesEngine')
    cd /Users/admin/builder/spi-builder-workspace/.swiftpm/xcode
    builtin-SwiftPerFileCompile LogicalExpression.swift
SwiftCompile normal arm64_32 Compiling\ Segment.swift,\ Template.swift /Users/admin/builder/spi-builder-workspace/.dependencies/checkouts/aepsdk-rulesengine-ios/Sources/AEPRulesEngine/Template/Segment.swift /Users/admin/builder/spi-builder-workspace/.dependencies/checkouts/aepsdk-rulesengine-ios/Sources/AEPRulesEngine/Template/Template.swift (in target 'AEPRulesEngine' from project 'AEPRulesEngine')
SwiftCompile normal arm64_32 /Users/admin/builder/spi-builder-workspace/.dependencies/checkouts/aepsdk-rulesengine-ios/Sources/AEPRulesEngine/Template/Segment.swift (in target 'AEPRulesEngine' from project 'AEPRulesEngine')
    cd /Users/admin/builder/spi-builder-workspace/.swiftpm/xcode
    builtin-SwiftPerFileCompile Segment.swift
SwiftCompile normal arm64_32 /Users/admin/builder/spi-builder-workspace/.dependencies/checkouts/aepsdk-rulesengine-ios/Sources/AEPRulesEngine/Template/Template.swift (in target 'AEPRulesEngine' from project 'AEPRulesEngine')
    cd /Users/admin/builder/spi-builder-workspace/.swiftpm/xcode
    builtin-SwiftPerFileCompile Template.swift
SwiftCompile normal arm64_32 Compiling\ Transforming.swift,\ Traversable.swift /Users/admin/builder/spi-builder-workspace/.dependencies/checkouts/aepsdk-rulesengine-ios/Sources/AEPRulesEngine/Transforming.swift /Users/admin/builder/spi-builder-workspace/.dependencies/checkouts/aepsdk-rulesengine-ios/Sources/AEPRulesEngine/Traversable.swift (in target 'AEPRulesEngine' from project 'AEPRulesEngine')
SwiftCompile normal arm64_32 /Users/admin/builder/spi-builder-workspace/.dependencies/checkouts/aepsdk-rulesengine-ios/Sources/AEPRulesEngine/Transforming.swift (in target 'AEPRulesEngine' from project 'AEPRulesEngine')
    cd /Users/admin/builder/spi-builder-workspace/.swiftpm/xcode
    builtin-SwiftPerFileCompile Transforming.swift
SwiftCompile normal arm64_32 /Users/admin/builder/spi-builder-workspace/.dependencies/checkouts/aepsdk-rulesengine-ios/Sources/AEPRulesEngine/Traversable.swift (in target 'AEPRulesEngine' from project 'AEPRulesEngine')
    cd /Users/admin/builder/spi-builder-workspace/.swiftpm/xcode
    builtin-SwiftPerFileCompile Traversable.swift
SwiftDriverJobDiscovery normal arm64_32 Emitting module for AEPRulesEngine (in target 'AEPRulesEngine' from project 'AEPRulesEngine')
SwiftDriver\ Compilation\ Requirements AEPRulesEngine normal arm64_32 com.apple.xcode.tools.swift.compiler (in target 'AEPRulesEngine' from project 'AEPRulesEngine')
    cd /Users/admin/builder/spi-builder-workspace/.swiftpm/xcode
    builtin-Swift-Compilation-Requirements -- /Applications/Xcode-27.0.0-Release.Candidate.app/Contents/Developer/Toolchains/XcodeDefault.xctoolchain/usr/bin/swiftc -parse-as-library -module-name AEPRulesEngine -Onone @/Users/admin/builder/spi-builder-workspace/.derivedData/Build/Intermediates.noindex/AEPRulesEngine.build/Debug-watchos/AEPRulesEngine-t.build/Objects-normal/arm64_32/AEPRulesEngine.SwiftFileList -DSWIFT_PACKAGE -DDEBUG -DSWIFT_MODULE_RESOURCE_BUNDLE_UNAVAILABLE -DXcode -plugin-path /Applications/Xcode-27.0.0-Release.Candidate.app/Contents/Developer/Toolchains/XcodeDefault.xctoolchain/usr/lib/swift/host/plugins/testing -enable-experimental-feature DebugDescriptionMacro -sdk /Applications/Xcode-27.0.0-Release.Candidate.app/Contents/Developer/Platforms/WatchOS.platform/Developer/SDKs/WatchOS27.0.sdk -target arm64_32-apple-watchos9.0 -g -module-cache-path /Users/admin/builder/spi-builder-workspace/.derivedData/ModuleCache.noindex -Xfrontend -serialize-debugging-options -enable-testing -suppress-warnings -index-store-path /Users/admin/builder/spi-builder-workspace/.derivedData/Index.noindex/DataStore -Xcc -D_LIBCPP_HARDENING_MODE\=_LIBCPP_HARDENING_MODE_DEBUG -swift-version 5 -I /Users/admin/builder/spi-builder-workspace/.derivedData/Build/Products/Debug-watchos -Isystem /Applications/Xcode-27.0.0-Release.Candidate.app/Contents/Developer/Platforms/WatchOS.platform/Developer/usr/lib -F /Users/admin/builder/spi-builder-workspace/.derivedData/Build/Products/Debug-watchos -F /Applications/Xcode-27.0.0-Release.Candidate.app/Contents/Developer/Platforms/WatchOS.platform/Developer/Library/Frameworks -F /Applications/Xcode-27.0.0-Release.Candidate.app/Contents/Developer/Platforms/WatchOS.platform/Developer/SDKs/WatchOS27.0.sdk/Developer/Library/Frameworks -c -j10 -enable-batch-mode -incremental -Xcc -ivfsstatcache -Xcc /Users/admin/builder/spi-builder-workspace/.derivedData/SDKStatCaches.noindex/watchos27.0-24R360-e829b21a6f8c9b70876ba0858053c04477534ef55a1706bf4c1112bbb242f0a2.sdkstatcache -output-file-map /Users/admin/builder/spi-builder-workspace/.derivedData/Build/Intermediates.noindex/AEPRulesEngine.build/Debug-watchos/AEPRulesEngine-t.build/Objects-normal/arm64_32/AEPRulesEngine-OutputFileMap.json -save-temps -no-color-diagnostics -explicit-module-build -module-cache-path /Users/admin/builder/spi-builder-workspace/.derivedData/Build/Intermediates.noindex/SwiftExplicitPrecompiledModules -clang-scanner-module-cache-path /Users/admin/builder/spi-builder-workspace/.derivedData/ModuleCache.noindex -sdk-module-cache-path /Users/admin/builder/spi-builder-workspace/.derivedData/SDKExplicitPrecompiledModules -emit-dependencies -emit-module -emit-module-path /Users/admin/builder/spi-builder-workspace/.derivedData/Build/Intermediates.noindex/AEPRulesEngine.build/Debug-watchos/AEPRulesEngine-t.build/Objects-normal/arm64_32/AEPRulesEngine.swiftmodule -serialize-diagnostics -dependency-scan-serialize-diagnostics-path /Users/admin/builder/spi-builder-workspace/.derivedData/Build/Intermediates.noindex/AEPRulesEngine.build/Debug-watchos/AEPRulesEngine-t.build/Objects-normal/arm64_32/AEPRulesEngine-dependency-scan.dia -validate-clang-modules-once -clang-build-session-file /Users/admin/builder/spi-builder-workspace/.derivedData/ModuleCache.noindex/Session.modulevalidation -Xcc -fmodules-prune-interval\=86400 -Xcc -fmodules-prune-after\=345600 -emit-const-values -const-gather-protocols-list /Users/admin/builder/spi-builder-workspace/.derivedData/Build/Intermediates.noindex/AEPRulesEngine.build/Debug-watchos/AEPRulesEngine-t.build/Objects-normal/arm64_32/AEPRulesEngine_const_extract_protocols.json -Xcc -I/Users/admin/builder/spi-builder-workspace/.derivedData/Build/Products/Debug-watchos/include -Xcc -I/Users/admin/builder/spi-builder-workspace/.derivedData/Build/Intermediates.noindex/AEPRulesEngine.build/Debug-watchos/AEPRulesEngine-t.build/DerivedSources-normal/arm64_32 -Xcc -I/Users/admin/builder/spi-builder-workspace/.derivedData/Build/Intermediates.noindex/AEPRulesEngine.build/Debug-watchos/AEPRulesEngine-t.build/DerivedSources/arm64_32 -Xcc -I/Users/admin/builder/spi-builder-workspace/.derivedData/Build/Intermediates.noindex/AEPRulesEngine.build/Debug-watchos/AEPRulesEngine-t.build/DerivedSources -Xcc -DSWIFT_PACKAGE -Xcc -DDEBUG\=1 -emit-objc-header -emit-objc-header-path /Users/admin/builder/spi-builder-workspace/.derivedData/Build/Intermediates.noindex/AEPRulesEngine.build/Debug-watchos/AEPRulesEngine-t.build/Objects-normal/arm64_32/AEPRulesEngine-Swift.h -working-directory /Users/admin/builder/spi-builder-workspace/.swiftpm/xcode -experimental-emit-module-separately -disable-cmo
SwiftExplicitDependencyGeneratePcm arm64 /Users/admin/builder/spi-builder-workspace/.derivedData/SDKExplicitPrecompiledModules/UIKit-27R3P1YMV4C6JLDT661G3MRIA.pcm
SwiftMergeGeneratedHeaders /Users/admin/builder/spi-builder-workspace/.derivedData/Build/Intermediates.noindex/GeneratedModuleMaps-watchos/AEPRulesEngine-Swift.h /Users/admin/builder/spi-builder-workspace/.derivedData/Build/Intermediates.noindex/AEPRulesEngine.build/Debug-watchos/AEPRulesEngine-t.build/Objects-normal/arm64/AEPRulesEngine-Swift.h /Users/admin/builder/spi-builder-workspace/.derivedData/Build/Intermediates.noindex/AEPRulesEngine.build/Debug-watchos/AEPRulesEngine-t.build/Objects-normal/arm64_32/AEPRulesEngine-Swift.h (in target 'AEPRulesEngine' from project 'AEPRulesEngine')
    cd /Users/admin/builder/spi-builder-workspace/.dependencies/checkouts/aepsdk-rulesengine-ios
    builtin-swiftHeaderTool -arch arm64 /Users/admin/builder/spi-builder-workspace/.derivedData/Build/Intermediates.noindex/AEPRulesEngine.build/Debug-watchos/AEPRulesEngine-t.build/Objects-normal/arm64/AEPRulesEngine-Swift.h -arch arm64_32 /Users/admin/builder/spi-builder-workspace/.derivedData/Build/Intermediates.noindex/AEPRulesEngine.build/Debug-watchos/AEPRulesEngine-t.build/Objects-normal/arm64_32/AEPRulesEngine-Swift.h -o /Users/admin/builder/spi-builder-workspace/.derivedData/Build/Intermediates.noindex/GeneratedModuleMaps-watchos/AEPRulesEngine-Swift.h
Copy /Users/admin/builder/spi-builder-workspace/.derivedData/Build/Products/Debug-watchos/AEPRulesEngine.swiftmodule/arm64_32-apple-watchos.swiftmodule /Users/admin/builder/spi-builder-workspace/.derivedData/Build/Intermediates.noindex/AEPRulesEngine.build/Debug-watchos/AEPRulesEngine-t.build/Objects-normal/arm64_32/AEPRulesEngine.swiftmodule (in target 'AEPRulesEngine' from project 'AEPRulesEngine')
    cd /Users/admin/builder/spi-builder-workspace/.dependencies/checkouts/aepsdk-rulesengine-ios
    builtin-copy -exclude .DS_Store -exclude CVS -exclude .svn -exclude .git -exclude .hg -resolve-src-symlinks -rename /Users/admin/builder/spi-builder-workspace/.derivedData/Build/Intermediates.noindex/AEPRulesEngine.build/Debug-watchos/AEPRulesEngine-t.build/Objects-normal/arm64_32/AEPRulesEngine.swiftmodule /Users/admin/builder/spi-builder-workspace/.derivedData/Build/Products/Debug-watchos/AEPRulesEngine.swiftmodule/arm64_32-apple-watchos.swiftmodule
Copy /Users/admin/builder/spi-builder-workspace/.derivedData/Build/Products/Debug-watchos/AEPRulesEngine.swiftmodule/arm64_32-apple-watchos.swiftdoc /Users/admin/builder/spi-builder-workspace/.derivedData/Build/Intermediates.noindex/AEPRulesEngine.build/Debug-watchos/AEPRulesEngine-t.build/Objects-normal/arm64_32/AEPRulesEngine.swiftdoc (in target 'AEPRulesEngine' from project 'AEPRulesEngine')
    cd /Users/admin/builder/spi-builder-workspace/.dependencies/checkouts/aepsdk-rulesengine-ios
    builtin-copy -exclude .DS_Store -exclude CVS -exclude .svn -exclude .git -exclude .hg -resolve-src-symlinks -rename /Users/admin/builder/spi-builder-workspace/.derivedData/Build/Intermediates.noindex/AEPRulesEngine.build/Debug-watchos/AEPRulesEngine-t.build/Objects-normal/arm64_32/AEPRulesEngine.swiftdoc /Users/admin/builder/spi-builder-workspace/.derivedData/Build/Products/Debug-watchos/AEPRulesEngine.swiftmodule/arm64_32-apple-watchos.swiftdoc
Copy /Users/admin/builder/spi-builder-workspace/.derivedData/Build/Products/Debug-watchos/AEPRulesEngine.swiftmodule/arm64_32-apple-watchos.abi.json /Users/admin/builder/spi-builder-workspace/.derivedData/Build/Intermediates.noindex/AEPRulesEngine.build/Debug-watchos/AEPRulesEngine-t.build/Objects-normal/arm64_32/AEPRulesEngine.abi.json (in target 'AEPRulesEngine' from project 'AEPRulesEngine')
    cd /Users/admin/builder/spi-builder-workspace/.dependencies/checkouts/aepsdk-rulesengine-ios
    builtin-copy -exclude .DS_Store -exclude CVS -exclude .svn -exclude .git -exclude .hg -resolve-src-symlinks -rename /Users/admin/builder/spi-builder-workspace/.derivedData/Build/Intermediates.noindex/AEPRulesEngine.build/Debug-watchos/AEPRulesEngine-t.build/Objects-normal/arm64_32/AEPRulesEngine.abi.json /Users/admin/builder/spi-builder-workspace/.derivedData/Build/Products/Debug-watchos/AEPRulesEngine.swiftmodule/arm64_32-apple-watchos.abi.json
Copy /Users/admin/builder/spi-builder-workspace/.derivedData/Build/Products/Debug-watchos/AEPRulesEngine.swiftmodule/Project/arm64_32-apple-watchos.swiftsourceinfo /Users/admin/builder/spi-builder-workspace/.derivedData/Build/Intermediates.noindex/AEPRulesEngine.build/Debug-watchos/AEPRulesEngine-t.build/Objects-normal/arm64_32/AEPRulesEngine.swiftsourceinfo (in target 'AEPRulesEngine' from project 'AEPRulesEngine')
    cd /Users/admin/builder/spi-builder-workspace/.dependencies/checkouts/aepsdk-rulesengine-ios
    builtin-copy -exclude .DS_Store -exclude CVS -exclude .svn -exclude .git -exclude .hg -resolve-src-symlinks -rename /Users/admin/builder/spi-builder-workspace/.derivedData/Build/Intermediates.noindex/AEPRulesEngine.build/Debug-watchos/AEPRulesEngine-t.build/Objects-normal/arm64_32/AEPRulesEngine.swiftsourceinfo /Users/admin/builder/spi-builder-workspace/.derivedData/Build/Products/Debug-watchos/AEPRulesEngine.swiftmodule/Project/arm64_32-apple-watchos.swiftsourceinfo
SwiftExplicitDependencyGeneratePcm arm64_32 /Users/admin/builder/spi-builder-workspace/.derivedData/SDKExplicitPrecompiledModules/UIKit-6PPV7YPZ89CZPHYAP072QH8B6.pcm
SwiftCompile normal arm64_32 Compiling\ ComparisonExpression.swift,\ Evaluable.swift,\ LogicalExpression.swift /Users/admin/builder/spi-builder-workspace/.dependencies/checkouts/aepsdk-rulesengine-ios/Sources/AEPRulesEngine/Expression/ComparisonExpression.swift /Users/admin/builder/spi-builder-workspace/.dependencies/checkouts/aepsdk-rulesengine-ios/Sources/AEPRulesEngine/Expression/Evaluable.swift /Users/admin/builder/spi-builder-workspace/.dependencies/checkouts/aepsdk-rulesengine-ios/Sources/AEPRulesEngine/Expression/LogicalExpression.swift (in target 'AEPRulesEngine' from project 'AEPRulesEngine')
SwiftCompile normal arm64_32 /Users/admin/builder/spi-builder-workspace/.dependencies/checkouts/aepsdk-rulesengine-ios/Sources/AEPRulesEngine/Expression/ComparisonExpression.swift (in target 'AEPRulesEngine' from project 'AEPRulesEngine')
    cd /Users/admin/builder/spi-builder-workspace/.swiftpm/xcode
    builtin-SwiftPerFileCompile ComparisonExpression.swift
SwiftCompile normal arm64_32 /Users/admin/builder/spi-builder-workspace/.dependencies/checkouts/aepsdk-rulesengine-ios/Sources/AEPRulesEngine/Expression/Evaluable.swift (in target 'AEPRulesEngine' from project 'AEPRulesEngine')
    cd /Users/admin/builder/spi-builder-workspace/.swiftpm/xcode
    builtin-SwiftPerFileCompile Evaluable.swift
SwiftCompile normal arm64_32 /Users/admin/builder/spi-builder-workspace/.dependencies/checkouts/aepsdk-rulesengine-ios/Sources/AEPRulesEngine/Expression/LogicalExpression.swift (in target 'AEPRulesEngine' from project 'AEPRulesEngine')
    cd /Users/admin/builder/spi-builder-workspace/.swiftpm/xcode
    builtin-SwiftPerFileCompile LogicalExpression.swift
SwiftEmitModule normal arm64 Emitting\ module\ for\ AEPServices (in target 'AEPServices' from project 'AEPCore')
/Users/admin/builder/spi-builder-workspace/.dependencies/checkouts/aepsdk-core-ios/AEPServices/Sources/ApplicationSystemInfoService.swift:33:21: error: 'UIDevice' is unavailable in watchOS
 31 |
 32 |     private lazy var userAgent: String = {
 33 |         let model = UIDevice.current.model
    |                     `- error: 'UIDevice' is unavailable in watchOS
 34 |         let osVersion = UIDevice.current.systemVersion.replacingOccurrences(of: ".", with: "_")
 35 |         let localeIdentifier = getSystemLocaleName().userAgentLocale ?? DEFAULT_LOCALE
/Applications/Xcode-27.0.0-Release.Candidate.app/Contents/Developer/Platforms/WatchOS.platform/Developer/SDKs/WatchOS27.0.sdk/System/Library/Frameworks/UIKit.framework/Headers/UIDevice.h:35:12: note: 'UIDevice' has been explicitly marked unavailable here
33 |
34 | UIKIT_EXTERN API_AVAILABLE(ios(2.0)) API_UNAVAILABLE(watchos) NS_SWIFT_UI_ACTOR
35 | @interface UIDevice : NSObject
   |            `- note: 'UIDevice' has been explicitly marked unavailable here
36 |
37 | @property(class, nonatomic, readonly) UIDevice *currentDevice;
/Users/admin/builder/spi-builder-workspace/.dependencies/checkouts/aepsdk-core-ios/AEPServices/Sources/ApplicationSystemInfoService.swift:34:25: error: 'UIDevice' is unavailable in watchOS
 32 |     private lazy var userAgent: String = {
 33 |         let model = UIDevice.current.model
 34 |         let osVersion = UIDevice.current.systemVersion.replacingOccurrences(of: ".", with: "_")
    |                         `- error: 'UIDevice' is unavailable in watchOS
 35 |         let localeIdentifier = getSystemLocaleName().userAgentLocale ?? DEFAULT_LOCALE
 36 |
/Applications/Xcode-27.0.0-Release.Candidate.app/Contents/Developer/Platforms/WatchOS.platform/Developer/SDKs/WatchOS27.0.sdk/System/Library/Frameworks/UIKit.framework/Headers/UIDevice.h:35:12: note: 'UIDevice' has been explicitly marked unavailable here
33 |
34 | UIKIT_EXTERN API_AVAILABLE(ios(2.0)) API_UNAVAILABLE(watchos) NS_SWIFT_UI_ACTOR
35 | @interface UIDevice : NSObject
   |            `- note: 'UIDevice' has been explicitly marked unavailable here
36 |
37 | @property(class, nonatomic, readonly) UIDevice *currentDevice;
Failed frontend command:
/Applications/Xcode-27.0.0-Release.Candidate.app/Contents/Developer/Toolchains/XcodeDefault.xctoolchain/usr/bin/swift-frontend -frontend -emit-module -experimental-skip-non-inlinable-function-bodies-without-types /Users/admin/builder/spi-builder-workspace/.derivedData/Build/Intermediates.noindex/AEPCore.build/Debug-watchos/AEPServices-t.build/DerivedSources/resource_bundle_accessor.swift /Users/admin/builder/spi-builder-workspace/.dependencies/checkouts/aepsdk-core-ios/AEPServices/Sources/ApplicationSystemInfoService.swift /Users/admin/builder/spi-builder-workspace/.dependencies/checkouts/aepsdk-core-ios/AEPServices/Sources/NetworkPathMonitorProvider.swift /Users/admin/builder/spi-builder-workspace/.dependencies/checkouts/aepsdk-core-ios/AEPServices/Sources/ServiceProvider.swift /Users/admin/builder/spi-builder-workspace/.dependencies/checkouts/aepsdk-core-ios/AEPServices/Sources/SystemInfoService.swift /Users/admin/builder/spi-builder-workspace/.dependencies/checkouts/aepsdk-core-ios/AEPServices/Sources/UIUtils.swift /Users/admin/builder/spi-builder-workspace/.dependencies/checkouts/aepsdk-core-ios/AEPServices/Sources/URLOpening.swift /Users/admin/builder/spi-builder-workspace/.dependencies/checkouts/aepsdk-core-ios/AEPServices/Sources/URLService.swift /Users/admin/builder/spi-builder-workspace/.dependencies/checkouts/aepsdk-core-ios/AEPServices/Sources/cache/Cache.swift /Users/admin/builder/spi-builder-workspace/.dependencies/checkouts/aepsdk-core-ios/AEPServices/Sources/cache/CacheEntry.swift /Users/admin/builder/spi-builder-workspace/.dependencies/checkouts/aepsdk-core-ios/AEPServices/Sources/cache/CacheExpiry.swift /Users/admin/builder/spi-builder-workspace/.dependencies/checkouts/aepsdk-core-ios/AEPServices/Sources/cache/Caching.swift /Users/admin/builder/spi-builder-workspace/.dependencies/checkouts/aepsdk-core-ios/AEPServices/Sources/cache/DiskCacheService.swift /Users/admin/builder/spi-builder-workspace/.dependencies/checkouts/aepsdk-core-ios/AEPServices/Sources/dataqueue/DataEntity.swift /Users/admin/builder/spi-builder-workspace/.dependencies/checkouts/aepsdk-core-ios/AEPServices/Sources/dataqueue/DataQueue.swift /Users/admin/builder/spi-builder-workspace/.dependencies/checkouts/aepsdk-core-ios/AEPServices/Sources/dataqueue/DataQueueService.swift /Users/admin/builder/spi-builder-workspace/.dependencies/checkouts/aepsdk-core-ios/AEPServices/Sources/dataqueue/DataQueuing.swift /Users/admin/builder/spi-builder-workspace/.dependencies/checkouts/aepsdk-core-ios/AEPServices/Sources/dataqueue/SQLiteDataQueue.swift /Users/admin/builder/spi-builder-workspace/.dependencies/checkouts/aepsdk-core-ios/AEPServices/Sources/dataqueue/SQLiteWrapper.swift /Users/admin/builder/spi-builder-workspace/.dependencies/checkouts/aepsdk-core-ios/AEPServices/Sources/log/Log.swift /Users/admin/builder/spi-builder-workspace/.dependencies/checkouts/aepsdk-core-ios/AEPServices/Sources/log/LogLevel.swift /Users/admin/builder/spi-builder-workspace/.dependencies/checkouts/aepsdk-core-ios/AEPServices/Sources/log/Logging.swift /Users/admin/builder/spi-builder-workspace/.dependencies/checkouts/aepsdk-core-ios/AEPServices/Sources/log/LoggingService.swift /Users/admin/builder/spi-builder-workspace/.dependencies/checkouts/aepsdk-core-ios/AEPServices/Sources/network/DefaultHeadersFormatter.swift /Users/admin/builder/spi-builder-workspace/.dependencies/checkouts/aepsdk-core-ios/AEPServices/Sources/network/HttpConnection.swift /Users/admin/builder/spi-builder-workspace/.dependencies/checkouts/aepsdk-core-ios/AEPServices/Sources/network/HttpConnectionConstants.swift /Users/admin/builder/spi-builder-workspace/.dependencies/checkouts/aepsdk-core-ios/AEPServices/Sources/network/HttpMethod.swift /Users/admin/builder/spi-builder-workspace/.dependencies/checkouts/aepsdk-core-ios/AEPServices/Sources/network/NetworkRequest.swift /Users/admin/builder/spi-builder-workspace/.dependencies/checkouts/aepsdk-core-ios/AEPServices/Sources/network/NetworkService.swift /Users/admin/builder/spi-builder-workspace/.dependencies/checkouts/aepsdk-core-ios/AEPServices/Sources/network/NetworkServiceConstants.swift /Users/admin/builder/spi-builder-workspace/.dependencies/checkouts/aepsdk-core-ios/AEPServices/Sources/network/Networking.swift /Users/admin/builder/spi-builder-workspace/.dependencies/checkouts/aepsdk-core-ios/AEPServices/Sources/storage/FileSystemNamedCollection.swift /Users/admin/builder/spi-builder-workspace/.dependencies/checkouts/aepsdk-core-ios/AEPServices/Sources/storage/NamedCollectionDataStore.swift /Users/admin/builder/spi-builder-workspace/.dependencies/checkouts/aepsdk-core-ios/AEPServices/Sources/storage/NamedCollectionProcessing.swift /Users/admin/builder/spi-builder-workspace/.dependencies/checkouts/aepsdk-core-ios/AEPServices/Sources/storage/UserDefaultsNamedCollection.swift /Users/admin/builder/spi-builder-workspace/.dependencies/checkouts/aepsdk-core-ios/AEPServices/Sources/ui/AEPUIService.swift /Users/admin/builder/spi-builder-workspace/.dependencies/checkouts/aepsdk-core-ios/AEPServices/Sources/ui/Dismissible.swift /Users/admin/builder/spi-builder-workspace/.dependencies/checkouts/aepsdk-core-ios/AEPServices/Sources/ui/MessageAlignment.swift /Users/admin/builder/spi-builder-workspace/.dependencies/checkouts/aepsdk-core-ios/AEPServices/Sources/ui/MessageAnimation.swift /Users/admin/builder/spi-builder-workspace/.dependencies/checkouts/aepsdk-core-ios/AEPServices/Sources/ui/MessageGesture.swift /Users/admin/builder/spi-builder-workspace/.dependencies/checkouts/aepsdk-core-ios/AEPServices/Sources/ui/MessageGestureRecognizer.swift /Users/admin/builder/spi-builder-workspace/.dependencies/checkouts/aepsdk-core-ios/AEPServices/Sources/ui/MessageMonitor.swift /Users/admin/builder/spi-builder-workspace/.dependencies/checkouts/aepsdk-core-ios/AEPServices/Sources/ui/MessageMonitoring.swift /Users/admin/builder/spi-builder-workspace/.dependencies/checkouts/aepsdk-core-ios/AEPServices/Sources/ui/MessageSettings.swift /Users/admin/builder/spi-builder-workspace/.dependencies/checkouts/aepsdk-core-ios/AEPServices/Sources/ui/MessagingDelegate.swift /Users/admin/builder/spi-builder-workspace/.dependencies/checkouts/aepsdk-core-ios/AEPServices/Sources/ui/PresentationError.swift /Users/admin/builder/spi-builder-workspace/.dependencies/checkouts/aepsdk-core-ios/AEPServices/Sources/ui/Showable.swift /Users/admin/builder/spi-builder-workspace/.dependencies/checkouts/aepsdk-core-ios/AEPServices/Sources/ui/UIApplication+Window.swift /Users/admin/builder/spi-builder-workspace/.dependencies/checkouts/aepsdk-core-ios/AEPServices/Sources/ui/UIService.swift /Users/admin/builder/spi-builder-workspace/.dependencies/checkouts/aepsdk-core-ios/AEPServices/Sources/ui/floating/FloatingButton.swift /Users/admin/builder/spi-builder-workspace/.dependencies/checkouts/aepsdk-core-ios/AEPServices/Sources/ui/floating/FloatingButtonDelegate.swift /Users/admin/builder/spi-builder-workspace/.dependencies/checkouts/aepsdk-core-ios/AEPServices/Sources/ui/floating/FloatingButtonPosition.swift /Users/admin/builder/spi-builder-workspace/.dependencies/checkouts/aepsdk-core-ios/AEPServices/Sources/ui/floating/FloatingButtonPresentable.swift /Users/admin/builder/spi-builder-workspace/.dependencies/checkouts/aepsdk-core-ios/AEPServices/Sources/ui/fullscreen/FullscreenMessage+FrameCalculation.swift /Users/admin/builder/spi-builder-workspace/.dependencies/checkouts/aepsdk-core-ios/AEPServices/Sources/ui/fullscreen/FullscreenMessage+WKNavigationDelegate.swift /Users/admin/builder/spi-builder-workspace/.dependencies/checkouts/aepsdk-core-ios/AEPServices/Sources/ui/fullscreen/FullscreenMessage+WKScriptMessageHandler.swift /Users/admin/builder/spi-builder-workspace/.dependencies/checkouts/aepsdk-core-ios/AEPServices/Sources/ui/fullscreen/FullscreenMessage.swift /Users/admin/builder/spi-builder-workspace/.dependencies/checkouts/aepsdk-core-ios/AEPServices/Sources/ui/fullscreen/FullscreenMessageDelegate.swift /Users/admin/builder/spi-builder-workspace/.dependencies/checkouts/aepsdk-core-ios/AEPServices/Sources/ui/fullscreen/FullscreenPresentable.swift /Users/admin/builder/spi-builder-workspace/.dependencies/checkouts/aepsdk-core-ios/AEPServices/Sources/utility/AnyCodable.swift /Users/admin/builder/spi-builder-workspace/.dependencies/checkouts/aepsdk-core-ios/AEPServices/Sources/utility/AtomicCounter.swift /Users/admin/builder/spi-builder-workspace/.dependencies/checkouts/aepsdk-core-ios/AEPServices/Sources/utility/Date+Format.swift /Users/admin/builder/spi-builder-workspace/.dependencies/checkouts/aepsdk-core-ios/AEPServices/Sources/utility/FileManager+Directories.swift /Users/admin/builder/spi-builder-workspace/.dependencies/checkouts/aepsdk-core-ios/AEPServices/Sources/utility/OperationOrderer.swift /Users/admin/builder/spi-builder-workspace/.dependencies/checkouts/aepsdk-core-ios/AEPServices/Sources/utility/PrettyDictionary.swift /Users/admin/builder/spi-builder-workspace/.dependencies/checkouts/aepsdk-core-ios/AEPServices/Sources/utility/ThreadSafeArray.swift /Users/admin/builder/spi-builder-workspace/.dependencies/checkouts/aepsdk-core-ios/AEPServices/Sources/utility/ThreadSafeDictionary.swift /Users/admin/builder/spi-builder-workspace/.dependencies/checkouts/aepsdk-core-ios/AEPServices/Sources/utility/URLEncoder.swift /Users/admin/builder/spi-builder-workspace/.dependencies/checkouts/aepsdk-core-ios/AEPServices/Sources/utility/URLError+Recoverable.swift /Users/admin/builder/spi-builder-workspace/.dependencies/checkouts/aepsdk-core-ios/AEPServices/Sources/utility/hitprocessor/HitProcessing.swift /Users/admin/builder/spi-builder-workspace/.dependencies/checkouts/aepsdk-core-ios/AEPServices/Sources/utility/hitprocessor/HitQueuing.swift /Users/admin/builder/spi-builder-workspace/.dependencies/checkouts/aepsdk-core-ios/AEPServices/Sources/utility/hitprocessor/PersistentHitQueue.swift /Users/admin/builder/spi-builder-workspace/.dependencies/checkouts/aepsdk-core-ios/AEPServices/Sources/utility/unzip/FileManager+ZIP.swift /Users/admin/builder/spi-builder-workspace/.dependencies/checkouts/aepsdk-core-ios/AEPServices/Sources/utility/unzip/FileUnzipper.swift /Users/admin/builder/spi-builder-workspace/.dependencies/checkouts/aepsdk-core-ios/AEPServices/Sources/utility/unzip/FileUnzipperConstants.swift /Users/admin/builder/spi-builder-workspace/.dependencies/checkouts/aepsdk-core-ios/AEPServices/Sources/utility/unzip/URL+Validator.swift /Users/admin/builder/spi-builder-workspace/.dependencies/checkouts/aepsdk-core-ios/AEPServices/Sources/utility/unzip/Unzipping.swift /Users/admin/builder/spi-builder-workspace/.dependencies/checkouts/aepsdk-core-ios/AEPServices/Sources/utility/unzip/ZipArchive.swift /Users/admin/builder/spi-builder-workspace/.dependencies/checkouts/aepsdk-core-ios/AEPServices/Sources/utility/unzip/ZipEntry.swift -target arm64-apple-watchos9.0 -disable-cross-import-overlay-search -load-resolved-plugin /Applications/Xcode-27.0.0-Release.Candidate.app/Contents/Developer/Platforms/WatchOS.platform/Developer/usr/lib/swift/host/plugins/libFoundationMacros.dylib\#/Applications/Xcode-27.0.0-Release.Candidate.app/Contents/Developer/Platforms/WatchOS.platform/Developer/usr/bin/swift-plugin-server\#FoundationMacros -load-resolved-plugin /Applications/Xcode-27.0.0-Release.Candidate.app/Contents/Developer/Platforms/WatchOS.platform/Developer/usr/lib/swift/host/plugins/libObservationMacros.dylib\#/Applications/Xcode-27.0.0-Release.Candidate.app/Contents/Developer/Platforms/WatchOS.platform/Developer/usr/bin/swift-plugin-server\#ObservationMacros -load-resolved-plugin /Applications/Xcode-27.0.0-Release.Candidate.app/Contents/Developer/Platforms/WatchOS.platform/Developer/usr/lib/swift/host/plugins/libSwiftMacros.dylib\#/Applications/Xcode-27.0.0-Release.Candidate.app/Contents/Developer/Platforms/WatchOS.platform/Developer/usr/bin/swift-plugin-server\#SwiftMacros -load-resolved-plugin /Applications/Xcode-27.0.0-Release.Candidate.app/Contents/Developer/Platforms/WatchOS.platform/Developer/usr/lib/swift/host/plugins/libSwiftUIMacros.dylib\#/Applications/Xcode-27.0.0-Release.Candidate.app/Contents/Developer/Platforms/WatchOS.platform/Developer/usr/bin/swift-plugin-server\#SwiftUIMacros -disable-implicit-swift-modules -Xcc -fno-implicit-modules -Xcc -fno-implicit-module-maps -explicit-swift-module-map-file /Users/admin/builder/spi-builder-workspace/.derivedData/Build/Intermediates.noindex/AEPCore.build/Debug-watchos/AEPServices-t.build/Objects-normal/arm64/AEPServices-dependencies-2.json -Xllvm -aarch64-use-tbi -enable-objc-interop -stack-check -sdk /Applications/Xcode-27.0.0-Release.Candidate.app/Contents/Developer/Platforms/WatchOS.platform/Developer/SDKs/WatchOS27.0.sdk -I /Users/admin/builder/spi-builder-workspace/.derivedData/Build/Products/Debug-watchos -Isystem /Applications/Xcode-27.0.0-Release.Candidate.app/Contents/Developer/Platforms/WatchOS.platform/Developer/usr/lib -F /Users/admin/builder/spi-builder-workspace/.derivedData/Build/Products/Debug-watchos -F /Applications/Xcode-27.0.0-Release.Candidate.app/Contents/Developer/Platforms/WatchOS.platform/Developer/Library/Frameworks -F /Applications/Xcode-27.0.0-Release.Candidate.app/Contents/Developer/Platforms/WatchOS.platform/Developer/SDKs/WatchOS27.0.sdk/Developer/Library/Frameworks -module-cache-path /Users/admin/builder/spi-builder-workspace/.derivedData/Build/Intermediates.noindex/SwiftExplicitPrecompiledModules -no-color-diagnostics -Xcc -fno-color-diagnostics -enable-testing -g -debug-info-format\=dwarf -dwarf-version\=4 -suppress-warnings -swift-version 5 -Onone -D SWIFT_PACKAGE -D DEBUG -D SWIFT_MODULE_RESOURCE_BUNDLE_AVAILABLE -D Xcode -serialize-debugging-options -enable-experimental-feature DebugDescriptionMacro -empty-abi-descriptor -validate-clang-modules-once -clang-build-session-file /Users/admin/builder/spi-builder-workspace/.derivedData/ModuleCache.noindex/Session.modulevalidation -Xcc -working-directory -Xcc /Users/admin/builder/spi-builder-workspace/.swiftpm/xcode -enable-anonymous-context-mangled-names -file-compilation-dir /Users/admin/builder/spi-builder-workspace/.swiftpm/xcode -Xcc -D_LIBCPP_HARDENING_MODE\=_LIBCPP_HARDENING_MODE_DEBUG -Xcc -ivfsstatcache -Xcc /Users/admin/builder/spi-builder-workspace/.derivedData/SDKStatCaches.noindex/watchos27.0-24R360-e829b21a6f8c9b70876ba0858053c04477534ef55a1706bf4c1112bbb242f0a2.sdkstatcache -Xcc -fmodules-prune-interval\=86400 -Xcc -fmodules-prune-after\=345600 -Xcc -I/Users/admin/builder/spi-builder-workspace/.derivedData/Build/Products/Debug-watchos/include -Xcc -I/Users/admin/builder/spi-builder-workspace/.derivedData/Build/Intermediates.noindex/AEPCore.build/Debug-watchos/AEPServices-t.build/DerivedSources-normal/arm64 -Xcc -I/Users/admin/builder/spi-builder-workspace/.derivedData/Build/Intermediates.noindex/AEPCore.build/Debug-watchos/AEPServices-t.build/DerivedSources/arm64 -Xcc -I/Users/admin/builder/spi-builder-workspace/.derivedData/Build/Intermediates.noindex/AEPCore.build/Debug-watchos/AEPServices-t.build/DerivedSources -Xcc -DSWIFT_PACKAGE -Xcc -DDEBUG\=1 -no-auto-bridging-header-chaining -module-name AEPServices -const-gather-protocols-file /Users/admin/builder/spi-builder-workspace/.derivedData/Build/Intermediates.noindex/AEPCore.build/Debug-watchos/AEPServices-t.build/Objects-normal/arm64/AEPServices_const_extract_protocols.json -disable-clang-spi -clang-target arm64-apple-watchos27.0 -target-sdk-version 27.0 -target-sdk-name watchos27.0 -in-process-plugin-server-path /Applications/Xcode-27.0.0-Release.Candidate.app/Contents/Developer/Toolchains/XcodeDefault.xctoolchain/usr/lib/swift/host/libSwiftInProcPluginServer.dylib -emit-module-doc-path /Users/admin/builder/spi-builder-workspace/.derivedData/Build/Intermediates.noindex/AEPCore.build/Debug-watchos/AEPServices-t.build/Objects-normal/arm64/AEPServices.swiftdoc -emit-module-source-info-path /Users/admin/builder/spi-builder-workspace/.derivedData/Build/Intermediates.noindex/AEPCore.build/Debug-watchos/AEPServices-t.build/Objects-normal/arm64/AEPServices.swiftsourceinfo -emit-objc-header-path /Users/admin/builder/spi-builder-workspace/.derivedData/Build/Intermediates.noindex/AEPCore.build/Debug-watchos/AEPServices-t.build/Objects-normal/arm64/AEPServices-Swift.h -serialize-diagnostics-path /Users/admin/builder/spi-builder-workspace/.derivedData/Build/Intermediates.noindex/AEPCore.build/Debug-watchos/AEPServices-t.build/Objects-normal/arm64/AEPServices-primary-emit-module.dia -emit-dependencies-path /Users/admin/builder/spi-builder-workspace/.derivedData/Build/Intermediates.noindex/AEPCore.build/Debug-watchos/AEPServices-t.build/Objects-normal/arm64/AEPServices-primary-emit-module.d -parse-as-library -o /Users/admin/builder/spi-builder-workspace/.derivedData/Build/Intermediates.noindex/AEPCore.build/Debug-watchos/AEPServices-t.build/Objects-normal/arm64/AEPServices.swiftmodule -emit-abi-descriptor-path /Users/admin/builder/spi-builder-workspace/.derivedData/Build/Intermediates.noindex/AEPCore.build/Debug-watchos/AEPServices-t.build/Objects-normal/arm64/AEPServices.abi.json
SwiftCompile normal arm64 (in target 'AEPServices' from project 'AEPCore')
    cd /Users/admin/builder/spi-builder-workspace/.swiftpm/xcode

SwiftEmitModule normal arm64_32 Emitting\ module\ for\ AEPServices (in target 'AEPServices' from project 'AEPCore')
SwiftCompile normal arm64_32 (in target 'AEPServices' from project 'AEPCore')
    cd /Users/admin/builder/spi-builder-workspace/.swiftpm/xcode

PruneExplicitPrecompiledModules /Users/admin/builder/spi-builder-workspace/.derivedData/Build/Intermediates.noindex/SwiftExplicitPrecompiledModules
PruneExplicitPrecompiledModules /Users/admin/builder/spi-builder-workspace/.derivedData/SDKExplicitPrecompiledModules
PruneExplicitPrecompiledModules /Users/admin/builder/spi-builder-workspace/.derivedData/Build/Intermediates.noindex/ExplicitPrecompiledModules
2026-09-20 18:36:06.545 xcodebuild[807:4925] [MT] IDERunDestination: Supported platforms for the buildables in the current scheme is empty.
** BUILD FAILED **
The following build commands failed:
	SwiftEmitModule normal arm64 Emitting\ module\ for\ AEPServices (in target 'AEPServices' from project 'AEPCore')
	SwiftCompile normal arm64 (in target 'AEPServices' from project 'AEPCore')
	Building workspace AEPEdgeConsent with scheme AEPEdgeConsent
(3 failures)
Command line invocation:
    /Applications/Xcode-27.0.0-Release.Candidate.app/Contents/Developer/usr/bin/xcodebuild -IDEClonedSourcePackagesDirPathOverride=/Users/admin/builder/spi-builder-workspace/.dependencies -resolvePackageDependencies
Resolve Package Graph
Resolved source packages:
  AEPEdge: https://github.com/adobe/aepsdk-edge-ios.git @ 5.1.0
  AEPEdgeConsent: /Users/admin/builder/spi-builder-workspace
  AEPRulesEngine: https://github.com/adobe/aepsdk-rulesengine-ios.git @ 5.0.0
  AEPEdgeIdentity: https://github.com/adobe/aepsdk-edgeidentity-ios.git @ 5.1.0
  AEPCore: https://github.com/adobe/aepsdk-core-ios.git @ 5.11.0
resolved source packages: AEPEdge, AEPEdgeConsent, AEPRulesEngine, AEPEdgeIdentity, AEPCore
2026-09-20 18:36:13.511 xcodebuild[978:5720] [MT] IDERunDestination: Supported platforms for the buildables in the current scheme is empty.
{
  "dependencies" : [
    {
      "identity" : "aepsdk-core-ios",
      "requirement" : {
        "range" : [
          {
            "lower_bound" : "5.0.0",
            "upper_bound" : "6.0.0"
          }
        ]
      },
      "type" : "sourceControl",
      "url" : "https://github.com/adobe/aepsdk-core-ios.git"
    },
    {
      "identity" : "aepsdk-edge-ios",
      "requirement" : {
        "range" : [
          {
            "lower_bound" : "5.0.0",
            "upper_bound" : "6.0.0"
          }
        ]
      },
      "type" : "sourceControl",
      "url" : "https://github.com/adobe/aepsdk-edge-ios.git"
    }
  ],
  "manifest_display_name" : "AEPEdgeConsent",
  "name" : "AEPEdgeConsent",
  "path" : "/Users/admin/builder/spi-builder-workspace",
  "platforms" : [
    {
      "name" : "ios",
      "version" : "12.0"
    },
    {
      "name" : "tvos",
      "version" : "12.0"
    }
  ],
  "products" : [
    {
      "name" : "AEPEdgeConsent",
      "targets" : [
        "AEPEdgeConsent"
      ],
      "type" : {
        "library" : [
          "automatic"
        ]
      }
    }
  ],
  "targets" : [
    {
      "c99name" : "AEPEdgeConsent",
      "module_type" : "SwiftTarget",
      "name" : "AEPEdgeConsent",
      "path" : "Sources",
      "product_dependencies" : [
        "AEPCore",
        "AEPEdge"
      ],
      "product_memberships" : [
        "AEPEdgeConsent"
      ],
      "sources" : [
        "Consent.swift",
        "ConsentConstants.swift",
        "ConsentPreferences.swift",
        "ConsentPreferencesManager.swift",
        "Public/Consent+PublicAPI.swift"
      ],
      "type" : "library"
    }
  ],
  "tools_version" : "5.3"
}
{
  "workspace" : {
    "name" : "AEPEdgeConsent",
    "schemes" : [
      "AEPEdgeConsent"
    ]
  }
}
2026-09-20 18:36:14.897 xcodebuild[986:5783] [MT] IDERunDestination: Supported platforms for the buildables in the current scheme is empty.
Running build ...
env DEVELOPER_DIR=/Applications/Xcode-27.0.0-Release.Candidate.app xcrun xcodebuild -IDEClonedSourcePackagesDirPathOverride=$PWD/.dependencies -skipMacroValidation -skipPackagePluginValidation -derivedDataPath $PWD/.derivedData build -scheme AEPEdgeConsent -destination generic/platform=watchOS
Command line invocation:
    /Applications/Xcode-27.0.0-Release.Candidate.app/Contents/Developer/usr/bin/xcodebuild -IDEClonedSourcePackagesDirPathOverride=/Users/admin/builder/spi-builder-workspace/.dependencies -skipMacroValidation -skipPackagePluginValidation -derivedDataPath /Users/admin/builder/spi-builder-workspace/.derivedData build -scheme AEPEdgeConsent -destination generic/platform=watchOS
Resolve Package Graph
Resolved source packages:
  AEPEdge: https://github.com/adobe/aepsdk-edge-ios.git @ 5.1.0
  AEPRulesEngine: https://github.com/adobe/aepsdk-rulesengine-ios.git @ 5.0.0
  AEPEdgeConsent: /Users/admin/builder/spi-builder-workspace
  AEPEdgeIdentity: https://github.com/adobe/aepsdk-edgeidentity-ios.git @ 5.1.0
  AEPCore: https://github.com/adobe/aepsdk-core-ios.git @ 5.11.0
ComputePackagePrebuildTargetDependencyGraph
Prepare packages
CreateBuildRequest
SendProjectDescription
CreateBuildOperation
ComputeTargetDependencyGraph
note: Building targets in dependency order
note: Target dependency graph (13 targets)
    Target 'AEPEdgeConsent-product' in project 'AEPEdgeConsent'
        ➜ Explicit dependency on target 'AEPEdgeConsent' in project 'AEPEdgeConsent'
        ➜ Explicit dependency on target 'AEPCore-product' in project 'AEPCore'
        ➜ Explicit dependency on target 'AEPEdge-product' in project 'AEPEdge'
    Target 'AEPEdgeConsent' in project 'AEPEdgeConsent'
        ➜ Explicit dependency on target 'AEPCore-product' in project 'AEPCore'
        ➜ Explicit dependency on target 'AEPEdge-product' in project 'AEPEdge'
    Target 'AEPEdge-product' in project 'AEPEdge'
        ➜ Explicit dependency on target 'AEPEdge' in project 'AEPEdge'
        ➜ Explicit dependency on target 'AEPCore-product' in project 'AEPCore'
        ➜ Explicit dependency on target 'AEPEdgeIdentity-product' in project 'AEPEdgeIdentity'
    Target 'AEPEdge' in project 'AEPEdge'
        ➜ Explicit dependency on target 'AEPCore-product' in project 'AEPCore'
        ➜ Explicit dependency on target 'AEPEdgeIdentity-product' in project 'AEPEdgeIdentity'
    Target 'AEPEdgeIdentity-product' in project 'AEPEdgeIdentity'
        ➜ Explicit dependency on target 'AEPEdgeIdentity' in project 'AEPEdgeIdentity'
        ➜ Explicit dependency on target 'AEPCore-product' in project 'AEPCore'
    Target 'AEPEdgeIdentity' in project 'AEPEdgeIdentity'
        ➜ Explicit dependency on target 'AEPCore-product' in project 'AEPCore'
    Target 'AEPCore-product' in project 'AEPCore'
        ➜ Explicit dependency on target 'AEPCore' in project 'AEPCore'
        ➜ Explicit dependency on target 'AEPCore_AEPCore' in project 'AEPCore'
        ➜ Explicit dependency on target 'AEPServices' in project 'AEPCore'
        ➜ Explicit dependency on target 'AEPRulesEngine-product' in project 'AEPRulesEngine'
    Target 'AEPCore' in project 'AEPCore'
        ➜ Explicit dependency on target 'AEPCore_AEPCore' in project 'AEPCore'
        ➜ Explicit dependency on target 'AEPServices' in project 'AEPCore'
        ➜ Explicit dependency on target 'AEPRulesEngine-product' in project 'AEPRulesEngine'
    Target 'AEPRulesEngine-product' in project 'AEPRulesEngine'
        ➜ Explicit dependency on target 'AEPRulesEngine' in project 'AEPRulesEngine'
    Target 'AEPRulesEngine' in project 'AEPRulesEngine' (no dependencies)
    Target 'AEPServices' in project 'AEPCore'
        ➜ Explicit dependency on target 'AEPCore_AEPServices' in project 'AEPCore'
    Target 'AEPCore_AEPServices' in project 'AEPCore' (no dependencies)
    Target 'AEPCore_AEPCore' in project 'AEPCore' (no dependencies)
GatherProvisioningInputs
CreateBuildDescription
ClangStatCache /Applications/Xcode-27.0.0-Release.Candidate.app/Contents/Developer/Toolchains/XcodeDefault.xctoolchain/usr/bin/clang-stat-cache /Applications/Xcode-27.0.0-Release.Candidate.app/Contents/Developer/Platforms/WatchOS.platform/Developer/SDKs/WatchOS27.0.sdk /Users/admin/builder/spi-builder-workspace/.derivedData/SDKStatCaches.noindex/watchos27.0-24R360-e829b21a6f8c9b70876ba0858053c04477534ef55a1706bf4c1112bbb242f0a2.sdkstatcache
    cd /Users/admin/builder/spi-builder-workspace/.swiftpm/xcode
    /Applications/Xcode-27.0.0-Release.Candidate.app/Contents/Developer/Toolchains/XcodeDefault.xctoolchain/usr/bin/clang-stat-cache /Applications/Xcode-27.0.0-Release.Candidate.app/Contents/Developer/Platforms/WatchOS.platform/Developer/SDKs/WatchOS27.0.sdk -o /Users/admin/builder/spi-builder-workspace/.derivedData/SDKStatCaches.noindex/watchos27.0-24R360-e829b21a6f8c9b70876ba0858053c04477534ef55a1706bf4c1112bbb242f0a2.sdkstatcache
SwiftDriver AEPRulesEngine normal arm64_32 com.apple.xcode.tools.swift.compiler (in target 'AEPRulesEngine' from project 'AEPRulesEngine')
    cd /Users/admin/builder/spi-builder-workspace/.swiftpm/xcode
    builtin-SwiftDriver -- /Applications/Xcode-27.0.0-Release.Candidate.app/Contents/Developer/Toolchains/XcodeDefault.xctoolchain/usr/bin/swiftc -parse-as-library -module-name AEPRulesEngine -Onone @/Users/admin/builder/spi-builder-workspace/.derivedData/Build/Intermediates.noindex/AEPRulesEngine.build/Debug-watchos/AEPRulesEngine-t.build/Objects-normal/arm64_32/AEPRulesEngine.SwiftFileList -DSWIFT_PACKAGE -DDEBUG -DSWIFT_MODULE_RESOURCE_BUNDLE_UNAVAILABLE -DXcode -plugin-path /Applications/Xcode-27.0.0-Release.Candidate.app/Contents/Developer/Toolchains/XcodeDefault.xctoolchain/usr/lib/swift/host/plugins/testing -enable-experimental-feature DebugDescriptionMacro -sdk /Applications/Xcode-27.0.0-Release.Candidate.app/Contents/Developer/Platforms/WatchOS.platform/Developer/SDKs/WatchOS27.0.sdk -target arm64_32-apple-watchos9.0 -g -module-cache-path /Users/admin/builder/spi-builder-workspace/.derivedData/ModuleCache.noindex -Xfrontend -serialize-debugging-options -enable-testing -suppress-warnings -index-store-path /Users/admin/builder/spi-builder-workspace/.derivedData/Index.noindex/DataStore -Xcc -D_LIBCPP_HARDENING_MODE\=_LIBCPP_HARDENING_MODE_DEBUG -swift-version 5 -I /Users/admin/builder/spi-builder-workspace/.derivedData/Build/Products/Debug-watchos -Isystem /Applications/Xcode-27.0.0-Release.Candidate.app/Contents/Developer/Platforms/WatchOS.platform/Developer/usr/lib -F /Users/admin/builder/spi-builder-workspace/.derivedData/Build/Products/Debug-watchos -F /Applications/Xcode-27.0.0-Release.Candidate.app/Contents/Developer/Platforms/WatchOS.platform/Developer/Library/Frameworks -F /Applications/Xcode-27.0.0-Release.Candidate.app/Contents/Developer/Platforms/WatchOS.platform/Developer/SDKs/WatchOS27.0.sdk/Developer/Library/Frameworks -c -j10 -enable-batch-mode -incremental -Xcc -ivfsstatcache -Xcc /Users/admin/builder/spi-builder-workspace/.derivedData/SDKStatCaches.noindex/watchos27.0-24R360-e829b21a6f8c9b70876ba0858053c04477534ef55a1706bf4c1112bbb242f0a2.sdkstatcache -output-file-map /Users/admin/builder/spi-builder-workspace/.derivedData/Build/Intermediates.noindex/AEPRulesEngine.build/Debug-watchos/AEPRulesEngine-t.build/Objects-normal/arm64_32/AEPRulesEngine-OutputFileMap.json -save-temps -no-color-diagnostics -explicit-module-build -module-cache-path /Users/admin/builder/spi-builder-workspace/.derivedData/Build/Intermediates.noindex/SwiftExplicitPrecompiledModules -clang-scanner-module-cache-path /Users/admin/builder/spi-builder-workspace/.derivedData/ModuleCache.noindex -sdk-module-cache-path /Users/admin/builder/spi-builder-workspace/.derivedData/SDKExplicitPrecompiledModules -emit-dependencies -emit-module -emit-module-path /Users/admin/builder/spi-builder-workspace/.derivedData/Build/Intermediates.noindex/AEPRulesEngine.build/Debug-watchos/AEPRulesEngine-t.build/Objects-normal/arm64_32/AEPRulesEngine.swiftmodule -serialize-diagnostics -dependency-scan-serialize-diagnostics-path /Users/admin/builder/spi-builder-workspace/.derivedData/Build/Intermediates.noindex/AEPRulesEngine.build/Debug-watchos/AEPRulesEngine-t.build/Objects-normal/arm64_32/AEPRulesEngine-dependency-scan.dia -validate-clang-modules-once -clang-build-session-file /Users/admin/builder/spi-builder-workspace/.derivedData/ModuleCache.noindex/Session.modulevalidation -Xcc -fmodules-prune-interval\=86400 -Xcc -fmodules-prune-after\=345600 -emit-const-values -const-gather-protocols-list /Users/admin/builder/spi-builder-workspace/.derivedData/Build/Intermediates.noindex/AEPRulesEngine.build/Debug-watchos/AEPRulesEngine-t.build/Objects-normal/arm64_32/AEPRulesEngine_const_extract_protocols.json -Xcc -I/Users/admin/builder/spi-builder-workspace/.derivedData/Build/Products/Debug-watchos/include -Xcc -I/Users/admin/builder/spi-builder-workspace/.derivedData/Build/Intermediates.noindex/AEPRulesEngine.build/Debug-watchos/AEPRulesEngine-t.build/DerivedSources-normal/arm64_32 -Xcc -I/Users/admin/builder/spi-builder-workspace/.derivedData/Build/Intermediates.noindex/AEPRulesEngine.build/Debug-watchos/AEPRulesEngine-t.build/DerivedSources/arm64_32 -Xcc -I/Users/admin/builder/spi-builder-workspace/.derivedData/Build/Intermediates.noindex/AEPRulesEngine.build/Debug-watchos/AEPRulesEngine-t.build/DerivedSources -Xcc -DSWIFT_PACKAGE -Xcc -DDEBUG\=1 -emit-objc-header -emit-objc-header-path /Users/admin/builder/spi-builder-workspace/.derivedData/Build/Intermediates.noindex/AEPRulesEngine.build/Debug-watchos/AEPRulesEngine-t.build/Objects-normal/arm64_32/AEPRulesEngine-Swift.h -working-directory /Users/admin/builder/spi-builder-workspace/.swiftpm/xcode -experimental-emit-module-separately -disable-cmo
SwiftDriver AEPServices normal arm64_32 com.apple.xcode.tools.swift.compiler (in target 'AEPServices' from project 'AEPCore')
    cd /Users/admin/builder/spi-builder-workspace/.swiftpm/xcode
    builtin-SwiftDriver -- /Applications/Xcode-27.0.0-Release.Candidate.app/Contents/Developer/Toolchains/XcodeDefault.xctoolchain/usr/bin/swiftc -parse-as-library -module-name AEPServices -Onone @/Users/admin/builder/spi-builder-workspace/.derivedData/Build/Intermediates.noindex/AEPCore.build/Debug-watchos/AEPServices-t.build/Objects-normal/arm64_32/AEPServices.SwiftFileList -DSWIFT_PACKAGE -DDEBUG -DSWIFT_MODULE_RESOURCE_BUNDLE_AVAILABLE -DXcode -plugin-path /Applications/Xcode-27.0.0-Release.Candidate.app/Contents/Developer/Toolchains/XcodeDefault.xctoolchain/usr/lib/swift/host/plugins/testing -enable-experimental-feature DebugDescriptionMacro -sdk /Applications/Xcode-27.0.0-Release.Candidate.app/Contents/Developer/Platforms/WatchOS.platform/Developer/SDKs/WatchOS27.0.sdk -target arm64_32-apple-watchos9.0 -g -module-cache-path /Users/admin/builder/spi-builder-workspace/.derivedData/ModuleCache.noindex -Xfrontend -serialize-debugging-options -enable-testing -suppress-warnings -index-store-path /Users/admin/builder/spi-builder-workspace/.derivedData/Index.noindex/DataStore -Xcc -D_LIBCPP_HARDENING_MODE\=_LIBCPP_HARDENING_MODE_DEBUG -swift-version 5 -I /Users/admin/builder/spi-builder-workspace/.derivedData/Build/Products/Debug-watchos -Isystem /Applications/Xcode-27.0.0-Release.Candidate.app/Contents/Developer/Platforms/WatchOS.platform/Developer/usr/lib -F /Users/admin/builder/spi-builder-workspace/.derivedData/Build/Products/Debug-watchos -F /Applications/Xcode-27.0.0-Release.Candidate.app/Contents/Developer/Platforms/WatchOS.platform/Developer/Library/Frameworks -F /Applications/Xcode-27.0.0-Release.Candidate.app/Contents/Developer/Platforms/WatchOS.platform/Developer/SDKs/WatchOS27.0.sdk/Developer/Library/Frameworks -c -j10 -enable-batch-mode -incremental -Xcc -ivfsstatcache -Xcc /Users/admin/builder/spi-builder-workspace/.derivedData/SDKStatCaches.noindex/watchos27.0-24R360-e829b21a6f8c9b70876ba0858053c04477534ef55a1706bf4c1112bbb242f0a2.sdkstatcache -output-file-map /Users/admin/builder/spi-builder-workspace/.derivedData/Build/Intermediates.noindex/AEPCore.build/Debug-watchos/AEPServices-t.build/Objects-normal/arm64_32/AEPServices-OutputFileMap.json -save-temps -no-color-diagnostics -explicit-module-build -module-cache-path /Users/admin/builder/spi-builder-workspace/.derivedData/Build/Intermediates.noindex/SwiftExplicitPrecompiledModules -clang-scanner-module-cache-path /Users/admin/builder/spi-builder-workspace/.derivedData/ModuleCache.noindex -sdk-module-cache-path /Users/admin/builder/spi-builder-workspace/.derivedData/SDKExplicitPrecompiledModules -emit-dependencies -emit-module -emit-module-path /Users/admin/builder/spi-builder-workspace/.derivedData/Build/Intermediates.noindex/AEPCore.build/Debug-watchos/AEPServices-t.build/Objects-normal/arm64_32/AEPServices.swiftmodule -serialize-diagnostics -dependency-scan-serialize-diagnostics-path /Users/admin/builder/spi-builder-workspace/.derivedData/Build/Intermediates.noindex/AEPCore.build/Debug-watchos/AEPServices-t.build/Objects-normal/arm64_32/AEPServices-dependency-scan.dia -validate-clang-modules-once -clang-build-session-file /Users/admin/builder/spi-builder-workspace/.derivedData/ModuleCache.noindex/Session.modulevalidation -Xcc -fmodules-prune-interval\=86400 -Xcc -fmodules-prune-after\=345600 -emit-const-values -const-gather-protocols-list /Users/admin/builder/spi-builder-workspace/.derivedData/Build/Intermediates.noindex/AEPCore.build/Debug-watchos/AEPServices-t.build/Objects-normal/arm64_32/AEPServices_const_extract_protocols.json -Xcc -I/Users/admin/builder/spi-builder-workspace/.derivedData/Build/Products/Debug-watchos/include -Xcc -I/Users/admin/builder/spi-builder-workspace/.derivedData/Build/Intermediates.noindex/AEPCore.build/Debug-watchos/AEPServices-t.build/DerivedSources-normal/arm64_32 -Xcc -I/Users/admin/builder/spi-builder-workspace/.derivedData/Build/Intermediates.noindex/AEPCore.build/Debug-watchos/AEPServices-t.build/DerivedSources/arm64_32 -Xcc -I/Users/admin/builder/spi-builder-workspace/.derivedData/Build/Intermediates.noindex/AEPCore.build/Debug-watchos/AEPServices-t.build/DerivedSources -Xcc -DSWIFT_PACKAGE -Xcc -DDEBUG\=1 -emit-objc-header -emit-objc-header-path /Users/admin/builder/spi-builder-workspace/.derivedData/Build/Intermediates.noindex/AEPCore.build/Debug-watchos/AEPServices-t.build/Objects-normal/arm64_32/AEPServices-Swift.h -working-directory /Users/admin/builder/spi-builder-workspace/.swiftpm/xcode -experimental-emit-module-separately -disable-cmo
SwiftDriver AEPServices normal arm64 com.apple.xcode.tools.swift.compiler (in target 'AEPServices' from project 'AEPCore')
    cd /Users/admin/builder/spi-builder-workspace/.swiftpm/xcode
    builtin-SwiftDriver -- /Applications/Xcode-27.0.0-Release.Candidate.app/Contents/Developer/Toolchains/XcodeDefault.xctoolchain/usr/bin/swiftc -parse-as-library -module-name AEPServices -Onone @/Users/admin/builder/spi-builder-workspace/.derivedData/Build/Intermediates.noindex/AEPCore.build/Debug-watchos/AEPServices-t.build/Objects-normal/arm64/AEPServices.SwiftFileList -DSWIFT_PACKAGE -DDEBUG -DSWIFT_MODULE_RESOURCE_BUNDLE_AVAILABLE -DXcode -plugin-path /Applications/Xcode-27.0.0-Release.Candidate.app/Contents/Developer/Toolchains/XcodeDefault.xctoolchain/usr/lib/swift/host/plugins/testing -enable-experimental-feature DebugDescriptionMacro -sdk /Applications/Xcode-27.0.0-Release.Candidate.app/Contents/Developer/Platforms/WatchOS.platform/Developer/SDKs/WatchOS27.0.sdk -target arm64-apple-watchos9.0 -g -module-cache-path /Users/admin/builder/spi-builder-workspace/.derivedData/ModuleCache.noindex -Xfrontend -serialize-debugging-options -enable-testing -suppress-warnings -index-store-path /Users/admin/builder/spi-builder-workspace/.derivedData/Index.noindex/DataStore -Xcc -D_LIBCPP_HARDENING_MODE\=_LIBCPP_HARDENING_MODE_DEBUG -swift-version 5 -I /Users/admin/builder/spi-builder-workspace/.derivedData/Build/Products/Debug-watchos -Isystem /Applications/Xcode-27.0.0-Release.Candidate.app/Contents/Developer/Platforms/WatchOS.platform/Developer/usr/lib -F /Users/admin/builder/spi-builder-workspace/.derivedData/Build/Products/Debug-watchos -F /Applications/Xcode-27.0.0-Release.Candidate.app/Contents/Developer/Platforms/WatchOS.platform/Developer/Library/Frameworks -F /Applications/Xcode-27.0.0-Release.Candidate.app/Contents/Developer/Platforms/WatchOS.platform/Developer/SDKs/WatchOS27.0.sdk/Developer/Library/Frameworks -c -j10 -enable-batch-mode -incremental -Xcc -ivfsstatcache -Xcc /Users/admin/builder/spi-builder-workspace/.derivedData/SDKStatCaches.noindex/watchos27.0-24R360-e829b21a6f8c9b70876ba0858053c04477534ef55a1706bf4c1112bbb242f0a2.sdkstatcache -output-file-map /Users/admin/builder/spi-builder-workspace/.derivedData/Build/Intermediates.noindex/AEPCore.build/Debug-watchos/AEPServices-t.build/Objects-normal/arm64/AEPServices-OutputFileMap.json -save-temps -no-color-diagnostics -explicit-module-build -module-cache-path /Users/admin/builder/spi-builder-workspace/.derivedData/Build/Intermediates.noindex/SwiftExplicitPrecompiledModules -clang-scanner-module-cache-path /Users/admin/builder/spi-builder-workspace/.derivedData/ModuleCache.noindex -sdk-module-cache-path /Users/admin/builder/spi-builder-workspace/.derivedData/SDKExplicitPrecompiledModules -emit-dependencies -emit-module -emit-module-path /Users/admin/builder/spi-builder-workspace/.derivedData/Build/Intermediates.noindex/AEPCore.build/Debug-watchos/AEPServices-t.build/Objects-normal/arm64/AEPServices.swiftmodule -serialize-diagnostics -dependency-scan-serialize-diagnostics-path /Users/admin/builder/spi-builder-workspace/.derivedData/Build/Intermediates.noindex/AEPCore.build/Debug-watchos/AEPServices-t.build/Objects-normal/arm64/AEPServices-dependency-scan.dia -validate-clang-modules-once -clang-build-session-file /Users/admin/builder/spi-builder-workspace/.derivedData/ModuleCache.noindex/Session.modulevalidation -Xcc -fmodules-prune-interval\=86400 -Xcc -fmodules-prune-after\=345600 -emit-const-values -const-gather-protocols-list /Users/admin/builder/spi-builder-workspace/.derivedData/Build/Intermediates.noindex/AEPCore.build/Debug-watchos/AEPServices-t.build/Objects-normal/arm64/AEPServices_const_extract_protocols.json -Xcc -I/Users/admin/builder/spi-builder-workspace/.derivedData/Build/Products/Debug-watchos/include -Xcc -I/Users/admin/builder/spi-builder-workspace/.derivedData/Build/Intermediates.noindex/AEPCore.build/Debug-watchos/AEPServices-t.build/DerivedSources-normal/arm64 -Xcc -I/Users/admin/builder/spi-builder-workspace/.derivedData/Build/Intermediates.noindex/AEPCore.build/Debug-watchos/AEPServices-t.build/DerivedSources/arm64 -Xcc -I/Users/admin/builder/spi-builder-workspace/.derivedData/Build/Intermediates.noindex/AEPCore.build/Debug-watchos/AEPServices-t.build/DerivedSources -Xcc -DSWIFT_PACKAGE -Xcc -DDEBUG\=1 -emit-objc-header -emit-objc-header-path /Users/admin/builder/spi-builder-workspace/.derivedData/Build/Intermediates.noindex/AEPCore.build/Debug-watchos/AEPServices-t.build/Objects-normal/arm64/AEPServices-Swift.h -working-directory /Users/admin/builder/spi-builder-workspace/.swiftpm/xcode -experimental-emit-module-separately -disable-cmo
SwiftDriver AEPRulesEngine normal arm64 com.apple.xcode.tools.swift.compiler (in target 'AEPRulesEngine' from project 'AEPRulesEngine')
    cd /Users/admin/builder/spi-builder-workspace/.swiftpm/xcode
    builtin-SwiftDriver -- /Applications/Xcode-27.0.0-Release.Candidate.app/Contents/Developer/Toolchains/XcodeDefault.xctoolchain/usr/bin/swiftc -parse-as-library -module-name AEPRulesEngine -Onone @/Users/admin/builder/spi-builder-workspace/.derivedData/Build/Intermediates.noindex/AEPRulesEngine.build/Debug-watchos/AEPRulesEngine-t.build/Objects-normal/arm64/AEPRulesEngine.SwiftFileList -DSWIFT_PACKAGE -DDEBUG -DSWIFT_MODULE_RESOURCE_BUNDLE_UNAVAILABLE -DXcode -plugin-path /Applications/Xcode-27.0.0-Release.Candidate.app/Contents/Developer/Toolchains/XcodeDefault.xctoolchain/usr/lib/swift/host/plugins/testing -enable-experimental-feature DebugDescriptionMacro -sdk /Applications/Xcode-27.0.0-Release.Candidate.app/Contents/Developer/Platforms/WatchOS.platform/Developer/SDKs/WatchOS27.0.sdk -target arm64-apple-watchos9.0 -g -module-cache-path /Users/admin/builder/spi-builder-workspace/.derivedData/ModuleCache.noindex -Xfrontend -serialize-debugging-options -enable-testing -suppress-warnings -index-store-path /Users/admin/builder/spi-builder-workspace/.derivedData/Index.noindex/DataStore -Xcc -D_LIBCPP_HARDENING_MODE\=_LIBCPP_HARDENING_MODE_DEBUG -swift-version 5 -I /Users/admin/builder/spi-builder-workspace/.derivedData/Build/Products/Debug-watchos -Isystem /Applications/Xcode-27.0.0-Release.Candidate.app/Contents/Developer/Platforms/WatchOS.platform/Developer/usr/lib -F /Users/admin/builder/spi-builder-workspace/.derivedData/Build/Products/Debug-watchos -F /Applications/Xcode-27.0.0-Release.Candidate.app/Contents/Developer/Platforms/WatchOS.platform/Developer/Library/Frameworks -F /Applications/Xcode-27.0.0-Release.Candidate.app/Contents/Developer/Platforms/WatchOS.platform/Developer/SDKs/WatchOS27.0.sdk/Developer/Library/Frameworks -c -j10 -enable-batch-mode -incremental -Xcc -ivfsstatcache -Xcc /Users/admin/builder/spi-builder-workspace/.derivedData/SDKStatCaches.noindex/watchos27.0-24R360-e829b21a6f8c9b70876ba0858053c04477534ef55a1706bf4c1112bbb242f0a2.sdkstatcache -output-file-map /Users/admin/builder/spi-builder-workspace/.derivedData/Build/Intermediates.noindex/AEPRulesEngine.build/Debug-watchos/AEPRulesEngine-t.build/Objects-normal/arm64/AEPRulesEngine-OutputFileMap.json -save-temps -no-color-diagnostics -explicit-module-build -module-cache-path /Users/admin/builder/spi-builder-workspace/.derivedData/Build/Intermediates.noindex/SwiftExplicitPrecompiledModules -clang-scanner-module-cache-path /Users/admin/builder/spi-builder-workspace/.derivedData/ModuleCache.noindex -sdk-module-cache-path /Users/admin/builder/spi-builder-workspace/.derivedData/SDKExplicitPrecompiledModules -emit-dependencies -emit-module -emit-module-path /Users/admin/builder/spi-builder-workspace/.derivedData/Build/Intermediates.noindex/AEPRulesEngine.build/Debug-watchos/AEPRulesEngine-t.build/Objects-normal/arm64/AEPRulesEngine.swiftmodule -serialize-diagnostics -dependency-scan-serialize-diagnostics-path /Users/admin/builder/spi-builder-workspace/.derivedData/Build/Intermediates.noindex/AEPRulesEngine.build/Debug-watchos/AEPRulesEngine-t.build/Objects-normal/arm64/AEPRulesEngine-dependency-scan.dia -validate-clang-modules-once -clang-build-session-file /Users/admin/builder/spi-builder-workspace/.derivedData/ModuleCache.noindex/Session.modulevalidation -Xcc -fmodules-prune-interval\=86400 -Xcc -fmodules-prune-after\=345600 -emit-const-values -const-gather-protocols-list /Users/admin/builder/spi-builder-workspace/.derivedData/Build/Intermediates.noindex/AEPRulesEngine.build/Debug-watchos/AEPRulesEngine-t.build/Objects-normal/arm64/AEPRulesEngine_const_extract_protocols.json -Xcc -I/Users/admin/builder/spi-builder-workspace/.derivedData/Build/Products/Debug-watchos/include -Xcc -I/Users/admin/builder/spi-builder-workspace/.derivedData/Build/Intermediates.noindex/AEPRulesEngine.build/Debug-watchos/AEPRulesEngine-t.build/DerivedSources-normal/arm64 -Xcc -I/Users/admin/builder/spi-builder-workspace/.derivedData/Build/Intermediates.noindex/AEPRulesEngine.build/Debug-watchos/AEPRulesEngine-t.build/DerivedSources/arm64 -Xcc -I/Users/admin/builder/spi-builder-workspace/.derivedData/Build/Intermediates.noindex/AEPRulesEngine.build/Debug-watchos/AEPRulesEngine-t.build/DerivedSources -Xcc -DSWIFT_PACKAGE -Xcc -DDEBUG\=1 -emit-objc-header -emit-objc-header-path /Users/admin/builder/spi-builder-workspace/.derivedData/Build/Intermediates.noindex/AEPRulesEngine.build/Debug-watchos/AEPRulesEngine-t.build/Objects-normal/arm64/AEPRulesEngine-Swift.h -working-directory /Users/admin/builder/spi-builder-workspace/.swiftpm/xcode -experimental-emit-module-separately -disable-cmo
SwiftCompile normal arm64_32 Compiling\ Operand.swift,\ UnaryExpression.swift,\ Log.swift /Users/admin/builder/spi-builder-workspace/.dependencies/checkouts/aepsdk-rulesengine-ios/Sources/AEPRulesEngine/Expression/Operand.swift /Users/admin/builder/spi-builder-workspace/.dependencies/checkouts/aepsdk-rulesengine-ios/Sources/AEPRulesEngine/Expression/UnaryExpression.swift /Users/admin/builder/spi-builder-workspace/.dependencies/checkouts/aepsdk-rulesengine-ios/Sources/AEPRulesEngine/Log/Log.swift (in target 'AEPRulesEngine' from project 'AEPRulesEngine')
SwiftCompile normal arm64_32 /Users/admin/builder/spi-builder-workspace/.dependencies/checkouts/aepsdk-rulesengine-ios/Sources/AEPRulesEngine/Expression/Operand.swift (in target 'AEPRulesEngine' from project 'AEPRulesEngine')
    cd /Users/admin/builder/spi-builder-workspace/.swiftpm/xcode
    builtin-SwiftPerFileCompile Operand.swift
SwiftCompile normal arm64_32 /Users/admin/builder/spi-builder-workspace/.dependencies/checkouts/aepsdk-rulesengine-ios/Sources/AEPRulesEngine/Expression/UnaryExpression.swift (in target 'AEPRulesEngine' from project 'AEPRulesEngine')
    cd /Users/admin/builder/spi-builder-workspace/.swiftpm/xcode
    builtin-SwiftPerFileCompile UnaryExpression.swift
SwiftCompile normal arm64_32 /Users/admin/builder/spi-builder-workspace/.dependencies/checkouts/aepsdk-rulesengine-ios/Sources/AEPRulesEngine/Log/Log.swift (in target 'AEPRulesEngine' from project 'AEPRulesEngine')
    cd /Users/admin/builder/spi-builder-workspace/.swiftpm/xcode
    builtin-SwiftPerFileCompile Log.swift
SwiftCompile normal arm64_32 Compiling\ RulesFailure.swift,\ MustacheError.swift /Users/admin/builder/spi-builder-workspace/.dependencies/checkouts/aepsdk-rulesengine-ios/Sources/AEPRulesEngine/RulesFailure.swift /Users/admin/builder/spi-builder-workspace/.dependencies/checkouts/aepsdk-rulesengine-ios/Sources/AEPRulesEngine/Template/MustacheError.swift (in target 'AEPRulesEngine' from project 'AEPRulesEngine')
SwiftCompile normal arm64_32 /Users/admin/builder/spi-builder-workspace/.dependencies/checkouts/aepsdk-rulesengine-ios/Sources/AEPRulesEngine/RulesFailure.swift (in target 'AEPRulesEngine' from project 'AEPRulesEngine')
    cd /Users/admin/builder/spi-builder-workspace/.swiftpm/xcode
    builtin-SwiftPerFileCompile RulesFailure.swift
SwiftCompile normal arm64_32 /Users/admin/builder/spi-builder-workspace/.dependencies/checkouts/aepsdk-rulesengine-ios/Sources/AEPRulesEngine/Template/MustacheError.swift (in target 'AEPRulesEngine' from project 'AEPRulesEngine')
    cd /Users/admin/builder/spi-builder-workspace/.swiftpm/xcode
    builtin-SwiftPerFileCompile MustacheError.swift
SwiftEmitModule normal arm64_32 Emitting\ module\ for\ AEPRulesEngine (in target 'AEPRulesEngine' from project 'AEPRulesEngine')
SwiftCompile normal arm64_32 (in target 'AEPRulesEngine' from project 'AEPRulesEngine')
    cd /Users/admin/builder/spi-builder-workspace/.swiftpm/xcode

SwiftCompile normal arm64_32 Compiling\ Segment.swift,\ Template.swift /Users/admin/builder/spi-builder-workspace/.dependencies/checkouts/aepsdk-rulesengine-ios/Sources/AEPRulesEngine/Template/Segment.swift /Users/admin/builder/spi-builder-workspace/.dependencies/checkouts/aepsdk-rulesengine-ios/Sources/AEPRulesEngine/Template/Template.swift (in target 'AEPRulesEngine' from project 'AEPRulesEngine')
SwiftCompile normal arm64_32 /Users/admin/builder/spi-builder-workspace/.dependencies/checkouts/aepsdk-rulesengine-ios/Sources/AEPRulesEngine/Template/Segment.swift (in target 'AEPRulesEngine' from project 'AEPRulesEngine')
    cd /Users/admin/builder/spi-builder-workspace/.swiftpm/xcode
    builtin-SwiftPerFileCompile Segment.swift
SwiftCompile normal arm64_32 /Users/admin/builder/spi-builder-workspace/.dependencies/checkouts/aepsdk-rulesengine-ios/Sources/AEPRulesEngine/Template/Template.swift (in target 'AEPRulesEngine' from project 'AEPRulesEngine')
    cd /Users/admin/builder/spi-builder-workspace/.swiftpm/xcode
    builtin-SwiftPerFileCompile Template.swift
SwiftCompile normal arm64_32 Compiling\ LogLevel.swift,\ Logging.swift,\ Operand+Literal.swift /Users/admin/builder/spi-builder-workspace/.dependencies/checkouts/aepsdk-rulesengine-ios/Sources/AEPRulesEngine/Log/LogLevel.swift /Users/admin/builder/spi-builder-workspace/.dependencies/checkouts/aepsdk-rulesengine-ios/Sources/AEPRulesEngine/Log/Logging.swift /Users/admin/builder/spi-builder-workspace/.dependencies/checkouts/aepsdk-rulesengine-ios/Sources/AEPRulesEngine/Operand+Literal.swift (in target 'AEPRulesEngine' from project 'AEPRulesEngine')
SwiftCompile normal arm64_32 /Users/admin/builder/spi-builder-workspace/.dependencies/checkouts/aepsdk-rulesengine-ios/Sources/AEPRulesEngine/Log/LogLevel.swift (in target 'AEPRulesEngine' from project 'AEPRulesEngine')
    cd /Users/admin/builder/spi-builder-workspace/.swiftpm/xcode
    builtin-SwiftPerFileCompile LogLevel.swift
SwiftCompile normal arm64_32 /Users/admin/builder/spi-builder-workspace/.dependencies/checkouts/aepsdk-rulesengine-ios/Sources/AEPRulesEngine/Log/Logging.swift (in target 'AEPRulesEngine' from project 'AEPRulesEngine')
    cd /Users/admin/builder/spi-builder-workspace/.swiftpm/xcode
    builtin-SwiftPerFileCompile Logging.swift
SwiftCompile normal arm64_32 /Users/admin/builder/spi-builder-workspace/.dependencies/checkouts/aepsdk-rulesengine-ios/Sources/AEPRulesEngine/Operand+Literal.swift (in target 'AEPRulesEngine' from project 'AEPRulesEngine')
    cd /Users/admin/builder/spi-builder-workspace/.swiftpm/xcode
    builtin-SwiftPerFileCompile Operand+Literal.swift
SwiftCompile normal arm64_32 Compiling\ ConditionEvaluator.swift,\ Context.swift,\ Evaluating.swift /Users/admin/builder/spi-builder-workspace/.dependencies/checkouts/aepsdk-rulesengine-ios/Sources/AEPRulesEngine/ConditionEvaluator.swift /Users/admin/builder/spi-builder-workspace/.dependencies/checkouts/aepsdk-rulesengine-ios/Sources/AEPRulesEngine/Context.swift /Users/admin/builder/spi-builder-workspace/.dependencies/checkouts/aepsdk-rulesengine-ios/Sources/AEPRulesEngine/Evaluating.swift (in target 'AEPRulesEngine' from project 'AEPRulesEngine')
SwiftCompile normal arm64_32 /Users/admin/builder/spi-builder-workspace/.dependencies/checkouts/aepsdk-rulesengine-ios/Sources/AEPRulesEngine/ConditionEvaluator.swift (in target 'AEPRulesEngine' from project 'AEPRulesEngine')
    cd /Users/admin/builder/spi-builder-workspace/.swiftpm/xcode
    builtin-SwiftPerFileCompile ConditionEvaluator.swift
SwiftCompile normal arm64_32 /Users/admin/builder/spi-builder-workspace/.dependencies/checkouts/aepsdk-rulesengine-ios/Sources/AEPRulesEngine/Context.swift (in target 'AEPRulesEngine' from project 'AEPRulesEngine')
    cd /Users/admin/builder/spi-builder-workspace/.swiftpm/xcode
    builtin-SwiftPerFileCompile Context.swift
SwiftCompile normal arm64_32 /Users/admin/builder/spi-builder-workspace/.dependencies/checkouts/aepsdk-rulesengine-ios/Sources/AEPRulesEngine/Evaluating.swift (in target 'AEPRulesEngine' from project 'AEPRulesEngine')
    cd /Users/admin/builder/spi-builder-workspace/.swiftpm/xcode
    builtin-SwiftPerFileCompile Evaluating.swift
SwiftCompile normal arm64_32 Compiling\ Transforming.swift,\ Traversable.swift /Users/admin/builder/spi-builder-workspace/.dependencies/checkouts/aepsdk-rulesengine-ios/Sources/AEPRulesEngine/Transforming.swift /Users/admin/builder/spi-builder-workspace/.dependencies/checkouts/aepsdk-rulesengine-ios/Sources/AEPRulesEngine/Traversable.swift (in target 'AEPRulesEngine' from project 'AEPRulesEngine')
SwiftCompile normal arm64_32 /Users/admin/builder/spi-builder-workspace/.dependencies/checkouts/aepsdk-rulesengine-ios/Sources/AEPRulesEngine/Transforming.swift (in target 'AEPRulesEngine' from project 'AEPRulesEngine')
    cd /Users/admin/builder/spi-builder-workspace/.swiftpm/xcode
    builtin-SwiftPerFileCompile Transforming.swift
SwiftCompile normal arm64_32 /Users/admin/builder/spi-builder-workspace/.dependencies/checkouts/aepsdk-rulesengine-ios/Sources/AEPRulesEngine/Traversable.swift (in target 'AEPRulesEngine' from project 'AEPRulesEngine')
    cd /Users/admin/builder/spi-builder-workspace/.swiftpm/xcode
    builtin-SwiftPerFileCompile Traversable.swift
SwiftCompile normal arm64_32 Compiling\ MustacheToken.swift,\ ParserTagDelimiters.swift /Users/admin/builder/spi-builder-workspace/.dependencies/checkouts/aepsdk-rulesengine-ios/Sources/AEPRulesEngine/Template/MustacheToken.swift /Users/admin/builder/spi-builder-workspace/.dependencies/checkouts/aepsdk-rulesengine-ios/Sources/AEPRulesEngine/Template/ParserTagDelimiters.swift (in target 'AEPRulesEngine' from project 'AEPRulesEngine')
SwiftCompile normal arm64_32 /Users/admin/builder/spi-builder-workspace/.dependencies/checkouts/aepsdk-rulesengine-ios/Sources/AEPRulesEngine/Template/MustacheToken.swift (in target 'AEPRulesEngine' from project 'AEPRulesEngine')
    cd /Users/admin/builder/spi-builder-workspace/.swiftpm/xcode
    builtin-SwiftPerFileCompile MustacheToken.swift
SwiftCompile normal arm64_32 /Users/admin/builder/spi-builder-workspace/.dependencies/checkouts/aepsdk-rulesengine-ios/Sources/AEPRulesEngine/Template/ParserTagDelimiters.swift (in target 'AEPRulesEngine' from project 'AEPRulesEngine')
    cd /Users/admin/builder/spi-builder-workspace/.swiftpm/xcode
    builtin-SwiftPerFileCompile ParserTagDelimiters.swift
SwiftEmitModule normal arm64 Emitting\ module\ for\ AEPRulesEngine (in target 'AEPRulesEngine' from project 'AEPRulesEngine')
SwiftCompile normal arm64 (in target 'AEPRulesEngine' from project 'AEPRulesEngine')
    cd /Users/admin/builder/spi-builder-workspace/.swiftpm/xcode

SwiftEmitModule normal arm64 Emitting\ module\ for\ AEPServices (in target 'AEPServices' from project 'AEPCore')
/Users/admin/builder/spi-builder-workspace/.dependencies/checkouts/aepsdk-core-ios/AEPServices/Sources/ApplicationSystemInfoService.swift:33:21: error: 'UIDevice' is unavailable in watchOS
 31 |
 32 |     private lazy var userAgent: String = {
 33 |         let model = UIDevice.current.model
    |                     `- error: 'UIDevice' is unavailable in watchOS
 34 |         let osVersion = UIDevice.current.systemVersion.replacingOccurrences(of: ".", with: "_")
 35 |         let localeIdentifier = getSystemLocaleName().userAgentLocale ?? DEFAULT_LOCALE
/Applications/Xcode-27.0.0-Release.Candidate.app/Contents/Developer/Platforms/WatchOS.platform/Developer/SDKs/WatchOS27.0.sdk/System/Library/Frameworks/UIKit.framework/Headers/UIDevice.h:35:12: note: 'UIDevice' has been explicitly marked unavailable here
33 |
34 | UIKIT_EXTERN API_AVAILABLE(ios(2.0)) API_UNAVAILABLE(watchos) NS_SWIFT_UI_ACTOR
35 | @interface UIDevice : NSObject
   |            `- note: 'UIDevice' has been explicitly marked unavailable here
36 |
37 | @property(class, nonatomic, readonly) UIDevice *currentDevice;
/Users/admin/builder/spi-builder-workspace/.dependencies/checkouts/aepsdk-core-ios/AEPServices/Sources/ApplicationSystemInfoService.swift:34:25: error: 'UIDevice' is unavailable in watchOS
 32 |     private lazy var userAgent: String = {
 33 |         let model = UIDevice.current.model
 34 |         let osVersion = UIDevice.current.systemVersion.replacingOccurrences(of: ".", with: "_")
    |                         `- error: 'UIDevice' is unavailable in watchOS
 35 |         let localeIdentifier = getSystemLocaleName().userAgentLocale ?? DEFAULT_LOCALE
 36 |
/Applications/Xcode-27.0.0-Release.Candidate.app/Contents/Developer/Platforms/WatchOS.platform/Developer/SDKs/WatchOS27.0.sdk/System/Library/Frameworks/UIKit.framework/Headers/UIDevice.h:35:12: note: 'UIDevice' has been explicitly marked unavailable here
33 |
34 | UIKIT_EXTERN API_AVAILABLE(ios(2.0)) API_UNAVAILABLE(watchos) NS_SWIFT_UI_ACTOR
35 | @interface UIDevice : NSObject
   |            `- note: 'UIDevice' has been explicitly marked unavailable here
36 |
37 | @property(class, nonatomic, readonly) UIDevice *currentDevice;
Failed frontend command:
/Applications/Xcode-27.0.0-Release.Candidate.app/Contents/Developer/Toolchains/XcodeDefault.xctoolchain/usr/bin/swift-frontend -frontend -emit-module -experimental-skip-non-inlinable-function-bodies-without-types /Users/admin/builder/spi-builder-workspace/.derivedData/Build/Intermediates.noindex/AEPCore.build/Debug-watchos/AEPServices-t.build/DerivedSources/resource_bundle_accessor.swift /Users/admin/builder/spi-builder-workspace/.dependencies/checkouts/aepsdk-core-ios/AEPServices/Sources/ApplicationSystemInfoService.swift /Users/admin/builder/spi-builder-workspace/.dependencies/checkouts/aepsdk-core-ios/AEPServices/Sources/NetworkPathMonitorProvider.swift /Users/admin/builder/spi-builder-workspace/.dependencies/checkouts/aepsdk-core-ios/AEPServices/Sources/ServiceProvider.swift /Users/admin/builder/spi-builder-workspace/.dependencies/checkouts/aepsdk-core-ios/AEPServices/Sources/SystemInfoService.swift /Users/admin/builder/spi-builder-workspace/.dependencies/checkouts/aepsdk-core-ios/AEPServices/Sources/UIUtils.swift /Users/admin/builder/spi-builder-workspace/.dependencies/checkouts/aepsdk-core-ios/AEPServices/Sources/URLOpening.swift /Users/admin/builder/spi-builder-workspace/.dependencies/checkouts/aepsdk-core-ios/AEPServices/Sources/URLService.swift /Users/admin/builder/spi-builder-workspace/.dependencies/checkouts/aepsdk-core-ios/AEPServices/Sources/cache/Cache.swift /Users/admin/builder/spi-builder-workspace/.dependencies/checkouts/aepsdk-core-ios/AEPServices/Sources/cache/CacheEntry.swift /Users/admin/builder/spi-builder-workspace/.dependencies/checkouts/aepsdk-core-ios/AEPServices/Sources/cache/CacheExpiry.swift /Users/admin/builder/spi-builder-workspace/.dependencies/checkouts/aepsdk-core-ios/AEPServices/Sources/cache/Caching.swift /Users/admin/builder/spi-builder-workspace/.dependencies/checkouts/aepsdk-core-ios/AEPServices/Sources/cache/DiskCacheService.swift /Users/admin/builder/spi-builder-workspace/.dependencies/checkouts/aepsdk-core-ios/AEPServices/Sources/dataqueue/DataEntity.swift /Users/admin/builder/spi-builder-workspace/.dependencies/checkouts/aepsdk-core-ios/AEPServices/Sources/dataqueue/DataQueue.swift /Users/admin/builder/spi-builder-workspace/.dependencies/checkouts/aepsdk-core-ios/AEPServices/Sources/dataqueue/DataQueueService.swift /Users/admin/builder/spi-builder-workspace/.dependencies/checkouts/aepsdk-core-ios/AEPServices/Sources/dataqueue/DataQueuing.swift /Users/admin/builder/spi-builder-workspace/.dependencies/checkouts/aepsdk-core-ios/AEPServices/Sources/dataqueue/SQLiteDataQueue.swift /Users/admin/builder/spi-builder-workspace/.dependencies/checkouts/aepsdk-core-ios/AEPServices/Sources/dataqueue/SQLiteWrapper.swift /Users/admin/builder/spi-builder-workspace/.dependencies/checkouts/aepsdk-core-ios/AEPServices/Sources/log/Log.swift /Users/admin/builder/spi-builder-workspace/.dependencies/checkouts/aepsdk-core-ios/AEPServices/Sources/log/LogLevel.swift /Users/admin/builder/spi-builder-workspace/.dependencies/checkouts/aepsdk-core-ios/AEPServices/Sources/log/Logging.swift /Users/admin/builder/spi-builder-workspace/.dependencies/checkouts/aepsdk-core-ios/AEPServices/Sources/log/LoggingService.swift /Users/admin/builder/spi-builder-workspace/.dependencies/checkouts/aepsdk-core-ios/AEPServices/Sources/network/DefaultHeadersFormatter.swift /Users/admin/builder/spi-builder-workspace/.dependencies/checkouts/aepsdk-core-ios/AEPServices/Sources/network/HttpConnection.swift /Users/admin/builder/spi-builder-workspace/.dependencies/checkouts/aepsdk-core-ios/AEPServices/Sources/network/HttpConnectionConstants.swift /Users/admin/builder/spi-builder-workspace/.dependencies/checkouts/aepsdk-core-ios/AEPServices/Sources/network/HttpMethod.swift /Users/admin/builder/spi-builder-workspace/.dependencies/checkouts/aepsdk-core-ios/AEPServices/Sources/network/NetworkRequest.swift /Users/admin/builder/spi-builder-workspace/.dependencies/checkouts/aepsdk-core-ios/AEPServices/Sources/network/NetworkService.swift /Users/admin/builder/spi-builder-workspace/.dependencies/checkouts/aepsdk-core-ios/AEPServices/Sources/network/NetworkServiceConstants.swift /Users/admin/builder/spi-builder-workspace/.dependencies/checkouts/aepsdk-core-ios/AEPServices/Sources/network/Networking.swift /Users/admin/builder/spi-builder-workspace/.dependencies/checkouts/aepsdk-core-ios/AEPServices/Sources/storage/FileSystemNamedCollection.swift /Users/admin/builder/spi-builder-workspace/.dependencies/checkouts/aepsdk-core-ios/AEPServices/Sources/storage/NamedCollectionDataStore.swift /Users/admin/builder/spi-builder-workspace/.dependencies/checkouts/aepsdk-core-ios/AEPServices/Sources/storage/NamedCollectionProcessing.swift /Users/admin/builder/spi-builder-workspace/.dependencies/checkouts/aepsdk-core-ios/AEPServices/Sources/storage/UserDefaultsNamedCollection.swift /Users/admin/builder/spi-builder-workspace/.dependencies/checkouts/aepsdk-core-ios/AEPServices/Sources/ui/AEPUIService.swift /Users/admin/builder/spi-builder-workspace/.dependencies/checkouts/aepsdk-core-ios/AEPServices/Sources/ui/Dismissible.swift /Users/admin/builder/spi-builder-workspace/.dependencies/checkouts/aepsdk-core-ios/AEPServices/Sources/ui/MessageAlignment.swift /Users/admin/builder/spi-builder-workspace/.dependencies/checkouts/aepsdk-core-ios/AEPServices/Sources/ui/MessageAnimation.swift /Users/admin/builder/spi-builder-workspace/.dependencies/checkouts/aepsdk-core-ios/AEPServices/Sources/ui/MessageGesture.swift /Users/admin/builder/spi-builder-workspace/.dependencies/checkouts/aepsdk-core-ios/AEPServices/Sources/ui/MessageGestureRecognizer.swift /Users/admin/builder/spi-builder-workspace/.dependencies/checkouts/aepsdk-core-ios/AEPServices/Sources/ui/MessageMonitor.swift /Users/admin/builder/spi-builder-workspace/.dependencies/checkouts/aepsdk-core-ios/AEPServices/Sources/ui/MessageMonitoring.swift /Users/admin/builder/spi-builder-workspace/.dependencies/checkouts/aepsdk-core-ios/AEPServices/Sources/ui/MessageSettings.swift /Users/admin/builder/spi-builder-workspace/.dependencies/checkouts/aepsdk-core-ios/AEPServices/Sources/ui/MessagingDelegate.swift /Users/admin/builder/spi-builder-workspace/.dependencies/checkouts/aepsdk-core-ios/AEPServices/Sources/ui/PresentationError.swift /Users/admin/builder/spi-builder-workspace/.dependencies/checkouts/aepsdk-core-ios/AEPServices/Sources/ui/Showable.swift /Users/admin/builder/spi-builder-workspace/.dependencies/checkouts/aepsdk-core-ios/AEPServices/Sources/ui/UIApplication+Window.swift /Users/admin/builder/spi-builder-workspace/.dependencies/checkouts/aepsdk-core-ios/AEPServices/Sources/ui/UIService.swift /Users/admin/builder/spi-builder-workspace/.dependencies/checkouts/aepsdk-core-ios/AEPServices/Sources/ui/floating/FloatingButton.swift /Users/admin/builder/spi-builder-workspace/.dependencies/checkouts/aepsdk-core-ios/AEPServices/Sources/ui/floating/FloatingButtonDelegate.swift /Users/admin/builder/spi-builder-workspace/.dependencies/checkouts/aepsdk-core-ios/AEPServices/Sources/ui/floating/FloatingButtonPosition.swift /Users/admin/builder/spi-builder-workspace/.dependencies/checkouts/aepsdk-core-ios/AEPServices/Sources/ui/floating/FloatingButtonPresentable.swift /Users/admin/builder/spi-builder-workspace/.dependencies/checkouts/aepsdk-core-ios/AEPServices/Sources/ui/fullscreen/FullscreenMessage+FrameCalculation.swift /Users/admin/builder/spi-builder-workspace/.dependencies/checkouts/aepsdk-core-ios/AEPServices/Sources/ui/fullscreen/FullscreenMessage+WKNavigationDelegate.swift /Users/admin/builder/spi-builder-workspace/.dependencies/checkouts/aepsdk-core-ios/AEPServices/Sources/ui/fullscreen/FullscreenMessage+WKScriptMessageHandler.swift /Users/admin/builder/spi-builder-workspace/.dependencies/checkouts/aepsdk-core-ios/AEPServices/Sources/ui/fullscreen/FullscreenMessage.swift /Users/admin/builder/spi-builder-workspace/.dependencies/checkouts/aepsdk-core-ios/AEPServices/Sources/ui/fullscreen/FullscreenMessageDelegate.swift /Users/admin/builder/spi-builder-workspace/.dependencies/checkouts/aepsdk-core-ios/AEPServices/Sources/ui/fullscreen/FullscreenPresentable.swift /Users/admin/builder/spi-builder-workspace/.dependencies/checkouts/aepsdk-core-ios/AEPServices/Sources/utility/AnyCodable.swift /Users/admin/builder/spi-builder-workspace/.dependencies/checkouts/aepsdk-core-ios/AEPServices/Sources/utility/AtomicCounter.swift /Users/admin/builder/spi-builder-workspace/.dependencies/checkouts/aepsdk-core-ios/AEPServices/Sources/utility/Date+Format.swift /Users/admin/builder/spi-builder-workspace/.dependencies/checkouts/aepsdk-core-ios/AEPServices/Sources/utility/FileManager+Directories.swift /Users/admin/builder/spi-builder-workspace/.dependencies/checkouts/aepsdk-core-ios/AEPServices/Sources/utility/OperationOrderer.swift /Users/admin/builder/spi-builder-workspace/.dependencies/checkouts/aepsdk-core-ios/AEPServices/Sources/utility/PrettyDictionary.swift /Users/admin/builder/spi-builder-workspace/.dependencies/checkouts/aepsdk-core-ios/AEPServices/Sources/utility/ThreadSafeArray.swift /Users/admin/builder/spi-builder-workspace/.dependencies/checkouts/aepsdk-core-ios/AEPServices/Sources/utility/ThreadSafeDictionary.swift /Users/admin/builder/spi-builder-workspace/.dependencies/checkouts/aepsdk-core-ios/AEPServices/Sources/utility/URLEncoder.swift /Users/admin/builder/spi-builder-workspace/.dependencies/checkouts/aepsdk-core-ios/AEPServices/Sources/utility/URLError+Recoverable.swift /Users/admin/builder/spi-builder-workspace/.dependencies/checkouts/aepsdk-core-ios/AEPServices/Sources/utility/hitprocessor/HitProcessing.swift /Users/admin/builder/spi-builder-workspace/.dependencies/checkouts/aepsdk-core-ios/AEPServices/Sources/utility/hitprocessor/HitQueuing.swift /Users/admin/builder/spi-builder-workspace/.dependencies/checkouts/aepsdk-core-ios/AEPServices/Sources/utility/hitprocessor/PersistentHitQueue.swift /Users/admin/builder/spi-builder-workspace/.dependencies/checkouts/aepsdk-core-ios/AEPServices/Sources/utility/unzip/FileManager+ZIP.swift /Users/admin/builder/spi-builder-workspace/.dependencies/checkouts/aepsdk-core-ios/AEPServices/Sources/utility/unzip/FileUnzipper.swift /Users/admin/builder/spi-builder-workspace/.dependencies/checkouts/aepsdk-core-ios/AEPServices/Sources/utility/unzip/FileUnzipperConstants.swift /Users/admin/builder/spi-builder-workspace/.dependencies/checkouts/aepsdk-core-ios/AEPServices/Sources/utility/unzip/URL+Validator.swift /Users/admin/builder/spi-builder-workspace/.dependencies/checkouts/aepsdk-core-ios/AEPServices/Sources/utility/unzip/Unzipping.swift /Users/admin/builder/spi-builder-workspace/.dependencies/checkouts/aepsdk-core-ios/AEPServices/Sources/utility/unzip/ZipArchive.swift /Users/admin/builder/spi-builder-workspace/.dependencies/checkouts/aepsdk-core-ios/AEPServices/Sources/utility/unzip/ZipEntry.swift -target arm64-apple-watchos9.0 -disable-cross-import-overlay-search -load-resolved-plugin /Applications/Xcode-27.0.0-Release.Candidate.app/Contents/Developer/Platforms/WatchOS.platform/Developer/usr/lib/swift/host/plugins/libFoundationMacros.dylib\#/Applications/Xcode-27.0.0-Release.Candidate.app/Contents/Developer/Platforms/WatchOS.platform/Developer/usr/bin/swift-plugin-server\#FoundationMacros -load-resolved-plugin /Applications/Xcode-27.0.0-Release.Candidate.app/Contents/Developer/Platforms/WatchOS.platform/Developer/usr/lib/swift/host/plugins/libObservationMacros.dylib\#/Applications/Xcode-27.0.0-Release.Candidate.app/Contents/Developer/Platforms/WatchOS.platform/Developer/usr/bin/swift-plugin-server\#ObservationMacros -load-resolved-plugin /Applications/Xcode-27.0.0-Release.Candidate.app/Contents/Developer/Platforms/WatchOS.platform/Developer/usr/lib/swift/host/plugins/libSwiftMacros.dylib\#/Applications/Xcode-27.0.0-Release.Candidate.app/Contents/Developer/Platforms/WatchOS.platform/Developer/usr/bin/swift-plugin-server\#SwiftMacros -load-resolved-plugin /Applications/Xcode-27.0.0-Release.Candidate.app/Contents/Developer/Platforms/WatchOS.platform/Developer/usr/lib/swift/host/plugins/libSwiftUIMacros.dylib\#/Applications/Xcode-27.0.0-Release.Candidate.app/Contents/Developer/Platforms/WatchOS.platform/Developer/usr/bin/swift-plugin-server\#SwiftUIMacros -disable-implicit-swift-modules -Xcc -fno-implicit-modules -Xcc -fno-implicit-module-maps -explicit-swift-module-map-file /Users/admin/builder/spi-builder-workspace/.derivedData/Build/Intermediates.noindex/AEPCore.build/Debug-watchos/AEPServices-t.build/Objects-normal/arm64/AEPServices-dependencies-1.json -Xllvm -aarch64-use-tbi -enable-objc-interop -stack-check -sdk /Applications/Xcode-27.0.0-Release.Candidate.app/Contents/Developer/Platforms/WatchOS.platform/Developer/SDKs/WatchOS27.0.sdk -I /Users/admin/builder/spi-builder-workspace/.derivedData/Build/Products/Debug-watchos -Isystem /Applications/Xcode-27.0.0-Release.Candidate.app/Contents/Developer/Platforms/WatchOS.platform/Developer/usr/lib -F /Users/admin/builder/spi-builder-workspace/.derivedData/Build/Products/Debug-watchos -F /Applications/Xcode-27.0.0-Release.Candidate.app/Contents/Developer/Platforms/WatchOS.platform/Developer/Library/Frameworks -F /Applications/Xcode-27.0.0-Release.Candidate.app/Contents/Developer/Platforms/WatchOS.platform/Developer/SDKs/WatchOS27.0.sdk/Developer/Library/Frameworks -module-cache-path /Users/admin/builder/spi-builder-workspace/.derivedData/Build/Intermediates.noindex/SwiftExplicitPrecompiledModules -no-color-diagnostics -Xcc -fno-color-diagnostics -enable-testing -g -debug-info-format\=dwarf -dwarf-version\=4 -suppress-warnings -swift-version 5 -Onone -D SWIFT_PACKAGE -D DEBUG -D SWIFT_MODULE_RESOURCE_BUNDLE_AVAILABLE -D Xcode -serialize-debugging-options -enable-experimental-feature DebugDescriptionMacro -empty-abi-descriptor -validate-clang-modules-once -clang-build-session-file /Users/admin/builder/spi-builder-workspace/.derivedData/ModuleCache.noindex/Session.modulevalidation -Xcc -working-directory -Xcc /Users/admin/builder/spi-builder-workspace/.swiftpm/xcode -enable-anonymous-context-mangled-names -file-compilation-dir /Users/admin/builder/spi-builder-workspace/.swiftpm/xcode -Xcc -D_LIBCPP_HARDENING_MODE\=_LIBCPP_HARDENING_MODE_DEBUG -Xcc -ivfsstatcache -Xcc /Users/admin/builder/spi-builder-workspace/.derivedData/SDKStatCaches.noindex/watchos27.0-24R360-e829b21a6f8c9b70876ba0858053c04477534ef55a1706bf4c1112bbb242f0a2.sdkstatcache -Xcc -fmodules-prune-interval\=86400 -Xcc -fmodules-prune-after\=345600 -Xcc -I/Users/admin/builder/spi-builder-workspace/.derivedData/Build/Products/Debug-watchos/include -Xcc -I/Users/admin/builder/spi-builder-workspace/.derivedData/Build/Intermediates.noindex/AEPCore.build/Debug-watchos/AEPServices-t.build/DerivedSources-normal/arm64 -Xcc -I/Users/admin/builder/spi-builder-workspace/.derivedData/Build/Intermediates.noindex/AEPCore.build/Debug-watchos/AEPServices-t.build/DerivedSources/arm64 -Xcc -I/Users/admin/builder/spi-builder-workspace/.derivedData/Build/Intermediates.noindex/AEPCore.build/Debug-watchos/AEPServices-t.build/DerivedSources -Xcc -DSWIFT_PACKAGE -Xcc -DDEBUG\=1 -no-auto-bridging-header-chaining -module-name AEPServices -const-gather-protocols-file /Users/admin/builder/spi-builder-workspace/.derivedData/Build/Intermediates.noindex/AEPCore.build/Debug-watchos/AEPServices-t.build/Objects-normal/arm64/AEPServices_const_extract_protocols.json -disable-clang-spi -clang-target arm64-apple-watchos27.0 -target-sdk-version 27.0 -target-sdk-name watchos27.0 -in-process-plugin-server-path /Applications/Xcode-27.0.0-Release.Candidate.app/Contents/Developer/Toolchains/XcodeDefault.xctoolchain/usr/lib/swift/host/libSwiftInProcPluginServer.dylib -emit-module-doc-path /Users/admin/builder/spi-builder-workspace/.derivedData/Build/Intermediates.noindex/AEPCore.build/Debug-watchos/AEPServices-t.build/Objects-normal/arm64/AEPServices.swiftdoc -emit-module-source-info-path /Users/admin/builder/spi-builder-workspace/.derivedData/Build/Intermediates.noindex/AEPCore.build/Debug-watchos/AEPServices-t.build/Objects-normal/arm64/AEPServices.swiftsourceinfo -emit-objc-header-path /Users/admin/builder/spi-builder-workspace/.derivedData/Build/Intermediates.noindex/AEPCore.build/Debug-watchos/AEPServices-t.build/Objects-normal/arm64/AEPServices-Swift.h -serialize-diagnostics-path /Users/admin/builder/spi-builder-workspace/.derivedData/Build/Intermediates.noindex/AEPCore.build/Debug-watchos/AEPServices-t.build/Objects-normal/arm64/AEPServices-primary-emit-module.dia -emit-dependencies-path /Users/admin/builder/spi-builder-workspace/.derivedData/Build/Intermediates.noindex/AEPCore.build/Debug-watchos/AEPServices-t.build/Objects-normal/arm64/AEPServices-primary-emit-module.d -parse-as-library -o /Users/admin/builder/spi-builder-workspace/.derivedData/Build/Intermediates.noindex/AEPCore.build/Debug-watchos/AEPServices-t.build/Objects-normal/arm64/AEPServices.swiftmodule -emit-abi-descriptor-path /Users/admin/builder/spi-builder-workspace/.derivedData/Build/Intermediates.noindex/AEPCore.build/Debug-watchos/AEPServices-t.build/Objects-normal/arm64/AEPServices.abi.json
SwiftCompile normal arm64 (in target 'AEPServices' from project 'AEPCore')
    cd /Users/admin/builder/spi-builder-workspace/.swiftpm/xcode

SwiftEmitModule normal arm64_32 Emitting\ module\ for\ AEPServices (in target 'AEPServices' from project 'AEPCore')
/Users/admin/builder/spi-builder-workspace/.dependencies/checkouts/aepsdk-core-ios/AEPServices/Sources/ApplicationSystemInfoService.swift:33:21: error: 'UIDevice' is unavailable in watchOS
 31 |
 32 |     private lazy var userAgent: String = {
 33 |         let model = UIDevice.current.model
    |                     `- error: 'UIDevice' is unavailable in watchOS
 34 |         let osVersion = UIDevice.current.systemVersion.replacingOccurrences(of: ".", with: "_")
 35 |         let localeIdentifier = getSystemLocaleName().userAgentLocale ?? DEFAULT_LOCALE
/Applications/Xcode-27.0.0-Release.Candidate.app/Contents/Developer/Platforms/WatchOS.platform/Developer/SDKs/WatchOS27.0.sdk/System/Library/Frameworks/UIKit.framework/Headers/UIDevice.h:35:12: note: 'UIDevice' has been explicitly marked unavailable here
33 |
34 | UIKIT_EXTERN API_AVAILABLE(ios(2.0)) API_UNAVAILABLE(watchos) NS_SWIFT_UI_ACTOR
35 | @interface UIDevice : NSObject
   |            `- note: 'UIDevice' has been explicitly marked unavailable here
36 |
37 | @property(class, nonatomic, readonly) UIDevice *currentDevice;
SwiftCompile normal arm64_32 (in target 'AEPServices' from project 'AEPCore')
    cd /Users/admin/builder/spi-builder-workspace/.swiftpm/xcode

SwiftCompile normal arm64 Compiling\ Cache.swift,\ CacheEntry.swift,\ CacheExpiry.swift,\ Caching.swift,\ DiskCacheService.swift,\ DataEntity.swift,\ DataQueue.swift,\ DataQueueService.swift /Users/admin/builder/spi-builder-workspace/.dependencies/checkouts/aepsdk-core-ios/AEPServices/Sources/cache/Cache.swift /Users/admin/builder/spi-builder-workspace/.dependencies/checkouts/aepsdk-core-ios/AEPServices/Sources/cache/CacheEntry.swift /Users/admin/builder/spi-builder-workspace/.dependencies/checkouts/aepsdk-core-ios/AEPServices/Sources/cache/CacheExpiry.swift /Users/admin/builder/spi-builder-workspace/.dependencies/checkouts/aepsdk-core-ios/AEPServices/Sources/cache/Caching.swift /Users/admin/builder/spi-builder-workspace/.dependencies/checkouts/aepsdk-core-ios/AEPServices/Sources/cache/DiskCacheService.swift /Users/admin/builder/spi-builder-workspace/.dependencies/checkouts/aepsdk-core-ios/AEPServices/Sources/dataqueue/DataEntity.swift /Users/admin/builder/spi-builder-workspace/.dependencies/checkouts/aepsdk-core-ios/AEPServices/Sources/dataqueue/DataQueue.swift /Users/admin/builder/spi-builder-workspace/.dependencies/checkouts/aepsdk-core-ios/AEPServices/Sources/dataqueue/DataQueueService.swift (in target 'AEPServices' from project 'AEPCore')
SwiftCompile normal arm64 /Users/admin/builder/spi-builder-workspace/.dependencies/checkouts/aepsdk-core-ios/AEPServices/Sources/cache/Cache.swift (in target 'AEPServices' from project 'AEPCore')
    cd /Users/admin/builder/spi-builder-workspace/.swiftpm/xcode
    builtin-SwiftPerFileCompile Cache.swift
SwiftCompile normal arm64 /Users/admin/builder/spi-builder-workspace/.dependencies/checkouts/aepsdk-core-ios/AEPServices/Sources/cache/CacheEntry.swift (in target 'AEPServices' from project 'AEPCore')
    cd /Users/admin/builder/spi-builder-workspace/.swiftpm/xcode
    builtin-SwiftPerFileCompile CacheEntry.swift
SwiftCompile normal arm64 /Users/admin/builder/spi-builder-workspace/.dependencies/checkouts/aepsdk-core-ios/AEPServices/Sources/cache/CacheExpiry.swift (in target 'AEPServices' from project 'AEPCore')
    cd /Users/admin/builder/spi-builder-workspace/.swiftpm/xcode
    builtin-SwiftPerFileCompile CacheExpiry.swift
SwiftCompile normal arm64 /Users/admin/builder/spi-builder-workspace/.dependencies/checkouts/aepsdk-core-ios/AEPServices/Sources/cache/Caching.swift (in target 'AEPServices' from project 'AEPCore')
    cd /Users/admin/builder/spi-builder-workspace/.swiftpm/xcode
    builtin-SwiftPerFileCompile Caching.swift
SwiftCompile normal arm64 /Users/admin/builder/spi-builder-workspace/.dependencies/checkouts/aepsdk-core-ios/AEPServices/Sources/cache/DiskCacheService.swift (in target 'AEPServices' from project 'AEPCore')
    cd /Users/admin/builder/spi-builder-workspace/.swiftpm/xcode
    builtin-SwiftPerFileCompile DiskCacheService.swift
SwiftCompile normal arm64 /Users/admin/builder/spi-builder-workspace/.dependencies/checkouts/aepsdk-core-ios/AEPServices/Sources/dataqueue/DataEntity.swift (in target 'AEPServices' from project 'AEPCore')
    cd /Users/admin/builder/spi-builder-workspace/.swiftpm/xcode
    builtin-SwiftPerFileCompile DataEntity.swift
SwiftCompile normal arm64 /Users/admin/builder/spi-builder-workspace/.dependencies/checkouts/aepsdk-core-ios/AEPServices/Sources/dataqueue/DataQueue.swift (in target 'AEPServices' from project 'AEPCore')
    cd /Users/admin/builder/spi-builder-workspace/.swiftpm/xcode
    builtin-SwiftPerFileCompile DataQueue.swift
SwiftCompile normal arm64 /Users/admin/builder/spi-builder-workspace/.dependencies/checkouts/aepsdk-core-ios/AEPServices/Sources/dataqueue/DataQueueService.swift (in target 'AEPServices' from project 'AEPCore')
    cd /Users/admin/builder/spi-builder-workspace/.swiftpm/xcode
    builtin-SwiftPerFileCompile DataQueueService.swift
SwiftCompile normal arm64_32 Compiling\ NamedCollectionDataStore.swift,\ NamedCollectionProcessing.swift,\ UserDefaultsNamedCollection.swift,\ AEPUIService.swift,\ Dismissible.swift,\ MessageAlignment.swift,\ MessageAnimation.swift,\ MessageGesture.swift /Users/admin/builder/spi-builder-workspace/.dependencies/checkouts/aepsdk-core-ios/AEPServices/Sources/storage/NamedCollectionDataStore.swift /Users/admin/builder/spi-builder-workspace/.dependencies/checkouts/aepsdk-core-ios/AEPServices/Sources/storage/NamedCollectionProcessing.swift /Users/admin/builder/spi-builder-workspace/.dependencies/checkouts/aepsdk-core-ios/AEPServices/Sources/storage/UserDefaultsNamedCollection.swift /Users/admin/builder/spi-builder-workspace/.dependencies/checkouts/aepsdk-core-ios/AEPServices/Sources/ui/AEPUIService.swift /Users/admin/builder/spi-builder-workspace/.dependencies/checkouts/aepsdk-core-ios/AEPServices/Sources/ui/Dismissible.swift /Users/admin/builder/spi-builder-workspace/.dependencies/checkouts/aepsdk-core-ios/AEPServices/Sources/ui/MessageAlignment.swift /Users/admin/builder/spi-builder-workspace/.dependencies/checkouts/aepsdk-core-ios/AEPServices/Sources/ui/MessageAnimation.swift /Users/admin/builder/spi-builder-workspace/.dependencies/checkouts/aepsdk-core-ios/AEPServices/Sources/ui/MessageGesture.swift (in target 'AEPServices' from project 'AEPCore')
SwiftCompile normal arm64_32 /Users/admin/builder/spi-builder-workspace/.dependencies/checkouts/aepsdk-core-ios/AEPServices/Sources/storage/NamedCollectionDataStore.swift (in target 'AEPServices' from project 'AEPCore')
    cd /Users/admin/builder/spi-builder-workspace/.swiftpm/xcode
    builtin-SwiftPerFileCompile NamedCollectionDataStore.swift
SwiftCompile normal arm64_32 /Users/admin/builder/spi-builder-workspace/.dependencies/checkouts/aepsdk-core-ios/AEPServices/Sources/storage/NamedCollectionProcessing.swift (in target 'AEPServices' from project 'AEPCore')
    cd /Users/admin/builder/spi-builder-workspace/.swiftpm/xcode
    builtin-SwiftPerFileCompile NamedCollectionProcessing.swift
SwiftCompile normal arm64_32 /Users/admin/builder/spi-builder-workspace/.dependencies/checkouts/aepsdk-core-ios/AEPServices/Sources/storage/UserDefaultsNamedCollection.swift (in target 'AEPServices' from project 'AEPCore')
    cd /Users/admin/builder/spi-builder-workspace/.swiftpm/xcode
    builtin-SwiftPerFileCompile UserDefaultsNamedCollection.swift
SwiftCompile normal arm64_32 /Users/admin/builder/spi-builder-workspace/.dependencies/checkouts/aepsdk-core-ios/AEPServices/Sources/ui/AEPUIService.swift (in target 'AEPServices' from project 'AEPCore')
    cd /Users/admin/builder/spi-builder-workspace/.swiftpm/xcode
    builtin-SwiftPerFileCompile AEPUIService.swift
SwiftCompile normal arm64_32 /Users/admin/builder/spi-builder-workspace/.dependencies/checkouts/aepsdk-core-ios/AEPServices/Sources/ui/Dismissible.swift (in target 'AEPServices' from project 'AEPCore')
    cd /Users/admin/builder/spi-builder-workspace/.swiftpm/xcode
    builtin-SwiftPerFileCompile Dismissible.swift
SwiftCompile normal arm64_32 /Users/admin/builder/spi-builder-workspace/.dependencies/checkouts/aepsdk-core-ios/AEPServices/Sources/ui/MessageAlignment.swift (in target 'AEPServices' from project 'AEPCore')
    cd /Users/admin/builder/spi-builder-workspace/.swiftpm/xcode
    builtin-SwiftPerFileCompile MessageAlignment.swift
SwiftCompile normal arm64_32 /Users/admin/builder/spi-builder-workspace/.dependencies/checkouts/aepsdk-core-ios/AEPServices/Sources/ui/MessageAnimation.swift (in target 'AEPServices' from project 'AEPCore')
    cd /Users/admin/builder/spi-builder-workspace/.swiftpm/xcode
    builtin-SwiftPerFileCompile MessageAnimation.swift
SwiftCompile normal arm64_32 /Users/admin/builder/spi-builder-workspace/.dependencies/checkouts/aepsdk-core-ios/AEPServices/Sources/ui/MessageGesture.swift (in target 'AEPServices' from project 'AEPCore')
    cd /Users/admin/builder/spi-builder-workspace/.swiftpm/xcode
    builtin-SwiftPerFileCompile MessageGesture.swift
PruneExplicitPrecompiledModules /Users/admin/builder/spi-builder-workspace/.derivedData/Build/Intermediates.noindex/SwiftExplicitPrecompiledModules
PruneExplicitPrecompiledModules /Users/admin/builder/spi-builder-workspace/.derivedData/Build/Intermediates.noindex/ExplicitPrecompiledModules
PruneExplicitPrecompiledModules /Users/admin/builder/spi-builder-workspace/.derivedData/SDKExplicitPrecompiledModules
2026-09-20 18:36:16.030 xcodebuild[987:5807] [MT] IDERunDestination: Supported platforms for the buildables in the current scheme is empty.
** BUILD FAILED **
The following build commands failed:
	SwiftEmitModule normal arm64 Emitting\ module\ for\ AEPServices (in target 'AEPServices' from project 'AEPCore')
	SwiftCompile normal arm64 (in target 'AEPServices' from project 'AEPCore')
	Building workspace AEPEdgeConsent with scheme AEPEdgeConsent
(3 failures)
BUILD FAILURE 6.4 watchOS