The Swift Package Index logo.Swift Package Index

Build Information

Failed to build DangerIBLinter, reference 0.1.0 (6bab7c), with Swift 6.4 for watchOS using Xcode 27.0 on 16 Sep 2026 10:43:58 UTC.

Build Command

env DEVELOPER_DIR=/Applications/Xcode-27.0.0-Release.Candidate.app xcrun xcodebuild -IDEClonedSourcePackagesDirPathOverride=$PWD/.dependencies -skipMacroValidation -skipPackagePluginValidation -derivedDataPath $PWD/.derivedData build -scheme DangerIBLinter -destination generic/platform=watchOS

Build Log

========================================
RunAll
========================================
Builder version: 5.1.0
Interrupt handler set up.
========================================
Checkout
========================================
Clone URL: https://github.com/ibdecodable/danger-iblinter.git
Reference: 0.1.0
Initialized empty Git repository in /Users/admin/builder/spi-builder-workspace/.git/
From https://github.com/ibdecodable/danger-iblinter
 * tag               0.1.0      -> FETCH_HEAD
HEAD is now at 6bab7c5 Initial commit
Cloned https://github.com/ibdecodable/danger-iblinter.git
Revision (git rev-parse @):
6bab7c5a70991c02b01089a895171dbdc4dd8079
SUCCESS checkout https://github.com/ibdecodable/danger-iblinter.git at 0.1.0
========================================
Build
========================================
Selected platform:         watchOS
Swift version:             6.4
Building package at path:  $PWD
https://github.com/ibdecodable/danger-iblinter.git
Command line invocation:
    /Applications/Xcode-27.0.0-Release.Candidate.app/Contents/Developer/usr/bin/xcodebuild -IDEClonedSourcePackagesDirPathOverride=/Users/admin/builder/spi-builder-workspace/.dependencies -resolvePackageDependencies
Resolve Package Graph
Fetching from https://github.com/danger/danger-swift.git
Fetching from https://github.com/JohnSundell/ShellOut
Fetching from https://github.com/f-meloni/Logger
Fetching from https://github.com/JohnSundell/Marathon
Fetching from https://github.com/nerdishbynature/octokit.swift
Fetching from https://github.com/JohnSundell/Files.git
Fetching from https://github.com/JohnSundell/Require.git
Fetching from https://github.com/JohnSundell/Releases.git
Fetching from https://github.com/nerdishbynature/RequestKit.git
Creating working copy of package ‘danger-swift’
Checking out 0.8.1 of package ‘danger-swift’
Creating working copy of package ‘Marathon’
Checking out 3.3.0 of package ‘Marathon’
Creating working copy of package ‘Logger’
Checking out 0.2.3 of package ‘Logger’
Creating working copy of package ‘Files’
Checking out 2.3.0 of package ‘Files’
Creating working copy of package ‘RequestKit’
Checking out 3.4.0 of package ‘RequestKit’
Creating working copy of package ‘octokit.swift’
Checking out 0.14.0 of package ‘octokit.swift’
Creating working copy of package ‘Require’
Checking out 2.0.1 of package ‘Require’
Creating working copy of package ‘ShellOut’
Checking out 2.3.0 of package ‘ShellOut’
Creating working copy of package ‘Releases’
Checking out 4.0.0 of package ‘Releases’
Resolve Package Graph
Resolved source packages:
  Require: https://github.com/JohnSundell/Require.git @ 2.0.1
  RequestKit: https://github.com/nerdishbynature/RequestKit.git @ 3.4.0
  danger-swift: https://github.com/danger/danger-swift.git @ 0.8.1
  ShellOut: https://github.com/JohnSundell/ShellOut @ 2.3.0
  Marathon: https://github.com/JohnSundell/Marathon @ 3.3.0
  Files: https://github.com/JohnSundell/Files.git @ 2.3.0
  Releases: https://github.com/JohnSundell/Releases.git @ 4.0.0
  OctoKit: https://github.com/nerdishbynature/octokit.swift @ 0.14.0
  DangerIBLinter: /Users/admin/builder/spi-builder-workspace
  Logger: https://github.com/f-meloni/Logger @ 0.2.3
resolved source packages: Require, RequestKit, danger-swift, ShellOut, Marathon, Files, Releases, OctoKit, DangerIBLinter, Logger
2026-09-16 06:43:03.310 xcodebuild[563:3049] [MT] IDERunDestination: Supported platforms for the buildables in the current scheme is empty.
{
  "dependencies" : [
    {
      "identity" : "danger-swift",
      "requirement" : {
        "range" : [
          {
            "lower_bound" : "0.3.0",
            "upper_bound" : "1.0.0"
          }
        ]
      },
      "type" : "sourceControl",
      "url" : "https://github.com/danger/danger-swift.git"
    }
  ],
  "manifest_display_name" : "DangerIBLinter",
  "name" : "DangerIBLinter",
  "path" : "/Users/admin/builder/spi-builder-workspace",
  "platforms" : [
  ],
  "products" : [
    {
      "name" : "DangerIBLinter",
      "targets" : [
        "DangerIBLinter"
      ],
      "type" : {
        "library" : [
          "automatic"
        ]
      }
    }
  ],
  "targets" : [
    {
      "c99name" : "DangerIBLinterTests",
      "module_type" : "SwiftTarget",
      "name" : "DangerIBLinterTests",
      "path" : "Tests/DangerIBLinterTests",
      "sources" : [
        "DangerIBLinterTests.swift",
        "XCTestManifests.swift"
      ],
      "target_dependencies" : [
        "DangerIBLinter"
      ],
      "type" : "test"
    },
    {
      "c99name" : "DangerIBLinter",
      "module_type" : "SwiftTarget",
      "name" : "DangerIBLinter",
      "path" : "Sources/DangerIBLinter",
      "product_dependencies" : [
        "Danger"
      ],
      "product_memberships" : [
        "DangerIBLinter"
      ],
      "sources" : [
        "DangerIBLinter.swift",
        "ShellExecutor.swift",
        "Violation.swift"
      ],
      "type" : "library"
    }
  ],
  "tools_version" : "4.0"
}
{
  "workspace" : {
    "name" : "DangerIBLinter",
    "schemes" : [
      "DangerIBLinter"
    ]
  }
}
2026-09-16 06:43:44.940 xcodebuild[1014:5635] [MT] IDERunDestination: Supported platforms for the buildables in the current scheme is empty.
Running build ...
env DEVELOPER_DIR=/Applications/Xcode-27.0.0-Release.Candidate.app xcrun xcodebuild -IDEClonedSourcePackagesDirPathOverride=$PWD/.dependencies -skipMacroValidation -skipPackagePluginValidation -derivedDataPath $PWD/.derivedData build -scheme DangerIBLinter -destination generic/platform=watchOS
Command line invocation:
    /Applications/Xcode-27.0.0-Release.Candidate.app/Contents/Developer/usr/bin/xcodebuild -IDEClonedSourcePackagesDirPathOverride=/Users/admin/builder/spi-builder-workspace/.dependencies -skipMacroValidation -skipPackagePluginValidation -derivedDataPath /Users/admin/builder/spi-builder-workspace/.derivedData build -scheme DangerIBLinter -destination generic/platform=watchOS
Resolve Package Graph
Resolve Package Graph
Resolved source packages:
  Files: https://github.com/JohnSundell/Files.git @ 2.3.0
  Releases: https://github.com/JohnSundell/Releases.git @ 4.0.0
  RequestKit: https://github.com/nerdishbynature/RequestKit.git @ 3.4.0
  Marathon: https://github.com/JohnSundell/Marathon @ 3.3.0
  Logger: https://github.com/f-meloni/Logger @ 0.2.3
  OctoKit: https://github.com/nerdishbynature/octokit.swift @ 0.14.0
  DangerIBLinter: /Users/admin/builder/spi-builder-workspace
  danger-swift: https://github.com/danger/danger-swift.git @ 0.8.1
  Require: https://github.com/JohnSundell/Require.git @ 2.0.1
  ShellOut: https://github.com/JohnSundell/ShellOut @ 2.3.0
ComputePackagePrebuildTargetDependencyGraph
Prepare packages
CreateBuildRequest
SendProjectDescription
CreateBuildOperation
ComputeTargetDependencyGraph
note: Building targets in dependency order
note: Target dependency graph (12 targets)
    Target 'DangerIBLinter-product' in project 'DangerIBLinter'
        ➜ Explicit dependency on target 'DangerIBLinter' in project 'DangerIBLinter'
        ➜ Explicit dependency on target 'Danger-product' in project 'danger-swift'
    Target 'DangerIBLinter' in project 'DangerIBLinter'
        ➜ Explicit dependency on target 'Danger-product' in project 'danger-swift'
    Target 'Danger-product' in project 'danger-swift'
        ➜ Explicit dependency on target 'Danger' in project 'danger-swift'
        ➜ Explicit dependency on target 'ShellOut-product' in project 'ShellOut'
        ➜ Explicit dependency on target 'OctoKit-product' in project 'OctoKit'
        ➜ Explicit dependency on target 'Logger-product' in project 'Logger'
    Target 'Danger' in project 'danger-swift'
        ➜ Explicit dependency on target 'ShellOut-product' in project 'ShellOut'
        ➜ Explicit dependency on target 'OctoKit-product' in project 'OctoKit'
        ➜ Explicit dependency on target 'Logger-product' in project 'Logger'
    Target 'Logger-product' in project 'Logger'
        ➜ Explicit dependency on target 'Logger' in project 'Logger'
    Target 'Logger' in project 'Logger' (no dependencies)
    Target 'OctoKit-product' in project 'OctoKit'
        ➜ Explicit dependency on target 'OctoKit' in project 'OctoKit'
        ➜ Explicit dependency on target 'RequestKit-product' in project 'RequestKit'
    Target 'OctoKit' in project 'OctoKit'
        ➜ Explicit dependency on target 'RequestKit-product' in project 'RequestKit'
    Target 'RequestKit-product' in project 'RequestKit'
        ➜ Explicit dependency on target 'RequestKit' in project 'RequestKit'
    Target 'RequestKit' in project 'RequestKit' (no dependencies)
    Target 'ShellOut-product' in project 'ShellOut'
        ➜ Explicit dependency on target 'ShellOut' in project 'ShellOut'
    Target 'ShellOut' in project 'ShellOut' (no dependencies)
GatherProvisioningInputs
CreateBuildDescription
ExecuteExternalTool /Applications/Xcode-27.0.0-Release.Candidate.app/Contents/Developer/Toolchains/XcodeDefault.xctoolchain/usr/bin/swiftc --version
ExecuteExternalTool /Applications/Xcode-27.0.0-Release.Candidate.app/Contents/Developer/Toolchains/XcodeDefault.xctoolchain/usr/bin/clang -v -E -dM -isysroot /Applications/Xcode-27.0.0-Release.Candidate.app/Contents/Developer/Platforms/WatchOS.platform/Developer/SDKs/WatchOS27.0.sdk -x c -c /dev/null
ExecuteExternalTool /Applications/Xcode-27.0.0-Release.Candidate.app/Contents/Developer/Toolchains/XcodeDefault.xctoolchain/usr/bin/ld -version_details
Build description signature: c80a6e2a09251b466e86f76f6db57bf8
Build description path: /Users/admin/builder/spi-builder-workspace/.derivedData/Build/Intermediates.noindex/XCBuildData/c80a6e2a09251b466e86f76f6db57bf8.xcbuilddata
CreateBuildDirectory /Users/admin/builder/spi-builder-workspace/.derivedData/SDKExplicitPrecompiledModules
    cd /Users/admin/builder/spi-builder-workspace/.swiftpm/xcode
    builtin-create-build-directory /Users/admin/builder/spi-builder-workspace/.derivedData/SDKExplicitPrecompiledModules
CreateBuildDirectory /Users/admin/builder/spi-builder-workspace/.derivedData/ModuleCache.noindex
    cd /Users/admin/builder/spi-builder-workspace/.swiftpm/xcode
    builtin-create-build-directory /Users/admin/builder/spi-builder-workspace/.derivedData/ModuleCache.noindex
CreateBuildDirectory /Users/admin/builder/spi-builder-workspace/.derivedData/CompilationCache.noindex
    cd /Users/admin/builder/spi-builder-workspace/.swiftpm/xcode
    builtin-create-build-directory /Users/admin/builder/spi-builder-workspace/.derivedData/CompilationCache.noindex
ClangStatCache /Applications/Xcode-27.0.0-Release.Candidate.app/Contents/Developer/Toolchains/XcodeDefault.xctoolchain/usr/bin/clang-stat-cache /Applications/Xcode-27.0.0-Release.Candidate.app/Contents/Developer/Platforms/WatchOS.platform/Developer/SDKs/WatchOS27.0.sdk /Users/admin/builder/spi-builder-workspace/.derivedData/SDKStatCaches.noindex/watchos27.0-24R360-e829b21a6f8c9b70876ba0858053c04477534ef55a1706bf4c1112bbb242f0a2.sdkstatcache
    cd /Users/admin/builder/spi-builder-workspace/.swiftpm/xcode
    /Applications/Xcode-27.0.0-Release.Candidate.app/Contents/Developer/Toolchains/XcodeDefault.xctoolchain/usr/bin/clang-stat-cache /Applications/Xcode-27.0.0-Release.Candidate.app/Contents/Developer/Platforms/WatchOS.platform/Developer/SDKs/WatchOS27.0.sdk -o /Users/admin/builder/spi-builder-workspace/.derivedData/SDKStatCaches.noindex/watchos27.0-24R360-e829b21a6f8c9b70876ba0858053c04477534ef55a1706bf4c1112bbb242f0a2.sdkstatcache
CreateBuildDirectory /Users/admin/builder/spi-builder-workspace/.derivedData/Build/Intermediates.noindex
    cd /Users/admin/builder/spi-builder-workspace/.swiftpm/xcode
    builtin-create-build-directory /Users/admin/builder/spi-builder-workspace/.derivedData/Build/Intermediates.noindex
CreateBuildDirectory /Users/admin/builder/spi-builder-workspace/.derivedData/Build/Products
    cd /Users/admin/builder/spi-builder-workspace/.swiftpm/xcode
    builtin-create-build-directory /Users/admin/builder/spi-builder-workspace/.derivedData/Build/Products
CreateBuildDirectory /Users/admin/builder/spi-builder-workspace/.derivedData/Build/Intermediates.noindex/PrecompiledHeaders
    cd /Users/admin/builder/spi-builder-workspace/.swiftpm/xcode
    builtin-create-build-directory /Users/admin/builder/spi-builder-workspace/.derivedData/Build/Intermediates.noindex/PrecompiledHeaders
CreateBuildDirectory /Users/admin/builder/spi-builder-workspace/.derivedData/Build/Intermediates.noindex/SwiftExplicitPrecompiledModules
    cd /Users/admin/builder/spi-builder-workspace/.swiftpm/xcode
    builtin-create-build-directory /Users/admin/builder/spi-builder-workspace/.derivedData/Build/Intermediates.noindex/SwiftExplicitPrecompiledModules
CreateBuildDirectory /Users/admin/builder/spi-builder-workspace/.derivedData/Build/Intermediates.noindex/ExplicitPrecompiledModules
    cd /Users/admin/builder/spi-builder-workspace/.swiftpm/xcode
    builtin-create-build-directory /Users/admin/builder/spi-builder-workspace/.derivedData/Build/Intermediates.noindex/ExplicitPrecompiledModules
CreateBuildDirectory /Users/admin/builder/spi-builder-workspace/.derivedData/Build/Products/Debug-watchos
    cd /Users/admin/builder/spi-builder-workspace/.swiftpm/xcode
    builtin-create-build-directory /Users/admin/builder/spi-builder-workspace/.derivedData/Build/Products/Debug-watchos
CreateBuildDirectory /Users/admin/builder/spi-builder-workspace/.derivedData/Build/Intermediates.noindex/EagerLinkingTBDs/Debug-watchos
    cd /Users/admin/builder/spi-builder-workspace/.swiftpm/xcode
    builtin-create-build-directory /Users/admin/builder/spi-builder-workspace/.derivedData/Build/Intermediates.noindex/EagerLinkingTBDs/Debug-watchos
CreateBuildDirectory /Users/admin/builder/spi-builder-workspace/.derivedData/Build/Products/Debug-watchos/PackageFrameworks
    cd /Users/admin/builder/spi-builder-workspace/.swiftpm/xcode
    builtin-create-build-directory /Users/admin/builder/spi-builder-workspace/.derivedData/Build/Products/Debug-watchos/PackageFrameworks
WriteAuxiliaryFile /Users/admin/builder/spi-builder-workspace/.derivedData/Build/Intermediates.noindex/ShellOut.build/Debug-watchos/ShellOut-t.build/ShellOut.DependencyStaticMetadataFileList (in target 'ShellOut' from project 'ShellOut')
    cd /Users/admin/builder/spi-builder-workspace/.dependencies/checkouts/ShellOut
    write-file /Users/admin/builder/spi-builder-workspace/.derivedData/Build/Intermediates.noindex/ShellOut.build/Debug-watchos/ShellOut-t.build/ShellOut.DependencyStaticMetadataFileList
WriteAuxiliaryFile /Users/admin/builder/spi-builder-workspace/.derivedData/Build/Intermediates.noindex/ShellOut.build/Debug-watchos/ShellOut-t.build/ShellOut.modulemap (in target 'ShellOut' from project 'ShellOut')
    cd /Users/admin/builder/spi-builder-workspace/.dependencies/checkouts/ShellOut
    write-file /Users/admin/builder/spi-builder-workspace/.derivedData/Build/Intermediates.noindex/ShellOut.build/Debug-watchos/ShellOut-t.build/ShellOut.modulemap
WriteAuxiliaryFile /Users/admin/builder/spi-builder-workspace/.derivedData/Build/Intermediates.noindex/ShellOut.build/Debug-watchos/ShellOut-t.build/ShellOut.DependencyMetadataFileList (in target 'ShellOut' from project 'ShellOut')
    cd /Users/admin/builder/spi-builder-workspace/.dependencies/checkouts/ShellOut
    write-file /Users/admin/builder/spi-builder-workspace/.derivedData/Build/Intermediates.noindex/ShellOut.build/Debug-watchos/ShellOut-t.build/ShellOut.DependencyMetadataFileList
WriteAuxiliaryFile /Users/admin/builder/spi-builder-workspace/.derivedData/Build/Intermediates.noindex/ShellOut.build/Debug-watchos/ShellOut-t.build/Objects-normal/arm64/ShellOut_const_extract_protocols.json (in target 'ShellOut' from project 'ShellOut')
    cd /Users/admin/builder/spi-builder-workspace/.dependencies/checkouts/ShellOut
    write-file /Users/admin/builder/spi-builder-workspace/.derivedData/Build/Intermediates.noindex/ShellOut.build/Debug-watchos/ShellOut-t.build/Objects-normal/arm64/ShellOut_const_extract_protocols.json
WriteAuxiliaryFile /Users/admin/builder/spi-builder-workspace/.derivedData/Build/Intermediates.noindex/ShellOut.build/Debug-watchos/ShellOut-t.build/Objects-normal/arm64_32/ShellOut-OutputFileMap.json (in target 'ShellOut' from project 'ShellOut')
    cd /Users/admin/builder/spi-builder-workspace/.dependencies/checkouts/ShellOut
    write-file /Users/admin/builder/spi-builder-workspace/.derivedData/Build/Intermediates.noindex/ShellOut.build/Debug-watchos/ShellOut-t.build/Objects-normal/arm64_32/ShellOut-OutputFileMap.json
WriteAuxiliaryFile /Users/admin/builder/spi-builder-workspace/.derivedData/Build/Intermediates.noindex/ShellOut.build/Debug-watchos/ShellOut-t.build/Objects-normal/arm64_32/ShellOut.SwiftFileList (in target 'ShellOut' from project 'ShellOut')
    cd /Users/admin/builder/spi-builder-workspace/.dependencies/checkouts/ShellOut
    write-file /Users/admin/builder/spi-builder-workspace/.derivedData/Build/Intermediates.noindex/ShellOut.build/Debug-watchos/ShellOut-t.build/Objects-normal/arm64_32/ShellOut.SwiftFileList
WriteAuxiliaryFile /Users/admin/builder/spi-builder-workspace/.derivedData/Build/Intermediates.noindex/ShellOut.build/Debug-watchos/ShellOut-t.build/Objects-normal/arm64_32/ShellOut.LinkFileList (in target 'ShellOut' from project 'ShellOut')
    cd /Users/admin/builder/spi-builder-workspace/.dependencies/checkouts/ShellOut
    write-file /Users/admin/builder/spi-builder-workspace/.derivedData/Build/Intermediates.noindex/ShellOut.build/Debug-watchos/ShellOut-t.build/Objects-normal/arm64_32/ShellOut.LinkFileList
WriteAuxiliaryFile /Users/admin/builder/spi-builder-workspace/.derivedData/Build/Intermediates.noindex/ShellOut.build/Debug-watchos/ShellOut-t.build/Objects-normal/arm64_32/ShellOut_const_extract_protocols.json (in target 'ShellOut' from project 'ShellOut')
    cd /Users/admin/builder/spi-builder-workspace/.dependencies/checkouts/ShellOut
    write-file /Users/admin/builder/spi-builder-workspace/.derivedData/Build/Intermediates.noindex/ShellOut.build/Debug-watchos/ShellOut-t.build/Objects-normal/arm64_32/ShellOut_const_extract_protocols.json
WriteAuxiliaryFile /Users/admin/builder/spi-builder-workspace/.derivedData/Build/Intermediates.noindex/ShellOut.build/Debug-watchos/ShellOut-t.build/Objects-normal/arm64_32/ShellOut.SwiftConstValuesFileList (in target 'ShellOut' from project 'ShellOut')
    cd /Users/admin/builder/spi-builder-workspace/.dependencies/checkouts/ShellOut
    write-file /Users/admin/builder/spi-builder-workspace/.derivedData/Build/Intermediates.noindex/ShellOut.build/Debug-watchos/ShellOut-t.build/Objects-normal/arm64_32/ShellOut.SwiftConstValuesFileList
WriteAuxiliaryFile /Users/admin/builder/spi-builder-workspace/.derivedData/Build/Intermediates.noindex/ShellOut.build/Debug-watchos/ShellOut-t.build/Objects-normal/arm64/ShellOut.SwiftFileList (in target 'ShellOut' from project 'ShellOut')
    cd /Users/admin/builder/spi-builder-workspace/.dependencies/checkouts/ShellOut
    write-file /Users/admin/builder/spi-builder-workspace/.derivedData/Build/Intermediates.noindex/ShellOut.build/Debug-watchos/ShellOut-t.build/Objects-normal/arm64/ShellOut.SwiftFileList
WriteAuxiliaryFile /Users/admin/builder/spi-builder-workspace/.derivedData/Build/Intermediates.noindex/ShellOut.build/Debug-watchos/ShellOut-t.build/Objects-normal/arm64/ShellOut.SwiftConstValuesFileList (in target 'ShellOut' from project 'ShellOut')
    cd /Users/admin/builder/spi-builder-workspace/.dependencies/checkouts/ShellOut
    write-file /Users/admin/builder/spi-builder-workspace/.derivedData/Build/Intermediates.noindex/ShellOut.build/Debug-watchos/ShellOut-t.build/Objects-normal/arm64/ShellOut.SwiftConstValuesFileList
WriteAuxiliaryFile /Users/admin/builder/spi-builder-workspace/.derivedData/Build/Intermediates.noindex/ShellOut.build/Debug-watchos/ShellOut-t.build/Objects-normal/arm64/ShellOut.LinkFileList (in target 'ShellOut' from project 'ShellOut')
    cd /Users/admin/builder/spi-builder-workspace/.dependencies/checkouts/ShellOut
    write-file /Users/admin/builder/spi-builder-workspace/.derivedData/Build/Intermediates.noindex/ShellOut.build/Debug-watchos/ShellOut-t.build/Objects-normal/arm64/ShellOut.LinkFileList
WriteAuxiliaryFile /Users/admin/builder/spi-builder-workspace/.derivedData/Build/Intermediates.noindex/ShellOut.build/Debug-watchos/ShellOut-t.build/Objects-normal/arm64/ShellOut-OutputFileMap.json (in target 'ShellOut' from project 'ShellOut')
    cd /Users/admin/builder/spi-builder-workspace/.dependencies/checkouts/ShellOut
    write-file /Users/admin/builder/spi-builder-workspace/.derivedData/Build/Intermediates.noindex/ShellOut.build/Debug-watchos/ShellOut-t.build/Objects-normal/arm64/ShellOut-OutputFileMap.json
WriteAuxiliaryFile /Users/admin/builder/spi-builder-workspace/.derivedData/Build/Intermediates.noindex/RequestKit.build/Debug-watchos/RequestKit-t.build/RequestKit.modulemap (in target 'RequestKit' from project 'RequestKit')
    cd /Users/admin/builder/spi-builder-workspace/.dependencies/checkouts/RequestKit
    write-file /Users/admin/builder/spi-builder-workspace/.derivedData/Build/Intermediates.noindex/RequestKit.build/Debug-watchos/RequestKit-t.build/RequestKit.modulemap
WriteAuxiliaryFile /Users/admin/builder/spi-builder-workspace/.derivedData/Build/Intermediates.noindex/RequestKit.build/Debug-watchos/RequestKit-t.build/RequestKit.DependencyStaticMetadataFileList (in target 'RequestKit' from project 'RequestKit')
    cd /Users/admin/builder/spi-builder-workspace/.dependencies/checkouts/RequestKit
    write-file /Users/admin/builder/spi-builder-workspace/.derivedData/Build/Intermediates.noindex/RequestKit.build/Debug-watchos/RequestKit-t.build/RequestKit.DependencyStaticMetadataFileList
Copy /Users/admin/builder/spi-builder-workspace/.derivedData/Build/Intermediates.noindex/GeneratedModuleMaps-watchos/ShellOut.modulemap /Users/admin/builder/spi-builder-workspace/.derivedData/Build/Intermediates.noindex/ShellOut.build/Debug-watchos/ShellOut-t.build/ShellOut.modulemap (in target 'ShellOut' from project 'ShellOut')
    cd /Users/admin/builder/spi-builder-workspace/.dependencies/checkouts/ShellOut
    builtin-copy -exclude .DS_Store -exclude CVS -exclude .svn -exclude .git -exclude .hg -resolve-src-symlinks /Users/admin/builder/spi-builder-workspace/.derivedData/Build/Intermediates.noindex/ShellOut.build/Debug-watchos/ShellOut-t.build/ShellOut.modulemap /Users/admin/builder/spi-builder-workspace/.derivedData/Build/Intermediates.noindex/GeneratedModuleMaps-watchos
WriteAuxiliaryFile /Users/admin/builder/spi-builder-workspace/.derivedData/Build/Intermediates.noindex/RequestKit.build/Debug-watchos/RequestKit-t.build/RequestKit.DependencyMetadataFileList (in target 'RequestKit' from project 'RequestKit')
    cd /Users/admin/builder/spi-builder-workspace/.dependencies/checkouts/RequestKit
    write-file /Users/admin/builder/spi-builder-workspace/.derivedData/Build/Intermediates.noindex/RequestKit.build/Debug-watchos/RequestKit-t.build/RequestKit.DependencyMetadataFileList
WriteAuxiliaryFile /Users/admin/builder/spi-builder-workspace/.derivedData/Build/Intermediates.noindex/RequestKit.build/Debug-watchos/RequestKit-t.build/Objects-normal/arm64_32/RequestKit_const_extract_protocols.json (in target 'RequestKit' from project 'RequestKit')
    cd /Users/admin/builder/spi-builder-workspace/.dependencies/checkouts/RequestKit
    write-file /Users/admin/builder/spi-builder-workspace/.derivedData/Build/Intermediates.noindex/RequestKit.build/Debug-watchos/RequestKit-t.build/Objects-normal/arm64_32/RequestKit_const_extract_protocols.json
WriteAuxiliaryFile /Users/admin/builder/spi-builder-workspace/.derivedData/Build/Intermediates.noindex/RequestKit.build/Debug-watchos/RequestKit-t.build/Objects-normal/arm64_32/RequestKit.SwiftFileList (in target 'RequestKit' from project 'RequestKit')
    cd /Users/admin/builder/spi-builder-workspace/.dependencies/checkouts/RequestKit
    write-file /Users/admin/builder/spi-builder-workspace/.derivedData/Build/Intermediates.noindex/RequestKit.build/Debug-watchos/RequestKit-t.build/Objects-normal/arm64_32/RequestKit.SwiftFileList
WriteAuxiliaryFile /Users/admin/builder/spi-builder-workspace/.derivedData/Build/Intermediates.noindex/RequestKit.build/Debug-watchos/RequestKit-t.build/Objects-normal/arm64_32/RequestKit.SwiftConstValuesFileList (in target 'RequestKit' from project 'RequestKit')
    cd /Users/admin/builder/spi-builder-workspace/.dependencies/checkouts/RequestKit
    write-file /Users/admin/builder/spi-builder-workspace/.derivedData/Build/Intermediates.noindex/RequestKit.build/Debug-watchos/RequestKit-t.build/Objects-normal/arm64_32/RequestKit.SwiftConstValuesFileList
WriteAuxiliaryFile /Users/admin/builder/spi-builder-workspace/.derivedData/Build/Intermediates.noindex/RequestKit.build/Debug-watchos/RequestKit-t.build/Objects-normal/arm64_32/RequestKit.LinkFileList (in target 'RequestKit' from project 'RequestKit')
    cd /Users/admin/builder/spi-builder-workspace/.dependencies/checkouts/RequestKit
    write-file /Users/admin/builder/spi-builder-workspace/.derivedData/Build/Intermediates.noindex/RequestKit.build/Debug-watchos/RequestKit-t.build/Objects-normal/arm64_32/RequestKit.LinkFileList
WriteAuxiliaryFile /Users/admin/builder/spi-builder-workspace/.derivedData/Build/Intermediates.noindex/RequestKit.build/Debug-watchos/RequestKit-t.build/Objects-normal/arm64_32/RequestKit-OutputFileMap.json (in target 'RequestKit' from project 'RequestKit')
    cd /Users/admin/builder/spi-builder-workspace/.dependencies/checkouts/RequestKit
    write-file /Users/admin/builder/spi-builder-workspace/.derivedData/Build/Intermediates.noindex/RequestKit.build/Debug-watchos/RequestKit-t.build/Objects-normal/arm64_32/RequestKit-OutputFileMap.json
WriteAuxiliaryFile /Users/admin/builder/spi-builder-workspace/.derivedData/Build/Intermediates.noindex/RequestKit.build/Debug-watchos/RequestKit-t.build/Objects-normal/arm64/RequestKit_const_extract_protocols.json (in target 'RequestKit' from project 'RequestKit')
    cd /Users/admin/builder/spi-builder-workspace/.dependencies/checkouts/RequestKit
    write-file /Users/admin/builder/spi-builder-workspace/.derivedData/Build/Intermediates.noindex/RequestKit.build/Debug-watchos/RequestKit-t.build/Objects-normal/arm64/RequestKit_const_extract_protocols.json
WriteAuxiliaryFile /Users/admin/builder/spi-builder-workspace/.derivedData/Build/Intermediates.noindex/RequestKit.build/Debug-watchos/RequestKit-t.build/Objects-normal/arm64/RequestKit.SwiftFileList (in target 'RequestKit' from project 'RequestKit')
    cd /Users/admin/builder/spi-builder-workspace/.dependencies/checkouts/RequestKit
    write-file /Users/admin/builder/spi-builder-workspace/.derivedData/Build/Intermediates.noindex/RequestKit.build/Debug-watchos/RequestKit-t.build/Objects-normal/arm64/RequestKit.SwiftFileList
WriteAuxiliaryFile /Users/admin/builder/spi-builder-workspace/.derivedData/Build/Intermediates.noindex/RequestKit.build/Debug-watchos/RequestKit-t.build/Objects-normal/arm64/RequestKit.SwiftConstValuesFileList (in target 'RequestKit' from project 'RequestKit')
    cd /Users/admin/builder/spi-builder-workspace/.dependencies/checkouts/RequestKit
    write-file /Users/admin/builder/spi-builder-workspace/.derivedData/Build/Intermediates.noindex/RequestKit.build/Debug-watchos/RequestKit-t.build/Objects-normal/arm64/RequestKit.SwiftConstValuesFileList
WriteAuxiliaryFile /Users/admin/builder/spi-builder-workspace/.derivedData/Build/Intermediates.noindex/RequestKit.build/Debug-watchos/RequestKit-t.build/Objects-normal/arm64/RequestKit.LinkFileList (in target 'RequestKit' from project 'RequestKit')
    cd /Users/admin/builder/spi-builder-workspace/.dependencies/checkouts/RequestKit
    write-file /Users/admin/builder/spi-builder-workspace/.derivedData/Build/Intermediates.noindex/RequestKit.build/Debug-watchos/RequestKit-t.build/Objects-normal/arm64/RequestKit.LinkFileList
WriteAuxiliaryFile /Users/admin/builder/spi-builder-workspace/.derivedData/Build/Intermediates.noindex/RequestKit.build/Debug-watchos/RequestKit-t.build/Objects-normal/arm64/RequestKit-OutputFileMap.json (in target 'RequestKit' from project 'RequestKit')
    cd /Users/admin/builder/spi-builder-workspace/.dependencies/checkouts/RequestKit
    write-file /Users/admin/builder/spi-builder-workspace/.derivedData/Build/Intermediates.noindex/RequestKit.build/Debug-watchos/RequestKit-t.build/Objects-normal/arm64/RequestKit-OutputFileMap.json
Copy /Users/admin/builder/spi-builder-workspace/.derivedData/Build/Intermediates.noindex/GeneratedModuleMaps-watchos/RequestKit.modulemap /Users/admin/builder/spi-builder-workspace/.derivedData/Build/Intermediates.noindex/RequestKit.build/Debug-watchos/RequestKit-t.build/RequestKit.modulemap (in target 'RequestKit' from project 'RequestKit')
    cd /Users/admin/builder/spi-builder-workspace/.dependencies/checkouts/RequestKit
    builtin-copy -exclude .DS_Store -exclude CVS -exclude .svn -exclude .git -exclude .hg -resolve-src-symlinks /Users/admin/builder/spi-builder-workspace/.derivedData/Build/Intermediates.noindex/RequestKit.build/Debug-watchos/RequestKit-t.build/RequestKit.modulemap /Users/admin/builder/spi-builder-workspace/.derivedData/Build/Intermediates.noindex/GeneratedModuleMaps-watchos
WriteAuxiliaryFile /Users/admin/builder/spi-builder-workspace/.derivedData/Build/Intermediates.noindex/OctoKit.build/Debug-watchos/OctoKit-t.build/OctoKit.modulemap (in target 'OctoKit' from project 'OctoKit')
    cd /Users/admin/builder/spi-builder-workspace/.dependencies/checkouts/octokit.swift
    write-file /Users/admin/builder/spi-builder-workspace/.derivedData/Build/Intermediates.noindex/OctoKit.build/Debug-watchos/OctoKit-t.build/OctoKit.modulemap
WriteAuxiliaryFile /Users/admin/builder/spi-builder-workspace/.derivedData/Build/Intermediates.noindex/OctoKit.build/Debug-watchos/OctoKit-t.build/OctoKit.DependencyStaticMetadataFileList (in target 'OctoKit' from project 'OctoKit')
    cd /Users/admin/builder/spi-builder-workspace/.dependencies/checkouts/octokit.swift
    write-file /Users/admin/builder/spi-builder-workspace/.derivedData/Build/Intermediates.noindex/OctoKit.build/Debug-watchos/OctoKit-t.build/OctoKit.DependencyStaticMetadataFileList
WriteAuxiliaryFile /Users/admin/builder/spi-builder-workspace/.derivedData/Build/Intermediates.noindex/OctoKit.build/Debug-watchos/OctoKit-t.build/OctoKit.DependencyMetadataFileList (in target 'OctoKit' from project 'OctoKit')
    cd /Users/admin/builder/spi-builder-workspace/.dependencies/checkouts/octokit.swift
    write-file /Users/admin/builder/spi-builder-workspace/.derivedData/Build/Intermediates.noindex/OctoKit.build/Debug-watchos/OctoKit-t.build/OctoKit.DependencyMetadataFileList
WriteAuxiliaryFile /Users/admin/builder/spi-builder-workspace/.derivedData/Build/Intermediates.noindex/OctoKit.build/Debug-watchos/OctoKit-t.build/Objects-normal/arm64_32/OctoKit_const_extract_protocols.json (in target 'OctoKit' from project 'OctoKit')
    cd /Users/admin/builder/spi-builder-workspace/.dependencies/checkouts/octokit.swift
    write-file /Users/admin/builder/spi-builder-workspace/.derivedData/Build/Intermediates.noindex/OctoKit.build/Debug-watchos/OctoKit-t.build/Objects-normal/arm64_32/OctoKit_const_extract_protocols.json
WriteAuxiliaryFile /Users/admin/builder/spi-builder-workspace/.derivedData/Build/Intermediates.noindex/OctoKit.build/Debug-watchos/OctoKit-t.build/Objects-normal/arm64_32/OctoKit.SwiftFileList (in target 'OctoKit' from project 'OctoKit')
    cd /Users/admin/builder/spi-builder-workspace/.dependencies/checkouts/octokit.swift
    write-file /Users/admin/builder/spi-builder-workspace/.derivedData/Build/Intermediates.noindex/OctoKit.build/Debug-watchos/OctoKit-t.build/Objects-normal/arm64_32/OctoKit.SwiftFileList
WriteAuxiliaryFile /Users/admin/builder/spi-builder-workspace/.derivedData/Build/Intermediates.noindex/OctoKit.build/Debug-watchos/OctoKit-t.build/Objects-normal/arm64_32/OctoKit.SwiftConstValuesFileList (in target 'OctoKit' from project 'OctoKit')
    cd /Users/admin/builder/spi-builder-workspace/.dependencies/checkouts/octokit.swift
    write-file /Users/admin/builder/spi-builder-workspace/.derivedData/Build/Intermediates.noindex/OctoKit.build/Debug-watchos/OctoKit-t.build/Objects-normal/arm64_32/OctoKit.SwiftConstValuesFileList
WriteAuxiliaryFile /Users/admin/builder/spi-builder-workspace/.derivedData/Build/Intermediates.noindex/OctoKit.build/Debug-watchos/OctoKit-t.build/Objects-normal/arm64_32/OctoKit-OutputFileMap.json (in target 'OctoKit' from project 'OctoKit')
    cd /Users/admin/builder/spi-builder-workspace/.dependencies/checkouts/octokit.swift
    write-file /Users/admin/builder/spi-builder-workspace/.derivedData/Build/Intermediates.noindex/OctoKit.build/Debug-watchos/OctoKit-t.build/Objects-normal/arm64_32/OctoKit-OutputFileMap.json
WriteAuxiliaryFile /Users/admin/builder/spi-builder-workspace/.derivedData/Build/Intermediates.noindex/OctoKit.build/Debug-watchos/OctoKit-t.build/Objects-normal/arm64_32/OctoKit.LinkFileList (in target 'OctoKit' from project 'OctoKit')
    cd /Users/admin/builder/spi-builder-workspace/.dependencies/checkouts/octokit.swift
    write-file /Users/admin/builder/spi-builder-workspace/.derivedData/Build/Intermediates.noindex/OctoKit.build/Debug-watchos/OctoKit-t.build/Objects-normal/arm64_32/OctoKit.LinkFileList
WriteAuxiliaryFile /Users/admin/builder/spi-builder-workspace/.derivedData/Build/Intermediates.noindex/OctoKit.build/Debug-watchos/OctoKit-t.build/Objects-normal/arm64/OctoKit_const_extract_protocols.json (in target 'OctoKit' from project 'OctoKit')
    cd /Users/admin/builder/spi-builder-workspace/.dependencies/checkouts/octokit.swift
    write-file /Users/admin/builder/spi-builder-workspace/.derivedData/Build/Intermediates.noindex/OctoKit.build/Debug-watchos/OctoKit-t.build/Objects-normal/arm64/OctoKit_const_extract_protocols.json
WriteAuxiliaryFile /Users/admin/builder/spi-builder-workspace/.derivedData/Build/Intermediates.noindex/OctoKit.build/Debug-watchos/OctoKit-t.build/Objects-normal/arm64/OctoKit.SwiftFileList (in target 'OctoKit' from project 'OctoKit')
    cd /Users/admin/builder/spi-builder-workspace/.dependencies/checkouts/octokit.swift
    write-file /Users/admin/builder/spi-builder-workspace/.derivedData/Build/Intermediates.noindex/OctoKit.build/Debug-watchos/OctoKit-t.build/Objects-normal/arm64/OctoKit.SwiftFileList
WriteAuxiliaryFile /Users/admin/builder/spi-builder-workspace/.derivedData/Build/Intermediates.noindex/OctoKit.build/Debug-watchos/OctoKit-t.build/Objects-normal/arm64/OctoKit.SwiftConstValuesFileList (in target 'OctoKit' from project 'OctoKit')
    cd /Users/admin/builder/spi-builder-workspace/.dependencies/checkouts/octokit.swift
    write-file /Users/admin/builder/spi-builder-workspace/.derivedData/Build/Intermediates.noindex/OctoKit.build/Debug-watchos/OctoKit-t.build/Objects-normal/arm64/OctoKit.SwiftConstValuesFileList
WriteAuxiliaryFile /Users/admin/builder/spi-builder-workspace/.derivedData/Build/Intermediates.noindex/OctoKit.build/Debug-watchos/OctoKit-t.build/Objects-normal/arm64/OctoKit.LinkFileList (in target 'OctoKit' from project 'OctoKit')
    cd /Users/admin/builder/spi-builder-workspace/.dependencies/checkouts/octokit.swift
    write-file /Users/admin/builder/spi-builder-workspace/.derivedData/Build/Intermediates.noindex/OctoKit.build/Debug-watchos/OctoKit-t.build/Objects-normal/arm64/OctoKit.LinkFileList
WriteAuxiliaryFile /Users/admin/builder/spi-builder-workspace/.derivedData/Build/Intermediates.noindex/OctoKit.build/Debug-watchos/OctoKit-t.build/Objects-normal/arm64/OctoKit-OutputFileMap.json (in target 'OctoKit' from project 'OctoKit')
    cd /Users/admin/builder/spi-builder-workspace/.dependencies/checkouts/octokit.swift
    write-file /Users/admin/builder/spi-builder-workspace/.derivedData/Build/Intermediates.noindex/OctoKit.build/Debug-watchos/OctoKit-t.build/Objects-normal/arm64/OctoKit-OutputFileMap.json
Copy /Users/admin/builder/spi-builder-workspace/.derivedData/Build/Intermediates.noindex/GeneratedModuleMaps-watchos/OctoKit.modulemap /Users/admin/builder/spi-builder-workspace/.derivedData/Build/Intermediates.noindex/OctoKit.build/Debug-watchos/OctoKit-t.build/OctoKit.modulemap (in target 'OctoKit' from project 'OctoKit')
    cd /Users/admin/builder/spi-builder-workspace/.dependencies/checkouts/octokit.swift
    builtin-copy -exclude .DS_Store -exclude CVS -exclude .svn -exclude .git -exclude .hg -resolve-src-symlinks /Users/admin/builder/spi-builder-workspace/.derivedData/Build/Intermediates.noindex/OctoKit.build/Debug-watchos/OctoKit-t.build/OctoKit.modulemap /Users/admin/builder/spi-builder-workspace/.derivedData/Build/Intermediates.noindex/GeneratedModuleMaps-watchos
WriteAuxiliaryFile /Users/admin/builder/spi-builder-workspace/.derivedData/Build/Intermediates.noindex/Logger.build/Debug-watchos/Logger-t.build/Objects-normal/arm64_32/Logger_const_extract_protocols.json (in target 'Logger' from project 'Logger')
    cd /Users/admin/builder/spi-builder-workspace/.dependencies/checkouts/Logger
    write-file /Users/admin/builder/spi-builder-workspace/.derivedData/Build/Intermediates.noindex/Logger.build/Debug-watchos/Logger-t.build/Objects-normal/arm64_32/Logger_const_extract_protocols.json
WriteAuxiliaryFile /Users/admin/builder/spi-builder-workspace/.derivedData/Build/Intermediates.noindex/Logger.build/Debug-watchos/Logger-t.build/Objects-normal/arm64_32/Logger.SwiftFileList (in target 'Logger' from project 'Logger')
    cd /Users/admin/builder/spi-builder-workspace/.dependencies/checkouts/Logger
    write-file /Users/admin/builder/spi-builder-workspace/.derivedData/Build/Intermediates.noindex/Logger.build/Debug-watchos/Logger-t.build/Objects-normal/arm64_32/Logger.SwiftFileList
WriteAuxiliaryFile /Users/admin/builder/spi-builder-workspace/.derivedData/Build/Intermediates.noindex/Logger.build/Debug-watchos/Logger-t.build/Objects-normal/arm64_32/Logger.SwiftConstValuesFileList (in target 'Logger' from project 'Logger')
    cd /Users/admin/builder/spi-builder-workspace/.dependencies/checkouts/Logger
    write-file /Users/admin/builder/spi-builder-workspace/.derivedData/Build/Intermediates.noindex/Logger.build/Debug-watchos/Logger-t.build/Objects-normal/arm64_32/Logger.SwiftConstValuesFileList
WriteAuxiliaryFile /Users/admin/builder/spi-builder-workspace/.derivedData/Build/Intermediates.noindex/Logger.build/Debug-watchos/Logger-t.build/Objects-normal/arm64_32/Logger.LinkFileList (in target 'Logger' from project 'Logger')
    cd /Users/admin/builder/spi-builder-workspace/.dependencies/checkouts/Logger
    write-file /Users/admin/builder/spi-builder-workspace/.derivedData/Build/Intermediates.noindex/Logger.build/Debug-watchos/Logger-t.build/Objects-normal/arm64_32/Logger.LinkFileList
WriteAuxiliaryFile /Users/admin/builder/spi-builder-workspace/.derivedData/Build/Intermediates.noindex/Logger.build/Debug-watchos/Logger-t.build/Objects-normal/arm64_32/Logger-OutputFileMap.json (in target 'Logger' from project 'Logger')
    cd /Users/admin/builder/spi-builder-workspace/.dependencies/checkouts/Logger
    write-file /Users/admin/builder/spi-builder-workspace/.derivedData/Build/Intermediates.noindex/Logger.build/Debug-watchos/Logger-t.build/Objects-normal/arm64_32/Logger-OutputFileMap.json
WriteAuxiliaryFile /Users/admin/builder/spi-builder-workspace/.derivedData/Build/Intermediates.noindex/Logger.build/Debug-watchos/Logger-t.build/Objects-normal/arm64/Logger.SwiftConstValuesFileList (in target 'Logger' from project 'Logger')
    cd /Users/admin/builder/spi-builder-workspace/.dependencies/checkouts/Logger
    write-file /Users/admin/builder/spi-builder-workspace/.derivedData/Build/Intermediates.noindex/Logger.build/Debug-watchos/Logger-t.build/Objects-normal/arm64/Logger.SwiftConstValuesFileList
WriteAuxiliaryFile /Users/admin/builder/spi-builder-workspace/.derivedData/Build/Intermediates.noindex/Logger.build/Debug-watchos/Logger-t.build/Objects-normal/arm64/Logger_const_extract_protocols.json (in target 'Logger' from project 'Logger')
    cd /Users/admin/builder/spi-builder-workspace/.dependencies/checkouts/Logger
    write-file /Users/admin/builder/spi-builder-workspace/.derivedData/Build/Intermediates.noindex/Logger.build/Debug-watchos/Logger-t.build/Objects-normal/arm64/Logger_const_extract_protocols.json
WriteAuxiliaryFile /Users/admin/builder/spi-builder-workspace/.derivedData/Build/Intermediates.noindex/Logger.build/Debug-watchos/Logger-t.build/Objects-normal/arm64/Logger.SwiftFileList (in target 'Logger' from project 'Logger')
    cd /Users/admin/builder/spi-builder-workspace/.dependencies/checkouts/Logger
    write-file /Users/admin/builder/spi-builder-workspace/.derivedData/Build/Intermediates.noindex/Logger.build/Debug-watchos/Logger-t.build/Objects-normal/arm64/Logger.SwiftFileList
WriteAuxiliaryFile /Users/admin/builder/spi-builder-workspace/.derivedData/Build/Intermediates.noindex/Logger.build/Debug-watchos/Logger-t.build/Objects-normal/arm64/Logger.LinkFileList (in target 'Logger' from project 'Logger')
    cd /Users/admin/builder/spi-builder-workspace/.dependencies/checkouts/Logger
    write-file /Users/admin/builder/spi-builder-workspace/.derivedData/Build/Intermediates.noindex/Logger.build/Debug-watchos/Logger-t.build/Objects-normal/arm64/Logger.LinkFileList
WriteAuxiliaryFile /Users/admin/builder/spi-builder-workspace/.derivedData/Build/Intermediates.noindex/Logger.build/Debug-watchos/Logger-t.build/Objects-normal/arm64/Logger-OutputFileMap.json (in target 'Logger' from project 'Logger')
    cd /Users/admin/builder/spi-builder-workspace/.dependencies/checkouts/Logger
    write-file /Users/admin/builder/spi-builder-workspace/.derivedData/Build/Intermediates.noindex/Logger.build/Debug-watchos/Logger-t.build/Objects-normal/arm64/Logger-OutputFileMap.json
WriteAuxiliaryFile /Users/admin/builder/spi-builder-workspace/.derivedData/Build/Intermediates.noindex/Logger.build/Debug-watchos/Logger-t.build/Logger.modulemap (in target 'Logger' from project 'Logger')
    cd /Users/admin/builder/spi-builder-workspace/.dependencies/checkouts/Logger
    write-file /Users/admin/builder/spi-builder-workspace/.derivedData/Build/Intermediates.noindex/Logger.build/Debug-watchos/Logger-t.build/Logger.modulemap
WriteAuxiliaryFile /Users/admin/builder/spi-builder-workspace/.derivedData/Build/Intermediates.noindex/Logger.build/Debug-watchos/Logger-t.build/Logger.DependencyStaticMetadataFileList (in target 'Logger' from project 'Logger')
    cd /Users/admin/builder/spi-builder-workspace/.dependencies/checkouts/Logger
    write-file /Users/admin/builder/spi-builder-workspace/.derivedData/Build/Intermediates.noindex/Logger.build/Debug-watchos/Logger-t.build/Logger.DependencyStaticMetadataFileList
WriteAuxiliaryFile /Users/admin/builder/spi-builder-workspace/.derivedData/Build/Intermediates.noindex/Logger.build/Debug-watchos/Logger-t.build/Logger.DependencyMetadataFileList (in target 'Logger' from project 'Logger')
    cd /Users/admin/builder/spi-builder-workspace/.dependencies/checkouts/Logger
    write-file /Users/admin/builder/spi-builder-workspace/.derivedData/Build/Intermediates.noindex/Logger.build/Debug-watchos/Logger-t.build/Logger.DependencyMetadataFileList
WriteAuxiliaryFile /Users/admin/builder/spi-builder-workspace/.derivedData/Build/Intermediates.noindex/danger-swift.build/Debug-watchos/Danger-product-t.build/empty-Danger.plist (in target 'Danger-product' from project 'danger-swift')
    cd /Users/admin/builder/spi-builder-workspace/.dependencies/checkouts/danger-swift
    write-file /Users/admin/builder/spi-builder-workspace/.derivedData/Build/Intermediates.noindex/danger-swift.build/Debug-watchos/Danger-product-t.build/empty-Danger.plist
WriteAuxiliaryFile /Users/admin/builder/spi-builder-workspace/.derivedData/Build/Intermediates.noindex/danger-swift.build/Debug-watchos/Danger-product-t.build/Danger.DependencyStaticMetadataFileList (in target 'Danger-product' from project 'danger-swift')
    cd /Users/admin/builder/spi-builder-workspace/.dependencies/checkouts/danger-swift
    write-file /Users/admin/builder/spi-builder-workspace/.derivedData/Build/Intermediates.noindex/danger-swift.build/Debug-watchos/Danger-product-t.build/Danger.DependencyStaticMetadataFileList
WriteAuxiliaryFile /Users/admin/builder/spi-builder-workspace/.derivedData/Build/Intermediates.noindex/danger-swift.build/Debug-watchos/Danger-product-t.build/Danger.DependencyMetadataFileList (in target 'Danger-product' from project 'danger-swift')
    cd /Users/admin/builder/spi-builder-workspace/.dependencies/checkouts/danger-swift
    write-file /Users/admin/builder/spi-builder-workspace/.derivedData/Build/Intermediates.noindex/danger-swift.build/Debug-watchos/Danger-product-t.build/Danger.DependencyMetadataFileList
WriteAuxiliaryFile /Users/admin/builder/spi-builder-workspace/.derivedData/Build/Intermediates.noindex/danger-swift.build/Debug-watchos/Danger-product-t.build/Objects-normal/arm64_32/Danger.LinkFileList (in target 'Danger-product' from project 'danger-swift')
    cd /Users/admin/builder/spi-builder-workspace/.dependencies/checkouts/danger-swift
    write-file /Users/admin/builder/spi-builder-workspace/.derivedData/Build/Intermediates.noindex/danger-swift.build/Debug-watchos/Danger-product-t.build/Objects-normal/arm64_32/Danger.LinkFileList
WriteAuxiliaryFile /Users/admin/builder/spi-builder-workspace/.derivedData/Build/Intermediates.noindex/danger-swift.build/Debug-watchos/Danger-product-t.build/Objects-normal/arm64/Danger.LinkFileList (in target 'Danger-product' from project 'danger-swift')
    cd /Users/admin/builder/spi-builder-workspace/.dependencies/checkouts/danger-swift
    write-file /Users/admin/builder/spi-builder-workspace/.derivedData/Build/Intermediates.noindex/danger-swift.build/Debug-watchos/Danger-product-t.build/Objects-normal/arm64/Danger.LinkFileList
WriteAuxiliaryFile /Users/admin/builder/spi-builder-workspace/.derivedData/Build/Intermediates.noindex/danger-swift.build/Debug-watchos/Danger-t.build/Objects-normal/arm64_32/Danger.SwiftConstValuesFileList (in target 'Danger' from project 'danger-swift')
    cd /Users/admin/builder/spi-builder-workspace/.dependencies/checkouts/danger-swift
    write-file /Users/admin/builder/spi-builder-workspace/.derivedData/Build/Intermediates.noindex/danger-swift.build/Debug-watchos/Danger-t.build/Objects-normal/arm64_32/Danger.SwiftConstValuesFileList
WriteAuxiliaryFile /Users/admin/builder/spi-builder-workspace/.derivedData/Build/Intermediates.noindex/danger-swift.build/Debug-watchos/Danger-t.build/Objects-normal/arm64_32/Danger_const_extract_protocols.json (in target 'Danger' from project 'danger-swift')
    cd /Users/admin/builder/spi-builder-workspace/.dependencies/checkouts/danger-swift
    write-file /Users/admin/builder/spi-builder-workspace/.derivedData/Build/Intermediates.noindex/danger-swift.build/Debug-watchos/Danger-t.build/Objects-normal/arm64_32/Danger_const_extract_protocols.json
WriteAuxiliaryFile /Users/admin/builder/spi-builder-workspace/.derivedData/Build/Intermediates.noindex/danger-swift.build/Debug-watchos/Danger-t.build/Objects-normal/arm64_32/Danger.SwiftFileList (in target 'Danger' from project 'danger-swift')
    cd /Users/admin/builder/spi-builder-workspace/.dependencies/checkouts/danger-swift
    write-file /Users/admin/builder/spi-builder-workspace/.derivedData/Build/Intermediates.noindex/danger-swift.build/Debug-watchos/Danger-t.build/Objects-normal/arm64_32/Danger.SwiftFileList
Copy /Users/admin/builder/spi-builder-workspace/.derivedData/Build/Intermediates.noindex/GeneratedModuleMaps-watchos/Logger.modulemap /Users/admin/builder/spi-builder-workspace/.derivedData/Build/Intermediates.noindex/Logger.build/Debug-watchos/Logger-t.build/Logger.modulemap (in target 'Logger' from project 'Logger')
    cd /Users/admin/builder/spi-builder-workspace/.dependencies/checkouts/Logger
    builtin-copy -exclude .DS_Store -exclude CVS -exclude .svn -exclude .git -exclude .hg -resolve-src-symlinks /Users/admin/builder/spi-builder-workspace/.derivedData/Build/Intermediates.noindex/Logger.build/Debug-watchos/Logger-t.build/Logger.modulemap /Users/admin/builder/spi-builder-workspace/.derivedData/Build/Intermediates.noindex/GeneratedModuleMaps-watchos
WriteAuxiliaryFile /Users/admin/builder/spi-builder-workspace/.derivedData/Build/Intermediates.noindex/danger-swift.build/Debug-watchos/Danger-t.build/Objects-normal/arm64_32/Danger.LinkFileList (in target 'Danger' from project 'danger-swift')
    cd /Users/admin/builder/spi-builder-workspace/.dependencies/checkouts/danger-swift
    write-file /Users/admin/builder/spi-builder-workspace/.derivedData/Build/Intermediates.noindex/danger-swift.build/Debug-watchos/Danger-t.build/Objects-normal/arm64_32/Danger.LinkFileList
WriteAuxiliaryFile /Users/admin/builder/spi-builder-workspace/.derivedData/Build/Intermediates.noindex/danger-swift.build/Debug-watchos/Danger-t.build/Objects-normal/arm64_32/Danger-OutputFileMap.json (in target 'Danger' from project 'danger-swift')
    cd /Users/admin/builder/spi-builder-workspace/.dependencies/checkouts/danger-swift
    write-file /Users/admin/builder/spi-builder-workspace/.derivedData/Build/Intermediates.noindex/danger-swift.build/Debug-watchos/Danger-t.build/Objects-normal/arm64_32/Danger-OutputFileMap.json
WriteAuxiliaryFile /Users/admin/builder/spi-builder-workspace/.derivedData/Build/Intermediates.noindex/danger-swift.build/Debug-watchos/Danger-t.build/Objects-normal/arm64/Danger_const_extract_protocols.json (in target 'Danger' from project 'danger-swift')
    cd /Users/admin/builder/spi-builder-workspace/.dependencies/checkouts/danger-swift
    write-file /Users/admin/builder/spi-builder-workspace/.derivedData/Build/Intermediates.noindex/danger-swift.build/Debug-watchos/Danger-t.build/Objects-normal/arm64/Danger_const_extract_protocols.json
WriteAuxiliaryFile /Users/admin/builder/spi-builder-workspace/.derivedData/Build/Intermediates.noindex/danger-swift.build/Debug-watchos/Danger-t.build/Objects-normal/arm64/Danger.SwiftFileList (in target 'Danger' from project 'danger-swift')
    cd /Users/admin/builder/spi-builder-workspace/.dependencies/checkouts/danger-swift
    write-file /Users/admin/builder/spi-builder-workspace/.derivedData/Build/Intermediates.noindex/danger-swift.build/Debug-watchos/Danger-t.build/Objects-normal/arm64/Danger.SwiftFileList
WriteAuxiliaryFile /Users/admin/builder/spi-builder-workspace/.derivedData/Build/Intermediates.noindex/danger-swift.build/Debug-watchos/Danger-t.build/Objects-normal/arm64/Danger.SwiftConstValuesFileList (in target 'Danger' from project 'danger-swift')
    cd /Users/admin/builder/spi-builder-workspace/.dependencies/checkouts/danger-swift
    write-file /Users/admin/builder/spi-builder-workspace/.derivedData/Build/Intermediates.noindex/danger-swift.build/Debug-watchos/Danger-t.build/Objects-normal/arm64/Danger.SwiftConstValuesFileList
WriteAuxiliaryFile /Users/admin/builder/spi-builder-workspace/.derivedData/Build/Intermediates.noindex/danger-swift.build/Debug-watchos/Danger-t.build/Objects-normal/arm64/Danger.LinkFileList (in target 'Danger' from project 'danger-swift')
    cd /Users/admin/builder/spi-builder-workspace/.dependencies/checkouts/danger-swift
    write-file /Users/admin/builder/spi-builder-workspace/.derivedData/Build/Intermediates.noindex/danger-swift.build/Debug-watchos/Danger-t.build/Objects-normal/arm64/Danger.LinkFileList
WriteAuxiliaryFile /Users/admin/builder/spi-builder-workspace/.derivedData/Build/Intermediates.noindex/danger-swift.build/Debug-watchos/Danger-t.build/Objects-normal/arm64/Danger-OutputFileMap.json (in target 'Danger' from project 'danger-swift')
    cd /Users/admin/builder/spi-builder-workspace/.dependencies/checkouts/danger-swift
    write-file /Users/admin/builder/spi-builder-workspace/.derivedData/Build/Intermediates.noindex/danger-swift.build/Debug-watchos/Danger-t.build/Objects-normal/arm64/Danger-OutputFileMap.json
WriteAuxiliaryFile /Users/admin/builder/spi-builder-workspace/.derivedData/Build/Intermediates.noindex/danger-swift.build/Debug-watchos/Danger-t.build/Danger.modulemap (in target 'Danger' from project 'danger-swift')
    cd /Users/admin/builder/spi-builder-workspace/.dependencies/checkouts/danger-swift
    write-file /Users/admin/builder/spi-builder-workspace/.derivedData/Build/Intermediates.noindex/danger-swift.build/Debug-watchos/Danger-t.build/Danger.modulemap
WriteAuxiliaryFile /Users/admin/builder/spi-builder-workspace/.derivedData/Build/Intermediates.noindex/danger-swift.build/Debug-watchos/Danger-t.build/Danger.DependencyStaticMetadataFileList (in target 'Danger' from project 'danger-swift')
    cd /Users/admin/builder/spi-builder-workspace/.dependencies/checkouts/danger-swift
    write-file /Users/admin/builder/spi-builder-workspace/.derivedData/Build/Intermediates.noindex/danger-swift.build/Debug-watchos/Danger-t.build/Danger.DependencyStaticMetadataFileList
WriteAuxiliaryFile /Users/admin/builder/spi-builder-workspace/.derivedData/Build/Intermediates.noindex/danger-swift.build/Debug-watchos/Danger-t.build/Danger.DependencyMetadataFileList (in target 'Danger' from project 'danger-swift')
    cd /Users/admin/builder/spi-builder-workspace/.dependencies/checkouts/danger-swift
    write-file /Users/admin/builder/spi-builder-workspace/.derivedData/Build/Intermediates.noindex/danger-swift.build/Debug-watchos/Danger-t.build/Danger.DependencyMetadataFileList
MkDir /Users/admin/builder/spi-builder-workspace/.derivedData/Build/Products/Debug-watchos/PackageFrameworks/Danger.framework (in target 'Danger-product' from project 'danger-swift')
    cd /Users/admin/builder/spi-builder-workspace/.dependencies/checkouts/danger-swift
    /bin/mkdir -p /Users/admin/builder/spi-builder-workspace/.derivedData/Build/Products/Debug-watchos/PackageFrameworks/Danger.framework
Copy /Users/admin/builder/spi-builder-workspace/.derivedData/Build/Intermediates.noindex/GeneratedModuleMaps-watchos/Danger.modulemap /Users/admin/builder/spi-builder-workspace/.derivedData/Build/Intermediates.noindex/danger-swift.build/Debug-watchos/Danger-t.build/Danger.modulemap (in target 'Danger' from project 'danger-swift')
    cd /Users/admin/builder/spi-builder-workspace/.dependencies/checkouts/danger-swift
    builtin-copy -exclude .DS_Store -exclude CVS -exclude .svn -exclude .git -exclude .hg -resolve-src-symlinks /Users/admin/builder/spi-builder-workspace/.derivedData/Build/Intermediates.noindex/danger-swift.build/Debug-watchos/Danger-t.build/Danger.modulemap /Users/admin/builder/spi-builder-workspace/.derivedData/Build/Intermediates.noindex/GeneratedModuleMaps-watchos
WriteAuxiliaryFile /Users/admin/builder/spi-builder-workspace/.derivedData/Build/Intermediates.noindex/DangerIBLinter.build/Debug-watchos/DangerIBLinter-t.build/Objects-normal/arm64_32/DangerIBLinter.SwiftConstValuesFileList (in target 'DangerIBLinter' from project 'DangerIBLinter')
    cd /Users/admin/builder/spi-builder-workspace
    write-file /Users/admin/builder/spi-builder-workspace/.derivedData/Build/Intermediates.noindex/DangerIBLinter.build/Debug-watchos/DangerIBLinter-t.build/Objects-normal/arm64_32/DangerIBLinter.SwiftConstValuesFileList
WriteAuxiliaryFile /Users/admin/builder/spi-builder-workspace/.derivedData/Build/Intermediates.noindex/DangerIBLinter.build/Debug-watchos/DangerIBLinter-t.build/Objects-normal/arm64_32/DangerIBLinter.LinkFileList (in target 'DangerIBLinter' from project 'DangerIBLinter')
    cd /Users/admin/builder/spi-builder-workspace
    write-file /Users/admin/builder/spi-builder-workspace/.derivedData/Build/Intermediates.noindex/DangerIBLinter.build/Debug-watchos/DangerIBLinter-t.build/Objects-normal/arm64_32/DangerIBLinter.LinkFileList
WriteAuxiliaryFile /Users/admin/builder/spi-builder-workspace/.derivedData/Build/Intermediates.noindex/DangerIBLinter.build/Debug-watchos/DangerIBLinter-t.build/Objects-normal/arm64_32/DangerIBLinter_const_extract_protocols.json (in target 'DangerIBLinter' from project 'DangerIBLinter')
    cd /Users/admin/builder/spi-builder-workspace
    write-file /Users/admin/builder/spi-builder-workspace/.derivedData/Build/Intermediates.noindex/DangerIBLinter.build/Debug-watchos/DangerIBLinter-t.build/Objects-normal/arm64_32/DangerIBLinter_const_extract_protocols.json
WriteAuxiliaryFile /Users/admin/builder/spi-builder-workspace/.derivedData/Build/Intermediates.noindex/DangerIBLinter.build/Debug-watchos/DangerIBLinter-t.build/Objects-normal/arm64_32/DangerIBLinter.SwiftFileList (in target 'DangerIBLinter' from project 'DangerIBLinter')
    cd /Users/admin/builder/spi-builder-workspace
    write-file /Users/admin/builder/spi-builder-workspace/.derivedData/Build/Intermediates.noindex/DangerIBLinter.build/Debug-watchos/DangerIBLinter-t.build/Objects-normal/arm64_32/DangerIBLinter.SwiftFileList
WriteAuxiliaryFile /Users/admin/builder/spi-builder-workspace/.derivedData/Build/Intermediates.noindex/DangerIBLinter.build/Debug-watchos/DangerIBLinter-t.build/Objects-normal/arm64_32/DangerIBLinter-OutputFileMap.json (in target 'DangerIBLinter' from project 'DangerIBLinter')
    cd /Users/admin/builder/spi-builder-workspace
    write-file /Users/admin/builder/spi-builder-workspace/.derivedData/Build/Intermediates.noindex/DangerIBLinter.build/Debug-watchos/DangerIBLinter-t.build/Objects-normal/arm64_32/DangerIBLinter-OutputFileMap.json
WriteAuxiliaryFile /Users/admin/builder/spi-builder-workspace/.derivedData/Build/Intermediates.noindex/DangerIBLinter.build/Debug-watchos/DangerIBLinter-t.build/Objects-normal/arm64/DangerIBLinter.SwiftFileList (in target 'DangerIBLinter' from project 'DangerIBLinter')
    cd /Users/admin/builder/spi-builder-workspace
    write-file /Users/admin/builder/spi-builder-workspace/.derivedData/Build/Intermediates.noindex/DangerIBLinter.build/Debug-watchos/DangerIBLinter-t.build/Objects-normal/arm64/DangerIBLinter.SwiftFileList
WriteAuxiliaryFile /Users/admin/builder/spi-builder-workspace/.derivedData/Build/Intermediates.noindex/DangerIBLinter.build/Debug-watchos/DangerIBLinter-t.build/Objects-normal/arm64/DangerIBLinter_const_extract_protocols.json (in target 'DangerIBLinter' from project 'DangerIBLinter')
    cd /Users/admin/builder/spi-builder-workspace
    write-file /Users/admin/builder/spi-builder-workspace/.derivedData/Build/Intermediates.noindex/DangerIBLinter.build/Debug-watchos/DangerIBLinter-t.build/Objects-normal/arm64/DangerIBLinter_const_extract_protocols.json
WriteAuxiliaryFile /Users/admin/builder/spi-builder-workspace/.derivedData/Build/Intermediates.noindex/DangerIBLinter.build/Debug-watchos/DangerIBLinter-t.build/Objects-normal/arm64/DangerIBLinter.SwiftConstValuesFileList (in target 'DangerIBLinter' from project 'DangerIBLinter')
    cd /Users/admin/builder/spi-builder-workspace
    write-file /Users/admin/builder/spi-builder-workspace/.derivedData/Build/Intermediates.noindex/DangerIBLinter.build/Debug-watchos/DangerIBLinter-t.build/Objects-normal/arm64/DangerIBLinter.SwiftConstValuesFileList
WriteAuxiliaryFile /Users/admin/builder/spi-builder-workspace/.derivedData/Build/Intermediates.noindex/DangerIBLinter.build/Debug-watchos/DangerIBLinter-t.build/Objects-normal/arm64/DangerIBLinter.LinkFileList (in target 'DangerIBLinter' from project 'DangerIBLinter')
    cd /Users/admin/builder/spi-builder-workspace
    write-file /Users/admin/builder/spi-builder-workspace/.derivedData/Build/Intermediates.noindex/DangerIBLinter.build/Debug-watchos/DangerIBLinter-t.build/Objects-normal/arm64/DangerIBLinter.LinkFileList
WriteAuxiliaryFile /Users/admin/builder/spi-builder-workspace/.derivedData/Build/Intermediates.noindex/DangerIBLinter.build/Debug-watchos/DangerIBLinter-t.build/Objects-normal/arm64/DangerIBLinter-OutputFileMap.json (in target 'DangerIBLinter' from project 'DangerIBLinter')
    cd /Users/admin/builder/spi-builder-workspace
    write-file /Users/admin/builder/spi-builder-workspace/.derivedData/Build/Intermediates.noindex/DangerIBLinter.build/Debug-watchos/DangerIBLinter-t.build/Objects-normal/arm64/DangerIBLinter-OutputFileMap.json
WriteAuxiliaryFile /Users/admin/builder/spi-builder-workspace/.derivedData/Build/Intermediates.noindex/DangerIBLinter.build/Debug-watchos/DangerIBLinter-t.build/DangerIBLinter.modulemap (in target 'DangerIBLinter' from project 'DangerIBLinter')
    cd /Users/admin/builder/spi-builder-workspace
    write-file /Users/admin/builder/spi-builder-workspace/.derivedData/Build/Intermediates.noindex/DangerIBLinter.build/Debug-watchos/DangerIBLinter-t.build/DangerIBLinter.modulemap
WriteAuxiliaryFile /Users/admin/builder/spi-builder-workspace/.derivedData/Build/Intermediates.noindex/DangerIBLinter.build/Debug-watchos/DangerIBLinter-t.build/DangerIBLinter.DependencyStaticMetadataFileList (in target 'DangerIBLinter' from project 'DangerIBLinter')
    cd /Users/admin/builder/spi-builder-workspace
    write-file /Users/admin/builder/spi-builder-workspace/.derivedData/Build/Intermediates.noindex/DangerIBLinter.build/Debug-watchos/DangerIBLinter-t.build/DangerIBLinter.DependencyStaticMetadataFileList
WriteAuxiliaryFile /Users/admin/builder/spi-builder-workspace/.derivedData/Build/Intermediates.noindex/DangerIBLinter.build/Debug-watchos/DangerIBLinter-t.build/DangerIBLinter.DependencyMetadataFileList (in target 'DangerIBLinter' from project 'DangerIBLinter')
    cd /Users/admin/builder/spi-builder-workspace
    write-file /Users/admin/builder/spi-builder-workspace/.derivedData/Build/Intermediates.noindex/DangerIBLinter.build/Debug-watchos/DangerIBLinter-t.build/DangerIBLinter.DependencyMetadataFileList
Copy /Users/admin/builder/spi-builder-workspace/.derivedData/Build/Intermediates.noindex/GeneratedModuleMaps-watchos/DangerIBLinter.modulemap /Users/admin/builder/spi-builder-workspace/.derivedData/Build/Intermediates.noindex/DangerIBLinter.build/Debug-watchos/DangerIBLinter-t.build/DangerIBLinter.modulemap (in target 'DangerIBLinter' from project 'DangerIBLinter')
    cd /Users/admin/builder/spi-builder-workspace
    builtin-copy -exclude .DS_Store -exclude CVS -exclude .svn -exclude .git -exclude .hg -resolve-src-symlinks /Users/admin/builder/spi-builder-workspace/.derivedData/Build/Intermediates.noindex/DangerIBLinter.build/Debug-watchos/DangerIBLinter-t.build/DangerIBLinter.modulemap /Users/admin/builder/spi-builder-workspace/.derivedData/Build/Intermediates.noindex/GeneratedModuleMaps-watchos
SwiftDriver RequestKit normal arm64_32 com.apple.xcode.tools.swift.compiler (in target 'RequestKit' from project 'RequestKit')
    cd /Users/admin/builder/spi-builder-workspace/.swiftpm/xcode
    builtin-SwiftDriver -- /Applications/Xcode-27.0.0-Release.Candidate.app/Contents/Developer/Toolchains/XcodeDefault.xctoolchain/usr/bin/swiftc -parse-as-library -module-name RequestKit -Onone @/Users/admin/builder/spi-builder-workspace/.derivedData/Build/Intermediates.noindex/RequestKit.build/Debug-watchos/RequestKit-t.build/Objects-normal/arm64_32/RequestKit.SwiftFileList -DSWIFT_PACKAGE -DDEBUG -DSWIFT_MODULE_RESOURCE_BUNDLE_UNAVAILABLE -DXcode -plugin-path /Applications/Xcode-27.0.0-Release.Candidate.app/Contents/Developer/Toolchains/XcodeDefault.xctoolchain/usr/lib/swift/host/plugins/testing -enable-experimental-feature DebugDescriptionMacro -sdk /Applications/Xcode-27.0.0-Release.Candidate.app/Contents/Developer/Platforms/WatchOS.platform/Developer/SDKs/WatchOS27.0.sdk -target arm64_32-apple-watchos9.0 -g -module-cache-path /Users/admin/builder/spi-builder-workspace/.derivedData/ModuleCache.noindex -Xfrontend -serialize-debugging-options -profile-coverage-mapping -profile-generate -enable-testing -suppress-warnings -index-store-path /Users/admin/builder/spi-builder-workspace/.derivedData/Index.noindex/DataStore -Xcc -D_LIBCPP_HARDENING_MODE\=_LIBCPP_HARDENING_MODE_DEBUG -swift-version 4.2 -I /Users/admin/builder/spi-builder-workspace/.derivedData/Build/Products/Debug-watchos -Isystem /Applications/Xcode-27.0.0-Release.Candidate.app/Contents/Developer/Platforms/WatchOS.platform/Developer/usr/lib -F /Users/admin/builder/spi-builder-workspace/.derivedData/Build/Products/Debug-watchos -F /Applications/Xcode-27.0.0-Release.Candidate.app/Contents/Developer/Platforms/WatchOS.platform/Developer/Library/Frameworks -F /Applications/Xcode-27.0.0-Release.Candidate.app/Contents/Developer/Platforms/WatchOS.platform/Developer/SDKs/WatchOS27.0.sdk/Developer/Library/Frameworks -c -j10 -enable-batch-mode -incremental -Xcc -ivfsstatcache -Xcc /Users/admin/builder/spi-builder-workspace/.derivedData/SDKStatCaches.noindex/watchos27.0-24R360-e829b21a6f8c9b70876ba0858053c04477534ef55a1706bf4c1112bbb242f0a2.sdkstatcache -output-file-map /Users/admin/builder/spi-builder-workspace/.derivedData/Build/Intermediates.noindex/RequestKit.build/Debug-watchos/RequestKit-t.build/Objects-normal/arm64_32/RequestKit-OutputFileMap.json -save-temps -no-color-diagnostics -emit-dependencies -emit-module -emit-module-path /Users/admin/builder/spi-builder-workspace/.derivedData/Build/Intermediates.noindex/RequestKit.build/Debug-watchos/RequestKit-t.build/Objects-normal/arm64_32/RequestKit.swiftmodule -serialize-diagnostics -validate-clang-modules-once -clang-build-session-file /Users/admin/builder/spi-builder-workspace/.derivedData/ModuleCache.noindex/Session.modulevalidation -Xcc -fmodules-prune-interval\=86400 -Xcc -fmodules-prune-after\=345600 -emit-const-values -const-gather-protocols-list /Users/admin/builder/spi-builder-workspace/.derivedData/Build/Intermediates.noindex/RequestKit.build/Debug-watchos/RequestKit-t.build/Objects-normal/arm64_32/RequestKit_const_extract_protocols.json -Xcc -I/Users/admin/builder/spi-builder-workspace/.derivedData/Build/Products/Debug-watchos/include -Xcc -I/Users/admin/builder/spi-builder-workspace/.derivedData/Build/Intermediates.noindex/RequestKit.build/Debug-watchos/RequestKit-t.build/DerivedSources-normal/arm64_32 -Xcc -I/Users/admin/builder/spi-builder-workspace/.derivedData/Build/Intermediates.noindex/RequestKit.build/Debug-watchos/RequestKit-t.build/DerivedSources/arm64_32 -Xcc -I/Users/admin/builder/spi-builder-workspace/.derivedData/Build/Intermediates.noindex/RequestKit.build/Debug-watchos/RequestKit-t.build/DerivedSources -Xcc -DSWIFT_PACKAGE -Xcc -DDEBUG\=1 -emit-objc-header -emit-objc-header-path /Users/admin/builder/spi-builder-workspace/.derivedData/Build/Intermediates.noindex/RequestKit.build/Debug-watchos/RequestKit-t.build/Objects-normal/arm64_32/RequestKit-Swift.h -working-directory /Users/admin/builder/spi-builder-workspace/.swiftpm/xcode -experimental-emit-module-separately -disable-cmo
SwiftDriver ShellOut normal arm64_32 com.apple.xcode.tools.swift.compiler (in target 'ShellOut' from project 'ShellOut')
    cd /Users/admin/builder/spi-builder-workspace/.swiftpm/xcode
    builtin-SwiftDriver -- /Applications/Xcode-27.0.0-Release.Candidate.app/Contents/Developer/Toolchains/XcodeDefault.xctoolchain/usr/bin/swiftc -parse-as-library -module-name ShellOut -Onone @/Users/admin/builder/spi-builder-workspace/.derivedData/Build/Intermediates.noindex/ShellOut.build/Debug-watchos/ShellOut-t.build/Objects-normal/arm64_32/ShellOut.SwiftFileList -DSWIFT_PACKAGE -DDEBUG -DSWIFT_MODULE_RESOURCE_BUNDLE_UNAVAILABLE -DXcode -plugin-path /Applications/Xcode-27.0.0-Release.Candidate.app/Contents/Developer/Toolchains/XcodeDefault.xctoolchain/usr/lib/swift/host/plugins/testing -enable-experimental-feature DebugDescriptionMacro -sdk /Applications/Xcode-27.0.0-Release.Candidate.app/Contents/Developer/Platforms/WatchOS.platform/Developer/SDKs/WatchOS27.0.sdk -target arm64_32-apple-watchos9.0 -g -module-cache-path /Users/admin/builder/spi-builder-workspace/.derivedData/ModuleCache.noindex -Xfrontend -serialize-debugging-options -profile-coverage-mapping -profile-generate -enable-testing -suppress-warnings -index-store-path /Users/admin/builder/spi-builder-workspace/.derivedData/Index.noindex/DataStore -Xcc -D_LIBCPP_HARDENING_MODE\=_LIBCPP_HARDENING_MODE_DEBUG -swift-version 4.2 -I /Users/admin/builder/spi-builder-workspace/.derivedData/Build/Products/Debug-watchos -Isystem /Applications/Xcode-27.0.0-Release.Candidate.app/Contents/Developer/Platforms/WatchOS.platform/Developer/usr/lib -F /Users/admin/builder/spi-builder-workspace/.derivedData/Build/Products/Debug-watchos -F /Applications/Xcode-27.0.0-Release.Candidate.app/Contents/Developer/Platforms/WatchOS.platform/Developer/Library/Frameworks -F /Applications/Xcode-27.0.0-Release.Candidate.app/Contents/Developer/Platforms/WatchOS.platform/Developer/SDKs/WatchOS27.0.sdk/Developer/Library/Frameworks -c -j10 -enable-batch-mode -incremental -Xcc -ivfsstatcache -Xcc /Users/admin/builder/spi-builder-workspace/.derivedData/SDKStatCaches.noindex/watchos27.0-24R360-e829b21a6f8c9b70876ba0858053c04477534ef55a1706bf4c1112bbb242f0a2.sdkstatcache -output-file-map /Users/admin/builder/spi-builder-workspace/.derivedData/Build/Intermediates.noindex/ShellOut.build/Debug-watchos/ShellOut-t.build/Objects-normal/arm64_32/ShellOut-OutputFileMap.json -save-temps -no-color-diagnostics -emit-dependencies -emit-module -emit-module-path /Users/admin/builder/spi-builder-workspace/.derivedData/Build/Intermediates.noindex/ShellOut.build/Debug-watchos/ShellOut-t.build/Objects-normal/arm64_32/ShellOut.swiftmodule -serialize-diagnostics -validate-clang-modules-once -clang-build-session-file /Users/admin/builder/spi-builder-workspace/.derivedData/ModuleCache.noindex/Session.modulevalidation -Xcc -fmodules-prune-interval\=86400 -Xcc -fmodules-prune-after\=345600 -emit-const-values -const-gather-protocols-list /Users/admin/builder/spi-builder-workspace/.derivedData/Build/Intermediates.noindex/ShellOut.build/Debug-watchos/ShellOut-t.build/Objects-normal/arm64_32/ShellOut_const_extract_protocols.json -Xcc -I/Users/admin/builder/spi-builder-workspace/.derivedData/Build/Products/Debug-watchos/include -Xcc -I/Users/admin/builder/spi-builder-workspace/.derivedData/Build/Intermediates.noindex/ShellOut.build/Debug-watchos/ShellOut-t.build/DerivedSources-normal/arm64_32 -Xcc -I/Users/admin/builder/spi-builder-workspace/.derivedData/Build/Intermediates.noindex/ShellOut.build/Debug-watchos/ShellOut-t.build/DerivedSources/arm64_32 -Xcc -I/Users/admin/builder/spi-builder-workspace/.derivedData/Build/Intermediates.noindex/ShellOut.build/Debug-watchos/ShellOut-t.build/DerivedSources -Xcc -DSWIFT_PACKAGE -Xcc -DDEBUG\=1 -emit-objc-header -emit-objc-header-path /Users/admin/builder/spi-builder-workspace/.derivedData/Build/Intermediates.noindex/ShellOut.build/Debug-watchos/ShellOut-t.build/Objects-normal/arm64_32/ShellOut-Swift.h -working-directory /Users/admin/builder/spi-builder-workspace/.swiftpm/xcode -experimental-emit-module-separately -disable-cmo
SwiftDriver RequestKit normal arm64 com.apple.xcode.tools.swift.compiler (in target 'RequestKit' from project 'RequestKit')
    cd /Users/admin/builder/spi-builder-workspace/.swiftpm/xcode
    builtin-SwiftDriver -- /Applications/Xcode-27.0.0-Release.Candidate.app/Contents/Developer/Toolchains/XcodeDefault.xctoolchain/usr/bin/swiftc -parse-as-library -module-name RequestKit -Onone @/Users/admin/builder/spi-builder-workspace/.derivedData/Build/Intermediates.noindex/RequestKit.build/Debug-watchos/RequestKit-t.build/Objects-normal/arm64/RequestKit.SwiftFileList -DSWIFT_PACKAGE -DDEBUG -DSWIFT_MODULE_RESOURCE_BUNDLE_UNAVAILABLE -DXcode -plugin-path /Applications/Xcode-27.0.0-Release.Candidate.app/Contents/Developer/Toolchains/XcodeDefault.xctoolchain/usr/lib/swift/host/plugins/testing -enable-experimental-feature DebugDescriptionMacro -sdk /Applications/Xcode-27.0.0-Release.Candidate.app/Contents/Developer/Platforms/WatchOS.platform/Developer/SDKs/WatchOS27.0.sdk -target arm64-apple-watchos9.0 -g -module-cache-path /Users/admin/builder/spi-builder-workspace/.derivedData/ModuleCache.noindex -Xfrontend -serialize-debugging-options -profile-coverage-mapping -profile-generate -enable-testing -suppress-warnings -index-store-path /Users/admin/builder/spi-builder-workspace/.derivedData/Index.noindex/DataStore -Xcc -D_LIBCPP_HARDENING_MODE\=_LIBCPP_HARDENING_MODE_DEBUG -swift-version 4.2 -I /Users/admin/builder/spi-builder-workspace/.derivedData/Build/Products/Debug-watchos -Isystem /Applications/Xcode-27.0.0-Release.Candidate.app/Contents/Developer/Platforms/WatchOS.platform/Developer/usr/lib -F /Users/admin/builder/spi-builder-workspace/.derivedData/Build/Products/Debug-watchos -F /Applications/Xcode-27.0.0-Release.Candidate.app/Contents/Developer/Platforms/WatchOS.platform/Developer/Library/Frameworks -F /Applications/Xcode-27.0.0-Release.Candidate.app/Contents/Developer/Platforms/WatchOS.platform/Developer/SDKs/WatchOS27.0.sdk/Developer/Library/Frameworks -c -j10 -enable-batch-mode -incremental -Xcc -ivfsstatcache -Xcc /Users/admin/builder/spi-builder-workspace/.derivedData/SDKStatCaches.noindex/watchos27.0-24R360-e829b21a6f8c9b70876ba0858053c04477534ef55a1706bf4c1112bbb242f0a2.sdkstatcache -output-file-map /Users/admin/builder/spi-builder-workspace/.derivedData/Build/Intermediates.noindex/RequestKit.build/Debug-watchos/RequestKit-t.build/Objects-normal/arm64/RequestKit-OutputFileMap.json -save-temps -no-color-diagnostics -emit-dependencies -emit-module -emit-module-path /Users/admin/builder/spi-builder-workspace/.derivedData/Build/Intermediates.noindex/RequestKit.build/Debug-watchos/RequestKit-t.build/Objects-normal/arm64/RequestKit.swiftmodule -serialize-diagnostics -validate-clang-modules-once -clang-build-session-file /Users/admin/builder/spi-builder-workspace/.derivedData/ModuleCache.noindex/Session.modulevalidation -Xcc -fmodules-prune-interval\=86400 -Xcc -fmodules-prune-after\=345600 -emit-const-values -const-gather-protocols-list /Users/admin/builder/spi-builder-workspace/.derivedData/Build/Intermediates.noindex/RequestKit.build/Debug-watchos/RequestKit-t.build/Objects-normal/arm64/RequestKit_const_extract_protocols.json -Xcc -I/Users/admin/builder/spi-builder-workspace/.derivedData/Build/Products/Debug-watchos/include -Xcc -I/Users/admin/builder/spi-builder-workspace/.derivedData/Build/Intermediates.noindex/RequestKit.build/Debug-watchos/RequestKit-t.build/DerivedSources-normal/arm64 -Xcc -I/Users/admin/builder/spi-builder-workspace/.derivedData/Build/Intermediates.noindex/RequestKit.build/Debug-watchos/RequestKit-t.build/DerivedSources/arm64 -Xcc -I/Users/admin/builder/spi-builder-workspace/.derivedData/Build/Intermediates.noindex/RequestKit.build/Debug-watchos/RequestKit-t.build/DerivedSources -Xcc -DSWIFT_PACKAGE -Xcc -DDEBUG\=1 -emit-objc-header -emit-objc-header-path /Users/admin/builder/spi-builder-workspace/.derivedData/Build/Intermediates.noindex/RequestKit.build/Debug-watchos/RequestKit-t.build/Objects-normal/arm64/RequestKit-Swift.h -working-directory /Users/admin/builder/spi-builder-workspace/.swiftpm/xcode -experimental-emit-module-separately -disable-cmo
SwiftDriver ShellOut normal arm64 com.apple.xcode.tools.swift.compiler (in target 'ShellOut' from project 'ShellOut')
    cd /Users/admin/builder/spi-builder-workspace/.swiftpm/xcode
    builtin-SwiftDriver -- /Applications/Xcode-27.0.0-Release.Candidate.app/Contents/Developer/Toolchains/XcodeDefault.xctoolchain/usr/bin/swiftc -parse-as-library -module-name ShellOut -Onone @/Users/admin/builder/spi-builder-workspace/.derivedData/Build/Intermediates.noindex/ShellOut.build/Debug-watchos/ShellOut-t.build/Objects-normal/arm64/ShellOut.SwiftFileList -DSWIFT_PACKAGE -DDEBUG -DSWIFT_MODULE_RESOURCE_BUNDLE_UNAVAILABLE -DXcode -plugin-path /Applications/Xcode-27.0.0-Release.Candidate.app/Contents/Developer/Toolchains/XcodeDefault.xctoolchain/usr/lib/swift/host/plugins/testing -enable-experimental-feature DebugDescriptionMacro -sdk /Applications/Xcode-27.0.0-Release.Candidate.app/Contents/Developer/Platforms/WatchOS.platform/Developer/SDKs/WatchOS27.0.sdk -target arm64-apple-watchos9.0 -g -module-cache-path /Users/admin/builder/spi-builder-workspace/.derivedData/ModuleCache.noindex -Xfrontend -serialize-debugging-options -profile-coverage-mapping -profile-generate -enable-testing -suppress-warnings -index-store-path /Users/admin/builder/spi-builder-workspace/.derivedData/Index.noindex/DataStore -Xcc -D_LIBCPP_HARDENING_MODE\=_LIBCPP_HARDENING_MODE_DEBUG -swift-version 4.2 -I /Users/admin/builder/spi-builder-workspace/.derivedData/Build/Products/Debug-watchos -Isystem /Applications/Xcode-27.0.0-Release.Candidate.app/Contents/Developer/Platforms/WatchOS.platform/Developer/usr/lib -F /Users/admin/builder/spi-builder-workspace/.derivedData/Build/Products/Debug-watchos -F /Applications/Xcode-27.0.0-Release.Candidate.app/Contents/Developer/Platforms/WatchOS.platform/Developer/Library/Frameworks -F /Applications/Xcode-27.0.0-Release.Candidate.app/Contents/Developer/Platforms/WatchOS.platform/Developer/SDKs/WatchOS27.0.sdk/Developer/Library/Frameworks -c -j10 -enable-batch-mode -incremental -Xcc -ivfsstatcache -Xcc /Users/admin/builder/spi-builder-workspace/.derivedData/SDKStatCaches.noindex/watchos27.0-24R360-e829b21a6f8c9b70876ba0858053c04477534ef55a1706bf4c1112bbb242f0a2.sdkstatcache -output-file-map /Users/admin/builder/spi-builder-workspace/.derivedData/Build/Intermediates.noindex/ShellOut.build/Debug-watchos/ShellOut-t.build/Objects-normal/arm64/ShellOut-OutputFileMap.json -save-temps -no-color-diagnostics -emit-dependencies -emit-module -emit-module-path /Users/admin/builder/spi-builder-workspace/.derivedData/Build/Intermediates.noindex/ShellOut.build/Debug-watchos/ShellOut-t.build/Objects-normal/arm64/ShellOut.swiftmodule -serialize-diagnostics -validate-clang-modules-once -clang-build-session-file /Users/admin/builder/spi-builder-workspace/.derivedData/ModuleCache.noindex/Session.modulevalidation -Xcc -fmodules-prune-interval\=86400 -Xcc -fmodules-prune-after\=345600 -emit-const-values -const-gather-protocols-list /Users/admin/builder/spi-builder-workspace/.derivedData/Build/Intermediates.noindex/ShellOut.build/Debug-watchos/ShellOut-t.build/Objects-normal/arm64/ShellOut_const_extract_protocols.json -Xcc -I/Users/admin/builder/spi-builder-workspace/.derivedData/Build/Products/Debug-watchos/include -Xcc -I/Users/admin/builder/spi-builder-workspace/.derivedData/Build/Intermediates.noindex/ShellOut.build/Debug-watchos/ShellOut-t.build/DerivedSources-normal/arm64 -Xcc -I/Users/admin/builder/spi-builder-workspace/.derivedData/Build/Intermediates.noindex/ShellOut.build/Debug-watchos/ShellOut-t.build/DerivedSources/arm64 -Xcc -I/Users/admin/builder/spi-builder-workspace/.derivedData/Build/Intermediates.noindex/ShellOut.build/Debug-watchos/ShellOut-t.build/DerivedSources -Xcc -DSWIFT_PACKAGE -Xcc -DDEBUG\=1 -emit-objc-header -emit-objc-header-path /Users/admin/builder/spi-builder-workspace/.derivedData/Build/Intermediates.noindex/ShellOut.build/Debug-watchos/ShellOut-t.build/Objects-normal/arm64/ShellOut-Swift.h -working-directory /Users/admin/builder/spi-builder-workspace/.swiftpm/xcode -experimental-emit-module-separately -disable-cmo
SwiftDriver Logger normal arm64_32 com.apple.xcode.tools.swift.compiler (in target 'Logger' from project 'Logger')
    cd /Users/admin/builder/spi-builder-workspace/.swiftpm/xcode
    builtin-SwiftDriver -- /Applications/Xcode-27.0.0-Release.Candidate.app/Contents/Developer/Toolchains/XcodeDefault.xctoolchain/usr/bin/swiftc -parse-as-library -module-name Logger -Onone @/Users/admin/builder/spi-builder-workspace/.derivedData/Build/Intermediates.noindex/Logger.build/Debug-watchos/Logger-t.build/Objects-normal/arm64_32/Logger.SwiftFileList -DSWIFT_PACKAGE -DDEBUG -DSWIFT_MODULE_RESOURCE_BUNDLE_UNAVAILABLE -DXcode -plugin-path /Applications/Xcode-27.0.0-Release.Candidate.app/Contents/Developer/Toolchains/XcodeDefault.xctoolchain/usr/lib/swift/host/plugins/testing -enable-experimental-feature DebugDescriptionMacro -sdk /Applications/Xcode-27.0.0-Release.Candidate.app/Contents/Developer/Platforms/WatchOS.platform/Developer/SDKs/WatchOS27.0.sdk -target arm64_32-apple-watchos9.0 -g -module-cache-path /Users/admin/builder/spi-builder-workspace/.derivedData/ModuleCache.noindex -Xfrontend -serialize-debugging-options -profile-coverage-mapping -profile-generate -enable-testing -suppress-warnings -index-store-path /Users/admin/builder/spi-builder-workspace/.derivedData/Index.noindex/DataStore -Xcc -D_LIBCPP_HARDENING_MODE\=_LIBCPP_HARDENING_MODE_DEBUG -swift-version 4.2 -I /Users/admin/builder/spi-builder-workspace/.derivedData/Build/Products/Debug-watchos -Isystem /Applications/Xcode-27.0.0-Release.Candidate.app/Contents/Developer/Platforms/WatchOS.platform/Developer/usr/lib -F /Users/admin/builder/spi-builder-workspace/.derivedData/Build/Products/Debug-watchos -F /Applications/Xcode-27.0.0-Release.Candidate.app/Contents/Developer/Platforms/WatchOS.platform/Developer/Library/Frameworks -F /Applications/Xcode-27.0.0-Release.Candidate.app/Contents/Developer/Platforms/WatchOS.platform/Developer/SDKs/WatchOS27.0.sdk/Developer/Library/Frameworks -c -j10 -enable-batch-mode -incremental -Xcc -ivfsstatcache -Xcc /Users/admin/builder/spi-builder-workspace/.derivedData/SDKStatCaches.noindex/watchos27.0-24R360-e829b21a6f8c9b70876ba0858053c04477534ef55a1706bf4c1112bbb242f0a2.sdkstatcache -output-file-map /Users/admin/builder/spi-builder-workspace/.derivedData/Build/Intermediates.noindex/Logger.build/Debug-watchos/Logger-t.build/Objects-normal/arm64_32/Logger-OutputFileMap.json -save-temps -no-color-diagnostics -emit-dependencies -emit-module -emit-module-path /Users/admin/builder/spi-builder-workspace/.derivedData/Build/Intermediates.noindex/Logger.build/Debug-watchos/Logger-t.build/Objects-normal/arm64_32/Logger.swiftmodule -serialize-diagnostics -validate-clang-modules-once -clang-build-session-file /Users/admin/builder/spi-builder-workspace/.derivedData/ModuleCache.noindex/Session.modulevalidation -Xcc -fmodules-prune-interval\=86400 -Xcc -fmodules-prune-after\=345600 -emit-const-values -const-gather-protocols-list /Users/admin/builder/spi-builder-workspace/.derivedData/Build/Intermediates.noindex/Logger.build/Debug-watchos/Logger-t.build/Objects-normal/arm64_32/Logger_const_extract_protocols.json -Xcc -I/Users/admin/builder/spi-builder-workspace/.derivedData/Build/Products/Debug-watchos/include -Xcc -I/Users/admin/builder/spi-builder-workspace/.derivedData/Build/Intermediates.noindex/Logger.build/Debug-watchos/Logger-t.build/DerivedSources-normal/arm64_32 -Xcc -I/Users/admin/builder/spi-builder-workspace/.derivedData/Build/Intermediates.noindex/Logger.build/Debug-watchos/Logger-t.build/DerivedSources/arm64_32 -Xcc -I/Users/admin/builder/spi-builder-workspace/.derivedData/Build/Intermediates.noindex/Logger.build/Debug-watchos/Logger-t.build/DerivedSources -Xcc -DSWIFT_PACKAGE -Xcc -DDEBUG\=1 -emit-objc-header -emit-objc-header-path /Users/admin/builder/spi-builder-workspace/.derivedData/Build/Intermediates.noindex/Logger.build/Debug-watchos/Logger-t.build/Objects-normal/arm64_32/Logger-Swift.h -working-directory /Users/admin/builder/spi-builder-workspace/.swiftpm/xcode -experimental-emit-module-separately -disable-cmo
SwiftDriver Logger normal arm64 com.apple.xcode.tools.swift.compiler (in target 'Logger' from project 'Logger')
    cd /Users/admin/builder/spi-builder-workspace/.swiftpm/xcode
    builtin-SwiftDriver -- /Applications/Xcode-27.0.0-Release.Candidate.app/Contents/Developer/Toolchains/XcodeDefault.xctoolchain/usr/bin/swiftc -parse-as-library -module-name Logger -Onone @/Users/admin/builder/spi-builder-workspace/.derivedData/Build/Intermediates.noindex/Logger.build/Debug-watchos/Logger-t.build/Objects-normal/arm64/Logger.SwiftFileList -DSWIFT_PACKAGE -DDEBUG -DSWIFT_MODULE_RESOURCE_BUNDLE_UNAVAILABLE -DXcode -plugin-path /Applications/Xcode-27.0.0-Release.Candidate.app/Contents/Developer/Toolchains/XcodeDefault.xctoolchain/usr/lib/swift/host/plugins/testing -enable-experimental-feature DebugDescriptionMacro -sdk /Applications/Xcode-27.0.0-Release.Candidate.app/Contents/Developer/Platforms/WatchOS.platform/Developer/SDKs/WatchOS27.0.sdk -target arm64-apple-watchos9.0 -g -module-cache-path /Users/admin/builder/spi-builder-workspace/.derivedData/ModuleCache.noindex -Xfrontend -serialize-debugging-options -profile-coverage-mapping -profile-generate -enable-testing -suppress-warnings -index-store-path /Users/admin/builder/spi-builder-workspace/.derivedData/Index.noindex/DataStore -Xcc -D_LIBCPP_HARDENING_MODE\=_LIBCPP_HARDENING_MODE_DEBUG -swift-version 4.2 -I /Users/admin/builder/spi-builder-workspace/.derivedData/Build/Products/Debug-watchos -Isystem /Applications/Xcode-27.0.0-Release.Candidate.app/Contents/Developer/Platforms/WatchOS.platform/Developer/usr/lib -F /Users/admin/builder/spi-builder-workspace/.derivedData/Build/Products/Debug-watchos -F /Applications/Xcode-27.0.0-Release.Candidate.app/Contents/Developer/Platforms/WatchOS.platform/Developer/Library/Frameworks -F /Applications/Xcode-27.0.0-Release.Candidate.app/Contents/Developer/Platforms/WatchOS.platform/Developer/SDKs/WatchOS27.0.sdk/Developer/Library/Frameworks -c -j10 -enable-batch-mode -incremental -Xcc -ivfsstatcache -Xcc /Users/admin/builder/spi-builder-workspace/.derivedData/SDKStatCaches.noindex/watchos27.0-24R360-e829b21a6f8c9b70876ba0858053c04477534ef55a1706bf4c1112bbb242f0a2.sdkstatcache -output-file-map /Users/admin/builder/spi-builder-workspace/.derivedData/Build/Intermediates.noindex/Logger.build/Debug-watchos/Logger-t.build/Objects-normal/arm64/Logger-OutputFileMap.json -save-temps -no-color-diagnostics -emit-dependencies -emit-module -emit-module-path /Users/admin/builder/spi-builder-workspace/.derivedData/Build/Intermediates.noindex/Logger.build/Debug-watchos/Logger-t.build/Objects-normal/arm64/Logger.swiftmodule -serialize-diagnostics -validate-clang-modules-once -clang-build-session-file /Users/admin/builder/spi-builder-workspace/.derivedData/ModuleCache.noindex/Session.modulevalidation -Xcc -fmodules-prune-interval\=86400 -Xcc -fmodules-prune-after\=345600 -emit-const-values -const-gather-protocols-list /Users/admin/builder/spi-builder-workspace/.derivedData/Build/Intermediates.noindex/Logger.build/Debug-watchos/Logger-t.build/Objects-normal/arm64/Logger_const_extract_protocols.json -Xcc -I/Users/admin/builder/spi-builder-workspace/.derivedData/Build/Products/Debug-watchos/include -Xcc -I/Users/admin/builder/spi-builder-workspace/.derivedData/Build/Intermediates.noindex/Logger.build/Debug-watchos/Logger-t.build/DerivedSources-normal/arm64 -Xcc -I/Users/admin/builder/spi-builder-workspace/.derivedData/Build/Intermediates.noindex/Logger.build/Debug-watchos/Logger-t.build/DerivedSources/arm64 -Xcc -I/Users/admin/builder/spi-builder-workspace/.derivedData/Build/Intermediates.noindex/Logger.build/Debug-watchos/Logger-t.build/DerivedSources -Xcc -DSWIFT_PACKAGE -Xcc -DDEBUG\=1 -emit-objc-header -emit-objc-header-path /Users/admin/builder/spi-builder-workspace/.derivedData/Build/Intermediates.noindex/Logger.build/Debug-watchos/Logger-t.build/Objects-normal/arm64/Logger-Swift.h -working-directory /Users/admin/builder/spi-builder-workspace/.swiftpm/xcode -experimental-emit-module-separately -disable-cmo
SwiftEmitModule normal arm64_32 Emitting\ module\ for\ Logger (in target 'Logger' from project 'Logger')
SwiftCompile normal arm64_32 (in target 'Logger' from project 'Logger')
    cd /Users/admin/builder/spi-builder-workspace/.swiftpm/xcode

SwiftCompile normal arm64_32 Compiling\ Logger.swift /Users/admin/builder/spi-builder-workspace/.dependencies/checkouts/Logger/Sources/Logger/Logger.swift (in target 'Logger' from project 'Logger')
SwiftCompile normal arm64_32 /Users/admin/builder/spi-builder-workspace/.dependencies/checkouts/Logger/Sources/Logger/Logger.swift (in target 'Logger' from project 'Logger')
    cd /Users/admin/builder/spi-builder-workspace/.swiftpm/xcode
    builtin-SwiftPerFileCompile Logger.swift
SwiftEmitModule normal arm64_32 Emitting\ module\ for\ ShellOut (in target 'ShellOut' from project 'ShellOut')
/Users/admin/builder/spi-builder-workspace/.dependencies/checkouts/ShellOut/Sources/ShellOut.swift:34:14: error: cannot find type 'Process' in scope
 32 |     arguments: [String] = [],
 33 |     at path: String = ".",
 34 |     process: Process = .init(),
    |              `- error: cannot find type 'Process' in scope
 35 |     outputHandle: FileHandle? = nil,
 36 |     errorHandle: FileHandle? = nil
/Users/admin/builder/spi-builder-workspace/.dependencies/checkouts/ShellOut/Sources/ShellOut.swift:67:14: error: cannot find type 'Process' in scope
 65 |     to commands: [String],
 66 |     at path: String = ".",
 67 |     process: Process = .init(),
    |              `- error: cannot find type 'Process' in scope
 68 |     outputHandle: FileHandle? = nil,
 69 |     errorHandle: FileHandle? = nil
/Users/admin/builder/spi-builder-workspace/.dependencies/checkouts/ShellOut/Sources/ShellOut.swift:102:14: error: cannot find type 'Process' in scope
100 |     to command: ShellOutCommand,
101 |     at path: String = ".",
102 |     process: Process = .init(),
    |              `- error: cannot find type 'Process' in scope
103 |     outputHandle: FileHandle? = nil,
104 |     errorHandle: FileHandle? = nil
/Users/admin/builder/spi-builder-workspace/.dependencies/checkouts/ShellOut/Sources/ShellOut.swift:377:19: error: cannot find type 'Process' in scope
375 | // MARK: - Private
376 |
377 | private extension Process {
    |                   `- error: cannot find type 'Process' in scope
378 |     @discardableResult func launchBash(with command: String, outputHandle: FileHandle? = nil, errorHandle: FileHandle? = nil) throws -> String {
379 |         launchPath = "/bin/bash"
Failed frontend command:
/Applications/Xcode-27.0.0-Release.Candidate.app/Contents/Developer/Toolchains/XcodeDefault.xctoolchain/usr/bin/swift-frontend -frontend -emit-module -experimental-skip-non-inlinable-function-bodies-without-types /Users/admin/builder/spi-builder-workspace/.dependencies/checkouts/ShellOut/Sources/ShellOut.swift -target arm64_32-apple-watchos9.0 -enable-objc-interop -sdk /Applications/Xcode-27.0.0-Release.Candidate.app/Contents/Developer/Platforms/WatchOS.platform/Developer/SDKs/WatchOS27.0.sdk -I /Users/admin/builder/spi-builder-workspace/.derivedData/Build/Products/Debug-watchos -Isystem /Applications/Xcode-27.0.0-Release.Candidate.app/Contents/Developer/Platforms/WatchOS.platform/Developer/usr/lib -F /Users/admin/builder/spi-builder-workspace/.derivedData/Build/Products/Debug-watchos -F /Applications/Xcode-27.0.0-Release.Candidate.app/Contents/Developer/Platforms/WatchOS.platform/Developer/Library/Frameworks -F /Applications/Xcode-27.0.0-Release.Candidate.app/Contents/Developer/Platforms/WatchOS.platform/Developer/SDKs/WatchOS27.0.sdk/Developer/Library/Frameworks -module-cache-path /Users/admin/builder/spi-builder-workspace/.derivedData/ModuleCache.noindex -no-color-diagnostics -Xcc -fno-color-diagnostics -enable-testing -g -debug-info-format\=dwarf -dwarf-version\=4 -suppress-warnings -profile-generate -profile-coverage-mapping -swift-version 4.2 -Onone -D SWIFT_PACKAGE -D DEBUG -D SWIFT_MODULE_RESOURCE_BUNDLE_UNAVAILABLE -D Xcode -serialize-debugging-options -enable-experimental-feature DebugDescriptionMacro -empty-abi-descriptor -plugin-path /Applications/Xcode-27.0.0-Release.Candidate.app/Contents/Developer/Toolchains/XcodeDefault.xctoolchain/usr/lib/swift/host/plugins/testing -validate-clang-modules-once -clang-build-session-file /Users/admin/builder/spi-builder-workspace/.derivedData/ModuleCache.noindex/Session.modulevalidation -Xcc -working-directory -Xcc /Users/admin/builder/spi-builder-workspace/.swiftpm/xcode -enable-anonymous-context-mangled-names -file-compilation-dir /Users/admin/builder/spi-builder-workspace/.swiftpm/xcode -Xcc -D_LIBCPP_HARDENING_MODE\=_LIBCPP_HARDENING_MODE_DEBUG -Xcc -ivfsstatcache -Xcc /Users/admin/builder/spi-builder-workspace/.derivedData/SDKStatCaches.noindex/watchos27.0-24R360-e829b21a6f8c9b70876ba0858053c04477534ef55a1706bf4c1112bbb242f0a2.sdkstatcache -Xcc -fmodules-prune-interval\=86400 -Xcc -fmodules-prune-after\=345600 -Xcc -I/Users/admin/builder/spi-builder-workspace/.derivedData/Build/Products/Debug-watchos/include -Xcc -I/Users/admin/builder/spi-builder-workspace/.derivedData/Build/Intermediates.noindex/ShellOut.build/Debug-watchos/ShellOut-t.build/DerivedSources-normal/arm64_32 -Xcc -I/Users/admin/builder/spi-builder-workspace/.derivedData/Build/Intermediates.noindex/ShellOut.build/Debug-watchos/ShellOut-t.build/DerivedSources/arm64_32 -Xcc -I/Users/admin/builder/spi-builder-workspace/.derivedData/Build/Intermediates.noindex/ShellOut.build/Debug-watchos/ShellOut-t.build/DerivedSources -Xcc -DSWIFT_PACKAGE -Xcc -DDEBUG\=1 -no-auto-bridging-header-chaining -module-name ShellOut -const-gather-protocols-file /Users/admin/builder/spi-builder-workspace/.derivedData/Build/Intermediates.noindex/ShellOut.build/Debug-watchos/ShellOut-t.build/Objects-normal/arm64_32/ShellOut_const_extract_protocols.json -disable-clang-spi -target-sdk-version 27.0 -target-sdk-name watchos27.0 -external-plugin-path /Applications/Xcode-27.0.0-Release.Candidate.app/Contents/Developer/Platforms/WatchOS.platform/Developer/usr/lib/swift/host/plugins\#/Applications/Xcode-27.0.0-Release.Candidate.app/Contents/Developer/Platforms/WatchOS.platform/Developer/usr/bin/swift-plugin-server -external-plugin-path /Applications/Xcode-27.0.0-Release.Candidate.app/Contents/Developer/Platforms/WatchOS.platform/Developer/usr/local/lib/swift/host/plugins\#/Applications/Xcode-27.0.0-Release.Candidate.app/Contents/Developer/Platforms/WatchOS.platform/Developer/usr/bin/swift-plugin-server -in-process-plugin-server-path /Applications/Xcode-27.0.0-Release.Candidate.app/Contents/Developer/Toolchains/XcodeDefault.xctoolchain/usr/lib/swift/host/libSwiftInProcPluginServer.dylib -plugin-path /Applications/Xcode-27.0.0-Release.Candidate.app/Contents/Developer/Toolchains/XcodeDefault.xctoolchain/usr/lib/swift/host/plugins -plugin-path /Applications/Xcode-27.0.0-Release.Candidate.app/Contents/Developer/Toolchains/XcodeDefault.xctoolchain/usr/local/lib/swift/host/plugins -emit-module-doc-path /Users/admin/builder/spi-builder-workspace/.derivedData/Build/Intermediates.noindex/ShellOut.build/Debug-watchos/ShellOut-t.build/Objects-normal/arm64_32/ShellOut.swiftdoc -emit-module-source-info-path /Users/admin/builder/spi-builder-workspace/.derivedData/Build/Intermediates.noindex/ShellOut.build/Debug-watchos/ShellOut-t.build/Objects-normal/arm64_32/ShellOut.swiftsourceinfo -emit-objc-header-path /Users/admin/builder/spi-builder-workspace/.derivedData/Build/Intermediates.noindex/ShellOut.build/Debug-watchos/ShellOut-t.build/Objects-normal/arm64_32/ShellOut-Swift.h -serialize-diagnostics-path /Users/admin/builder/spi-builder-workspace/.derivedData/Build/Intermediates.noindex/ShellOut.build/Debug-watchos/ShellOut-t.build/Objects-normal/arm64_32/ShellOut-primary-emit-module.dia -emit-dependencies-path /Users/admin/builder/spi-builder-workspace/.derivedData/Build/Intermediates.noindex/ShellOut.build/Debug-watchos/ShellOut-t.build/Objects-normal/arm64_32/ShellOut-primary-emit-module.d -parse-as-library -o /Users/admin/builder/spi-builder-workspace/.derivedData/Build/Intermediates.noindex/ShellOut.build/Debug-watchos/ShellOut-t.build/Objects-normal/arm64_32/ShellOut.swiftmodule -emit-abi-descriptor-path /Users/admin/builder/spi-builder-workspace/.derivedData/Build/Intermediates.noindex/ShellOut.build/Debug-watchos/ShellOut-t.build/Objects-normal/arm64_32/ShellOut.abi.json
SwiftCompile normal arm64_32 (in target 'ShellOut' from project 'ShellOut')
    cd /Users/admin/builder/spi-builder-workspace/.swiftpm/xcode

SwiftCompile normal arm64 Compiling\ ShellOut.swift /Users/admin/builder/spi-builder-workspace/.dependencies/checkouts/ShellOut/Sources/ShellOut.swift (in target 'ShellOut' from project 'ShellOut')
SwiftCompile normal arm64 /Users/admin/builder/spi-builder-workspace/.dependencies/checkouts/ShellOut/Sources/ShellOut.swift (in target 'ShellOut' from project 'ShellOut')
    cd /Users/admin/builder/spi-builder-workspace/.swiftpm/xcode
    builtin-SwiftPerFileCompile ShellOut.swift
SwiftEmitModule normal arm64 Emitting\ module\ for\ ShellOut (in target 'ShellOut' from project 'ShellOut')
SwiftCompile normal arm64 (in target 'ShellOut' from project 'ShellOut')
    cd /Users/admin/builder/spi-builder-workspace/.swiftpm/xcode

/Users/admin/builder/spi-builder-workspace/.dependencies/checkouts/ShellOut/Sources/ShellOut.swift:34:14: error: cannot find type 'Process' in scope
 32 |     arguments: [String] = [],
 33 |     at path: String = ".",
 34 |     process: Process = .init(),
    |              `- error: cannot find type 'Process' in scope
 35 |     outputHandle: FileHandle? = nil,
 36 |     errorHandle: FileHandle? = nil
/Users/admin/builder/spi-builder-workspace/.dependencies/checkouts/ShellOut/Sources/ShellOut.swift:67:14: error: cannot find type 'Process' in scope
 65 |     to commands: [String],
 66 |     at path: String = ".",
 67 |     process: Process = .init(),
    |              `- error: cannot find type 'Process' in scope
 68 |     outputHandle: FileHandle? = nil,
 69 |     errorHandle: FileHandle? = nil
SwiftCompile normal arm64_32 Compiling\ ShellOut.swift /Users/admin/builder/spi-builder-workspace/.dependencies/checkouts/ShellOut/Sources/ShellOut.swift (in target 'ShellOut' from project 'ShellOut')
/Users/admin/builder/spi-builder-workspace/.dependencies/checkouts/ShellOut/Sources/ShellOut.swift:34:14: error: cannot find type 'Process' in scope
 32 |     arguments: [String] = [],
 33 |     at path: String = ".",
 34 |     process: Process = .init(),
    |              `- error: cannot find type 'Process' in scope
 35 |     outputHandle: FileHandle? = nil,
 36 |     errorHandle: FileHandle? = nil
/Users/admin/builder/spi-builder-workspace/.dependencies/checkouts/ShellOut/Sources/ShellOut.swift:67:14: error: cannot find type 'Process' in scope
 65 |     to commands: [String],
 66 |     at path: String = ".",
 67 |     process: Process = .init(),
    |              `- error: cannot find type 'Process' in scope
 68 |     outputHandle: FileHandle? = nil,
 69 |     errorHandle: FileHandle? = nil
/Users/admin/builder/spi-builder-workspace/.dependencies/checkouts/ShellOut/Sources/ShellOut.swift:102:14: error: cannot find type 'Process' in scope
100 |     to command: ShellOutCommand,
101 |     at path: String = ".",
102 |     process: Process = .init(),
    |              `- error: cannot find type 'Process' in scope
103 |     outputHandle: FileHandle? = nil,
104 |     errorHandle: FileHandle? = nil
SwiftCompile normal arm64_32 /Users/admin/builder/spi-builder-workspace/.dependencies/checkouts/ShellOut/Sources/ShellOut.swift (in target 'ShellOut' from project 'ShellOut')
    cd /Users/admin/builder/spi-builder-workspace/.swiftpm/xcode
    builtin-SwiftPerFileCompile ShellOut.swift
SwiftEmitModule normal arm64 Emitting\ module\ for\ Logger (in target 'Logger' from project 'Logger')
SwiftCompile normal arm64 (in target 'Logger' from project 'Logger')
    cd /Users/admin/builder/spi-builder-workspace/.swiftpm/xcode

SwiftCompile normal arm64 Compiling\ Logger.swift /Users/admin/builder/spi-builder-workspace/.dependencies/checkouts/Logger/Sources/Logger/Logger.swift (in target 'Logger' from project 'Logger')
SwiftCompile normal arm64 /Users/admin/builder/spi-builder-workspace/.dependencies/checkouts/Logger/Sources/Logger/Logger.swift (in target 'Logger' from project 'Logger')
    cd /Users/admin/builder/spi-builder-workspace/.swiftpm/xcode
    builtin-SwiftPerFileCompile Logger.swift
SwiftEmitModule normal arm64_32 Emitting\ module\ for\ RequestKit (in target 'RequestKit' from project 'RequestKit')
SwiftCompile normal arm64_32 (in target 'RequestKit' from project 'RequestKit')
    cd /Users/admin/builder/spi-builder-workspace/.swiftpm/xcode

SwiftEmitModule normal arm64 Emitting\ module\ for\ RequestKit (in target 'RequestKit' from project 'RequestKit')
SwiftCompile normal arm64 (in target 'RequestKit' from project 'RequestKit')
    cd /Users/admin/builder/spi-builder-workspace/.swiftpm/xcode

SwiftCompile normal arm64 Compiling\ Router.swift /Users/admin/builder/spi-builder-workspace/.dependencies/checkouts/RequestKit/Sources/RequestKit/Router.swift (in target 'RequestKit' from project 'RequestKit')
SwiftCompile normal arm64 /Users/admin/builder/spi-builder-workspace/.dependencies/checkouts/RequestKit/Sources/RequestKit/Router.swift (in target 'RequestKit' from project 'RequestKit')
    cd /Users/admin/builder/spi-builder-workspace/.swiftpm/xcode
    builtin-SwiftPerFileCompile Router.swift
SwiftDriverJobDiscovery normal arm64_32 Emitting module for Logger (in target 'Logger' from project 'Logger')
SwiftCompile normal arm64_32 Compiling\ Router.swift /Users/admin/builder/spi-builder-workspace/.dependencies/checkouts/RequestKit/Sources/RequestKit/Router.swift (in target 'RequestKit' from project 'RequestKit')
SwiftCompile normal arm64_32 /Users/admin/builder/spi-builder-workspace/.dependencies/checkouts/RequestKit/Sources/RequestKit/Router.swift (in target 'RequestKit' from project 'RequestKit')
    cd /Users/admin/builder/spi-builder-workspace/.swiftpm/xcode
    builtin-SwiftPerFileCompile Router.swift
SwiftCompile normal arm64_32 Compiling\ JSONPostRouter.swift /Users/admin/builder/spi-builder-workspace/.dependencies/checkouts/RequestKit/Sources/RequestKit/JSONPostRouter.swift (in target 'RequestKit' from project 'RequestKit')
SwiftCompile normal arm64_32 /Users/admin/builder/spi-builder-workspace/.dependencies/checkouts/RequestKit/Sources/RequestKit/JSONPostRouter.swift (in target 'RequestKit' from project 'RequestKit')
    cd /Users/admin/builder/spi-builder-workspace/.swiftpm/xcode
    builtin-SwiftPerFileCompile JSONPostRouter.swift
SwiftCompile normal arm64_32 Compiling\ RequestKitSession.swift /Users/admin/builder/spi-builder-workspace/.dependencies/checkouts/RequestKit/Sources/RequestKit/RequestKitSession.swift (in target 'RequestKit' from project 'RequestKit')
SwiftCompile normal arm64_32 /Users/admin/builder/spi-builder-workspace/.dependencies/checkouts/RequestKit/Sources/RequestKit/RequestKitSession.swift (in target 'RequestKit' from project 'RequestKit')
    cd /Users/admin/builder/spi-builder-workspace/.swiftpm/xcode
    builtin-SwiftPerFileCompile RequestKitSession.swift
SwiftDriverJobDiscovery normal arm64 Emitting module for Logger (in target 'Logger' from project 'Logger')
SwiftDriverJobDiscovery normal arm64_32 Emitting module for RequestKit (in target 'RequestKit' from project 'RequestKit')
SwiftDriverJobDiscovery normal arm64 Emitting module for RequestKit (in target 'RequestKit' from project 'RequestKit')
SwiftDriver\ Compilation\ Requirements RequestKit normal arm64_32 com.apple.xcode.tools.swift.compiler (in target 'RequestKit' from project 'RequestKit')
    cd /Users/admin/builder/spi-builder-workspace/.swiftpm/xcode
    builtin-Swift-Compilation-Requirements -- /Applications/Xcode-27.0.0-Release.Candidate.app/Contents/Developer/Toolchains/XcodeDefault.xctoolchain/usr/bin/swiftc -parse-as-library -module-name RequestKit -Onone @/Users/admin/builder/spi-builder-workspace/.derivedData/Build/Intermediates.noindex/RequestKit.build/Debug-watchos/RequestKit-t.build/Objects-normal/arm64_32/RequestKit.SwiftFileList -DSWIFT_PACKAGE -DDEBUG -DSWIFT_MODULE_RESOURCE_BUNDLE_UNAVAILABLE -DXcode -plugin-path /Applications/Xcode-27.0.0-Release.Candidate.app/Contents/Developer/Toolchains/XcodeDefault.xctoolchain/usr/lib/swift/host/plugins/testing -enable-experimental-feature DebugDescriptionMacro -sdk /Applications/Xcode-27.0.0-Release.Candidate.app/Contents/Developer/Platforms/WatchOS.platform/Developer/SDKs/WatchOS27.0.sdk -target arm64_32-apple-watchos9.0 -g -module-cache-path /Users/admin/builder/spi-builder-workspace/.derivedData/ModuleCache.noindex -Xfrontend -serialize-debugging-options -profile-coverage-mapping -profile-generate -enable-testing -suppress-warnings -index-store-path /Users/admin/builder/spi-builder-workspace/.derivedData/Index.noindex/DataStore -Xcc -D_LIBCPP_HARDENING_MODE\=_LIBCPP_HARDENING_MODE_DEBUG -swift-version 4.2 -I /Users/admin/builder/spi-builder-workspace/.derivedData/Build/Products/Debug-watchos -Isystem /Applications/Xcode-27.0.0-Release.Candidate.app/Contents/Developer/Platforms/WatchOS.platform/Developer/usr/lib -F /Users/admin/builder/spi-builder-workspace/.derivedData/Build/Products/Debug-watchos -F /Applications/Xcode-27.0.0-Release.Candidate.app/Contents/Developer/Platforms/WatchOS.platform/Developer/Library/Frameworks -F /Applications/Xcode-27.0.0-Release.Candidate.app/Contents/Developer/Platforms/WatchOS.platform/Developer/SDKs/WatchOS27.0.sdk/Developer/Library/Frameworks -c -j10 -enable-batch-mode -incremental -Xcc -ivfsstatcache -Xcc /Users/admin/builder/spi-builder-workspace/.derivedData/SDKStatCaches.noindex/watchos27.0-24R360-e829b21a6f8c9b70876ba0858053c04477534ef55a1706bf4c1112bbb242f0a2.sdkstatcache -output-file-map /Users/admin/builder/spi-builder-workspace/.derivedData/Build/Intermediates.noindex/RequestKit.build/Debug-watchos/RequestKit-t.build/Objects-normal/arm64_32/RequestKit-OutputFileMap.json -save-temps -no-color-diagnostics -emit-dependencies -emit-module -emit-module-path /Users/admin/builder/spi-builder-workspace/.derivedData/Build/Intermediates.noindex/RequestKit.build/Debug-watchos/RequestKit-t.build/Objects-normal/arm64_32/RequestKit.swiftmodule -serialize-diagnostics -validate-clang-modules-once -clang-build-session-file /Users/admin/builder/spi-builder-workspace/.derivedData/ModuleCache.noindex/Session.modulevalidation -Xcc -fmodules-prune-interval\=86400 -Xcc -fmodules-prune-after\=345600 -emit-const-values -const-gather-protocols-list /Users/admin/builder/spi-builder-workspace/.derivedData/Build/Intermediates.noindex/RequestKit.build/Debug-watchos/RequestKit-t.build/Objects-normal/arm64_32/RequestKit_const_extract_protocols.json -Xcc -I/Users/admin/builder/spi-builder-workspace/.derivedData/Build/Products/Debug-watchos/include -Xcc -I/Users/admin/builder/spi-builder-workspace/.derivedData/Build/Intermediates.noindex/RequestKit.build/Debug-watchos/RequestKit-t.build/DerivedSources-normal/arm64_32 -Xcc -I/Users/admin/builder/spi-builder-workspace/.derivedData/Build/Intermediates.noindex/RequestKit.build/Debug-watchos/RequestKit-t.build/DerivedSources/arm64_32 -Xcc -I/Users/admin/builder/spi-builder-workspace/.derivedData/Build/Intermediates.noindex/RequestKit.build/Debug-watchos/RequestKit-t.build/DerivedSources -Xcc -DSWIFT_PACKAGE -Xcc -DDEBUG\=1 -emit-objc-header -emit-objc-header-path /Users/admin/builder/spi-builder-workspace/.derivedData/Build/Intermediates.noindex/RequestKit.build/Debug-watchos/RequestKit-t.build/Objects-normal/arm64_32/RequestKit-Swift.h -working-directory /Users/admin/builder/spi-builder-workspace/.swiftpm/xcode -experimental-emit-module-separately -disable-cmo
PruneExplicitPrecompiledModules /Users/admin/builder/spi-builder-workspace/.derivedData/SDKExplicitPrecompiledModules
PruneExplicitPrecompiledModules /Users/admin/builder/spi-builder-workspace/.derivedData/Build/Intermediates.noindex/ExplicitPrecompiledModules
PruneExplicitPrecompiledModules /Users/admin/builder/spi-builder-workspace/.derivedData/Build/Intermediates.noindex/SwiftExplicitPrecompiledModules
2026-09-16 06:43:50.440 xcodebuild[1015:5683] [MT] IDERunDestination: Supported platforms for the buildables in the current scheme is empty.
** BUILD FAILED **
The following build commands failed:
	SwiftEmitModule normal arm64_32 Emitting\ module\ for\ ShellOut (in target 'ShellOut' from project 'ShellOut')
	SwiftCompile normal arm64_32 (in target 'ShellOut' from project 'ShellOut')
	Building workspace DangerIBLinter with scheme DangerIBLinter
(3 failures)
Command line invocation:
    /Applications/Xcode-27.0.0-Release.Candidate.app/Contents/Developer/usr/bin/xcodebuild -IDEClonedSourcePackagesDirPathOverride=/Users/admin/builder/spi-builder-workspace/.dependencies -resolvePackageDependencies
Resolve Package Graph
Resolved source packages:
  Require: https://github.com/JohnSundell/Require.git @ 2.0.1
  Marathon: https://github.com/JohnSundell/Marathon @ 3.3.0
  RequestKit: https://github.com/nerdishbynature/RequestKit.git @ 3.4.0
  Releases: https://github.com/JohnSundell/Releases.git @ 4.0.0
  Logger: https://github.com/f-meloni/Logger @ 0.2.3
  ShellOut: https://github.com/JohnSundell/ShellOut @ 2.3.0
  danger-swift: https://github.com/danger/danger-swift.git @ 0.8.1
  Files: https://github.com/JohnSundell/Files.git @ 2.3.0
  OctoKit: https://github.com/nerdishbynature/octokit.swift @ 0.14.0
  DangerIBLinter: /Users/admin/builder/spi-builder-workspace
resolved source packages: Require, Marathon, RequestKit, Releases, Logger, ShellOut, danger-swift, Files, OctoKit, DangerIBLinter
2026-09-16 06:43:54.828 xcodebuild[1116:6263] [MT] IDERunDestination: Supported platforms for the buildables in the current scheme is empty.
{
  "dependencies" : [
    {
      "identity" : "danger-swift",
      "requirement" : {
        "range" : [
          {
            "lower_bound" : "0.3.0",
            "upper_bound" : "1.0.0"
          }
        ]
      },
      "type" : "sourceControl",
      "url" : "https://github.com/danger/danger-swift.git"
    }
  ],
  "manifest_display_name" : "DangerIBLinter",
  "name" : "DangerIBLinter",
  "path" : "/Users/admin/builder/spi-builder-workspace",
  "platforms" : [
  ],
  "products" : [
    {
      "name" : "DangerIBLinter",
      "targets" : [
        "DangerIBLinter"
      ],
      "type" : {
        "library" : [
          "automatic"
        ]
      }
    }
  ],
  "targets" : [
    {
      "c99name" : "DangerIBLinterTests",
      "module_type" : "SwiftTarget",
      "name" : "DangerIBLinterTests",
      "path" : "Tests/DangerIBLinterTests",
      "sources" : [
        "DangerIBLinterTests.swift",
        "XCTestManifests.swift"
      ],
      "target_dependencies" : [
        "DangerIBLinter"
      ],
      "type" : "test"
    },
    {
      "c99name" : "DangerIBLinter",
      "module_type" : "SwiftTarget",
      "name" : "DangerIBLinter",
      "path" : "Sources/DangerIBLinter",
      "product_dependencies" : [
        "Danger"
      ],
      "product_memberships" : [
        "DangerIBLinter"
      ],
      "sources" : [
        "DangerIBLinter.swift",
        "ShellExecutor.swift",
        "Violation.swift"
      ],
      "type" : "library"
    }
  ],
  "tools_version" : "4.0"
}
{
  "workspace" : {
    "name" : "DangerIBLinter",
    "schemes" : [
      "DangerIBLinter"
    ]
  }
}
2026-09-16 06:43:56.115 xcodebuild[1124:6332] [MT] IDERunDestination: Supported platforms for the buildables in the current scheme is empty.
Running build ...
env DEVELOPER_DIR=/Applications/Xcode-27.0.0-Release.Candidate.app xcrun xcodebuild -IDEClonedSourcePackagesDirPathOverride=$PWD/.dependencies -skipMacroValidation -skipPackagePluginValidation -derivedDataPath $PWD/.derivedData build -scheme DangerIBLinter -destination generic/platform=watchOS
Command line invocation:
    /Applications/Xcode-27.0.0-Release.Candidate.app/Contents/Developer/usr/bin/xcodebuild -IDEClonedSourcePackagesDirPathOverride=/Users/admin/builder/spi-builder-workspace/.dependencies -skipMacroValidation -skipPackagePluginValidation -derivedDataPath /Users/admin/builder/spi-builder-workspace/.derivedData build -scheme DangerIBLinter -destination generic/platform=watchOS
Resolve Package Graph
Resolved source packages:
  danger-swift: https://github.com/danger/danger-swift.git @ 0.8.1
  DangerIBLinter: /Users/admin/builder/spi-builder-workspace
  Releases: https://github.com/JohnSundell/Releases.git @ 4.0.0
  Marathon: https://github.com/JohnSundell/Marathon @ 3.3.0
  Files: https://github.com/JohnSundell/Files.git @ 2.3.0
  Require: https://github.com/JohnSundell/Require.git @ 2.0.1
  RequestKit: https://github.com/nerdishbynature/RequestKit.git @ 3.4.0
  Logger: https://github.com/f-meloni/Logger @ 0.2.3
  ShellOut: https://github.com/JohnSundell/ShellOut @ 2.3.0
  OctoKit: https://github.com/nerdishbynature/octokit.swift @ 0.14.0
ComputePackagePrebuildTargetDependencyGraph
Prepare packages
CreateBuildRequest
SendProjectDescription
CreateBuildOperation
ComputeTargetDependencyGraph
note: Building targets in dependency order
note: Target dependency graph (12 targets)
    Target 'DangerIBLinter-product' in project 'DangerIBLinter'
        ➜ Explicit dependency on target 'DangerIBLinter' in project 'DangerIBLinter'
        ➜ Explicit dependency on target 'Danger-product' in project 'danger-swift'
    Target 'DangerIBLinter' in project 'DangerIBLinter'
        ➜ Explicit dependency on target 'Danger-product' in project 'danger-swift'
    Target 'Danger-product' in project 'danger-swift'
        ➜ Explicit dependency on target 'Danger' in project 'danger-swift'
        ➜ Explicit dependency on target 'ShellOut-product' in project 'ShellOut'
        ➜ Explicit dependency on target 'OctoKit-product' in project 'OctoKit'
        ➜ Explicit dependency on target 'Logger-product' in project 'Logger'
    Target 'Danger' in project 'danger-swift'
        ➜ Explicit dependency on target 'ShellOut-product' in project 'ShellOut'
        ➜ Explicit dependency on target 'OctoKit-product' in project 'OctoKit'
        ➜ Explicit dependency on target 'Logger-product' in project 'Logger'
    Target 'Logger-product' in project 'Logger'
        ➜ Explicit dependency on target 'Logger' in project 'Logger'
    Target 'Logger' in project 'Logger' (no dependencies)
    Target 'OctoKit-product' in project 'OctoKit'
        ➜ Explicit dependency on target 'OctoKit' in project 'OctoKit'
        ➜ Explicit dependency on target 'RequestKit-product' in project 'RequestKit'
    Target 'OctoKit' in project 'OctoKit'
        ➜ Explicit dependency on target 'RequestKit-product' in project 'RequestKit'
    Target 'RequestKit-product' in project 'RequestKit'
        ➜ Explicit dependency on target 'RequestKit' in project 'RequestKit'
    Target 'RequestKit' in project 'RequestKit' (no dependencies)
    Target 'ShellOut-product' in project 'ShellOut'
        ➜ Explicit dependency on target 'ShellOut' in project 'ShellOut'
    Target 'ShellOut' in project 'ShellOut' (no dependencies)
GatherProvisioningInputs
CreateBuildDescription
ClangStatCache /Applications/Xcode-27.0.0-Release.Candidate.app/Contents/Developer/Toolchains/XcodeDefault.xctoolchain/usr/bin/clang-stat-cache /Applications/Xcode-27.0.0-Release.Candidate.app/Contents/Developer/Platforms/WatchOS.platform/Developer/SDKs/WatchOS27.0.sdk /Users/admin/builder/spi-builder-workspace/.derivedData/SDKStatCaches.noindex/watchos27.0-24R360-e829b21a6f8c9b70876ba0858053c04477534ef55a1706bf4c1112bbb242f0a2.sdkstatcache
    cd /Users/admin/builder/spi-builder-workspace/.swiftpm/xcode
    /Applications/Xcode-27.0.0-Release.Candidate.app/Contents/Developer/Toolchains/XcodeDefault.xctoolchain/usr/bin/clang-stat-cache /Applications/Xcode-27.0.0-Release.Candidate.app/Contents/Developer/Platforms/WatchOS.platform/Developer/SDKs/WatchOS27.0.sdk -o /Users/admin/builder/spi-builder-workspace/.derivedData/SDKStatCaches.noindex/watchos27.0-24R360-e829b21a6f8c9b70876ba0858053c04477534ef55a1706bf4c1112bbb242f0a2.sdkstatcache
SwiftDriver RequestKit normal arm64_32 com.apple.xcode.tools.swift.compiler (in target 'RequestKit' from project 'RequestKit')
    cd /Users/admin/builder/spi-builder-workspace/.swiftpm/xcode
    builtin-SwiftDriver -- /Applications/Xcode-27.0.0-Release.Candidate.app/Contents/Developer/Toolchains/XcodeDefault.xctoolchain/usr/bin/swiftc -parse-as-library -module-name RequestKit -Onone @/Users/admin/builder/spi-builder-workspace/.derivedData/Build/Intermediates.noindex/RequestKit.build/Debug-watchos/RequestKit-t.build/Objects-normal/arm64_32/RequestKit.SwiftFileList -DSWIFT_PACKAGE -DDEBUG -DSWIFT_MODULE_RESOURCE_BUNDLE_UNAVAILABLE -DXcode -plugin-path /Applications/Xcode-27.0.0-Release.Candidate.app/Contents/Developer/Toolchains/XcodeDefault.xctoolchain/usr/lib/swift/host/plugins/testing -enable-experimental-feature DebugDescriptionMacro -sdk /Applications/Xcode-27.0.0-Release.Candidate.app/Contents/Developer/Platforms/WatchOS.platform/Developer/SDKs/WatchOS27.0.sdk -target arm64_32-apple-watchos9.0 -g -module-cache-path /Users/admin/builder/spi-builder-workspace/.derivedData/ModuleCache.noindex -Xfrontend -serialize-debugging-options -profile-coverage-mapping -profile-generate -enable-testing -suppress-warnings -index-store-path /Users/admin/builder/spi-builder-workspace/.derivedData/Index.noindex/DataStore -Xcc -D_LIBCPP_HARDENING_MODE\=_LIBCPP_HARDENING_MODE_DEBUG -swift-version 4.2 -I /Users/admin/builder/spi-builder-workspace/.derivedData/Build/Products/Debug-watchos -Isystem /Applications/Xcode-27.0.0-Release.Candidate.app/Contents/Developer/Platforms/WatchOS.platform/Developer/usr/lib -F /Users/admin/builder/spi-builder-workspace/.derivedData/Build/Products/Debug-watchos -F /Applications/Xcode-27.0.0-Release.Candidate.app/Contents/Developer/Platforms/WatchOS.platform/Developer/Library/Frameworks -F /Applications/Xcode-27.0.0-Release.Candidate.app/Contents/Developer/Platforms/WatchOS.platform/Developer/SDKs/WatchOS27.0.sdk/Developer/Library/Frameworks -c -j10 -enable-batch-mode -incremental -Xcc -ivfsstatcache -Xcc /Users/admin/builder/spi-builder-workspace/.derivedData/SDKStatCaches.noindex/watchos27.0-24R360-e829b21a6f8c9b70876ba0858053c04477534ef55a1706bf4c1112bbb242f0a2.sdkstatcache -output-file-map /Users/admin/builder/spi-builder-workspace/.derivedData/Build/Intermediates.noindex/RequestKit.build/Debug-watchos/RequestKit-t.build/Objects-normal/arm64_32/RequestKit-OutputFileMap.json -save-temps -no-color-diagnostics -emit-dependencies -emit-module -emit-module-path /Users/admin/builder/spi-builder-workspace/.derivedData/Build/Intermediates.noindex/RequestKit.build/Debug-watchos/RequestKit-t.build/Objects-normal/arm64_32/RequestKit.swiftmodule -serialize-diagnostics -validate-clang-modules-once -clang-build-session-file /Users/admin/builder/spi-builder-workspace/.derivedData/ModuleCache.noindex/Session.modulevalidation -Xcc -fmodules-prune-interval\=86400 -Xcc -fmodules-prune-after\=345600 -emit-const-values -const-gather-protocols-list /Users/admin/builder/spi-builder-workspace/.derivedData/Build/Intermediates.noindex/RequestKit.build/Debug-watchos/RequestKit-t.build/Objects-normal/arm64_32/RequestKit_const_extract_protocols.json -Xcc -I/Users/admin/builder/spi-builder-workspace/.derivedData/Build/Products/Debug-watchos/include -Xcc -I/Users/admin/builder/spi-builder-workspace/.derivedData/Build/Intermediates.noindex/RequestKit.build/Debug-watchos/RequestKit-t.build/DerivedSources-normal/arm64_32 -Xcc -I/Users/admin/builder/spi-builder-workspace/.derivedData/Build/Intermediates.noindex/RequestKit.build/Debug-watchos/RequestKit-t.build/DerivedSources/arm64_32 -Xcc -I/Users/admin/builder/spi-builder-workspace/.derivedData/Build/Intermediates.noindex/RequestKit.build/Debug-watchos/RequestKit-t.build/DerivedSources -Xcc -DSWIFT_PACKAGE -Xcc -DDEBUG\=1 -emit-objc-header -emit-objc-header-path /Users/admin/builder/spi-builder-workspace/.derivedData/Build/Intermediates.noindex/RequestKit.build/Debug-watchos/RequestKit-t.build/Objects-normal/arm64_32/RequestKit-Swift.h -working-directory /Users/admin/builder/spi-builder-workspace/.swiftpm/xcode -experimental-emit-module-separately -disable-cmo
SwiftDriver ShellOut normal arm64_32 com.apple.xcode.tools.swift.compiler (in target 'ShellOut' from project 'ShellOut')
    cd /Users/admin/builder/spi-builder-workspace/.swiftpm/xcode
    builtin-SwiftDriver -- /Applications/Xcode-27.0.0-Release.Candidate.app/Contents/Developer/Toolchains/XcodeDefault.xctoolchain/usr/bin/swiftc -parse-as-library -module-name ShellOut -Onone @/Users/admin/builder/spi-builder-workspace/.derivedData/Build/Intermediates.noindex/ShellOut.build/Debug-watchos/ShellOut-t.build/Objects-normal/arm64_32/ShellOut.SwiftFileList -DSWIFT_PACKAGE -DDEBUG -DSWIFT_MODULE_RESOURCE_BUNDLE_UNAVAILABLE -DXcode -plugin-path /Applications/Xcode-27.0.0-Release.Candidate.app/Contents/Developer/Toolchains/XcodeDefault.xctoolchain/usr/lib/swift/host/plugins/testing -enable-experimental-feature DebugDescriptionMacro -sdk /Applications/Xcode-27.0.0-Release.Candidate.app/Contents/Developer/Platforms/WatchOS.platform/Developer/SDKs/WatchOS27.0.sdk -target arm64_32-apple-watchos9.0 -g -module-cache-path /Users/admin/builder/spi-builder-workspace/.derivedData/ModuleCache.noindex -Xfrontend -serialize-debugging-options -profile-coverage-mapping -profile-generate -enable-testing -suppress-warnings -index-store-path /Users/admin/builder/spi-builder-workspace/.derivedData/Index.noindex/DataStore -Xcc -D_LIBCPP_HARDENING_MODE\=_LIBCPP_HARDENING_MODE_DEBUG -swift-version 4.2 -I /Users/admin/builder/spi-builder-workspace/.derivedData/Build/Products/Debug-watchos -Isystem /Applications/Xcode-27.0.0-Release.Candidate.app/Contents/Developer/Platforms/WatchOS.platform/Developer/usr/lib -F /Users/admin/builder/spi-builder-workspace/.derivedData/Build/Products/Debug-watchos -F /Applications/Xcode-27.0.0-Release.Candidate.app/Contents/Developer/Platforms/WatchOS.platform/Developer/Library/Frameworks -F /Applications/Xcode-27.0.0-Release.Candidate.app/Contents/Developer/Platforms/WatchOS.platform/Developer/SDKs/WatchOS27.0.sdk/Developer/Library/Frameworks -c -j10 -enable-batch-mode -incremental -Xcc -ivfsstatcache -Xcc /Users/admin/builder/spi-builder-workspace/.derivedData/SDKStatCaches.noindex/watchos27.0-24R360-e829b21a6f8c9b70876ba0858053c04477534ef55a1706bf4c1112bbb242f0a2.sdkstatcache -output-file-map /Users/admin/builder/spi-builder-workspace/.derivedData/Build/Intermediates.noindex/ShellOut.build/Debug-watchos/ShellOut-t.build/Objects-normal/arm64_32/ShellOut-OutputFileMap.json -save-temps -no-color-diagnostics -emit-dependencies -emit-module -emit-module-path /Users/admin/builder/spi-builder-workspace/.derivedData/Build/Intermediates.noindex/ShellOut.build/Debug-watchos/ShellOut-t.build/Objects-normal/arm64_32/ShellOut.swiftmodule -serialize-diagnostics -validate-clang-modules-once -clang-build-session-file /Users/admin/builder/spi-builder-workspace/.derivedData/ModuleCache.noindex/Session.modulevalidation -Xcc -fmodules-prune-interval\=86400 -Xcc -fmodules-prune-after\=345600 -emit-const-values -const-gather-protocols-list /Users/admin/builder/spi-builder-workspace/.derivedData/Build/Intermediates.noindex/ShellOut.build/Debug-watchos/ShellOut-t.build/Objects-normal/arm64_32/ShellOut_const_extract_protocols.json -Xcc -I/Users/admin/builder/spi-builder-workspace/.derivedData/Build/Products/Debug-watchos/include -Xcc -I/Users/admin/builder/spi-builder-workspace/.derivedData/Build/Intermediates.noindex/ShellOut.build/Debug-watchos/ShellOut-t.build/DerivedSources-normal/arm64_32 -Xcc -I/Users/admin/builder/spi-builder-workspace/.derivedData/Build/Intermediates.noindex/ShellOut.build/Debug-watchos/ShellOut-t.build/DerivedSources/arm64_32 -Xcc -I/Users/admin/builder/spi-builder-workspace/.derivedData/Build/Intermediates.noindex/ShellOut.build/Debug-watchos/ShellOut-t.build/DerivedSources -Xcc -DSWIFT_PACKAGE -Xcc -DDEBUG\=1 -emit-objc-header -emit-objc-header-path /Users/admin/builder/spi-builder-workspace/.derivedData/Build/Intermediates.noindex/ShellOut.build/Debug-watchos/ShellOut-t.build/Objects-normal/arm64_32/ShellOut-Swift.h -working-directory /Users/admin/builder/spi-builder-workspace/.swiftpm/xcode -experimental-emit-module-separately -disable-cmo
SwiftDriver ShellOut normal arm64 com.apple.xcode.tools.swift.compiler (in target 'ShellOut' from project 'ShellOut')
    cd /Users/admin/builder/spi-builder-workspace/.swiftpm/xcode
    builtin-SwiftDriver -- /Applications/Xcode-27.0.0-Release.Candidate.app/Contents/Developer/Toolchains/XcodeDefault.xctoolchain/usr/bin/swiftc -parse-as-library -module-name ShellOut -Onone @/Users/admin/builder/spi-builder-workspace/.derivedData/Build/Intermediates.noindex/ShellOut.build/Debug-watchos/ShellOut-t.build/Objects-normal/arm64/ShellOut.SwiftFileList -DSWIFT_PACKAGE -DDEBUG -DSWIFT_MODULE_RESOURCE_BUNDLE_UNAVAILABLE -DXcode -plugin-path /Applications/Xcode-27.0.0-Release.Candidate.app/Contents/Developer/Toolchains/XcodeDefault.xctoolchain/usr/lib/swift/host/plugins/testing -enable-experimental-feature DebugDescriptionMacro -sdk /Applications/Xcode-27.0.0-Release.Candidate.app/Contents/Developer/Platforms/WatchOS.platform/Developer/SDKs/WatchOS27.0.sdk -target arm64-apple-watchos9.0 -g -module-cache-path /Users/admin/builder/spi-builder-workspace/.derivedData/ModuleCache.noindex -Xfrontend -serialize-debugging-options -profile-coverage-mapping -profile-generate -enable-testing -suppress-warnings -index-store-path /Users/admin/builder/spi-builder-workspace/.derivedData/Index.noindex/DataStore -Xcc -D_LIBCPP_HARDENING_MODE\=_LIBCPP_HARDENING_MODE_DEBUG -swift-version 4.2 -I /Users/admin/builder/spi-builder-workspace/.derivedData/Build/Products/Debug-watchos -Isystem /Applications/Xcode-27.0.0-Release.Candidate.app/Contents/Developer/Platforms/WatchOS.platform/Developer/usr/lib -F /Users/admin/builder/spi-builder-workspace/.derivedData/Build/Products/Debug-watchos -F /Applications/Xcode-27.0.0-Release.Candidate.app/Contents/Developer/Platforms/WatchOS.platform/Developer/Library/Frameworks -F /Applications/Xcode-27.0.0-Release.Candidate.app/Contents/Developer/Platforms/WatchOS.platform/Developer/SDKs/WatchOS27.0.sdk/Developer/Library/Frameworks -c -j10 -enable-batch-mode -incremental -Xcc -ivfsstatcache -Xcc /Users/admin/builder/spi-builder-workspace/.derivedData/SDKStatCaches.noindex/watchos27.0-24R360-e829b21a6f8c9b70876ba0858053c04477534ef55a1706bf4c1112bbb242f0a2.sdkstatcache -output-file-map /Users/admin/builder/spi-builder-workspace/.derivedData/Build/Intermediates.noindex/ShellOut.build/Debug-watchos/ShellOut-t.build/Objects-normal/arm64/ShellOut-OutputFileMap.json -save-temps -no-color-diagnostics -emit-dependencies -emit-module -emit-module-path /Users/admin/builder/spi-builder-workspace/.derivedData/Build/Intermediates.noindex/ShellOut.build/Debug-watchos/ShellOut-t.build/Objects-normal/arm64/ShellOut.swiftmodule -serialize-diagnostics -validate-clang-modules-once -clang-build-session-file /Users/admin/builder/spi-builder-workspace/.derivedData/ModuleCache.noindex/Session.modulevalidation -Xcc -fmodules-prune-interval\=86400 -Xcc -fmodules-prune-after\=345600 -emit-const-values -const-gather-protocols-list /Users/admin/builder/spi-builder-workspace/.derivedData/Build/Intermediates.noindex/ShellOut.build/Debug-watchos/ShellOut-t.build/Objects-normal/arm64/ShellOut_const_extract_protocols.json -Xcc -I/Users/admin/builder/spi-builder-workspace/.derivedData/Build/Products/Debug-watchos/include -Xcc -I/Users/admin/builder/spi-builder-workspace/.derivedData/Build/Intermediates.noindex/ShellOut.build/Debug-watchos/ShellOut-t.build/DerivedSources-normal/arm64 -Xcc -I/Users/admin/builder/spi-builder-workspace/.derivedData/Build/Intermediates.noindex/ShellOut.build/Debug-watchos/ShellOut-t.build/DerivedSources/arm64 -Xcc -I/Users/admin/builder/spi-builder-workspace/.derivedData/Build/Intermediates.noindex/ShellOut.build/Debug-watchos/ShellOut-t.build/DerivedSources -Xcc -DSWIFT_PACKAGE -Xcc -DDEBUG\=1 -emit-objc-header -emit-objc-header-path /Users/admin/builder/spi-builder-workspace/.derivedData/Build/Intermediates.noindex/ShellOut.build/Debug-watchos/ShellOut-t.build/Objects-normal/arm64/ShellOut-Swift.h -working-directory /Users/admin/builder/spi-builder-workspace/.swiftpm/xcode -experimental-emit-module-separately -disable-cmo
SwiftDriver RequestKit normal arm64 com.apple.xcode.tools.swift.compiler (in target 'RequestKit' from project 'RequestKit')
    cd /Users/admin/builder/spi-builder-workspace/.swiftpm/xcode
    builtin-SwiftDriver -- /Applications/Xcode-27.0.0-Release.Candidate.app/Contents/Developer/Toolchains/XcodeDefault.xctoolchain/usr/bin/swiftc -parse-as-library -module-name RequestKit -Onone @/Users/admin/builder/spi-builder-workspace/.derivedData/Build/Intermediates.noindex/RequestKit.build/Debug-watchos/RequestKit-t.build/Objects-normal/arm64/RequestKit.SwiftFileList -DSWIFT_PACKAGE -DDEBUG -DSWIFT_MODULE_RESOURCE_BUNDLE_UNAVAILABLE -DXcode -plugin-path /Applications/Xcode-27.0.0-Release.Candidate.app/Contents/Developer/Toolchains/XcodeDefault.xctoolchain/usr/lib/swift/host/plugins/testing -enable-experimental-feature DebugDescriptionMacro -sdk /Applications/Xcode-27.0.0-Release.Candidate.app/Contents/Developer/Platforms/WatchOS.platform/Developer/SDKs/WatchOS27.0.sdk -target arm64-apple-watchos9.0 -g -module-cache-path /Users/admin/builder/spi-builder-workspace/.derivedData/ModuleCache.noindex -Xfrontend -serialize-debugging-options -profile-coverage-mapping -profile-generate -enable-testing -suppress-warnings -index-store-path /Users/admin/builder/spi-builder-workspace/.derivedData/Index.noindex/DataStore -Xcc -D_LIBCPP_HARDENING_MODE\=_LIBCPP_HARDENING_MODE_DEBUG -swift-version 4.2 -I /Users/admin/builder/spi-builder-workspace/.derivedData/Build/Products/Debug-watchos -Isystem /Applications/Xcode-27.0.0-Release.Candidate.app/Contents/Developer/Platforms/WatchOS.platform/Developer/usr/lib -F /Users/admin/builder/spi-builder-workspace/.derivedData/Build/Products/Debug-watchos -F /Applications/Xcode-27.0.0-Release.Candidate.app/Contents/Developer/Platforms/WatchOS.platform/Developer/Library/Frameworks -F /Applications/Xcode-27.0.0-Release.Candidate.app/Contents/Developer/Platforms/WatchOS.platform/Developer/SDKs/WatchOS27.0.sdk/Developer/Library/Frameworks -c -j10 -enable-batch-mode -incremental -Xcc -ivfsstatcache -Xcc /Users/admin/builder/spi-builder-workspace/.derivedData/SDKStatCaches.noindex/watchos27.0-24R360-e829b21a6f8c9b70876ba0858053c04477534ef55a1706bf4c1112bbb242f0a2.sdkstatcache -output-file-map /Users/admin/builder/spi-builder-workspace/.derivedData/Build/Intermediates.noindex/RequestKit.build/Debug-watchos/RequestKit-t.build/Objects-normal/arm64/RequestKit-OutputFileMap.json -save-temps -no-color-diagnostics -emit-dependencies -emit-module -emit-module-path /Users/admin/builder/spi-builder-workspace/.derivedData/Build/Intermediates.noindex/RequestKit.build/Debug-watchos/RequestKit-t.build/Objects-normal/arm64/RequestKit.swiftmodule -serialize-diagnostics -validate-clang-modules-once -clang-build-session-file /Users/admin/builder/spi-builder-workspace/.derivedData/ModuleCache.noindex/Session.modulevalidation -Xcc -fmodules-prune-interval\=86400 -Xcc -fmodules-prune-after\=345600 -emit-const-values -const-gather-protocols-list /Users/admin/builder/spi-builder-workspace/.derivedData/Build/Intermediates.noindex/RequestKit.build/Debug-watchos/RequestKit-t.build/Objects-normal/arm64/RequestKit_const_extract_protocols.json -Xcc -I/Users/admin/builder/spi-builder-workspace/.derivedData/Build/Products/Debug-watchos/include -Xcc -I/Users/admin/builder/spi-builder-workspace/.derivedData/Build/Intermediates.noindex/RequestKit.build/Debug-watchos/RequestKit-t.build/DerivedSources-normal/arm64 -Xcc -I/Users/admin/builder/spi-builder-workspace/.derivedData/Build/Intermediates.noindex/RequestKit.build/Debug-watchos/RequestKit-t.build/DerivedSources/arm64 -Xcc -I/Users/admin/builder/spi-builder-workspace/.derivedData/Build/Intermediates.noindex/RequestKit.build/Debug-watchos/RequestKit-t.build/DerivedSources -Xcc -DSWIFT_PACKAGE -Xcc -DDEBUG\=1 -emit-objc-header -emit-objc-header-path /Users/admin/builder/spi-builder-workspace/.derivedData/Build/Intermediates.noindex/RequestKit.build/Debug-watchos/RequestKit-t.build/Objects-normal/arm64/RequestKit-Swift.h -working-directory /Users/admin/builder/spi-builder-workspace/.swiftpm/xcode -experimental-emit-module-separately -disable-cmo
SwiftDriver Logger normal arm64_32 com.apple.xcode.tools.swift.compiler (in target 'Logger' from project 'Logger')
    cd /Users/admin/builder/spi-builder-workspace/.swiftpm/xcode
    builtin-SwiftDriver -- /Applications/Xcode-27.0.0-Release.Candidate.app/Contents/Developer/Toolchains/XcodeDefault.xctoolchain/usr/bin/swiftc -parse-as-library -module-name Logger -Onone @/Users/admin/builder/spi-builder-workspace/.derivedData/Build/Intermediates.noindex/Logger.build/Debug-watchos/Logger-t.build/Objects-normal/arm64_32/Logger.SwiftFileList -DSWIFT_PACKAGE -DDEBUG -DSWIFT_MODULE_RESOURCE_BUNDLE_UNAVAILABLE -DXcode -plugin-path /Applications/Xcode-27.0.0-Release.Candidate.app/Contents/Developer/Toolchains/XcodeDefault.xctoolchain/usr/lib/swift/host/plugins/testing -enable-experimental-feature DebugDescriptionMacro -sdk /Applications/Xcode-27.0.0-Release.Candidate.app/Contents/Developer/Platforms/WatchOS.platform/Developer/SDKs/WatchOS27.0.sdk -target arm64_32-apple-watchos9.0 -g -module-cache-path /Users/admin/builder/spi-builder-workspace/.derivedData/ModuleCache.noindex -Xfrontend -serialize-debugging-options -profile-coverage-mapping -profile-generate -enable-testing -suppress-warnings -index-store-path /Users/admin/builder/spi-builder-workspace/.derivedData/Index.noindex/DataStore -Xcc -D_LIBCPP_HARDENING_MODE\=_LIBCPP_HARDENING_MODE_DEBUG -swift-version 4.2 -I /Users/admin/builder/spi-builder-workspace/.derivedData/Build/Products/Debug-watchos -Isystem /Applications/Xcode-27.0.0-Release.Candidate.app/Contents/Developer/Platforms/WatchOS.platform/Developer/usr/lib -F /Users/admin/builder/spi-builder-workspace/.derivedData/Build/Products/Debug-watchos -F /Applications/Xcode-27.0.0-Release.Candidate.app/Contents/Developer/Platforms/WatchOS.platform/Developer/Library/Frameworks -F /Applications/Xcode-27.0.0-Release.Candidate.app/Contents/Developer/Platforms/WatchOS.platform/Developer/SDKs/WatchOS27.0.sdk/Developer/Library/Frameworks -c -j10 -enable-batch-mode -incremental -Xcc -ivfsstatcache -Xcc /Users/admin/builder/spi-builder-workspace/.derivedData/SDKStatCaches.noindex/watchos27.0-24R360-e829b21a6f8c9b70876ba0858053c04477534ef55a1706bf4c1112bbb242f0a2.sdkstatcache -output-file-map /Users/admin/builder/spi-builder-workspace/.derivedData/Build/Intermediates.noindex/Logger.build/Debug-watchos/Logger-t.build/Objects-normal/arm64_32/Logger-OutputFileMap.json -save-temps -no-color-diagnostics -emit-dependencies -emit-module -emit-module-path /Users/admin/builder/spi-builder-workspace/.derivedData/Build/Intermediates.noindex/Logger.build/Debug-watchos/Logger-t.build/Objects-normal/arm64_32/Logger.swiftmodule -serialize-diagnostics -validate-clang-modules-once -clang-build-session-file /Users/admin/builder/spi-builder-workspace/.derivedData/ModuleCache.noindex/Session.modulevalidation -Xcc -fmodules-prune-interval\=86400 -Xcc -fmodules-prune-after\=345600 -emit-const-values -const-gather-protocols-list /Users/admin/builder/spi-builder-workspace/.derivedData/Build/Intermediates.noindex/Logger.build/Debug-watchos/Logger-t.build/Objects-normal/arm64_32/Logger_const_extract_protocols.json -Xcc -I/Users/admin/builder/spi-builder-workspace/.derivedData/Build/Products/Debug-watchos/include -Xcc -I/Users/admin/builder/spi-builder-workspace/.derivedData/Build/Intermediates.noindex/Logger.build/Debug-watchos/Logger-t.build/DerivedSources-normal/arm64_32 -Xcc -I/Users/admin/builder/spi-builder-workspace/.derivedData/Build/Intermediates.noindex/Logger.build/Debug-watchos/Logger-t.build/DerivedSources/arm64_32 -Xcc -I/Users/admin/builder/spi-builder-workspace/.derivedData/Build/Intermediates.noindex/Logger.build/Debug-watchos/Logger-t.build/DerivedSources -Xcc -DSWIFT_PACKAGE -Xcc -DDEBUG\=1 -emit-objc-header -emit-objc-header-path /Users/admin/builder/spi-builder-workspace/.derivedData/Build/Intermediates.noindex/Logger.build/Debug-watchos/Logger-t.build/Objects-normal/arm64_32/Logger-Swift.h -working-directory /Users/admin/builder/spi-builder-workspace/.swiftpm/xcode -experimental-emit-module-separately -disable-cmo
SwiftDriver Logger normal arm64 com.apple.xcode.tools.swift.compiler (in target 'Logger' from project 'Logger')
    cd /Users/admin/builder/spi-builder-workspace/.swiftpm/xcode
    builtin-SwiftDriver -- /Applications/Xcode-27.0.0-Release.Candidate.app/Contents/Developer/Toolchains/XcodeDefault.xctoolchain/usr/bin/swiftc -parse-as-library -module-name Logger -Onone @/Users/admin/builder/spi-builder-workspace/.derivedData/Build/Intermediates.noindex/Logger.build/Debug-watchos/Logger-t.build/Objects-normal/arm64/Logger.SwiftFileList -DSWIFT_PACKAGE -DDEBUG -DSWIFT_MODULE_RESOURCE_BUNDLE_UNAVAILABLE -DXcode -plugin-path /Applications/Xcode-27.0.0-Release.Candidate.app/Contents/Developer/Toolchains/XcodeDefault.xctoolchain/usr/lib/swift/host/plugins/testing -enable-experimental-feature DebugDescriptionMacro -sdk /Applications/Xcode-27.0.0-Release.Candidate.app/Contents/Developer/Platforms/WatchOS.platform/Developer/SDKs/WatchOS27.0.sdk -target arm64-apple-watchos9.0 -g -module-cache-path /Users/admin/builder/spi-builder-workspace/.derivedData/ModuleCache.noindex -Xfrontend -serialize-debugging-options -profile-coverage-mapping -profile-generate -enable-testing -suppress-warnings -index-store-path /Users/admin/builder/spi-builder-workspace/.derivedData/Index.noindex/DataStore -Xcc -D_LIBCPP_HARDENING_MODE\=_LIBCPP_HARDENING_MODE_DEBUG -swift-version 4.2 -I /Users/admin/builder/spi-builder-workspace/.derivedData/Build/Products/Debug-watchos -Isystem /Applications/Xcode-27.0.0-Release.Candidate.app/Contents/Developer/Platforms/WatchOS.platform/Developer/usr/lib -F /Users/admin/builder/spi-builder-workspace/.derivedData/Build/Products/Debug-watchos -F /Applications/Xcode-27.0.0-Release.Candidate.app/Contents/Developer/Platforms/WatchOS.platform/Developer/Library/Frameworks -F /Applications/Xcode-27.0.0-Release.Candidate.app/Contents/Developer/Platforms/WatchOS.platform/Developer/SDKs/WatchOS27.0.sdk/Developer/Library/Frameworks -c -j10 -enable-batch-mode -incremental -Xcc -ivfsstatcache -Xcc /Users/admin/builder/spi-builder-workspace/.derivedData/SDKStatCaches.noindex/watchos27.0-24R360-e829b21a6f8c9b70876ba0858053c04477534ef55a1706bf4c1112bbb242f0a2.sdkstatcache -output-file-map /Users/admin/builder/spi-builder-workspace/.derivedData/Build/Intermediates.noindex/Logger.build/Debug-watchos/Logger-t.build/Objects-normal/arm64/Logger-OutputFileMap.json -save-temps -no-color-diagnostics -emit-dependencies -emit-module -emit-module-path /Users/admin/builder/spi-builder-workspace/.derivedData/Build/Intermediates.noindex/Logger.build/Debug-watchos/Logger-t.build/Objects-normal/arm64/Logger.swiftmodule -serialize-diagnostics -validate-clang-modules-once -clang-build-session-file /Users/admin/builder/spi-builder-workspace/.derivedData/ModuleCache.noindex/Session.modulevalidation -Xcc -fmodules-prune-interval\=86400 -Xcc -fmodules-prune-after\=345600 -emit-const-values -const-gather-protocols-list /Users/admin/builder/spi-builder-workspace/.derivedData/Build/Intermediates.noindex/Logger.build/Debug-watchos/Logger-t.build/Objects-normal/arm64/Logger_const_extract_protocols.json -Xcc -I/Users/admin/builder/spi-builder-workspace/.derivedData/Build/Products/Debug-watchos/include -Xcc -I/Users/admin/builder/spi-builder-workspace/.derivedData/Build/Intermediates.noindex/Logger.build/Debug-watchos/Logger-t.build/DerivedSources-normal/arm64 -Xcc -I/Users/admin/builder/spi-builder-workspace/.derivedData/Build/Intermediates.noindex/Logger.build/Debug-watchos/Logger-t.build/DerivedSources/arm64 -Xcc -I/Users/admin/builder/spi-builder-workspace/.derivedData/Build/Intermediates.noindex/Logger.build/Debug-watchos/Logger-t.build/DerivedSources -Xcc -DSWIFT_PACKAGE -Xcc -DDEBUG\=1 -emit-objc-header -emit-objc-header-path /Users/admin/builder/spi-builder-workspace/.derivedData/Build/Intermediates.noindex/Logger.build/Debug-watchos/Logger-t.build/Objects-normal/arm64/Logger-Swift.h -working-directory /Users/admin/builder/spi-builder-workspace/.swiftpm/xcode -experimental-emit-module-separately -disable-cmo
SwiftEmitModule normal arm64 Emitting\ module\ for\ ShellOut (in target 'ShellOut' from project 'ShellOut')
SwiftCompile normal arm64 (in target 'ShellOut' from project 'ShellOut')
    cd /Users/admin/builder/spi-builder-workspace/.swiftpm/xcode

/Users/admin/builder/spi-builder-workspace/.dependencies/checkouts/ShellOut/Sources/ShellOut.swift:34:14: error: cannot find type 'Process' in scope
 32 |     arguments: [String] = [],
 33 |     at path: String = ".",
 34 |     process: Process = .init(),
    |              `- error: cannot find type 'Process' in scope
 35 |     outputHandle: FileHandle? = nil,
 36 |     errorHandle: FileHandle? = nil
/Users/admin/builder/spi-builder-workspace/.dependencies/checkouts/ShellOut/Sources/ShellOut.swift:67:14: error: cannot find type 'Process' in scope
 65 |     to commands: [String],
 66 |     at path: String = ".",
 67 |     process: Process = .init(),
    |              `- error: cannot find type 'Process' in scope
 68 |     outputHandle: FileHandle? = nil,
 69 |     errorHandle: FileHandle? = nil
/Users/admin/builder/spi-builder-workspace/.dependencies/checkouts/ShellOut/Sources/ShellOut.swift:102:14: error: cannot find type 'Process' in scope
100 |     to command: ShellOutCommand,
101 |     at path: String = ".",
102 |     process: Process = .init(),
    |              `- error: cannot find type 'Process' in scope
103 |     outputHandle: FileHandle? = nil,
104 |     errorHandle: FileHandle? = nil
/Users/admin/builder/spi-builder-workspace/.dependencies/checkouts/ShellOut/Sources/ShellOut.swift:377:19: error: cannot find type 'Process' in scope
375 | // MARK: - Private
376 |
377 | private extension Process {
    |                   `- error: cannot find type 'Process' in scope
378 |     @discardableResult func launchBash(with command: String, outputHandle: FileHandle? = nil, errorHandle: FileHandle? = nil) throws -> String {
379 |         launchPath = "/bin/bash"
Failed frontend command:
/Applications/Xcode-27.0.0-Release.Candidate.app/Contents/Developer/Toolchains/XcodeDefault.xctoolchain/usr/bin/swift-frontend -frontend -emit-module -experimental-skip-non-inlinable-function-bodies-without-types /Users/admin/builder/spi-builder-workspace/.dependencies/checkouts/ShellOut/Sources/ShellOut.swift -target arm64-apple-watchos9.0 -Xllvm -aarch64-use-tbi -enable-objc-interop -stack-check -sdk /Applications/Xcode-27.0.0-Release.Candidate.app/Contents/Developer/Platforms/WatchOS.platform/Developer/SDKs/WatchOS27.0.sdk -I /Users/admin/builder/spi-builder-workspace/.derivedData/Build/Products/Debug-watchos -Isystem /Applications/Xcode-27.0.0-Release.Candidate.app/Contents/Developer/Platforms/WatchOS.platform/Developer/usr/lib -F /Users/admin/builder/spi-builder-workspace/.derivedData/Build/Products/Debug-watchos -F /Applications/Xcode-27.0.0-Release.Candidate.app/Contents/Developer/Platforms/WatchOS.platform/Developer/Library/Frameworks -F /Applications/Xcode-27.0.0-Release.Candidate.app/Contents/Developer/Platforms/WatchOS.platform/Developer/SDKs/WatchOS27.0.sdk/Developer/Library/Frameworks -module-cache-path /Users/admin/builder/spi-builder-workspace/.derivedData/ModuleCache.noindex -no-color-diagnostics -Xcc -fno-color-diagnostics -enable-testing -g -debug-info-format\=dwarf -dwarf-version\=4 -suppress-warnings -profile-generate -profile-coverage-mapping -swift-version 4.2 -Onone -D SWIFT_PACKAGE -D DEBUG -D SWIFT_MODULE_RESOURCE_BUNDLE_UNAVAILABLE -D Xcode -serialize-debugging-options -enable-experimental-feature DebugDescriptionMacro -empty-abi-descriptor -plugin-path /Applications/Xcode-27.0.0-Release.Candidate.app/Contents/Developer/Toolchains/XcodeDefault.xctoolchain/usr/lib/swift/host/plugins/testing -validate-clang-modules-once -clang-build-session-file /Users/admin/builder/spi-builder-workspace/.derivedData/ModuleCache.noindex/Session.modulevalidation -Xcc -working-directory -Xcc /Users/admin/builder/spi-builder-workspace/.swiftpm/xcode -enable-anonymous-context-mangled-names -file-compilation-dir /Users/admin/builder/spi-builder-workspace/.swiftpm/xcode -Xcc -D_LIBCPP_HARDENING_MODE\=_LIBCPP_HARDENING_MODE_DEBUG -Xcc -ivfsstatcache -Xcc /Users/admin/builder/spi-builder-workspace/.derivedData/SDKStatCaches.noindex/watchos27.0-24R360-e829b21a6f8c9b70876ba0858053c04477534ef55a1706bf4c1112bbb242f0a2.sdkstatcache -Xcc -fmodules-prune-interval\=86400 -Xcc -fmodules-prune-after\=345600 -Xcc -I/Users/admin/builder/spi-builder-workspace/.derivedData/Build/Products/Debug-watchos/include -Xcc -I/Users/admin/builder/spi-builder-workspace/.derivedData/Build/Intermediates.noindex/ShellOut.build/Debug-watchos/ShellOut-t.build/DerivedSources-normal/arm64 -Xcc -I/Users/admin/builder/spi-builder-workspace/.derivedData/Build/Intermediates.noindex/ShellOut.build/Debug-watchos/ShellOut-t.build/DerivedSources/arm64 -Xcc -I/Users/admin/builder/spi-builder-workspace/.derivedData/Build/Intermediates.noindex/ShellOut.build/Debug-watchos/ShellOut-t.build/DerivedSources -Xcc -DSWIFT_PACKAGE -Xcc -DDEBUG\=1 -no-auto-bridging-header-chaining -module-name ShellOut -const-gather-protocols-file /Users/admin/builder/spi-builder-workspace/.derivedData/Build/Intermediates.noindex/ShellOut.build/Debug-watchos/ShellOut-t.build/Objects-normal/arm64/ShellOut_const_extract_protocols.json -disable-clang-spi -target-sdk-version 27.0 -target-sdk-name watchos27.0 -external-plugin-path /Applications/Xcode-27.0.0-Release.Candidate.app/Contents/Developer/Platforms/WatchOS.platform/Developer/usr/lib/swift/host/plugins\#/Applications/Xcode-27.0.0-Release.Candidate.app/Contents/Developer/Platforms/WatchOS.platform/Developer/usr/bin/swift-plugin-server -external-plugin-path /Applications/Xcode-27.0.0-Release.Candidate.app/Contents/Developer/Platforms/WatchOS.platform/Developer/usr/local/lib/swift/host/plugins\#/Applications/Xcode-27.0.0-Release.Candidate.app/Contents/Developer/Platforms/WatchOS.platform/Developer/usr/bin/swift-plugin-server -in-process-plugin-server-path /Applications/Xcode-27.0.0-Release.Candidate.app/Contents/Developer/Toolchains/XcodeDefault.xctoolchain/usr/lib/swift/host/libSwiftInProcPluginServer.dylib -plugin-path /Applications/Xcode-27.0.0-Release.Candidate.app/Contents/Developer/Toolchains/XcodeDefault.xctoolchain/usr/lib/swift/host/plugins -plugin-path /Applications/Xcode-27.0.0-Release.Candidate.app/Contents/Developer/Toolchains/XcodeDefault.xctoolchain/usr/local/lib/swift/host/plugins -emit-module-doc-path /Users/admin/builder/spi-builder-workspace/.derivedData/Build/Intermediates.noindex/ShellOut.build/Debug-watchos/ShellOut-t.build/Objects-normal/arm64/ShellOut.swiftdoc -emit-module-source-info-path /Users/admin/builder/spi-builder-workspace/.derivedData/Build/Intermediates.noindex/ShellOut.build/Debug-watchos/ShellOut-t.build/Objects-normal/arm64/ShellOut.swiftsourceinfo -emit-objc-header-path /Users/admin/builder/spi-builder-workspace/.derivedData/Build/Intermediates.noindex/ShellOut.build/Debug-watchos/ShellOut-t.build/Objects-normal/arm64/ShellOut-Swift.h -serialize-diagnostics-path /Users/admin/builder/spi-builder-workspace/.derivedData/Build/Intermediates.noindex/ShellOut.build/Debug-watchos/ShellOut-t.build/Objects-normal/arm64/ShellOut-primary-emit-module.dia -emit-dependencies-path /Users/admin/builder/spi-builder-workspace/.derivedData/Build/Intermediates.noindex/ShellOut.build/Debug-watchos/ShellOut-t.build/Objects-normal/arm64/ShellOut-primary-emit-module.d -parse-as-library -o /Users/admin/builder/spi-builder-workspace/.derivedData/Build/Intermediates.noindex/ShellOut.build/Debug-watchos/ShellOut-t.build/Objects-normal/arm64/ShellOut.swiftmodule -emit-abi-descriptor-path /Users/admin/builder/spi-builder-workspace/.derivedData/Build/Intermediates.noindex/ShellOut.build/Debug-watchos/ShellOut-t.build/Objects-normal/arm64/ShellOut.abi.json
SwiftCompile normal arm64 Compiling\ ShellOut.swift /Users/admin/builder/spi-builder-workspace/.dependencies/checkouts/ShellOut/Sources/ShellOut.swift (in target 'ShellOut' from project 'ShellOut')
SwiftCompile normal arm64 /Users/admin/builder/spi-builder-workspace/.dependencies/checkouts/ShellOut/Sources/ShellOut.swift (in target 'ShellOut' from project 'ShellOut')
    cd /Users/admin/builder/spi-builder-workspace/.swiftpm/xcode
    builtin-SwiftPerFileCompile ShellOut.swift
/Users/admin/builder/spi-builder-workspace/.dependencies/checkouts/ShellOut/Sources/ShellOut.swift:34:14: error: cannot find type 'Process' in scope
 32 |     arguments: [String] = [],
 33 |     at path: String = ".",
 34 |     process: Process = .init(),
    |              `- error: cannot find type 'Process' in scope
 35 |     outputHandle: FileHandle? = nil,
 36 |     errorHandle: FileHandle? = nil
/Users/admin/builder/spi-builder-workspace/.dependencies/checkouts/ShellOut/Sources/ShellOut.swift:67:14: error: cannot find type 'Process' in scope
 65 |     to commands: [String],
 66 |     at path: String = ".",
 67 |     process: Process = .init(),
    |              `- error: cannot find type 'Process' in scope
 68 |     outputHandle: FileHandle? = nil,
 69 |     errorHandle: FileHandle? = nil
/Users/admin/builder/spi-builder-workspace/.dependencies/checkouts/ShellOut/Sources/ShellOut.swift:102:14: error: cannot find type 'Process' in scope
100 |     to command: ShellOutCommand,
101 |     at path: String = ".",
102 |     process: Process = .init(),
    |              `- error: cannot find type 'Process' in scope
103 |     outputHandle: FileHandle? = nil,
104 |     errorHandle: FileHandle? = nil
SwiftEmitModule normal arm64_32 Emitting\ module\ for\ Logger (in target 'Logger' from project 'Logger')
SwiftCompile normal arm64_32 (in target 'Logger' from project 'Logger')
    cd /Users/admin/builder/spi-builder-workspace/.swiftpm/xcode

SwiftCompile normal arm64_32 Compiling\ Logger.swift /Users/admin/builder/spi-builder-workspace/.dependencies/checkouts/Logger/Sources/Logger/Logger.swift (in target 'Logger' from project 'Logger')
SwiftCompile normal arm64_32 /Users/admin/builder/spi-builder-workspace/.dependencies/checkouts/Logger/Sources/Logger/Logger.swift (in target 'Logger' from project 'Logger')
    cd /Users/admin/builder/spi-builder-workspace/.swiftpm/xcode
    builtin-SwiftPerFileCompile Logger.swift
SwiftCompile normal arm64_32 Compiling\ ShellOut.swift /Users/admin/builder/spi-builder-workspace/.dependencies/checkouts/ShellOut/Sources/ShellOut.swift (in target 'ShellOut' from project 'ShellOut')
SwiftCompile normal arm64_32 /Users/admin/builder/spi-builder-workspace/.dependencies/checkouts/ShellOut/Sources/ShellOut.swift (in target 'ShellOut' from project 'ShellOut')
    cd /Users/admin/builder/spi-builder-workspace/.swiftpm/xcode
    builtin-SwiftPerFileCompile ShellOut.swift
/Users/admin/builder/spi-builder-workspace/.dependencies/checkouts/ShellOut/Sources/ShellOut.swift:34:14: error: cannot find type 'Process' in scope
 32 |     arguments: [String] = [],
 33 |     at path: String = ".",
 34 |     process: Process = .init(),
    |              `- error: cannot find type 'Process' in scope
 35 |     outputHandle: FileHandle? = nil,
 36 |     errorHandle: FileHandle? = nil
/Users/admin/builder/spi-builder-workspace/.dependencies/checkouts/ShellOut/Sources/ShellOut.swift:67:14: error: cannot find type 'Process' in scope
 65 |     to commands: [String],
 66 |     at path: String = ".",
 67 |     process: Process = .init(),
    |              `- error: cannot find type 'Process' in scope
 68 |     outputHandle: FileHandle? = nil,
 69 |     errorHandle: FileHandle? = nil
/Users/admin/builder/spi-builder-workspace/.dependencies/checkouts/ShellOut/Sources/ShellOut.swift:102:14: error: cannot find type 'Process' in scope
100 |     to command: ShellOutCommand,
101 |     at path: String = ".",
102 |     process: Process = .init(),
    |              `- error: cannot find type 'Process' in scope
103 |     outputHandle: FileHandle? = nil,
104 |     errorHandle: FileHandle? = nil
SwiftEmitModule normal arm64_32 Emitting\ module\ for\ ShellOut (in target 'ShellOut' from project 'ShellOut')
/Users/admin/builder/spi-builder-workspace/.dependencies/checkouts/ShellOut/Sources/ShellOut.swift:34:14: error: cannot find type 'Process' in scope
 32 |     arguments: [String] = [],
 33 |     at path: String = ".",
 34 |     process: Process = .init(),
    |              `- error: cannot find type 'Process' in scope
 35 |     outputHandle: FileHandle? = nil,
 36 |     errorHandle: FileHandle? = nil
/Users/admin/builder/spi-builder-workspace/.dependencies/checkouts/ShellOut/Sources/ShellOut.swift:67:14: error: cannot find type 'Process' in scope
 65 |     to commands: [String],
 66 |     at path: String = ".",
 67 |     process: Process = .init(),
    |              `- error: cannot find type 'Process' in scope
 68 |     outputHandle: FileHandle? = nil,
 69 |     errorHandle: FileHandle? = nil
/Users/admin/builder/spi-builder-workspace/.dependencies/checkouts/ShellOut/Sources/ShellOut.swift:102:14: error: cannot find type 'Process' in scope
100 |     to command: ShellOutCommand,
101 |     at path: String = ".",
102 |     process: Process = .init(),
    |              `- error: cannot find type 'Process' in scope
103 |     outputHandle: FileHandle? = nil,
104 |     errorHandle: FileHandle? = nil
/Users/admin/builder/spi-builder-workspace/.dependencies/checkouts/ShellOut/Sources/ShellOut.swift:377:19: error: cannot find type 'Process' in scope
375 | // MARK: - Private
376 |
377 | private extension Process {
    |                   `- error: cannot find type 'Process' in scope
378 |     @discardableResult func launchBash(with command: String, outputHandle: FileHandle? = nil, errorHandle: FileHandle? = nil) throws -> String {
379 |         launchPath = "/bin/bash"
Failed frontend command:
/Applications/Xcode-27.0.0-Release.Candidate.app/Contents/Developer/Toolchains/XcodeDefault.xctoolchain/usr/bin/swift-frontend -frontend -emit-module -experimental-skip-non-inlinable-function-bodies-without-types /Users/admin/builder/spi-builder-workspace/.dependencies/checkouts/ShellOut/Sources/ShellOut.swift -target arm64_32-apple-watchos9.0 -enable-objc-interop -sdk /Applications/Xcode-27.0.0-Release.Candidate.app/Contents/Developer/Platforms/WatchOS.platform/Developer/SDKs/WatchOS27.0.sdk -I /Users/admin/builder/spi-builder-workspace/.derivedData/Build/Products/Debug-watchos -Isystem /Applications/Xcode-27.0.0-Release.Candidate.app/Contents/Developer/Platforms/WatchOS.platform/Developer/usr/lib -F /Users/admin/builder/spi-builder-workspace/.derivedData/Build/Products/Debug-watchos -F /Applications/Xcode-27.0.0-Release.Candidate.app/Contents/Developer/Platforms/WatchOS.platform/Developer/Library/Frameworks -F /Applications/Xcode-27.0.0-Release.Candidate.app/Contents/Developer/Platforms/WatchOS.platform/Developer/SDKs/WatchOS27.0.sdk/Developer/Library/Frameworks -module-cache-path /Users/admin/builder/spi-builder-workspace/.derivedData/ModuleCache.noindex -no-color-diagnostics -Xcc -fno-color-diagnostics -enable-testing -g -debug-info-format\=dwarf -dwarf-version\=4 -suppress-warnings -profile-generate -profile-coverage-mapping -swift-version 4.2 -Onone -D SWIFT_PACKAGE -D DEBUG -D SWIFT_MODULE_RESOURCE_BUNDLE_UNAVAILABLE -D Xcode -serialize-debugging-options -enable-experimental-feature DebugDescriptionMacro -empty-abi-descriptor -plugin-path /Applications/Xcode-27.0.0-Release.Candidate.app/Contents/Developer/Toolchains/XcodeDefault.xctoolchain/usr/lib/swift/host/plugins/testing -validate-clang-modules-once -clang-build-session-file /Users/admin/builder/spi-builder-workspace/.derivedData/ModuleCache.noindex/Session.modulevalidation -Xcc -working-directory -Xcc /Users/admin/builder/spi-builder-workspace/.swiftpm/xcode -enable-anonymous-context-mangled-names -file-compilation-dir /Users/admin/builder/spi-builder-workspace/.swiftpm/xcode -Xcc -D_LIBCPP_HARDENING_MODE\=_LIBCPP_HARDENING_MODE_DEBUG -Xcc -ivfsstatcache -Xcc /Users/admin/builder/spi-builder-workspace/.derivedData/SDKStatCaches.noindex/watchos27.0-24R360-e829b21a6f8c9b70876ba0858053c04477534ef55a1706bf4c1112bbb242f0a2.sdkstatcache -Xcc -fmodules-prune-interval\=86400 -Xcc -fmodules-prune-after\=345600 -Xcc -I/Users/admin/builder/spi-builder-workspace/.derivedData/Build/Products/Debug-watchos/include -Xcc -I/Users/admin/builder/spi-builder-workspace/.derivedData/Build/Intermediates.noindex/ShellOut.build/Debug-watchos/ShellOut-t.build/DerivedSources-normal/arm64_32 -Xcc -I/Users/admin/builder/spi-builder-workspace/.derivedData/Build/Intermediates.noindex/ShellOut.build/Debug-watchos/ShellOut-t.build/DerivedSources/arm64_32 -Xcc -I/Users/admin/builder/spi-builder-workspace/.derivedData/Build/Intermediates.noindex/ShellOut.build/Debug-watchos/ShellOut-t.build/DerivedSources -Xcc -DSWIFT_PACKAGE -Xcc -DDEBUG\=1 -no-auto-bridging-header-chaining -module-name ShellOut -const-gather-protocols-file /Users/admin/builder/spi-builder-workspace/.derivedData/Build/Intermediates.noindex/ShellOut.build/Debug-watchos/ShellOut-t.build/Objects-normal/arm64_32/ShellOut_const_extract_protocols.json -disable-clang-spi -target-sdk-version 27.0 -target-sdk-name watchos27.0 -external-plugin-path /Applications/Xcode-27.0.0-Release.Candidate.app/Contents/Developer/Platforms/WatchOS.platform/Developer/usr/lib/swift/host/plugins\#/Applications/Xcode-27.0.0-Release.Candidate.app/Contents/Developer/Platforms/WatchOS.platform/Developer/usr/bin/swift-plugin-server -external-plugin-path /Applications/Xcode-27.0.0-Release.Candidate.app/Contents/Developer/Platforms/WatchOS.platform/Developer/usr/local/lib/swift/host/plugins\#/Applications/Xcode-27.0.0-Release.Candidate.app/Contents/Developer/Platforms/WatchOS.platform/Developer/usr/bin/swift-plugin-server -in-process-plugin-server-path /Applications/Xcode-27.0.0-Release.Candidate.app/Contents/Developer/Toolchains/XcodeDefault.xctoolchain/usr/lib/swift/host/libSwiftInProcPluginServer.dylib -plugin-path /Applications/Xcode-27.0.0-Release.Candidate.app/Contents/Developer/Toolchains/XcodeDefault.xctoolchain/usr/lib/swift/host/plugins -plugin-path /Applications/Xcode-27.0.0-Release.Candidate.app/Contents/Developer/Toolchains/XcodeDefault.xctoolchain/usr/local/lib/swift/host/plugins -emit-module-doc-path /Users/admin/builder/spi-builder-workspace/.derivedData/Build/Intermediates.noindex/ShellOut.build/Debug-watchos/ShellOut-t.build/Objects-normal/arm64_32/ShellOut.swiftdoc -emit-module-source-info-path /Users/admin/builder/spi-builder-workspace/.derivedData/Build/Intermediates.noindex/ShellOut.build/Debug-watchos/ShellOut-t.build/Objects-normal/arm64_32/ShellOut.swiftsourceinfo -emit-objc-header-path /Users/admin/builder/spi-builder-workspace/.derivedData/Build/Intermediates.noindex/ShellOut.build/Debug-watchos/ShellOut-t.build/Objects-normal/arm64_32/ShellOut-Swift.h -serialize-diagnostics-path /Users/admin/builder/spi-builder-workspace/.derivedData/Build/Intermediates.noindex/ShellOut.build/Debug-watchos/ShellOut-t.build/Objects-normal/arm64_32/ShellOut-primary-emit-module.dia -emit-dependencies-path /Users/admin/builder/spi-builder-workspace/.derivedData/Build/Intermediates.noindex/ShellOut.build/Debug-watchos/ShellOut-t.build/Objects-normal/arm64_32/ShellOut-primary-emit-module.d -parse-as-library -o /Users/admin/builder/spi-builder-workspace/.derivedData/Build/Intermediates.noindex/ShellOut.build/Debug-watchos/ShellOut-t.build/Objects-normal/arm64_32/ShellOut.swiftmodule -emit-abi-descriptor-path /Users/admin/builder/spi-builder-workspace/.derivedData/Build/Intermediates.noindex/ShellOut.build/Debug-watchos/ShellOut-t.build/Objects-normal/arm64_32/ShellOut.abi.json
SwiftCompile normal arm64_32 (in target 'ShellOut' from project 'ShellOut')
    cd /Users/admin/builder/spi-builder-workspace/.swiftpm/xcode

SwiftCompile normal arm64 Compiling\ Logger.swift /Users/admin/builder/spi-builder-workspace/.dependencies/checkouts/Logger/Sources/Logger/Logger.swift (in target 'Logger' from project 'Logger')
SwiftCompile normal arm64 /Users/admin/builder/spi-builder-workspace/.dependencies/checkouts/Logger/Sources/Logger/Logger.swift (in target 'Logger' from project 'Logger')
    cd /Users/admin/builder/spi-builder-workspace/.swiftpm/xcode
    builtin-SwiftPerFileCompile Logger.swift
SwiftEmitModule normal arm64 Emitting\ module\ for\ Logger (in target 'Logger' from project 'Logger')
SwiftCompile normal arm64 (in target 'Logger' from project 'Logger')
    cd /Users/admin/builder/spi-builder-workspace/.swiftpm/xcode

SwiftEmitModule normal arm64_32 Emitting\ module\ for\ RequestKit (in target 'RequestKit' from project 'RequestKit')
SwiftCompile normal arm64_32 (in target 'RequestKit' from project 'RequestKit')
    cd /Users/admin/builder/spi-builder-workspace/.swiftpm/xcode

SwiftCompile normal arm64_32 Compiling\ RequestKitSession.swift /Users/admin/builder/spi-builder-workspace/.dependencies/checkouts/RequestKit/Sources/RequestKit/RequestKitSession.swift (in target 'RequestKit' from project 'RequestKit')
SwiftCompile normal arm64_32 /Users/admin/builder/spi-builder-workspace/.dependencies/checkouts/RequestKit/Sources/RequestKit/RequestKitSession.swift (in target 'RequestKit' from project 'RequestKit')
    cd /Users/admin/builder/spi-builder-workspace/.swiftpm/xcode
    builtin-SwiftPerFileCompile RequestKitSession.swift
SwiftEmitModule normal arm64 Emitting\ module\ for\ RequestKit (in target 'RequestKit' from project 'RequestKit')
SwiftCompile normal arm64 (in target 'RequestKit' from project 'RequestKit')
    cd /Users/admin/builder/spi-builder-workspace/.swiftpm/xcode

PruneExplicitPrecompiledModules /Users/admin/builder/spi-builder-workspace/.derivedData/Build/Intermediates.noindex/ExplicitPrecompiledModules
PruneExplicitPrecompiledModules /Users/admin/builder/spi-builder-workspace/.derivedData/SDKExplicitPrecompiledModules
PruneExplicitPrecompiledModules /Users/admin/builder/spi-builder-workspace/.derivedData/Build/Intermediates.noindex/SwiftExplicitPrecompiledModules
2026-09-16 06:43:57.175 xcodebuild[1125:6360] [MT] IDERunDestination: Supported platforms for the buildables in the current scheme is empty.
** BUILD FAILED **
The following build commands failed:
	SwiftCompile normal arm64 (in target 'ShellOut' from project 'ShellOut')
	SwiftEmitModule normal arm64 Emitting\ module\ for\ ShellOut (in target 'ShellOut' from project 'ShellOut')
	SwiftEmitModule normal arm64_32 Emitting\ module\ for\ ShellOut (in target 'ShellOut' from project 'ShellOut')
	SwiftCompile normal arm64_32 (in target 'ShellOut' from project 'ShellOut')
	Building workspace DangerIBLinter with scheme DangerIBLinter
(5 failures)
BUILD FAILURE 6.4 watchOS