The Swift Package Index logo.Swift Package Index

Build Information

Failed to build KippleNetworking, reference 0.6.0 (49990a), with Swift 6.4 for visionOS using Xcode 27.0 on 20 Sep 2026 09:23:56 UTC.

Build Command

env DEVELOPER_DIR=/Applications/Xcode-27.0.0-Release.Candidate.app xcrun xcodebuild -IDEClonedSourcePackagesDirPathOverride=$PWD/.dependencies -skipMacroValidation -skipPackagePluginValidation -derivedDataPath $PWD/.derivedData build -scheme KippleNetworking -destination generic/platform=xrOS

Build Log

        "Foundation/Extensions/Request+AsURLRequest.swift",
        "Foundation/Extensions/URLRequest+Init.swift",
        "Foundation/Extensions/URLRequest+SetHeaders.swift",
        "Foundation/Extensions/URLRequest+SetParameters.swift",
        "Foundation/Extensions/URLRequest+SetTimeout.swift",
        "Foundation/Helpers/FoundationNetworkRequestDispatcher.swift",
        "Foundation/Protocols/URLRequestConvertible.swift",
        "NIO/Extensions/HTTPClient+ExecuteResponseAnticipating.swift",
        "NIO/Extensions/Request+AsHTTPClientRequest.swift",
        "NIO/Helpers/NIONetworkRequestDispatcher.swift",
        "Shared/Enums/HTTPBodyEncoding.swift",
        "Shared/Enums/HTTPHeader.swift",
        "Shared/Enums/HTTPMethod.swift",
        "Shared/Enums/HTTPStatusCode.swift",
        "Shared/Enums/ParameterEncoding.swift",
        "Shared/Errors/NetworkingError.swift",
        "Shared/Extensions/CharacterSet+RFC3986Unreserved.swift",
        "Shared/Extensions/Dictionary+AsHeaderDictionary.swift",
        "Shared/Extensions/Formatter+ISO8601.swift",
        "Shared/Extensions/JSONDecoder+SafeISO8601.swift",
        "Shared/Extensions/JSONEncoder+SafeISO8601.swift",
        "Shared/Extensions/String+IsURLWithQueryString.swift",
        "Shared/Extensions/URLComponents+SetQueryItems.swift",
        "Shared/Helpers/HTTPClient.swift",
        "Shared/Helpers/UniversalNetworkRequestDispatcher+DispatchMode.swift",
        "Shared/Helpers/UniversalNetworkRequestDispatcher.swift",
        "Shared/Models/DataResponse.swift",
        "Shared/Models/Environment.swift",
        "Shared/Models/Request.swift",
        "Shared/Protocols/NetworkRequestDispatching.swift",
        "Shared/Protocols/ParameterDictionaryConvertible.swift"
      ],
      "type" : "library"
    }
  ],
  "tools_version" : "5.7"
}
{
  "workspace" : {
    "name" : "KippleNetworking",
    "schemes" : [
      "KippleNetworking"
    ]
  }
}
2026-09-20 05:23:28.958 xcodebuild[971:5779] [MT] IDERunDestination: Supported platforms for the buildables in the current scheme is empty.
Running build ...
env DEVELOPER_DIR=/Applications/Xcode-27.0.0-Release.Candidate.app xcrun xcodebuild -IDEClonedSourcePackagesDirPathOverride=$PWD/.dependencies -skipMacroValidation -skipPackagePluginValidation -derivedDataPath $PWD/.derivedData build -scheme KippleNetworking -destination generic/platform=xrOS
Command line invocation:
    /Applications/Xcode-27.0.0-Release.Candidate.app/Contents/Developer/usr/bin/xcodebuild -IDEClonedSourcePackagesDirPathOverride=/Users/admin/builder/spi-builder-workspace/.dependencies -skipMacroValidation -skipPackagePluginValidation -derivedDataPath /Users/admin/builder/spi-builder-workspace/.derivedData build -scheme KippleNetworking -destination generic/platform=xrOS
Resolve Package Graph
Resolve Package Graph
Resolved source packages:
  KippleTools: https://github.com/bdrelling/KippleTools @ 0.5.4
  swift-log: https://github.com/apple/swift-log @ 1.15.1
  swift-collections: https://github.com/apple/swift-collections @ 1.6.0
  KeychainAccess: https://github.com/kishikawakatsumi/KeychainAccess @ 4.2.2
  DeviceKit: https://github.com/devicekit/DeviceKit @ 5.8.0
  swift-argument-parser: https://github.com/apple/swift-argument-parser @ 1.8.2
  SwiftFormat: https://github.com/nicklockwood/SwiftFormat @ 0.63.0
  KippleNetworking: /Users/admin/builder/spi-builder-workspace
  Kipple: https://github.com/bdrelling/Kipple @ 0.14.3
ComputePackagePrebuildTargetDependencyGraph
Prepare packages
CreateBuildRequest
SendProjectDescription
CreateBuildOperation
ComputeTargetDependencyGraph
note: Building targets in dependency order
note: Target dependency graph (8 targets)
    Target 'KippleNetworking-product' in project 'KippleNetworking'
        ➜ Explicit dependency on target 'KippleNetworking' in project 'KippleNetworking'
        ➜ Explicit dependency on target 'KippleCodable-product' in project 'Kipple'
        ➜ Explicit dependency on target 'KippleFoundation-product' in project 'Kipple'
        ➜ Explicit dependency on target 'KippleLogging-product' in project 'Kipple'
    Target 'KippleNetworking' in project 'KippleNetworking'
        ➜ Explicit dependency on target 'KippleCodable-product' in project 'Kipple'
        ➜ Explicit dependency on target 'KippleFoundation-product' in project 'Kipple'
        ➜ Explicit dependency on target 'KippleLogging-product' in project 'Kipple'
    Target 'KippleLogging-product' in project 'Kipple'
        ➜ Explicit dependency on target 'KippleLogging' in project 'Kipple'
    Target 'KippleLogging' in project 'Kipple' (no dependencies)
    Target 'KippleFoundation-product' in project 'Kipple'
        ➜ Explicit dependency on target 'KippleFoundation' in project 'Kipple'
    Target 'KippleFoundation' in project 'Kipple' (no dependencies)
    Target 'KippleCodable-product' in project 'Kipple'
        ➜ Explicit dependency on target 'KippleCodable' in project 'Kipple'
    Target 'KippleCodable' in project 'Kipple' (no dependencies)
GatherProvisioningInputs
CreateBuildDescription
ExecuteExternalTool /Applications/Xcode-27.0.0-Release.Candidate.app/Contents/Developer/Toolchains/XcodeDefault.xctoolchain/usr/bin/swiftc --version
ExecuteExternalTool /Applications/Xcode-27.0.0-Release.Candidate.app/Contents/Developer/Toolchains/XcodeDefault.xctoolchain/usr/bin/clang -v -E -dM -isysroot /Applications/Xcode-27.0.0-Release.Candidate.app/Contents/Developer/Platforms/XROS.platform/Developer/SDKs/XROS27.0.sdk -x c -c /dev/null
ExecuteExternalTool /Applications/Xcode-27.0.0-Release.Candidate.app/Contents/Developer/Toolchains/XcodeDefault.xctoolchain/usr/bin/ld -version_details
Build description signature: 60d77d9649ac405914af6d2b58b05298
Build description path: /Users/admin/builder/spi-builder-workspace/.derivedData/Build/Intermediates.noindex/XCBuildData/60d77d9649ac405914af6d2b58b05298.xcbuilddata
CreateBuildDirectory /Users/admin/builder/spi-builder-workspace/.derivedData/ModuleCache.noindex
    cd /Users/admin/builder/spi-builder-workspace/.swiftpm/xcode
    builtin-create-build-directory /Users/admin/builder/spi-builder-workspace/.derivedData/ModuleCache.noindex
CreateBuildDirectory /Users/admin/builder/spi-builder-workspace/.derivedData/SDKExplicitPrecompiledModules
    cd /Users/admin/builder/spi-builder-workspace/.swiftpm/xcode
    builtin-create-build-directory /Users/admin/builder/spi-builder-workspace/.derivedData/SDKExplicitPrecompiledModules
CreateBuildDirectory /Users/admin/builder/spi-builder-workspace/.derivedData/CompilationCache.noindex
    cd /Users/admin/builder/spi-builder-workspace/.swiftpm/xcode
    builtin-create-build-directory /Users/admin/builder/spi-builder-workspace/.derivedData/CompilationCache.noindex
ClangStatCache /Applications/Xcode-27.0.0-Release.Candidate.app/Contents/Developer/Toolchains/XcodeDefault.xctoolchain/usr/bin/clang-stat-cache /Applications/Xcode-27.0.0-Release.Candidate.app/Contents/Developer/Platforms/XROS.platform/Developer/SDKs/XROS27.0.sdk /Users/admin/builder/spi-builder-workspace/.derivedData/SDKStatCaches.noindex/xros27.0-24M361-e829b21a6f8c9b70876ba0858053c044735bd543db762f57723cac368afd1ce4.sdkstatcache
    cd /Users/admin/builder/spi-builder-workspace/.swiftpm/xcode
    /Applications/Xcode-27.0.0-Release.Candidate.app/Contents/Developer/Toolchains/XcodeDefault.xctoolchain/usr/bin/clang-stat-cache /Applications/Xcode-27.0.0-Release.Candidate.app/Contents/Developer/Platforms/XROS.platform/Developer/SDKs/XROS27.0.sdk -o /Users/admin/builder/spi-builder-workspace/.derivedData/SDKStatCaches.noindex/xros27.0-24M361-e829b21a6f8c9b70876ba0858053c044735bd543db762f57723cac368afd1ce4.sdkstatcache
CreateBuildDirectory /Users/admin/builder/spi-builder-workspace/.derivedData/Build/Products
    cd /Users/admin/builder/spi-builder-workspace/.swiftpm/xcode
    builtin-create-build-directory /Users/admin/builder/spi-builder-workspace/.derivedData/Build/Products
CreateBuildDirectory /Users/admin/builder/spi-builder-workspace/.derivedData/Build/Intermediates.noindex
    cd /Users/admin/builder/spi-builder-workspace/.swiftpm/xcode
    builtin-create-build-directory /Users/admin/builder/spi-builder-workspace/.derivedData/Build/Intermediates.noindex
CreateBuildDirectory /Users/admin/builder/spi-builder-workspace/.derivedData/Build/Intermediates.noindex/SwiftExplicitPrecompiledModules
    cd /Users/admin/builder/spi-builder-workspace/.swiftpm/xcode
    builtin-create-build-directory /Users/admin/builder/spi-builder-workspace/.derivedData/Build/Intermediates.noindex/SwiftExplicitPrecompiledModules
CreateBuildDirectory /Users/admin/builder/spi-builder-workspace/.derivedData/Build/Intermediates.noindex/PrecompiledHeaders
    cd /Users/admin/builder/spi-builder-workspace/.swiftpm/xcode
    builtin-create-build-directory /Users/admin/builder/spi-builder-workspace/.derivedData/Build/Intermediates.noindex/PrecompiledHeaders
CreateBuildDirectory /Users/admin/builder/spi-builder-workspace/.derivedData/Build/Intermediates.noindex/ExplicitPrecompiledModules
    cd /Users/admin/builder/spi-builder-workspace/.swiftpm/xcode
    builtin-create-build-directory /Users/admin/builder/spi-builder-workspace/.derivedData/Build/Intermediates.noindex/ExplicitPrecompiledModules
CreateBuildDirectory /Users/admin/builder/spi-builder-workspace/.derivedData/Build/Intermediates.noindex/EagerLinkingTBDs/Debug-xros
    cd /Users/admin/builder/spi-builder-workspace/.swiftpm/xcode
    builtin-create-build-directory /Users/admin/builder/spi-builder-workspace/.derivedData/Build/Intermediates.noindex/EagerLinkingTBDs/Debug-xros
CreateBuildDirectory /Users/admin/builder/spi-builder-workspace/.derivedData/Build/Products/Debug-xros
    cd /Users/admin/builder/spi-builder-workspace/.swiftpm/xcode
    builtin-create-build-directory /Users/admin/builder/spi-builder-workspace/.derivedData/Build/Products/Debug-xros
CreateBuildDirectory /Users/admin/builder/spi-builder-workspace/.derivedData/Build/Products/Debug-xros/PackageFrameworks
    cd /Users/admin/builder/spi-builder-workspace/.swiftpm/xcode
    builtin-create-build-directory /Users/admin/builder/spi-builder-workspace/.derivedData/Build/Products/Debug-xros/PackageFrameworks
WriteAuxiliaryFile /Users/admin/builder/spi-builder-workspace/.derivedData/Build/Intermediates.noindex/KippleNetworking.build/Debug-xros/KippleNetworking-t.build/KippleNetworking.DependencyMetadataFileList (in target 'KippleNetworking' from project 'KippleNetworking')
    cd /Users/admin/builder/spi-builder-workspace
    write-file /Users/admin/builder/spi-builder-workspace/.derivedData/Build/Intermediates.noindex/KippleNetworking.build/Debug-xros/KippleNetworking-t.build/KippleNetworking.DependencyMetadataFileList
WriteAuxiliaryFile /Users/admin/builder/spi-builder-workspace/.derivedData/Build/Intermediates.noindex/KippleNetworking.build/Debug-xros/KippleNetworking-t.build/KippleNetworking.modulemap (in target 'KippleNetworking' from project 'KippleNetworking')
    cd /Users/admin/builder/spi-builder-workspace
    write-file /Users/admin/builder/spi-builder-workspace/.derivedData/Build/Intermediates.noindex/KippleNetworking.build/Debug-xros/KippleNetworking-t.build/KippleNetworking.modulemap
WriteAuxiliaryFile /Users/admin/builder/spi-builder-workspace/.derivedData/Build/Intermediates.noindex/KippleNetworking.build/Debug-xros/KippleNetworking-t.build/KippleNetworking.DependencyStaticMetadataFileList (in target 'KippleNetworking' from project 'KippleNetworking')
    cd /Users/admin/builder/spi-builder-workspace
    write-file /Users/admin/builder/spi-builder-workspace/.derivedData/Build/Intermediates.noindex/KippleNetworking.build/Debug-xros/KippleNetworking-t.build/KippleNetworking.DependencyStaticMetadataFileList
WriteAuxiliaryFile /Users/admin/builder/spi-builder-workspace/.derivedData/Build/Intermediates.noindex/KippleNetworking.build/Debug-xros/KippleNetworking-t.build/Objects-normal/arm64/KippleNetworking.SwiftFileList (in target 'KippleNetworking' from project 'KippleNetworking')
    cd /Users/admin/builder/spi-builder-workspace
    write-file /Users/admin/builder/spi-builder-workspace/.derivedData/Build/Intermediates.noindex/KippleNetworking.build/Debug-xros/KippleNetworking-t.build/Objects-normal/arm64/KippleNetworking.SwiftFileList
WriteAuxiliaryFile /Users/admin/builder/spi-builder-workspace/.derivedData/Build/Intermediates.noindex/KippleNetworking.build/Debug-xros/KippleNetworking-t.build/Objects-normal/arm64/KippleNetworking.LinkFileList (in target 'KippleNetworking' from project 'KippleNetworking')
    cd /Users/admin/builder/spi-builder-workspace
    write-file /Users/admin/builder/spi-builder-workspace/.derivedData/Build/Intermediates.noindex/KippleNetworking.build/Debug-xros/KippleNetworking-t.build/Objects-normal/arm64/KippleNetworking.LinkFileList
WriteAuxiliaryFile /Users/admin/builder/spi-builder-workspace/.derivedData/Build/Intermediates.noindex/KippleNetworking.build/Debug-xros/KippleNetworking-t.build/Objects-normal/arm64/KippleNetworking_const_extract_protocols.json (in target 'KippleNetworking' from project 'KippleNetworking')
    cd /Users/admin/builder/spi-builder-workspace
    write-file /Users/admin/builder/spi-builder-workspace/.derivedData/Build/Intermediates.noindex/KippleNetworking.build/Debug-xros/KippleNetworking-t.build/Objects-normal/arm64/KippleNetworking_const_extract_protocols.json
WriteAuxiliaryFile /Users/admin/builder/spi-builder-workspace/.derivedData/Build/Intermediates.noindex/KippleNetworking.build/Debug-xros/KippleNetworking-t.build/Objects-normal/arm64/KippleNetworking.SwiftConstValuesFileList (in target 'KippleNetworking' from project 'KippleNetworking')
    cd /Users/admin/builder/spi-builder-workspace
    write-file /Users/admin/builder/spi-builder-workspace/.derivedData/Build/Intermediates.noindex/KippleNetworking.build/Debug-xros/KippleNetworking-t.build/Objects-normal/arm64/KippleNetworking.SwiftConstValuesFileList
WriteAuxiliaryFile /Users/admin/builder/spi-builder-workspace/.derivedData/Build/Intermediates.noindex/KippleNetworking.build/Debug-xros/KippleNetworking-t.build/Objects-normal/arm64/KippleNetworking-OutputFileMap.json (in target 'KippleNetworking' from project 'KippleNetworking')
    cd /Users/admin/builder/spi-builder-workspace
    write-file /Users/admin/builder/spi-builder-workspace/.derivedData/Build/Intermediates.noindex/KippleNetworking.build/Debug-xros/KippleNetworking-t.build/Objects-normal/arm64/KippleNetworking-OutputFileMap.json
WriteAuxiliaryFile /Users/admin/builder/spi-builder-workspace/.derivedData/Build/Intermediates.noindex/Kipple.build/Debug-xros/KippleLogging-t.build/Objects-normal/arm64/KippleLogging_const_extract_protocols.json (in target 'KippleLogging' from project 'Kipple')
    cd /Users/admin/builder/spi-builder-workspace/.dependencies/checkouts/Kipple
    write-file /Users/admin/builder/spi-builder-workspace/.derivedData/Build/Intermediates.noindex/Kipple.build/Debug-xros/KippleLogging-t.build/Objects-normal/arm64/KippleLogging_const_extract_protocols.json
WriteAuxiliaryFile /Users/admin/builder/spi-builder-workspace/.derivedData/Build/Intermediates.noindex/Kipple.build/Debug-xros/KippleLogging-t.build/Objects-normal/arm64/KippleLogging.SwiftFileList (in target 'KippleLogging' from project 'Kipple')
    cd /Users/admin/builder/spi-builder-workspace/.dependencies/checkouts/Kipple
    write-file /Users/admin/builder/spi-builder-workspace/.derivedData/Build/Intermediates.noindex/Kipple.build/Debug-xros/KippleLogging-t.build/Objects-normal/arm64/KippleLogging.SwiftFileList
WriteAuxiliaryFile /Users/admin/builder/spi-builder-workspace/.derivedData/Build/Intermediates.noindex/Kipple.build/Debug-xros/KippleLogging-t.build/Objects-normal/arm64/KippleLogging.SwiftConstValuesFileList (in target 'KippleLogging' from project 'Kipple')
    cd /Users/admin/builder/spi-builder-workspace/.dependencies/checkouts/Kipple
    write-file /Users/admin/builder/spi-builder-workspace/.derivedData/Build/Intermediates.noindex/Kipple.build/Debug-xros/KippleLogging-t.build/Objects-normal/arm64/KippleLogging.SwiftConstValuesFileList
WriteAuxiliaryFile /Users/admin/builder/spi-builder-workspace/.derivedData/Build/Intermediates.noindex/Kipple.build/Debug-xros/KippleLogging-t.build/Objects-normal/arm64/KippleLogging.LinkFileList (in target 'KippleLogging' from project 'Kipple')
    cd /Users/admin/builder/spi-builder-workspace/.dependencies/checkouts/Kipple
    write-file /Users/admin/builder/spi-builder-workspace/.derivedData/Build/Intermediates.noindex/Kipple.build/Debug-xros/KippleLogging-t.build/Objects-normal/arm64/KippleLogging.LinkFileList
WriteAuxiliaryFile /Users/admin/builder/spi-builder-workspace/.derivedData/Build/Intermediates.noindex/Kipple.build/Debug-xros/KippleLogging-t.build/Objects-normal/arm64/KippleLogging-OutputFileMap.json (in target 'KippleLogging' from project 'Kipple')
    cd /Users/admin/builder/spi-builder-workspace/.dependencies/checkouts/Kipple
    write-file /Users/admin/builder/spi-builder-workspace/.derivedData/Build/Intermediates.noindex/Kipple.build/Debug-xros/KippleLogging-t.build/Objects-normal/arm64/KippleLogging-OutputFileMap.json
WriteAuxiliaryFile /Users/admin/builder/spi-builder-workspace/.derivedData/Build/Intermediates.noindex/Kipple.build/Debug-xros/KippleLogging-t.build/KippleLogging.modulemap (in target 'KippleLogging' from project 'Kipple')
    cd /Users/admin/builder/spi-builder-workspace/.dependencies/checkouts/Kipple
    write-file /Users/admin/builder/spi-builder-workspace/.derivedData/Build/Intermediates.noindex/Kipple.build/Debug-xros/KippleLogging-t.build/KippleLogging.modulemap
Copy /Users/admin/builder/spi-builder-workspace/.derivedData/Build/Intermediates.noindex/GeneratedModuleMaps-xros/KippleNetworking.modulemap /Users/admin/builder/spi-builder-workspace/.derivedData/Build/Intermediates.noindex/KippleNetworking.build/Debug-xros/KippleNetworking-t.build/KippleNetworking.modulemap (in target 'KippleNetworking' from project 'KippleNetworking')
    cd /Users/admin/builder/spi-builder-workspace
    builtin-copy -exclude .DS_Store -exclude CVS -exclude .svn -exclude .git -exclude .hg -resolve-src-symlinks /Users/admin/builder/spi-builder-workspace/.derivedData/Build/Intermediates.noindex/KippleNetworking.build/Debug-xros/KippleNetworking-t.build/KippleNetworking.modulemap /Users/admin/builder/spi-builder-workspace/.derivedData/Build/Intermediates.noindex/GeneratedModuleMaps-xros
WriteAuxiliaryFile /Users/admin/builder/spi-builder-workspace/.derivedData/Build/Intermediates.noindex/Kipple.build/Debug-xros/KippleLogging-t.build/KippleLogging.DependencyStaticMetadataFileList (in target 'KippleLogging' from project 'Kipple')
    cd /Users/admin/builder/spi-builder-workspace/.dependencies/checkouts/Kipple
    write-file /Users/admin/builder/spi-builder-workspace/.derivedData/Build/Intermediates.noindex/Kipple.build/Debug-xros/KippleLogging-t.build/KippleLogging.DependencyStaticMetadataFileList
WriteAuxiliaryFile /Users/admin/builder/spi-builder-workspace/.derivedData/Build/Intermediates.noindex/Kipple.build/Debug-xros/KippleLogging-t.build/KippleLogging.DependencyMetadataFileList (in target 'KippleLogging' from project 'Kipple')
    cd /Users/admin/builder/spi-builder-workspace/.dependencies/checkouts/Kipple
    write-file /Users/admin/builder/spi-builder-workspace/.derivedData/Build/Intermediates.noindex/Kipple.build/Debug-xros/KippleLogging-t.build/KippleLogging.DependencyMetadataFileList
WriteAuxiliaryFile /Users/admin/builder/spi-builder-workspace/.derivedData/Build/Intermediates.noindex/Kipple.build/Debug-xros/KippleFoundation-t.build/Objects-normal/arm64/KippleFoundation_const_extract_protocols.json (in target 'KippleFoundation' from project 'Kipple')
    cd /Users/admin/builder/spi-builder-workspace/.dependencies/checkouts/Kipple
    write-file /Users/admin/builder/spi-builder-workspace/.derivedData/Build/Intermediates.noindex/Kipple.build/Debug-xros/KippleFoundation-t.build/Objects-normal/arm64/KippleFoundation_const_extract_protocols.json
WriteAuxiliaryFile /Users/admin/builder/spi-builder-workspace/.derivedData/Build/Intermediates.noindex/Kipple.build/Debug-xros/KippleFoundation-t.build/Objects-normal/arm64/KippleFoundation.SwiftFileList (in target 'KippleFoundation' from project 'Kipple')
    cd /Users/admin/builder/spi-builder-workspace/.dependencies/checkouts/Kipple
    write-file /Users/admin/builder/spi-builder-workspace/.derivedData/Build/Intermediates.noindex/Kipple.build/Debug-xros/KippleFoundation-t.build/Objects-normal/arm64/KippleFoundation.SwiftFileList
WriteAuxiliaryFile /Users/admin/builder/spi-builder-workspace/.derivedData/Build/Intermediates.noindex/Kipple.build/Debug-xros/KippleFoundation-t.build/Objects-normal/arm64/KippleFoundation.SwiftConstValuesFileList (in target 'KippleFoundation' from project 'Kipple')
    cd /Users/admin/builder/spi-builder-workspace/.dependencies/checkouts/Kipple
    write-file /Users/admin/builder/spi-builder-workspace/.derivedData/Build/Intermediates.noindex/Kipple.build/Debug-xros/KippleFoundation-t.build/Objects-normal/arm64/KippleFoundation.SwiftConstValuesFileList
WriteAuxiliaryFile /Users/admin/builder/spi-builder-workspace/.derivedData/Build/Intermediates.noindex/Kipple.build/Debug-xros/KippleFoundation-t.build/Objects-normal/arm64/KippleFoundation.LinkFileList (in target 'KippleFoundation' from project 'Kipple')
    cd /Users/admin/builder/spi-builder-workspace/.dependencies/checkouts/Kipple
    write-file /Users/admin/builder/spi-builder-workspace/.derivedData/Build/Intermediates.noindex/Kipple.build/Debug-xros/KippleFoundation-t.build/Objects-normal/arm64/KippleFoundation.LinkFileList
WriteAuxiliaryFile /Users/admin/builder/spi-builder-workspace/.derivedData/Build/Intermediates.noindex/Kipple.build/Debug-xros/KippleFoundation-t.build/Objects-normal/arm64/KippleFoundation-OutputFileMap.json (in target 'KippleFoundation' from project 'Kipple')
    cd /Users/admin/builder/spi-builder-workspace/.dependencies/checkouts/Kipple
    write-file /Users/admin/builder/spi-builder-workspace/.derivedData/Build/Intermediates.noindex/Kipple.build/Debug-xros/KippleFoundation-t.build/Objects-normal/arm64/KippleFoundation-OutputFileMap.json
WriteAuxiliaryFile /Users/admin/builder/spi-builder-workspace/.derivedData/Build/Intermediates.noindex/Kipple.build/Debug-xros/KippleFoundation-t.build/KippleFoundation.modulemap (in target 'KippleFoundation' from project 'Kipple')
    cd /Users/admin/builder/spi-builder-workspace/.dependencies/checkouts/Kipple
    write-file /Users/admin/builder/spi-builder-workspace/.derivedData/Build/Intermediates.noindex/Kipple.build/Debug-xros/KippleFoundation-t.build/KippleFoundation.modulemap
Copy /Users/admin/builder/spi-builder-workspace/.derivedData/Build/Intermediates.noindex/GeneratedModuleMaps-xros/KippleLogging.modulemap /Users/admin/builder/spi-builder-workspace/.derivedData/Build/Intermediates.noindex/Kipple.build/Debug-xros/KippleLogging-t.build/KippleLogging.modulemap (in target 'KippleLogging' from project 'Kipple')
    cd /Users/admin/builder/spi-builder-workspace/.dependencies/checkouts/Kipple
    builtin-copy -exclude .DS_Store -exclude CVS -exclude .svn -exclude .git -exclude .hg -resolve-src-symlinks /Users/admin/builder/spi-builder-workspace/.derivedData/Build/Intermediates.noindex/Kipple.build/Debug-xros/KippleLogging-t.build/KippleLogging.modulemap /Users/admin/builder/spi-builder-workspace/.derivedData/Build/Intermediates.noindex/GeneratedModuleMaps-xros
WriteAuxiliaryFile /Users/admin/builder/spi-builder-workspace/.derivedData/Build/Intermediates.noindex/Kipple.build/Debug-xros/KippleFoundation-t.build/KippleFoundation.DependencyStaticMetadataFileList (in target 'KippleFoundation' from project 'Kipple')
    cd /Users/admin/builder/spi-builder-workspace/.dependencies/checkouts/Kipple
    write-file /Users/admin/builder/spi-builder-workspace/.derivedData/Build/Intermediates.noindex/Kipple.build/Debug-xros/KippleFoundation-t.build/KippleFoundation.DependencyStaticMetadataFileList
WriteAuxiliaryFile /Users/admin/builder/spi-builder-workspace/.derivedData/Build/Intermediates.noindex/Kipple.build/Debug-xros/KippleFoundation-t.build/KippleFoundation.DependencyMetadataFileList (in target 'KippleFoundation' from project 'Kipple')
    cd /Users/admin/builder/spi-builder-workspace/.dependencies/checkouts/Kipple
    write-file /Users/admin/builder/spi-builder-workspace/.derivedData/Build/Intermediates.noindex/Kipple.build/Debug-xros/KippleFoundation-t.build/KippleFoundation.DependencyMetadataFileList
WriteAuxiliaryFile /Users/admin/builder/spi-builder-workspace/.derivedData/Build/Intermediates.noindex/Kipple.build/Debug-xros/KippleCodable-t.build/Objects-normal/arm64/KippleCodable_const_extract_protocols.json (in target 'KippleCodable' from project 'Kipple')
    cd /Users/admin/builder/spi-builder-workspace/.dependencies/checkouts/Kipple
    write-file /Users/admin/builder/spi-builder-workspace/.derivedData/Build/Intermediates.noindex/Kipple.build/Debug-xros/KippleCodable-t.build/Objects-normal/arm64/KippleCodable_const_extract_protocols.json
WriteAuxiliaryFile /Users/admin/builder/spi-builder-workspace/.derivedData/Build/Intermediates.noindex/Kipple.build/Debug-xros/KippleCodable-t.build/Objects-normal/arm64/KippleCodable.SwiftFileList (in target 'KippleCodable' from project 'Kipple')
    cd /Users/admin/builder/spi-builder-workspace/.dependencies/checkouts/Kipple
    write-file /Users/admin/builder/spi-builder-workspace/.derivedData/Build/Intermediates.noindex/Kipple.build/Debug-xros/KippleCodable-t.build/Objects-normal/arm64/KippleCodable.SwiftFileList
WriteAuxiliaryFile /Users/admin/builder/spi-builder-workspace/.derivedData/Build/Intermediates.noindex/Kipple.build/Debug-xros/KippleCodable-t.build/Objects-normal/arm64/KippleCodable.SwiftConstValuesFileList (in target 'KippleCodable' from project 'Kipple')
    cd /Users/admin/builder/spi-builder-workspace/.dependencies/checkouts/Kipple
    write-file /Users/admin/builder/spi-builder-workspace/.derivedData/Build/Intermediates.noindex/Kipple.build/Debug-xros/KippleCodable-t.build/Objects-normal/arm64/KippleCodable.SwiftConstValuesFileList
WriteAuxiliaryFile /Users/admin/builder/spi-builder-workspace/.derivedData/Build/Intermediates.noindex/Kipple.build/Debug-xros/KippleCodable-t.build/Objects-normal/arm64/KippleCodable.LinkFileList (in target 'KippleCodable' from project 'Kipple')
    cd /Users/admin/builder/spi-builder-workspace/.dependencies/checkouts/Kipple
    write-file /Users/admin/builder/spi-builder-workspace/.derivedData/Build/Intermediates.noindex/Kipple.build/Debug-xros/KippleCodable-t.build/Objects-normal/arm64/KippleCodable.LinkFileList
WriteAuxiliaryFile /Users/admin/builder/spi-builder-workspace/.derivedData/Build/Intermediates.noindex/Kipple.build/Debug-xros/KippleCodable-t.build/Objects-normal/arm64/KippleCodable-OutputFileMap.json (in target 'KippleCodable' from project 'Kipple')
    cd /Users/admin/builder/spi-builder-workspace/.dependencies/checkouts/Kipple
    write-file /Users/admin/builder/spi-builder-workspace/.derivedData/Build/Intermediates.noindex/Kipple.build/Debug-xros/KippleCodable-t.build/Objects-normal/arm64/KippleCodable-OutputFileMap.json
Copy /Users/admin/builder/spi-builder-workspace/.derivedData/Build/Intermediates.noindex/GeneratedModuleMaps-xros/KippleFoundation.modulemap /Users/admin/builder/spi-builder-workspace/.derivedData/Build/Intermediates.noindex/Kipple.build/Debug-xros/KippleFoundation-t.build/KippleFoundation.modulemap (in target 'KippleFoundation' from project 'Kipple')
    cd /Users/admin/builder/spi-builder-workspace/.dependencies/checkouts/Kipple
    builtin-copy -exclude .DS_Store -exclude CVS -exclude .svn -exclude .git -exclude .hg -resolve-src-symlinks /Users/admin/builder/spi-builder-workspace/.derivedData/Build/Intermediates.noindex/Kipple.build/Debug-xros/KippleFoundation-t.build/KippleFoundation.modulemap /Users/admin/builder/spi-builder-workspace/.derivedData/Build/Intermediates.noindex/GeneratedModuleMaps-xros
WriteAuxiliaryFile /Users/admin/builder/spi-builder-workspace/.derivedData/Build/Intermediates.noindex/Kipple.build/Debug-xros/KippleCodable-t.build/KippleCodable.modulemap (in target 'KippleCodable' from project 'Kipple')
    cd /Users/admin/builder/spi-builder-workspace/.dependencies/checkouts/Kipple
    write-file /Users/admin/builder/spi-builder-workspace/.derivedData/Build/Intermediates.noindex/Kipple.build/Debug-xros/KippleCodable-t.build/KippleCodable.modulemap
WriteAuxiliaryFile /Users/admin/builder/spi-builder-workspace/.derivedData/Build/Intermediates.noindex/Kipple.build/Debug-xros/KippleCodable-t.build/KippleCodable.DependencyStaticMetadataFileList (in target 'KippleCodable' from project 'Kipple')
    cd /Users/admin/builder/spi-builder-workspace/.dependencies/checkouts/Kipple
    write-file /Users/admin/builder/spi-builder-workspace/.derivedData/Build/Intermediates.noindex/Kipple.build/Debug-xros/KippleCodable-t.build/KippleCodable.DependencyStaticMetadataFileList
WriteAuxiliaryFile /Users/admin/builder/spi-builder-workspace/.derivedData/Build/Intermediates.noindex/Kipple.build/Debug-xros/KippleCodable-t.build/KippleCodable.DependencyMetadataFileList (in target 'KippleCodable' from project 'Kipple')
    cd /Users/admin/builder/spi-builder-workspace/.dependencies/checkouts/Kipple
    write-file /Users/admin/builder/spi-builder-workspace/.derivedData/Build/Intermediates.noindex/Kipple.build/Debug-xros/KippleCodable-t.build/KippleCodable.DependencyMetadataFileList
Copy /Users/admin/builder/spi-builder-workspace/.derivedData/Build/Intermediates.noindex/GeneratedModuleMaps-xros/KippleCodable.modulemap /Users/admin/builder/spi-builder-workspace/.derivedData/Build/Intermediates.noindex/Kipple.build/Debug-xros/KippleCodable-t.build/KippleCodable.modulemap (in target 'KippleCodable' from project 'Kipple')
    cd /Users/admin/builder/spi-builder-workspace/.dependencies/checkouts/Kipple
    builtin-copy -exclude .DS_Store -exclude CVS -exclude .svn -exclude .git -exclude .hg -resolve-src-symlinks /Users/admin/builder/spi-builder-workspace/.derivedData/Build/Intermediates.noindex/Kipple.build/Debug-xros/KippleCodable-t.build/KippleCodable.modulemap /Users/admin/builder/spi-builder-workspace/.derivedData/Build/Intermediates.noindex/GeneratedModuleMaps-xros
SwiftDriver KippleCodable normal arm64 com.apple.xcode.tools.swift.compiler (in target 'KippleCodable' from project 'Kipple')
    cd /Users/admin/builder/spi-builder-workspace/.swiftpm/xcode
    builtin-SwiftDriver -- /Applications/Xcode-27.0.0-Release.Candidate.app/Contents/Developer/Toolchains/XcodeDefault.xctoolchain/usr/bin/swiftc -parse-as-library -module-name KippleCodable -Onone @/Users/admin/builder/spi-builder-workspace/.derivedData/Build/Intermediates.noindex/Kipple.build/Debug-xros/KippleCodable-t.build/Objects-normal/arm64/KippleCodable.SwiftFileList -DSWIFT_PACKAGE -DDEBUG -DSWIFT_MODULE_RESOURCE_BUNDLE_UNAVAILABLE -DXcode -plugin-path /Applications/Xcode-27.0.0-Release.Candidate.app/Contents/Developer/Toolchains/XcodeDefault.xctoolchain/usr/lib/swift/host/plugins/testing -enable-experimental-feature DebugDescriptionMacro -sdk /Applications/Xcode-27.0.0-Release.Candidate.app/Contents/Developer/Platforms/XROS.platform/Developer/SDKs/XROS27.0.sdk -target arm64-apple-xros1.0 -g -module-cache-path /Users/admin/builder/spi-builder-workspace/.derivedData/ModuleCache.noindex -Xfrontend -serialize-debugging-options -profile-coverage-mapping -profile-generate -enable-testing -suppress-warnings -index-store-path /Users/admin/builder/spi-builder-workspace/.derivedData/Index.noindex/DataStore -Xcc -D_LIBCPP_HARDENING_MODE\=_LIBCPP_HARDENING_MODE_DEBUG -swift-version 5 -I /Users/admin/builder/spi-builder-workspace/.derivedData/Build/Products/Debug-xros -Isystem /Applications/Xcode-27.0.0-Release.Candidate.app/Contents/Developer/Platforms/XROS.platform/Developer/usr/lib -F /Users/admin/builder/spi-builder-workspace/.derivedData/Build/Products/Debug-xros -F /Applications/Xcode-27.0.0-Release.Candidate.app/Contents/Developer/Platforms/XROS.platform/Developer/Library/Frameworks -F /Applications/Xcode-27.0.0-Release.Candidate.app/Contents/Developer/Platforms/XROS.platform/Developer/SDKs/XROS27.0.sdk/Developer/Library/Frameworks -c -j10 -enable-batch-mode -incremental -Xcc -ivfsstatcache -Xcc /Users/admin/builder/spi-builder-workspace/.derivedData/SDKStatCaches.noindex/xros27.0-24M361-e829b21a6f8c9b70876ba0858053c044735bd543db762f57723cac368afd1ce4.sdkstatcache -output-file-map /Users/admin/builder/spi-builder-workspace/.derivedData/Build/Intermediates.noindex/Kipple.build/Debug-xros/KippleCodable-t.build/Objects-normal/arm64/KippleCodable-OutputFileMap.json -save-temps -no-color-diagnostics -explicit-module-build -module-cache-path /Users/admin/builder/spi-builder-workspace/.derivedData/Build/Intermediates.noindex/SwiftExplicitPrecompiledModules -clang-scanner-module-cache-path /Users/admin/builder/spi-builder-workspace/.derivedData/ModuleCache.noindex -sdk-module-cache-path /Users/admin/builder/spi-builder-workspace/.derivedData/SDKExplicitPrecompiledModules -emit-dependencies -emit-module -emit-module-path /Users/admin/builder/spi-builder-workspace/.derivedData/Build/Intermediates.noindex/Kipple.build/Debug-xros/KippleCodable-t.build/Objects-normal/arm64/KippleCodable.swiftmodule -serialize-diagnostics -dependency-scan-serialize-diagnostics-path /Users/admin/builder/spi-builder-workspace/.derivedData/Build/Intermediates.noindex/Kipple.build/Debug-xros/KippleCodable-t.build/Objects-normal/arm64/KippleCodable-dependency-scan.dia -validate-clang-modules-once -clang-build-session-file /Users/admin/builder/spi-builder-workspace/.derivedData/ModuleCache.noindex/Session.modulevalidation -Xcc -fmodules-prune-interval\=86400 -Xcc -fmodules-prune-after\=345600 -emit-const-values -const-gather-protocols-list /Users/admin/builder/spi-builder-workspace/.derivedData/Build/Intermediates.noindex/Kipple.build/Debug-xros/KippleCodable-t.build/Objects-normal/arm64/KippleCodable_const_extract_protocols.json -Xcc -I/Users/admin/builder/spi-builder-workspace/.derivedData/Build/Products/Debug-xros/include -Xcc -I/Users/admin/builder/spi-builder-workspace/.derivedData/Build/Intermediates.noindex/Kipple.build/Debug-xros/KippleCodable-t.build/DerivedSources-normal/arm64 -Xcc -I/Users/admin/builder/spi-builder-workspace/.derivedData/Build/Intermediates.noindex/Kipple.build/Debug-xros/KippleCodable-t.build/DerivedSources/arm64 -Xcc -I/Users/admin/builder/spi-builder-workspace/.derivedData/Build/Intermediates.noindex/Kipple.build/Debug-xros/KippleCodable-t.build/DerivedSources -Xcc -DSWIFT_PACKAGE -Xcc -DDEBUG\=1 -emit-objc-header -emit-objc-header-path /Users/admin/builder/spi-builder-workspace/.derivedData/Build/Intermediates.noindex/Kipple.build/Debug-xros/KippleCodable-t.build/Objects-normal/arm64/KippleCodable-Swift.h -working-directory /Users/admin/builder/spi-builder-workspace/.swiftpm/xcode -experimental-emit-module-separately -disable-cmo
SwiftDriver KippleLogging normal arm64 com.apple.xcode.tools.swift.compiler (in target 'KippleLogging' from project 'Kipple')
    cd /Users/admin/builder/spi-builder-workspace/.swiftpm/xcode
    builtin-SwiftDriver -- /Applications/Xcode-27.0.0-Release.Candidate.app/Contents/Developer/Toolchains/XcodeDefault.xctoolchain/usr/bin/swiftc -parse-as-library -module-name KippleLogging -Onone @/Users/admin/builder/spi-builder-workspace/.derivedData/Build/Intermediates.noindex/Kipple.build/Debug-xros/KippleLogging-t.build/Objects-normal/arm64/KippleLogging.SwiftFileList -DSWIFT_PACKAGE -DDEBUG -DSWIFT_MODULE_RESOURCE_BUNDLE_UNAVAILABLE -DXcode -plugin-path /Applications/Xcode-27.0.0-Release.Candidate.app/Contents/Developer/Toolchains/XcodeDefault.xctoolchain/usr/lib/swift/host/plugins/testing -enable-experimental-feature DebugDescriptionMacro -sdk /Applications/Xcode-27.0.0-Release.Candidate.app/Contents/Developer/Platforms/XROS.platform/Developer/SDKs/XROS27.0.sdk -target arm64-apple-xros1.0 -g -module-cache-path /Users/admin/builder/spi-builder-workspace/.derivedData/ModuleCache.noindex -Xfrontend -serialize-debugging-options -profile-coverage-mapping -profile-generate -enable-testing -suppress-warnings -index-store-path /Users/admin/builder/spi-builder-workspace/.derivedData/Index.noindex/DataStore -Xcc -D_LIBCPP_HARDENING_MODE\=_LIBCPP_HARDENING_MODE_DEBUG -swift-version 5 -I /Users/admin/builder/spi-builder-workspace/.derivedData/Build/Products/Debug-xros -Isystem /Applications/Xcode-27.0.0-Release.Candidate.app/Contents/Developer/Platforms/XROS.platform/Developer/usr/lib -F /Users/admin/builder/spi-builder-workspace/.derivedData/Build/Products/Debug-xros -F /Applications/Xcode-27.0.0-Release.Candidate.app/Contents/Developer/Platforms/XROS.platform/Developer/Library/Frameworks -F /Applications/Xcode-27.0.0-Release.Candidate.app/Contents/Developer/Platforms/XROS.platform/Developer/SDKs/XROS27.0.sdk/Developer/Library/Frameworks -c -j10 -enable-batch-mode -incremental -Xcc -ivfsstatcache -Xcc /Users/admin/builder/spi-builder-workspace/.derivedData/SDKStatCaches.noindex/xros27.0-24M361-e829b21a6f8c9b70876ba0858053c044735bd543db762f57723cac368afd1ce4.sdkstatcache -output-file-map /Users/admin/builder/spi-builder-workspace/.derivedData/Build/Intermediates.noindex/Kipple.build/Debug-xros/KippleLogging-t.build/Objects-normal/arm64/KippleLogging-OutputFileMap.json -save-temps -no-color-diagnostics -explicit-module-build -module-cache-path /Users/admin/builder/spi-builder-workspace/.derivedData/Build/Intermediates.noindex/SwiftExplicitPrecompiledModules -clang-scanner-module-cache-path /Users/admin/builder/spi-builder-workspace/.derivedData/ModuleCache.noindex -sdk-module-cache-path /Users/admin/builder/spi-builder-workspace/.derivedData/SDKExplicitPrecompiledModules -emit-dependencies -emit-module -emit-module-path /Users/admin/builder/spi-builder-workspace/.derivedData/Build/Intermediates.noindex/Kipple.build/Debug-xros/KippleLogging-t.build/Objects-normal/arm64/KippleLogging.swiftmodule -serialize-diagnostics -dependency-scan-serialize-diagnostics-path /Users/admin/builder/spi-builder-workspace/.derivedData/Build/Intermediates.noindex/Kipple.build/Debug-xros/KippleLogging-t.build/Objects-normal/arm64/KippleLogging-dependency-scan.dia -validate-clang-modules-once -clang-build-session-file /Users/admin/builder/spi-builder-workspace/.derivedData/ModuleCache.noindex/Session.modulevalidation -Xcc -fmodules-prune-interval\=86400 -Xcc -fmodules-prune-after\=345600 -emit-const-values -const-gather-protocols-list /Users/admin/builder/spi-builder-workspace/.derivedData/Build/Intermediates.noindex/Kipple.build/Debug-xros/KippleLogging-t.build/Objects-normal/arm64/KippleLogging_const_extract_protocols.json -Xcc -I/Users/admin/builder/spi-builder-workspace/.derivedData/Build/Products/Debug-xros/include -Xcc -I/Users/admin/builder/spi-builder-workspace/.derivedData/Build/Intermediates.noindex/Kipple.build/Debug-xros/KippleLogging-t.build/DerivedSources-normal/arm64 -Xcc -I/Users/admin/builder/spi-builder-workspace/.derivedData/Build/Intermediates.noindex/Kipple.build/Debug-xros/KippleLogging-t.build/DerivedSources/arm64 -Xcc -I/Users/admin/builder/spi-builder-workspace/.derivedData/Build/Intermediates.noindex/Kipple.build/Debug-xros/KippleLogging-t.build/DerivedSources -Xcc -DSWIFT_PACKAGE -Xcc -DDEBUG\=1 -emit-objc-header -emit-objc-header-path /Users/admin/builder/spi-builder-workspace/.derivedData/Build/Intermediates.noindex/Kipple.build/Debug-xros/KippleLogging-t.build/Objects-normal/arm64/KippleLogging-Swift.h -working-directory /Users/admin/builder/spi-builder-workspace/.swiftpm/xcode -experimental-emit-module-separately -disable-cmo
SwiftDriver KippleFoundation normal arm64 com.apple.xcode.tools.swift.compiler (in target 'KippleFoundation' from project 'Kipple')
    cd /Users/admin/builder/spi-builder-workspace/.swiftpm/xcode
    builtin-SwiftDriver -- /Applications/Xcode-27.0.0-Release.Candidate.app/Contents/Developer/Toolchains/XcodeDefault.xctoolchain/usr/bin/swiftc -parse-as-library -module-name KippleFoundation -Onone @/Users/admin/builder/spi-builder-workspace/.derivedData/Build/Intermediates.noindex/Kipple.build/Debug-xros/KippleFoundation-t.build/Objects-normal/arm64/KippleFoundation.SwiftFileList -DSWIFT_PACKAGE -DDEBUG -DSWIFT_MODULE_RESOURCE_BUNDLE_UNAVAILABLE -DXcode -plugin-path /Applications/Xcode-27.0.0-Release.Candidate.app/Contents/Developer/Toolchains/XcodeDefault.xctoolchain/usr/lib/swift/host/plugins/testing -enable-experimental-feature DebugDescriptionMacro -sdk /Applications/Xcode-27.0.0-Release.Candidate.app/Contents/Developer/Platforms/XROS.platform/Developer/SDKs/XROS27.0.sdk -target arm64-apple-xros1.0 -g -module-cache-path /Users/admin/builder/spi-builder-workspace/.derivedData/ModuleCache.noindex -Xfrontend -serialize-debugging-options -profile-coverage-mapping -profile-generate -enable-testing -suppress-warnings -index-store-path /Users/admin/builder/spi-builder-workspace/.derivedData/Index.noindex/DataStore -Xcc -D_LIBCPP_HARDENING_MODE\=_LIBCPP_HARDENING_MODE_DEBUG -swift-version 5 -I /Users/admin/builder/spi-builder-workspace/.derivedData/Build/Products/Debug-xros -Isystem /Applications/Xcode-27.0.0-Release.Candidate.app/Contents/Developer/Platforms/XROS.platform/Developer/usr/lib -F /Users/admin/builder/spi-builder-workspace/.derivedData/Build/Products/Debug-xros -F /Applications/Xcode-27.0.0-Release.Candidate.app/Contents/Developer/Platforms/XROS.platform/Developer/Library/Frameworks -F /Applications/Xcode-27.0.0-Release.Candidate.app/Contents/Developer/Platforms/XROS.platform/Developer/SDKs/XROS27.0.sdk/Developer/Library/Frameworks -c -j10 -enable-batch-mode -incremental -Xcc -ivfsstatcache -Xcc /Users/admin/builder/spi-builder-workspace/.derivedData/SDKStatCaches.noindex/xros27.0-24M361-e829b21a6f8c9b70876ba0858053c044735bd543db762f57723cac368afd1ce4.sdkstatcache -output-file-map /Users/admin/builder/spi-builder-workspace/.derivedData/Build/Intermediates.noindex/Kipple.build/Debug-xros/KippleFoundation-t.build/Objects-normal/arm64/KippleFoundation-OutputFileMap.json -save-temps -no-color-diagnostics -explicit-module-build -module-cache-path /Users/admin/builder/spi-builder-workspace/.derivedData/Build/Intermediates.noindex/SwiftExplicitPrecompiledModules -clang-scanner-module-cache-path /Users/admin/builder/spi-builder-workspace/.derivedData/ModuleCache.noindex -sdk-module-cache-path /Users/admin/builder/spi-builder-workspace/.derivedData/SDKExplicitPrecompiledModules -emit-dependencies -emit-module -emit-module-path /Users/admin/builder/spi-builder-workspace/.derivedData/Build/Intermediates.noindex/Kipple.build/Debug-xros/KippleFoundation-t.build/Objects-normal/arm64/KippleFoundation.swiftmodule -serialize-diagnostics -dependency-scan-serialize-diagnostics-path /Users/admin/builder/spi-builder-workspace/.derivedData/Build/Intermediates.noindex/Kipple.build/Debug-xros/KippleFoundation-t.build/Objects-normal/arm64/KippleFoundation-dependency-scan.dia -validate-clang-modules-once -clang-build-session-file /Users/admin/builder/spi-builder-workspace/.derivedData/ModuleCache.noindex/Session.modulevalidation -Xcc -fmodules-prune-interval\=86400 -Xcc -fmodules-prune-after\=345600 -emit-const-values -const-gather-protocols-list /Users/admin/builder/spi-builder-workspace/.derivedData/Build/Intermediates.noindex/Kipple.build/Debug-xros/KippleFoundation-t.build/Objects-normal/arm64/KippleFoundation_const_extract_protocols.json -Xcc -I/Users/admin/builder/spi-builder-workspace/.derivedData/Build/Products/Debug-xros/include -Xcc -I/Users/admin/builder/spi-builder-workspace/.derivedData/Build/Intermediates.noindex/Kipple.build/Debug-xros/KippleFoundation-t.build/DerivedSources-normal/arm64 -Xcc -I/Users/admin/builder/spi-builder-workspace/.derivedData/Build/Intermediates.noindex/Kipple.build/Debug-xros/KippleFoundation-t.build/DerivedSources/arm64 -Xcc -I/Users/admin/builder/spi-builder-workspace/.derivedData/Build/Intermediates.noindex/Kipple.build/Debug-xros/KippleFoundation-t.build/DerivedSources -Xcc -DSWIFT_PACKAGE -Xcc -DDEBUG\=1 -emit-objc-header -emit-objc-header-path /Users/admin/builder/spi-builder-workspace/.derivedData/Build/Intermediates.noindex/Kipple.build/Debug-xros/KippleFoundation-t.build/Objects-normal/arm64/KippleFoundation-Swift.h -working-directory /Users/admin/builder/spi-builder-workspace/.swiftpm/xcode -experimental-emit-module-separately -disable-cmo
SwiftExplicitDependencyGeneratePcm arm64 /Users/admin/builder/spi-builder-workspace/.derivedData/SDKExplicitPrecompiledModules/_Builtin_stdarg-CDA349K2K4US766844K8E0PVA.pcm
SwiftExplicitDependencyGeneratePcm arm64 /Users/admin/builder/spi-builder-workspace/.derivedData/SDKExplicitPrecompiledModules/SwiftShims-CI4H5RO9IYFFWQ2COB512Q2S9.pcm
SwiftExplicitDependencyGeneratePcm arm64 /Users/admin/builder/spi-builder-workspace/.derivedData/SDKExplicitPrecompiledModules/_SwiftConcurrencyShims-C8XHKSHX96D5YYALNM4W70Z0O.pcm
SwiftExplicitDependencyGeneratePcm arm64 /Users/admin/builder/spi-builder-workspace/.derivedData/SDKExplicitPrecompiledModules/_Builtin_float-6WKHNW5S40U2QGHXXGETUDIRA.pcm
SwiftExplicitDependencyGeneratePcm arm64 /Users/admin/builder/spi-builder-workspace/.derivedData/SDKExplicitPrecompiledModules/ptrcheck-BXA97MNLI4BB0HF5I8MJE403D.pcm
SwiftExplicitDependencyGeneratePcm arm64 /Users/admin/builder/spi-builder-workspace/.derivedData/SDKExplicitPrecompiledModules/_Builtin_stdbool-5BU2ADS7JXQMYENKQHW9X8XOU.pcm
SwiftExplicitDependencyGeneratePcm arm64 /Users/admin/builder/spi-builder-workspace/.derivedData/SDKExplicitPrecompiledModules/_Builtin_stddef-5NQ9Z1GV07GBSRQGAQCGXGVRI.pcm
SwiftExplicitDependencyGeneratePcm arm64 /Users/admin/builder/spi-builder-workspace/.derivedData/SDKExplicitPrecompiledModules/ptrauth-1WBA714DZSVUL5JQDJ08CLKZ.pcm
SwiftExplicitDependencyGeneratePcm arm64 /Users/admin/builder/spi-builder-workspace/.derivedData/SDKExplicitPrecompiledModules/_AvailabilityInternal-1Q8IQP6M38UWSGZ95UCEY2M44.pcm
SwiftExplicitDependencyGeneratePcm arm64 /Users/admin/builder/spi-builder-workspace/.derivedData/SDKExplicitPrecompiledModules/_DarwinFoundation1-5RGRVV2TZ6WC4WZW5IXF8NQ04.pcm
SwiftExplicitDependencyGeneratePcm arm64 /Users/admin/builder/spi-builder-workspace/.derivedData/SDKExplicitPrecompiledModules/_DarwinFoundation2-ENTECK156YEWITZRRBTOCE4KR.pcm
SwiftExplicitDependencyGeneratePcm arm64 /Users/admin/builder/spi-builder-workspace/.derivedData/SDKExplicitPrecompiledModules/_Builtin_limits-425JDMN5HPM3D0UEI8LEHP6NM.pcm
SwiftExplicitDependencyGeneratePcm arm64 /Users/admin/builder/spi-builder-workspace/.derivedData/SDKExplicitPrecompiledModules/sys_types-AYM0BHR77VKMWZCO2T0XGV2HF.pcm
SwiftExplicitDependencyGeneratePcm arm64 /Users/admin/builder/spi-builder-workspace/.derivedData/SDKExplicitPrecompiledModules/_Builtin_stdint-8OR6T47OOYJA90ZBO3N1USDE.pcm
SwiftExplicitDependencyGeneratePcm arm64 /Users/admin/builder/spi-builder-workspace/.derivedData/SDKExplicitPrecompiledModules/string_h-2GT67HHHHK5CF1V1S31LH0PU2.pcm
SwiftExplicitDependencyGeneratePcm arm64 /Users/admin/builder/spi-builder-workspace/.derivedData/SDKExplicitPrecompiledModules/_Builtin_stdatomic-1VUZPM79PNCAHXVBERD53WRSF.pcm
SwiftExplicitDependencyGeneratePcm arm64 /Users/admin/builder/spi-builder-workspace/.derivedData/SDKExplicitPrecompiledModules/_DarwinFoundation3-9ZHN6JKBS40BBA81RQMV8H0IC.pcm
SwiftExplicitDependencyGeneratePcm arm64 /Users/admin/builder/spi-builder-workspace/.derivedData/SDKExplicitPrecompiledModules/_Builtin_inttypes-11B64KJD36B3YOHBR1BBXBJY8.pcm
SwiftExplicitDependencyGeneratePcm arm64 /Users/admin/builder/spi-builder-workspace/.derivedData/SDKExplicitPrecompiledModules/Darwin-60P5LVNQO3ESRRM5DCJ05PFNK.pcm
SwiftExplicitDependencyGeneratePcm arm64 /Users/admin/builder/spi-builder-workspace/.derivedData/SDKExplicitPrecompiledModules/ObjectiveC-26TIBFYCEJZVP216ZZAU1X8KN.pcm
SwiftExplicitDependencyGeneratePcm arm64 /Users/admin/builder/spi-builder-workspace/.derivedData/SDKExplicitPrecompiledModules/MachO-3XTHY7HWV6RF3KXKYQVHUBUXK.pcm
SwiftExplicitDependencyGeneratePcm arm64 /Users/admin/builder/spi-builder-workspace/.derivedData/SDKExplicitPrecompiledModules/os_object-692CJ8BG6RE5H04487EJJOVXW.pcm
SwiftExplicitDependencyGeneratePcm arm64 /Users/admin/builder/spi-builder-workspace/.derivedData/SDKExplicitPrecompiledModules/os_workgroup-4U1VXMWIZD80E7PRUQF2G7P9X.pcm
SwiftExplicitDependencyGeneratePcm arm64 /Users/admin/builder/spi-builder-workspace/.derivedData/SDKExplicitPrecompiledModules/Dispatch-CLT3466HKC22GCKAWSCNG0H7T.pcm
SwiftExplicitDependencyGeneratePcm arm64 /Users/admin/builder/spi-builder-workspace/.derivedData/SDKExplicitPrecompiledModules/CoreFoundation-AVLTZVCXBU2TO75JCN4AGU8XJ.pcm
SwiftExplicitDependencyGeneratePcm arm64 /Users/admin/builder/spi-builder-workspace/.derivedData/SDKExplicitPrecompiledModules/XPC-EP5EU7FNGP4VOA3EDM18P1KHO.pcm
SwiftExplicitDependencyGeneratePcm arm64 /Users/admin/builder/spi-builder-workspace/.derivedData/SDKExplicitPrecompiledModules/os-1004XEJ3IXOOAU0KL58SM3D0K.pcm
SwiftExplicitDependencyGeneratePcm arm64 /Users/admin/builder/spi-builder-workspace/.derivedData/SDKExplicitPrecompiledModules/CFNetwork-5MI70N1VLDQSWTX4COWLMSIRO.pcm
SwiftExplicitDependencyGeneratePcm arm64 /Users/admin/builder/spi-builder-workspace/.derivedData/SDKExplicitPrecompiledModules/Security-8TH2M8WJIQMET4SADWX0N8372.pcm
SwiftExplicitDependencyGeneratePcm arm64 /Users/admin/builder/spi-builder-workspace/.derivedData/SDKExplicitPrecompiledModules/Foundation-8GON1KVEKRN3NOQI8RETBRWJP.pcm
SwiftEmitModule normal arm64 Emitting\ module\ for\ KippleCodable (in target 'KippleCodable' from project 'Kipple')
SwiftCompile normal arm64 (in target 'KippleCodable' from project 'Kipple')
    cd /Users/admin/builder/spi-builder-workspace/.swiftpm/xcode

SwiftCompile normal arm64 Compiling\ CodableIgnored.swift /Users/admin/builder/spi-builder-workspace/.dependencies/checkouts/Kipple/Sources/KippleCodable/PropertyWrappers/CodableIgnored.swift (in target 'KippleCodable' from project 'Kipple')
SwiftCompile normal arm64 /Users/admin/builder/spi-builder-workspace/.dependencies/checkouts/Kipple/Sources/KippleCodable/PropertyWrappers/CodableIgnored.swift (in target 'KippleCodable' from project 'Kipple')
    cd /Users/admin/builder/spi-builder-workspace/.swiftpm/xcode
    builtin-SwiftPerFileCompile CodableIgnored.swift
SwiftCompile normal arm64 Compiling\ CodableDefault.swift /Users/admin/builder/spi-builder-workspace/.dependencies/checkouts/Kipple/Sources/KippleCodable/PropertyWrappers/CodableDefault.swift (in target 'KippleCodable' from project 'Kipple')
SwiftCompile normal arm64 /Users/admin/builder/spi-builder-workspace/.dependencies/checkouts/Kipple/Sources/KippleCodable/PropertyWrappers/CodableDefault.swift (in target 'KippleCodable' from project 'Kipple')
    cd /Users/admin/builder/spi-builder-workspace/.swiftpm/xcode
    builtin-SwiftPerFileCompile CodableDefault.swift
SwiftCompile normal arm64 Compiling\ CodableDefaultStrategy.swift /Users/admin/builder/spi-builder-workspace/.dependencies/checkouts/Kipple/Sources/KippleCodable/PropertyWrappers/CodableDefaultStrategy.swift (in target 'KippleCodable' from project 'Kipple')
SwiftCompile normal arm64 /Users/admin/builder/spi-builder-workspace/.dependencies/checkouts/Kipple/Sources/KippleCodable/PropertyWrappers/CodableDefaultStrategy.swift (in target 'KippleCodable' from project 'Kipple')
    cd /Users/admin/builder/spi-builder-workspace/.swiftpm/xcode
    builtin-SwiftPerFileCompile CodableDefaultStrategy.swift
SwiftExplicitDependencyGeneratePcm arm64 /Users/admin/builder/spi-builder-workspace/.derivedData/SDKExplicitPrecompiledModules/OSLog-BNGT87TS0GMBFF7TY70HHB69.pcm
SwiftCompile normal arm64 Compiling\ PropertyListDecoder+DecodeCleaned.swift /Users/admin/builder/spi-builder-workspace/.dependencies/checkouts/Kipple/Sources/KippleCodable/Extensions/PropertyListDecoder+DecodeCleaned.swift (in target 'KippleCodable' from project 'Kipple')
SwiftCompile normal arm64 /Users/admin/builder/spi-builder-workspace/.dependencies/checkouts/Kipple/Sources/KippleCodable/Extensions/PropertyListDecoder+DecodeCleaned.swift (in target 'KippleCodable' from project 'Kipple')
    cd /Users/admin/builder/spi-builder-workspace/.swiftpm/xcode
    builtin-SwiftPerFileCompile PropertyListDecoder+DecodeCleaned.swift
SwiftCompile normal arm64 Compiling\ Encodable+PrettyPrinted.swift /Users/admin/builder/spi-builder-workspace/.dependencies/checkouts/Kipple/Sources/KippleCodable/Extensions/Encodable+PrettyPrinted.swift (in target 'KippleCodable' from project 'Kipple')
SwiftCompile normal arm64 /Users/admin/builder/spi-builder-workspace/.dependencies/checkouts/Kipple/Sources/KippleCodable/Extensions/Encodable+PrettyPrinted.swift (in target 'KippleCodable' from project 'Kipple')
    cd /Users/admin/builder/spi-builder-workspace/.swiftpm/xcode
    builtin-SwiftPerFileCompile Encodable+PrettyPrinted.swift
SwiftEmitModule normal arm64 Emitting\ module\ for\ KippleFoundation (in target 'KippleFoundation' from project 'Kipple')
SwiftCompile normal arm64 (in target 'KippleFoundation' from project 'Kipple')
    cd /Users/admin/builder/spi-builder-workspace/.swiftpm/xcode

SwiftCompile normal arm64 Compiling\ Dictionary+AsJSONSerializedData.swift /Users/admin/builder/spi-builder-workspace/.dependencies/checkouts/Kipple/Sources/KippleCodable/Extensions/Dictionary+AsJSONSerializedData.swift (in target 'KippleCodable' from project 'Kipple')
SwiftCompile normal arm64 /Users/admin/builder/spi-builder-workspace/.dependencies/checkouts/Kipple/Sources/KippleCodable/Extensions/Dictionary+AsJSONSerializedData.swift (in target 'KippleCodable' from project 'Kipple')
    cd /Users/admin/builder/spi-builder-workspace/.swiftpm/xcode
    builtin-SwiftPerFileCompile Dictionary+AsJSONSerializedData.swift
SwiftCompile normal arm64 Compiling\ Encodable+AsDictionary.swift /Users/admin/builder/spi-builder-workspace/.dependencies/checkouts/Kipple/Sources/KippleCodable/Extensions/Encodable+AsDictionary.swift (in target 'KippleCodable' from project 'Kipple')
SwiftCompile normal arm64 /Users/admin/builder/spi-builder-workspace/.dependencies/checkouts/Kipple/Sources/KippleCodable/Extensions/Encodable+AsDictionary.swift (in target 'KippleCodable' from project 'Kipple')
    cd /Users/admin/builder/spi-builder-workspace/.swiftpm/xcode
    builtin-SwiftPerFileCompile Encodable+AsDictionary.swift
SwiftCompile normal arm64 Compiling\ String+Convenience.swift,\ String+LocalizedError.swift /Users/admin/builder/spi-builder-workspace/.dependencies/checkouts/Kipple/Sources/KippleFoundation/Extensions/String+Convenience.swift /Users/admin/builder/spi-builder-workspace/.dependencies/checkouts/Kipple/Sources/KippleFoundation/Extensions/String+LocalizedError.swift (in target 'KippleFoundation' from project 'Kipple')
SwiftCompile normal arm64 /Users/admin/builder/spi-builder-workspace/.dependencies/checkouts/Kipple/Sources/KippleFoundation/Extensions/String+Convenience.swift (in target 'KippleFoundation' from project 'Kipple')
    cd /Users/admin/builder/spi-builder-workspace/.swiftpm/xcode
    builtin-SwiftPerFileCompile String+Convenience.swift
SwiftCompile normal arm64 /Users/admin/builder/spi-builder-workspace/.dependencies/checkouts/Kipple/Sources/KippleFoundation/Extensions/String+LocalizedError.swift (in target 'KippleFoundation' from project 'Kipple')
    cd /Users/admin/builder/spi-builder-workspace/.swiftpm/xcode
    builtin-SwiftPerFileCompile String+LocalizedError.swift
SwiftEmitModule normal arm64 Emitting\ module\ for\ KippleLogging (in target 'KippleLogging' from project 'Kipple')
SwiftCompile normal arm64 (in target 'KippleLogging' from project 'Kipple')
    cd /Users/admin/builder/spi-builder-workspace/.swiftpm/xcode

SwiftDriverJobDiscovery normal arm64 Emitting module for KippleCodable (in target 'KippleCodable' from project 'Kipple')
SwiftDriver\ Compilation\ Requirements KippleCodable normal arm64 com.apple.xcode.tools.swift.compiler (in target 'KippleCodable' from project 'Kipple')
    cd /Users/admin/builder/spi-builder-workspace/.swiftpm/xcode
    builtin-Swift-Compilation-Requirements -- /Applications/Xcode-27.0.0-Release.Candidate.app/Contents/Developer/Toolchains/XcodeDefault.xctoolchain/usr/bin/swiftc -parse-as-library -module-name KippleCodable -Onone @/Users/admin/builder/spi-builder-workspace/.derivedData/Build/Intermediates.noindex/Kipple.build/Debug-xros/KippleCodable-t.build/Objects-normal/arm64/KippleCodable.SwiftFileList -DSWIFT_PACKAGE -DDEBUG -DSWIFT_MODULE_RESOURCE_BUNDLE_UNAVAILABLE -DXcode -plugin-path /Applications/Xcode-27.0.0-Release.Candidate.app/Contents/Developer/Toolchains/XcodeDefault.xctoolchain/usr/lib/swift/host/plugins/testing -enable-experimental-feature DebugDescriptionMacro -sdk /Applications/Xcode-27.0.0-Release.Candidate.app/Contents/Developer/Platforms/XROS.platform/Developer/SDKs/XROS27.0.sdk -target arm64-apple-xros1.0 -g -module-cache-path /Users/admin/builder/spi-builder-workspace/.derivedData/ModuleCache.noindex -Xfrontend -serialize-debugging-options -profile-coverage-mapping -profile-generate -enable-testing -suppress-warnings -index-store-path /Users/admin/builder/spi-builder-workspace/.derivedData/Index.noindex/DataStore -Xcc -D_LIBCPP_HARDENING_MODE\=_LIBCPP_HARDENING_MODE_DEBUG -swift-version 5 -I /Users/admin/builder/spi-builder-workspace/.derivedData/Build/Products/Debug-xros -Isystem /Applications/Xcode-27.0.0-Release.Candidate.app/Contents/Developer/Platforms/XROS.platform/Developer/usr/lib -F /Users/admin/builder/spi-builder-workspace/.derivedData/Build/Products/Debug-xros -F /Applications/Xcode-27.0.0-Release.Candidate.app/Contents/Developer/Platforms/XROS.platform/Developer/Library/Frameworks -F /Applications/Xcode-27.0.0-Release.Candidate.app/Contents/Developer/Platforms/XROS.platform/Developer/SDKs/XROS27.0.sdk/Developer/Library/Frameworks -c -j10 -enable-batch-mode -incremental -Xcc -ivfsstatcache -Xcc /Users/admin/builder/spi-builder-workspace/.derivedData/SDKStatCaches.noindex/xros27.0-24M361-e829b21a6f8c9b70876ba0858053c044735bd543db762f57723cac368afd1ce4.sdkstatcache -output-file-map /Users/admin/builder/spi-builder-workspace/.derivedData/Build/Intermediates.noindex/Kipple.build/Debug-xros/KippleCodable-t.build/Objects-normal/arm64/KippleCodable-OutputFileMap.json -save-temps -no-color-diagnostics -explicit-module-build -module-cache-path /Users/admin/builder/spi-builder-workspace/.derivedData/Build/Intermediates.noindex/SwiftExplicitPrecompiledModules -clang-scanner-module-cache-path /Users/admin/builder/spi-builder-workspace/.derivedData/ModuleCache.noindex -sdk-module-cache-path /Users/admin/builder/spi-builder-workspace/.derivedData/SDKExplicitPrecompiledModules -emit-dependencies -emit-module -emit-module-path /Users/admin/builder/spi-builder-workspace/.derivedData/Build/Intermediates.noindex/Kipple.build/Debug-xros/KippleCodable-t.build/Objects-normal/arm64/KippleCodable.swiftmodule -serialize-diagnostics -dependency-scan-serialize-diagnostics-path /Users/admin/builder/spi-builder-workspace/.derivedData/Build/Intermediates.noindex/Kipple.build/Debug-xros/KippleCodable-t.build/Objects-normal/arm64/KippleCodable-dependency-scan.dia -validate-clang-modules-once -clang-build-session-file /Users/admin/builder/spi-builder-workspace/.derivedData/ModuleCache.noindex/Session.modulevalidation -Xcc -fmodules-prune-interval\=86400 -Xcc -fmodules-prune-after\=345600 -emit-const-values -const-gather-protocols-list /Users/admin/builder/spi-builder-workspace/.derivedData/Build/Intermediates.noindex/Kipple.build/Debug-xros/KippleCodable-t.build/Objects-normal/arm64/KippleCodable_const_extract_protocols.json -Xcc -I/Users/admin/builder/spi-builder-workspace/.derivedData/Build/Products/Debug-xros/include -Xcc -I/Users/admin/builder/spi-builder-workspace/.derivedData/Build/Intermediates.noindex/Kipple.build/Debug-xros/KippleCodable-t.build/DerivedSources-normal/arm64 -Xcc -I/Users/admin/builder/spi-builder-workspace/.derivedData/Build/Intermediates.noindex/Kipple.build/Debug-xros/KippleCodable-t.build/DerivedSources/arm64 -Xcc -I/Users/admin/builder/spi-builder-workspace/.derivedData/Build/Intermediates.noindex/Kipple.build/Debug-xros/KippleCodable-t.build/DerivedSources -Xcc -DSWIFT_PACKAGE -Xcc -DDEBUG\=1 -emit-objc-header -emit-objc-header-path /Users/admin/builder/spi-builder-workspace/.derivedData/Build/Intermediates.noindex/Kipple.build/Debug-xros/KippleCodable-t.build/Objects-normal/arm64/KippleCodable-Swift.h -working-directory /Users/admin/builder/spi-builder-workspace/.swiftpm/xcode -experimental-emit-module-separately -disable-cmo
SwiftDriverJobDiscovery normal arm64 Emitting module for KippleFoundation (in target 'KippleFoundation' from project 'Kipple')
SwiftDriver\ Compilation\ Requirements KippleFoundation normal arm64 com.apple.xcode.tools.swift.compiler (in target 'KippleFoundation' from project 'Kipple')
    cd /Users/admin/builder/spi-builder-workspace/.swiftpm/xcode
    builtin-Swift-Compilation-Requirements -- /Applications/Xcode-27.0.0-Release.Candidate.app/Contents/Developer/Toolchains/XcodeDefault.xctoolchain/usr/bin/swiftc -parse-as-library -module-name KippleFoundation -Onone @/Users/admin/builder/spi-builder-workspace/.derivedData/Build/Intermediates.noindex/Kipple.build/Debug-xros/KippleFoundation-t.build/Objects-normal/arm64/KippleFoundation.SwiftFileList -DSWIFT_PACKAGE -DDEBUG -DSWIFT_MODULE_RESOURCE_BUNDLE_UNAVAILABLE -DXcode -plugin-path /Applications/Xcode-27.0.0-Release.Candidate.app/Contents/Developer/Toolchains/XcodeDefault.xctoolchain/usr/lib/swift/host/plugins/testing -enable-experimental-feature DebugDescriptionMacro -sdk /Applications/Xcode-27.0.0-Release.Candidate.app/Contents/Developer/Platforms/XROS.platform/Developer/SDKs/XROS27.0.sdk -target arm64-apple-xros1.0 -g -module-cache-path /Users/admin/builder/spi-builder-workspace/.derivedData/ModuleCache.noindex -Xfrontend -serialize-debugging-options -profile-coverage-mapping -profile-generate -enable-testing -suppress-warnings -index-store-path /Users/admin/builder/spi-builder-workspace/.derivedData/Index.noindex/DataStore -Xcc -D_LIBCPP_HARDENING_MODE\=_LIBCPP_HARDENING_MODE_DEBUG -swift-version 5 -I /Users/admin/builder/spi-builder-workspace/.derivedData/Build/Products/Debug-xros -Isystem /Applications/Xcode-27.0.0-Release.Candidate.app/Contents/Developer/Platforms/XROS.platform/Developer/usr/lib -F /Users/admin/builder/spi-builder-workspace/.derivedData/Build/Products/Debug-xros -F /Applications/Xcode-27.0.0-Release.Candidate.app/Contents/Developer/Platforms/XROS.platform/Developer/Library/Frameworks -F /Applications/Xcode-27.0.0-Release.Candidate.app/Contents/Developer/Platforms/XROS.platform/Developer/SDKs/XROS27.0.sdk/Developer/Library/Frameworks -c -j10 -enable-batch-mode -incremental -Xcc -ivfsstatcache -Xcc /Users/admin/builder/spi-builder-workspace/.derivedData/SDKStatCaches.noindex/xros27.0-24M361-e829b21a6f8c9b70876ba0858053c044735bd543db762f57723cac368afd1ce4.sdkstatcache -output-file-map /Users/admin/builder/spi-builder-workspace/.derivedData/Build/Intermediates.noindex/Kipple.build/Debug-xros/KippleFoundation-t.build/Objects-normal/arm64/KippleFoundation-OutputFileMap.json -save-temps -no-color-diagnostics -explicit-module-build -module-cache-path /Users/admin/builder/spi-builder-workspace/.derivedData/Build/Intermediates.noindex/SwiftExplicitPrecompiledModules -clang-scanner-module-cache-path /Users/admin/builder/spi-builder-workspace/.derivedData/ModuleCache.noindex -sdk-module-cache-path /Users/admin/builder/spi-builder-workspace/.derivedData/SDKExplicitPrecompiledModules -emit-dependencies -emit-module -emit-module-path /Users/admin/builder/spi-builder-workspace/.derivedData/Build/Intermediates.noindex/Kipple.build/Debug-xros/KippleFoundation-t.build/Objects-normal/arm64/KippleFoundation.swiftmodule -serialize-diagnostics -dependency-scan-serialize-diagnostics-path /Users/admin/builder/spi-builder-workspace/.derivedData/Build/Intermediates.noindex/Kipple.build/Debug-xros/KippleFoundation-t.build/Objects-normal/arm64/KippleFoundation-dependency-scan.dia -validate-clang-modules-once -clang-build-session-file /Users/admin/builder/spi-builder-workspace/.derivedData/ModuleCache.noindex/Session.modulevalidation -Xcc -fmodules-prune-interval\=86400 -Xcc -fmodules-prune-after\=345600 -emit-const-values -const-gather-protocols-list /Users/admin/builder/spi-builder-workspace/.derivedData/Build/Intermediates.noindex/Kipple.build/Debug-xros/KippleFoundation-t.build/Objects-normal/arm64/KippleFoundation_const_extract_protocols.json -Xcc -I/Users/admin/builder/spi-builder-workspace/.derivedData/Build/Products/Debug-xros/include -Xcc -I/Users/admin/builder/spi-builder-workspace/.derivedData/Build/Intermediates.noindex/Kipple.build/Debug-xros/KippleFoundation-t.build/DerivedSources-normal/arm64 -Xcc -I/Users/admin/builder/spi-builder-workspace/.derivedData/Build/Intermediates.noindex/Kipple.build/Debug-xros/KippleFoundation-t.build/DerivedSources/arm64 -Xcc -I/Users/admin/builder/spi-builder-workspace/.derivedData/Build/Intermediates.noindex/Kipple.build/Debug-xros/KippleFoundation-t.build/DerivedSources -Xcc -DSWIFT_PACKAGE -Xcc -DDEBUG\=1 -emit-objc-header -emit-objc-header-path /Users/admin/builder/spi-builder-workspace/.derivedData/Build/Intermediates.noindex/Kipple.build/Debug-xros/KippleFoundation-t.build/Objects-normal/arm64/KippleFoundation-Swift.h -working-directory /Users/admin/builder/spi-builder-workspace/.swiftpm/xcode -experimental-emit-module-separately -disable-cmo
SwiftMergeGeneratedHeaders /Users/admin/builder/spi-builder-workspace/.derivedData/Build/Intermediates.noindex/GeneratedModuleMaps-xros/KippleCodable-Swift.h /Users/admin/builder/spi-builder-workspace/.derivedData/Build/Intermediates.noindex/Kipple.build/Debug-xros/KippleCodable-t.build/Objects-normal/arm64/KippleCodable-Swift.h (in target 'KippleCodable' from project 'Kipple')
    cd /Users/admin/builder/spi-builder-workspace/.dependencies/checkouts/Kipple
    builtin-swiftHeaderTool -arch arm64 /Users/admin/builder/spi-builder-workspace/.derivedData/Build/Intermediates.noindex/Kipple.build/Debug-xros/KippleCodable-t.build/Objects-normal/arm64/KippleCodable-Swift.h -o /Users/admin/builder/spi-builder-workspace/.derivedData/Build/Intermediates.noindex/GeneratedModuleMaps-xros/KippleCodable-Swift.h
SwiftMergeGeneratedHeaders /Users/admin/builder/spi-builder-workspace/.derivedData/Build/Intermediates.noindex/GeneratedModuleMaps-xros/KippleFoundation-Swift.h /Users/admin/builder/spi-builder-workspace/.derivedData/Build/Intermediates.noindex/Kipple.build/Debug-xros/KippleFoundation-t.build/Objects-normal/arm64/KippleFoundation-Swift.h (in target 'KippleFoundation' from project 'Kipple')
    cd /Users/admin/builder/spi-builder-workspace/.dependencies/checkouts/Kipple
    builtin-swiftHeaderTool -arch arm64 /Users/admin/builder/spi-builder-workspace/.derivedData/Build/Intermediates.noindex/Kipple.build/Debug-xros/KippleFoundation-t.build/Objects-normal/arm64/KippleFoundation-Swift.h -o /Users/admin/builder/spi-builder-workspace/.derivedData/Build/Intermediates.noindex/GeneratedModuleMaps-xros/KippleFoundation-Swift.h
Copy /Users/admin/builder/spi-builder-workspace/.derivedData/Build/Products/Debug-xros/KippleFoundation.swiftmodule/arm64-apple-xros.swiftmodule /Users/admin/builder/spi-builder-workspace/.derivedData/Build/Intermediates.noindex/Kipple.build/Debug-xros/KippleFoundation-t.build/Objects-normal/arm64/KippleFoundation.swiftmodule (in target 'KippleFoundation' from project 'Kipple')
    cd /Users/admin/builder/spi-builder-workspace/.dependencies/checkouts/Kipple
    builtin-copy -exclude .DS_Store -exclude CVS -exclude .svn -exclude .git -exclude .hg -resolve-src-symlinks -rename /Users/admin/builder/spi-builder-workspace/.derivedData/Build/Intermediates.noindex/Kipple.build/Debug-xros/KippleFoundation-t.build/Objects-normal/arm64/KippleFoundation.swiftmodule /Users/admin/builder/spi-builder-workspace/.derivedData/Build/Products/Debug-xros/KippleFoundation.swiftmodule/arm64-apple-xros.swiftmodule
Copy /Users/admin/builder/spi-builder-workspace/.derivedData/Build/Products/Debug-xros/KippleFoundation.swiftmodule/arm64-apple-xros.swiftdoc /Users/admin/builder/spi-builder-workspace/.derivedData/Build/Intermediates.noindex/Kipple.build/Debug-xros/KippleFoundation-t.build/Objects-normal/arm64/KippleFoundation.swiftdoc (in target 'KippleFoundation' from project 'Kipple')
    cd /Users/admin/builder/spi-builder-workspace/.dependencies/checkouts/Kipple
    builtin-copy -exclude .DS_Store -exclude CVS -exclude .svn -exclude .git -exclude .hg -resolve-src-symlinks -rename /Users/admin/builder/spi-builder-workspace/.derivedData/Build/Intermediates.noindex/Kipple.build/Debug-xros/KippleFoundation-t.build/Objects-normal/arm64/KippleFoundation.swiftdoc /Users/admin/builder/spi-builder-workspace/.derivedData/Build/Products/Debug-xros/KippleFoundation.swiftmodule/arm64-apple-xros.swiftdoc
Copy /Users/admin/builder/spi-builder-workspace/.derivedData/Build/Products/Debug-xros/KippleFoundation.swiftmodule/arm64-apple-xros.abi.json /Users/admin/builder/spi-builder-workspace/.derivedData/Build/Intermediates.noindex/Kipple.build/Debug-xros/KippleFoundation-t.build/Objects-normal/arm64/KippleFoundation.abi.json (in target 'KippleFoundation' from project 'Kipple')
    cd /Users/admin/builder/spi-builder-workspace/.dependencies/checkouts/Kipple
    builtin-copy -exclude .DS_Store -exclude CVS -exclude .svn -exclude .git -exclude .hg -resolve-src-symlinks -rename /Users/admin/builder/spi-builder-workspace/.derivedData/Build/Intermediates.noindex/Kipple.build/Debug-xros/KippleFoundation-t.build/Objects-normal/arm64/KippleFoundation.abi.json /Users/admin/builder/spi-builder-workspace/.derivedData/Build/Products/Debug-xros/KippleFoundation.swiftmodule/arm64-apple-xros.abi.json
Copy /Users/admin/builder/spi-builder-workspace/.derivedData/Build/Products/Debug-xros/KippleFoundation.swiftmodule/Project/arm64-apple-xros.swiftsourceinfo /Users/admin/builder/spi-builder-workspace/.derivedData/Build/Intermediates.noindex/Kipple.build/Debug-xros/KippleFoundation-t.build/Objects-normal/arm64/KippleFoundation.swiftsourceinfo (in target 'KippleFoundation' from project 'Kipple')
    cd /Users/admin/builder/spi-builder-workspace/.dependencies/checkouts/Kipple
    builtin-copy -exclude .DS_Store -exclude CVS -exclude .svn -exclude .git -exclude .hg -resolve-src-symlinks -rename /Users/admin/builder/spi-builder-workspace/.derivedData/Build/Intermediates.noindex/Kipple.build/Debug-xros/KippleFoundation-t.build/Objects-normal/arm64/KippleFoundation.swiftsourceinfo /Users/admin/builder/spi-builder-workspace/.derivedData/Build/Products/Debug-xros/KippleFoundation.swiftmodule/Project/arm64-apple-xros.swiftsourceinfo
Copy /Users/admin/builder/spi-builder-workspace/.derivedData/Build/Products/Debug-xros/KippleCodable.swiftmodule/arm64-apple-xros.swiftmodule /Users/admin/builder/spi-builder-workspace/.derivedData/Build/Intermediates.noindex/Kipple.build/Debug-xros/KippleCodable-t.build/Objects-normal/arm64/KippleCodable.swiftmodule (in target 'KippleCodable' from project 'Kipple')
    cd /Users/admin/builder/spi-builder-workspace/.dependencies/checkouts/Kipple
    builtin-copy -exclude .DS_Store -exclude CVS -exclude .svn -exclude .git -exclude .hg -resolve-src-symlinks -rename /Users/admin/builder/spi-builder-workspace/.derivedData/Build/Intermediates.noindex/Kipple.build/Debug-xros/KippleCodable-t.build/Objects-normal/arm64/KippleCodable.swiftmodule /Users/admin/builder/spi-builder-workspace/.derivedData/Build/Products/Debug-xros/KippleCodable.swiftmodule/arm64-apple-xros.swiftmodule
Copy /Users/admin/builder/spi-builder-workspace/.derivedData/Build/Products/Debug-xros/KippleCodable.swiftmodule/arm64-apple-xros.swiftdoc /Users/admin/builder/spi-builder-workspace/.derivedData/Build/Intermediates.noindex/Kipple.build/Debug-xros/KippleCodable-t.build/Objects-normal/arm64/KippleCodable.swiftdoc (in target 'KippleCodable' from project 'Kipple')
    cd /Users/admin/builder/spi-builder-workspace/.dependencies/checkouts/Kipple
    builtin-copy -exclude .DS_Store -exclude CVS -exclude .svn -exclude .git -exclude .hg -resolve-src-symlinks -rename /Users/admin/builder/spi-builder-workspace/.derivedData/Build/Intermediates.noindex/Kipple.build/Debug-xros/KippleCodable-t.build/Objects-normal/arm64/KippleCodable.swiftdoc /Users/admin/builder/spi-builder-workspace/.derivedData/Build/Products/Debug-xros/KippleCodable.swiftmodule/arm64-apple-xros.swiftdoc
Copy /Users/admin/builder/spi-builder-workspace/.derivedData/Build/Products/Debug-xros/KippleCodable.swiftmodule/arm64-apple-xros.abi.json /Users/admin/builder/spi-builder-workspace/.derivedData/Build/Intermediates.noindex/Kipple.build/Debug-xros/KippleCodable-t.build/Objects-normal/arm64/KippleCodable.abi.json (in target 'KippleCodable' from project 'Kipple')
    cd /Users/admin/builder/spi-builder-workspace/.dependencies/checkouts/Kipple
    builtin-copy -exclude .DS_Store -exclude CVS -exclude .svn -exclude .git -exclude .hg -resolve-src-symlinks -rename /Users/admin/builder/spi-builder-workspace/.derivedData/Build/Intermediates.noindex/Kipple.build/Debug-xros/KippleCodable-t.build/Objects-normal/arm64/KippleCodable.abi.json /Users/admin/builder/spi-builder-workspace/.derivedData/Build/Products/Debug-xros/KippleCodable.swiftmodule/arm64-apple-xros.abi.json
Copy /Users/admin/builder/spi-builder-workspace/.derivedData/Build/Products/Debug-xros/KippleCodable.swiftmodule/Project/arm64-apple-xros.swiftsourceinfo /Users/admin/builder/spi-builder-workspace/.derivedData/Build/Intermediates.noindex/Kipple.build/Debug-xros/KippleCodable-t.build/Objects-normal/arm64/KippleCodable.swiftsourceinfo (in target 'KippleCodable' from project 'Kipple')
    cd /Users/admin/builder/spi-builder-workspace/.dependencies/checkouts/Kipple
    builtin-copy -exclude .DS_Store -exclude CVS -exclude .svn -exclude .git -exclude .hg -resolve-src-symlinks -rename /Users/admin/builder/spi-builder-workspace/.derivedData/Build/Intermediates.noindex/Kipple.build/Debug-xros/KippleCodable-t.build/Objects-normal/arm64/KippleCodable.swiftsourceinfo /Users/admin/builder/spi-builder-workspace/.derivedData/Build/Products/Debug-xros/KippleCodable.swiftmodule/Project/arm64-apple-xros.swiftsourceinfo
SwiftCompile normal arm64 Compiling\ Logger+Convenience.swift /Users/admin/builder/spi-builder-workspace/.dependencies/checkouts/Kipple/Sources/KippleLogging/Extensions/Logger+Convenience.swift (in target 'KippleLogging' from project 'Kipple')
SwiftCompile normal arm64 /Users/admin/builder/spi-builder-workspace/.dependencies/checkouts/Kipple/Sources/KippleLogging/Extensions/Logger+Convenience.swift (in target 'KippleLogging' from project 'Kipple')
    cd /Users/admin/builder/spi-builder-workspace/.swiftpm/xcode
    builtin-SwiftPerFileCompile Logger+Convenience.swift
SwiftCompile normal arm64 Compiling\ ConsoleLogHandler.swift /Users/admin/builder/spi-builder-workspace/.dependencies/checkouts/Kipple/Sources/KippleLogging/Handlers/ConsoleLogHandler.swift (in target 'KippleLogging' from project 'Kipple')
SwiftCompile normal arm64 /Users/admin/builder/spi-builder-workspace/.dependencies/checkouts/Kipple/Sources/KippleLogging/Handlers/ConsoleLogHandler.swift (in target 'KippleLogging' from project 'Kipple')
    cd /Users/admin/builder/spi-builder-workspace/.swiftpm/xcode
    builtin-SwiftPerFileCompile ConsoleLogHandler.swift
SwiftDriverJobDiscovery normal arm64 Emitting module for KippleLogging (in target 'KippleLogging' from project 'Kipple')
SwiftDriver\ Compilation\ Requirements KippleLogging normal arm64 com.apple.xcode.tools.swift.compiler (in target 'KippleLogging' from project 'Kipple')
    cd /Users/admin/builder/spi-builder-workspace/.swiftpm/xcode
    builtin-Swift-Compilation-Requirements -- /Applications/Xcode-27.0.0-Release.Candidate.app/Contents/Developer/Toolchains/XcodeDefault.xctoolchain/usr/bin/swiftc -parse-as-library -module-name KippleLogging -Onone @/Users/admin/builder/spi-builder-workspace/.derivedData/Build/Intermediates.noindex/Kipple.build/Debug-xros/KippleLogging-t.build/Objects-normal/arm64/KippleLogging.SwiftFileList -DSWIFT_PACKAGE -DDEBUG -DSWIFT_MODULE_RESOURCE_BUNDLE_UNAVAILABLE -DXcode -plugin-path /Applications/Xcode-27.0.0-Release.Candidate.app/Contents/Developer/Toolchains/XcodeDefault.xctoolchain/usr/lib/swift/host/plugins/testing -enable-experimental-feature DebugDescriptionMacro -sdk /Applications/Xcode-27.0.0-Release.Candidate.app/Contents/Developer/Platforms/XROS.platform/Developer/SDKs/XROS27.0.sdk -target arm64-apple-xros1.0 -g -module-cache-path /Users/admin/builder/spi-builder-workspace/.derivedData/ModuleCache.noindex -Xfrontend -serialize-debugging-options -profile-coverage-mapping -profile-generate -enable-testing -suppress-warnings -index-store-path /Users/admin/builder/spi-builder-workspace/.derivedData/Index.noindex/DataStore -Xcc -D_LIBCPP_HARDENING_MODE\=_LIBCPP_HARDENING_MODE_DEBUG -swift-version 5 -I /Users/admin/builder/spi-builder-workspace/.derivedData/Build/Products/Debug-xros -Isystem /Applications/Xcode-27.0.0-Release.Candidate.app/Contents/Developer/Platforms/XROS.platform/Developer/usr/lib -F /Users/admin/builder/spi-builder-workspace/.derivedData/Build/Products/Debug-xros -F /Applications/Xcode-27.0.0-Release.Candidate.app/Contents/Developer/Platforms/XROS.platform/Developer/Library/Frameworks -F /Applications/Xcode-27.0.0-Release.Candidate.app/Contents/Developer/Platforms/XROS.platform/Developer/SDKs/XROS27.0.sdk/Developer/Library/Frameworks -c -j10 -enable-batch-mode -incremental -Xcc -ivfsstatcache -Xcc /Users/admin/builder/spi-builder-workspace/.derivedData/SDKStatCaches.noindex/xros27.0-24M361-e829b21a6f8c9b70876ba0858053c044735bd543db762f57723cac368afd1ce4.sdkstatcache -output-file-map /Users/admin/builder/spi-builder-workspace/.derivedData/Build/Intermediates.noindex/Kipple.build/Debug-xros/KippleLogging-t.build/Objects-normal/arm64/KippleLogging-OutputFileMap.json -save-temps -no-color-diagnostics -explicit-module-build -module-cache-path /Users/admin/builder/spi-builder-workspace/.derivedData/Build/Intermediates.noindex/SwiftExplicitPrecompiledModules -clang-scanner-module-cache-path /Users/admin/builder/spi-builder-workspace/.derivedData/ModuleCache.noindex -sdk-module-cache-path /Users/admin/builder/spi-builder-workspace/.derivedData/SDKExplicitPrecompiledModules -emit-dependencies -emit-module -emit-module-path /Users/admin/builder/spi-builder-workspace/.derivedData/Build/Intermediates.noindex/Kipple.build/Debug-xros/KippleLogging-t.build/Objects-normal/arm64/KippleLogging.swiftmodule -serialize-diagnostics -dependency-scan-serialize-diagnostics-path /Users/admin/builder/spi-builder-workspace/.derivedData/Build/Intermediates.noindex/Kipple.build/Debug-xros/KippleLogging-t.build/Objects-normal/arm64/KippleLogging-dependency-scan.dia -validate-clang-modules-once -clang-build-session-file /Users/admin/builder/spi-builder-workspace/.derivedData/ModuleCache.noindex/Session.modulevalidation -Xcc -fmodules-prune-interval\=86400 -Xcc -fmodules-prune-after\=345600 -emit-const-values -const-gather-protocols-list /Users/admin/builder/spi-builder-workspace/.derivedData/Build/Intermediates.noindex/Kipple.build/Debug-xros/KippleLogging-t.build/Objects-normal/arm64/KippleLogging_const_extract_protocols.json -Xcc -I/Users/admin/builder/spi-builder-workspace/.derivedData/Build/Products/Debug-xros/include -Xcc -I/Users/admin/builder/spi-builder-workspace/.derivedData/Build/Intermediates.noindex/Kipple.build/Debug-xros/KippleLogging-t.build/DerivedSources-normal/arm64 -Xcc -I/Users/admin/builder/spi-builder-workspace/.derivedData/Build/Intermediates.noindex/Kipple.build/Debug-xros/KippleLogging-t.build/DerivedSources/arm64 -Xcc -I/Users/admin/builder/spi-builder-workspace/.derivedData/Build/Intermediates.noindex/Kipple.build/Debug-xros/KippleLogging-t.build/DerivedSources -Xcc -DSWIFT_PACKAGE -Xcc -DDEBUG\=1 -emit-objc-header -emit-objc-header-path /Users/admin/builder/spi-builder-workspace/.derivedData/Build/Intermediates.noindex/Kipple.build/Debug-xros/KippleLogging-t.build/Objects-normal/arm64/KippleLogging-Swift.h -working-directory /Users/admin/builder/spi-builder-workspace/.swiftpm/xcode -experimental-emit-module-separately -disable-cmo
SwiftDriverJobDiscovery normal arm64 Compiling CodableDefaultStrategy.swift (in target 'KippleCodable' from project 'Kipple')
SwiftCompile normal arm64 Compiling\ Exports.swift /Users/admin/builder/spi-builder-workspace/.dependencies/checkouts/Kipple/Sources/KippleLogging/Exports.swift (in target 'KippleLogging' from project 'Kipple')
SwiftCompile normal arm64 /Users/admin/builder/spi-builder-workspace/.dependencies/checkouts/Kipple/Sources/KippleLogging/Exports.swift (in target 'KippleLogging' from project 'Kipple')
    cd /Users/admin/builder/spi-builder-workspace/.swiftpm/xcode
    builtin-SwiftPerFileCompile Exports.swift
SwiftMergeGeneratedHeaders /Users/admin/builder/spi-builder-workspace/.derivedData/Build/Intermediates.noindex/GeneratedModuleMaps-xros/KippleLogging-Swift.h /Users/admin/builder/spi-builder-workspace/.derivedData/Build/Intermediates.noindex/Kipple.build/Debug-xros/KippleLogging-t.build/Objects-normal/arm64/KippleLogging-Swift.h (in target 'KippleLogging' from project 'Kipple')
    cd /Users/admin/builder/spi-builder-workspace/.dependencies/checkouts/Kipple
    builtin-swiftHeaderTool -arch arm64 /Users/admin/builder/spi-builder-workspace/.derivedData/Build/Intermediates.noindex/Kipple.build/Debug-xros/KippleLogging-t.build/Objects-normal/arm64/KippleLogging-Swift.h -o /Users/admin/builder/spi-builder-workspace/.derivedData/Build/Intermediates.noindex/GeneratedModuleMaps-xros/KippleLogging-Swift.h
SwiftDriverJobDiscovery normal arm64 Compiling CodableIgnored.swift (in target 'KippleCodable' from project 'Kipple')
Copy /Users/admin/builder/spi-builder-workspace/.derivedData/Build/Products/Debug-xros/KippleLogging.swiftmodule/arm64-apple-xros.swiftmodule /Users/admin/builder/spi-builder-workspace/.derivedData/Build/Intermediates.noindex/Kipple.build/Debug-xros/KippleLogging-t.build/Objects-normal/arm64/KippleLogging.swiftmodule (in target 'KippleLogging' from project 'Kipple')
    cd /Users/admin/builder/spi-builder-workspace/.dependencies/checkouts/Kipple
    builtin-copy -exclude .DS_Store -exclude CVS -exclude .svn -exclude .git -exclude .hg -resolve-src-symlinks -rename /Users/admin/builder/spi-builder-workspace/.derivedData/Build/Intermediates.noindex/Kipple.build/Debug-xros/KippleLogging-t.build/Objects-normal/arm64/KippleLogging.swiftmodule /Users/admin/builder/spi-builder-workspace/.derivedData/Build/Products/Debug-xros/KippleLogging.swiftmodule/arm64-apple-xros.swiftmodule
Copy /Users/admin/builder/spi-builder-workspace/.derivedData/Build/Products/Debug-xros/KippleLogging.swiftmodule/arm64-apple-xros.swiftdoc /Users/admin/builder/spi-builder-workspace/.derivedData/Build/Intermediates.noindex/Kipple.build/Debug-xros/KippleLogging-t.build/Objects-normal/arm64/KippleLogging.swiftdoc (in target 'KippleLogging' from project 'Kipple')
    cd /Users/admin/builder/spi-builder-workspace/.dependencies/checkouts/Kipple
    builtin-copy -exclude .DS_Store -exclude CVS -exclude .svn -exclude .git -exclude .hg -resolve-src-symlinks -rename /Users/admin/builder/spi-builder-workspace/.derivedData/Build/Intermediates.noindex/Kipple.build/Debug-xros/KippleLogging-t.build/Objects-normal/arm64/KippleLogging.swiftdoc /Users/admin/builder/spi-builder-workspace/.derivedData/Build/Products/Debug-xros/KippleLogging.swiftmodule/arm64-apple-xros.swiftdoc
Copy /Users/admin/builder/spi-builder-workspace/.derivedData/Build/Products/Debug-xros/KippleLogging.swiftmodule/arm64-apple-xros.abi.json /Users/admin/builder/spi-builder-workspace/.derivedData/Build/Intermediates.noindex/Kipple.build/Debug-xros/KippleLogging-t.build/Objects-normal/arm64/KippleLogging.abi.json (in target 'KippleLogging' from project 'Kipple')
    cd /Users/admin/builder/spi-builder-workspace/.dependencies/checkouts/Kipple
    builtin-copy -exclude .DS_Store -exclude CVS -exclude .svn -exclude .git -exclude .hg -resolve-src-symlinks -rename /Users/admin/builder/spi-builder-workspace/.derivedData/Build/Intermediates.noindex/Kipple.build/Debug-xros/KippleLogging-t.build/Objects-normal/arm64/KippleLogging.abi.json /Users/admin/builder/spi-builder-workspace/.derivedData/Build/Products/Debug-xros/KippleLogging.swiftmodule/arm64-apple-xros.abi.json
Copy /Users/admin/builder/spi-builder-workspace/.derivedData/Build/Products/Debug-xros/KippleLogging.swiftmodule/Project/arm64-apple-xros.swiftsourceinfo /Users/admin/builder/spi-builder-workspace/.derivedData/Build/Intermediates.noindex/Kipple.build/Debug-xros/KippleLogging-t.build/Objects-normal/arm64/KippleLogging.swiftsourceinfo (in target 'KippleLogging' from project 'Kipple')
    cd /Users/admin/builder/spi-builder-workspace/.dependencies/checkouts/Kipple
    builtin-copy -exclude .DS_Store -exclude CVS -exclude .svn -exclude .git -exclude .hg -resolve-src-symlinks -rename /Users/admin/builder/spi-builder-workspace/.derivedData/Build/Intermediates.noindex/Kipple.build/Debug-xros/KippleLogging-t.build/Objects-normal/arm64/KippleLogging.swiftsourceinfo /Users/admin/builder/spi-builder-workspace/.derivedData/Build/Products/Debug-xros/KippleLogging.swiftmodule/Project/arm64-apple-xros.swiftsourceinfo
SwiftCompile normal arm64 Compiling\ URLConvertible.swift /Users/admin/builder/spi-builder-workspace/.dependencies/checkouts/Kipple/Sources/KippleFoundation/Protocols/URLConvertible.swift (in target 'KippleFoundation' from project 'Kipple')
SwiftCompile normal arm64 /Users/admin/builder/spi-builder-workspace/.dependencies/checkouts/Kipple/Sources/KippleFoundation/Protocols/URLConvertible.swift (in target 'KippleFoundation' from project 'Kipple')
    cd /Users/admin/builder/spi-builder-workspace/.swiftpm/xcode
    builtin-SwiftPerFileCompile URLConvertible.swift
SwiftDriverJobDiscovery normal arm64 Compiling Logger+Convenience.swift (in target 'KippleLogging' from project 'Kipple')
SwiftCompile normal arm64 Compiling\ BinaryInteger+Clamped.swift,\ Bool+Convenience.swift /Users/admin/builder/spi-builder-workspace/.dependencies/checkouts/Kipple/Sources/KippleFoundation/Extensions/BinaryInteger+Clamped.swift /Users/admin/builder/spi-builder-workspace/.dependencies/checkouts/Kipple/Sources/KippleFoundation/Extensions/Bool+Convenience.swift (in target 'KippleFoundation' from project 'Kipple')
SwiftCompile normal arm64 /Users/admin/builder/spi-builder-workspace/.dependencies/checkouts/Kipple/Sources/KippleFoundation/Extensions/BinaryInteger+Clamped.swift (in target 'KippleFoundation' from project 'Kipple')
    cd /Users/admin/builder/spi-builder-workspace/.swiftpm/xcode
    builtin-SwiftPerFileCompile BinaryInteger+Clamped.swift
SwiftCompile normal arm64 /Users/admin/builder/spi-builder-workspace/.dependencies/checkouts/Kipple/Sources/KippleFoundation/Extensions/Bool+Convenience.swift (in target 'KippleFoundation' from project 'Kipple')
    cd /Users/admin/builder/spi-builder-workspace/.swiftpm/xcode
    builtin-SwiftPerFileCompile Bool+Convenience.swift
SwiftDriverJobDiscovery normal arm64 Compiling ConsoleLogHandler.swift (in target 'KippleLogging' from project 'Kipple')
SwiftCompile normal arm64 Compiling\ Bundle+Convenience.swift,\ Bundle+Key.swift /Users/admin/builder/spi-builder-workspace/.dependencies/checkouts/Kipple/Sources/KippleFoundation/Extensions/Bundle+Convenience.swift /Users/admin/builder/spi-builder-workspace/.dependencies/checkouts/Kipple/Sources/KippleFoundation/Extensions/Bundle+Key.swift (in target 'KippleFoundation' from project 'Kipple')
SwiftCompile normal arm64 /Users/admin/builder/spi-builder-workspace/.dependencies/checkouts/Kipple/Sources/KippleFoundation/Extensions/Bundle+Convenience.swift (in target 'KippleFoundation' from project 'Kipple')
    cd /Users/admin/builder/spi-builder-workspace/.swiftpm/xcode
    builtin-SwiftPerFileCompile Bundle+Convenience.swift
SwiftCompile normal arm64 /Users/admin/builder/spi-builder-workspace/.dependencies/checkouts/Kipple/Sources/KippleFoundation/Extensions/Bundle+Key.swift (in target 'KippleFoundation' from project 'Kipple')
    cd /Users/admin/builder/spi-builder-workspace/.swiftpm/xcode
    builtin-SwiftPerFileCompile Bundle+Key.swift
SwiftDriverJobDiscovery normal arm64 Compiling BinaryInteger+Clamped.swift, Bool+Convenience.swift (in target 'KippleFoundation' from project 'Kipple')
SwiftDriverJobDiscovery normal arm64 Compiling String+Convenience.swift, String+LocalizedError.swift (in target 'KippleFoundation' from project 'Kipple')
SwiftCompile normal arm64 Compiling\ NSNumber+Boolean.swift,\ Result+Convenience.swift /Users/admin/builder/spi-builder-workspace/.dependencies/checkouts/Kipple/Sources/KippleFoundation/Extensions/NSNumber+Boolean.swift /Users/admin/builder/spi-builder-workspace/.dependencies/checkouts/Kipple/Sources/KippleFoundation/Extensions/Result+Convenience.swift (in target 'KippleFoundation' from project 'Kipple')
SwiftCompile normal arm64 /Users/admin/builder/spi-builder-workspace/.dependencies/checkouts/Kipple/Sources/KippleFoundation/Extensions/NSNumber+Boolean.swift (in target 'KippleFoundation' from project 'Kipple')
    cd /Users/admin/builder/spi-builder-workspace/.swiftpm/xcode
    builtin-SwiftPerFileCompile NSNumber+Boolean.swift
SwiftCompile normal arm64 /Users/admin/builder/spi-builder-workspace/.dependencies/checkouts/Kipple/Sources/KippleFoundation/Extensions/Result+Convenience.swift (in target 'KippleFoundation' from project 'Kipple')
    cd /Users/admin/builder/spi-builder-workspace/.swiftpm/xcode
    builtin-SwiftPerFileCompile Result+Convenience.swift
SwiftCompile normal arm64 Compiling\ AppInfo.swift /Users/admin/builder/spi-builder-workspace/.dependencies/checkouts/Kipple/Sources/KippleFoundation/Models/AppInfo.swift (in target 'KippleFoundation' from project 'Kipple')
SwiftCompile normal arm64 /Users/admin/builder/spi-builder-workspace/.dependencies/checkouts/Kipple/Sources/KippleFoundation/Models/AppInfo.swift (in target 'KippleFoundation' from project 'Kipple')
    cd /Users/admin/builder/spi-builder-workspace/.swiftpm/xcode
    builtin-SwiftPerFileCompile AppInfo.swift
SwiftCompile normal arm64 Compiling\ Swift+Modulo.swift /Users/admin/builder/spi-builder-workspace/.dependencies/checkouts/Kipple/Sources/KippleFoundation/Extensions/Swift+Modulo.swift (in target 'KippleFoundation' from project 'Kipple')
SwiftCompile normal arm64 /Users/admin/builder/spi-builder-workspace/.dependencies/checkouts/Kipple/Sources/KippleFoundation/Extensions/Swift+Modulo.swift (in target 'KippleFoundation' from project 'Kipple')
    cd /Users/admin/builder/spi-builder-workspace/.swiftpm/xcode
    builtin-SwiftPerFileCompile Swift+Modulo.swift
SwiftCompile normal arm64 Compiling\ Comparable+Clamped.swift,\ Int+Convenience.swift /Users/admin/builder/spi-builder-workspace/.dependencies/checkouts/Kipple/Sources/KippleFoundation/Extensions/Comparable+Clamped.swift /Users/admin/builder/spi-builder-workspace/.dependencies/checkouts/Kipple/Sources/KippleFoundation/Extensions/Int+Convenience.swift (in target 'KippleFoundation' from project 'Kipple')
SwiftCompile normal arm64 /Users/admin/builder/spi-builder-workspace/.dependencies/checkouts/Kipple/Sources/KippleFoundation/Extensions/Comparable+Clamped.swift (in target 'KippleFoundation' from project 'Kipple')
    cd /Users/admin/builder/spi-builder-workspace/.swiftpm/xcode
    builtin-SwiftPerFileCompile Comparable+Clamped.swift
SwiftCompile normal arm64 /Users/admin/builder/spi-builder-workspace/.dependencies/checkouts/Kipple/Sources/KippleFoundation/Extensions/Int+Convenience.swift (in target 'KippleFoundation' from project 'Kipple')
    cd /Users/admin/builder/spi-builder-workspace/.swiftpm/xcode
    builtin-SwiftPerFileCompile Int+Convenience.swift
SwiftDriverJobDiscovery normal arm64 Compiling URLConvertible.swift (in target 'KippleFoundation' from project 'Kipple')
SwiftDriverJobDiscovery normal arm64 Compiling PropertyListDecoder+DecodeCleaned.swift (in target 'KippleCodable' from project 'Kipple')
SwiftDriverJobDiscovery normal arm64 Compiling Bundle+Convenience.swift, Bundle+Key.swift (in target 'KippleFoundation' from project 'Kipple')
SwiftCompile normal arm64 Compiling\ BundleInfo.swift /Users/admin/builder/spi-builder-workspace/.dependencies/checkouts/Kipple/Sources/KippleFoundation/Models/BundleInfo.swift (in target 'KippleFoundation' from project 'Kipple')
SwiftCompile normal arm64 /Users/admin/builder/spi-builder-workspace/.dependencies/checkouts/Kipple/Sources/KippleFoundation/Models/BundleInfo.swift (in target 'KippleFoundation' from project 'Kipple')
    cd /Users/admin/builder/spi-builder-workspace/.swiftpm/xcode
    builtin-SwiftPerFileCompile BundleInfo.swift
SwiftCompile normal arm64 Compiling\ SemanticVersion.swift /Users/admin/builder/spi-builder-workspace/.dependencies/checkouts/Kipple/Sources/KippleFoundation/Models/SemanticVersion.swift (in target 'KippleFoundation' from project 'Kipple')
SwiftCompile normal arm64 /Users/admin/builder/spi-builder-workspace/.dependencies/checkouts/Kipple/Sources/KippleFoundation/Models/SemanticVersion.swift (in target 'KippleFoundation' from project 'Kipple')
    cd /Users/admin/builder/spi-builder-workspace/.swiftpm/xcode
    builtin-SwiftPerFileCompile SemanticVersion.swift
SwiftDriverJobDiscovery normal arm64 Compiling Dictionary+AsJSONSerializedData.swift (in target 'KippleCodable' from project 'Kipple')
SwiftCompile normal arm64 Compiling\ CleanedDecodingError.swift,\ KippleCodableError.swift /Users/admin/builder/spi-builder-workspace/.dependencies/checkouts/Kipple/Sources/KippleCodable/Errors/CleanedDecodingError.swift /Users/admin/builder/spi-builder-workspace/.dependencies/checkouts/Kipple/Sources/KippleCodable/Errors/KippleCodableError.swift (in target 'KippleCodable' from project 'Kipple')
SwiftCompile normal arm64 /Users/admin/builder/spi-builder-workspace/.dependencies/checkouts/Kipple/Sources/KippleCodable/Errors/CleanedDecodingError.swift (in target 'KippleCodable' from project 'Kipple')
    cd /Users/admin/builder/spi-builder-workspace/.swiftpm/xcode
    builtin-SwiftPerFileCompile CleanedDecodingError.swift
SwiftCompile normal arm64 /Users/admin/builder/spi-builder-workspace/.dependencies/checkouts/Kipple/Sources/KippleCodable/Errors/KippleCodableError.swift (in target 'KippleCodable' from project 'Kipple')
    cd /Users/admin/builder/spi-builder-workspace/.swiftpm/xcode
    builtin-SwiftPerFileCompile KippleCodableError.swift
SwiftDriverJobDiscovery normal arm64 Compiling Encodable+AsDictionary.swift (in target 'KippleCodable' from project 'Kipple')
SwiftCompile normal arm64 Compiling\ DecodingError+Cleaned.swift /Users/admin/builder/spi-builder-workspace/.dependencies/checkouts/Kipple/Sources/KippleCodable/Extensions/DecodingError+Cleaned.swift (in target 'KippleCodable' from project 'Kipple')
SwiftCompile normal arm64 /Users/admin/builder/spi-builder-workspace/.dependencies/checkouts/Kipple/Sources/KippleCodable/Extensions/DecodingError+Cleaned.swift (in target 'KippleCodable' from project 'Kipple')
    cd /Users/admin/builder/spi-builder-workspace/.swiftpm/xcode
    builtin-SwiftPerFileCompile DecodingError+Cleaned.swift
SwiftDriverJobDiscovery normal arm64 Compiling CodableDefault.swift (in target 'KippleCodable' from project 'Kipple')
SwiftCompile normal arm64 Compiling\ JSONDecoder+DecodeCleaned.swift /Users/admin/builder/spi-builder-workspace/.dependencies/checkouts/Kipple/Sources/KippleCodable/Extensions/JSONDecoder+DecodeCleaned.swift (in target 'KippleCodable' from project 'Kipple')
SwiftCompile normal arm64 /Users/admin/builder/spi-builder-workspace/.dependencies/checkouts/Kipple/Sources/KippleCodable/Extensions/JSONDecoder+DecodeCleaned.swift (in target 'KippleCodable' from project 'Kipple')
    cd /Users/admin/builder/spi-builder-workspace/.swiftpm/xcode
    builtin-SwiftPerFileCompile JSONDecoder+DecodeCleaned.swift
SwiftDriverJobDiscovery normal arm64 Compiling Encodable+PrettyPrinted.swift (in target 'KippleCodable' from project 'Kipple')
SwiftDriverJobDiscovery normal arm64 Compiling Exports.swift (in target 'KippleLogging' from project 'Kipple')
SwiftDriver\ Compilation KippleLogging normal arm64 com.apple.xcode.tools.swift.compiler (in target 'KippleLogging' from project 'Kipple')
    cd /Users/admin/builder/spi-builder-workspace/.swiftpm/xcode
    builtin-Swift-Compilation -- /Applications/Xcode-27.0.0-Release.Candidate.app/Contents/Developer/Toolchains/XcodeDefault.xctoolchain/usr/bin/swiftc -parse-as-library -module-name KippleLogging -Onone @/Users/admin/builder/spi-builder-workspace/.derivedData/Build/Intermediates.noindex/Kipple.build/Debug-xros/KippleLogging-t.build/Objects-normal/arm64/KippleLogging.SwiftFileList -DSWIFT_PACKAGE -DDEBUG -DSWIFT_MODULE_RESOURCE_BUNDLE_UNAVAILABLE -DXcode -plugin-path /Applications/Xcode-27.0.0-Release.Candidate.app/Contents/Developer/Toolchains/XcodeDefault.xctoolchain/usr/lib/swift/host/plugins/testing -enable-experimental-feature DebugDescriptionMacro -sdk /Applications/Xcode-27.0.0-Release.Candidate.app/Contents/Developer/Platforms/XROS.platform/Developer/SDKs/XROS27.0.sdk -target arm64-apple-xros1.0 -g -module-cache-path /Users/admin/builder/spi-builder-workspace/.derivedData/ModuleCache.noindex -Xfrontend -serialize-debugging-options -profile-coverage-mapping -profile-generate -enable-testing -suppress-warnings -index-store-path /Users/admin/builder/spi-builder-workspace/.derivedData/Index.noindex/DataStore -Xcc -D_LIBCPP_HARDENING_MODE\=_LIBCPP_HARDENING_MODE_DEBUG -swift-version 5 -I /Users/admin/builder/spi-builder-workspace/.derivedData/Build/Products/Debug-xros -Isystem /Applications/Xcode-27.0.0-Release.Candidate.app/Contents/Developer/Platforms/XROS.platform/Developer/usr/lib -F /Users/admin/builder/spi-builder-workspace/.derivedData/Build/Products/Debug-xros -F /Applications/Xcode-27.0.0-Release.Candidate.app/Contents/Developer/Platforms/XROS.platform/Developer/Library/Frameworks -F /Applications/Xcode-27.0.0-Release.Candidate.app/Contents/Developer/Platforms/XROS.platform/Developer/SDKs/XROS27.0.sdk/Developer/Library/Frameworks -c -j10 -enable-batch-mode -incremental -Xcc -ivfsstatcache -Xcc /Users/admin/builder/spi-builder-workspace/.derivedData/SDKStatCaches.noindex/xros27.0-24M361-e829b21a6f8c9b70876ba0858053c044735bd543db762f57723cac368afd1ce4.sdkstatcache -output-file-map /Users/admin/builder/spi-builder-workspace/.derivedData/Build/Intermediates.noindex/Kipple.build/Debug-xros/KippleLogging-t.build/Objects-normal/arm64/KippleLogging-OutputFileMap.json -save-temps -no-color-diagnostics -explicit-module-build -module-cache-path /Users/admin/builder/spi-builder-workspace/.derivedData/Build/Intermediates.noindex/SwiftExplicitPrecompiledModules -clang-scanner-module-cache-path /Users/admin/builder/spi-builder-workspace/.derivedData/ModuleCache.noindex -sdk-module-cache-path /Users/admin/builder/spi-builder-workspace/.derivedData/SDKExplicitPrecompiledModules -emit-dependencies -emit-module -emit-module-path /Users/admin/builder/spi-builder-workspace/.derivedData/Build/Intermediates.noindex/Kipple.build/Debug-xros/KippleLogging-t.build/Objects-normal/arm64/KippleLogging.swiftmodule -serialize-diagnostics -dependency-scan-serialize-diagnostics-path /Users/admin/builder/spi-builder-workspace/.derivedData/Build/Intermediates.noindex/Kipple.build/Debug-xros/KippleLogging-t.build/Objects-normal/arm64/KippleLogging-dependency-scan.dia -validate-clang-modules-once -clang-build-session-file /Users/admin/builder/spi-builder-workspace/.derivedData/ModuleCache.noindex/Session.modulevalidation -Xcc -fmodules-prune-interval\=86400 -Xcc -fmodules-prune-after\=345600 -emit-const-values -const-gather-protocols-list /Users/admin/builder/spi-builder-workspace/.derivedData/Build/Intermediates.noindex/Kipple.build/Debug-xros/KippleLogging-t.build/Objects-normal/arm64/KippleLogging_const_extract_protocols.json -Xcc -I/Users/admin/builder/spi-builder-workspace/.derivedData/Build/Products/Debug-xros/include -Xcc -I/Users/admin/builder/spi-builder-workspace/.derivedData/Build/Intermediates.noindex/Kipple.build/Debug-xros/KippleLogging-t.build/DerivedSources-normal/arm64 -Xcc -I/Users/admin/builder/spi-builder-workspace/.derivedData/Build/Intermediates.noindex/Kipple.build/Debug-xros/KippleLogging-t.build/DerivedSources/arm64 -Xcc -I/Users/admin/builder/spi-builder-workspace/.derivedData/Build/Intermediates.noindex/Kipple.build/Debug-xros/KippleLogging-t.build/DerivedSources -Xcc -DSWIFT_PACKAGE -Xcc -DDEBUG\=1 -emit-objc-header -emit-objc-header-path /Users/admin/builder/spi-builder-workspace/.derivedData/Build/Intermediates.noindex/Kipple.build/Debug-xros/KippleLogging-t.build/Objects-normal/arm64/KippleLogging-Swift.h -working-directory /Users/admin/builder/spi-builder-workspace/.swiftpm/xcode -experimental-emit-module-separately -disable-cmo
Ld /Users/admin/builder/spi-builder-workspace/.derivedData/Build/Products/Debug-xros/KippleLogging.o normal (in target 'KippleLogging' from project 'Kipple')
    cd /Users/admin/builder/spi-builder-workspace/.dependencies/checkouts/Kipple
    /Applications/Xcode-27.0.0-Release.Candidate.app/Contents/Developer/Toolchains/XcodeDefault.xctoolchain/usr/bin/clang -Xlinker -reproducible -target arm64-apple-xros1.0 -r -isysroot /Applications/Xcode-27.0.0-Release.Candidate.app/Contents/Developer/Platforms/XROS.platform/Developer/SDKs/XROS27.0.sdk -O0 -w -Xlinker -no_warn_duplicate_libraries -F/Users/admin/builder/spi-builder-workspace/.derivedData/Build/Intermediates.noindex/EagerLinkingTBDs/Debug-xros -F/Users/admin/builder/spi-builder-workspace/.derivedData/Build/Products/Debug-xros -iframework /Applications/Xcode-27.0.0-Release.Candidate.app/Contents/Developer/Platforms/XROS.platform/Developer/Library/Frameworks -iframework /Applications/Xcode-27.0.0-Release.Candidate.app/Contents/Developer/Platforms/XROS.platform/Developer/SDKs/XROS27.0.sdk/Developer/Library/Frameworks -filelist /Users/admin/builder/spi-builder-workspace/.derivedData/Build/Intermediates.noindex/Kipple.build/Debug-xros/KippleLogging-t.build/Objects-normal/arm64/KippleLogging.LinkFileList -nostdlib -Xlinker -object_path_lto -Xlinker /Users/admin/builder/spi-builder-workspace/.derivedData/Build/Intermediates.noindex/Kipple.build/Debug-xros/KippleLogging-t.build/Objects-normal/arm64/KippleLogging_lto.o -Xlinker -no_deduplicate -Xlinker -debug_variant -Xlinker -dependency_info -Xlinker /Users/admin/builder/spi-builder-workspace/.derivedData/Build/Intermediates.noindex/Kipple.build/Debug-xros/KippleLogging-t.build/Objects-normal/arm64/KippleLogging_dependency_info.dat -fobjc-link-runtime -L/Applications/Xcode-27.0.0-Release.Candidate.app/Contents/Developer/Toolchains/XcodeDefault.xctoolchain/usr/lib/swift/xros -L/usr/lib/swift -Xlinker -add_ast_path -Xlinker /Users/admin/builder/spi-builder-workspace/.derivedData/Build/Intermediates.noindex/Kipple.build/Debug-xros/KippleLogging-t.build/Objects-normal/arm64/KippleLogging.swiftmodule -o /Users/admin/builder/spi-builder-workspace/.derivedData/Build/Products/Debug-xros/KippleLogging.o
ExtractAppIntentsMetadata (in target 'KippleLogging' from project 'Kipple')
    cd /Users/admin/builder/spi-builder-workspace/.dependencies/checkouts/Kipple
    /Applications/Xcode-27.0.0-Release.Candidate.app/Contents/Developer/Toolchains/XcodeDefault.xctoolchain/usr/bin/appintentsmetadataprocessor --toolchain-dir /var/run/com.apple.security.cryptexd/mnt/com.apple.MobileAsset.MetalToolchain-v27.1.266.1.iemzfZ/Metal.xctoolchain --module-name KippleLogging --sdk-root /Applications/Xcode-27.0.0-Release.Candidate.app/Contents/Developer/Platforms/XROS.platform/Developer/SDKs/XROS27.0.sdk --xcode-version 27A266a --platform-family xrOS --deployment-target 1.0 --bundle-identifier kipple.KippleLogging --output /Users/admin/builder/spi-builder-workspace/.derivedData/Build/Products/Debug-xros/KippleLogging.appintents --target-triple arm64-apple-xros1.0 --binary-file /Users/admin/builder/spi-builder-workspace/.derivedData/Build/Products/Debug-xros/KippleLogging.o --dependency-file /Users/admin/builder/spi-builder-workspace/.derivedData/Build/Intermediates.noindex/Kipple.build/Debug-xros/KippleLogging-t.build/Objects-normal/arm64/KippleLogging_dependency_info.dat --stringsdata-file /Users/admin/builder/spi-builder-workspace/.derivedData/Build/Intermediates.noindex/Kipple.build/Debug-xros/KippleLogging-t.build/Objects-normal/arm64/ExtractedAppShortcutsMetadata.stringsdata --source-file-list /Users/admin/builder/spi-builder-workspace/.derivedData/Build/Intermediates.noindex/Kipple.build/Debug-xros/KippleLogging-t.build/Objects-normal/arm64/KippleLogging.SwiftFileList --metadata-file-list /Users/admin/builder/spi-builder-workspace/.derivedData/Build/Intermediates.noindex/Kipple.build/Debug-xros/KippleLogging-t.build/KippleLogging.DependencyMetadataFileList --static-metadata-file-list /Users/admin/builder/spi-builder-workspace/.derivedData/Build/Intermediates.noindex/Kipple.build/Debug-xros/KippleLogging-t.build/KippleLogging.DependencyStaticMetadataFileList --swift-const-vals-list /Users/admin/builder/spi-builder-workspace/.derivedData/Build/Intermediates.noindex/Kipple.build/Debug-xros/KippleLogging-t.build/Objects-normal/arm64/KippleLogging.SwiftConstValuesFileList --force --compile-time-extraction --deployment-aware-processing --no-app-shortcuts-localization
2026-09-20 05:23:45.302 appintentsmetadataprocessor[1173:6818] Starting appintentsmetadataprocessor export
2026-09-20 05:23:45.413 appintentsmetadataprocessor[1173:6818] Extracted no relevant App Intents symbols, skipping writing output
SwiftDriverJobDiscovery normal arm64 Compiling JSONDecoder+DecodeCleaned.swift (in target 'KippleCodable' from project 'Kipple')
SwiftDriver KippleNetworking normal arm64 com.apple.xcode.tools.swift.compiler (in target 'KippleNetworking' from project 'KippleNetworking')
    cd /Users/admin/builder/spi-builder-workspace/.swiftpm/xcode
    builtin-SwiftDriver -- /Applications/Xcode-27.0.0-Release.Candidate.app/Contents/Developer/Toolchains/XcodeDefault.xctoolchain/usr/bin/swiftc -parse-as-library -module-name KippleNetworking -Onone @/Users/admin/builder/spi-builder-workspace/.derivedData/Build/Intermediates.noindex/KippleNetworking.build/Debug-xros/KippleNetworking-t.build/Objects-normal/arm64/KippleNetworking.SwiftFileList -DSWIFT_PACKAGE -DDEBUG -DSWIFT_MODULE_RESOURCE_BUNDLE_UNAVAILABLE -DXcode -plugin-path /Applications/Xcode-27.0.0-Release.Candidate.app/Contents/Developer/Toolchains/XcodeDefault.xctoolchain/usr/lib/swift/host/plugins/testing -enable-experimental-feature DebugDescriptionMacro -sdk /Applications/Xcode-27.0.0-Release.Candidate.app/Contents/Developer/Platforms/XROS.platform/Developer/SDKs/XROS27.0.sdk -target arm64-apple-xros1.0 -g -module-cache-path /Users/admin/builder/spi-builder-workspace/.derivedData/ModuleCache.noindex -Xfrontend -serialize-debugging-options -profile-coverage-mapping -profile-generate -enable-testing -index-store-path /Users/admin/builder/spi-builder-workspace/.derivedData/Index.noindex/DataStore -Xcc -D_LIBCPP_HARDENING_MODE\=_LIBCPP_HARDENING_MODE_DEBUG -swift-version 5 -I /Users/admin/builder/spi-builder-workspace/.derivedData/Build/Products/Debug-xros -Isystem /Applications/Xcode-27.0.0-Release.Candidate.app/Contents/Developer/Platforms/XROS.platform/Developer/usr/lib -F /Users/admin/builder/spi-builder-workspace/.derivedData/Build/Products/Debug-xros/PackageFrameworks -F /Users/admin/builder/spi-builder-workspace/.derivedData/Build/Products/Debug-xros -F /Applications/Xcode-27.0.0-Release.Candidate.app/Contents/Developer/Platforms/XROS.platform/Developer/Library/Frameworks -F /Applications/Xcode-27.0.0-Release.Candidate.app/Contents/Developer/Platforms/XROS.platform/Developer/SDKs/XROS27.0.sdk/Developer/Library/Frameworks -c -j10 -enable-batch-mode -incremental -Xcc -ivfsstatcache -Xcc /Users/admin/builder/spi-builder-workspace/.derivedData/SDKStatCaches.noindex/xros27.0-24M361-e829b21a6f8c9b70876ba0858053c044735bd543db762f57723cac368afd1ce4.sdkstatcache -output-file-map /Users/admin/builder/spi-builder-workspace/.derivedData/Build/Intermediates.noindex/KippleNetworking.build/Debug-xros/KippleNetworking-t.build/Objects-normal/arm64/KippleNetworking-OutputFileMap.json -save-temps -no-color-diagnostics -explicit-module-build -module-cache-path /Users/admin/builder/spi-builder-workspace/.derivedData/Build/Intermediates.noindex/SwiftExplicitPrecompiledModules -clang-scanner-module-cache-path /Users/admin/builder/spi-builder-workspace/.derivedData/ModuleCache.noindex -sdk-module-cache-path /Users/admin/builder/spi-builder-workspace/.derivedData/SDKExplicitPrecompiledModules -emit-dependencies -emit-module -emit-module-path /Users/admin/builder/spi-builder-workspace/.derivedData/Build/Intermediates.noindex/KippleNetworking.build/Debug-xros/KippleNetworking-t.build/Objects-normal/arm64/KippleNetworking.swiftmodule -serialize-diagnostics -dependency-scan-serialize-diagnostics-path /Users/admin/builder/spi-builder-workspace/.derivedData/Build/Intermediates.noindex/KippleNetworking.build/Debug-xros/KippleNetworking-t.build/Objects-normal/arm64/KippleNetworking-dependency-scan.dia -validate-clang-modules-once -clang-build-session-file /Users/admin/builder/spi-builder-workspace/.derivedData/ModuleCache.noindex/Session.modulevalidation -Xcc -fmodules-prune-interval\=86400 -Xcc -fmodules-prune-after\=345600 -emit-const-values -const-gather-protocols-list /Users/admin/builder/spi-builder-workspace/.derivedData/Build/Intermediates.noindex/KippleNetworking.build/Debug-xros/KippleNetworking-t.build/Objects-normal/arm64/KippleNetworking_const_extract_protocols.json -Xcc -I/Users/admin/builder/spi-builder-workspace/.derivedData/Build/Products/Debug-xros/include -Xcc -I/Users/admin/builder/spi-builder-workspace/.derivedData/Build/Intermediates.noindex/KippleNetworking.build/Debug-xros/KippleNetworking-t.build/DerivedSources-normal/arm64 -Xcc -I/Users/admin/builder/spi-builder-workspace/.derivedData/Build/Intermediates.noindex/KippleNetworking.build/Debug-xros/KippleNetworking-t.build/DerivedSources/arm64 -Xcc -I/Users/admin/builder/spi-builder-workspace/.derivedData/Build/Intermediates.noindex/KippleNetworking.build/Debug-xros/KippleNetworking-t.build/DerivedSources -Xcc -DSWIFT_PACKAGE -Xcc -DDEBUG\=1 -emit-objc-header -emit-objc-header-path /Users/admin/builder/spi-builder-workspace/.derivedData/Build/Intermediates.noindex/KippleNetworking.build/Debug-xros/KippleNetworking-t.build/Objects-normal/arm64/KippleNetworking-Swift.h -working-directory /Users/admin/builder/spi-builder-workspace/.swiftpm/xcode -experimental-emit-module-separately -disable-cmo
SwiftDriverJobDiscovery normal arm64 Compiling AppInfo.swift (in target 'KippleFoundation' from project 'Kipple')
SwiftDriverJobDiscovery normal arm64 Compiling BundleInfo.swift (in target 'KippleFoundation' from project 'Kipple')
SwiftDriverJobDiscovery normal arm64 Compiling Comparable+Clamped.swift, Int+Convenience.swift (in target 'KippleFoundation' from project 'Kipple')
SwiftDriverJobDiscovery normal arm64 Compiling NSNumber+Boolean.swift, Result+Convenience.swift (in target 'KippleFoundation' from project 'Kipple')
SwiftDriverJobDiscovery normal arm64 Compiling Swift+Modulo.swift (in target 'KippleFoundation' from project 'Kipple')
SwiftDriverJobDiscovery normal arm64 Compiling DecodingError+Cleaned.swift (in target 'KippleCodable' from project 'Kipple')
SwiftDriverJobDiscovery normal arm64 Compiling SemanticVersion.swift (in target 'KippleFoundation' from project 'Kipple')
SwiftDriver\ Compilation KippleFoundation normal arm64 com.apple.xcode.tools.swift.compiler (in target 'KippleFoundation' from project 'Kipple')
    cd /Users/admin/builder/spi-builder-workspace/.swiftpm/xcode
    builtin-Swift-Compilation -- /Applications/Xcode-27.0.0-Release.Candidate.app/Contents/Developer/Toolchains/XcodeDefault.xctoolchain/usr/bin/swiftc -parse-as-library -module-name KippleFoundation -Onone @/Users/admin/builder/spi-builder-workspace/.derivedData/Build/Intermediates.noindex/Kipple.build/Debug-xros/KippleFoundation-t.build/Objects-normal/arm64/KippleFoundation.SwiftFileList -DSWIFT_PACKAGE -DDEBUG -DSWIFT_MODULE_RESOURCE_BUNDLE_UNAVAILABLE -DXcode -plugin-path /Applications/Xcode-27.0.0-Release.Candidate.app/Contents/Developer/Toolchains/XcodeDefault.xctoolchain/usr/lib/swift/host/plugins/testing -enable-experimental-feature DebugDescriptionMacro -sdk /Applications/Xcode-27.0.0-Release.Candidate.app/Contents/Developer/Platforms/XROS.platform/Developer/SDKs/XROS27.0.sdk -target arm64-apple-xros1.0 -g -module-cache-path /Users/admin/builder/spi-builder-workspace/.derivedData/ModuleCache.noindex -Xfrontend -serialize-debugging-options -profile-coverage-mapping -profile-generate -enable-testing -suppress-warnings -index-store-path /Users/admin/builder/spi-builder-workspace/.derivedData/Index.noindex/DataStore -Xcc -D_LIBCPP_HARDENING_MODE\=_LIBCPP_HARDENING_MODE_DEBUG -swift-version 5 -I /Users/admin/builder/spi-builder-workspace/.derivedData/Build/Products/Debug-xros -Isystem /Applications/Xcode-27.0.0-Release.Candidate.app/Contents/Developer/Platforms/XROS.platform/Developer/usr/lib -F /Users/admin/builder/spi-builder-workspace/.derivedData/Build/Products/Debug-xros -F /Applications/Xcode-27.0.0-Release.Candidate.app/Contents/Developer/Platforms/XROS.platform/Developer/Library/Frameworks -F /Applications/Xcode-27.0.0-Release.Candidate.app/Contents/Developer/Platforms/XROS.platform/Developer/SDKs/XROS27.0.sdk/Developer/Library/Frameworks -c -j10 -enable-batch-mode -incremental -Xcc -ivfsstatcache -Xcc /Users/admin/builder/spi-builder-workspace/.derivedData/SDKStatCaches.noindex/xros27.0-24M361-e829b21a6f8c9b70876ba0858053c044735bd543db762f57723cac368afd1ce4.sdkstatcache -output-file-map /Users/admin/builder/spi-builder-workspace/.derivedData/Build/Intermediates.noindex/Kipple.build/Debug-xros/KippleFoundation-t.build/Objects-normal/arm64/KippleFoundation-OutputFileMap.json -save-temps -no-color-diagnostics -explicit-module-build -module-cache-path /Users/admin/builder/spi-builder-workspace/.derivedData/Build/Intermediates.noindex/SwiftExplicitPrecompiledModules -clang-scanner-module-cache-path /Users/admin/builder/spi-builder-workspace/.derivedData/ModuleCache.noindex -sdk-module-cache-path /Users/admin/builder/spi-builder-workspace/.derivedData/SDKExplicitPrecompiledModules -emit-dependencies -emit-module -emit-module-path /Users/admin/builder/spi-builder-workspace/.derivedData/Build/Intermediates.noindex/Kipple.build/Debug-xros/KippleFoundation-t.build/Objects-normal/arm64/KippleFoundation.swiftmodule -serialize-diagnostics -dependency-scan-serialize-diagnostics-path /Users/admin/builder/spi-builder-workspace/.derivedData/Build/Intermediates.noindex/Kipple.build/Debug-xros/KippleFoundation-t.build/Objects-normal/arm64/KippleFoundation-dependency-scan.dia -validate-clang-modules-once -clang-build-session-file /Users/admin/builder/spi-builder-workspace/.derivedData/ModuleCache.noindex/Session.modulevalidation -Xcc -fmodules-prune-interval\=86400 -Xcc -fmodules-prune-after\=345600 -emit-const-values -const-gather-protocols-list /Users/admin/builder/spi-builder-workspace/.derivedData/Build/Intermediates.noindex/Kipple.build/Debug-xros/KippleFoundation-t.build/Objects-normal/arm64/KippleFoundation_const_extract_protocols.json -Xcc -I/Users/admin/builder/spi-builder-workspace/.derivedData/Build/Products/Debug-xros/include -Xcc -I/Users/admin/builder/spi-builder-workspace/.derivedData/Build/Intermediates.noindex/Kipple.build/Debug-xros/KippleFoundation-t.build/DerivedSources-normal/arm64 -Xcc -I/Users/admin/builder/spi-builder-workspace/.derivedData/Build/Intermediates.noindex/Kipple.build/Debug-xros/KippleFoundation-t.build/DerivedSources/arm64 -Xcc -I/Users/admin/builder/spi-builder-workspace/.derivedData/Build/Intermediates.noindex/Kipple.build/Debug-xros/KippleFoundation-t.build/DerivedSources -Xcc -DSWIFT_PACKAGE -Xcc -DDEBUG\=1 -emit-objc-header -emit-objc-header-path /Users/admin/builder/spi-builder-workspace/.derivedData/Build/Intermediates.noindex/Kipple.build/Debug-xros/KippleFoundation-t.build/Objects-normal/arm64/KippleFoundation-Swift.h -working-directory /Users/admin/builder/spi-builder-workspace/.swiftpm/xcode -experimental-emit-module-separately -disable-cmo
SwiftDriverJobDiscovery normal arm64 Compiling CleanedDecodingError.swift, KippleCodableError.swift (in target 'KippleCodable' from project 'Kipple')
SwiftDriver\ Compilation KippleCodable normal arm64 com.apple.xcode.tools.swift.compiler (in target 'KippleCodable' from project 'Kipple')
    cd /Users/admin/builder/spi-builder-workspace/.swiftpm/xcode
    builtin-Swift-Compilation -- /Applications/Xcode-27.0.0-Release.Candidate.app/Contents/Developer/Toolchains/XcodeDefault.xctoolchain/usr/bin/swiftc -parse-as-library -module-name KippleCodable -Onone @/Users/admin/builder/spi-builder-workspace/.derivedData/Build/Intermediates.noindex/Kipple.build/Debug-xros/KippleCodable-t.build/Objects-normal/arm64/KippleCodable.SwiftFileList -DSWIFT_PACKAGE -DDEBUG -DSWIFT_MODULE_RESOURCE_BUNDLE_UNAVAILABLE -DXcode -plugin-path /Applications/Xcode-27.0.0-Release.Candidate.app/Contents/Developer/Toolchains/XcodeDefault.xctoolchain/usr/lib/swift/host/plugins/testing -enable-experimental-feature DebugDescriptionMacro -sdk /Applications/Xcode-27.0.0-Release.Candidate.app/Contents/Developer/Platforms/XROS.platform/Developer/SDKs/XROS27.0.sdk -target arm64-apple-xros1.0 -g -module-cache-path /Users/admin/builder/spi-builder-workspace/.derivedData/ModuleCache.noindex -Xfrontend -serialize-debugging-options -profile-coverage-mapping -profile-generate -enable-testing -suppress-warnings -index-store-path /Users/admin/builder/spi-builder-workspace/.derivedData/Index.noindex/DataStore -Xcc -D_LIBCPP_HARDENING_MODE\=_LIBCPP_HARDENING_MODE_DEBUG -swift-version 5 -I /Users/admin/builder/spi-builder-workspace/.derivedData/Build/Products/Debug-xros -Isystem /Applications/Xcode-27.0.0-Release.Candidate.app/Contents/Developer/Platforms/XROS.platform/Developer/usr/lib -F /Users/admin/builder/spi-builder-workspace/.derivedData/Build/Products/Debug-xros -F /Applications/Xcode-27.0.0-Release.Candidate.app/Contents/Developer/Platforms/XROS.platform/Developer/Library/Frameworks -F /Applications/Xcode-27.0.0-Release.Candidate.app/Contents/Developer/Platforms/XROS.platform/Developer/SDKs/XROS27.0.sdk/Developer/Library/Frameworks -c -j10 -enable-batch-mode -incremental -Xcc -ivfsstatcache -Xcc /Users/admin/builder/spi-builder-workspace/.derivedData/SDKStatCaches.noindex/xros27.0-24M361-e829b21a6f8c9b70876ba0858053c044735bd543db762f57723cac368afd1ce4.sdkstatcache -output-file-map /Users/admin/builder/spi-builder-workspace/.derivedData/Build/Intermediates.noindex/Kipple.build/Debug-xros/KippleCodable-t.build/Objects-normal/arm64/KippleCodable-OutputFileMap.json -save-temps -no-color-diagnostics -explicit-module-build -module-cache-path /Users/admin/builder/spi-builder-workspace/.derivedData/Build/Intermediates.noindex/SwiftExplicitPrecompiledModules -clang-scanner-module-cache-path /Users/admin/builder/spi-builder-workspace/.derivedData/ModuleCache.noindex -sdk-module-cache-path /Users/admin/builder/spi-builder-workspace/.derivedData/SDKExplicitPrecompiledModules -emit-dependencies -emit-module -emit-module-path /Users/admin/builder/spi-builder-workspace/.derivedData/Build/Intermediates.noindex/Kipple.build/Debug-xros/KippleCodable-t.build/Objects-normal/arm64/KippleCodable.swiftmodule -serialize-diagnostics -dependency-scan-serialize-diagnostics-path /Users/admin/builder/spi-builder-workspace/.derivedData/Build/Intermediates.noindex/Kipple.build/Debug-xros/KippleCodable-t.build/Objects-normal/arm64/KippleCodable-dependency-scan.dia -validate-clang-modules-once -clang-build-session-file /Users/admin/builder/spi-builder-workspace/.derivedData/ModuleCache.noindex/Session.modulevalidation -Xcc -fmodules-prune-interval\=86400 -Xcc -fmodules-prune-after\=345600 -emit-const-values -const-gather-protocols-list /Users/admin/builder/spi-builder-workspace/.derivedData/Build/Intermediates.noindex/Kipple.build/Debug-xros/KippleCodable-t.build/Objects-normal/arm64/KippleCodable_const_extract_protocols.json -Xcc -I/Users/admin/builder/spi-builder-workspace/.derivedData/Build/Products/Debug-xros/include -Xcc -I/Users/admin/builder/spi-builder-workspace/.derivedData/Build/Intermediates.noindex/Kipple.build/Debug-xros/KippleCodable-t.build/DerivedSources-normal/arm64 -Xcc -I/Users/admin/builder/spi-builder-workspace/.derivedData/Build/Intermediates.noindex/Kipple.build/Debug-xros/KippleCodable-t.build/DerivedSources/arm64 -Xcc -I/Users/admin/builder/spi-builder-workspace/.derivedData/Build/Intermediates.noindex/Kipple.build/Debug-xros/KippleCodable-t.build/DerivedSources -Xcc -DSWIFT_PACKAGE -Xcc -DDEBUG\=1 -emit-objc-header -emit-objc-header-path /Users/admin/builder/spi-builder-workspace/.derivedData/Build/Intermediates.noindex/Kipple.build/Debug-xros/KippleCodable-t.build/Objects-normal/arm64/KippleCodable-Swift.h -working-directory /Users/admin/builder/spi-builder-workspace/.swiftpm/xcode -experimental-emit-module-separately -disable-cmo
Ld /Users/admin/builder/spi-builder-workspace/.derivedData/Build/Products/Debug-xros/KippleFoundation.o normal (in target 'KippleFoundation' from project 'Kipple')
    cd /Users/admin/builder/spi-builder-workspace/.dependencies/checkouts/Kipple
    /Applications/Xcode-27.0.0-Release.Candidate.app/Contents/Developer/Toolchains/XcodeDefault.xctoolchain/usr/bin/clang -Xlinker -reproducible -target arm64-apple-xros1.0 -r -isysroot /Applications/Xcode-27.0.0-Release.Candidate.app/Contents/Developer/Platforms/XROS.platform/Developer/SDKs/XROS27.0.sdk -O0 -w -Xlinker -no_warn_duplicate_libraries -F/Users/admin/builder/spi-builder-workspace/.derivedData/Build/Intermediates.noindex/EagerLinkingTBDs/Debug-xros -F/Users/admin/builder/spi-builder-workspace/.derivedData/Build/Products/Debug-xros -iframework /Applications/Xcode-27.0.0-Release.Candidate.app/Contents/Developer/Platforms/XROS.platform/Developer/Library/Frameworks -iframework /Applications/Xcode-27.0.0-Release.Candidate.app/Contents/Developer/Platforms/XROS.platform/Developer/SDKs/XROS27.0.sdk/Developer/Library/Frameworks -filelist /Users/admin/builder/spi-builder-workspace/.derivedData/Build/Intermediates.noindex/Kipple.build/Debug-xros/KippleFoundation-t.build/Objects-normal/arm64/KippleFoundation.LinkFileList -nostdlib -Xlinker -object_path_lto -Xlinker /Users/admin/builder/spi-builder-workspace/.derivedData/Build/Intermediates.noindex/Kipple.build/Debug-xros/KippleFoundation-t.build/Objects-normal/arm64/KippleFoundation_lto.o -Xlinker -no_deduplicate -Xlinker -debug_variant -Xlinker -dependency_info -Xlinker /Users/admin/builder/spi-builder-workspace/.derivedData/Build/Intermediates.noindex/Kipple.build/Debug-xros/KippleFoundation-t.build/Objects-normal/arm64/KippleFoundation_dependency_info.dat -fobjc-link-runtime -L/Applications/Xcode-27.0.0-Release.Candidate.app/Contents/Developer/Toolchains/XcodeDefault.xctoolchain/usr/lib/swift/xros -L/usr/lib/swift -Xlinker -add_ast_path -Xlinker /Users/admin/builder/spi-builder-workspace/.derivedData/Build/Intermediates.noindex/Kipple.build/Debug-xros/KippleFoundation-t.build/Objects-normal/arm64/KippleFoundation.swiftmodule -o /Users/admin/builder/spi-builder-workspace/.derivedData/Build/Products/Debug-xros/KippleFoundation.o
Ld /Users/admin/builder/spi-builder-workspace/.derivedData/Build/Products/Debug-xros/KippleCodable.o normal (in target 'KippleCodable' from project 'Kipple')
    cd /Users/admin/builder/spi-builder-workspace/.dependencies/checkouts/Kipple
    /Applications/Xcode-27.0.0-Release.Candidate.app/Contents/Developer/Toolchains/XcodeDefault.xctoolchain/usr/bin/clang -Xlinker -reproducible -target arm64-apple-xros1.0 -r -isysroot /Applications/Xcode-27.0.0-Release.Candidate.app/Contents/Developer/Platforms/XROS.platform/Developer/SDKs/XROS27.0.sdk -O0 -w -Xlinker -no_warn_duplicate_libraries -F/Users/admin/builder/spi-builder-workspace/.derivedData/Build/Intermediates.noindex/EagerLinkingTBDs/Debug-xros -F/Users/admin/builder/spi-builder-workspace/.derivedData/Build/Products/Debug-xros -iframework /Applications/Xcode-27.0.0-Release.Candidate.app/Contents/Developer/Platforms/XROS.platform/Developer/Library/Frameworks -iframework /Applications/Xcode-27.0.0-Release.Candidate.app/Contents/Developer/Platforms/XROS.platform/Developer/SDKs/XROS27.0.sdk/Developer/Library/Frameworks -filelist /Users/admin/builder/spi-builder-workspace/.derivedData/Build/Intermediates.noindex/Kipple.build/Debug-xros/KippleCodable-t.build/Objects-normal/arm64/KippleCodable.LinkFileList -nostdlib -Xlinker -object_path_lto -Xlinker /Users/admin/builder/spi-builder-workspace/.derivedData/Build/Intermediates.noindex/Kipple.build/Debug-xros/KippleCodable-t.build/Objects-normal/arm64/KippleCodable_lto.o -Xlinker -no_deduplicate -Xlinker -debug_variant -Xlinker -dependency_info -Xlinker /Users/admin/builder/spi-builder-workspace/.derivedData/Build/Intermediates.noindex/Kipple.build/Debug-xros/KippleCodable-t.build/Objects-normal/arm64/KippleCodable_dependency_info.dat -fobjc-link-runtime -L/Applications/Xcode-27.0.0-Release.Candidate.app/Contents/Developer/Toolchains/XcodeDefault.xctoolchain/usr/lib/swift/xros -L/usr/lib/swift -Xlinker -add_ast_path -Xlinker /Users/admin/builder/spi-builder-workspace/.derivedData/Build/Intermediates.noindex/Kipple.build/Debug-xros/KippleCodable-t.build/Objects-normal/arm64/KippleCodable.swiftmodule -o /Users/admin/builder/spi-builder-workspace/.derivedData/Build/Products/Debug-xros/KippleCodable.o
ExtractAppIntentsMetadata (in target 'KippleCodable' from project 'Kipple')
    cd /Users/admin/builder/spi-builder-workspace/.dependencies/checkouts/Kipple
    /Applications/Xcode-27.0.0-Release.Candidate.app/Contents/Developer/Toolchains/XcodeDefault.xctoolchain/usr/bin/appintentsmetadataprocessor --toolchain-dir /var/run/com.apple.security.cryptexd/mnt/com.apple.MobileAsset.MetalToolchain-v27.1.266.1.iemzfZ/Metal.xctoolchain --module-name KippleCodable --sdk-root /Applications/Xcode-27.0.0-Release.Candidate.app/Contents/Developer/Platforms/XROS.platform/Developer/SDKs/XROS27.0.sdk --xcode-version 27A266a --platform-family xrOS --deployment-target 1.0 --bundle-identifier kipple.KippleCodable --output /Users/admin/builder/spi-builder-workspace/.derivedData/Build/Products/Debug-xros/KippleCodable.appintents --target-triple arm64-apple-xros1.0 --binary-file /Users/admin/builder/spi-builder-workspace/.derivedData/Build/Products/Debug-xros/KippleCodable.o --dependency-file /Users/admin/builder/spi-builder-workspace/.derivedData/Build/Intermediates.noindex/Kipple.build/Debug-xros/KippleCodable-t.build/Objects-normal/arm64/KippleCodable_dependency_info.dat --stringsdata-file /Users/admin/builder/spi-builder-workspace/.derivedData/Build/Intermediates.noindex/Kipple.build/Debug-xros/KippleCodable-t.build/Objects-normal/arm64/ExtractedAppShortcutsMetadata.stringsdata --source-file-list /Users/admin/builder/spi-builder-workspace/.derivedData/Build/Intermediates.noindex/Kipple.build/Debug-xros/KippleCodable-t.build/Objects-normal/arm64/KippleCodable.SwiftFileList --metadata-file-list /Users/admin/builder/spi-builder-workspace/.derivedData/Build/Intermediates.noindex/Kipple.build/Debug-xros/KippleCodable-t.build/KippleCodable.DependencyMetadataFileList --static-metadata-file-list /Users/admin/builder/spi-builder-workspace/.derivedData/Build/Intermediates.noindex/Kipple.build/Debug-xros/KippleCodable-t.build/KippleCodable.DependencyStaticMetadataFileList --swift-const-vals-list /Users/admin/builder/spi-builder-workspace/.derivedData/Build/Intermediates.noindex/Kipple.build/Debug-xros/KippleCodable-t.build/Objects-normal/arm64/KippleCodable.SwiftConstValuesFileList --force --compile-time-extraction --deployment-aware-processing --no-app-shortcuts-localization
2026-09-20 05:23:45.426 appintentsmetadataprocessor[1184:6885] Starting appintentsmetadataprocessor export
2026-09-20 05:23:45.487 appintentsmetadataprocessor[1184:6885] Extracted no relevant App Intents symbols, skipping writing output
ExtractAppIntentsMetadata (in target 'KippleFoundation' from project 'Kipple')
    cd /Users/admin/builder/spi-builder-workspace/.dependencies/checkouts/Kipple
    /Applications/Xcode-27.0.0-Release.Candidate.app/Contents/Developer/Toolchains/XcodeDefault.xctoolchain/usr/bin/appintentsmetadataprocessor --toolchain-dir /var/run/com.apple.security.cryptexd/mnt/com.apple.MobileAsset.MetalToolchain-v27.1.266.1.iemzfZ/Metal.xctoolchain --module-name KippleFoundation --sdk-root /Applications/Xcode-27.0.0-Release.Candidate.app/Contents/Developer/Platforms/XROS.platform/Developer/SDKs/XROS27.0.sdk --xcode-version 27A266a --platform-family xrOS --deployment-target 1.0 --bundle-identifier kipple.KippleFoundation --output /Users/admin/builder/spi-builder-workspace/.derivedData/Build/Products/Debug-xros/KippleFoundation.appintents --target-triple arm64-apple-xros1.0 --binary-file /Users/admin/builder/spi-builder-workspace/.derivedData/Build/Products/Debug-xros/KippleFoundation.o --dependency-file /Users/admin/builder/spi-builder-workspace/.derivedData/Build/Intermediates.noindex/Kipple.build/Debug-xros/KippleFoundation-t.build/Objects-normal/arm64/KippleFoundation_dependency_info.dat --stringsdata-file /Users/admin/builder/spi-builder-workspace/.derivedData/Build/Intermediates.noindex/Kipple.build/Debug-xros/KippleFoundation-t.build/Objects-normal/arm64/ExtractedAppShortcutsMetadata.stringsdata --source-file-list /Users/admin/builder/spi-builder-workspace/.derivedData/Build/Intermediates.noindex/Kipple.build/Debug-xros/KippleFoundation-t.build/Objects-normal/arm64/KippleFoundation.SwiftFileList --metadata-file-list /Users/admin/builder/spi-builder-workspace/.derivedData/Build/Intermediates.noindex/Kipple.build/Debug-xros/KippleFoundation-t.build/KippleFoundation.DependencyMetadataFileList --static-metadata-file-list /Users/admin/builder/spi-builder-workspace/.derivedData/Build/Intermediates.noindex/Kipple.build/Debug-xros/KippleFoundation-t.build/KippleFoundation.DependencyStaticMetadataFileList --swift-const-vals-list /Users/admin/builder/spi-builder-workspace/.derivedData/Build/Intermediates.noindex/Kipple.build/Debug-xros/KippleFoundation-t.build/Objects-normal/arm64/KippleFoundation.SwiftConstValuesFileList --force --compile-time-extraction --deployment-aware-processing --no-app-shortcuts-localization
2026-09-20 05:23:45.426 appintentsmetadataprocessor[1185:6886] Starting appintentsmetadataprocessor export
2026-09-20 05:23:45.488 appintentsmetadataprocessor[1185:6886] Extracted no relevant App Intents symbols, skipping writing output
SwiftCompile normal arm64 Compiling\ URLRequest+SetHeaders.swift,\ URLRequest+SetParameters.swift,\ URLRequest+SetTimeout.swift,\ FoundationNetworkRequestDispatcher.swift /Users/admin/builder/spi-builder-workspace/Sources/KippleNetworking/Foundation/Extensions/URLRequest+SetHeaders.swift /Users/admin/builder/spi-builder-workspace/Sources/KippleNetworking/Foundation/Extensions/URLRequest+SetParameters.swift /Users/admin/builder/spi-builder-workspace/Sources/KippleNetworking/Foundation/Extensions/URLRequest+SetTimeout.swift /Users/admin/builder/spi-builder-workspace/Sources/KippleNetworking/Foundation/Helpers/FoundationNetworkRequestDispatcher.swift (in target 'KippleNetworking' from project 'KippleNetworking')
SwiftCompile normal arm64 /Users/admin/builder/spi-builder-workspace/Sources/KippleNetworking/Foundation/Extensions/URLRequest+SetHeaders.swift (in target 'KippleNetworking' from project 'KippleNetworking')
    cd /Users/admin/builder/spi-builder-workspace/.swiftpm/xcode
    builtin-SwiftPerFileCompile URLRequest+SetHeaders.swift
SwiftCompile normal arm64 /Users/admin/builder/spi-builder-workspace/Sources/KippleNetworking/Foundation/Extensions/URLRequest+SetParameters.swift (in target 'KippleNetworking' from project 'KippleNetworking')
    cd /Users/admin/builder/spi-builder-workspace/.swiftpm/xcode
    builtin-SwiftPerFileCompile URLRequest+SetParameters.swift
SwiftCompile normal arm64 /Users/admin/builder/spi-builder-workspace/Sources/KippleNetworking/Foundation/Extensions/URLRequest+SetTimeout.swift (in target 'KippleNetworking' from project 'KippleNetworking')
    cd /Users/admin/builder/spi-builder-workspace/.swiftpm/xcode
    builtin-SwiftPerFileCompile URLRequest+SetTimeout.swift
SwiftCompile normal arm64 /Users/admin/builder/spi-builder-workspace/Sources/KippleNetworking/Foundation/Helpers/FoundationNetworkRequestDispatcher.swift (in target 'KippleNetworking' from project 'KippleNetworking')
    cd /Users/admin/builder/spi-builder-workspace/.swiftpm/xcode
    builtin-SwiftPerFileCompile FoundationNetworkRequestDispatcher.swift
SwiftCompile normal arm64 Compiling\ JSONDecoder+SafeISO8601.swift,\ JSONEncoder+SafeISO8601.swift,\ String+IsURLWithQueryString.swift /Users/admin/builder/spi-builder-workspace/Sources/KippleNetworking/Shared/Extensions/JSONDecoder+SafeISO8601.swift /Users/admin/builder/spi-builder-workspace/Sources/KippleNetworking/Shared/Extensions/JSONEncoder+SafeISO8601.swift /Users/admin/builder/spi-builder-workspace/Sources/KippleNetworking/Shared/Extensions/String+IsURLWithQueryString.swift (in target 'KippleNetworking' from project 'KippleNetworking')
SwiftCompile normal arm64 /Users/admin/builder/spi-builder-workspace/Sources/KippleNetworking/Shared/Extensions/JSONDecoder+SafeISO8601.swift (in target 'KippleNetworking' from project 'KippleNetworking')
    cd /Users/admin/builder/spi-builder-workspace/.swiftpm/xcode
    builtin-SwiftPerFileCompile JSONDecoder+SafeISO8601.swift
SwiftCompile normal arm64 /Users/admin/builder/spi-builder-workspace/Sources/KippleNetworking/Shared/Extensions/JSONEncoder+SafeISO8601.swift (in target 'KippleNetworking' from project 'KippleNetworking')
    cd /Users/admin/builder/spi-builder-workspace/.swiftpm/xcode
    builtin-SwiftPerFileCompile JSONEncoder+SafeISO8601.swift
SwiftCompile normal arm64 /Users/admin/builder/spi-builder-workspace/Sources/KippleNetworking/Shared/Extensions/String+IsURLWithQueryString.swift (in target 'KippleNetworking' from project 'KippleNetworking')
    cd /Users/admin/builder/spi-builder-workspace/.swiftpm/xcode
    builtin-SwiftPerFileCompile String+IsURLWithQueryString.swift
SwiftCompile normal arm64 Compiling\ URLComponents+SetQueryItems.swift,\ HTTPClient.swift,\ UniversalNetworkRequestDispatcher+DispatchMode.swift /Users/admin/builder/spi-builder-workspace/Sources/KippleNetworking/Shared/Extensions/URLComponents+SetQueryItems.swift /Users/admin/builder/spi-builder-workspace/Sources/KippleNetworking/Shared/Helpers/HTTPClient.swift /Users/admin/builder/spi-builder-workspace/Sources/KippleNetworking/Shared/Helpers/UniversalNetworkRequestDispatcher+DispatchMode.swift (in target 'KippleNetworking' from project 'KippleNetworking')
SwiftCompile normal arm64 /Users/admin/builder/spi-builder-workspace/Sources/KippleNetworking/Shared/Extensions/URLComponents+SetQueryItems.swift (in target 'KippleNetworking' from project 'KippleNetworking')
    cd /Users/admin/builder/spi-builder-workspace/.swiftpm/xcode
    builtin-SwiftPerFileCompile URLComponents+SetQueryItems.swift
SwiftCompile normal arm64 /Users/admin/builder/spi-builder-workspace/Sources/KippleNetworking/Shared/Helpers/HTTPClient.swift (in target 'KippleNetworking' from project 'KippleNetworking')
    cd /Users/admin/builder/spi-builder-workspace/.swiftpm/xcode
    builtin-SwiftPerFileCompile HTTPClient.swift
SwiftCompile normal arm64 /Users/admin/builder/spi-builder-workspace/Sources/KippleNetworking/Shared/Helpers/UniversalNetworkRequestDispatcher+DispatchMode.swift (in target 'KippleNetworking' from project 'KippleNetworking')
    cd /Users/admin/builder/spi-builder-workspace/.swiftpm/xcode
    builtin-SwiftPerFileCompile UniversalNetworkRequestDispatcher+DispatchMode.swift
SwiftCompile normal arm64 Compiling\ HTTPStatusCode.swift,\ ParameterEncoding.swift,\ NetworkingError.swift /Users/admin/builder/spi-builder-workspace/Sources/KippleNetworking/Shared/Enums/HTTPStatusCode.swift /Users/admin/builder/spi-builder-workspace/Sources/KippleNetworking/Shared/Enums/ParameterEncoding.swift /Users/admin/builder/spi-builder-workspace/Sources/KippleNetworking/Shared/Errors/NetworkingError.swift (in target 'KippleNetworking' from project 'KippleNetworking')
SwiftCompile normal arm64 /Users/admin/builder/spi-builder-workspace/Sources/KippleNetworking/Shared/Enums/HTTPStatusCode.swift (in target 'KippleNetworking' from project 'KippleNetworking')
    cd /Users/admin/builder/spi-builder-workspace/.swiftpm/xcode
    builtin-SwiftPerFileCompile HTTPStatusCode.swift
SwiftCompile normal arm64 /Users/admin/builder/spi-builder-workspace/Sources/KippleNetworking/Shared/Enums/ParameterEncoding.swift (in target 'KippleNetworking' from project 'KippleNetworking')
    cd /Users/admin/builder/spi-builder-workspace/.swiftpm/xcode
    builtin-SwiftPerFileCompile ParameterEncoding.swift
SwiftCompile normal arm64 /Users/admin/builder/spi-builder-workspace/Sources/KippleNetworking/Shared/Errors/NetworkingError.swift (in target 'KippleNetworking' from project 'KippleNetworking')
    cd /Users/admin/builder/spi-builder-workspace/.swiftpm/xcode
    builtin-SwiftPerFileCompile NetworkingError.swift
SwiftCompile normal arm64 Compiling\ URLRequestConvertible.swift,\ HTTPClient+ExecuteResponseAnticipating.swift,\ Request+AsHTTPClientRequest.swift,\ NIONetworkRequestDispatcher.swift /Users/admin/builder/spi-builder-workspace/Sources/KippleNetworking/Foundation/Protocols/URLRequestConvertible.swift /Users/admin/builder/spi-builder-workspace/Sources/KippleNetworking/NIO/Extensions/HTTPClient+ExecuteResponseAnticipating.swift /Users/admin/builder/spi-builder-workspace/Sources/KippleNetworking/NIO/Extensions/Request+AsHTTPClientRequest.swift /Users/admin/builder/spi-builder-workspace/Sources/KippleNetworking/NIO/Helpers/NIONetworkRequestDispatcher.swift (in target 'KippleNetworking' from project 'KippleNetworking')
SwiftCompile normal arm64 /Users/admin/builder/spi-builder-workspace/Sources/KippleNetworking/Foundation/Protocols/URLRequestConvertible.swift (in target 'KippleNetworking' from project 'KippleNetworking')
    cd /Users/admin/builder/spi-builder-workspace/.swiftpm/xcode
    builtin-SwiftPerFileCompile URLRequestConvertible.swift
SwiftCompile normal arm64 /Users/admin/builder/spi-builder-workspace/Sources/KippleNetworking/NIO/Extensions/HTTPClient+ExecuteResponseAnticipating.swift (in target 'KippleNetworking' from project 'KippleNetworking')
    cd /Users/admin/builder/spi-builder-workspace/.swiftpm/xcode
    builtin-SwiftPerFileCompile HTTPClient+ExecuteResponseAnticipating.swift
SwiftCompile normal arm64 /Users/admin/builder/spi-builder-workspace/Sources/KippleNetworking/NIO/Extensions/Request+AsHTTPClientRequest.swift (in target 'KippleNetworking' from project 'KippleNetworking')
    cd /Users/admin/builder/spi-builder-workspace/.swiftpm/xcode
    builtin-SwiftPerFileCompile Request+AsHTTPClientRequest.swift
SwiftCompile normal arm64 /Users/admin/builder/spi-builder-workspace/Sources/KippleNetworking/NIO/Helpers/NIONetworkRequestDispatcher.swift (in target 'KippleNetworking' from project 'KippleNetworking')
    cd /Users/admin/builder/spi-builder-workspace/.swiftpm/xcode
    builtin-SwiftPerFileCompile NIONetworkRequestDispatcher.swift
SwiftCompile normal arm64 Compiling\ HTTPBodyEncoding.swift,\ HTTPHeader.swift,\ HTTPMethod.swift /Users/admin/builder/spi-builder-workspace/Sources/KippleNetworking/Shared/Enums/HTTPBodyEncoding.swift /Users/admin/builder/spi-builder-workspace/Sources/KippleNetworking/Shared/Enums/HTTPHeader.swift /Users/admin/builder/spi-builder-workspace/Sources/KippleNetworking/Shared/Enums/HTTPMethod.swift (in target 'KippleNetworking' from project 'KippleNetworking')
SwiftCompile normal arm64 /Users/admin/builder/spi-builder-workspace/Sources/KippleNetworking/Shared/Enums/HTTPBodyEncoding.swift (in target 'KippleNetworking' from project 'KippleNetworking')
    cd /Users/admin/builder/spi-builder-workspace/.swiftpm/xcode
    builtin-SwiftPerFileCompile HTTPBodyEncoding.swift
SwiftCompile normal arm64 /Users/admin/builder/spi-builder-workspace/Sources/KippleNetworking/Shared/Enums/HTTPHeader.swift (in target 'KippleNetworking' from project 'KippleNetworking')
    cd /Users/admin/builder/spi-builder-workspace/.swiftpm/xcode
    builtin-SwiftPerFileCompile HTTPHeader.swift
SwiftCompile normal arm64 /Users/admin/builder/spi-builder-workspace/Sources/KippleNetworking/Shared/Enums/HTTPMethod.swift (in target 'KippleNetworking' from project 'KippleNetworking')
    cd /Users/admin/builder/spi-builder-workspace/.swiftpm/xcode
    builtin-SwiftPerFileCompile HTTPMethod.swift
SwiftCompile normal arm64 Compiling\ UniversalNetworkRequestDispatcher.swift,\ DataResponse.swift,\ Environment.swift /Users/admin/builder/spi-builder-workspace/Sources/KippleNetworking/Shared/Helpers/UniversalNetworkRequestDispatcher.swift /Users/admin/builder/spi-builder-workspace/Sources/KippleNetworking/Shared/Models/DataResponse.swift /Users/admin/builder/spi-builder-workspace/Sources/KippleNetworking/Shared/Models/Environment.swift (in target 'KippleNetworking' from project 'KippleNetworking')
/Users/admin/builder/spi-builder-workspace/Sources/KippleNetworking/Shared/Helpers/UniversalNetworkRequestDispatcher.swift:11:76: error: type 'UniversalNetworkRequestDispatcher.DispatchMode' has no member 'automatic'
 9 |     private let dispatcher: NetworkRequestDispatching
10 |
11 |     public init(decoder: JSONDecoder? = nil, dispatchMode: DispatchMode = .automatic) {
   |                                                                            `- error: type 'UniversalNetworkRequestDispatcher.DispatchMode' has no member 'automatic'
12 |         self.decoder = decoder ?? .safeISO8601
13 |         self.dispatcher = dispatchMode.configured(decoder: decoder)
Failed frontend command:
/Applications/Xcode-27.0.0-Release.Candidate.app/Contents/Developer/Toolchains/XcodeDefault.xctoolchain/usr/bin/swift-frontend -frontend -c /Users/admin/builder/spi-builder-workspace/Sources/KippleNetworking/Exports.swift /Users/admin/builder/spi-builder-workspace/Sources/KippleNetworking/Foundation/Extensions/HTTPURLResponse+Status.swift /Users/admin/builder/spi-builder-workspace/Sources/KippleNetworking/Foundation/Extensions/Request+AsURLRequest.swift /Users/admin/builder/spi-builder-workspace/Sources/KippleNetworking/Foundation/Extensions/URLRequest+Init.swift /Users/admin/builder/spi-builder-workspace/Sources/KippleNetworking/Foundation/Extensions/URLRequest+SetHeaders.swift /Users/admin/builder/spi-builder-workspace/Sources/KippleNetworking/Foundation/Extensions/URLRequest+SetParameters.swift /Users/admin/builder/spi-builder-workspace/Sources/KippleNetworking/Foundation/Extensions/URLRequest+SetTimeout.swift /Users/admin/builder/spi-builder-workspace/Sources/KippleNetworking/Foundation/Helpers/FoundationNetworkRequestDispatcher.swift /Users/admin/builder/spi-builder-workspace/Sources/KippleNetworking/Foundation/Protocols/URLRequestConvertible.swift /Users/admin/builder/spi-builder-workspace/Sources/KippleNetworking/NIO/Extensions/HTTPClient+ExecuteResponseAnticipating.swift /Users/admin/builder/spi-builder-workspace/Sources/KippleNetworking/NIO/Extensions/Request+AsHTTPClientRequest.swift /Users/admin/builder/spi-builder-workspace/Sources/KippleNetworking/NIO/Helpers/NIONetworkRequestDispatcher.swift /Users/admin/builder/spi-builder-workspace/Sources/KippleNetworking/Shared/Enums/HTTPBodyEncoding.swift /Users/admin/builder/spi-builder-workspace/Sources/KippleNetworking/Shared/Enums/HTTPHeader.swift /Users/admin/builder/spi-builder-workspace/Sources/KippleNetworking/Shared/Enums/HTTPMethod.swift /Users/admin/builder/spi-builder-workspace/Sources/KippleNetworking/Shared/Enums/HTTPStatusCode.swift /Users/admin/builder/spi-builder-workspace/Sources/KippleNetworking/Shared/Enums/ParameterEncoding.swift /Users/admin/builder/spi-builder-workspace/Sources/KippleNetworking/Shared/Errors/NetworkingError.swift /Users/admin/builder/spi-builder-workspace/Sources/KippleNetworking/Shared/Extensions/CharacterSet+RFC3986Unreserved.swift /Users/admin/builder/spi-builder-workspace/Sources/KippleNetworking/Shared/Extensions/Dictionary+AsHeaderDictionary.swift /Users/admin/builder/spi-builder-workspace/Sources/KippleNetworking/Shared/Extensions/Formatter+ISO8601.swift /Users/admin/builder/spi-builder-workspace/Sources/KippleNetworking/Shared/Extensions/JSONDecoder+SafeISO8601.swift /Users/admin/builder/spi-builder-workspace/Sources/KippleNetworking/Shared/Extensions/JSONEncoder+SafeISO8601.swift /Users/admin/builder/spi-builder-workspace/Sources/KippleNetworking/Shared/Extensions/String+IsURLWithQueryString.swift /Users/admin/builder/spi-builder-workspace/Sources/KippleNetworking/Shared/Extensions/URLComponents+SetQueryItems.swift /Users/admin/builder/spi-builder-workspace/Sources/KippleNetworking/Shared/Helpers/HTTPClient.swift /Users/admin/builder/spi-builder-workspace/Sources/KippleNetworking/Shared/Helpers/UniversalNetworkRequestDispatcher+DispatchMode.swift -primary-file /Users/admin/builder/spi-builder-workspace/Sources/KippleNetworking/Shared/Helpers/UniversalNetworkRequestDispatcher.swift -primary-file /Users/admin/builder/spi-builder-workspace/Sources/KippleNetworking/Shared/Models/DataResponse.swift -primary-file /Users/admin/builder/spi-builder-workspace/Sources/KippleNetworking/Shared/Models/Environment.swift /Users/admin/builder/spi-builder-workspace/Sources/KippleNetworking/Shared/Models/Request.swift /Users/admin/builder/spi-builder-workspace/Sources/KippleNetworking/Shared/Protocols/NetworkRequestDispatching.swift /Users/admin/builder/spi-builder-workspace/Sources/KippleNetworking/Shared/Protocols/ParameterDictionaryConvertible.swift -supplementary-output-file-map /Users/admin/builder/spi-builder-workspace/.derivedData/Build/Intermediates.noindex/KippleNetworking.build/Debug-xros/KippleNetworking-t.build/Objects-normal/arm64/supplementaryOutputs-9 -target arm64-apple-xros1.0 -disable-cross-import-overlay-search -load-resolved-plugin /Applications/Xcode-27.0.0-Release.Candidate.app/Contents/Developer/Platforms/XROS.platform/Developer/usr/lib/swift/host/plugins/libFoundationMacros.dylib\#/Applications/Xcode-27.0.0-Release.Candidate.app/Contents/Developer/Platforms/XROS.platform/Developer/usr/bin/swift-plugin-server\#FoundationMacros -load-resolved-plugin /Applications/Xcode-27.0.0-Release.Candidate.app/Contents/Developer/Platforms/XROS.platform/Developer/usr/lib/swift/host/plugins/libObservationMacros.dylib\#/Applications/Xcode-27.0.0-Release.Candidate.app/Contents/Developer/Platforms/XROS.platform/Developer/usr/bin/swift-plugin-server\#ObservationMacros -load-resolved-plugin /Applications/Xcode-27.0.0-Release.Candidate.app/Contents/Developer/Platforms/XROS.platform/Developer/usr/lib/swift/host/plugins/libSwiftMacros.dylib\#/Applications/Xcode-27.0.0-Release.Candidate.app/Contents/Developer/Platforms/XROS.platform/Developer/usr/bin/swift-plugin-server\#SwiftMacros -disable-implicit-swift-modules -Xcc -fno-implicit-modules -Xcc -fno-implicit-module-maps -explicit-swift-module-map-file /Users/admin/builder/spi-builder-workspace/.derivedData/Build/Intermediates.noindex/KippleNetworking.build/Debug-xros/KippleNetworking-t.build/Objects-normal/arm64/KippleNetworking-dependencies-1.json -Xllvm -aarch64-use-tbi -enable-objc-interop -stack-check -sdk /Applications/Xcode-27.0.0-Release.Candidate.app/Contents/Developer/Platforms/XROS.platform/Developer/SDKs/XROS27.0.sdk -I /Users/admin/builder/spi-builder-workspace/.derivedData/Build/Products/Debug-xros -Isystem /Applications/Xcode-27.0.0-Release.Candidate.app/Contents/Developer/Platforms/XROS.platform/Developer/usr/lib -F /Users/admin/builder/spi-builder-workspace/.derivedData/Build/Products/Debug-xros/PackageFrameworks -F /Users/admin/builder/spi-builder-workspace/.derivedData/Build/Products/Debug-xros -F /Applications/Xcode-27.0.0-Release.Candidate.app/Contents/Developer/Platforms/XROS.platform/Developer/Library/Frameworks -F /Applications/Xcode-27.0.0-Release.Candidate.app/Contents/Developer/Platforms/XROS.platform/Developer/SDKs/XROS27.0.sdk/Developer/Library/Frameworks -module-cache-path /Users/admin/builder/spi-builder-workspace/.derivedData/Build/Intermediates.noindex/SwiftExplicitPrecompiledModules -no-color-diagnostics -Xcc -fno-color-diagnostics -enable-testing -g -debug-info-format\=dwarf -dwarf-version\=4 -profile-generate -profile-coverage-mapping -swift-version 5 -Onone -D SWIFT_PACKAGE -D DEBUG -D SWIFT_MODULE_RESOURCE_BUNDLE_UNAVAILABLE -D Xcode -serialize-debugging-options -enable-experimental-feature DebugDescriptionMacro -empty-abi-descriptor -validate-clang-modules-once -clang-build-session-file /Users/admin/builder/spi-builder-workspace/.derivedData/ModuleCache.noindex/Session.modulevalidation -Xcc -working-directory -Xcc /Users/admin/builder/spi-builder-workspace/.swiftpm/xcode -enable-anonymous-context-mangled-names -file-compilation-dir /Users/admin/builder/spi-builder-workspace/.swiftpm/xcode -Xcc -D_LIBCPP_HARDENING_MODE\=_LIBCPP_HARDENING_MODE_DEBUG -Xcc -ivfsstatcache -Xcc /Users/admin/builder/spi-builder-workspace/.derivedData/SDKStatCaches.noindex/xros27.0-24M361-e829b21a6f8c9b70876ba0858053c044735bd543db762f57723cac368afd1ce4.sdkstatcache -Xcc -fmodules-prune-interval\=86400 -Xcc -fmodules-prune-after\=345600 -Xcc -I/Users/admin/builder/spi-builder-workspace/.derivedData/Build/Products/Debug-xros/include -Xcc -I/Users/admin/builder/spi-builder-workspace/.derivedData/Build/Intermediates.noindex/KippleNetworking.build/Debug-xros/KippleNetworking-t.build/DerivedSources-normal/arm64 -Xcc -I/Users/admin/builder/spi-builder-workspace/.derivedData/Build/Intermediates.noindex/KippleNetworking.build/Debug-xros/KippleNetworking-t.build/DerivedSources/arm64 -Xcc -I/Users/admin/builder/spi-builder-workspace/.derivedData/Build/Intermediates.noindex/KippleNetworking.build/Debug-xros/KippleNetworking-t.build/DerivedSources -Xcc -DSWIFT_PACKAGE -Xcc -DDEBUG\=1 -no-auto-bridging-header-chaining -module-name KippleNetworking -const-gather-protocols-file /Users/admin/builder/spi-builder-workspace/.derivedData/Build/Intermediates.noindex/KippleNetworking.build/Debug-xros/KippleNetworking-t.build/Objects-normal/arm64/KippleNetworking_const_extract_protocols.json -disable-clang-spi -clang-target arm64-apple-xros27.0 -target-sdk-version 27.0 -target-sdk-name xros27.0 -in-process-plugin-server-path /Applications/Xcode-27.0.0-Release.Candidate.app/Contents/Developer/Toolchains/XcodeDefault.xctoolchain/usr/lib/swift/host/libSwiftInProcPluginServer.dylib -parse-as-library -o /Users/admin/builder/spi-builder-workspace/.derivedData/Build/Intermediates.noindex/KippleNetworking.build/Debug-xros/KippleNetworking-t.build/Objects-normal/arm64/UniversalNetworkRequestDispatcher.o -o /Users/admin/builder/spi-builder-workspace/.derivedData/Build/Intermediates.noindex/KippleNetworking.build/Debug-xros/KippleNetworking-t.build/Objects-normal/arm64/DataResponse.o -o /Users/admin/builder/spi-builder-workspace/.derivedData/Build/Intermediates.noindex/KippleNetworking.build/Debug-xros/KippleNetworking-t.build/Objects-normal/arm64/Environment.o -debug-module-path /Users/admin/builder/spi-builder-workspace/.derivedData/Build/Intermediates.noindex/KippleNetworking.build/Debug-xros/KippleNetworking-t.build/Objects-normal/arm64/KippleNetworking.swiftmodule -index-unit-output-path /KippleNetworking.build/Debug-xros/KippleNetworking-t.build/Objects-normal/arm64/UniversalNetworkRequestDispatcher.o -index-unit-output-path /KippleNetworking.build/Debug-xros/KippleNetworking-t.build/Objects-normal/arm64/DataResponse.o -index-unit-output-path /KippleNetworking.build/Debug-xros/KippleNetworking-t.build/Objects-normal/arm64/Environment.o -index-store-path /Users/admin/builder/spi-builder-workspace/.derivedData/Index.noindex/DataStore -index-system-modules
SwiftCompile normal arm64 /Users/admin/builder/spi-builder-workspace/Sources/KippleNetworking/Shared/Helpers/UniversalNetworkRequestDispatcher.swift (in target 'KippleNetworking' from project 'KippleNetworking')
    cd /Users/admin/builder/spi-builder-workspace/.swiftpm/xcode
    builtin-SwiftPerFileCompile UniversalNetworkRequestDispatcher.swift
SwiftCompile normal arm64 /Users/admin/builder/spi-builder-workspace/Sources/KippleNetworking/Shared/Models/DataResponse.swift (in target 'KippleNetworking' from project 'KippleNetworking')
    cd /Users/admin/builder/spi-builder-workspace/.swiftpm/xcode
    builtin-SwiftPerFileCompile DataResponse.swift
SwiftCompile normal arm64 /Users/admin/builder/spi-builder-workspace/Sources/KippleNetworking/Shared/Models/Environment.swift (in target 'KippleNetworking' from project 'KippleNetworking')
    cd /Users/admin/builder/spi-builder-workspace/.swiftpm/xcode
    builtin-SwiftPerFileCompile Environment.swift
SwiftEmitModule normal arm64 Emitting\ module\ for\ KippleNetworking (in target 'KippleNetworking' from project 'KippleNetworking')
SwiftCompile normal arm64 (in target 'KippleNetworking' from project 'KippleNetworking')
    cd /Users/admin/builder/spi-builder-workspace/.swiftpm/xcode

SwiftCompile normal arm64 Compiling\ Request.swift,\ NetworkRequestDispatching.swift,\ ParameterDictionaryConvertible.swift /Users/admin/builder/spi-builder-workspace/Sources/KippleNetworking/Shared/Models/Request.swift /Users/admin/builder/spi-builder-workspace/Sources/KippleNetworking/Shared/Protocols/NetworkRequestDispatching.swift /Users/admin/builder/spi-builder-workspace/Sources/KippleNetworking/Shared/Protocols/ParameterDictionaryConvertible.swift (in target 'KippleNetworking' from project 'KippleNetworking')
SwiftCompile normal arm64 /Users/admin/builder/spi-builder-workspace/Sources/KippleNetworking/Shared/Models/Request.swift (in target 'KippleNetworking' from project 'KippleNetworking')
    cd /Users/admin/builder/spi-builder-workspace/.swiftpm/xcode
    builtin-SwiftPerFileCompile Request.swift
SwiftCompile normal arm64 /Users/admin/builder/spi-builder-workspace/Sources/KippleNetworking/Shared/Protocols/NetworkRequestDispatching.swift (in target 'KippleNetworking' from project 'KippleNetworking')
    cd /Users/admin/builder/spi-builder-workspace/.swiftpm/xcode
    builtin-SwiftPerFileCompile NetworkRequestDispatching.swift
SwiftCompile normal arm64 /Users/admin/builder/spi-builder-workspace/Sources/KippleNetworking/Shared/Protocols/ParameterDictionaryConvertible.swift (in target 'KippleNetworking' from project 'KippleNetworking')
    cd /Users/admin/builder/spi-builder-workspace/.swiftpm/xcode
    builtin-SwiftPerFileCompile ParameterDictionaryConvertible.swift
SwiftCompile normal arm64 Compiling\ Exports.swift,\ HTTPURLResponse+Status.swift,\ Request+AsURLRequest.swift,\ URLRequest+Init.swift /Users/admin/builder/spi-builder-workspace/Sources/KippleNetworking/Exports.swift /Users/admin/builder/spi-builder-workspace/Sources/KippleNetworking/Foundation/Extensions/HTTPURLResponse+Status.swift /Users/admin/builder/spi-builder-workspace/Sources/KippleNetworking/Foundation/Extensions/Request+AsURLRequest.swift /Users/admin/builder/spi-builder-workspace/Sources/KippleNetworking/Foundation/Extensions/URLRequest+Init.swift (in target 'KippleNetworking' from project 'KippleNetworking')
SwiftCompile normal arm64 /Users/admin/builder/spi-builder-workspace/Sources/KippleNetworking/Exports.swift (in target 'KippleNetworking' from project 'KippleNetworking')
    cd /Users/admin/builder/spi-builder-workspace/.swiftpm/xcode
    builtin-SwiftPerFileCompile Exports.swift
SwiftCompile normal arm64 /Users/admin/builder/spi-builder-workspace/Sources/KippleNetworking/Foundation/Extensions/HTTPURLResponse+Status.swift (in target 'KippleNetworking' from project 'KippleNetworking')
    cd /Users/admin/builder/spi-builder-workspace/.swiftpm/xcode
    builtin-SwiftPerFileCompile HTTPURLResponse+Status.swift
SwiftCompile normal arm64 /Users/admin/builder/spi-builder-workspace/Sources/KippleNetworking/Foundation/Extensions/Request+AsURLRequest.swift (in target 'KippleNetworking' from project 'KippleNetworking')
    cd /Users/admin/builder/spi-builder-workspace/.swiftpm/xcode
    builtin-SwiftPerFileCompile Request+AsURLRequest.swift
SwiftCompile normal arm64 /Users/admin/builder/spi-builder-workspace/Sources/KippleNetworking/Foundation/Extensions/URLRequest+Init.swift (in target 'KippleNetworking' from project 'KippleNetworking')
    cd /Users/admin/builder/spi-builder-workspace/.swiftpm/xcode
    builtin-SwiftPerFileCompile URLRequest+Init.swift
SwiftCompile normal arm64 Compiling\ CharacterSet+RFC3986Unreserved.swift,\ Dictionary+AsHeaderDictionary.swift,\ Formatter+ISO8601.swift /Users/admin/builder/spi-builder-workspace/Sources/KippleNetworking/Shared/Extensions/CharacterSet+RFC3986Unreserved.swift /Users/admin/builder/spi-builder-workspace/Sources/KippleNetworking/Shared/Extensions/Dictionary+AsHeaderDictionary.swift /Users/admin/builder/spi-builder-workspace/Sources/KippleNetworking/Shared/Extensions/Formatter+ISO8601.swift (in target 'KippleNetworking' from project 'KippleNetworking')
SwiftCompile normal arm64 /Users/admin/builder/spi-builder-workspace/Sources/KippleNetworking/Shared/Extensions/CharacterSet+RFC3986Unreserved.swift (in target 'KippleNetworking' from project 'KippleNetworking')
    cd /Users/admin/builder/spi-builder-workspace/.swiftpm/xcode
    builtin-SwiftPerFileCompile CharacterSet+RFC3986Unreserved.swift
SwiftCompile normal arm64 /Users/admin/builder/spi-builder-workspace/Sources/KippleNetworking/Shared/Extensions/Dictionary+AsHeaderDictionary.swift (in target 'KippleNetworking' from project 'KippleNetworking')
    cd /Users/admin/builder/spi-builder-workspace/.swiftpm/xcode
    builtin-SwiftPerFileCompile Dictionary+AsHeaderDictionary.swift
SwiftCompile normal arm64 /Users/admin/builder/spi-builder-workspace/Sources/KippleNetworking/Shared/Extensions/Formatter+ISO8601.swift (in target 'KippleNetworking' from project 'KippleNetworking')
    cd /Users/admin/builder/spi-builder-workspace/.swiftpm/xcode
    builtin-SwiftPerFileCompile Formatter+ISO8601.swift
SwiftDriverJobDiscovery normal arm64 Compiling URLRequestConvertible.swift, HTTPClient+ExecuteResponseAnticipating.swift, Request+AsHTTPClientRequest.swift, NIONetworkRequestDispatcher.swift (in target 'KippleNetworking' from project 'KippleNetworking')
SwiftDriverJobDiscovery normal arm64 Compiling Exports.swift, HTTPURLResponse+Status.swift, Request+AsURLRequest.swift, URLRequest+Init.swift (in target 'KippleNetworking' from project 'KippleNetworking')
SwiftDriverJobDiscovery normal arm64 Compiling URLRequest+SetHeaders.swift, URLRequest+SetParameters.swift, URLRequest+SetTimeout.swift, FoundationNetworkRequestDispatcher.swift (in target 'KippleNetworking' from project 'KippleNetworking')
PruneExplicitPrecompiledModules /Users/admin/builder/spi-builder-workspace/.derivedData/Build/Intermediates.noindex/ExplicitPrecompiledModules
PruneExplicitPrecompiledModules /Users/admin/builder/spi-builder-workspace/.derivedData/Build/Intermediates.noindex/SwiftExplicitPrecompiledModules
PruneExplicitPrecompiledModules /Users/admin/builder/spi-builder-workspace/.derivedData/SDKExplicitPrecompiledModules
2026-09-20 05:23:35.851 xcodebuild[984:5899] [MT] IDERunDestination: Supported platforms for the buildables in the current scheme is empty.
** BUILD FAILED **
The following build commands failed:
	SwiftCompile normal arm64 Compiling\ UniversalNetworkRequestDispatcher.swift,\ DataResponse.swift,\ Environment.swift /Users/admin/builder/spi-builder-workspace/Sources/KippleNetworking/Shared/Helpers/UniversalNetworkRequestDispatcher.swift /Users/admin/builder/spi-builder-workspace/Sources/KippleNetworking/Shared/Models/DataResponse.swift /Users/admin/builder/spi-builder-workspace/Sources/KippleNetworking/Shared/Models/Environment.swift (in target 'KippleNetworking' from project 'KippleNetworking')
	SwiftCompile normal arm64 /Users/admin/builder/spi-builder-workspace/Sources/KippleNetworking/Shared/Helpers/UniversalNetworkRequestDispatcher.swift (in target 'KippleNetworking' from project 'KippleNetworking')
	Building workspace KippleNetworking with scheme KippleNetworking
(3 failures)
Command line invocation:
    /Applications/Xcode-27.0.0-Release.Candidate.app/Contents/Developer/usr/bin/xcodebuild -IDEClonedSourcePackagesDirPathOverride=/Users/admin/builder/spi-builder-workspace/.dependencies -resolvePackageDependencies
Resolve Package Graph
Resolved source packages:
  KippleTools: https://github.com/bdrelling/KippleTools @ 0.5.4
  swift-log: https://github.com/apple/swift-log @ 1.15.1
  DeviceKit: https://github.com/devicekit/DeviceKit @ 5.8.0
  swift-argument-parser: https://github.com/apple/swift-argument-parser @ 1.8.2
  KeychainAccess: https://github.com/kishikawakatsumi/KeychainAccess @ 4.2.2
  swift-collections: https://github.com/apple/swift-collections @ 1.6.0
  KippleNetworking: /Users/admin/builder/spi-builder-workspace
  Kipple: https://github.com/bdrelling/Kipple @ 0.14.3
  SwiftFormat: https://github.com/nicklockwood/SwiftFormat @ 0.63.0
resolved source packages: KippleTools, swift-log, DeviceKit, swift-argument-parser, KeychainAccess, swift-collections, KippleNetworking, Kipple, SwiftFormat
2026-09-20 05:23:48.414 xcodebuild[1197:6979] [MT] IDERunDestination: Supported platforms for the buildables in the current scheme is empty.
{
  "dependencies" : [
    {
      "identity" : "kipple",
      "requirement" : {
        "range" : [
          {
            "lower_bound" : "0.14.0",
            "upper_bound" : "0.15.0"
          }
        ]
      },
      "type" : "sourceControl",
      "url" : "https://github.com/bdrelling/Kipple"
    },
    {
      "identity" : "kippletools",
      "requirement" : {
        "range" : [
          {
            "lower_bound" : "0.5.0",
            "upper_bound" : "0.6.0"
          }
        ]
      },
      "type" : "sourceControl",
      "url" : "https://github.com/bdrelling/KippleTools"
    }
  ],
  "manifest_display_name" : "KippleNetworking",
  "name" : "KippleNetworking",
  "path" : "/Users/admin/builder/spi-builder-workspace",
  "platforms" : [
    {
      "name" : "ios",
      "version" : "16.0"
    },
    {
      "name" : "macos",
      "version" : "13.0"
    },
    {
      "name" : "tvos",
      "version" : "16.0"
    },
    {
      "name" : "watchos",
      "version" : "9.0"
    }
  ],
  "products" : [
    {
      "name" : "KippleNetworking",
      "targets" : [
        "KippleNetworking"
      ],
      "type" : {
        "library" : [
          "automatic"
        ]
      }
    }
  ],
  "targets" : [
    {
      "c99name" : "KippleNetworkingTests",
      "module_type" : "SwiftTarget",
      "name" : "KippleNetworkingTests",
      "path" : "Tests/KippleNetworkingTests",
      "sources" : [
        "Core/Extensions/Environment+XKCD.swift",
        "Core/Models/XkcdStrip.swift",
        "Core/Requests/GetLatestXKCDStripRequest.swift",
        "Core/Requests/GetXKCDStripRequest.swift",
        "Tests/DictionaryExtensionTests.swift",
        "Tests/EnvironmentTests.swift",
        "Tests/FoundationNetworkRequestDispatcherTests.swift",
        "Tests/HTTPClientTests.swift",
        "Tests/ISO8601ExtensionTests.swift",
        "Tests/RFC3986ExtensionTests.swift",
        "Tests/StringExtensionTests.swift",
        "Tests/SwiftNIONetworkRequestDispatcherTests.swift",
        "Tests/URLComponentsExtensionTests.swift",
        "Tests/URLRequestConvertibleTests.swift",
        "Tests/URLRequestExtensionTests.swift"
      ],
      "target_dependencies" : [
        "KippleNetworking"
      ],
      "type" : "test"
    },
    {
      "c99name" : "KippleNetworking",
      "module_type" : "SwiftTarget",
      "name" : "KippleNetworking",
      "path" : "Sources/KippleNetworking",
      "product_dependencies" : [
        "KippleCodable",
        "KippleFoundation",
        "KippleLogging"
      ],
      "product_memberships" : [
        "KippleNetworking"
      ],
      "sources" : [
        "Exports.swift",
        "Foundation/Extensions/HTTPURLResponse+Status.swift",
        "Foundation/Extensions/Request+AsURLRequest.swift",
        "Foundation/Extensions/URLRequest+Init.swift",
        "Foundation/Extensions/URLRequest+SetHeaders.swift",
        "Foundation/Extensions/URLRequest+SetParameters.swift",
        "Foundation/Extensions/URLRequest+SetTimeout.swift",
        "Foundation/Helpers/FoundationNetworkRequestDispatcher.swift",
        "Foundation/Protocols/URLRequestConvertible.swift",
        "NIO/Extensions/HTTPClient+ExecuteResponseAnticipating.swift",
        "NIO/Extensions/Request+AsHTTPClientRequest.swift",
        "NIO/Helpers/NIONetworkRequestDispatcher.swift",
        "Shared/Enums/HTTPBodyEncoding.swift",
        "Shared/Enums/HTTPHeader.swift",
        "Shared/Enums/HTTPMethod.swift",
        "Shared/Enums/HTTPStatusCode.swift",
        "Shared/Enums/ParameterEncoding.swift",
        "Shared/Errors/NetworkingError.swift",
        "Shared/Extensions/CharacterSet+RFC3986Unreserved.swift",
        "Shared/Extensions/Dictionary+AsHeaderDictionary.swift",
        "Shared/Extensions/Formatter+ISO8601.swift",
        "Shared/Extensions/JSONDecoder+SafeISO8601.swift",
        "Shared/Extensions/JSONEncoder+SafeISO8601.swift",
        "Shared/Extensions/String+IsURLWithQueryString.swift",
        "Shared/Extensions/URLComponents+SetQueryItems.swift",
        "Shared/Helpers/HTTPClient.swift",
        "Shared/Helpers/UniversalNetworkRequestDispatcher+DispatchMode.swift",
        "Shared/Helpers/UniversalNetworkRequestDispatcher.swift",
        "Shared/Models/DataResponse.swift",
        "Shared/Models/Environment.swift",
        "Shared/Models/Request.swift",
        "Shared/Protocols/NetworkRequestDispatching.swift",
        "Shared/Protocols/ParameterDictionaryConvertible.swift"
      ],
      "type" : "library"
    }
  ],
  "tools_version" : "5.7"
}
{
  "workspace" : {
    "name" : "KippleNetworking",
    "schemes" : [
      "KippleNetworking"
    ]
  }
}
2026-09-20 05:23:51.499 xcodebuild[1217:7122] [MT] IDERunDestination: Supported platforms for the buildables in the current scheme is empty.
Running build ...
env DEVELOPER_DIR=/Applications/Xcode-27.0.0-Release.Candidate.app xcrun xcodebuild -IDEClonedSourcePackagesDirPathOverride=$PWD/.dependencies -skipMacroValidation -skipPackagePluginValidation -derivedDataPath $PWD/.derivedData build -scheme KippleNetworking -destination generic/platform=xrOS
Command line invocation:
    /Applications/Xcode-27.0.0-Release.Candidate.app/Contents/Developer/usr/bin/xcodebuild -IDEClonedSourcePackagesDirPathOverride=/Users/admin/builder/spi-builder-workspace/.dependencies -skipMacroValidation -skipPackagePluginValidation -derivedDataPath /Users/admin/builder/spi-builder-workspace/.derivedData build -scheme KippleNetworking -destination generic/platform=xrOS
Resolve Package Graph
Resolved source packages:
  swift-log: https://github.com/apple/swift-log @ 1.15.1
  KippleNetworking: /Users/admin/builder/spi-builder-workspace
  SwiftFormat: https://github.com/nicklockwood/SwiftFormat @ 0.63.0
  KeychainAccess: https://github.com/kishikawakatsumi/KeychainAccess @ 4.2.2
  KippleTools: https://github.com/bdrelling/KippleTools @ 0.5.4
  swift-collections: https://github.com/apple/swift-collections @ 1.6.0
  swift-argument-parser: https://github.com/apple/swift-argument-parser @ 1.8.2
  Kipple: https://github.com/bdrelling/Kipple @ 0.14.3
  DeviceKit: https://github.com/devicekit/DeviceKit @ 5.8.0
ComputePackagePrebuildTargetDependencyGraph
Prepare packages
CreateBuildRequest
SendProjectDescription
CreateBuildOperation
ComputeTargetDependencyGraph
note: Building targets in dependency order
note: Target dependency graph (8 targets)
    Target 'KippleNetworking-product' in project 'KippleNetworking'
        ➜ Explicit dependency on target 'KippleNetworking' in project 'KippleNetworking'
        ➜ Explicit dependency on target 'KippleCodable-product' in project 'Kipple'
        ➜ Explicit dependency on target 'KippleFoundation-product' in project 'Kipple'
        ➜ Explicit dependency on target 'KippleLogging-product' in project 'Kipple'
    Target 'KippleNetworking' in project 'KippleNetworking'
        ➜ Explicit dependency on target 'KippleCodable-product' in project 'Kipple'
        ➜ Explicit dependency on target 'KippleFoundation-product' in project 'Kipple'
        ➜ Explicit dependency on target 'KippleLogging-product' in project 'Kipple'
    Target 'KippleLogging-product' in project 'Kipple'
        ➜ Explicit dependency on target 'KippleLogging' in project 'Kipple'
    Target 'KippleLogging' in project 'Kipple' (no dependencies)
    Target 'KippleFoundation-product' in project 'Kipple'
        ➜ Explicit dependency on target 'KippleFoundation' in project 'Kipple'
    Target 'KippleFoundation' in project 'Kipple' (no dependencies)
    Target 'KippleCodable-product' in project 'Kipple'
        ➜ Explicit dependency on target 'KippleCodable' in project 'Kipple'
    Target 'KippleCodable' in project 'Kipple' (no dependencies)
GatherProvisioningInputs
CreateBuildDescription
ClangStatCache /Applications/Xcode-27.0.0-Release.Candidate.app/Contents/Developer/Toolchains/XcodeDefault.xctoolchain/usr/bin/clang-stat-cache /Applications/Xcode-27.0.0-Release.Candidate.app/Contents/Developer/Platforms/XROS.platform/Developer/SDKs/XROS27.0.sdk /Users/admin/builder/spi-builder-workspace/.derivedData/SDKStatCaches.noindex/xros27.0-24M361-e829b21a6f8c9b70876ba0858053c044735bd543db762f57723cac368afd1ce4.sdkstatcache
    cd /Users/admin/builder/spi-builder-workspace/.swiftpm/xcode
    /Applications/Xcode-27.0.0-Release.Candidate.app/Contents/Developer/Toolchains/XcodeDefault.xctoolchain/usr/bin/clang-stat-cache /Applications/Xcode-27.0.0-Release.Candidate.app/Contents/Developer/Platforms/XROS.platform/Developer/SDKs/XROS27.0.sdk -o /Users/admin/builder/spi-builder-workspace/.derivedData/SDKStatCaches.noindex/xros27.0-24M361-e829b21a6f8c9b70876ba0858053c044735bd543db762f57723cac368afd1ce4.sdkstatcache
SwiftDriver KippleNetworking normal arm64 com.apple.xcode.tools.swift.compiler (in target 'KippleNetworking' from project 'KippleNetworking')
    cd /Users/admin/builder/spi-builder-workspace/.swiftpm/xcode
    builtin-SwiftDriver -- /Applications/Xcode-27.0.0-Release.Candidate.app/Contents/Developer/Toolchains/XcodeDefault.xctoolchain/usr/bin/swiftc -parse-as-library -module-name KippleNetworking -Onone @/Users/admin/builder/spi-builder-workspace/.derivedData/Build/Intermediates.noindex/KippleNetworking.build/Debug-xros/KippleNetworking-t.build/Objects-normal/arm64/KippleNetworking.SwiftFileList -DSWIFT_PACKAGE -DDEBUG -DSWIFT_MODULE_RESOURCE_BUNDLE_UNAVAILABLE -DXcode -plugin-path /Applications/Xcode-27.0.0-Release.Candidate.app/Contents/Developer/Toolchains/XcodeDefault.xctoolchain/usr/lib/swift/host/plugins/testing -enable-experimental-feature DebugDescriptionMacro -sdk /Applications/Xcode-27.0.0-Release.Candidate.app/Contents/Developer/Platforms/XROS.platform/Developer/SDKs/XROS27.0.sdk -target arm64-apple-xros1.0 -g -module-cache-path /Users/admin/builder/spi-builder-workspace/.derivedData/ModuleCache.noindex -Xfrontend -serialize-debugging-options -profile-coverage-mapping -profile-generate -enable-testing -index-store-path /Users/admin/builder/spi-builder-workspace/.derivedData/Index.noindex/DataStore -Xcc -D_LIBCPP_HARDENING_MODE\=_LIBCPP_HARDENING_MODE_DEBUG -swift-version 5 -I /Users/admin/builder/spi-builder-workspace/.derivedData/Build/Products/Debug-xros -Isystem /Applications/Xcode-27.0.0-Release.Candidate.app/Contents/Developer/Platforms/XROS.platform/Developer/usr/lib -F /Users/admin/builder/spi-builder-workspace/.derivedData/Build/Products/Debug-xros/PackageFrameworks -F /Users/admin/builder/spi-builder-workspace/.derivedData/Build/Products/Debug-xros -F /Applications/Xcode-27.0.0-Release.Candidate.app/Contents/Developer/Platforms/XROS.platform/Developer/Library/Frameworks -F /Applications/Xcode-27.0.0-Release.Candidate.app/Contents/Developer/Platforms/XROS.platform/Developer/SDKs/XROS27.0.sdk/Developer/Library/Frameworks -c -j10 -enable-batch-mode -incremental -Xcc -ivfsstatcache -Xcc /Users/admin/builder/spi-builder-workspace/.derivedData/SDKStatCaches.noindex/xros27.0-24M361-e829b21a6f8c9b70876ba0858053c044735bd543db762f57723cac368afd1ce4.sdkstatcache -output-file-map /Users/admin/builder/spi-builder-workspace/.derivedData/Build/Intermediates.noindex/KippleNetworking.build/Debug-xros/KippleNetworking-t.build/Objects-normal/arm64/KippleNetworking-OutputFileMap.json -save-temps -no-color-diagnostics -explicit-module-build -module-cache-path /Users/admin/builder/spi-builder-workspace/.derivedData/Build/Intermediates.noindex/SwiftExplicitPrecompiledModules -clang-scanner-module-cache-path /Users/admin/builder/spi-builder-workspace/.derivedData/ModuleCache.noindex -sdk-module-cache-path /Users/admin/builder/spi-builder-workspace/.derivedData/SDKExplicitPrecompiledModules -emit-dependencies -emit-module -emit-module-path /Users/admin/builder/spi-builder-workspace/.derivedData/Build/Intermediates.noindex/KippleNetworking.build/Debug-xros/KippleNetworking-t.build/Objects-normal/arm64/KippleNetworking.swiftmodule -serialize-diagnostics -dependency-scan-serialize-diagnostics-path /Users/admin/builder/spi-builder-workspace/.derivedData/Build/Intermediates.noindex/KippleNetworking.build/Debug-xros/KippleNetworking-t.build/Objects-normal/arm64/KippleNetworking-dependency-scan.dia -validate-clang-modules-once -clang-build-session-file /Users/admin/builder/spi-builder-workspace/.derivedData/ModuleCache.noindex/Session.modulevalidation -Xcc -fmodules-prune-interval\=86400 -Xcc -fmodules-prune-after\=345600 -emit-const-values -const-gather-protocols-list /Users/admin/builder/spi-builder-workspace/.derivedData/Build/Intermediates.noindex/KippleNetworking.build/Debug-xros/KippleNetworking-t.build/Objects-normal/arm64/KippleNetworking_const_extract_protocols.json -Xcc -I/Users/admin/builder/spi-builder-workspace/.derivedData/Build/Products/Debug-xros/include -Xcc -I/Users/admin/builder/spi-builder-workspace/.derivedData/Build/Intermediates.noindex/KippleNetworking.build/Debug-xros/KippleNetworking-t.build/DerivedSources-normal/arm64 -Xcc -I/Users/admin/builder/spi-builder-workspace/.derivedData/Build/Intermediates.noindex/KippleNetworking.build/Debug-xros/KippleNetworking-t.build/DerivedSources/arm64 -Xcc -I/Users/admin/builder/spi-builder-workspace/.derivedData/Build/Intermediates.noindex/KippleNetworking.build/Debug-xros/KippleNetworking-t.build/DerivedSources -Xcc -DSWIFT_PACKAGE -Xcc -DDEBUG\=1 -emit-objc-header -emit-objc-header-path /Users/admin/builder/spi-builder-workspace/.derivedData/Build/Intermediates.noindex/KippleNetworking.build/Debug-xros/KippleNetworking-t.build/Objects-normal/arm64/KippleNetworking-Swift.h -working-directory /Users/admin/builder/spi-builder-workspace/.swiftpm/xcode -experimental-emit-module-separately -disable-cmo
SwiftCompile normal arm64 Compiling\ JSONDecoder+SafeISO8601.swift,\ JSONEncoder+SafeISO8601.swift /Users/admin/builder/spi-builder-workspace/Sources/KippleNetworking/Shared/Extensions/JSONDecoder+SafeISO8601.swift /Users/admin/builder/spi-builder-workspace/Sources/KippleNetworking/Shared/Extensions/JSONEncoder+SafeISO8601.swift (in target 'KippleNetworking' from project 'KippleNetworking')
SwiftCompile normal arm64 /Users/admin/builder/spi-builder-workspace/Sources/KippleNetworking/Shared/Extensions/JSONDecoder+SafeISO8601.swift (in target 'KippleNetworking' from project 'KippleNetworking')
    cd /Users/admin/builder/spi-builder-workspace/.swiftpm/xcode
    builtin-SwiftPerFileCompile JSONDecoder+SafeISO8601.swift
SwiftCompile normal arm64 /Users/admin/builder/spi-builder-workspace/Sources/KippleNetworking/Shared/Extensions/JSONEncoder+SafeISO8601.swift (in target 'KippleNetworking' from project 'KippleNetworking')
    cd /Users/admin/builder/spi-builder-workspace/.swiftpm/xcode
    builtin-SwiftPerFileCompile JSONEncoder+SafeISO8601.swift
SwiftCompile normal arm64 Compiling\ Dictionary+AsHeaderDictionary.swift,\ Formatter+ISO8601.swift /Users/admin/builder/spi-builder-workspace/Sources/KippleNetworking/Shared/Extensions/Dictionary+AsHeaderDictionary.swift /Users/admin/builder/spi-builder-workspace/Sources/KippleNetworking/Shared/Extensions/Formatter+ISO8601.swift (in target 'KippleNetworking' from project 'KippleNetworking')
SwiftCompile normal arm64 /Users/admin/builder/spi-builder-workspace/Sources/KippleNetworking/Shared/Extensions/Dictionary+AsHeaderDictionary.swift (in target 'KippleNetworking' from project 'KippleNetworking')
    cd /Users/admin/builder/spi-builder-workspace/.swiftpm/xcode
    builtin-SwiftPerFileCompile Dictionary+AsHeaderDictionary.swift
SwiftCompile normal arm64 /Users/admin/builder/spi-builder-workspace/Sources/KippleNetworking/Shared/Extensions/Formatter+ISO8601.swift (in target 'KippleNetworking' from project 'KippleNetworking')
    cd /Users/admin/builder/spi-builder-workspace/.swiftpm/xcode
    builtin-SwiftPerFileCompile Formatter+ISO8601.swift
SwiftCompile normal arm64 Compiling\ String+IsURLWithQueryString.swift,\ URLComponents+SetQueryItems.swift /Users/admin/builder/spi-builder-workspace/Sources/KippleNetworking/Shared/Extensions/String+IsURLWithQueryString.swift /Users/admin/builder/spi-builder-workspace/Sources/KippleNetworking/Shared/Extensions/URLComponents+SetQueryItems.swift (in target 'KippleNetworking' from project 'KippleNetworking')
SwiftCompile normal arm64 /Users/admin/builder/spi-builder-workspace/Sources/KippleNetworking/Shared/Extensions/String+IsURLWithQueryString.swift (in target 'KippleNetworking' from project 'KippleNetworking')
    cd /Users/admin/builder/spi-builder-workspace/.swiftpm/xcode
    builtin-SwiftPerFileCompile String+IsURLWithQueryString.swift
SwiftCompile normal arm64 /Users/admin/builder/spi-builder-workspace/Sources/KippleNetworking/Shared/Extensions/URLComponents+SetQueryItems.swift (in target 'KippleNetworking' from project 'KippleNetworking')
    cd /Users/admin/builder/spi-builder-workspace/.swiftpm/xcode
    builtin-SwiftPerFileCompile URLComponents+SetQueryItems.swift
SwiftCompile normal arm64 Compiling\ HTTPBodyEncoding.swift,\ HTTPHeader.swift,\ HTTPMethod.swift /Users/admin/builder/spi-builder-workspace/Sources/KippleNetworking/Shared/Enums/HTTPBodyEncoding.swift /Users/admin/builder/spi-builder-workspace/Sources/KippleNetworking/Shared/Enums/HTTPHeader.swift /Users/admin/builder/spi-builder-workspace/Sources/KippleNetworking/Shared/Enums/HTTPMethod.swift (in target 'KippleNetworking' from project 'KippleNetworking')
SwiftCompile normal arm64 /Users/admin/builder/spi-builder-workspace/Sources/KippleNetworking/Shared/Enums/HTTPBodyEncoding.swift (in target 'KippleNetworking' from project 'KippleNetworking')
    cd /Users/admin/builder/spi-builder-workspace/.swiftpm/xcode
    builtin-SwiftPerFileCompile HTTPBodyEncoding.swift
SwiftCompile normal arm64 /Users/admin/builder/spi-builder-workspace/Sources/KippleNetworking/Shared/Enums/HTTPHeader.swift (in target 'KippleNetworking' from project 'KippleNetworking')
    cd /Users/admin/builder/spi-builder-workspace/.swiftpm/xcode
    builtin-SwiftPerFileCompile HTTPHeader.swift
SwiftCompile normal arm64 /Users/admin/builder/spi-builder-workspace/Sources/KippleNetworking/Shared/Enums/HTTPMethod.swift (in target 'KippleNetworking' from project 'KippleNetworking')
    cd /Users/admin/builder/spi-builder-workspace/.swiftpm/xcode
    builtin-SwiftPerFileCompile HTTPMethod.swift
SwiftCompile normal arm64 Compiling\ NetworkingError.swift,\ CharacterSet+RFC3986Unreserved.swift /Users/admin/builder/spi-builder-workspace/Sources/KippleNetworking/Shared/Errors/NetworkingError.swift /Users/admin/builder/spi-builder-workspace/Sources/KippleNetworking/Shared/Extensions/CharacterSet+RFC3986Unreserved.swift (in target 'KippleNetworking' from project 'KippleNetworking')
SwiftCompile normal arm64 /Users/admin/builder/spi-builder-workspace/Sources/KippleNetworking/Shared/Errors/NetworkingError.swift (in target 'KippleNetworking' from project 'KippleNetworking')
    cd /Users/admin/builder/spi-builder-workspace/.swiftpm/xcode
    builtin-SwiftPerFileCompile NetworkingError.swift
SwiftCompile normal arm64 /Users/admin/builder/spi-builder-workspace/Sources/KippleNetworking/Shared/Extensions/CharacterSet+RFC3986Unreserved.swift (in target 'KippleNetworking' from project 'KippleNetworking')
    cd /Users/admin/builder/spi-builder-workspace/.swiftpm/xcode
    builtin-SwiftPerFileCompile CharacterSet+RFC3986Unreserved.swift
SwiftCompile normal arm64 Compiling\ HTTPStatusCode.swift,\ ParameterEncoding.swift /Users/admin/builder/spi-builder-workspace/Sources/KippleNetworking/Shared/Enums/HTTPStatusCode.swift /Users/admin/builder/spi-builder-workspace/Sources/KippleNetworking/Shared/Enums/ParameterEncoding.swift (in target 'KippleNetworking' from project 'KippleNetworking')
SwiftCompile normal arm64 /Users/admin/builder/spi-builder-workspace/Sources/KippleNetworking/Shared/Enums/HTTPStatusCode.swift (in target 'KippleNetworking' from project 'KippleNetworking')
    cd /Users/admin/builder/spi-builder-workspace/.swiftpm/xcode
    builtin-SwiftPerFileCompile HTTPStatusCode.swift
SwiftCompile normal arm64 /Users/admin/builder/spi-builder-workspace/Sources/KippleNetworking/Shared/Enums/ParameterEncoding.swift (in target 'KippleNetworking' from project 'KippleNetworking')
    cd /Users/admin/builder/spi-builder-workspace/.swiftpm/xcode
    builtin-SwiftPerFileCompile ParameterEncoding.swift
SwiftCompile normal arm64 Compiling\ HTTPClient.swift,\ UniversalNetworkRequestDispatcher+DispatchMode.swift /Users/admin/builder/spi-builder-workspace/Sources/KippleNetworking/Shared/Helpers/HTTPClient.swift /Users/admin/builder/spi-builder-workspace/Sources/KippleNetworking/Shared/Helpers/UniversalNetworkRequestDispatcher+DispatchMode.swift (in target 'KippleNetworking' from project 'KippleNetworking')
SwiftCompile normal arm64 /Users/admin/builder/spi-builder-workspace/Sources/KippleNetworking/Shared/Helpers/HTTPClient.swift (in target 'KippleNetworking' from project 'KippleNetworking')
    cd /Users/admin/builder/spi-builder-workspace/.swiftpm/xcode
    builtin-SwiftPerFileCompile HTTPClient.swift
SwiftCompile normal arm64 /Users/admin/builder/spi-builder-workspace/Sources/KippleNetworking/Shared/Helpers/UniversalNetworkRequestDispatcher+DispatchMode.swift (in target 'KippleNetworking' from project 'KippleNetworking')
    cd /Users/admin/builder/spi-builder-workspace/.swiftpm/xcode
    builtin-SwiftPerFileCompile UniversalNetworkRequestDispatcher+DispatchMode.swift
SwiftCompile normal arm64 Compiling\ UniversalNetworkRequestDispatcher.swift,\ DataResponse.swift /Users/admin/builder/spi-builder-workspace/Sources/KippleNetworking/Shared/Helpers/UniversalNetworkRequestDispatcher.swift /Users/admin/builder/spi-builder-workspace/Sources/KippleNetworking/Shared/Models/DataResponse.swift (in target 'KippleNetworking' from project 'KippleNetworking')
/Users/admin/builder/spi-builder-workspace/Sources/KippleNetworking/Shared/Helpers/UniversalNetworkRequestDispatcher.swift:11:76: error: type 'UniversalNetworkRequestDispatcher.DispatchMode' has no member 'automatic'
 9 |     private let dispatcher: NetworkRequestDispatching
10 |
11 |     public init(decoder: JSONDecoder? = nil, dispatchMode: DispatchMode = .automatic) {
   |                                                                            `- error: type 'UniversalNetworkRequestDispatcher.DispatchMode' has no member 'automatic'
12 |         self.decoder = decoder ?? .safeISO8601
13 |         self.dispatcher = dispatchMode.configured(decoder: decoder)
Failed frontend command:
/Applications/Xcode-27.0.0-Release.Candidate.app/Contents/Developer/Toolchains/XcodeDefault.xctoolchain/usr/bin/swift-frontend -frontend -c /Users/admin/builder/spi-builder-workspace/Sources/KippleNetworking/Exports.swift /Users/admin/builder/spi-builder-workspace/Sources/KippleNetworking/Foundation/Extensions/HTTPURLResponse+Status.swift /Users/admin/builder/spi-builder-workspace/Sources/KippleNetworking/Foundation/Extensions/Request+AsURLRequest.swift /Users/admin/builder/spi-builder-workspace/Sources/KippleNetworking/Foundation/Extensions/URLRequest+Init.swift /Users/admin/builder/spi-builder-workspace/Sources/KippleNetworking/Foundation/Extensions/URLRequest+SetHeaders.swift /Users/admin/builder/spi-builder-workspace/Sources/KippleNetworking/Foundation/Extensions/URLRequest+SetParameters.swift /Users/admin/builder/spi-builder-workspace/Sources/KippleNetworking/Foundation/Extensions/URLRequest+SetTimeout.swift /Users/admin/builder/spi-builder-workspace/Sources/KippleNetworking/Foundation/Helpers/FoundationNetworkRequestDispatcher.swift /Users/admin/builder/spi-builder-workspace/Sources/KippleNetworking/Foundation/Protocols/URLRequestConvertible.swift /Users/admin/builder/spi-builder-workspace/Sources/KippleNetworking/NIO/Extensions/HTTPClient+ExecuteResponseAnticipating.swift /Users/admin/builder/spi-builder-workspace/Sources/KippleNetworking/NIO/Extensions/Request+AsHTTPClientRequest.swift /Users/admin/builder/spi-builder-workspace/Sources/KippleNetworking/NIO/Helpers/NIONetworkRequestDispatcher.swift /Users/admin/builder/spi-builder-workspace/Sources/KippleNetworking/Shared/Enums/HTTPBodyEncoding.swift /Users/admin/builder/spi-builder-workspace/Sources/KippleNetworking/Shared/Enums/HTTPHeader.swift /Users/admin/builder/spi-builder-workspace/Sources/KippleNetworking/Shared/Enums/HTTPMethod.swift /Users/admin/builder/spi-builder-workspace/Sources/KippleNetworking/Shared/Enums/HTTPStatusCode.swift /Users/admin/builder/spi-builder-workspace/Sources/KippleNetworking/Shared/Enums/ParameterEncoding.swift /Users/admin/builder/spi-builder-workspace/Sources/KippleNetworking/Shared/Errors/NetworkingError.swift /Users/admin/builder/spi-builder-workspace/Sources/KippleNetworking/Shared/Extensions/CharacterSet+RFC3986Unreserved.swift /Users/admin/builder/spi-builder-workspace/Sources/KippleNetworking/Shared/Extensions/Dictionary+AsHeaderDictionary.swift /Users/admin/builder/spi-builder-workspace/Sources/KippleNetworking/Shared/Extensions/Formatter+ISO8601.swift /Users/admin/builder/spi-builder-workspace/Sources/KippleNetworking/Shared/Extensions/JSONDecoder+SafeISO8601.swift /Users/admin/builder/spi-builder-workspace/Sources/KippleNetworking/Shared/Extensions/JSONEncoder+SafeISO8601.swift /Users/admin/builder/spi-builder-workspace/Sources/KippleNetworking/Shared/Extensions/String+IsURLWithQueryString.swift /Users/admin/builder/spi-builder-workspace/Sources/KippleNetworking/Shared/Extensions/URLComponents+SetQueryItems.swift /Users/admin/builder/spi-builder-workspace/Sources/KippleNetworking/Shared/Helpers/HTTPClient.swift /Users/admin/builder/spi-builder-workspace/Sources/KippleNetworking/Shared/Helpers/UniversalNetworkRequestDispatcher+DispatchMode.swift -primary-file /Users/admin/builder/spi-builder-workspace/Sources/KippleNetworking/Shared/Helpers/UniversalNetworkRequestDispatcher.swift -primary-file /Users/admin/builder/spi-builder-workspace/Sources/KippleNetworking/Shared/Models/DataResponse.swift /Users/admin/builder/spi-builder-workspace/Sources/KippleNetworking/Shared/Models/Environment.swift /Users/admin/builder/spi-builder-workspace/Sources/KippleNetworking/Shared/Models/Request.swift /Users/admin/builder/spi-builder-workspace/Sources/KippleNetworking/Shared/Protocols/NetworkRequestDispatching.swift /Users/admin/builder/spi-builder-workspace/Sources/KippleNetworking/Shared/Protocols/ParameterDictionaryConvertible.swift -emit-dependencies-path /Users/admin/builder/spi-builder-workspace/.derivedData/Build/Intermediates.noindex/KippleNetworking.build/Debug-xros/KippleNetworking-t.build/Objects-normal/arm64/UniversalNetworkRequestDispatcher.d -emit-const-values-path /Users/admin/builder/spi-builder-workspace/.derivedData/Build/Intermediates.noindex/KippleNetworking.build/Debug-xros/KippleNetworking-t.build/Objects-normal/arm64/UniversalNetworkRequestDispatcher.swiftconstvalues -emit-reference-dependencies-path /Users/admin/builder/spi-builder-workspace/.derivedData/Build/Intermediates.noindex/KippleNetworking.build/Debug-xros/KippleNetworking-t.build/Objects-normal/arm64/UniversalNetworkRequestDispatcher.swiftdeps -serialize-diagnostics-path /Users/admin/builder/spi-builder-workspace/.derivedData/Build/Intermediates.noindex/KippleNetworking.build/Debug-xros/KippleNetworking-t.build/Objects-normal/arm64/UniversalNetworkRequestDispatcher.dia -emit-dependencies-path /Users/admin/builder/spi-builder-workspace/.derivedData/Build/Intermediates.noindex/KippleNetworking.build/Debug-xros/KippleNetworking-t.build/Objects-normal/arm64/DataResponse.d -emit-const-values-path /Users/admin/builder/spi-builder-workspace/.derivedData/Build/Intermediates.noindex/KippleNetworking.build/Debug-xros/KippleNetworking-t.build/Objects-normal/arm64/DataResponse.swiftconstvalues -emit-reference-dependencies-path /Users/admin/builder/spi-builder-workspace/.derivedData/Build/Intermediates.noindex/KippleNetworking.build/Debug-xros/KippleNetworking-t.build/Objects-normal/arm64/DataResponse.swiftdeps -serialize-diagnostics-path /Users/admin/builder/spi-builder-workspace/.derivedData/Build/Intermediates.noindex/KippleNetworking.build/Debug-xros/KippleNetworking-t.build/Objects-normal/arm64/DataResponse.dia -target arm64-apple-xros1.0 -disable-cross-import-overlay-search -load-resolved-plugin /Applications/Xcode-27.0.0-Release.Candidate.app/Contents/Developer/Platforms/XROS.platform/Developer/usr/lib/swift/host/plugins/libFoundationMacros.dylib\#/Applications/Xcode-27.0.0-Release.Candidate.app/Contents/Developer/Platforms/XROS.platform/Developer/usr/bin/swift-plugin-server\#FoundationMacros -load-resolved-plugin /Applications/Xcode-27.0.0-Release.Candidate.app/Contents/Developer/Platforms/XROS.platform/Developer/usr/lib/swift/host/plugins/libObservationMacros.dylib\#/Applications/Xcode-27.0.0-Release.Candidate.app/Contents/Developer/Platforms/XROS.platform/Developer/usr/bin/swift-plugin-server\#ObservationMacros -load-resolved-plugin /Applications/Xcode-27.0.0-Release.Candidate.app/Contents/Developer/Platforms/XROS.platform/Developer/usr/lib/swift/host/plugins/libSwiftMacros.dylib\#/Applications/Xcode-27.0.0-Release.Candidate.app/Contents/Developer/Platforms/XROS.platform/Developer/usr/bin/swift-plugin-server\#SwiftMacros -disable-implicit-swift-modules -Xcc -fno-implicit-modules -Xcc -fno-implicit-module-maps -explicit-swift-module-map-file /Users/admin/builder/spi-builder-workspace/.derivedData/Build/Intermediates.noindex/KippleNetworking.build/Debug-xros/KippleNetworking-t.build/Objects-normal/arm64/KippleNetworking-dependencies-1.json -Xllvm -aarch64-use-tbi -enable-objc-interop -stack-check -sdk /Applications/Xcode-27.0.0-Release.Candidate.app/Contents/Developer/Platforms/XROS.platform/Developer/SDKs/XROS27.0.sdk -I /Users/admin/builder/spi-builder-workspace/.derivedData/Build/Products/Debug-xros -Isystem /Applications/Xcode-27.0.0-Release.Candidate.app/Contents/Developer/Platforms/XROS.platform/Developer/usr/lib -F /Users/admin/builder/spi-builder-workspace/.derivedData/Build/Products/Debug-xros/PackageFrameworks -F /Users/admin/builder/spi-builder-workspace/.derivedData/Build/Products/Debug-xros -F /Applications/Xcode-27.0.0-Release.Candidate.app/Contents/Developer/Platforms/XROS.platform/Developer/Library/Frameworks -F /Applications/Xcode-27.0.0-Release.Candidate.app/Contents/Developer/Platforms/XROS.platform/Developer/SDKs/XROS27.0.sdk/Developer/Library/Frameworks -module-cache-path /Users/admin/builder/spi-builder-workspace/.derivedData/Build/Intermediates.noindex/SwiftExplicitPrecompiledModules -no-color-diagnostics -Xcc -fno-color-diagnostics -enable-testing -g -debug-info-format\=dwarf -dwarf-version\=4 -profile-generate -profile-coverage-mapping -swift-version 5 -Onone -D SWIFT_PACKAGE -D DEBUG -D SWIFT_MODULE_RESOURCE_BUNDLE_UNAVAILABLE -D Xcode -serialize-debugging-options -enable-experimental-feature DebugDescriptionMacro -empty-abi-descriptor -validate-clang-modules-once -clang-build-session-file /Users/admin/builder/spi-builder-workspace/.derivedData/ModuleCache.noindex/Session.modulevalidation -Xcc -working-directory -Xcc /Users/admin/builder/spi-builder-workspace/.swiftpm/xcode -enable-anonymous-context-mangled-names -file-compilation-dir /Users/admin/builder/spi-builder-workspace/.swiftpm/xcode -Xcc -D_LIBCPP_HARDENING_MODE\=_LIBCPP_HARDENING_MODE_DEBUG -Xcc -ivfsstatcache -Xcc /Users/admin/builder/spi-builder-workspace/.derivedData/SDKStatCaches.noindex/xros27.0-24M361-e829b21a6f8c9b70876ba0858053c044735bd543db762f57723cac368afd1ce4.sdkstatcache -Xcc -fmodules-prune-interval\=86400 -Xcc -fmodules-prune-after\=345600 -Xcc -I/Users/admin/builder/spi-builder-workspace/.derivedData/Build/Products/Debug-xros/include -Xcc -I/Users/admin/builder/spi-builder-workspace/.derivedData/Build/Intermediates.noindex/KippleNetworking.build/Debug-xros/KippleNetworking-t.build/DerivedSources-normal/arm64 -Xcc -I/Users/admin/builder/spi-builder-workspace/.derivedData/Build/Intermediates.noindex/KippleNetworking.build/Debug-xros/KippleNetworking-t.build/DerivedSources/arm64 -Xcc -I/Users/admin/builder/spi-builder-workspace/.derivedData/Build/Intermediates.noindex/KippleNetworking.build/Debug-xros/KippleNetworking-t.build/DerivedSources -Xcc -DSWIFT_PACKAGE -Xcc -DDEBUG\=1 -no-auto-bridging-header-chaining -module-name KippleNetworking -const-gather-protocols-file /Users/admin/builder/spi-builder-workspace/.derivedData/Build/Intermediates.noindex/KippleNetworking.build/Debug-xros/KippleNetworking-t.build/Objects-normal/arm64/KippleNetworking_const_extract_protocols.json -disable-clang-spi -clang-target arm64-apple-xros27.0 -target-sdk-version 27.0 -target-sdk-name xros27.0 -in-process-plugin-server-path /Applications/Xcode-27.0.0-Release.Candidate.app/Contents/Developer/Toolchains/XcodeDefault.xctoolchain/usr/lib/swift/host/libSwiftInProcPluginServer.dylib -parse-as-library -o /Users/admin/builder/spi-builder-workspace/.derivedData/Build/Intermediates.noindex/KippleNetworking.build/Debug-xros/KippleNetworking-t.build/Objects-normal/arm64/UniversalNetworkRequestDispatcher.o -o /Users/admin/builder/spi-builder-workspace/.derivedData/Build/Intermediates.noindex/KippleNetworking.build/Debug-xros/KippleNetworking-t.build/Objects-normal/arm64/DataResponse.o -debug-module-path /Users/admin/builder/spi-builder-workspace/.derivedData/Build/Intermediates.noindex/KippleNetworking.build/Debug-xros/KippleNetworking-t.build/Objects-normal/arm64/KippleNetworking.swiftmodule -index-unit-output-path /KippleNetworking.build/Debug-xros/KippleNetworking-t.build/Objects-normal/arm64/UniversalNetworkRequestDispatcher.o -index-unit-output-path /KippleNetworking.build/Debug-xros/KippleNetworking-t.build/Objects-normal/arm64/DataResponse.o -index-store-path /Users/admin/builder/spi-builder-workspace/.derivedData/Index.noindex/DataStore -index-system-modules
SwiftCompile normal arm64 /Users/admin/builder/spi-builder-workspace/Sources/KippleNetworking/Shared/Helpers/UniversalNetworkRequestDispatcher.swift (in target 'KippleNetworking' from project 'KippleNetworking')
    cd /Users/admin/builder/spi-builder-workspace/.swiftpm/xcode
    builtin-SwiftPerFileCompile UniversalNetworkRequestDispatcher.swift
SwiftCompile normal arm64 /Users/admin/builder/spi-builder-workspace/Sources/KippleNetworking/Shared/Models/DataResponse.swift (in target 'KippleNetworking' from project 'KippleNetworking')
    cd /Users/admin/builder/spi-builder-workspace/.swiftpm/xcode
    builtin-SwiftPerFileCompile DataResponse.swift
SwiftCompile normal arm64 Compiling\ Environment.swift,\ Request.swift /Users/admin/builder/spi-builder-workspace/Sources/KippleNetworking/Shared/Models/Environment.swift /Users/admin/builder/spi-builder-workspace/Sources/KippleNetworking/Shared/Models/Request.swift (in target 'KippleNetworking' from project 'KippleNetworking')
SwiftCompile normal arm64 /Users/admin/builder/spi-builder-workspace/Sources/KippleNetworking/Shared/Models/Environment.swift (in target 'KippleNetworking' from project 'KippleNetworking')
    cd /Users/admin/builder/spi-builder-workspace/.swiftpm/xcode
    builtin-SwiftPerFileCompile Environment.swift
SwiftCompile normal arm64 /Users/admin/builder/spi-builder-workspace/Sources/KippleNetworking/Shared/Models/Request.swift (in target 'KippleNetworking' from project 'KippleNetworking')
    cd /Users/admin/builder/spi-builder-workspace/.swiftpm/xcode
    builtin-SwiftPerFileCompile Request.swift
SwiftEmitModule normal arm64 Emitting\ module\ for\ KippleNetworking (in target 'KippleNetworking' from project 'KippleNetworking')
SwiftCompile normal arm64 (in target 'KippleNetworking' from project 'KippleNetworking')
    cd /Users/admin/builder/spi-builder-workspace/.swiftpm/xcode

SwiftCompile normal arm64 Compiling\ NetworkRequestDispatching.swift,\ ParameterDictionaryConvertible.swift /Users/admin/builder/spi-builder-workspace/Sources/KippleNetworking/Shared/Protocols/NetworkRequestDispatching.swift /Users/admin/builder/spi-builder-workspace/Sources/KippleNetworking/Shared/Protocols/ParameterDictionaryConvertible.swift (in target 'KippleNetworking' from project 'KippleNetworking')
SwiftCompile normal arm64 /Users/admin/builder/spi-builder-workspace/Sources/KippleNetworking/Shared/Protocols/NetworkRequestDispatching.swift (in target 'KippleNetworking' from project 'KippleNetworking')
    cd /Users/admin/builder/spi-builder-workspace/.swiftpm/xcode
    builtin-SwiftPerFileCompile NetworkRequestDispatching.swift
SwiftCompile normal arm64 /Users/admin/builder/spi-builder-workspace/Sources/KippleNetworking/Shared/Protocols/ParameterDictionaryConvertible.swift (in target 'KippleNetworking' from project 'KippleNetworking')
    cd /Users/admin/builder/spi-builder-workspace/.swiftpm/xcode
    builtin-SwiftPerFileCompile ParameterDictionaryConvertible.swift
PruneExplicitPrecompiledModules /Users/admin/builder/spi-builder-workspace/.derivedData/Build/Intermediates.noindex/ExplicitPrecompiledModules
PruneExplicitPrecompiledModules /Users/admin/builder/spi-builder-workspace/.derivedData/Build/Intermediates.noindex/SwiftExplicitPrecompiledModules
PruneExplicitPrecompiledModules /Users/admin/builder/spi-builder-workspace/.derivedData/SDKExplicitPrecompiledModules
2026-09-20 05:23:54.433 xcodebuild[1230:7219] [MT] IDERunDestination: Supported platforms for the buildables in the current scheme is empty.
** BUILD FAILED **
The following build commands failed:
	SwiftCompile normal arm64 Compiling\ UniversalNetworkRequestDispatcher.swift,\ DataResponse.swift /Users/admin/builder/spi-builder-workspace/Sources/KippleNetworking/Shared/Helpers/UniversalNetworkRequestDispatcher.swift /Users/admin/builder/spi-builder-workspace/Sources/KippleNetworking/Shared/Models/DataResponse.swift (in target 'KippleNetworking' from project 'KippleNetworking')
	SwiftCompile normal arm64 /Users/admin/builder/spi-builder-workspace/Sources/KippleNetworking/Shared/Helpers/UniversalNetworkRequestDispatcher.swift (in target 'KippleNetworking' from project 'KippleNetworking')
	Building workspace KippleNetworking with scheme KippleNetworking
(3 failures)
BUILD FAILURE 6.4 visionOS