Build Information
Failed to build AsyncGraphics, reference main (860ea5), with Swift 6.2 for watchOS using Xcode 26.3 on 5 Oct 2026 10:28:54 UTC.
Build Command
env DEVELOPER_DIR=/Applications/Xcode-26.3.0.app xcrun xcodebuild -IDEClonedSourcePackagesDirPathOverride=$PWD/.dependencies -skipMacroValidation -skipPackagePluginValidation -derivedDataPath $PWD/.derivedData build -scheme AsyncGraphics -destination generic/platform=watchOSBuild Log
WriteAuxiliaryFile /Users/admin/builder/spi-builder-workspace/.derivedData/Build/Intermediates.noindex/swift-syntax.build/Debug/SwiftCompilerPlugin.build/Objects-normal/arm64/SwiftCompilerPlugin.SwiftConstValuesFileList (in target 'SwiftCompilerPlugin' from project 'swift-syntax')
cd /Users/admin/builder/spi-builder-workspace/.dependencies/checkouts/swift-syntax
write-file /Users/admin/builder/spi-builder-workspace/.derivedData/Build/Intermediates.noindex/swift-syntax.build/Debug/SwiftCompilerPlugin.build/Objects-normal/arm64/SwiftCompilerPlugin.SwiftConstValuesFileList
WriteAuxiliaryFile /Users/admin/builder/spi-builder-workspace/.derivedData/Build/Intermediates.noindex/swift-syntax.build/Debug/SwiftCompilerPlugin.build/Objects-normal/arm64/SwiftCompilerPlugin.LinkFileList (in target 'SwiftCompilerPlugin' from project 'swift-syntax')
cd /Users/admin/builder/spi-builder-workspace/.dependencies/checkouts/swift-syntax
write-file /Users/admin/builder/spi-builder-workspace/.derivedData/Build/Intermediates.noindex/swift-syntax.build/Debug/SwiftCompilerPlugin.build/Objects-normal/arm64/SwiftCompilerPlugin.LinkFileList
WriteAuxiliaryFile /Users/admin/builder/spi-builder-workspace/.derivedData/Build/Intermediates.noindex/swift-syntax.build/Debug/SwiftCompilerPlugin.build/Objects-normal/arm64/SwiftCompilerPlugin-OutputFileMap.json (in target 'SwiftCompilerPlugin' from project 'swift-syntax')
cd /Users/admin/builder/spi-builder-workspace/.dependencies/checkouts/swift-syntax
write-file /Users/admin/builder/spi-builder-workspace/.derivedData/Build/Intermediates.noindex/swift-syntax.build/Debug/SwiftCompilerPlugin.build/Objects-normal/arm64/SwiftCompilerPlugin-OutputFileMap.json
Copy /Users/admin/builder/spi-builder-workspace/.derivedData/Build/Intermediates.noindex/GeneratedModuleMaps/SwiftCompilerPlugin.modulemap /Users/admin/builder/spi-builder-workspace/.derivedData/Build/Intermediates.noindex/swift-syntax.build/Debug/SwiftCompilerPlugin.build/SwiftCompilerPlugin.modulemap (in target 'SwiftCompilerPlugin' from project 'swift-syntax')
cd /Users/admin/builder/spi-builder-workspace/.dependencies/checkouts/swift-syntax
builtin-copy -exclude .DS_Store -exclude CVS -exclude .svn -exclude .git -exclude .hg -resolve-src-symlinks /Users/admin/builder/spi-builder-workspace/.derivedData/Build/Intermediates.noindex/swift-syntax.build/Debug/SwiftCompilerPlugin.build/SwiftCompilerPlugin.modulemap /Users/admin/builder/spi-builder-workspace/.derivedData/Build/Intermediates.noindex/GeneratedModuleMaps
WriteAuxiliaryFile /Users/admin/builder/spi-builder-workspace/.derivedData/Build/Intermediates.noindex/swift-syntax.build/Debug/SwiftBasicFormat.build/SwiftBasicFormat.modulemap (in target 'SwiftBasicFormat' from project 'swift-syntax')
cd /Users/admin/builder/spi-builder-workspace/.dependencies/checkouts/swift-syntax
write-file /Users/admin/builder/spi-builder-workspace/.derivedData/Build/Intermediates.noindex/swift-syntax.build/Debug/SwiftBasicFormat.build/SwiftBasicFormat.modulemap
WriteAuxiliaryFile /Users/admin/builder/spi-builder-workspace/.derivedData/Build/Intermediates.noindex/swift-syntax.build/Debug/SwiftBasicFormat.build/SwiftBasicFormat.DependencyStaticMetadataFileList (in target 'SwiftBasicFormat' from project 'swift-syntax')
cd /Users/admin/builder/spi-builder-workspace/.dependencies/checkouts/swift-syntax
write-file /Users/admin/builder/spi-builder-workspace/.derivedData/Build/Intermediates.noindex/swift-syntax.build/Debug/SwiftBasicFormat.build/SwiftBasicFormat.DependencyStaticMetadataFileList
WriteAuxiliaryFile /Users/admin/builder/spi-builder-workspace/.derivedData/Build/Intermediates.noindex/swift-syntax.build/Debug/SwiftBasicFormat.build/SwiftBasicFormat.DependencyMetadataFileList (in target 'SwiftBasicFormat' from project 'swift-syntax')
cd /Users/admin/builder/spi-builder-workspace/.dependencies/checkouts/swift-syntax
write-file /Users/admin/builder/spi-builder-workspace/.derivedData/Build/Intermediates.noindex/swift-syntax.build/Debug/SwiftBasicFormat.build/SwiftBasicFormat.DependencyMetadataFileList
WriteAuxiliaryFile /Users/admin/builder/spi-builder-workspace/.derivedData/Build/Intermediates.noindex/swift-syntax.build/Debug/SwiftBasicFormat.build/Objects-normal/x86_64/SwiftBasicFormat_const_extract_protocols.json (in target 'SwiftBasicFormat' from project 'swift-syntax')
cd /Users/admin/builder/spi-builder-workspace/.dependencies/checkouts/swift-syntax
write-file /Users/admin/builder/spi-builder-workspace/.derivedData/Build/Intermediates.noindex/swift-syntax.build/Debug/SwiftBasicFormat.build/Objects-normal/x86_64/SwiftBasicFormat_const_extract_protocols.json
WriteAuxiliaryFile /Users/admin/builder/spi-builder-workspace/.derivedData/Build/Intermediates.noindex/swift-syntax.build/Debug/SwiftBasicFormat.build/Objects-normal/x86_64/SwiftBasicFormat.SwiftFileList (in target 'SwiftBasicFormat' from project 'swift-syntax')
cd /Users/admin/builder/spi-builder-workspace/.dependencies/checkouts/swift-syntax
write-file /Users/admin/builder/spi-builder-workspace/.derivedData/Build/Intermediates.noindex/swift-syntax.build/Debug/SwiftBasicFormat.build/Objects-normal/x86_64/SwiftBasicFormat.SwiftFileList
WriteAuxiliaryFile /Users/admin/builder/spi-builder-workspace/.derivedData/Build/Intermediates.noindex/swift-syntax.build/Debug/SwiftBasicFormat.build/Objects-normal/x86_64/SwiftBasicFormat.SwiftConstValuesFileList (in target 'SwiftBasicFormat' from project 'swift-syntax')
cd /Users/admin/builder/spi-builder-workspace/.dependencies/checkouts/swift-syntax
write-file /Users/admin/builder/spi-builder-workspace/.derivedData/Build/Intermediates.noindex/swift-syntax.build/Debug/SwiftBasicFormat.build/Objects-normal/x86_64/SwiftBasicFormat.SwiftConstValuesFileList
WriteAuxiliaryFile /Users/admin/builder/spi-builder-workspace/.derivedData/Build/Intermediates.noindex/swift-syntax.build/Debug/SwiftBasicFormat.build/Objects-normal/x86_64/SwiftBasicFormat.LinkFileList (in target 'SwiftBasicFormat' from project 'swift-syntax')
cd /Users/admin/builder/spi-builder-workspace/.dependencies/checkouts/swift-syntax
write-file /Users/admin/builder/spi-builder-workspace/.derivedData/Build/Intermediates.noindex/swift-syntax.build/Debug/SwiftBasicFormat.build/Objects-normal/x86_64/SwiftBasicFormat.LinkFileList
WriteAuxiliaryFile /Users/admin/builder/spi-builder-workspace/.derivedData/Build/Intermediates.noindex/swift-syntax.build/Debug/SwiftBasicFormat.build/Objects-normal/x86_64/SwiftBasicFormat-OutputFileMap.json (in target 'SwiftBasicFormat' from project 'swift-syntax')
cd /Users/admin/builder/spi-builder-workspace/.dependencies/checkouts/swift-syntax
write-file /Users/admin/builder/spi-builder-workspace/.derivedData/Build/Intermediates.noindex/swift-syntax.build/Debug/SwiftBasicFormat.build/Objects-normal/x86_64/SwiftBasicFormat-OutputFileMap.json
WriteAuxiliaryFile /Users/admin/builder/spi-builder-workspace/.derivedData/Build/Intermediates.noindex/swift-syntax.build/Debug/SwiftBasicFormat.build/Objects-normal/arm64/SwiftBasicFormat.SwiftFileList (in target 'SwiftBasicFormat' from project 'swift-syntax')
cd /Users/admin/builder/spi-builder-workspace/.dependencies/checkouts/swift-syntax
write-file /Users/admin/builder/spi-builder-workspace/.derivedData/Build/Intermediates.noindex/swift-syntax.build/Debug/SwiftBasicFormat.build/Objects-normal/arm64/SwiftBasicFormat.SwiftFileList
WriteAuxiliaryFile /Users/admin/builder/spi-builder-workspace/.derivedData/Build/Intermediates.noindex/swift-syntax.build/Debug/SwiftBasicFormat.build/Objects-normal/arm64/SwiftBasicFormat_const_extract_protocols.json (in target 'SwiftBasicFormat' from project 'swift-syntax')
cd /Users/admin/builder/spi-builder-workspace/.dependencies/checkouts/swift-syntax
write-file /Users/admin/builder/spi-builder-workspace/.derivedData/Build/Intermediates.noindex/swift-syntax.build/Debug/SwiftBasicFormat.build/Objects-normal/arm64/SwiftBasicFormat_const_extract_protocols.json
WriteAuxiliaryFile /Users/admin/builder/spi-builder-workspace/.derivedData/Build/Intermediates.noindex/swift-syntax.build/Debug/SwiftBasicFormat.build/Objects-normal/arm64/SwiftBasicFormat.SwiftConstValuesFileList (in target 'SwiftBasicFormat' from project 'swift-syntax')
cd /Users/admin/builder/spi-builder-workspace/.dependencies/checkouts/swift-syntax
write-file /Users/admin/builder/spi-builder-workspace/.derivedData/Build/Intermediates.noindex/swift-syntax.build/Debug/SwiftBasicFormat.build/Objects-normal/arm64/SwiftBasicFormat.SwiftConstValuesFileList
WriteAuxiliaryFile /Users/admin/builder/spi-builder-workspace/.derivedData/Build/Intermediates.noindex/swift-syntax.build/Debug/SwiftBasicFormat.build/Objects-normal/arm64/SwiftBasicFormat.LinkFileList (in target 'SwiftBasicFormat' from project 'swift-syntax')
cd /Users/admin/builder/spi-builder-workspace/.dependencies/checkouts/swift-syntax
write-file /Users/admin/builder/spi-builder-workspace/.derivedData/Build/Intermediates.noindex/swift-syntax.build/Debug/SwiftBasicFormat.build/Objects-normal/arm64/SwiftBasicFormat.LinkFileList
WriteAuxiliaryFile /Users/admin/builder/spi-builder-workspace/.derivedData/Build/Intermediates.noindex/swift-syntax.build/Debug/SwiftBasicFormat.build/Objects-normal/arm64/SwiftBasicFormat-OutputFileMap.json (in target 'SwiftBasicFormat' from project 'swift-syntax')
cd /Users/admin/builder/spi-builder-workspace/.dependencies/checkouts/swift-syntax
write-file /Users/admin/builder/spi-builder-workspace/.derivedData/Build/Intermediates.noindex/swift-syntax.build/Debug/SwiftBasicFormat.build/Objects-normal/arm64/SwiftBasicFormat-OutputFileMap.json
Copy /Users/admin/builder/spi-builder-workspace/.derivedData/Build/Intermediates.noindex/GeneratedModuleMaps/SwiftBasicFormat.modulemap /Users/admin/builder/spi-builder-workspace/.derivedData/Build/Intermediates.noindex/swift-syntax.build/Debug/SwiftBasicFormat.build/SwiftBasicFormat.modulemap (in target 'SwiftBasicFormat' from project 'swift-syntax')
cd /Users/admin/builder/spi-builder-workspace/.dependencies/checkouts/swift-syntax
builtin-copy -exclude .DS_Store -exclude CVS -exclude .svn -exclude .git -exclude .hg -resolve-src-symlinks /Users/admin/builder/spi-builder-workspace/.derivedData/Build/Intermediates.noindex/swift-syntax.build/Debug/SwiftBasicFormat.build/SwiftBasicFormat.modulemap /Users/admin/builder/spi-builder-workspace/.derivedData/Build/Intermediates.noindex/GeneratedModuleMaps
WriteAuxiliaryFile /Users/admin/builder/spi-builder-workspace/.derivedData/Build/Intermediates.noindex/SpatialExtensions.build/Debug-watchos/SpatialExtensions.build/SpatialExtensions.DependencyStaticMetadataFileList (in target 'SpatialExtensions' from project 'SpatialExtensions')
cd /Users/admin/builder/spi-builder-workspace/.dependencies/checkouts/SpatialExtensions
write-file /Users/admin/builder/spi-builder-workspace/.derivedData/Build/Intermediates.noindex/SpatialExtensions.build/Debug-watchos/SpatialExtensions.build/SpatialExtensions.DependencyStaticMetadataFileList
WriteAuxiliaryFile /Users/admin/builder/spi-builder-workspace/.derivedData/Build/Intermediates.noindex/SpatialExtensions.build/Debug-watchos/SpatialExtensions.build/SpatialExtensions.modulemap (in target 'SpatialExtensions' from project 'SpatialExtensions')
cd /Users/admin/builder/spi-builder-workspace/.dependencies/checkouts/SpatialExtensions
write-file /Users/admin/builder/spi-builder-workspace/.derivedData/Build/Intermediates.noindex/SpatialExtensions.build/Debug-watchos/SpatialExtensions.build/SpatialExtensions.modulemap
WriteAuxiliaryFile /Users/admin/builder/spi-builder-workspace/.derivedData/Build/Intermediates.noindex/SpatialExtensions.build/Debug-watchos/SpatialExtensions.build/SpatialExtensions.DependencyMetadataFileList (in target 'SpatialExtensions' from project 'SpatialExtensions')
cd /Users/admin/builder/spi-builder-workspace/.dependencies/checkouts/SpatialExtensions
write-file /Users/admin/builder/spi-builder-workspace/.derivedData/Build/Intermediates.noindex/SpatialExtensions.build/Debug-watchos/SpatialExtensions.build/SpatialExtensions.DependencyMetadataFileList
WriteAuxiliaryFile /Users/admin/builder/spi-builder-workspace/.derivedData/Build/Intermediates.noindex/SpatialExtensions.build/Debug-watchos/SpatialExtensions.build/Objects-normal/arm64_32/SpatialExtensions_const_extract_protocols.json (in target 'SpatialExtensions' from project 'SpatialExtensions')
cd /Users/admin/builder/spi-builder-workspace/.dependencies/checkouts/SpatialExtensions
write-file /Users/admin/builder/spi-builder-workspace/.derivedData/Build/Intermediates.noindex/SpatialExtensions.build/Debug-watchos/SpatialExtensions.build/Objects-normal/arm64_32/SpatialExtensions_const_extract_protocols.json
WriteAuxiliaryFile /Users/admin/builder/spi-builder-workspace/.derivedData/Build/Intermediates.noindex/SpatialExtensions.build/Debug-watchos/SpatialExtensions.build/Objects-normal/arm64_32/SpatialExtensions.SwiftFileList (in target 'SpatialExtensions' from project 'SpatialExtensions')
cd /Users/admin/builder/spi-builder-workspace/.dependencies/checkouts/SpatialExtensions
write-file /Users/admin/builder/spi-builder-workspace/.derivedData/Build/Intermediates.noindex/SpatialExtensions.build/Debug-watchos/SpatialExtensions.build/Objects-normal/arm64_32/SpatialExtensions.SwiftFileList
WriteAuxiliaryFile /Users/admin/builder/spi-builder-workspace/.derivedData/Build/Intermediates.noindex/SpatialExtensions.build/Debug-watchos/SpatialExtensions.build/Objects-normal/arm64_32/SpatialExtensions.SwiftConstValuesFileList (in target 'SpatialExtensions' from project 'SpatialExtensions')
cd /Users/admin/builder/spi-builder-workspace/.dependencies/checkouts/SpatialExtensions
write-file /Users/admin/builder/spi-builder-workspace/.derivedData/Build/Intermediates.noindex/SpatialExtensions.build/Debug-watchos/SpatialExtensions.build/Objects-normal/arm64_32/SpatialExtensions.SwiftConstValuesFileList
WriteAuxiliaryFile /Users/admin/builder/spi-builder-workspace/.derivedData/Build/Intermediates.noindex/SpatialExtensions.build/Debug-watchos/SpatialExtensions.build/Objects-normal/arm64_32/SpatialExtensions.LinkFileList (in target 'SpatialExtensions' from project 'SpatialExtensions')
cd /Users/admin/builder/spi-builder-workspace/.dependencies/checkouts/SpatialExtensions
write-file /Users/admin/builder/spi-builder-workspace/.derivedData/Build/Intermediates.noindex/SpatialExtensions.build/Debug-watchos/SpatialExtensions.build/Objects-normal/arm64_32/SpatialExtensions.LinkFileList
WriteAuxiliaryFile /Users/admin/builder/spi-builder-workspace/.derivedData/Build/Intermediates.noindex/SpatialExtensions.build/Debug-watchos/SpatialExtensions.build/Objects-normal/arm64_32/SpatialExtensions-OutputFileMap.json (in target 'SpatialExtensions' from project 'SpatialExtensions')
cd /Users/admin/builder/spi-builder-workspace/.dependencies/checkouts/SpatialExtensions
write-file /Users/admin/builder/spi-builder-workspace/.derivedData/Build/Intermediates.noindex/SpatialExtensions.build/Debug-watchos/SpatialExtensions.build/Objects-normal/arm64_32/SpatialExtensions-OutputFileMap.json
WriteAuxiliaryFile /Users/admin/builder/spi-builder-workspace/.derivedData/Build/Intermediates.noindex/SpatialExtensions.build/Debug-watchos/SpatialExtensions.build/Objects-normal/arm64/SpatialExtensions.SwiftFileList (in target 'SpatialExtensions' from project 'SpatialExtensions')
cd /Users/admin/builder/spi-builder-workspace/.dependencies/checkouts/SpatialExtensions
write-file /Users/admin/builder/spi-builder-workspace/.derivedData/Build/Intermediates.noindex/SpatialExtensions.build/Debug-watchos/SpatialExtensions.build/Objects-normal/arm64/SpatialExtensions.SwiftFileList
WriteAuxiliaryFile /Users/admin/builder/spi-builder-workspace/.derivedData/Build/Intermediates.noindex/SpatialExtensions.build/Debug-watchos/SpatialExtensions.build/Objects-normal/arm64/SpatialExtensions_const_extract_protocols.json (in target 'SpatialExtensions' from project 'SpatialExtensions')
cd /Users/admin/builder/spi-builder-workspace/.dependencies/checkouts/SpatialExtensions
write-file /Users/admin/builder/spi-builder-workspace/.derivedData/Build/Intermediates.noindex/SpatialExtensions.build/Debug-watchos/SpatialExtensions.build/Objects-normal/arm64/SpatialExtensions_const_extract_protocols.json
WriteAuxiliaryFile /Users/admin/builder/spi-builder-workspace/.derivedData/Build/Intermediates.noindex/SpatialExtensions.build/Debug-watchos/SpatialExtensions.build/Objects-normal/arm64/SpatialExtensions.SwiftConstValuesFileList (in target 'SpatialExtensions' from project 'SpatialExtensions')
cd /Users/admin/builder/spi-builder-workspace/.dependencies/checkouts/SpatialExtensions
write-file /Users/admin/builder/spi-builder-workspace/.derivedData/Build/Intermediates.noindex/SpatialExtensions.build/Debug-watchos/SpatialExtensions.build/Objects-normal/arm64/SpatialExtensions.SwiftConstValuesFileList
WriteAuxiliaryFile /Users/admin/builder/spi-builder-workspace/.derivedData/Build/Intermediates.noindex/SpatialExtensions.build/Debug-watchos/SpatialExtensions.build/Objects-normal/arm64/SpatialExtensions.LinkFileList (in target 'SpatialExtensions' from project 'SpatialExtensions')
cd /Users/admin/builder/spi-builder-workspace/.dependencies/checkouts/SpatialExtensions
write-file /Users/admin/builder/spi-builder-workspace/.derivedData/Build/Intermediates.noindex/SpatialExtensions.build/Debug-watchos/SpatialExtensions.build/Objects-normal/arm64/SpatialExtensions.LinkFileList
WriteAuxiliaryFile /Users/admin/builder/spi-builder-workspace/.derivedData/Build/Intermediates.noindex/SpatialExtensions.build/Debug-watchos/SpatialExtensions.build/Objects-normal/arm64/SpatialExtensions-OutputFileMap.json (in target 'SpatialExtensions' from project 'SpatialExtensions')
cd /Users/admin/builder/spi-builder-workspace/.dependencies/checkouts/SpatialExtensions
write-file /Users/admin/builder/spi-builder-workspace/.derivedData/Build/Intermediates.noindex/SpatialExtensions.build/Debug-watchos/SpatialExtensions.build/Objects-normal/arm64/SpatialExtensions-OutputFileMap.json
Copy /Users/admin/builder/spi-builder-workspace/.derivedData/Build/Intermediates.noindex/GeneratedModuleMaps-watchos/SpatialExtensions.modulemap /Users/admin/builder/spi-builder-workspace/.derivedData/Build/Intermediates.noindex/SpatialExtensions.build/Debug-watchos/SpatialExtensions.build/SpatialExtensions.modulemap (in target 'SpatialExtensions' from project 'SpatialExtensions')
cd /Users/admin/builder/spi-builder-workspace/.dependencies/checkouts/SpatialExtensions
builtin-copy -exclude .DS_Store -exclude CVS -exclude .svn -exclude .git -exclude .hg -resolve-src-symlinks /Users/admin/builder/spi-builder-workspace/.derivedData/Build/Intermediates.noindex/SpatialExtensions.build/Debug-watchos/SpatialExtensions.build/SpatialExtensions.modulemap /Users/admin/builder/spi-builder-workspace/.derivedData/Build/Intermediates.noindex/GeneratedModuleMaps-watchos
MkDir /Users/admin/builder/spi-builder-workspace/.derivedData/Build/Products/Debug-watchos/AsyncGraphics_AsyncGraphics.bundle (in target 'AsyncGraphics_AsyncGraphics' from project 'AsyncGraphics')
cd /Users/admin/builder/spi-builder-workspace
/bin/mkdir -p /Users/admin/builder/spi-builder-workspace/.derivedData/Build/Products/Debug-watchos/AsyncGraphics_AsyncGraphics.bundle
WriteAuxiliaryFile /Users/admin/builder/spi-builder-workspace/.derivedData/Build/Intermediates.noindex/PixelColor.build/Debug-watchos/PixelColor.build/PixelColor.DependencyStaticMetadataFileList (in target 'PixelColor' from project 'PixelColor')
cd /Users/admin/builder/spi-builder-workspace/.dependencies/checkouts/PixelColor
write-file /Users/admin/builder/spi-builder-workspace/.derivedData/Build/Intermediates.noindex/PixelColor.build/Debug-watchos/PixelColor.build/PixelColor.DependencyStaticMetadataFileList
WriteAuxiliaryFile /Users/admin/builder/spi-builder-workspace/.derivedData/Build/Intermediates.noindex/PixelColor.build/Debug-watchos/PixelColor.build/PixelColor.modulemap (in target 'PixelColor' from project 'PixelColor')
cd /Users/admin/builder/spi-builder-workspace/.dependencies/checkouts/PixelColor
write-file /Users/admin/builder/spi-builder-workspace/.derivedData/Build/Intermediates.noindex/PixelColor.build/Debug-watchos/PixelColor.build/PixelColor.modulemap
WriteAuxiliaryFile /Users/admin/builder/spi-builder-workspace/.derivedData/Build/Intermediates.noindex/PixelColor.build/Debug-watchos/PixelColor.build/PixelColor.DependencyMetadataFileList (in target 'PixelColor' from project 'PixelColor')
cd /Users/admin/builder/spi-builder-workspace/.dependencies/checkouts/PixelColor
write-file /Users/admin/builder/spi-builder-workspace/.derivedData/Build/Intermediates.noindex/PixelColor.build/Debug-watchos/PixelColor.build/PixelColor.DependencyMetadataFileList
WriteAuxiliaryFile /Users/admin/builder/spi-builder-workspace/.derivedData/Build/Intermediates.noindex/PixelColor.build/Debug-watchos/PixelColor.build/Objects-normal/armv7k/PixelColor.SwiftFileList (in target 'PixelColor' from project 'PixelColor')
cd /Users/admin/builder/spi-builder-workspace/.dependencies/checkouts/PixelColor
write-file /Users/admin/builder/spi-builder-workspace/.derivedData/Build/Intermediates.noindex/PixelColor.build/Debug-watchos/PixelColor.build/Objects-normal/armv7k/PixelColor.SwiftFileList
WriteAuxiliaryFile /Users/admin/builder/spi-builder-workspace/.derivedData/Build/Intermediates.noindex/PixelColor.build/Debug-watchos/PixelColor.build/Objects-normal/armv7k/PixelColor_const_extract_protocols.json (in target 'PixelColor' from project 'PixelColor')
cd /Users/admin/builder/spi-builder-workspace/.dependencies/checkouts/PixelColor
write-file /Users/admin/builder/spi-builder-workspace/.derivedData/Build/Intermediates.noindex/PixelColor.build/Debug-watchos/PixelColor.build/Objects-normal/armv7k/PixelColor_const_extract_protocols.json
WriteAuxiliaryFile /Users/admin/builder/spi-builder-workspace/.derivedData/Build/Intermediates.noindex/PixelColor.build/Debug-watchos/PixelColor.build/Objects-normal/armv7k/PixelColor.SwiftConstValuesFileList (in target 'PixelColor' from project 'PixelColor')
cd /Users/admin/builder/spi-builder-workspace/.dependencies/checkouts/PixelColor
write-file /Users/admin/builder/spi-builder-workspace/.derivedData/Build/Intermediates.noindex/PixelColor.build/Debug-watchos/PixelColor.build/Objects-normal/armv7k/PixelColor.SwiftConstValuesFileList
WriteAuxiliaryFile /Users/admin/builder/spi-builder-workspace/.derivedData/Build/Intermediates.noindex/PixelColor.build/Debug-watchos/PixelColor.build/Objects-normal/armv7k/PixelColor.LinkFileList (in target 'PixelColor' from project 'PixelColor')
cd /Users/admin/builder/spi-builder-workspace/.dependencies/checkouts/PixelColor
write-file /Users/admin/builder/spi-builder-workspace/.derivedData/Build/Intermediates.noindex/PixelColor.build/Debug-watchos/PixelColor.build/Objects-normal/armv7k/PixelColor.LinkFileList
WriteAuxiliaryFile /Users/admin/builder/spi-builder-workspace/.derivedData/Build/Intermediates.noindex/PixelColor.build/Debug-watchos/PixelColor.build/Objects-normal/armv7k/PixelColor-OutputFileMap.json (in target 'PixelColor' from project 'PixelColor')
cd /Users/admin/builder/spi-builder-workspace/.dependencies/checkouts/PixelColor
write-file /Users/admin/builder/spi-builder-workspace/.derivedData/Build/Intermediates.noindex/PixelColor.build/Debug-watchos/PixelColor.build/Objects-normal/armv7k/PixelColor-OutputFileMap.json
WriteAuxiliaryFile /Users/admin/builder/spi-builder-workspace/.derivedData/Build/Intermediates.noindex/PixelColor.build/Debug-watchos/PixelColor.build/Objects-normal/arm64_32/PixelColor.SwiftFileList (in target 'PixelColor' from project 'PixelColor')
cd /Users/admin/builder/spi-builder-workspace/.dependencies/checkouts/PixelColor
write-file /Users/admin/builder/spi-builder-workspace/.derivedData/Build/Intermediates.noindex/PixelColor.build/Debug-watchos/PixelColor.build/Objects-normal/arm64_32/PixelColor.SwiftFileList
WriteAuxiliaryFile /Users/admin/builder/spi-builder-workspace/.derivedData/Build/Intermediates.noindex/PixelColor.build/Debug-watchos/PixelColor.build/Objects-normal/arm64_32/PixelColor_const_extract_protocols.json (in target 'PixelColor' from project 'PixelColor')
cd /Users/admin/builder/spi-builder-workspace/.dependencies/checkouts/PixelColor
write-file /Users/admin/builder/spi-builder-workspace/.derivedData/Build/Intermediates.noindex/PixelColor.build/Debug-watchos/PixelColor.build/Objects-normal/arm64_32/PixelColor_const_extract_protocols.json
WriteAuxiliaryFile /Users/admin/builder/spi-builder-workspace/.derivedData/Build/Intermediates.noindex/PixelColor.build/Debug-watchos/PixelColor.build/Objects-normal/arm64_32/PixelColor.SwiftConstValuesFileList (in target 'PixelColor' from project 'PixelColor')
cd /Users/admin/builder/spi-builder-workspace/.dependencies/checkouts/PixelColor
write-file /Users/admin/builder/spi-builder-workspace/.derivedData/Build/Intermediates.noindex/PixelColor.build/Debug-watchos/PixelColor.build/Objects-normal/arm64_32/PixelColor.SwiftConstValuesFileList
WriteAuxiliaryFile /Users/admin/builder/spi-builder-workspace/.derivedData/Build/Intermediates.noindex/PixelColor.build/Debug-watchos/PixelColor.build/Objects-normal/arm64_32/PixelColor.LinkFileList (in target 'PixelColor' from project 'PixelColor')
cd /Users/admin/builder/spi-builder-workspace/.dependencies/checkouts/PixelColor
write-file /Users/admin/builder/spi-builder-workspace/.derivedData/Build/Intermediates.noindex/PixelColor.build/Debug-watchos/PixelColor.build/Objects-normal/arm64_32/PixelColor.LinkFileList
WriteAuxiliaryFile /Users/admin/builder/spi-builder-workspace/.derivedData/Build/Intermediates.noindex/PixelColor.build/Debug-watchos/PixelColor.build/Objects-normal/arm64_32/PixelColor-OutputFileMap.json (in target 'PixelColor' from project 'PixelColor')
cd /Users/admin/builder/spi-builder-workspace/.dependencies/checkouts/PixelColor
write-file /Users/admin/builder/spi-builder-workspace/.derivedData/Build/Intermediates.noindex/PixelColor.build/Debug-watchos/PixelColor.build/Objects-normal/arm64_32/PixelColor-OutputFileMap.json
WriteAuxiliaryFile /Users/admin/builder/spi-builder-workspace/.derivedData/Build/Intermediates.noindex/PixelColor.build/Debug-watchos/PixelColor.build/Objects-normal/arm64/PixelColor_const_extract_protocols.json (in target 'PixelColor' from project 'PixelColor')
cd /Users/admin/builder/spi-builder-workspace/.dependencies/checkouts/PixelColor
write-file /Users/admin/builder/spi-builder-workspace/.derivedData/Build/Intermediates.noindex/PixelColor.build/Debug-watchos/PixelColor.build/Objects-normal/arm64/PixelColor_const_extract_protocols.json
WriteAuxiliaryFile /Users/admin/builder/spi-builder-workspace/.derivedData/Build/Intermediates.noindex/PixelColor.build/Debug-watchos/PixelColor.build/Objects-normal/arm64/PixelColor.SwiftFileList (in target 'PixelColor' from project 'PixelColor')
cd /Users/admin/builder/spi-builder-workspace/.dependencies/checkouts/PixelColor
write-file /Users/admin/builder/spi-builder-workspace/.derivedData/Build/Intermediates.noindex/PixelColor.build/Debug-watchos/PixelColor.build/Objects-normal/arm64/PixelColor.SwiftFileList
WriteAuxiliaryFile /Users/admin/builder/spi-builder-workspace/.derivedData/Build/Intermediates.noindex/PixelColor.build/Debug-watchos/PixelColor.build/Objects-normal/arm64/PixelColor.SwiftConstValuesFileList (in target 'PixelColor' from project 'PixelColor')
cd /Users/admin/builder/spi-builder-workspace/.dependencies/checkouts/PixelColor
write-file /Users/admin/builder/spi-builder-workspace/.derivedData/Build/Intermediates.noindex/PixelColor.build/Debug-watchos/PixelColor.build/Objects-normal/arm64/PixelColor.SwiftConstValuesFileList
WriteAuxiliaryFile /Users/admin/builder/spi-builder-workspace/.derivedData/Build/Intermediates.noindex/PixelColor.build/Debug-watchos/PixelColor.build/Objects-normal/arm64/PixelColor-OutputFileMap.json (in target 'PixelColor' from project 'PixelColor')
cd /Users/admin/builder/spi-builder-workspace/.dependencies/checkouts/PixelColor
write-file /Users/admin/builder/spi-builder-workspace/.derivedData/Build/Intermediates.noindex/PixelColor.build/Debug-watchos/PixelColor.build/Objects-normal/arm64/PixelColor-OutputFileMap.json
WriteAuxiliaryFile /Users/admin/builder/spi-builder-workspace/.derivedData/Build/Intermediates.noindex/PixelColor.build/Debug-watchos/PixelColor.build/Objects-normal/arm64/PixelColor.LinkFileList (in target 'PixelColor' from project 'PixelColor')
cd /Users/admin/builder/spi-builder-workspace/.dependencies/checkouts/PixelColor
write-file /Users/admin/builder/spi-builder-workspace/.derivedData/Build/Intermediates.noindex/PixelColor.build/Debug-watchos/PixelColor.build/Objects-normal/arm64/PixelColor.LinkFileList
Copy /Users/admin/builder/spi-builder-workspace/.derivedData/Build/Intermediates.noindex/GeneratedModuleMaps-watchos/PixelColor.modulemap /Users/admin/builder/spi-builder-workspace/.derivedData/Build/Intermediates.noindex/PixelColor.build/Debug-watchos/PixelColor.build/PixelColor.modulemap (in target 'PixelColor' from project 'PixelColor')
cd /Users/admin/builder/spi-builder-workspace/.dependencies/checkouts/PixelColor
builtin-copy -exclude .DS_Store -exclude CVS -exclude .svn -exclude .git -exclude .hg -resolve-src-symlinks /Users/admin/builder/spi-builder-workspace/.derivedData/Build/Intermediates.noindex/PixelColor.build/Debug-watchos/PixelColor.build/PixelColor.modulemap /Users/admin/builder/spi-builder-workspace/.derivedData/Build/Intermediates.noindex/GeneratedModuleMaps-watchos
WriteAuxiliaryFile /Users/admin/builder/spi-builder-workspace/.derivedData/Build/Intermediates.noindex/CoreGraphicsExtensions.build/Debug-watchos/CoreGraphicsExtensions.build/Objects-normal/arm64_32/CoreGraphicsExtensions.LinkFileList (in target 'CoreGraphicsExtensions' from project 'CoreGraphicsExtensions')
cd /Users/admin/builder/spi-builder-workspace/.dependencies/checkouts/CoreGraphicsExtensions
write-file /Users/admin/builder/spi-builder-workspace/.derivedData/Build/Intermediates.noindex/CoreGraphicsExtensions.build/Debug-watchos/CoreGraphicsExtensions.build/Objects-normal/arm64_32/CoreGraphicsExtensions.LinkFileList
WriteAuxiliaryFile /Users/admin/builder/spi-builder-workspace/.derivedData/Build/Intermediates.noindex/CoreGraphicsExtensions.build/Debug-watchos/CoreGraphicsExtensions.build/Objects-normal/arm64_32/CoreGraphicsExtensions_const_extract_protocols.json (in target 'CoreGraphicsExtensions' from project 'CoreGraphicsExtensions')
cd /Users/admin/builder/spi-builder-workspace/.dependencies/checkouts/CoreGraphicsExtensions
write-file /Users/admin/builder/spi-builder-workspace/.derivedData/Build/Intermediates.noindex/CoreGraphicsExtensions.build/Debug-watchos/CoreGraphicsExtensions.build/Objects-normal/arm64_32/CoreGraphicsExtensions_const_extract_protocols.json
WriteAuxiliaryFile /Users/admin/builder/spi-builder-workspace/.derivedData/Build/Intermediates.noindex/CoreGraphicsExtensions.build/Debug-watchos/CoreGraphicsExtensions.build/Objects-normal/arm64_32/CoreGraphicsExtensions.SwiftFileList (in target 'CoreGraphicsExtensions' from project 'CoreGraphicsExtensions')
cd /Users/admin/builder/spi-builder-workspace/.dependencies/checkouts/CoreGraphicsExtensions
write-file /Users/admin/builder/spi-builder-workspace/.derivedData/Build/Intermediates.noindex/CoreGraphicsExtensions.build/Debug-watchos/CoreGraphicsExtensions.build/Objects-normal/arm64_32/CoreGraphicsExtensions.SwiftFileList
WriteAuxiliaryFile /Users/admin/builder/spi-builder-workspace/.derivedData/Build/Intermediates.noindex/CoreGraphicsExtensions.build/Debug-watchos/CoreGraphicsExtensions.build/Objects-normal/arm64_32/CoreGraphicsExtensions.SwiftConstValuesFileList (in target 'CoreGraphicsExtensions' from project 'CoreGraphicsExtensions')
cd /Users/admin/builder/spi-builder-workspace/.dependencies/checkouts/CoreGraphicsExtensions
write-file /Users/admin/builder/spi-builder-workspace/.derivedData/Build/Intermediates.noindex/CoreGraphicsExtensions.build/Debug-watchos/CoreGraphicsExtensions.build/Objects-normal/arm64_32/CoreGraphicsExtensions.SwiftConstValuesFileList
WriteAuxiliaryFile /Users/admin/builder/spi-builder-workspace/.derivedData/Build/Intermediates.noindex/CoreGraphicsExtensions.build/Debug-watchos/CoreGraphicsExtensions.build/Objects-normal/arm64_32/CoreGraphicsExtensions-OutputFileMap.json (in target 'CoreGraphicsExtensions' from project 'CoreGraphicsExtensions')
cd /Users/admin/builder/spi-builder-workspace/.dependencies/checkouts/CoreGraphicsExtensions
write-file /Users/admin/builder/spi-builder-workspace/.derivedData/Build/Intermediates.noindex/CoreGraphicsExtensions.build/Debug-watchos/CoreGraphicsExtensions.build/Objects-normal/arm64_32/CoreGraphicsExtensions-OutputFileMap.json
WriteAuxiliaryFile /Users/admin/builder/spi-builder-workspace/.derivedData/Build/Intermediates.noindex/CoreGraphicsExtensions.build/Debug-watchos/CoreGraphicsExtensions.build/Objects-normal/arm64/CoreGraphicsExtensions.SwiftFileList (in target 'CoreGraphicsExtensions' from project 'CoreGraphicsExtensions')
cd /Users/admin/builder/spi-builder-workspace/.dependencies/checkouts/CoreGraphicsExtensions
write-file /Users/admin/builder/spi-builder-workspace/.derivedData/Build/Intermediates.noindex/CoreGraphicsExtensions.build/Debug-watchos/CoreGraphicsExtensions.build/Objects-normal/arm64/CoreGraphicsExtensions.SwiftFileList
WriteAuxiliaryFile /Users/admin/builder/spi-builder-workspace/.derivedData/Build/Intermediates.noindex/CoreGraphicsExtensions.build/Debug-watchos/CoreGraphicsExtensions.build/Objects-normal/arm64/CoreGraphicsExtensions_const_extract_protocols.json (in target 'CoreGraphicsExtensions' from project 'CoreGraphicsExtensions')
cd /Users/admin/builder/spi-builder-workspace/.dependencies/checkouts/CoreGraphicsExtensions
write-file /Users/admin/builder/spi-builder-workspace/.derivedData/Build/Intermediates.noindex/CoreGraphicsExtensions.build/Debug-watchos/CoreGraphicsExtensions.build/Objects-normal/arm64/CoreGraphicsExtensions_const_extract_protocols.json
WriteAuxiliaryFile /Users/admin/builder/spi-builder-workspace/.derivedData/Build/Intermediates.noindex/CoreGraphicsExtensions.build/Debug-watchos/CoreGraphicsExtensions.build/Objects-normal/arm64/CoreGraphicsExtensions.LinkFileList (in target 'CoreGraphicsExtensions' from project 'CoreGraphicsExtensions')
cd /Users/admin/builder/spi-builder-workspace/.dependencies/checkouts/CoreGraphicsExtensions
write-file /Users/admin/builder/spi-builder-workspace/.derivedData/Build/Intermediates.noindex/CoreGraphicsExtensions.build/Debug-watchos/CoreGraphicsExtensions.build/Objects-normal/arm64/CoreGraphicsExtensions.LinkFileList
WriteAuxiliaryFile /Users/admin/builder/spi-builder-workspace/.derivedData/Build/Intermediates.noindex/CoreGraphicsExtensions.build/Debug-watchos/CoreGraphicsExtensions.build/Objects-normal/arm64/CoreGraphicsExtensions.SwiftConstValuesFileList (in target 'CoreGraphicsExtensions' from project 'CoreGraphicsExtensions')
cd /Users/admin/builder/spi-builder-workspace/.dependencies/checkouts/CoreGraphicsExtensions
write-file /Users/admin/builder/spi-builder-workspace/.derivedData/Build/Intermediates.noindex/CoreGraphicsExtensions.build/Debug-watchos/CoreGraphicsExtensions.build/Objects-normal/arm64/CoreGraphicsExtensions.SwiftConstValuesFileList
WriteAuxiliaryFile /Users/admin/builder/spi-builder-workspace/.derivedData/Build/Intermediates.noindex/CoreGraphicsExtensions.build/Debug-watchos/CoreGraphicsExtensions.build/Objects-normal/arm64/CoreGraphicsExtensions-OutputFileMap.json (in target 'CoreGraphicsExtensions' from project 'CoreGraphicsExtensions')
cd /Users/admin/builder/spi-builder-workspace/.dependencies/checkouts/CoreGraphicsExtensions
write-file /Users/admin/builder/spi-builder-workspace/.derivedData/Build/Intermediates.noindex/CoreGraphicsExtensions.build/Debug-watchos/CoreGraphicsExtensions.build/Objects-normal/arm64/CoreGraphicsExtensions-OutputFileMap.json
WriteAuxiliaryFile /Users/admin/builder/spi-builder-workspace/.derivedData/Build/Intermediates.noindex/CoreGraphicsExtensions.build/Debug-watchos/CoreGraphicsExtensions.build/CoreGraphicsExtensions.modulemap (in target 'CoreGraphicsExtensions' from project 'CoreGraphicsExtensions')
cd /Users/admin/builder/spi-builder-workspace/.dependencies/checkouts/CoreGraphicsExtensions
write-file /Users/admin/builder/spi-builder-workspace/.derivedData/Build/Intermediates.noindex/CoreGraphicsExtensions.build/Debug-watchos/CoreGraphicsExtensions.build/CoreGraphicsExtensions.modulemap
WriteAuxiliaryFile /Users/admin/builder/spi-builder-workspace/.derivedData/Build/Intermediates.noindex/CoreGraphicsExtensions.build/Debug-watchos/CoreGraphicsExtensions.build/CoreGraphicsExtensions.DependencyStaticMetadataFileList (in target 'CoreGraphicsExtensions' from project 'CoreGraphicsExtensions')
cd /Users/admin/builder/spi-builder-workspace/.dependencies/checkouts/CoreGraphicsExtensions
write-file /Users/admin/builder/spi-builder-workspace/.derivedData/Build/Intermediates.noindex/CoreGraphicsExtensions.build/Debug-watchos/CoreGraphicsExtensions.build/CoreGraphicsExtensions.DependencyStaticMetadataFileList
WriteAuxiliaryFile /Users/admin/builder/spi-builder-workspace/.derivedData/Build/Intermediates.noindex/CoreGraphicsExtensions.build/Debug-watchos/CoreGraphicsExtensions.build/CoreGraphicsExtensions.DependencyMetadataFileList (in target 'CoreGraphicsExtensions' from project 'CoreGraphicsExtensions')
cd /Users/admin/builder/spi-builder-workspace/.dependencies/checkouts/CoreGraphicsExtensions
write-file /Users/admin/builder/spi-builder-workspace/.derivedData/Build/Intermediates.noindex/CoreGraphicsExtensions.build/Debug-watchos/CoreGraphicsExtensions.build/CoreGraphicsExtensions.DependencyMetadataFileList
Copy /Users/admin/builder/spi-builder-workspace/.derivedData/Build/Intermediates.noindex/GeneratedModuleMaps-watchos/CoreGraphicsExtensions.modulemap /Users/admin/builder/spi-builder-workspace/.derivedData/Build/Intermediates.noindex/CoreGraphicsExtensions.build/Debug-watchos/CoreGraphicsExtensions.build/CoreGraphicsExtensions.modulemap (in target 'CoreGraphicsExtensions' from project 'CoreGraphicsExtensions')
cd /Users/admin/builder/spi-builder-workspace/.dependencies/checkouts/CoreGraphicsExtensions
builtin-copy -exclude .DS_Store -exclude CVS -exclude .svn -exclude .git -exclude .hg -resolve-src-symlinks /Users/admin/builder/spi-builder-workspace/.derivedData/Build/Intermediates.noindex/CoreGraphicsExtensions.build/Debug-watchos/CoreGraphicsExtensions.build/CoreGraphicsExtensions.modulemap /Users/admin/builder/spi-builder-workspace/.derivedData/Build/Intermediates.noindex/GeneratedModuleMaps-watchos
WriteAuxiliaryFile /Users/admin/builder/spi-builder-workspace/.derivedData/Build/Intermediates.noindex/AsyncGraphics.build/Debug-watchos/AsyncGraphics.build/Objects-normal/arm64_32/AsyncGraphics.SwiftConstValuesFileList (in target 'AsyncGraphics' from project 'AsyncGraphics')
cd /Users/admin/builder/spi-builder-workspace
write-file /Users/admin/builder/spi-builder-workspace/.derivedData/Build/Intermediates.noindex/AsyncGraphics.build/Debug-watchos/AsyncGraphics.build/Objects-normal/arm64_32/AsyncGraphics.SwiftConstValuesFileList
WriteAuxiliaryFile /Users/admin/builder/spi-builder-workspace/.derivedData/Build/Intermediates.noindex/AsyncGraphics.build/Debug-watchos/AsyncGraphics.build/Objects-normal/arm64_32/AsyncGraphics_const_extract_protocols.json (in target 'AsyncGraphics' from project 'AsyncGraphics')
cd /Users/admin/builder/spi-builder-workspace
write-file /Users/admin/builder/spi-builder-workspace/.derivedData/Build/Intermediates.noindex/AsyncGraphics.build/Debug-watchos/AsyncGraphics.build/Objects-normal/arm64_32/AsyncGraphics_const_extract_protocols.json
WriteAuxiliaryFile /Users/admin/builder/spi-builder-workspace/.derivedData/Build/Intermediates.noindex/AsyncGraphics.build/Debug-watchos/AsyncGraphics.build/Objects-normal/arm64_32/AsyncGraphics.SwiftFileList (in target 'AsyncGraphics' from project 'AsyncGraphics')
cd /Users/admin/builder/spi-builder-workspace
write-file /Users/admin/builder/spi-builder-workspace/.derivedData/Build/Intermediates.noindex/AsyncGraphics.build/Debug-watchos/AsyncGraphics.build/Objects-normal/arm64_32/AsyncGraphics.SwiftFileList
WriteAuxiliaryFile /Users/admin/builder/spi-builder-workspace/.derivedData/Build/Intermediates.noindex/AsyncGraphics.build/Debug-watchos/AsyncGraphics.build/Objects-normal/arm64_32/AsyncGraphics.LinkFileList (in target 'AsyncGraphics' from project 'AsyncGraphics')
cd /Users/admin/builder/spi-builder-workspace
write-file /Users/admin/builder/spi-builder-workspace/.derivedData/Build/Intermediates.noindex/AsyncGraphics.build/Debug-watchos/AsyncGraphics.build/Objects-normal/arm64_32/AsyncGraphics.LinkFileList
WriteAuxiliaryFile /Users/admin/builder/spi-builder-workspace/.derivedData/Build/Intermediates.noindex/AsyncGraphics.build/Debug-watchos/AsyncGraphics.build/Objects-normal/arm64_32/AsyncGraphics-OutputFileMap.json (in target 'AsyncGraphics' from project 'AsyncGraphics')
cd /Users/admin/builder/spi-builder-workspace
write-file /Users/admin/builder/spi-builder-workspace/.derivedData/Build/Intermediates.noindex/AsyncGraphics.build/Debug-watchos/AsyncGraphics.build/Objects-normal/arm64_32/AsyncGraphics-OutputFileMap.json
WriteAuxiliaryFile /Users/admin/builder/spi-builder-workspace/.derivedData/Build/Intermediates.noindex/AsyncGraphics.build/Debug-watchos/AsyncGraphics.build/Objects-normal/arm64/AsyncGraphics_const_extract_protocols.json (in target 'AsyncGraphics' from project 'AsyncGraphics')
cd /Users/admin/builder/spi-builder-workspace
write-file /Users/admin/builder/spi-builder-workspace/.derivedData/Build/Intermediates.noindex/AsyncGraphics.build/Debug-watchos/AsyncGraphics.build/Objects-normal/arm64/AsyncGraphics_const_extract_protocols.json
WriteAuxiliaryFile /Users/admin/builder/spi-builder-workspace/.derivedData/Build/Intermediates.noindex/AsyncGraphics.build/Debug-watchos/AsyncGraphics.build/Objects-normal/arm64/AsyncGraphics.SwiftFileList (in target 'AsyncGraphics' from project 'AsyncGraphics')
cd /Users/admin/builder/spi-builder-workspace
write-file /Users/admin/builder/spi-builder-workspace/.derivedData/Build/Intermediates.noindex/AsyncGraphics.build/Debug-watchos/AsyncGraphics.build/Objects-normal/arm64/AsyncGraphics.SwiftFileList
WriteAuxiliaryFile /Users/admin/builder/spi-builder-workspace/.derivedData/Build/Intermediates.noindex/AsyncGraphics.build/Debug-watchos/AsyncGraphics.build/Objects-normal/arm64/AsyncGraphics.SwiftConstValuesFileList (in target 'AsyncGraphics' from project 'AsyncGraphics')
cd /Users/admin/builder/spi-builder-workspace
write-file /Users/admin/builder/spi-builder-workspace/.derivedData/Build/Intermediates.noindex/AsyncGraphics.build/Debug-watchos/AsyncGraphics.build/Objects-normal/arm64/AsyncGraphics.SwiftConstValuesFileList
WriteAuxiliaryFile /Users/admin/builder/spi-builder-workspace/.derivedData/Build/Intermediates.noindex/AsyncGraphics.build/Debug-watchos/AsyncGraphics.build/Objects-normal/arm64/AsyncGraphics.LinkFileList (in target 'AsyncGraphics' from project 'AsyncGraphics')
cd /Users/admin/builder/spi-builder-workspace
write-file /Users/admin/builder/spi-builder-workspace/.derivedData/Build/Intermediates.noindex/AsyncGraphics.build/Debug-watchos/AsyncGraphics.build/Objects-normal/arm64/AsyncGraphics.LinkFileList
WriteAuxiliaryFile /Users/admin/builder/spi-builder-workspace/.derivedData/Build/Intermediates.noindex/AsyncGraphics.build/Debug-watchos/AsyncGraphics.build/Objects-normal/arm64/AsyncGraphics-OutputFileMap.json (in target 'AsyncGraphics' from project 'AsyncGraphics')
cd /Users/admin/builder/spi-builder-workspace
write-file /Users/admin/builder/spi-builder-workspace/.derivedData/Build/Intermediates.noindex/AsyncGraphics.build/Debug-watchos/AsyncGraphics.build/Objects-normal/arm64/AsyncGraphics-OutputFileMap.json
WriteAuxiliaryFile /Users/admin/builder/spi-builder-workspace/.derivedData/Build/Intermediates.noindex/AsyncGraphics.build/Debug-watchos/AsyncGraphics.build/AsyncGraphics.modulemap (in target 'AsyncGraphics' from project 'AsyncGraphics')
cd /Users/admin/builder/spi-builder-workspace
write-file /Users/admin/builder/spi-builder-workspace/.derivedData/Build/Intermediates.noindex/AsyncGraphics.build/Debug-watchos/AsyncGraphics.build/AsyncGraphics.modulemap
WriteAuxiliaryFile /Users/admin/builder/spi-builder-workspace/.derivedData/Build/Intermediates.noindex/AsyncGraphics.build/Debug-watchos/AsyncGraphics.build/DerivedSources/resource_bundle_accessor.swift (in target 'AsyncGraphics' from project 'AsyncGraphics')
cd /Users/admin/builder/spi-builder-workspace
write-file /Users/admin/builder/spi-builder-workspace/.derivedData/Build/Intermediates.noindex/AsyncGraphics.build/Debug-watchos/AsyncGraphics.build/DerivedSources/resource_bundle_accessor.swift
WriteAuxiliaryFile /Users/admin/builder/spi-builder-workspace/.derivedData/Build/Intermediates.noindex/AsyncGraphics.build/Debug-watchos/AsyncGraphics.build/AsyncGraphics.DependencyStaticMetadataFileList (in target 'AsyncGraphics' from project 'AsyncGraphics')
cd /Users/admin/builder/spi-builder-workspace
write-file /Users/admin/builder/spi-builder-workspace/.derivedData/Build/Intermediates.noindex/AsyncGraphics.build/Debug-watchos/AsyncGraphics.build/AsyncGraphics.DependencyStaticMetadataFileList
WriteAuxiliaryFile /Users/admin/builder/spi-builder-workspace/.derivedData/Build/Intermediates.noindex/AsyncGraphics.build/Debug-watchos/AsyncGraphics.build/AsyncGraphics.DependencyMetadataFileList (in target 'AsyncGraphics' from project 'AsyncGraphics')
cd /Users/admin/builder/spi-builder-workspace
write-file /Users/admin/builder/spi-builder-workspace/.derivedData/Build/Intermediates.noindex/AsyncGraphics.build/Debug-watchos/AsyncGraphics.build/AsyncGraphics.DependencyMetadataFileList
Copy /Users/admin/builder/spi-builder-workspace/.derivedData/Build/Intermediates.noindex/GeneratedModuleMaps-watchos/AsyncGraphics.modulemap /Users/admin/builder/spi-builder-workspace/.derivedData/Build/Intermediates.noindex/AsyncGraphics.build/Debug-watchos/AsyncGraphics.build/AsyncGraphics.modulemap (in target 'AsyncGraphics' from project 'AsyncGraphics')
cd /Users/admin/builder/spi-builder-workspace
builtin-copy -exclude .DS_Store -exclude CVS -exclude .svn -exclude .git -exclude .hg -resolve-src-symlinks /Users/admin/builder/spi-builder-workspace/.derivedData/Build/Intermediates.noindex/AsyncGraphics.build/Debug-watchos/AsyncGraphics.build/AsyncGraphics.modulemap /Users/admin/builder/spi-builder-workspace/.derivedData/Build/Intermediates.noindex/GeneratedModuleMaps-watchos
ProcessInfoPlistFile /Users/admin/builder/spi-builder-workspace/.derivedData/Build/Products/Debug-watchos/AsyncGraphics_AsyncGraphics.bundle/Info.plist /Users/admin/builder/spi-builder-workspace/.derivedData/Build/Intermediates.noindex/AsyncGraphics.build/Debug-watchos/AsyncGraphics_AsyncGraphics.build/empty-AsyncGraphics_AsyncGraphics.plist (in target 'AsyncGraphics_AsyncGraphics' from project 'AsyncGraphics')
cd /Users/admin/builder/spi-builder-workspace
builtin-infoPlistUtility /Users/admin/builder/spi-builder-workspace/.derivedData/Build/Intermediates.noindex/AsyncGraphics.build/Debug-watchos/AsyncGraphics_AsyncGraphics.build/empty-AsyncGraphics_AsyncGraphics.plist -producttype com.apple.product-type.bundle -expandbuildsettings -format binary -platform watchos -o /Users/admin/builder/spi-builder-workspace/.derivedData/Build/Products/Debug-watchos/AsyncGraphics_AsyncGraphics.bundle/Info.plist
CpResource /Users/admin/builder/spi-builder-workspace/.derivedData/Build/Products/Debug-watchos/AsyncGraphics_AsyncGraphics.bundle/SolidMetal.metal.txt /Users/admin/builder/spi-builder-workspace/Sources/AsyncGraphics/Graphics/Content/Solid/Metal/SolidMetal.metal.txt (in target 'AsyncGraphics_AsyncGraphics' from project 'AsyncGraphics')
cd /Users/admin/builder/spi-builder-workspace
builtin-copy -exclude .DS_Store -exclude CVS -exclude .svn -exclude .git -exclude .hg -resolve-src-symlinks /Users/admin/builder/spi-builder-workspace/Sources/AsyncGraphics/Graphics/Content/Solid/Metal/SolidMetal.metal.txt /Users/admin/builder/spi-builder-workspace/.derivedData/Build/Products/Debug-watchos/AsyncGraphics_AsyncGraphics.bundle
CpResource /Users/admin/builder/spi-builder-workspace/.derivedData/Build/Products/Debug-watchos/AsyncGraphics_AsyncGraphics.bundle/DualMetal.metal.txt /Users/admin/builder/spi-builder-workspace/Sources/AsyncGraphics/Graphics/Effects/Modifier/Metal/DualMetal.metal.txt (in target 'AsyncGraphics_AsyncGraphics' from project 'AsyncGraphics')
cd /Users/admin/builder/spi-builder-workspace
builtin-copy -exclude .DS_Store -exclude CVS -exclude .svn -exclude .git -exclude .hg -resolve-src-symlinks /Users/admin/builder/spi-builder-workspace/Sources/AsyncGraphics/Graphics/Effects/Modifier/Metal/DualMetal.metal.txt /Users/admin/builder/spi-builder-workspace/.derivedData/Build/Products/Debug-watchos/AsyncGraphics_AsyncGraphics.bundle
CpResource /Users/admin/builder/spi-builder-workspace/.derivedData/Build/Products/Debug-watchos/AsyncGraphics_AsyncGraphics.bundle/SolidMetal3D.metal.txt /Users/admin/builder/spi-builder-workspace/Sources/AsyncGraphics/Graphics/Content/Solid/Metal/SolidMetal3D.metal.txt (in target 'AsyncGraphics_AsyncGraphics' from project 'AsyncGraphics')
cd /Users/admin/builder/spi-builder-workspace
builtin-copy -exclude .DS_Store -exclude CVS -exclude .svn -exclude .git -exclude .hg -resolve-src-symlinks /Users/admin/builder/spi-builder-workspace/Sources/AsyncGraphics/Graphics/Content/Solid/Metal/SolidMetal3D.metal.txt /Users/admin/builder/spi-builder-workspace/.derivedData/Build/Products/Debug-watchos/AsyncGraphics_AsyncGraphics.bundle
CpResource /Users/admin/builder/spi-builder-workspace/.derivedData/Build/Products/Debug-watchos/AsyncGraphics_AsyncGraphics.bundle/DirectMetal.metal.txt /Users/admin/builder/spi-builder-workspace/Sources/AsyncGraphics/Graphics/Effects/Space/Metal/DirectMetal.metal.txt (in target 'AsyncGraphics_AsyncGraphics' from project 'AsyncGraphics')
cd /Users/admin/builder/spi-builder-workspace
builtin-copy -exclude .DS_Store -exclude CVS -exclude .svn -exclude .git -exclude .hg -resolve-src-symlinks /Users/admin/builder/spi-builder-workspace/Sources/AsyncGraphics/Graphics/Effects/Space/Metal/DirectMetal.metal.txt /Users/admin/builder/spi-builder-workspace/.derivedData/Build/Products/Debug-watchos/AsyncGraphics_AsyncGraphics.bundle
CpResource /Users/admin/builder/spi-builder-workspace/.derivedData/Build/Products/Debug-watchos/AsyncGraphics_AsyncGraphics.bundle/ArrayMetal.metal.txt /Users/admin/builder/spi-builder-workspace/Sources/AsyncGraphics/Graphics/Effects/Sequence/Metal/ArrayMetal.metal.txt (in target 'AsyncGraphics_AsyncGraphics' from project 'AsyncGraphics')
cd /Users/admin/builder/spi-builder-workspace
builtin-copy -exclude .DS_Store -exclude CVS -exclude .svn -exclude .git -exclude .hg -resolve-src-symlinks /Users/admin/builder/spi-builder-workspace/Sources/AsyncGraphics/Graphics/Effects/Sequence/Metal/ArrayMetal.metal.txt /Users/admin/builder/spi-builder-workspace/.derivedData/Build/Products/Debug-watchos/AsyncGraphics_AsyncGraphics.bundle
CompileXCStrings /Users/admin/builder/spi-builder-workspace/.derivedData/Build/Intermediates.noindex/AsyncGraphics.build/Debug-watchos/AsyncGraphics_AsyncGraphics.build/ /Users/admin/builder/spi-builder-workspace/Sources/AsyncGraphics/Localizable.xcstrings (in target 'AsyncGraphics_AsyncGraphics' from project 'AsyncGraphics')
cd /Users/admin/builder/spi-builder-workspace
/Applications/Xcode-26.3.0.app/Contents/Developer/usr/bin/xcstringstool compile --output-directory /Users/admin/builder/spi-builder-workspace/.derivedData/Build/Intermediates.noindex/AsyncGraphics.build/Debug-watchos/AsyncGraphics_AsyncGraphics.build /Users/admin/builder/spi-builder-workspace/Sources/AsyncGraphics/Localizable.xcstrings
CompileMetalFile /Users/admin/builder/spi-builder-workspace/Sources/AsyncGraphics/Views/Layer/GraphicMetalLayer.metal (in target 'AsyncGraphics_AsyncGraphics' from project 'AsyncGraphics')
cd /Users/admin/builder/spi-builder-workspace
/var/run/com.apple.security.cryptexd/mnt/com.apple.MobileAsset.MetalToolchain-v17.3.7003.10.egaV3l/Metal.xctoolchain/usr/bin/metal -c -target air64-apple-watchos10.0 -I/Users/admin/builder/spi-builder-workspace/.derivedData/Build/Products/Debug-watchos/include -F/Users/admin/builder/spi-builder-workspace/.derivedData/Build/Products/Debug-watchos -isysroot /Applications/Xcode-26.3.0.app/Contents/Developer/Platforms/WatchOS.platform/Developer/SDKs/WatchOS26.2.sdk -fmetal-math-mode\=fast -fmetal-math-fp32-functions\=fast -serialize-diagnostics /Users/admin/builder/spi-builder-workspace/.derivedData/Build/Intermediates.noindex/AsyncGraphics.build/Debug-watchos/AsyncGraphics_AsyncGraphics.build/Metal/GraphicMetalLayer.dia -o /Users/admin/builder/spi-builder-workspace/.derivedData/Build/Intermediates.noindex/AsyncGraphics.build/Debug-watchos/AsyncGraphics_AsyncGraphics.build/Metal/GraphicMetalLayer.air -MMD -MT dependencies -MF /Users/admin/builder/spi-builder-workspace/.derivedData/Build/Intermediates.noindex/AsyncGraphics.build/Debug-watchos/AsyncGraphics_AsyncGraphics.build/Metal/GraphicMetalLayer.dat /Users/admin/builder/spi-builder-workspace/Sources/AsyncGraphics/Views/Layer/GraphicMetalLayer.metal
CompileMetalFile /Users/admin/builder/spi-builder-workspace/Sources/AsyncGraphics/Shaders/Vertex/VertexPassthrough.metal (in target 'AsyncGraphics_AsyncGraphics' from project 'AsyncGraphics')
cd /Users/admin/builder/spi-builder-workspace
/var/run/com.apple.security.cryptexd/mnt/com.apple.MobileAsset.MetalToolchain-v17.3.7003.10.egaV3l/Metal.xctoolchain/usr/bin/metal -c -target air64-apple-watchos10.0 -I/Users/admin/builder/spi-builder-workspace/.derivedData/Build/Products/Debug-watchos/include -F/Users/admin/builder/spi-builder-workspace/.derivedData/Build/Products/Debug-watchos -isysroot /Applications/Xcode-26.3.0.app/Contents/Developer/Platforms/WatchOS.platform/Developer/SDKs/WatchOS26.2.sdk -fmetal-math-mode\=fast -fmetal-math-fp32-functions\=fast -serialize-diagnostics /Users/admin/builder/spi-builder-workspace/.derivedData/Build/Intermediates.noindex/AsyncGraphics.build/Debug-watchos/AsyncGraphics_AsyncGraphics.build/Metal/VertexPassthrough.dia -o /Users/admin/builder/spi-builder-workspace/.derivedData/Build/Intermediates.noindex/AsyncGraphics.build/Debug-watchos/AsyncGraphics_AsyncGraphics.build/Metal/VertexPassthrough.air -MMD -MT dependencies -MF /Users/admin/builder/spi-builder-workspace/.derivedData/Build/Intermediates.noindex/AsyncGraphics.build/Debug-watchos/AsyncGraphics_AsyncGraphics.build/Metal/VertexPassthrough.dat /Users/admin/builder/spi-builder-workspace/Sources/AsyncGraphics/Shaders/Vertex/VertexPassthrough.metal
CompileMetalFile /Users/admin/builder/spi-builder-workspace/Sources/AsyncGraphics/Shaders/Vertex/VertexCamera.metal (in target 'AsyncGraphics_AsyncGraphics' from project 'AsyncGraphics')
cd /Users/admin/builder/spi-builder-workspace
/var/run/com.apple.security.cryptexd/mnt/com.apple.MobileAsset.MetalToolchain-v17.3.7003.10.egaV3l/Metal.xctoolchain/usr/bin/metal -c -target air64-apple-watchos10.0 -I/Users/admin/builder/spi-builder-workspace/.derivedData/Build/Products/Debug-watchos/include -F/Users/admin/builder/spi-builder-workspace/.derivedData/Build/Products/Debug-watchos -isysroot /Applications/Xcode-26.3.0.app/Contents/Developer/Platforms/WatchOS.platform/Developer/SDKs/WatchOS26.2.sdk -fmetal-math-mode\=fast -fmetal-math-fp32-functions\=fast -serialize-diagnostics /Users/admin/builder/spi-builder-workspace/.derivedData/Build/Intermediates.noindex/AsyncGraphics.build/Debug-watchos/AsyncGraphics_AsyncGraphics.build/Metal/VertexCamera.dia -o /Users/admin/builder/spi-builder-workspace/.derivedData/Build/Intermediates.noindex/AsyncGraphics.build/Debug-watchos/AsyncGraphics_AsyncGraphics.build/Metal/VertexCamera.air -MMD -MT dependencies -MF /Users/admin/builder/spi-builder-workspace/.derivedData/Build/Intermediates.noindex/AsyncGraphics.build/Debug-watchos/AsyncGraphics_AsyncGraphics.build/Metal/VertexCamera.dat /Users/admin/builder/spi-builder-workspace/Sources/AsyncGraphics/Shaders/Vertex/VertexCamera.metal
CompileMetalFile /Users/admin/builder/spi-builder-workspace/Sources/AsyncGraphics/Shaders/Vertex/FragmentPassthrough.metal (in target 'AsyncGraphics_AsyncGraphics' from project 'AsyncGraphics')
cd /Users/admin/builder/spi-builder-workspace
/var/run/com.apple.security.cryptexd/mnt/com.apple.MobileAsset.MetalToolchain-v17.3.7003.10.egaV3l/Metal.xctoolchain/usr/bin/metal -c -target air64-apple-watchos10.0 -I/Users/admin/builder/spi-builder-workspace/.derivedData/Build/Products/Debug-watchos/include -F/Users/admin/builder/spi-builder-workspace/.derivedData/Build/Products/Debug-watchos -isysroot /Applications/Xcode-26.3.0.app/Contents/Developer/Platforms/WatchOS.platform/Developer/SDKs/WatchOS26.2.sdk -fmetal-math-mode\=fast -fmetal-math-fp32-functions\=fast -serialize-diagnostics /Users/admin/builder/spi-builder-workspace/.derivedData/Build/Intermediates.noindex/AsyncGraphics.build/Debug-watchos/AsyncGraphics_AsyncGraphics.build/Metal/FragmentPassthrough.dia -o /Users/admin/builder/spi-builder-workspace/.derivedData/Build/Intermediates.noindex/AsyncGraphics.build/Debug-watchos/AsyncGraphics_AsyncGraphics.build/Metal/FragmentPassthrough.air -MMD -MT dependencies -MF /Users/admin/builder/spi-builder-workspace/.derivedData/Build/Intermediates.noindex/AsyncGraphics.build/Debug-watchos/AsyncGraphics_AsyncGraphics.build/Metal/FragmentPassthrough.dat /Users/admin/builder/spi-builder-workspace/Sources/AsyncGraphics/Shaders/Vertex/FragmentPassthrough.metal
CompileMetalFile /Users/admin/builder/spi-builder-workspace/Sources/AsyncGraphics/Shaders/Vertex/FragmentColor.metal (in target 'AsyncGraphics_AsyncGraphics' from project 'AsyncGraphics')
cd /Users/admin/builder/spi-builder-workspace
/var/run/com.apple.security.cryptexd/mnt/com.apple.MobileAsset.MetalToolchain-v17.3.7003.10.egaV3l/Metal.xctoolchain/usr/bin/metal -c -target air64-apple-watchos10.0 -I/Users/admin/builder/spi-builder-workspace/.derivedData/Build/Products/Debug-watchos/include -F/Users/admin/builder/spi-builder-workspace/.derivedData/Build/Products/Debug-watchos -isysroot /Applications/Xcode-26.3.0.app/Contents/Developer/Platforms/WatchOS.platform/Developer/SDKs/WatchOS26.2.sdk -fmetal-math-mode\=fast -fmetal-math-fp32-functions\=fast -serialize-diagnostics /Users/admin/builder/spi-builder-workspace/.derivedData/Build/Intermediates.noindex/AsyncGraphics.build/Debug-watchos/AsyncGraphics_AsyncGraphics.build/Metal/FragmentColor.dia -o /Users/admin/builder/spi-builder-workspace/.derivedData/Build/Intermediates.noindex/AsyncGraphics.build/Debug-watchos/AsyncGraphics_AsyncGraphics.build/Metal/FragmentColor.air -MMD -MT dependencies -MF /Users/admin/builder/spi-builder-workspace/.derivedData/Build/Intermediates.noindex/AsyncGraphics.build/Debug-watchos/AsyncGraphics_AsyncGraphics.build/Metal/FragmentColor.dat /Users/admin/builder/spi-builder-workspace/Sources/AsyncGraphics/Shaders/Vertex/FragmentColor.metal
CompileMetalFile /Users/admin/builder/spi-builder-workspace/Sources/AsyncGraphics/Shaders/Effects/rotation_header.metal (in target 'AsyncGraphics_AsyncGraphics' from project 'AsyncGraphics')
cd /Users/admin/builder/spi-builder-workspace
/var/run/com.apple.security.cryptexd/mnt/com.apple.MobileAsset.MetalToolchain-v17.3.7003.10.egaV3l/Metal.xctoolchain/usr/bin/metal -c -target air64-apple-watchos10.0 -I/Users/admin/builder/spi-builder-workspace/.derivedData/Build/Products/Debug-watchos/include -F/Users/admin/builder/spi-builder-workspace/.derivedData/Build/Products/Debug-watchos -isysroot /Applications/Xcode-26.3.0.app/Contents/Developer/Platforms/WatchOS.platform/Developer/SDKs/WatchOS26.2.sdk -fmetal-math-mode\=fast -fmetal-math-fp32-functions\=fast -serialize-diagnostics /Users/admin/builder/spi-builder-workspace/.derivedData/Build/Intermediates.noindex/AsyncGraphics.build/Debug-watchos/AsyncGraphics_AsyncGraphics.build/Metal/rotation_header.dia -o /Users/admin/builder/spi-builder-workspace/.derivedData/Build/Intermediates.noindex/AsyncGraphics.build/Debug-watchos/AsyncGraphics_AsyncGraphics.build/Metal/rotation_header.air -MMD -MT dependencies -MF /Users/admin/builder/spi-builder-workspace/.derivedData/Build/Intermediates.noindex/AsyncGraphics.build/Debug-watchos/AsyncGraphics_AsyncGraphics.build/Metal/rotation_header.dat /Users/admin/builder/spi-builder-workspace/Sources/AsyncGraphics/Shaders/Effects/rotation_header.metal
CompileMetalFile /Users/admin/builder/spi-builder-workspace/Sources/AsyncGraphics/Shaders/Effects/rotation.metal (in target 'AsyncGraphics_AsyncGraphics' from project 'AsyncGraphics')
cd /Users/admin/builder/spi-builder-workspace
/var/run/com.apple.security.cryptexd/mnt/com.apple.MobileAsset.MetalToolchain-v17.3.7003.10.egaV3l/Metal.xctoolchain/usr/bin/metal -c -target air64-apple-watchos10.0 -I/Users/admin/builder/spi-builder-workspace/.derivedData/Build/Products/Debug-watchos/include -F/Users/admin/builder/spi-builder-workspace/.derivedData/Build/Products/Debug-watchos -isysroot /Applications/Xcode-26.3.0.app/Contents/Developer/Platforms/WatchOS.platform/Developer/SDKs/WatchOS26.2.sdk -fmetal-math-mode\=fast -fmetal-math-fp32-functions\=fast -serialize-diagnostics /Users/admin/builder/spi-builder-workspace/.derivedData/Build/Intermediates.noindex/AsyncGraphics.build/Debug-watchos/AsyncGraphics_AsyncGraphics.build/Metal/rotation.dia -o /Users/admin/builder/spi-builder-workspace/.derivedData/Build/Intermediates.noindex/AsyncGraphics.build/Debug-watchos/AsyncGraphics_AsyncGraphics.build/Metal/rotation.air -MMD -MT dependencies -MF /Users/admin/builder/spi-builder-workspace/.derivedData/Build/Intermediates.noindex/AsyncGraphics.build/Debug-watchos/AsyncGraphics_AsyncGraphics.build/Metal/rotation.dat /Users/admin/builder/spi-builder-workspace/Sources/AsyncGraphics/Shaders/Effects/rotation.metal
CompileMetalFile /Users/admin/builder/spi-builder-workspace/Sources/AsyncGraphics/Shaders/Effects/place_header.metal (in target 'AsyncGraphics_AsyncGraphics' from project 'AsyncGraphics')
cd /Users/admin/builder/spi-builder-workspace
/var/run/com.apple.security.cryptexd/mnt/com.apple.MobileAsset.MetalToolchain-v17.3.7003.10.egaV3l/Metal.xctoolchain/usr/bin/metal -c -target air64-apple-watchos10.0 -I/Users/admin/builder/spi-builder-workspace/.derivedData/Build/Products/Debug-watchos/include -F/Users/admin/builder/spi-builder-workspace/.derivedData/Build/Products/Debug-watchos -isysroot /Applications/Xcode-26.3.0.app/Contents/Developer/Platforms/WatchOS.platform/Developer/SDKs/WatchOS26.2.sdk -fmetal-math-mode\=fast -fmetal-math-fp32-functions\=fast -serialize-diagnostics /Users/admin/builder/spi-builder-workspace/.derivedData/Build/Intermediates.noindex/AsyncGraphics.build/Debug-watchos/AsyncGraphics_AsyncGraphics.build/Metal/place_header.dia -o /Users/admin/builder/spi-builder-workspace/.derivedData/Build/Intermediates.noindex/AsyncGraphics.build/Debug-watchos/AsyncGraphics_AsyncGraphics.build/Metal/place_header.air -MMD -MT dependencies -MF /Users/admin/builder/spi-builder-workspace/.derivedData/Build/Intermediates.noindex/AsyncGraphics.build/Debug-watchos/AsyncGraphics_AsyncGraphics.build/Metal/place_header.dat /Users/admin/builder/spi-builder-workspace/Sources/AsyncGraphics/Shaders/Effects/place_header.metal
CopyStringsFile /Users/admin/builder/spi-builder-workspace/.derivedData/Build/Products/Debug-watchos/AsyncGraphics_AsyncGraphics.bundle/en.lproj/Localizable.strings /Users/admin/builder/spi-builder-workspace/.derivedData/Build/Intermediates.noindex/AsyncGraphics.build/Debug-watchos/AsyncGraphics_AsyncGraphics.build/en.lproj/Localizable.strings (in target 'AsyncGraphics_AsyncGraphics' from project 'AsyncGraphics')
cd /Users/admin/builder/spi-builder-workspace
builtin-copyStrings --validate --outputencoding binary --outfilename Localizable.strings --outdir /Users/admin/builder/spi-builder-workspace/.derivedData/Build/Products/Debug-watchos/AsyncGraphics_AsyncGraphics.bundle/en.lproj -- /Users/admin/builder/spi-builder-workspace/.derivedData/Build/Intermediates.noindex/AsyncGraphics.build/Debug-watchos/AsyncGraphics_AsyncGraphics.build/en.lproj/Localizable.strings
/Users/admin/builder/spi-builder-workspace/.derivedData/Build/Intermediates.noindex/AsyncGraphics.build/Debug-watchos/AsyncGraphics_AsyncGraphics.build/en.lproj/Localizable.strings:1:1: note: detected encoding of input file as Unicode (UTF-8) (in target 'AsyncGraphics_AsyncGraphics' from project 'AsyncGraphics')
SwiftDriver VideoFrames normal arm64_32 com.apple.xcode.tools.swift.compiler (in target 'VideoFrames' from project 'VideoFrames')
cd /Users/admin/builder/spi-builder-workspace/.swiftpm/xcode
builtin-SwiftDriver -- /Applications/Xcode-26.3.0.app/Contents/Developer/Toolchains/XcodeDefault.xctoolchain/usr/bin/swiftc -module-name VideoFrames -Onone -enforce-exclusivity\=checked @/Users/admin/builder/spi-builder-workspace/.derivedData/Build/Intermediates.noindex/VideoFrames.build/Debug-watchos/VideoFrames.build/Objects-normal/arm64_32/VideoFrames.SwiftFileList -DSWIFT_PACKAGE -DDEBUG -DSWIFT_MODULE_RESOURCE_BUNDLE_UNAVAILABLE -DXcode -plugin-path /Applications/Xcode-26.3.0.app/Contents/Developer/Toolchains/XcodeDefault.xctoolchain/usr/lib/swift/host/plugins/testing -enable-experimental-feature DebugDescriptionMacro -sdk /Applications/Xcode-26.3.0.app/Contents/Developer/Platforms/WatchOS.platform/Developer/SDKs/WatchOS26.2.sdk -target arm64_32-apple-watchos8.0 -g -module-cache-path /Users/admin/builder/spi-builder-workspace/.derivedData/ModuleCache.noindex -Xfrontend -serialize-debugging-options -profile-coverage-mapping -profile-generate -enable-testing -suppress-warnings -index-store-path /Users/admin/builder/spi-builder-workspace/.derivedData/Index.noindex/DataStore -Xcc -D_LIBCPP_HARDENING_MODE\=_LIBCPP_HARDENING_MODE_DEBUG -swift-version 6 -I /Users/admin/builder/spi-builder-workspace/.derivedData/Build/Products/Debug-watchos -Isystem /Applications/Xcode-26.3.0.app/Contents/Developer/Platforms/WatchOS.platform/Developer/usr/lib -F /Users/admin/builder/spi-builder-workspace/.derivedData/Build/Products/Debug-watchos -F /Applications/Xcode-26.3.0.app/Contents/Developer/Platforms/WatchOS.platform/Developer/Library/Frameworks -F /Applications/Xcode-26.3.0.app/Contents/Developer/Platforms/WatchOS.platform/Developer/SDKs/WatchOS26.2.sdk/Developer/Library/Frameworks -c -j10 -enable-batch-mode -incremental -Xcc -ivfsstatcache -Xcc /Users/admin/builder/spi-builder-workspace/.derivedData/SDKStatCaches.noindex/watchos26.2-23S303-dc75598d0054f22ec865fa860f139d721753b489057de6bda919edfa1c59a62b.sdkstatcache -output-file-map /Users/admin/builder/spi-builder-workspace/.derivedData/Build/Intermediates.noindex/VideoFrames.build/Debug-watchos/VideoFrames.build/Objects-normal/arm64_32/VideoFrames-OutputFileMap.json -use-frontend-parseable-output -save-temps -no-color-diagnostics -explicit-module-build -module-cache-path /Users/admin/builder/spi-builder-workspace/.derivedData/Build/Intermediates.noindex/SwiftExplicitPrecompiledModules -clang-scanner-module-cache-path /Users/admin/builder/spi-builder-workspace/.derivedData/ModuleCache.noindex -sdk-module-cache-path /Users/admin/builder/spi-builder-workspace/.derivedData/ModuleCache.noindex -serialize-diagnostics -emit-dependencies -emit-module -emit-module-path /Users/admin/builder/spi-builder-workspace/.derivedData/Build/Intermediates.noindex/VideoFrames.build/Debug-watchos/VideoFrames.build/Objects-normal/arm64_32/VideoFrames.swiftmodule -user-module-version 2.3.0 -validate-clang-modules-once -clang-build-session-file /Users/admin/builder/spi-builder-workspace/.derivedData/ModuleCache.noindex/Session.modulevalidation -package-name videoframes -Xcc -I/Users/admin/builder/spi-builder-workspace/.derivedData/Build/Intermediates.noindex/VideoFrames.build/Debug-watchos/VideoFrames.build/swift-overrides.hmap -emit-const-values -Xfrontend -const-gather-protocols-file -Xfrontend /Users/admin/builder/spi-builder-workspace/.derivedData/Build/Intermediates.noindex/VideoFrames.build/Debug-watchos/VideoFrames.build/Objects-normal/arm64_32/VideoFrames_const_extract_protocols.json -Xcc -I/Users/admin/builder/spi-builder-workspace/.derivedData/Build/Products/Debug-watchos/include -Xcc -I/Users/admin/builder/spi-builder-workspace/.derivedData/Build/Intermediates.noindex/VideoFrames.build/Debug-watchos/VideoFrames.build/DerivedSources-normal/arm64_32 -Xcc -I/Users/admin/builder/spi-builder-workspace/.derivedData/Build/Intermediates.noindex/VideoFrames.build/Debug-watchos/VideoFrames.build/DerivedSources/arm64_32 -Xcc -I/Users/admin/builder/spi-builder-workspace/.derivedData/Build/Intermediates.noindex/VideoFrames.build/Debug-watchos/VideoFrames.build/DerivedSources -Xcc -DSWIFT_PACKAGE -Xcc -DDEBUG\=1 -emit-objc-header -emit-objc-header-path /Users/admin/builder/spi-builder-workspace/.derivedData/Build/Intermediates.noindex/VideoFrames.build/Debug-watchos/VideoFrames.build/Objects-normal/arm64_32/VideoFrames-Swift.h -working-directory /Users/admin/builder/spi-builder-workspace/.swiftpm/xcode -experimental-emit-module-separately -disable-cmo
/Users/admin/builder/spi-builder-workspace/.dependencies/checkouts/VideoFrames/Sources/VideoFrames/ToFrames.swift:7:8: error: Unable to find module dependency: 'VideoToolbox'
import VideoToolbox
^ (in target 'VideoFrames' from project 'VideoFrames')
/Users/admin/builder/spi-builder-workspace/.dependencies/checkouts/VideoFrames/Sources/VideoFrames/ToFrames.swift:7:8: note: A dependency of main module 'VideoFrames'
import VideoToolbox
^ (in target 'VideoFrames' from project 'VideoFrames')
2026-10-05 06:26:15.284 xcodebuild[1218:7004] [MT] IDERunDestination: Supported platforms for the buildables in the current scheme is empty.
/Users/admin/builder/spi-builder-workspace/.dependencies/checkouts/VideoFrames/Sources/VideoFrames/ToFrames.swift:7:8: error: Unable to find module dependency: 'VideoToolbox'
import VideoToolbox
^
/Users/admin/builder/spi-builder-workspace/.dependencies/checkouts/VideoFrames/Sources/VideoFrames/ToFrames.swift:7:8: note: a dependency of main module 'VideoFrames'
import VideoToolbox
^
** BUILD FAILED **
The following build commands failed:
SwiftDriver VideoFrames normal arm64_32 com.apple.xcode.tools.swift.compiler (in target 'VideoFrames' from project 'VideoFrames')
Building workspace spi-builder-workspace with scheme AsyncGraphics
(2 failures)
Command line invocation:
/Applications/Xcode-26.3.0.app/Contents/Developer/usr/bin/xcodebuild -IDEClonedSourcePackagesDirPathOverride=/Users/admin/builder/spi-builder-workspace/.dependencies -resolvePackageDependencies
Resolve Package Graph
Downloading package prebuilt https://download.swift.org/prebuilts/swift-syntax/600.0.1/swiftlang-6.2.4.1.4-MacroSupport-macos_aarch64.zip
Resolve Package Graph
Downloading package prebuilt https://download.swift.org/prebuilts/swift-syntax/600.0.1/swiftlang-6.2.4.1.4-MacroSupport-macos_aarch64.zip
Resolved source packages:
SpatialExtensions: https://github.com/heestand-xyz/SpatialExtensions @ 1.1.0
SymbolKit: https://github.com/swiftlang/swift-docc-symbolkit @ 1.0.0
TextureMap: https://github.com/heestand-xyz/TextureMap @ 2.3.0
CoreGraphicsExtensions: https://github.com/heestand-xyz/CoreGraphicsExtensions @ 2.1.0
VideoFrames: https://github.com/heestand-xyz/VideoFrames @ 2.3.0
swift-syntax: https://github.com/apple/swift-syntax @ 600.0.1
SwiftDocCPlugin: https://github.com/apple/swift-docc-plugin @ 1.5.0
PixelColor: https://github.com/heestand-xyz/PixelColor @ 3.3.0
AsyncGraphics: /Users/admin/builder/spi-builder-workspace
resolved source packages: SpatialExtensions, SymbolKit, TextureMap, CoreGraphicsExtensions, VideoFrames, swift-syntax, SwiftDocCPlugin, PixelColor, AsyncGraphics
2026-10-05 06:26:35.277 xcodebuild[1463:8436] [MT] IDERunDestination: Supported platforms for the buildables in the current scheme is empty.
{
"default_localization" : "en",
"dependencies" : [
{
"identity" : "texturemap",
"requirement" : {
"range" : [
{
"lower_bound" : "2.3.0",
"upper_bound" : "3.0.0"
}
]
},
"type" : "sourceControl",
"url" : "https://github.com/heestand-xyz/TextureMap"
},
{
"identity" : "pixelcolor",
"requirement" : {
"range" : [
{
"lower_bound" : "3.3.0",
"upper_bound" : "4.0.0"
}
]
},
"type" : "sourceControl",
"url" : "https://github.com/heestand-xyz/PixelColor"
},
{
"identity" : "coregraphicsextensions",
"requirement" : {
"range" : [
{
"lower_bound" : "2.1.0",
"upper_bound" : "3.0.0"
}
]
},
"type" : "sourceControl",
"url" : "https://github.com/heestand-xyz/CoreGraphicsExtensions"
},
{
"identity" : "spatialextensions",
"requirement" : {
"range" : [
{
"lower_bound" : "1.1.0",
"upper_bound" : "2.0.0"
}
]
},
"type" : "sourceControl",
"url" : "https://github.com/heestand-xyz/SpatialExtensions"
},
{
"identity" : "videoframes",
"requirement" : {
"range" : [
{
"lower_bound" : "2.3.0",
"upper_bound" : "3.0.0"
}
]
},
"type" : "sourceControl",
"url" : "https://github.com/heestand-xyz/VideoFrames"
},
{
"identity" : "swift-docc-plugin",
"requirement" : {
"range" : [
{
"lower_bound" : "1.1.0",
"upper_bound" : "2.0.0"
}
]
},
"type" : "sourceControl",
"url" : "https://github.com/apple/swift-docc-plugin"
},
{
"identity" : "swift-syntax",
"requirement" : {
"range" : [
{
"lower_bound" : "600.0.0",
"upper_bound" : "601.0.0"
}
]
},
"type" : "sourceControl",
"url" : "https://github.com/apple/swift-syntax"
}
],
"manifest_display_name" : "AsyncGraphics",
"name" : "AsyncGraphics",
"path" : "/Users/admin/builder/spi-builder-workspace",
"platforms" : [
{
"name" : "ios",
"version" : "17.0"
},
{
"name" : "tvos",
"version" : "17.0"
},
{
"name" : "macos",
"version" : "14.0"
},
{
"name" : "visionos",
"version" : "1.0"
}
],
"products" : [
{
"name" : "AsyncGraphics",
"targets" : [
"AsyncGraphics"
],
"type" : {
"library" : [
"automatic"
]
}
},
{
"name" : "AsyncGraphicsMacros",
"targets" : [
"AsyncGraphicsMacros"
],
"type" : {
"macro" : null
}
}
],
"targets" : [
{
"c99name" : "AsyncGraphicsTests",
"module_type" : "SwiftTarget",
"name" : "AsyncGraphicsTests",
"path" : "Tests/AsyncGraphicsTests",
"product_dependencies" : [
"TextureMap",
"PixelColor"
],
"resources" : [
{
"path" : "/Users/admin/builder/spi-builder-workspace/Tests/AsyncGraphicsTests/TestAssets.xcassets",
"rule" : {
"process" : {
}
}
}
],
"sources" : [
"AngleCodableTests.swift",
"AnyGraphicValuePropertyTests.swift",
"CodableGraphicsTests.swift",
"Graphic3DCompositionTests.swift",
"GraphicLayerRenderingTests.swift",
"ImageFileRoundTripTests.swift",
"LiveGraphicsTests.swift",
"SampleTests.swift"
],
"target_dependencies" : [
"AsyncGraphics"
],
"type" : "test"
},
{
"c99name" : "AsyncGraphicsMacros",
"module_type" : "SwiftTarget",
"name" : "AsyncGraphicsMacros",
"path" : "Sources/AsyncGraphicsMacros",
"product_dependencies" : [
"SwiftSyntaxMacros",
"SwiftCompilerPlugin"
],
"product_memberships" : [
"AsyncGraphics",
"AsyncGraphicsMacros"
],
"sources" : [
"EnumMacro.swift",
"GraphicMacro.swift",
"GraphicTypeMacro.swift",
"Plugin.swift",
"VariantMacro.swift"
],
"type" : "macro"
},
{
"c99name" : "AsyncGraphics",
"module_type" : "SwiftTarget",
"name" : "AsyncGraphics",
"path" : "Sources/AsyncGraphics",
"product_dependencies" : [
"TextureMap",
"PixelColor",
"CoreGraphicsExtensions",
"SpatialExtensions",
"VideoFrames"
],
"product_memberships" : [
"AsyncGraphics"
],
"resources" : [
{
"path" : "/Users/admin/builder/spi-builder-workspace/Sources/AsyncGraphics/Graphics/Content/Solid/Metal/SolidMetal.metal.txt",
"rule" : {
"process" : {
}
}
},
{
"path" : "/Users/admin/builder/spi-builder-workspace/Sources/AsyncGraphics/Graphics/Content/Solid/Metal/SolidMetal3D.metal.txt",
"rule" : {
"process" : {
}
}
},
{
"path" : "/Users/admin/builder/spi-builder-workspace/Sources/AsyncGraphics/Graphics/Effects/Modifier/Metal/DualMetal.metal.txt",
"rule" : {
"process" : {
}
}
},
{
"path" : "/Users/admin/builder/spi-builder-workspace/Sources/AsyncGraphics/Graphics/Effects/Sequence/Metal/ArrayMetal.metal.txt",
"rule" : {
"process" : {
}
}
},
{
"path" : "/Users/admin/builder/spi-builder-workspace/Sources/AsyncGraphics/Graphics/Effects/Space/Metal/DirectMetal.metal.txt",
"rule" : {
"process" : {
}
}
},
{
"path" : "/Users/admin/builder/spi-builder-workspace/Sources/AsyncGraphics/Localizable.xcstrings",
"rule" : {
"process" : {
}
}
}
],
"sources" : [
"Graph/AGGraph.swift",
"Graph/AGParentGraph.swift",
"Graph/AGSingleModifierParentGraph.swift",
"Graph/AGSingleParentGraph.swift",
"Graph/Builder/AGGraphBuilder.swift",
"Graph/Extensions/Array+AGGraph.swift",
"Graph/Renderer/AGGraphRenderer.swift",
"Graph/Renderer/Componets/AGComponents.swift",
"Graph/Renderer/Details/AGDetails.swift",
"Graph/Renderer/Details/AGSpecification.swift",
"Graph/Renderer/Details/Resources/AGResourceResolutions.swift",
"Graph/Renderer/Details/Resources/AGResources.swift",
"Graph/Types/AGContentMode.swift",
"Graphic/Codable/Comlexity/GraphicComplexity.swift",
"Graphic/Codable/Macros/CodableMacros.swift",
"Graphic/Codable/Metadata/Enum/GraphicEnum.swift",
"Graphic/Codable/Metadata/Enum/GraphicEnumCase.swift",
"Graphic/Codable/Metadata/Enum/GraphicEnumMetadata.swift",
"Graphic/Codable/Metadata/GraphicMetadata.swift",
"Graphic/Codable/Metadata/GraphicMetadataOptions.swift",
"Graphic/Codable/Metadata/GraphicMetadataValue.swift",
"Graphic/Codable/Namespace/CodableGraphic.swift",
"Graphic/Codable/Namespace/CodableGraphic3D.swift",
"Graphic/Codable/Properties/Any/AnyGraphicEnumProperty.swift",
"Graphic/Codable/Properties/Any/AnyGraphicProperty.swift",
"Graphic/Codable/Properties/Any/AnyGraphicValueProperty.swift",
"Graphic/Codable/Properties/GraphicEnumProperty.swift",
"Graphic/Codable/Properties/GraphicPropertyType.swift",
"Graphic/Codable/Properties/GraphicValueProperty.swift",
"Graphic/Codable/Protocol/CodableGraphic3DProtocol.swift",
"Graphic/Codable/Protocol/CodableGraphicProtocol.swift",
"Graphic/Codable/Type/CodableGraphic3DType.swift",
"Graphic/Codable/Type/CodableGraphicType.swift",
"Graphic/Codable/Type/CodableGraphicTypeProtocol.swift",
"Graphic/Codable/Values/GraphicValue.swift",
"Graphic/Codable/Values/GraphicValueType.swift",
"Graphic/Codable/Varaiants/CodableGraphic3DVariant.swift",
"Graphic/Codable/Varaiants/CodableGraphicVariant.swift",
"Graphic/Codable/Varaiants/GraphicVariant.swift",
"Graphic/Codable/Varaiants/GraphicVariantID.swift",
"Graphic/Extensions/Graphic+EdgeInsets.swift",
"Graphic/Extensions/Graphic+Options.swift",
"Graphic/Extensions/Graphic+TaskGroup.swift",
"Graphic/Extensions/Graphic+Tile.swift",
"Graphic/Extensions/Graphic3D+Axis.swift",
"Graphic/Extensions/Graphic3D+Options.swift",
"Graphic/Extensions/Graphic3D+Tile.swift",
"Graphic/Graphic.swift",
"Graphic/Graphic3D.swift",
"Graphic/Graphicable.swift",
"Graphic/Types/Blend Mode/ArrayBlendMode.swift",
"Graphic/Types/Blend Mode/BlendMode.swift",
"Graphic/Types/Extend Mode/ExtendMode.swift",
"Graphic/Types/Interpolation/ViewInterpolation.swift",
"Graphic/Types/Placement/Placement.swift",
"Graphics/Content/Content.swift",
"Graphics/Content/ContentGraphic3DProtocol.swift",
"Graphics/Content/ContentGraphic3DType.swift",
"Graphics/Content/ContentGraphicProtocol.swift",
"Graphics/Content/ContentGraphicType.swift",
"Graphics/Content/Particles/UV Color Particles/UVColorParticles.swift",
"Graphics/Content/Particles/UV Particles/UVParticles.swift",
"Graphics/Content/Particles/UVW Particles/UVWParticles.swift",
"Graphics/Content/Resource/Buffer/Buffer.swift",
"Graphics/Content/Resource/Camera/AGCamera.swift",
"Graphics/Content/Resource/Camera/Camera.swift",
"Graphics/Content/Resource/Camera/CameraPosition.swift",
"Graphics/Content/Resource/Camera/Graphic+Camera.swift",
"Graphics/Content/Resource/Camera/Photo/Graphic+PhotoCamera.swift",
"Graphics/Content/Resource/Camera/Photo/PhotoCamera.swift",
"Graphics/Content/Resource/Graph/Graph.swift",
"Graphics/Content/Resource/Graphic/AGGraphic.swift",
"Graphics/Content/Resource/Image/AGImage.swift",
"Graphics/Content/Resource/Image/Image+Steroscopic.swift",
"Graphics/Content/Resource/Image/Image.swift",
"Graphics/Content/Resource/Image/SpatialGraphicMetadata.swift",
"Graphics/Content/Resource/Maps/MKCoordinateRegion+isValid.swift",
"Graphics/Content/Resource/Maps/Maps.swift",
"Graphics/Content/Resource/Metal/Metal.swift",
"Graphics/Content/Resource/Pixels/Pixels.swift",
"Graphics/Content/Resource/Screen/Screen.swift",
"Graphics/Content/Resource/Screen/ScreenController.swift",
"Graphics/Content/Resource/Texture/Texture.swift",
"Graphics/Content/Resource/Texture/Texture3D.swift",
"Graphics/Content/Resource/Video/AGVideo.swift",
"Graphics/Content/Resource/Video/GraphicVideoController.swift",
"Graphics/Content/Resource/Video/GraphicVideoPlayer.swift",
"Graphics/Content/Resource/Video/Video Recorder/GraphicVideoRecordable.swift",
"Graphics/Content/Resource/Video/Video Recorder/GraphicVideoRecorder.swift",
"Graphics/Content/Resource/Video/Video Recorder/StereoscopicGraphicVideoRecorder.swift",
"Graphics/Content/Resource/Video/Video.swift",
"Graphics/Content/Resource/Video/VideoExport.swift",
"Graphics/Content/Resource/Video/VideoFrames.swift",
"Graphics/Content/Resource/View/View.swift",
"Graphics/Content/Resource/Voxels/Voxels.swift",
"Graphics/Content/Shape/Arc/Arc.swift",
"Graphics/Content/Shape/Arc/ArcGraphic.swift",
"Graphics/Content/Shape/Box/Box3D.swift",
"Graphics/Content/Shape/Box/Box3DGraphic.swift",
"Graphics/Content/Shape/Circle/AGCircle.swift",
"Graphics/Content/Shape/Circle/Circle.swift",
"Graphics/Content/Shape/Circle/CircleGraphic.swift",
"Graphics/Content/Shape/Cone/Cone3D.swift",
"Graphics/Content/Shape/Cone/Cone3DGraphic.swift",
"Graphics/Content/Shape/Content+Shape.swift",
"Graphics/Content/Shape/Cylinder/Cylinder3D.swift",
"Graphics/Content/Shape/Cylinder/Cylinder3DGraphic.swift",
"Graphics/Content/Shape/Line/Line.swift",
"Graphics/Content/Shape/Line/LineGraphic.swift",
"Graphics/Content/Shape/Polygon/AGPolygon.swift",
"Graphics/Content/Shape/Polygon/AGRoundedPolygon.swift",
"Graphics/Content/Shape/Polygon/Polygon.swift",
"Graphics/Content/Shape/Polygon/PolygonGraphic.swift",
"Graphics/Content/Shape/Rectangle/AGRectangle.swift",
"Graphics/Content/Shape/Rectangle/AGRoundedRectangle.swift",
"Graphics/Content/Shape/Rectangle/Rectangle.swift",
"Graphics/Content/Shape/Rectangle/RectangleGraphic.swift",
"Graphics/Content/Shape/ShapeContentGraphic3DProtocol.swift",
"Graphics/Content/Shape/ShapeContentGraphic3DType.swift",
"Graphics/Content/Shape/ShapeContentGraphicProtocol.swift",
"Graphics/Content/Shape/ShapeContentGraphicType.swift",
"Graphics/Content/Shape/Sphere/Sphere3D.swift",
"Graphics/Content/Shape/Sphere/Sphere3DGraphic.swift",
"Graphics/Content/Shape/Star/Star.swift",
"Graphics/Content/Shape/Star/StarGraphic.swift",
"Graphics/Content/Shape/Tetrahedron/Tetrahedron3D.swift",
"Graphics/Content/Shape/Tetrahedron/Tetrahedron3DGraphic.swift",
"Graphics/Content/Shape/Torus/Torus3D.swift",
"Graphics/Content/Shape/Torus/Torus3DGraphic.swift",
"Graphics/Content/Solid/Color/AGColor.swift",
"Graphics/Content/Solid/Color/AGForegroundColor.swift",
"Graphics/Content/Solid/Color/Color.swift",
"Graphics/Content/Solid/Color/Color3D.swift",
"Graphics/Content/Solid/Color/Color3DGraphic.swift",
"Graphics/Content/Solid/Color/ColorGraphic.swift",
"Graphics/Content/Solid/Content+Solid.swift",
"Graphics/Content/Solid/Gradient/Gradient.swift",
"Graphics/Content/Solid/Gradient/Gradient3D.swift",
"Graphics/Content/Solid/Gradient/Gradient3DGraphic.swift",
"Graphics/Content/Solid/Gradient/GradientGraphic.swift",
"Graphics/Content/Solid/Metal/SolidMetal.swift",
"Graphics/Content/Solid/Metal/SolidMetal3D.swift",
"Graphics/Content/Solid/Noise/AGNoise.swift",
"Graphics/Content/Solid/Noise/Noise.swift",
"Graphics/Content/Solid/Noise/Noise3D.swift",
"Graphics/Content/Solid/Noise/Noise3DGraphic.swift",
"Graphics/Content/Solid/Noise/NoiseGraphic.swift",
"Graphics/Content/Solid/SolidContentGraphic3DProtocol.swift",
"Graphics/Content/Solid/SolidContentGraphic3DType.swift",
"Graphics/Content/Solid/SolidContentGraphicProtocol.swift",
"Graphics/Content/Solid/SolidContentGraphicType.swift",
"Graphics/Content/Solid/Spacer/AGSpacer.swift",
"Graphics/Effects/Color/Background/AGBackgroundColor.swift",
"Graphics/Effects/Color/Bayer Dither/BayerDither.swift",
"Graphics/Effects/Color/Bayer Dither/BayerDitherGraphic.swift",
"Graphics/Effects/Color/Border/AGBorder.swift",
"Graphics/Effects/Color/Channel Mix/AGChannelMix.swift",
"Graphics/Effects/Color/Channel Mix/ChannelMix.swift",
"Graphics/Effects/Color/Channel Mix/ChannelMix3D.swift",
"Graphics/Effects/Color/Channel Mix/ChannelMix3DGraphic.swift",
"Graphics/Effects/Color/Channel Mix/ChannelMixGraphic.swift",
"Graphics/Effects/Color/Chroma Key/ChromaKey.swift",
"Graphics/Effects/Color/Chroma Key/ChromaKeyGraphic.swift",
"Graphics/Effects/Color/Clamp/Clamp.swift",
"Graphics/Effects/Color/Clamp/Clamp3D.swift",
"Graphics/Effects/Color/Clamp/Clamp3DGraphic.swift",
"Graphics/Effects/Color/Clamp/ClampGraphic.swift",
"Graphics/Effects/Color/ColorEffectGraphic3DProtocol.swift",
"Graphics/Effects/Color/ColorEffectGraphic3DType.swift",
"Graphics/Effects/Color/ColorEffectGraphicProtocol.swift",
"Graphics/Effects/Color/ColorEffectGraphicType.swift",
"Graphics/Effects/Color/Convert/ColorConvert.swift",
"Graphics/Effects/Color/Convert/ColorConvertGraphic.swift",
"Graphics/Effects/Color/Effect+Color.swift",
"Graphics/Effects/Color/Flood Fill/FloodFill.swift",
"Graphics/Effects/Color/Gradient Lookup/GradientLookup.swift",
"Graphics/Effects/Color/Gradient Lookup/GradientLookup3D.swift",
"Graphics/Effects/Color/Gradient Lookup/GradientLookup3DGraphic.swift",
"Graphics/Effects/Color/Gradient Lookup/GradientLookupGraphic.swift",
"Graphics/Effects/Color/LUT/LUT.swift",
"Graphics/Effects/Color/LUT/LUT3D.swift",
"Graphics/Effects/Color/Levels/AGOpacity.swift",
"Graphics/Effects/Color/Levels/Levels.swift",
"Graphics/Effects/Color/Levels/Levels3D.swift",
"Graphics/Effects/Color/Levels/Levels3DGraphic.swift",
"Graphics/Effects/Color/Levels/LevelsGraphic.swift",
"Graphics/Effects/Color/Map/ColorMap.swift",
"Graphics/Effects/Color/Map/ColorMap3D.swift",
"Graphics/Effects/Color/Map/ColorMap3DGraphic.swift",
"Graphics/Effects/Color/Map/ColorMapGraphic.swift",
"Graphics/Effects/Color/Person Segmentation/PersonSegmentation.swift",
"Graphics/Effects/Color/Person Segmentation/PersonSegmentationGraphic.swift",
"Graphics/Effects/Color/Quantize/Quantize.swift",
"Graphics/Effects/Color/Quantize/Quantize3D.swift",
"Graphics/Effects/Color/Quantize/Quantize3DGraphic.swift",
"Graphics/Effects/Color/Quantize/QuantizeGraphic.swift",
"Graphics/Effects/Color/Range/Range.swift",
"Graphics/Effects/Color/Range/Range3D.swift",
"Graphics/Effects/Color/Range/Range3DGraphic.swift",
"Graphics/Effects/Color/Range/RangeGraphic.swift",
"Graphics/Effects/Color/Saliency/Saliency.swift",
"Graphics/Effects/Color/Saliency/SaliencyGraphic.swift",
"Graphics/Effects/Color/Shift/ColorShift.swift",
"Graphics/Effects/Color/Shift/ColorShift3D.swift",
"Graphics/Effects/Color/Shift/ColorShift3DGraphic.swift",
"Graphics/Effects/Color/Shift/ColorShiftGraphic.swift",
"Graphics/Effects/Color/Slope/Slope.swift",
"Graphics/Effects/Color/Slope/Slope3D.swift",
"Graphics/Effects/Color/Slope/Slope3DGraphic.swift",
"Graphics/Effects/Color/Slope/SlopeGraphic.swift",
"Graphics/Effects/Color/Threshold/Threshold.swift",
"Graphics/Effects/Color/Threshold/Threshold3D.swift",
"Graphics/Effects/Color/Threshold/Threshold3DGraphic.swift",
"Graphics/Effects/Color/Threshold/ThresholdGraphic.swift",
"Graphics/Effects/Convert/Add/Add3D.swift",
"Graphics/Effects/Convert/Average/Average3D.swift",
"Graphics/Effects/Convert/Bits/Bits.swift",
"Graphics/Effects/Convert/Bits/Bits3D.swift",
"Graphics/Effects/Convert/Bits/Bits3DGraphic.swift",
"Graphics/Effects/Convert/Bits/BitsGraphic.swift",
"Graphics/Effects/Convert/Color Space/ColorSpace.swift",
"Graphics/Effects/Convert/Construct/Construct3D.swift",
"Graphics/Effects/Convert/ConvertEffectGraphic3DProtocol.swift",
"Graphics/Effects/Convert/ConvertEffectGraphic3DType.swift",
"Graphics/Effects/Convert/ConvertEffectGraphicProtocol.swift",
"Graphics/Effects/Convert/ConvertEffectGraphicType.swift",
"Graphics/Effects/Convert/Copy/Copy.swift",
"Graphics/Effects/Convert/Corner Pin/CornerPin.swift",
"Graphics/Effects/Convert/Corner Pin/CornerPinGraphic.swift",
"Graphics/Effects/Convert/Crop/Crop.swift",
"Graphics/Effects/Convert/Crop/Crop3D.swift",
"Graphics/Effects/Convert/Crop/CropGraphic.swift",
"Graphics/Effects/Convert/Crop/CropGraphic3D.swift",
"Graphics/Effects/Convert/Crop/FrameCropGraphic.swift",
"Graphics/Effects/Convert/Cube Map to Equirect/CubeMapToEquirect.swift",
"Graphics/Effects/Convert/Cube Map to Equirect/CubeMapToEquirectGraphic.swift",
"Graphics/Effects/Convert/Down Sample/DownSample.swift",
"Graphics/Effects/Convert/Effect+Convert.swift",
"Graphics/Effects/Convert/Equirect Orientation/EquirectOrientation.swift",
"Graphics/Effects/Convert/Equirect to Cube Map/EquirectToCubeMap.swift",
"Graphics/Effects/Convert/Equirect to Cube Map/EquirectToCubeMapGraphic.swift",
"Graphics/Effects/Convert/Face Detection/FaceDetection.swift",
"Graphics/Effects/Convert/Grid Warp/GridWarp.swift",
"Graphics/Effects/Convert/IOSurface/IOSurface.swift",
"Graphics/Effects/Convert/Inspect/Inspect.swift",
"Graphics/Effects/Convert/Location from Depth/LocationFromDepth.swift",
"Graphics/Effects/Convert/Map/Map.swift",
"Graphics/Effects/Convert/Merge/Merge3D.swift",
"Graphics/Effects/Convert/Optical Flow/OpticalFlow.swift",
"Graphics/Effects/Convert/Orbit/Orbit.swift",
"Graphics/Effects/Convert/Polar/CartesianToPolar.swift",
"Graphics/Effects/Convert/Polar/Polar.swift",
"Graphics/Effects/Convert/Polar/Polar3D.swift",
"Graphics/Effects/Convert/Polar/PolarToCartesian.swift",
"Graphics/Effects/Convert/Reduce/Reduce.swift",
"Graphics/Effects/Convert/Resolution/Resolution.swift",
"Graphics/Effects/Convert/Resolution/ResolutionGraphic.swift",
"Graphics/Effects/Convert/Sample/Sample.swift",
"Graphics/Effects/Convert/Sample/Sample3D.swift",
"Graphics/Effects/Convert/Slice/Slice.swift",
"Graphics/Effects/Convert/Stack/AGHStack.swift",
"Graphics/Effects/Convert/Stack/AGVStack.swift",
"Graphics/Effects/Convert/Stack/AGZStack.swift",
"Graphics/Effects/Convert/Stack/Stack.swift",
"Graphics/Effects/Convert/Tile/Tile.swift",
"Graphics/Effects/Convert/Tile/Tile3D.swift",
"Graphics/Effects/Convert/Trace/Trace3D.swift",
"Graphics/Effects/Convert/Transpose/Transpose.swift",
"Graphics/Effects/Convert/YUV/YUVToRGB.swift",
"Graphics/Effects/Effect.swift",
"Graphics/Effects/EffectGraphic3DProtocol.swift",
"Graphics/Effects/EffectGraphic3DType.swift",
"Graphics/Effects/EffectGraphicProtocol.swift",
"Graphics/Effects/EffectGraphicType.swift",
"Graphics/Effects/Layout/Aspect Ratio/AGAspectRatio.swift",
"Graphics/Effects/Layout/Frame/AGFrame.swift",
"Graphics/Effects/Layout/Padding/AGPadding.swift",
"Graphics/Effects/Layout/Padding/Padding.swift",
"Graphics/Effects/Modifier/Background/AGBackground.swift",
"Graphics/Effects/Modifier/Blend/AGBlend.swift",
"Graphics/Effects/Modifier/Blend/AGBlended.swift",
"Graphics/Effects/Modifier/Blend/Blend.swift",
"Graphics/Effects/Modifier/Blend/Blend3D.swift",
"Graphics/Effects/Modifier/Blend/Blend3DGraphic.swift",
"Graphics/Effects/Modifier/Blend/BlendGraphic.swift",
"Graphics/Effects/Modifier/Blend/FrameBlendGraphic.swift",
"Graphics/Effects/Modifier/Blend/TransformBlendGraphic.swift",
"Graphics/Effects/Modifier/Cross/Cross.swift",
"Graphics/Effects/Modifier/Cross/Cross3D.swift",
"Graphics/Effects/Modifier/Cross/Cross3DGraphic.swift",
"Graphics/Effects/Modifier/Cross/CrossGraphic.swift",
"Graphics/Effects/Modifier/Displace/Displace.swift",
"Graphics/Effects/Modifier/Displace/Displace3D.swift",
"Graphics/Effects/Modifier/Displace/Displace3DGraphic.swift",
"Graphics/Effects/Modifier/Displace/DisplaceGraphic.swift",
"Graphics/Effects/Modifier/Effect+Modifier.swift",
"Graphics/Effects/Modifier/Lookup/Lookup.swift",
"Graphics/Effects/Modifier/Lookup/Lookup3D.swift",
"Graphics/Effects/Modifier/Lookup/Lookup3DGraphic.swift",
"Graphics/Effects/Modifier/Lookup/LookupGraphic.swift",
"Graphics/Effects/Modifier/Luma Blur/LumaBlur.swift",
"Graphics/Effects/Modifier/Luma Blur/LumaBlur3D.swift",
"Graphics/Effects/Modifier/Luma Blur/LumaBlur3DGraphic.swift",
"Graphics/Effects/Modifier/Luma Blur/LumaBlurGraphic.swift",
"Graphics/Effects/Modifier/Luma Color Shift/LumaColorShift.swift",
"Graphics/Effects/Modifier/Luma Color Shift/LumaColorShift3D.swift",
"Graphics/Effects/Modifier/Luma Color Shift/LumaColorShift3DGraphic.swift",
"Graphics/Effects/Modifier/Luma Color Shift/LumaColorShiftGraphic.swift",
"Graphics/Effects/Modifier/Luma Levels/LumaLevels.swift",
"Graphics/Effects/Modifier/Luma Levels/LumaLevels3D.swift",
"Graphics/Effects/Modifier/Luma Levels/LumaLevels3DGraphic.swift",
"Graphics/Effects/Modifier/Luma Levels/LumaLevelsGraphic.swift",
"Graphics/Effects/Modifier/Luma Rainbow Blur/LumaRainbowBlur.swift",
"Graphics/Effects/Modifier/Luma Rainbow Blur/LumaRainbowBlur3D.swift",
"Graphics/Effects/Modifier/Luma Rainbow Blur/LumaRainbowBlur3DGraphic.swift",
"Graphics/Effects/Modifier/Luma Rainbow Blur/LumaRainbowBlurGraphic.swift",
"Graphics/Effects/Modifier/Luma Sample/LumaSample.swift",
"Graphics/Effects/Modifier/Luma Transform/LumaTransform.swift",
"Graphics/Effects/Modifier/Luma Transform/LumaTransform3D.swift",
"Graphics/Effects/Modifier/Luma Transform/LumaTransform3DGraphic.swift",
"Graphics/Effects/Modifier/Luma Transform/LumaTransformGraphic.swift",
"Graphics/Effects/Modifier/Mask/AGMask.swift",
"Graphics/Effects/Modifier/Mask/Mask.swift",
"Graphics/Effects/Modifier/Mask/Mask3DGraphic.swift",
"Graphics/Effects/Modifier/Mask/MaskGraphic.swift",
"Graphics/Effects/Modifier/Metal/DualMetal.swift",
"Graphics/Effects/Modifier/ModifierEffectGraphic3DProtocol.swift",
"Graphics/Effects/Modifier/ModifierEffectGraphic3DType.swift",
"Graphics/Effects/Modifier/ModifierEffectGraphicProtocol.swift",
"Graphics/Effects/Modifier/ModifierEffectGraphicType.swift",
"Graphics/Effects/Modifier/Remap/Remap.swift",
"Graphics/Effects/Modifier/Stack/ABStack.swift",
"Graphics/Effects/Modifier/Stack/Stack3D.swift",
"Graphics/Effects/Modifier/Stack/StackArray3D.swift",
"Graphics/Effects/Sequence/Blends/Blends.swift",
"Graphics/Effects/Sequence/ForEach/AGForEach.swift",
"Graphics/Effects/Sequence/Group/AGGroup.swift",
"Graphics/Effects/Sequence/Metal/ArrayMetal.swift",
"Graphics/Effects/Sequence/Sprites/Sprites.swift",
"Graphics/Effects/Space/Blur/AGBlur.swift",
"Graphics/Effects/Space/Blur/Blur.swift",
"Graphics/Effects/Space/Blur/Blur3D.swift",
"Graphics/Effects/Space/Blur/Blur3DGraphic.swift",
"Graphics/Effects/Space/Blur/BlurGraphic.swift",
"Graphics/Effects/Space/Blur/LayeredBlur3D.swift",
"Graphics/Effects/Space/Circle Blur/CircleBlur.swift",
"Graphics/Effects/Space/Circle Blur/CircleBlurGraphic.swift",
"Graphics/Effects/Space/Coordinate Space/CoordinateSpace.swift",
"Graphics/Effects/Space/Edge/Edge.swift",
"Graphics/Effects/Space/Edge/Edge3D.swift",
"Graphics/Effects/Space/Edge/Edge3DGraphic.swift",
"Graphics/Effects/Space/Edge/EdgeGraphic.swift",
"Graphics/Effects/Space/Effect+Space.swift",
"Graphics/Effects/Space/Kaleidoscope/Kaleidoscope.swift",
"Graphics/Effects/Space/Kaleidoscope/KaleidoscopeGraphic.swift",
"Graphics/Effects/Space/Metal/DirectMetal.swift",
"Graphics/Effects/Space/Morph/Morph.swift",
"Graphics/Effects/Space/Morph/MorphGraphic.swift",
"Graphics/Effects/Space/Pixelate/Pixelate.swift",
"Graphics/Effects/Space/Pixelate/PixelateGraphic.swift",
"Graphics/Effects/Space/Rainbow Blur/RainbowBlur.swift",
"Graphics/Effects/Space/Rainbow Blur/RainbowBlurGraphic.swift",
"Graphics/Effects/Space/Sample Line/SampleLine.swift",
"Graphics/Effects/Space/Sharpen/Sharpen.swift",
"Graphics/Effects/Space/Sharpen/SharpenGraphic.swift",
"Graphics/Effects/Space/SpaceEffectGraphic3DProtocol.swift",
"Graphics/Effects/Space/SpaceEffectGraphic3DType.swift",
"Graphics/Effects/Space/SpaceEffectGraphicProtocol.swift",
"Graphics/Effects/Space/SpaceEffectGraphicType.swift",
"Graphics/Effects/Space/Transform/AGOffset.swift",
"Graphics/Effects/Space/Transform/Transform.swift",
"Graphics/Effects/Space/Transform/Transform3D.swift",
"Graphics/Effects/Space/Transform/TransformGraphic.swift",
"Graphics/Effects/Space/Transform/TransformGraphic3D.swift",
"Renderer/AGPerformanceTrace.swift",
"Renderer/Extensions/Renderer+CommandEncoder.swift",
"Renderer/Extensions/Renderer+Error.swift",
"Renderer/Extensions/Renderer+Pipeline.swift",
"Renderer/Extensions/Renderer+Sampler.swift",
"Renderer/Extensions/Renderer+Shaders.swift",
"Renderer/Extensions/Renderer+Vertex.swift",
"Renderer/Extensions/Types/Renderer+Camera.swift",
"Renderer/Extensions/Types/Renderer+Metadata.swift",
"Renderer/Extensions/Types/Renderer+Options.swift",
"Renderer/Extensions/Types/Renderer+Shader.swift",
"Renderer/Extensions/Types/Renderer+Uniforms.swift",
"Renderer/Renderer.swift",
"Types/Extensions/Angle+codable.swift",
"Types/Metal/MetalUniform.swift",
"Types/Metal/RawMetalUniform.swift",
"Types/Resolution/MultiDimensionalResolution.swift",
"Types/Sendable/SendableImage.swift",
"Types/Sendable/SendablePixelBuffer.swift",
"Types/Sendable/SendableSampleBuffer.swift",
"Types/Sendable/SendableTexture.swift",
"Types/Uniforms/Angle.swift",
"Types/Uniforms/ColorUniform.swift",
"Types/Uniforms/PointUniform.swift",
"Types/Uniforms/QuaternionUniform.swift",
"Types/Uniforms/SizeUniform.swift",
"Types/Uniforms/Uniforms.swift",
"Types/Uniforms/VectorUniform.swift",
"Views/AGView.swift",
"Views/AsyncGraphicView.swift",
"Views/Graphic3DImageRenderView.swift",
"Views/Graphic3DRenderView.swift",
"Views/Graphic3DView.swift",
"Views/GraphicImageRenderView.swift",
"Views/GraphicRenderView.swift",
"Views/GraphicView.swift",
"Views/Layer/GraphicLayerColorConversion.swift",
"Views/Layer/GraphicLayerColorSpace.swift",
"Views/Layer/GraphicLayerView.swift",
"Views/Layer/GraphicMetalLayer.swift",
"Views/Layer/GraphicMetalLayerDisplayDelegate.swift",
"Views/Layer/GraphicMetalLayerRepresentable.swift",
"Views/Layer/GraphicMetalLayerResources.swift",
"Views/Layer/GraphicMetalLayerView.swift",
"Views/Metal/GraphicMetalView.swift",
"Views/Metal/GraphicMetalViewable.swift",
"Views/Metal/GraphicMetalVisionView.swift",
"Views/Render/Graphic3DImageRenderer.swift",
"Views/Render/Graphic3DViewRenderer.swift",
"Views/Render/GraphicImageRenderer.swift",
"Views/Render/GraphicViewRenderer.swift",
"Views/Representable/GraphicRepresentableView.swift",
"Views/Representable/GraphicVisionRepresentableView.swift",
"Views/State/Graphic3DRenderState.swift",
"Views/State/GraphicRenderState.swift"
],
"target_dependencies" : [
"AsyncGraphicsMacros"
],
"type" : "library"
}
],
"tools_version" : "6.0"
}
{
"workspace" : {
"name" : "spi-builder-workspace",
"schemes" : [
"AsyncGraphics"
]
}
}
2026-10-05 06:26:50.208 xcodebuild[1619:9302] [MT] IDERunDestination: Supported platforms for the buildables in the current scheme is empty.
Running build ...
env DEVELOPER_DIR=/Applications/Xcode-26.3.0.app xcrun xcodebuild -IDEClonedSourcePackagesDirPathOverride=$PWD/.dependencies -skipMacroValidation -skipPackagePluginValidation -derivedDataPath $PWD/.derivedData build -scheme AsyncGraphics -destination generic/platform=watchOS
Command line invocation:
/Applications/Xcode-26.3.0.app/Contents/Developer/usr/bin/xcodebuild -IDEClonedSourcePackagesDirPathOverride=/Users/admin/builder/spi-builder-workspace/.dependencies -skipMacroValidation -skipPackagePluginValidation -derivedDataPath /Users/admin/builder/spi-builder-workspace/.derivedData build -scheme AsyncGraphics -destination generic/platform=watchOS
Resolve Package Graph
Downloading package prebuilt https://download.swift.org/prebuilts/swift-syntax/600.0.1/swiftlang-6.2.4.1.4-MacroSupport-macos_aarch64.zip
Resolve Package Graph
Downloading package prebuilt https://download.swift.org/prebuilts/swift-syntax/600.0.1/swiftlang-6.2.4.1.4-MacroSupport-macos_aarch64.zip
Resolved source packages:
AsyncGraphics: /Users/admin/builder/spi-builder-workspace
swift-syntax: https://github.com/apple/swift-syntax @ 600.0.1
PixelColor: https://github.com/heestand-xyz/PixelColor @ 3.3.0
CoreGraphicsExtensions: https://github.com/heestand-xyz/CoreGraphicsExtensions @ 2.1.0
SwiftDocCPlugin: https://github.com/apple/swift-docc-plugin @ 1.5.0
VideoFrames: https://github.com/heestand-xyz/VideoFrames @ 2.3.0
SpatialExtensions: https://github.com/heestand-xyz/SpatialExtensions @ 1.1.0
SymbolKit: https://github.com/swiftlang/swift-docc-symbolkit @ 1.0.0
TextureMap: https://github.com/heestand-xyz/TextureMap @ 2.3.0
ComputePackagePrebuildTargetDependencyGraph
Prepare packages
CreateBuildRequest
SendProjectDescription
CreateBuildOperation
ComputeTargetDependencyGraph
note: Building targets in dependency order
note: Target dependency graph (31 targets)
Target 'AsyncGraphics' in project 'AsyncGraphics'
➜ Explicit dependency on target 'AsyncGraphics' in project 'AsyncGraphics'
➜ Explicit dependency on target 'AsyncGraphics_AsyncGraphics' in project 'AsyncGraphics'
➜ Explicit dependency on target 'AsyncGraphicsMacros' in project 'AsyncGraphics'
➜ Explicit dependency on target 'TextureMap' in project 'TextureMap'
➜ Explicit dependency on target 'PixelColor' in project 'PixelColor'
➜ Explicit dependency on target 'CoreGraphicsExtensions' in project 'CoreGraphicsExtensions'
➜ Explicit dependency on target 'SpatialExtensions' in project 'SpatialExtensions'
➜ Explicit dependency on target 'VideoFrames' in project 'VideoFrames'
Target 'AsyncGraphics' in project 'AsyncGraphics'
➜ Explicit dependency on target 'AsyncGraphics_AsyncGraphics' in project 'AsyncGraphics'
➜ Explicit dependency on target 'AsyncGraphicsMacros' in project 'AsyncGraphics'
➜ Explicit dependency on target 'TextureMap' in project 'TextureMap'
➜ Explicit dependency on target 'PixelColor' in project 'PixelColor'
➜ Explicit dependency on target 'CoreGraphicsExtensions' in project 'CoreGraphicsExtensions'
➜ Explicit dependency on target 'SpatialExtensions' in project 'SpatialExtensions'
➜ Explicit dependency on target 'VideoFrames' in project 'VideoFrames'
Target 'VideoFrames' in project 'VideoFrames'
➜ Explicit dependency on target 'VideoFrames' in project 'VideoFrames'
Target 'VideoFrames' in project 'VideoFrames' (no dependencies)
Target 'SpatialExtensions' in project 'SpatialExtensions'
➜ Explicit dependency on target 'SpatialExtensions' in project 'SpatialExtensions'
Target 'SpatialExtensions' in project 'SpatialExtensions' (no dependencies)
Target 'CoreGraphicsExtensions' in project 'CoreGraphicsExtensions'
➜ Explicit dependency on target 'CoreGraphicsExtensions' in project 'CoreGraphicsExtensions'
Target 'CoreGraphicsExtensions' in project 'CoreGraphicsExtensions' (no dependencies)
Target 'PixelColor' in project 'PixelColor'
➜ Explicit dependency on target 'PixelColor' in project 'PixelColor'
Target 'PixelColor' in project 'PixelColor' (no dependencies)
Target 'TextureMap' in project 'TextureMap'
➜ Explicit dependency on target 'TextureMap' in project 'TextureMap'
Target 'TextureMap' in project 'TextureMap' (no dependencies)
Target 'AsyncGraphicsMacros' in project 'AsyncGraphics'
➜ Explicit dependency on target 'SwiftSyntaxMacros' in project 'swift-syntax'
➜ Explicit dependency on target 'SwiftCompilerPlugin' in project 'swift-syntax'
Target 'SwiftCompilerPlugin' in project 'swift-syntax'
➜ Explicit dependency on target 'SwiftCompilerPlugin' in project 'swift-syntax'
➜ Explicit dependency on target '_SwiftSyntaxCShims' in project 'swift-syntax'
➜ Explicit dependency on target 'SwiftSyntax509' in project 'swift-syntax'
➜ Explicit dependency on target 'SwiftSyntax510' in project 'swift-syntax'
➜ Explicit dependency on target 'SwiftSyntax600' in project 'swift-syntax'
➜ Explicit dependency on target 'SwiftSyntax' in project 'swift-syntax'
➜ Explicit dependency on target 'SwiftDiagnostics' in project 'swift-syntax'
➜ Explicit dependency on target 'SwiftParser' in project 'swift-syntax'
➜ Explicit dependency on target 'SwiftOperators' in project 'swift-syntax'
➜ Explicit dependency on target 'SwiftBasicFormat' in project 'swift-syntax'
➜ Explicit dependency on target 'SwiftParserDiagnostics' in project 'swift-syntax'
➜ Explicit dependency on target 'SwiftSyntaxBuilder' in project 'swift-syntax'
➜ Explicit dependency on target 'SwiftSyntaxMacros' in project 'swift-syntax'
➜ Explicit dependency on target 'SwiftSyntaxMacroExpansion' in project 'swift-syntax'
➜ Explicit dependency on target 'SwiftCompilerPluginMessageHandling' in project 'swift-syntax'
Target 'SwiftCompilerPlugin' in project 'swift-syntax'
➜ Explicit dependency on target '_SwiftSyntaxCShims' in project 'swift-syntax'
➜ Explicit dependency on target 'SwiftSyntax509' in project 'swift-syntax'
➜ Explicit dependency on target 'SwiftSyntax510' in project 'swift-syntax'
➜ Explicit dependency on target 'SwiftSyntax600' in project 'swift-syntax'
➜ Explicit dependency on target 'SwiftSyntax' in project 'swift-syntax'
➜ Explicit dependency on target 'SwiftDiagnostics' in project 'swift-syntax'
➜ Explicit dependency on target 'SwiftParser' in project 'swift-syntax'
➜ Explicit dependency on target 'SwiftOperators' in project 'swift-syntax'
➜ Explicit dependency on target 'SwiftBasicFormat' in project 'swift-syntax'
➜ Explicit dependency on target 'SwiftParserDiagnostics' in project 'swift-syntax'
➜ Explicit dependency on target 'SwiftSyntaxBuilder' in project 'swift-syntax'
➜ Explicit dependency on target 'SwiftSyntaxMacros' in project 'swift-syntax'
➜ Explicit dependency on target 'SwiftSyntaxMacroExpansion' in project 'swift-syntax'
➜ Explicit dependency on target 'SwiftCompilerPluginMessageHandling' in project 'swift-syntax'
Target 'SwiftCompilerPluginMessageHandling' in project 'swift-syntax'
➜ Explicit dependency on target '_SwiftSyntaxCShims' in project 'swift-syntax'
➜ Explicit dependency on target 'SwiftSyntax509' in project 'swift-syntax'
➜ Explicit dependency on target 'SwiftSyntax510' in project 'swift-syntax'
➜ Explicit dependency on target 'SwiftSyntax600' in project 'swift-syntax'
➜ Explicit dependency on target 'SwiftSyntax' in project 'swift-syntax'
➜ Explicit dependency on target 'SwiftDiagnostics' in project 'swift-syntax'
➜ Explicit dependency on target 'SwiftParser' in project 'swift-syntax'
➜ Explicit dependency on target 'SwiftOperators' in project 'swift-syntax'
➜ Explicit dependency on target 'SwiftBasicFormat' in project 'swift-syntax'
➜ Explicit dependency on target 'SwiftParserDiagnostics' in project 'swift-syntax'
➜ Explicit dependency on target 'SwiftSyntaxBuilder' in project 'swift-syntax'
➜ Explicit dependency on target 'SwiftSyntaxMacros' in project 'swift-syntax'
➜ Explicit dependency on target 'SwiftSyntaxMacroExpansion' in project 'swift-syntax'
Target 'SwiftSyntaxMacroExpansion' in project 'swift-syntax'
➜ Explicit dependency on target '_SwiftSyntaxCShims' in project 'swift-syntax'
➜ Explicit dependency on target 'SwiftSyntax509' in project 'swift-syntax'
➜ Explicit dependency on target 'SwiftSyntax510' in project 'swift-syntax'
➜ Explicit dependency on target 'SwiftSyntax600' in project 'swift-syntax'
➜ Explicit dependency on target 'SwiftSyntax' in project 'swift-syntax'
➜ Explicit dependency on target 'SwiftBasicFormat' in project 'swift-syntax'
➜ Explicit dependency on target 'SwiftParser' in project 'swift-syntax'
➜ Explicit dependency on target 'SwiftDiagnostics' in project 'swift-syntax'
➜ Explicit dependency on target 'SwiftParserDiagnostics' in project 'swift-syntax'
➜ Explicit dependency on target 'SwiftSyntaxBuilder' in project 'swift-syntax'
➜ Explicit dependency on target 'SwiftSyntaxMacros' in project 'swift-syntax'
➜ Explicit dependency on target 'SwiftOperators' in project 'swift-syntax'
Target 'SwiftOperators' in project 'swift-syntax'
➜ Explicit dependency on target '_SwiftSyntaxCShims' in project 'swift-syntax'
➜ Explicit dependency on target 'SwiftSyntax509' in project 'swift-syntax'
➜ Explicit dependency on target 'SwiftSyntax510' in project 'swift-syntax'
➜ Explicit dependency on target 'SwiftSyntax600' in project 'swift-syntax'
➜ Explicit dependency on target 'SwiftSyntax' in project 'swift-syntax'
➜ Explicit dependency on target 'SwiftDiagnostics' in project 'swift-syntax'
➜ Explicit dependency on target 'SwiftParser' in project 'swift-syntax'
Target 'SwiftSyntaxMacros' in project 'swift-syntax'
➜ Explicit dependency on target 'SwiftSyntaxMacros' in project 'swift-syntax'
➜ Explicit dependency on target '_SwiftSyntaxCShims' in project 'swift-syntax'
➜ Explicit dependency on target 'SwiftSyntax509' in project 'swift-syntax'
➜ Explicit dependency on target 'SwiftSyntax510' in project 'swift-syntax'
➜ Explicit dependency on target 'SwiftSyntax600' in project 'swift-syntax'
➜ Explicit dependency on target 'SwiftSyntax' in project 'swift-syntax'
➜ Explicit dependency on target 'SwiftDiagnostics' in project 'swift-syntax'
➜ Explicit dependency on target 'SwiftParser' in project 'swift-syntax'
➜ Explicit dependency on target 'SwiftBasicFormat' in project 'swift-syntax'
➜ Explicit dependency on target 'SwiftParserDiagnostics' in project 'swift-syntax'
➜ Explicit dependency on target 'SwiftSyntaxBuilder' in project 'swift-syntax'
Target 'SwiftSyntaxMacros' in project 'swift-syntax'
➜ Explicit dependency on target '_SwiftSyntaxCShims' in project 'swift-syntax'
➜ Explicit dependency on target 'SwiftSyntax509' in project 'swift-syntax'
➜ Explicit dependency on target 'SwiftSyntax510' in project 'swift-syntax'
➜ Explicit dependency on target 'SwiftSyntax600' in project 'swift-syntax'
➜ Explicit dependency on target 'SwiftSyntax' in project 'swift-syntax'
➜ Explicit dependency on target 'SwiftDiagnostics' in project 'swift-syntax'
➜ Explicit dependency on target 'SwiftParser' in project 'swift-syntax'
➜ Explicit dependency on target 'SwiftBasicFormat' in project 'swift-syntax'
➜ Explicit dependency on target 'SwiftParserDiagnostics' in project 'swift-syntax'
➜ Explicit dependency on target 'SwiftSyntaxBuilder' in project 'swift-syntax'
Target 'SwiftSyntaxBuilder' in project 'swift-syntax'
➜ Explicit dependency on target '_SwiftSyntaxCShims' in project 'swift-syntax'
➜ Explicit dependency on target 'SwiftSyntax509' in project 'swift-syntax'
➜ Explicit dependency on target 'SwiftSyntax510' in project 'swift-syntax'
➜ Explicit dependency on target 'SwiftSyntax600' in project 'swift-syntax'
➜ Explicit dependency on target 'SwiftSyntax' in project 'swift-syntax'
➜ Explicit dependency on target 'SwiftBasicFormat' in project 'swift-syntax'
➜ Explicit dependency on target 'SwiftParser' in project 'swift-syntax'
➜ Explicit dependency on target 'SwiftDiagnostics' in project 'swift-syntax'
➜ Explicit dependency on target 'SwiftParserDiagnostics' in project 'swift-syntax'
Target 'SwiftParserDiagnostics' in project 'swift-syntax'
➜ Explicit dependency on target '_SwiftSyntaxCShims' in project 'swift-syntax'
➜ Explicit dependency on target 'SwiftSyntax509' in project 'swift-syntax'
➜ Explicit dependency on target 'SwiftSyntax510' in project 'swift-syntax'
➜ Explicit dependency on target 'SwiftSyntax600' in project 'swift-syntax'
➜ Explicit dependency on target 'SwiftSyntax' in project 'swift-syntax'
➜ Explicit dependency on target 'SwiftBasicFormat' in project 'swift-syntax'
➜ Explicit dependency on target 'SwiftDiagnostics' in project 'swift-syntax'
➜ Explicit dependency on target 'SwiftParser' in project 'swift-syntax'
Target 'SwiftBasicFormat' in project 'swift-syntax'
➜ Explicit dependency on target '_SwiftSyntaxCShims' in project 'swift-syntax'
➜ Explicit dependency on target 'SwiftSyntax509' in project 'swift-syntax'
➜ Explicit dependency on target 'SwiftSyntax510' in project 'swift-syntax'
➜ Explicit dependency on target 'SwiftSyntax600' in project 'swift-syntax'
➜ Explicit dependency on target 'SwiftSyntax' in project 'swift-syntax'
Target 'SwiftParser' in project 'swift-syntax'
➜ Explicit dependency on target '_SwiftSyntaxCShims' in project 'swift-syntax'
➜ Explicit dependency on target 'SwiftSyntax509' in project 'swift-syntax'
➜ Explicit dependency on target 'SwiftSyntax510' in project 'swift-syntax'
➜ Explicit dependency on target 'SwiftSyntax600' in project 'swift-syntax'
➜ Explicit dependency on target 'SwiftSyntax' in project 'swift-syntax'
Target 'SwiftDiagnostics' in project 'swift-syntax'
➜ Explicit dependency on target '_SwiftSyntaxCShims' in project 'swift-syntax'
➜ Explicit dependency on target 'SwiftSyntax509' in project 'swift-syntax'
➜ Explicit dependency on target 'SwiftSyntax510' in project 'swift-syntax'
➜ Explicit dependency on target 'SwiftSyntax600' in project 'swift-syntax'
➜ Explicit dependency on target 'SwiftSyntax' in project 'swift-syntax'
Target 'SwiftSyntax' in project 'swift-syntax'
➜ Explicit dependency on target '_SwiftSyntaxCShims' in project 'swift-syntax'
➜ Explicit dependency on target 'SwiftSyntax509' in project 'swift-syntax'
➜ Explicit dependency on target 'SwiftSyntax510' in project 'swift-syntax'
➜ Explicit dependency on target 'SwiftSyntax600' in project 'swift-syntax'
Target 'SwiftSyntax600' in project 'swift-syntax' (no dependencies)
Target 'SwiftSyntax510' in project 'swift-syntax' (no dependencies)
Target 'SwiftSyntax509' in project 'swift-syntax' (no dependencies)
Target '_SwiftSyntaxCShims' in project 'swift-syntax' (no dependencies)
Target 'AsyncGraphics_AsyncGraphics' in project 'AsyncGraphics' (no dependencies)
GatherProvisioningInputs
CreateBuildDescription
ClangStatCache /Applications/Xcode-26.3.0.app/Contents/Developer/Toolchains/XcodeDefault.xctoolchain/usr/bin/clang-stat-cache /Applications/Xcode-26.3.0.app/Contents/Developer/Platforms/MacOSX.platform/Developer/SDKs/MacOSX26.2.sdk /Users/admin/builder/spi-builder-workspace/.derivedData/SDKStatCaches.noindex/macosx26.2-25C58-dc75598d0054f22ec865fa860f139d726b10091eae1b9012e514a50b0de53ce7.sdkstatcache
cd /Users/admin/builder/spi-builder-workspace/.swiftpm/xcode
/Applications/Xcode-26.3.0.app/Contents/Developer/Toolchains/XcodeDefault.xctoolchain/usr/bin/clang-stat-cache /Applications/Xcode-26.3.0.app/Contents/Developer/Platforms/MacOSX.platform/Developer/SDKs/MacOSX26.2.sdk -o /Users/admin/builder/spi-builder-workspace/.derivedData/SDKStatCaches.noindex/macosx26.2-25C58-dc75598d0054f22ec865fa860f139d726b10091eae1b9012e514a50b0de53ce7.sdkstatcache
ClangStatCache /Applications/Xcode-26.3.0.app/Contents/Developer/Toolchains/XcodeDefault.xctoolchain/usr/bin/clang-stat-cache /Applications/Xcode-26.3.0.app/Contents/Developer/Platforms/WatchOS.platform/Developer/SDKs/WatchOS26.2.sdk /Users/admin/builder/spi-builder-workspace/.derivedData/SDKStatCaches.noindex/watchos26.2-23S303-dc75598d0054f22ec865fa860f139d721753b489057de6bda919edfa1c59a62b.sdkstatcache
cd /Users/admin/builder/spi-builder-workspace/.swiftpm/xcode
/Applications/Xcode-26.3.0.app/Contents/Developer/Toolchains/XcodeDefault.xctoolchain/usr/bin/clang-stat-cache /Applications/Xcode-26.3.0.app/Contents/Developer/Platforms/WatchOS.platform/Developer/SDKs/WatchOS26.2.sdk -o /Users/admin/builder/spi-builder-workspace/.derivedData/SDKStatCaches.noindex/watchos26.2-23S303-dc75598d0054f22ec865fa860f139d721753b489057de6bda919edfa1c59a62b.sdkstatcache
CompileMetalFile /Users/admin/builder/spi-builder-workspace/Sources/AsyncGraphics/Shaders/Vertex/VertexPassthrough.metal (in target 'AsyncGraphics_AsyncGraphics' from project 'AsyncGraphics')
cd /Users/admin/builder/spi-builder-workspace
/var/run/com.apple.security.cryptexd/mnt/com.apple.MobileAsset.MetalToolchain-v17.3.7003.10.egaV3l/Metal.xctoolchain/usr/bin/metal -c -target air64-apple-watchos10.0 -I/Users/admin/builder/spi-builder-workspace/.derivedData/Build/Products/Debug-watchos/include -F/Users/admin/builder/spi-builder-workspace/.derivedData/Build/Products/Debug-watchos -isysroot /Applications/Xcode-26.3.0.app/Contents/Developer/Platforms/WatchOS.platform/Developer/SDKs/WatchOS26.2.sdk -fmetal-math-mode\=fast -fmetal-math-fp32-functions\=fast -serialize-diagnostics /Users/admin/builder/spi-builder-workspace/.derivedData/Build/Intermediates.noindex/AsyncGraphics.build/Debug-watchos/AsyncGraphics_AsyncGraphics.build/Metal/VertexPassthrough.dia -o /Users/admin/builder/spi-builder-workspace/.derivedData/Build/Intermediates.noindex/AsyncGraphics.build/Debug-watchos/AsyncGraphics_AsyncGraphics.build/Metal/VertexPassthrough.air -MMD -MT dependencies -MF /Users/admin/builder/spi-builder-workspace/.derivedData/Build/Intermediates.noindex/AsyncGraphics.build/Debug-watchos/AsyncGraphics_AsyncGraphics.build/Metal/VertexPassthrough.dat /Users/admin/builder/spi-builder-workspace/Sources/AsyncGraphics/Shaders/Vertex/VertexPassthrough.metal
CompileMetalFile /Users/admin/builder/spi-builder-workspace/Sources/AsyncGraphics/Shaders/Vertex/VertexCamera.metal (in target 'AsyncGraphics_AsyncGraphics' from project 'AsyncGraphics')
cd /Users/admin/builder/spi-builder-workspace
/var/run/com.apple.security.cryptexd/mnt/com.apple.MobileAsset.MetalToolchain-v17.3.7003.10.egaV3l/Metal.xctoolchain/usr/bin/metal -c -target air64-apple-watchos10.0 -I/Users/admin/builder/spi-builder-workspace/.derivedData/Build/Products/Debug-watchos/include -F/Users/admin/builder/spi-builder-workspace/.derivedData/Build/Products/Debug-watchos -isysroot /Applications/Xcode-26.3.0.app/Contents/Developer/Platforms/WatchOS.platform/Developer/SDKs/WatchOS26.2.sdk -fmetal-math-mode\=fast -fmetal-math-fp32-functions\=fast -serialize-diagnostics /Users/admin/builder/spi-builder-workspace/.derivedData/Build/Intermediates.noindex/AsyncGraphics.build/Debug-watchos/AsyncGraphics_AsyncGraphics.build/Metal/VertexCamera.dia -o /Users/admin/builder/spi-builder-workspace/.derivedData/Build/Intermediates.noindex/AsyncGraphics.build/Debug-watchos/AsyncGraphics_AsyncGraphics.build/Metal/VertexCamera.air -MMD -MT dependencies -MF /Users/admin/builder/spi-builder-workspace/.derivedData/Build/Intermediates.noindex/AsyncGraphics.build/Debug-watchos/AsyncGraphics_AsyncGraphics.build/Metal/VertexCamera.dat /Users/admin/builder/spi-builder-workspace/Sources/AsyncGraphics/Shaders/Vertex/VertexCamera.metal
CompileMetalFile /Users/admin/builder/spi-builder-workspace/Sources/AsyncGraphics/Shaders/Vertex/FragmentColor.metal (in target 'AsyncGraphics_AsyncGraphics' from project 'AsyncGraphics')
cd /Users/admin/builder/spi-builder-workspace
/var/run/com.apple.security.cryptexd/mnt/com.apple.MobileAsset.MetalToolchain-v17.3.7003.10.egaV3l/Metal.xctoolchain/usr/bin/metal -c -target air64-apple-watchos10.0 -I/Users/admin/builder/spi-builder-workspace/.derivedData/Build/Products/Debug-watchos/include -F/Users/admin/builder/spi-builder-workspace/.derivedData/Build/Products/Debug-watchos -isysroot /Applications/Xcode-26.3.0.app/Contents/Developer/Platforms/WatchOS.platform/Developer/SDKs/WatchOS26.2.sdk -fmetal-math-mode\=fast -fmetal-math-fp32-functions\=fast -serialize-diagnostics /Users/admin/builder/spi-builder-workspace/.derivedData/Build/Intermediates.noindex/AsyncGraphics.build/Debug-watchos/AsyncGraphics_AsyncGraphics.build/Metal/FragmentColor.dia -o /Users/admin/builder/spi-builder-workspace/.derivedData/Build/Intermediates.noindex/AsyncGraphics.build/Debug-watchos/AsyncGraphics_AsyncGraphics.build/Metal/FragmentColor.air -MMD -MT dependencies -MF /Users/admin/builder/spi-builder-workspace/.derivedData/Build/Intermediates.noindex/AsyncGraphics.build/Debug-watchos/AsyncGraphics_AsyncGraphics.build/Metal/FragmentColor.dat /Users/admin/builder/spi-builder-workspace/Sources/AsyncGraphics/Shaders/Vertex/FragmentColor.metal
CompileMetalFile /Users/admin/builder/spi-builder-workspace/Sources/AsyncGraphics/Shaders/Vertex/FragmentPassthrough.metal (in target 'AsyncGraphics_AsyncGraphics' from project 'AsyncGraphics')
cd /Users/admin/builder/spi-builder-workspace
/var/run/com.apple.security.cryptexd/mnt/com.apple.MobileAsset.MetalToolchain-v17.3.7003.10.egaV3l/Metal.xctoolchain/usr/bin/metal -c -target air64-apple-watchos10.0 -I/Users/admin/builder/spi-builder-workspace/.derivedData/Build/Products/Debug-watchos/include -F/Users/admin/builder/spi-builder-workspace/.derivedData/Build/Products/Debug-watchos -isysroot /Applications/Xcode-26.3.0.app/Contents/Developer/Platforms/WatchOS.platform/Developer/SDKs/WatchOS26.2.sdk -fmetal-math-mode\=fast -fmetal-math-fp32-functions\=fast -serialize-diagnostics /Users/admin/builder/spi-builder-workspace/.derivedData/Build/Intermediates.noindex/AsyncGraphics.build/Debug-watchos/AsyncGraphics_AsyncGraphics.build/Metal/FragmentPassthrough.dia -o /Users/admin/builder/spi-builder-workspace/.derivedData/Build/Intermediates.noindex/AsyncGraphics.build/Debug-watchos/AsyncGraphics_AsyncGraphics.build/Metal/FragmentPassthrough.air -MMD -MT dependencies -MF /Users/admin/builder/spi-builder-workspace/.derivedData/Build/Intermediates.noindex/AsyncGraphics.build/Debug-watchos/AsyncGraphics_AsyncGraphics.build/Metal/FragmentPassthrough.dat /Users/admin/builder/spi-builder-workspace/Sources/AsyncGraphics/Shaders/Vertex/FragmentPassthrough.metal
CompileMetalFile /Users/admin/builder/spi-builder-workspace/Sources/AsyncGraphics/Views/Layer/GraphicMetalLayer.metal (in target 'AsyncGraphics_AsyncGraphics' from project 'AsyncGraphics')
cd /Users/admin/builder/spi-builder-workspace
/var/run/com.apple.security.cryptexd/mnt/com.apple.MobileAsset.MetalToolchain-v17.3.7003.10.egaV3l/Metal.xctoolchain/usr/bin/metal -c -target air64-apple-watchos10.0 -I/Users/admin/builder/spi-builder-workspace/.derivedData/Build/Products/Debug-watchos/include -F/Users/admin/builder/spi-builder-workspace/.derivedData/Build/Products/Debug-watchos -isysroot /Applications/Xcode-26.3.0.app/Contents/Developer/Platforms/WatchOS.platform/Developer/SDKs/WatchOS26.2.sdk -fmetal-math-mode\=fast -fmetal-math-fp32-functions\=fast -serialize-diagnostics /Users/admin/builder/spi-builder-workspace/.derivedData/Build/Intermediates.noindex/AsyncGraphics.build/Debug-watchos/AsyncGraphics_AsyncGraphics.build/Metal/GraphicMetalLayer.dia -o /Users/admin/builder/spi-builder-workspace/.derivedData/Build/Intermediates.noindex/AsyncGraphics.build/Debug-watchos/AsyncGraphics_AsyncGraphics.build/Metal/GraphicMetalLayer.air -MMD -MT dependencies -MF /Users/admin/builder/spi-builder-workspace/.derivedData/Build/Intermediates.noindex/AsyncGraphics.build/Debug-watchos/AsyncGraphics_AsyncGraphics.build/Metal/GraphicMetalLayer.dat /Users/admin/builder/spi-builder-workspace/Sources/AsyncGraphics/Views/Layer/GraphicMetalLayer.metal
CompileMetalFile /Users/admin/builder/spi-builder-workspace/Sources/AsyncGraphics/Shaders/Effects/rotation_header.metal (in target 'AsyncGraphics_AsyncGraphics' from project 'AsyncGraphics')
cd /Users/admin/builder/spi-builder-workspace
/var/run/com.apple.security.cryptexd/mnt/com.apple.MobileAsset.MetalToolchain-v17.3.7003.10.egaV3l/Metal.xctoolchain/usr/bin/metal -c -target air64-apple-watchos10.0 -I/Users/admin/builder/spi-builder-workspace/.derivedData/Build/Products/Debug-watchos/include -F/Users/admin/builder/spi-builder-workspace/.derivedData/Build/Products/Debug-watchos -isysroot /Applications/Xcode-26.3.0.app/Contents/Developer/Platforms/WatchOS.platform/Developer/SDKs/WatchOS26.2.sdk -fmetal-math-mode\=fast -fmetal-math-fp32-functions\=fast -serialize-diagnostics /Users/admin/builder/spi-builder-workspace/.derivedData/Build/Intermediates.noindex/AsyncGraphics.build/Debug-watchos/AsyncGraphics_AsyncGraphics.build/Metal/rotation_header.dia -o /Users/admin/builder/spi-builder-workspace/.derivedData/Build/Intermediates.noindex/AsyncGraphics.build/Debug-watchos/AsyncGraphics_AsyncGraphics.build/Metal/rotation_header.air -MMD -MT dependencies -MF /Users/admin/builder/spi-builder-workspace/.derivedData/Build/Intermediates.noindex/AsyncGraphics.build/Debug-watchos/AsyncGraphics_AsyncGraphics.build/Metal/rotation_header.dat /Users/admin/builder/spi-builder-workspace/Sources/AsyncGraphics/Shaders/Effects/rotation_header.metal
CompileMetalFile /Users/admin/builder/spi-builder-workspace/Sources/AsyncGraphics/Shaders/Effects/rotation.metal (in target 'AsyncGraphics_AsyncGraphics' from project 'AsyncGraphics')
cd /Users/admin/builder/spi-builder-workspace
/var/run/com.apple.security.cryptexd/mnt/com.apple.MobileAsset.MetalToolchain-v17.3.7003.10.egaV3l/Metal.xctoolchain/usr/bin/metal -c -target air64-apple-watchos10.0 -I/Users/admin/builder/spi-builder-workspace/.derivedData/Build/Products/Debug-watchos/include -F/Users/admin/builder/spi-builder-workspace/.derivedData/Build/Products/Debug-watchos -isysroot /Applications/Xcode-26.3.0.app/Contents/Developer/Platforms/WatchOS.platform/Developer/SDKs/WatchOS26.2.sdk -fmetal-math-mode\=fast -fmetal-math-fp32-functions\=fast -serialize-diagnostics /Users/admin/builder/spi-builder-workspace/.derivedData/Build/Intermediates.noindex/AsyncGraphics.build/Debug-watchos/AsyncGraphics_AsyncGraphics.build/Metal/rotation.dia -o /Users/admin/builder/spi-builder-workspace/.derivedData/Build/Intermediates.noindex/AsyncGraphics.build/Debug-watchos/AsyncGraphics_AsyncGraphics.build/Metal/rotation.air -MMD -MT dependencies -MF /Users/admin/builder/spi-builder-workspace/.derivedData/Build/Intermediates.noindex/AsyncGraphics.build/Debug-watchos/AsyncGraphics_AsyncGraphics.build/Metal/rotation.dat /Users/admin/builder/spi-builder-workspace/Sources/AsyncGraphics/Shaders/Effects/rotation.metal
CompileMetalFile /Users/admin/builder/spi-builder-workspace/Sources/AsyncGraphics/Shaders/Effects/place_header.metal (in target 'AsyncGraphics_AsyncGraphics' from project 'AsyncGraphics')
cd /Users/admin/builder/spi-builder-workspace
/var/run/com.apple.security.cryptexd/mnt/com.apple.MobileAsset.MetalToolchain-v17.3.7003.10.egaV3l/Metal.xctoolchain/usr/bin/metal -c -target air64-apple-watchos10.0 -I/Users/admin/builder/spi-builder-workspace/.derivedData/Build/Products/Debug-watchos/include -F/Users/admin/builder/spi-builder-workspace/.derivedData/Build/Products/Debug-watchos -isysroot /Applications/Xcode-26.3.0.app/Contents/Developer/Platforms/WatchOS.platform/Developer/SDKs/WatchOS26.2.sdk -fmetal-math-mode\=fast -fmetal-math-fp32-functions\=fast -serialize-diagnostics /Users/admin/builder/spi-builder-workspace/.derivedData/Build/Intermediates.noindex/AsyncGraphics.build/Debug-watchos/AsyncGraphics_AsyncGraphics.build/Metal/place_header.dia -o /Users/admin/builder/spi-builder-workspace/.derivedData/Build/Intermediates.noindex/AsyncGraphics.build/Debug-watchos/AsyncGraphics_AsyncGraphics.build/Metal/place_header.air -MMD -MT dependencies -MF /Users/admin/builder/spi-builder-workspace/.derivedData/Build/Intermediates.noindex/AsyncGraphics.build/Debug-watchos/AsyncGraphics_AsyncGraphics.build/Metal/place_header.dat /Users/admin/builder/spi-builder-workspace/Sources/AsyncGraphics/Shaders/Effects/place_header.metal
CompileMetalFile /Users/admin/builder/spi-builder-workspace/Sources/AsyncGraphics/Shaders/Effects/place.metal (in target 'AsyncGraphics_AsyncGraphics' from project 'AsyncGraphics')
cd /Users/admin/builder/spi-builder-workspace
/var/run/com.apple.security.cryptexd/mnt/com.apple.MobileAsset.MetalToolchain-v17.3.7003.10.egaV3l/Metal.xctoolchain/usr/bin/metal -c -target air64-apple-watchos10.0 -I/Users/admin/builder/spi-builder-workspace/.derivedData/Build/Products/Debug-watchos/include -F/Users/admin/builder/spi-builder-workspace/.derivedData/Build/Products/Debug-watchos -isysroot /Applications/Xcode-26.3.0.app/Contents/Developer/Platforms/WatchOS.platform/Developer/SDKs/WatchOS26.2.sdk -fmetal-math-mode\=fast -fmetal-math-fp32-functions\=fast -serialize-diagnostics /Users/admin/builder/spi-builder-workspace/.derivedData/Build/Intermediates.noindex/AsyncGraphics.build/Debug-watchos/AsyncGraphics_AsyncGraphics.build/Metal/place.dia -o /Users/admin/builder/spi-builder-workspace/.derivedData/Build/Intermediates.noindex/AsyncGraphics.build/Debug-watchos/AsyncGraphics_AsyncGraphics.build/Metal/place.air -MMD -MT dependencies -MF /Users/admin/builder/spi-builder-workspace/.derivedData/Build/Intermediates.noindex/AsyncGraphics.build/Debug-watchos/AsyncGraphics_AsyncGraphics.build/Metal/place.dat /Users/admin/builder/spi-builder-workspace/Sources/AsyncGraphics/Shaders/Effects/place.metal
SwiftDriver VideoFrames normal arm64_32 com.apple.xcode.tools.swift.compiler (in target 'VideoFrames' from project 'VideoFrames')
cd /Users/admin/builder/spi-builder-workspace/.swiftpm/xcode
builtin-SwiftDriver -- /Applications/Xcode-26.3.0.app/Contents/Developer/Toolchains/XcodeDefault.xctoolchain/usr/bin/swiftc -module-name VideoFrames -Onone -enforce-exclusivity\=checked @/Users/admin/builder/spi-builder-workspace/.derivedData/Build/Intermediates.noindex/VideoFrames.build/Debug-watchos/VideoFrames.build/Objects-normal/arm64_32/VideoFrames.SwiftFileList -DSWIFT_PACKAGE -DDEBUG -DSWIFT_MODULE_RESOURCE_BUNDLE_UNAVAILABLE -DXcode -plugin-path /Applications/Xcode-26.3.0.app/Contents/Developer/Toolchains/XcodeDefault.xctoolchain/usr/lib/swift/host/plugins/testing -enable-experimental-feature DebugDescriptionMacro -sdk /Applications/Xcode-26.3.0.app/Contents/Developer/Platforms/WatchOS.platform/Developer/SDKs/WatchOS26.2.sdk -target arm64_32-apple-watchos8.0 -g -module-cache-path /Users/admin/builder/spi-builder-workspace/.derivedData/ModuleCache.noindex -Xfrontend -serialize-debugging-options -profile-coverage-mapping -profile-generate -enable-testing -suppress-warnings -index-store-path /Users/admin/builder/spi-builder-workspace/.derivedData/Index.noindex/DataStore -Xcc -D_LIBCPP_HARDENING_MODE\=_LIBCPP_HARDENING_MODE_DEBUG -swift-version 6 -I /Users/admin/builder/spi-builder-workspace/.derivedData/Build/Products/Debug-watchos -Isystem /Applications/Xcode-26.3.0.app/Contents/Developer/Platforms/WatchOS.platform/Developer/usr/lib -F /Users/admin/builder/spi-builder-workspace/.derivedData/Build/Products/Debug-watchos -F /Applications/Xcode-26.3.0.app/Contents/Developer/Platforms/WatchOS.platform/Developer/Library/Frameworks -F /Applications/Xcode-26.3.0.app/Contents/Developer/Platforms/WatchOS.platform/Developer/SDKs/WatchOS26.2.sdk/Developer/Library/Frameworks -c -j10 -enable-batch-mode -incremental -Xcc -ivfsstatcache -Xcc /Users/admin/builder/spi-builder-workspace/.derivedData/SDKStatCaches.noindex/watchos26.2-23S303-dc75598d0054f22ec865fa860f139d721753b489057de6bda919edfa1c59a62b.sdkstatcache -output-file-map /Users/admin/builder/spi-builder-workspace/.derivedData/Build/Intermediates.noindex/VideoFrames.build/Debug-watchos/VideoFrames.build/Objects-normal/arm64_32/VideoFrames-OutputFileMap.json -use-frontend-parseable-output -save-temps -no-color-diagnostics -explicit-module-build -module-cache-path /Users/admin/builder/spi-builder-workspace/.derivedData/Build/Intermediates.noindex/SwiftExplicitPrecompiledModules -clang-scanner-module-cache-path /Users/admin/builder/spi-builder-workspace/.derivedData/ModuleCache.noindex -sdk-module-cache-path /Users/admin/builder/spi-builder-workspace/.derivedData/ModuleCache.noindex -serialize-diagnostics -emit-dependencies -emit-module -emit-module-path /Users/admin/builder/spi-builder-workspace/.derivedData/Build/Intermediates.noindex/VideoFrames.build/Debug-watchos/VideoFrames.build/Objects-normal/arm64_32/VideoFrames.swiftmodule -user-module-version 2.3.0 -validate-clang-modules-once -clang-build-session-file /Users/admin/builder/spi-builder-workspace/.derivedData/ModuleCache.noindex/Session.modulevalidation -package-name videoframes -Xcc -I/Users/admin/builder/spi-builder-workspace/.derivedData/Build/Intermediates.noindex/VideoFrames.build/Debug-watchos/VideoFrames.build/swift-overrides.hmap -emit-const-values -Xfrontend -const-gather-protocols-file -Xfrontend /Users/admin/builder/spi-builder-workspace/.derivedData/Build/Intermediates.noindex/VideoFrames.build/Debug-watchos/VideoFrames.build/Objects-normal/arm64_32/VideoFrames_const_extract_protocols.json -Xcc -I/Users/admin/builder/spi-builder-workspace/.derivedData/Build/Products/Debug-watchos/include -Xcc -I/Users/admin/builder/spi-builder-workspace/.derivedData/Build/Intermediates.noindex/VideoFrames.build/Debug-watchos/VideoFrames.build/DerivedSources-normal/arm64_32 -Xcc -I/Users/admin/builder/spi-builder-workspace/.derivedData/Build/Intermediates.noindex/VideoFrames.build/Debug-watchos/VideoFrames.build/DerivedSources/arm64_32 -Xcc -I/Users/admin/builder/spi-builder-workspace/.derivedData/Build/Intermediates.noindex/VideoFrames.build/Debug-watchos/VideoFrames.build/DerivedSources -Xcc -DSWIFT_PACKAGE -Xcc -DDEBUG\=1 -emit-objc-header -emit-objc-header-path /Users/admin/builder/spi-builder-workspace/.derivedData/Build/Intermediates.noindex/VideoFrames.build/Debug-watchos/VideoFrames.build/Objects-normal/arm64_32/VideoFrames-Swift.h -working-directory /Users/admin/builder/spi-builder-workspace/.swiftpm/xcode -experimental-emit-module-separately -disable-cmo
/Users/admin/builder/spi-builder-workspace/.dependencies/checkouts/VideoFrames/Sources/VideoFrames/ToFrames.swift:7:8: error: Unable to find module dependency: 'VideoToolbox'
import VideoToolbox
^ (in target 'VideoFrames' from project 'VideoFrames')
/Users/admin/builder/spi-builder-workspace/.dependencies/checkouts/VideoFrames/Sources/VideoFrames/ToFrames.swift:7:8: note: A dependency of main module 'VideoFrames'
import VideoToolbox
^ (in target 'VideoFrames' from project 'VideoFrames')
SwiftDriver VideoFrames normal arm64 com.apple.xcode.tools.swift.compiler (in target 'VideoFrames' from project 'VideoFrames')
cd /Users/admin/builder/spi-builder-workspace/.swiftpm/xcode
builtin-SwiftDriver -- /Applications/Xcode-26.3.0.app/Contents/Developer/Toolchains/XcodeDefault.xctoolchain/usr/bin/swiftc -module-name VideoFrames -Onone -enforce-exclusivity\=checked @/Users/admin/builder/spi-builder-workspace/.derivedData/Build/Intermediates.noindex/VideoFrames.build/Debug-watchos/VideoFrames.build/Objects-normal/arm64/VideoFrames.SwiftFileList -DSWIFT_PACKAGE -DDEBUG -DSWIFT_MODULE_RESOURCE_BUNDLE_UNAVAILABLE -DXcode -plugin-path /Applications/Xcode-26.3.0.app/Contents/Developer/Toolchains/XcodeDefault.xctoolchain/usr/lib/swift/host/plugins/testing -enable-experimental-feature DebugDescriptionMacro -sdk /Applications/Xcode-26.3.0.app/Contents/Developer/Platforms/WatchOS.platform/Developer/SDKs/WatchOS26.2.sdk -target arm64-apple-watchos8.0 -g -module-cache-path /Users/admin/builder/spi-builder-workspace/.derivedData/ModuleCache.noindex -Xfrontend -serialize-debugging-options -profile-coverage-mapping -profile-generate -enable-testing -suppress-warnings -index-store-path /Users/admin/builder/spi-builder-workspace/.derivedData/Index.noindex/DataStore -Xcc -D_LIBCPP_HARDENING_MODE\=_LIBCPP_HARDENING_MODE_DEBUG -swift-version 6 -I /Users/admin/builder/spi-builder-workspace/.derivedData/Build/Products/Debug-watchos -Isystem /Applications/Xcode-26.3.0.app/Contents/Developer/Platforms/WatchOS.platform/Developer/usr/lib -F /Users/admin/builder/spi-builder-workspace/.derivedData/Build/Products/Debug-watchos -F /Applications/Xcode-26.3.0.app/Contents/Developer/Platforms/WatchOS.platform/Developer/Library/Frameworks -F /Applications/Xcode-26.3.0.app/Contents/Developer/Platforms/WatchOS.platform/Developer/SDKs/WatchOS26.2.sdk/Developer/Library/Frameworks -c -j10 -enable-batch-mode -incremental -Xcc -ivfsstatcache -Xcc /Users/admin/builder/spi-builder-workspace/.derivedData/SDKStatCaches.noindex/watchos26.2-23S303-dc75598d0054f22ec865fa860f139d721753b489057de6bda919edfa1c59a62b.sdkstatcache -output-file-map /Users/admin/builder/spi-builder-workspace/.derivedData/Build/Intermediates.noindex/VideoFrames.build/Debug-watchos/VideoFrames.build/Objects-normal/arm64/VideoFrames-OutputFileMap.json -use-frontend-parseable-output -save-temps -no-color-diagnostics -explicit-module-build -module-cache-path /Users/admin/builder/spi-builder-workspace/.derivedData/Build/Intermediates.noindex/SwiftExplicitPrecompiledModules -clang-scanner-module-cache-path /Users/admin/builder/spi-builder-workspace/.derivedData/ModuleCache.noindex -sdk-module-cache-path /Users/admin/builder/spi-builder-workspace/.derivedData/ModuleCache.noindex -serialize-diagnostics -emit-dependencies -emit-module -emit-module-path /Users/admin/builder/spi-builder-workspace/.derivedData/Build/Intermediates.noindex/VideoFrames.build/Debug-watchos/VideoFrames.build/Objects-normal/arm64/VideoFrames.swiftmodule -user-module-version 2.3.0 -validate-clang-modules-once -clang-build-session-file /Users/admin/builder/spi-builder-workspace/.derivedData/ModuleCache.noindex/Session.modulevalidation -package-name videoframes -Xcc -I/Users/admin/builder/spi-builder-workspace/.derivedData/Build/Intermediates.noindex/VideoFrames.build/Debug-watchos/VideoFrames.build/swift-overrides.hmap -emit-const-values -Xfrontend -const-gather-protocols-file -Xfrontend /Users/admin/builder/spi-builder-workspace/.derivedData/Build/Intermediates.noindex/VideoFrames.build/Debug-watchos/VideoFrames.build/Objects-normal/arm64/VideoFrames_const_extract_protocols.json -Xcc -I/Users/admin/builder/spi-builder-workspace/.derivedData/Build/Products/Debug-watchos/include -Xcc -I/Users/admin/builder/spi-builder-workspace/.derivedData/Build/Intermediates.noindex/VideoFrames.build/Debug-watchos/VideoFrames.build/DerivedSources-normal/arm64 -Xcc -I/Users/admin/builder/spi-builder-workspace/.derivedData/Build/Intermediates.noindex/VideoFrames.build/Debug-watchos/VideoFrames.build/DerivedSources/arm64 -Xcc -I/Users/admin/builder/spi-builder-workspace/.derivedData/Build/Intermediates.noindex/VideoFrames.build/Debug-watchos/VideoFrames.build/DerivedSources -Xcc -DSWIFT_PACKAGE -Xcc -DDEBUG\=1 -emit-objc-header -emit-objc-header-path /Users/admin/builder/spi-builder-workspace/.derivedData/Build/Intermediates.noindex/VideoFrames.build/Debug-watchos/VideoFrames.build/Objects-normal/arm64/VideoFrames-Swift.h -working-directory /Users/admin/builder/spi-builder-workspace/.swiftpm/xcode -experimental-emit-module-separately -disable-cmo
/Users/admin/builder/spi-builder-workspace/.dependencies/checkouts/VideoFrames/Sources/VideoFrames/ToFrames.swift:7:8: error: Unable to find module dependency: 'VideoToolbox'
import VideoToolbox
^ (in target 'VideoFrames' from project 'VideoFrames')
/Users/admin/builder/spi-builder-workspace/.dependencies/checkouts/VideoFrames/Sources/VideoFrames/ToFrames.swift:7:8: note: A dependency of main module 'VideoFrames'
import VideoToolbox
^ (in target 'VideoFrames' from project 'VideoFrames')
SwiftDriver VideoFrames normal armv7k com.apple.xcode.tools.swift.compiler (in target 'VideoFrames' from project 'VideoFrames')
cd /Users/admin/builder/spi-builder-workspace/.swiftpm/xcode
builtin-SwiftDriver -- /Applications/Xcode-26.3.0.app/Contents/Developer/Toolchains/XcodeDefault.xctoolchain/usr/bin/swiftc -module-name VideoFrames -Onone -enforce-exclusivity\=checked @/Users/admin/builder/spi-builder-workspace/.derivedData/Build/Intermediates.noindex/VideoFrames.build/Debug-watchos/VideoFrames.build/Objects-normal/armv7k/VideoFrames.SwiftFileList -DSWIFT_PACKAGE -DDEBUG -DSWIFT_MODULE_RESOURCE_BUNDLE_UNAVAILABLE -DXcode -plugin-path /Applications/Xcode-26.3.0.app/Contents/Developer/Toolchains/XcodeDefault.xctoolchain/usr/lib/swift/host/plugins/testing -enable-experimental-feature DebugDescriptionMacro -sdk /Applications/Xcode-26.3.0.app/Contents/Developer/Platforms/WatchOS.platform/Developer/SDKs/WatchOS26.2.sdk -target armv7k-apple-watchos8.0 -g -module-cache-path /Users/admin/builder/spi-builder-workspace/.derivedData/ModuleCache.noindex -Xfrontend -serialize-debugging-options -profile-coverage-mapping -profile-generate -enable-testing -suppress-warnings -index-store-path /Users/admin/builder/spi-builder-workspace/.derivedData/Index.noindex/DataStore -Xcc -D_LIBCPP_HARDENING_MODE\=_LIBCPP_HARDENING_MODE_DEBUG -swift-version 6 -I /Users/admin/builder/spi-builder-workspace/.derivedData/Build/Products/Debug-watchos -Isystem /Applications/Xcode-26.3.0.app/Contents/Developer/Platforms/WatchOS.platform/Developer/usr/lib -F /Users/admin/builder/spi-builder-workspace/.derivedData/Build/Products/Debug-watchos -F /Applications/Xcode-26.3.0.app/Contents/Developer/Platforms/WatchOS.platform/Developer/Library/Frameworks -F /Applications/Xcode-26.3.0.app/Contents/Developer/Platforms/WatchOS.platform/Developer/SDKs/WatchOS26.2.sdk/Developer/Library/Frameworks -c -j10 -enable-batch-mode -incremental -Xcc -ivfsstatcache -Xcc /Users/admin/builder/spi-builder-workspace/.derivedData/SDKStatCaches.noindex/watchos26.2-23S303-dc75598d0054f22ec865fa860f139d721753b489057de6bda919edfa1c59a62b.sdkstatcache -output-file-map /Users/admin/builder/spi-builder-workspace/.derivedData/Build/Intermediates.noindex/VideoFrames.build/Debug-watchos/VideoFrames.build/Objects-normal/armv7k/VideoFrames-OutputFileMap.json -use-frontend-parseable-output -save-temps -no-color-diagnostics -explicit-module-build -module-cache-path /Users/admin/builder/spi-builder-workspace/.derivedData/Build/Intermediates.noindex/SwiftExplicitPrecompiledModules -clang-scanner-module-cache-path /Users/admin/builder/spi-builder-workspace/.derivedData/ModuleCache.noindex -sdk-module-cache-path /Users/admin/builder/spi-builder-workspace/.derivedData/ModuleCache.noindex -serialize-diagnostics -emit-dependencies -emit-module -emit-module-path /Users/admin/builder/spi-builder-workspace/.derivedData/Build/Intermediates.noindex/VideoFrames.build/Debug-watchos/VideoFrames.build/Objects-normal/armv7k/VideoFrames.swiftmodule -user-module-version 2.3.0 -validate-clang-modules-once -clang-build-session-file /Users/admin/builder/spi-builder-workspace/.derivedData/ModuleCache.noindex/Session.modulevalidation -package-name videoframes -Xcc -I/Users/admin/builder/spi-builder-workspace/.derivedData/Build/Intermediates.noindex/VideoFrames.build/Debug-watchos/VideoFrames.build/swift-overrides.hmap -emit-const-values -Xfrontend -const-gather-protocols-file -Xfrontend /Users/admin/builder/spi-builder-workspace/.derivedData/Build/Intermediates.noindex/VideoFrames.build/Debug-watchos/VideoFrames.build/Objects-normal/armv7k/VideoFrames_const_extract_protocols.json -Xcc -I/Users/admin/builder/spi-builder-workspace/.derivedData/Build/Products/Debug-watchos/include -Xcc -I/Users/admin/builder/spi-builder-workspace/.derivedData/Build/Intermediates.noindex/VideoFrames.build/Debug-watchos/VideoFrames.build/DerivedSources-normal/armv7k -Xcc -I/Users/admin/builder/spi-builder-workspace/.derivedData/Build/Intermediates.noindex/VideoFrames.build/Debug-watchos/VideoFrames.build/DerivedSources/armv7k -Xcc -I/Users/admin/builder/spi-builder-workspace/.derivedData/Build/Intermediates.noindex/VideoFrames.build/Debug-watchos/VideoFrames.build/DerivedSources -Xcc -DSWIFT_PACKAGE -Xcc -DDEBUG\=1 -emit-objc-header -emit-objc-header-path /Users/admin/builder/spi-builder-workspace/.derivedData/Build/Intermediates.noindex/VideoFrames.build/Debug-watchos/VideoFrames.build/Objects-normal/armv7k/VideoFrames-Swift.h -working-directory /Users/admin/builder/spi-builder-workspace/.swiftpm/xcode -experimental-emit-module-separately -disable-cmo
/Users/admin/builder/spi-builder-workspace/.dependencies/checkouts/VideoFrames/Sources/VideoFrames/ToFrames.swift:7:8: error: Unable to find module dependency: 'VideoToolbox'
import VideoToolbox
^ (in target 'VideoFrames' from project 'VideoFrames')
/Users/admin/builder/spi-builder-workspace/.dependencies/checkouts/VideoFrames/Sources/VideoFrames/ToFrames.swift:7:8: note: A dependency of main module 'VideoFrames'
import VideoToolbox
^ (in target 'VideoFrames' from project 'VideoFrames')
SwiftDriver TextureMap normal arm64 com.apple.xcode.tools.swift.compiler (in target 'TextureMap' from project 'TextureMap')
cd /Users/admin/builder/spi-builder-workspace/.swiftpm/xcode
builtin-SwiftDriver -- /Applications/Xcode-26.3.0.app/Contents/Developer/Toolchains/XcodeDefault.xctoolchain/usr/bin/swiftc -module-name TextureMap -Onone -enforce-exclusivity\=checked @/Users/admin/builder/spi-builder-workspace/.derivedData/Build/Intermediates.noindex/TextureMap.build/Debug-watchos/TextureMap.build/Objects-normal/arm64/TextureMap.SwiftFileList -DSWIFT_PACKAGE -DDEBUG -DSWIFT_MODULE_RESOURCE_BUNDLE_UNAVAILABLE -DXcode -plugin-path /Applications/Xcode-26.3.0.app/Contents/Developer/Toolchains/XcodeDefault.xctoolchain/usr/lib/swift/host/plugins/testing -enable-experimental-feature DebugDescriptionMacro -sdk /Applications/Xcode-26.3.0.app/Contents/Developer/Platforms/WatchOS.platform/Developer/SDKs/WatchOS26.2.sdk -target arm64-apple-watchos9.0 -g -module-cache-path /Users/admin/builder/spi-builder-workspace/.derivedData/ModuleCache.noindex -Xfrontend -serialize-debugging-options -profile-coverage-mapping -profile-generate -enable-testing -suppress-warnings -index-store-path /Users/admin/builder/spi-builder-workspace/.derivedData/Index.noindex/DataStore -Xcc -D_LIBCPP_HARDENING_MODE\=_LIBCPP_HARDENING_MODE_DEBUG -swift-version 6 -I /Users/admin/builder/spi-builder-workspace/.derivedData/Build/Products/Debug-watchos -Isystem /Applications/Xcode-26.3.0.app/Contents/Developer/Platforms/WatchOS.platform/Developer/usr/lib -F /Users/admin/builder/spi-builder-workspace/.derivedData/Build/Products/Debug-watchos -F /Applications/Xcode-26.3.0.app/Contents/Developer/Platforms/WatchOS.platform/Developer/Library/Frameworks -F /Applications/Xcode-26.3.0.app/Contents/Developer/Platforms/WatchOS.platform/Developer/SDKs/WatchOS26.2.sdk/Developer/Library/Frameworks -c -j10 -enable-batch-mode -incremental -Xcc -ivfsstatcache -Xcc /Users/admin/builder/spi-builder-workspace/.derivedData/SDKStatCaches.noindex/watchos26.2-23S303-dc75598d0054f22ec865fa860f139d721753b489057de6bda919edfa1c59a62b.sdkstatcache -output-file-map /Users/admin/builder/spi-builder-workspace/.derivedData/Build/Intermediates.noindex/TextureMap.build/Debug-watchos/TextureMap.build/Objects-normal/arm64/TextureMap-OutputFileMap.json -use-frontend-parseable-output -save-temps -no-color-diagnostics -explicit-module-build -module-cache-path /Users/admin/builder/spi-builder-workspace/.derivedData/Build/Intermediates.noindex/SwiftExplicitPrecompiledModules -clang-scanner-module-cache-path /Users/admin/builder/spi-builder-workspace/.derivedData/ModuleCache.noindex -sdk-module-cache-path /Users/admin/builder/spi-builder-workspace/.derivedData/ModuleCache.noindex -serialize-diagnostics -emit-dependencies -emit-module -emit-module-path /Users/admin/builder/spi-builder-workspace/.derivedData/Build/Intermediates.noindex/TextureMap.build/Debug-watchos/TextureMap.build/Objects-normal/arm64/TextureMap.swiftmodule -user-module-version 2.3.0 -validate-clang-modules-once -clang-build-session-file /Users/admin/builder/spi-builder-workspace/.derivedData/ModuleCache.noindex/Session.modulevalidation -package-name texturemap -Xcc -I/Users/admin/builder/spi-builder-workspace/.derivedData/Build/Intermediates.noindex/TextureMap.build/Debug-watchos/TextureMap.build/swift-overrides.hmap -emit-const-values -Xfrontend -const-gather-protocols-file -Xfrontend /Users/admin/builder/spi-builder-workspace/.derivedData/Build/Intermediates.noindex/TextureMap.build/Debug-watchos/TextureMap.build/Objects-normal/arm64/TextureMap_const_extract_protocols.json -Xcc -I/Users/admin/builder/spi-builder-workspace/.derivedData/Build/Products/Debug-watchos/include -Xcc -I/Users/admin/builder/spi-builder-workspace/.derivedData/Build/Intermediates.noindex/TextureMap.build/Debug-watchos/TextureMap.build/DerivedSources-normal/arm64 -Xcc -I/Users/admin/builder/spi-builder-workspace/.derivedData/Build/Intermediates.noindex/TextureMap.build/Debug-watchos/TextureMap.build/DerivedSources/arm64 -Xcc -I/Users/admin/builder/spi-builder-workspace/.derivedData/Build/Intermediates.noindex/TextureMap.build/Debug-watchos/TextureMap.build/DerivedSources -Xcc -DSWIFT_PACKAGE -Xcc -DDEBUG\=1 -emit-objc-header -emit-objc-header-path /Users/admin/builder/spi-builder-workspace/.derivedData/Build/Intermediates.noindex/TextureMap.build/Debug-watchos/TextureMap.build/Objects-normal/arm64/TextureMap-Swift.h -working-directory /Users/admin/builder/spi-builder-workspace/.swiftpm/xcode -experimental-emit-module-separately -disable-cmo
/Users/admin/builder/spi-builder-workspace/.dependencies/checkouts/TextureMap/Sources/TextureMap/Extensions/CGSize.swift:5:8: error: Unable to find module dependency: 'MetalKit'
import MetalKit
^ (in target 'TextureMap' from project 'TextureMap')
/Users/admin/builder/spi-builder-workspace/.dependencies/checkouts/TextureMap/Sources/TextureMap/Extensions/CGSize.swift:5:8: note: A dependency of main module 'TextureMap'
import MetalKit
^ (in target 'TextureMap' from project 'TextureMap')
/Users/admin/builder/spi-builder-workspace/.dependencies/checkouts/TextureMap/Sources/TextureMap/TextureMap.swift:8:8: note: Also imported here
import MetalKit
^ (in target 'TextureMap' from project 'TextureMap')
/Users/admin/builder/spi-builder-workspace/.dependencies/checkouts/TextureMap/Sources/TextureMap/TexureMap+Raw.swift:8:8: note: Also imported here
import MetalKit
^ (in target 'TextureMap' from project 'TextureMap')
/Users/admin/builder/spi-builder-workspace/.dependencies/checkouts/TextureMap/Sources/TextureMap/Types/TMBits.swift:6:8: note: Also imported here
import MetalKit
^ (in target 'TextureMap' from project 'TextureMap')
/Users/admin/builder/spi-builder-workspace/.dependencies/checkouts/TextureMap/Sources/TextureMap/Extensions/CVPixelBuffer.swift:5:8: error: Unable to find module dependency: 'Metal'
import Metal
^ (in target 'TextureMap' from project 'TextureMap')
/Users/admin/builder/spi-builder-workspace/.dependencies/checkouts/TextureMap/Sources/TextureMap/Extensions/CVPixelBuffer.swift:5:8: note: A dependency of main module 'TextureMap'
import Metal
^ (in target 'TextureMap' from project 'TextureMap')
/Users/admin/builder/spi-builder-workspace/.dependencies/checkouts/TextureMap/Sources/TextureMap/Extensions/MTLTexture.swift:7:8: note: Also imported here
import Metal
^ (in target 'TextureMap' from project 'TextureMap')
/Users/admin/builder/spi-builder-workspace/.dependencies/checkouts/TextureMap/Sources/TextureMap/Texture/Array+MTLTexture.swift:6:8: note: Also imported here
import Metal
^ (in target 'TextureMap' from project 'TextureMap')
/Users/admin/builder/spi-builder-workspace/.dependencies/checkouts/TextureMap/Sources/TextureMap/Texture/MTLTexture+sample.swift:5:8: note: Also imported here
import Metal
^ (in target 'TextureMap' from project 'TextureMap')
/Users/admin/builder/spi-builder-workspace/.dependencies/checkouts/TextureMap/Sources/TextureMap/Types/TMError.swift:9:8: note: Also imported here
import Metal
^ (in target 'TextureMap' from project 'TextureMap')
/Users/admin/builder/spi-builder-workspace/.dependencies/checkouts/TextureMap/Sources/TextureMap/Extensions/CVPixelBuffer.swift:7:8: error: Unable to find module dependency: 'VideoToolbox'
import VideoToolbox
^ (in target 'TextureMap' from project 'TextureMap')
/Users/admin/builder/spi-builder-workspace/.dependencies/checkouts/TextureMap/Sources/TextureMap/Extensions/CVPixelBuffer.swift:7:8: note: A dependency of main module 'TextureMap'
import VideoToolbox
^ (in target 'TextureMap' from project 'TextureMap')
/Users/admin/builder/spi-builder-workspace/.dependencies/checkouts/TextureMap/Sources/TextureMap/TextureMap.swift:7:24: note: Also imported here
@preconcurrency import VideoToolbox
^ (in target 'TextureMap' from project 'TextureMap')
/Users/admin/builder/spi-builder-workspace/.dependencies/checkouts/TextureMap/Sources/TextureMap/Extensions/MTLTexture.swift:8:8: error: Unable to find module dependency: 'MetalPerformanceShaders'
import MetalPerformanceShaders
^ (in target 'TextureMap' from project 'TextureMap')
/Users/admin/builder/spi-builder-workspace/.dependencies/checkouts/TextureMap/Sources/TextureMap/Extensions/MTLTexture.swift:8:8: note: A dependency of main module 'TextureMap'
import MetalPerformanceShaders
^ (in target 'TextureMap' from project 'TextureMap')
/Users/admin/builder/spi-builder-workspace/.dependencies/checkouts/TextureMap/Sources/TextureMap/TextureMap.swift:9:8: note: Also imported here
import MetalPerformanceShaders
^ (in target 'TextureMap' from project 'TextureMap')
/Users/admin/builder/spi-builder-workspace/.dependencies/checkouts/TextureMap/Sources/TextureMap/TextureMap.swift:10:8: error: Unable to find module dependency: 'IOSurface'
import IOSurface
^ (in target 'TextureMap' from project 'TextureMap')
/Users/admin/builder/spi-builder-workspace/.dependencies/checkouts/TextureMap/Sources/TextureMap/TextureMap.swift:10:8: note: A dependency of main module 'TextureMap'
import IOSurface
^ (in target 'TextureMap' from project 'TextureMap')
/Users/admin/builder/spi-builder-workspace/.dependencies/checkouts/TextureMap/Sources/TextureMap/Types/TMColorSpace.swift:7:8: error: Unable to find module dependency: 'CoreImage'
import CoreImage
^ (in target 'TextureMap' from project 'TextureMap')
/Users/admin/builder/spi-builder-workspace/.dependencies/checkouts/TextureMap/Sources/TextureMap/Types/TMColorSpace.swift:7:8: note: A dependency of main module 'TextureMap'
import CoreImage
^ (in target 'TextureMap' from project 'TextureMap')
SwiftDriver TextureMap normal arm64_32 com.apple.xcode.tools.swift.compiler (in target 'TextureMap' from project 'TextureMap')
cd /Users/admin/builder/spi-builder-workspace/.swiftpm/xcode
builtin-SwiftDriver -- /Applications/Xcode-26.3.0.app/Contents/Developer/Toolchains/XcodeDefault.xctoolchain/usr/bin/swiftc -module-name TextureMap -Onone -enforce-exclusivity\=checked @/Users/admin/builder/spi-builder-workspace/.derivedData/Build/Intermediates.noindex/TextureMap.build/Debug-watchos/TextureMap.build/Objects-normal/arm64_32/TextureMap.SwiftFileList -DSWIFT_PACKAGE -DDEBUG -DSWIFT_MODULE_RESOURCE_BUNDLE_UNAVAILABLE -DXcode -plugin-path /Applications/Xcode-26.3.0.app/Contents/Developer/Toolchains/XcodeDefault.xctoolchain/usr/lib/swift/host/plugins/testing -enable-experimental-feature DebugDescriptionMacro -sdk /Applications/Xcode-26.3.0.app/Contents/Developer/Platforms/WatchOS.platform/Developer/SDKs/WatchOS26.2.sdk -target arm64_32-apple-watchos9.0 -g -module-cache-path /Users/admin/builder/spi-builder-workspace/.derivedData/ModuleCache.noindex -Xfrontend -serialize-debugging-options -profile-coverage-mapping -profile-generate -enable-testing -suppress-warnings -index-store-path /Users/admin/builder/spi-builder-workspace/.derivedData/Index.noindex/DataStore -Xcc -D_LIBCPP_HARDENING_MODE\=_LIBCPP_HARDENING_MODE_DEBUG -swift-version 6 -I /Users/admin/builder/spi-builder-workspace/.derivedData/Build/Products/Debug-watchos -Isystem /Applications/Xcode-26.3.0.app/Contents/Developer/Platforms/WatchOS.platform/Developer/usr/lib -F /Users/admin/builder/spi-builder-workspace/.derivedData/Build/Products/Debug-watchos -F /Applications/Xcode-26.3.0.app/Contents/Developer/Platforms/WatchOS.platform/Developer/Library/Frameworks -F /Applications/Xcode-26.3.0.app/Contents/Developer/Platforms/WatchOS.platform/Developer/SDKs/WatchOS26.2.sdk/Developer/Library/Frameworks -c -j10 -enable-batch-mode -incremental -Xcc -ivfsstatcache -Xcc /Users/admin/builder/spi-builder-workspace/.derivedData/SDKStatCaches.noindex/watchos26.2-23S303-dc75598d0054f22ec865fa860f139d721753b489057de6bda919edfa1c59a62b.sdkstatcache -output-file-map /Users/admin/builder/spi-builder-workspace/.derivedData/Build/Intermediates.noindex/TextureMap.build/Debug-watchos/TextureMap.build/Objects-normal/arm64_32/TextureMap-OutputFileMap.json -use-frontend-parseable-output -save-temps -no-color-diagnostics -explicit-module-build -module-cache-path /Users/admin/builder/spi-builder-workspace/.derivedData/Build/Intermediates.noindex/SwiftExplicitPrecompiledModules -clang-scanner-module-cache-path /Users/admin/builder/spi-builder-workspace/.derivedData/ModuleCache.noindex -sdk-module-cache-path /Users/admin/builder/spi-builder-workspace/.derivedData/ModuleCache.noindex -serialize-diagnostics -emit-dependencies -emit-module -emit-module-path /Users/admin/builder/spi-builder-workspace/.derivedData/Build/Intermediates.noindex/TextureMap.build/Debug-watchos/TextureMap.build/Objects-normal/arm64_32/TextureMap.swiftmodule -user-module-version 2.3.0 -validate-clang-modules-once -clang-build-session-file /Users/admin/builder/spi-builder-workspace/.derivedData/ModuleCache.noindex/Session.modulevalidation -package-name texturemap -Xcc -I/Users/admin/builder/spi-builder-workspace/.derivedData/Build/Intermediates.noindex/TextureMap.build/Debug-watchos/TextureMap.build/swift-overrides.hmap -emit-const-values -Xfrontend -const-gather-protocols-file -Xfrontend /Users/admin/builder/spi-builder-workspace/.derivedData/Build/Intermediates.noindex/TextureMap.build/Debug-watchos/TextureMap.build/Objects-normal/arm64_32/TextureMap_const_extract_protocols.json -Xcc -I/Users/admin/builder/spi-builder-workspace/.derivedData/Build/Products/Debug-watchos/include -Xcc -I/Users/admin/builder/spi-builder-workspace/.derivedData/Build/Intermediates.noindex/TextureMap.build/Debug-watchos/TextureMap.build/DerivedSources-normal/arm64_32 -Xcc -I/Users/admin/builder/spi-builder-workspace/.derivedData/Build/Intermediates.noindex/TextureMap.build/Debug-watchos/TextureMap.build/DerivedSources/arm64_32 -Xcc -I/Users/admin/builder/spi-builder-workspace/.derivedData/Build/Intermediates.noindex/TextureMap.build/Debug-watchos/TextureMap.build/DerivedSources -Xcc -DSWIFT_PACKAGE -Xcc -DDEBUG\=1 -emit-objc-header -emit-objc-header-path /Users/admin/builder/spi-builder-workspace/.derivedData/Build/Intermediates.noindex/TextureMap.build/Debug-watchos/TextureMap.build/Objects-normal/arm64_32/TextureMap-Swift.h -working-directory /Users/admin/builder/spi-builder-workspace/.swiftpm/xcode -experimental-emit-module-separately -disable-cmo
/Users/admin/builder/spi-builder-workspace/.dependencies/checkouts/TextureMap/Sources/TextureMap/Extensions/CGSize.swift:5:8: error: Unable to find module dependency: 'MetalKit'
import MetalKit
^ (in target 'TextureMap' from project 'TextureMap')
/Users/admin/builder/spi-builder-workspace/.dependencies/checkouts/TextureMap/Sources/TextureMap/Extensions/CGSize.swift:5:8: note: A dependency of main module 'TextureMap'
import MetalKit
^ (in target 'TextureMap' from project 'TextureMap')
/Users/admin/builder/spi-builder-workspace/.dependencies/checkouts/TextureMap/Sources/TextureMap/TextureMap.swift:8:8: note: Also imported here
import MetalKit
^ (in target 'TextureMap' from project 'TextureMap')
/Users/admin/builder/spi-builder-workspace/.dependencies/checkouts/TextureMap/Sources/TextureMap/TexureMap+Raw.swift:8:8: note: Also imported here
import MetalKit
^ (in target 'TextureMap' from project 'TextureMap')
/Users/admin/builder/spi-builder-workspace/.dependencies/checkouts/TextureMap/Sources/TextureMap/Types/TMBits.swift:6:8: note: Also imported here
import MetalKit
^ (in target 'TextureMap' from project 'TextureMap')
/Users/admin/builder/spi-builder-workspace/.dependencies/checkouts/TextureMap/Sources/TextureMap/Extensions/CVPixelBuffer.swift:5:8: error: Unable to find module dependency: 'Metal'
import Metal
^ (in target 'TextureMap' from project 'TextureMap')
/Users/admin/builder/spi-builder-workspace/.dependencies/checkouts/TextureMap/Sources/TextureMap/Extensions/CVPixelBuffer.swift:5:8: note: A dependency of main module 'TextureMap'
import Metal
^ (in target 'TextureMap' from project 'TextureMap')
/Users/admin/builder/spi-builder-workspace/.dependencies/checkouts/TextureMap/Sources/TextureMap/Extensions/MTLTexture.swift:7:8: note: Also imported here
import Metal
^ (in target 'TextureMap' from project 'TextureMap')
/Users/admin/builder/spi-builder-workspace/.dependencies/checkouts/TextureMap/Sources/TextureMap/Texture/Array+MTLTexture.swift:6:8: note: Also imported here
import Metal
^ (in target 'TextureMap' from project 'TextureMap')
/Users/admin/builder/spi-builder-workspace/.dependencies/checkouts/TextureMap/Sources/TextureMap/Texture/MTLTexture+sample.swift:5:8: note: Also imported here
import Metal
^ (in target 'TextureMap' from project 'TextureMap')
/Users/admin/builder/spi-builder-workspace/.dependencies/checkouts/TextureMap/Sources/TextureMap/Types/TMError.swift:9:8: note: Also imported here
import Metal
^ (in target 'TextureMap' from project 'TextureMap')
/Users/admin/builder/spi-builder-workspace/.dependencies/checkouts/TextureMap/Sources/TextureMap/Extensions/CVPixelBuffer.swift:7:8: error: Unable to find module dependency: 'VideoToolbox'
import VideoToolbox
^ (in target 'TextureMap' from project 'TextureMap')
/Users/admin/builder/spi-builder-workspace/.dependencies/checkouts/TextureMap/Sources/TextureMap/Extensions/CVPixelBuffer.swift:7:8: note: A dependency of main module 'TextureMap'
import VideoToolbox
^ (in target 'TextureMap' from project 'TextureMap')
/Users/admin/builder/spi-builder-workspace/.dependencies/checkouts/TextureMap/Sources/TextureMap/TextureMap.swift:7:24: note: Also imported here
@preconcurrency import VideoToolbox
^ (in target 'TextureMap' from project 'TextureMap')
/Users/admin/builder/spi-builder-workspace/.dependencies/checkouts/TextureMap/Sources/TextureMap/Extensions/MTLTexture.swift:8:8: error: Unable to find module dependency: 'MetalPerformanceShaders'
import MetalPerformanceShaders
^ (in target 'TextureMap' from project 'TextureMap')
/Users/admin/builder/spi-builder-workspace/.dependencies/checkouts/TextureMap/Sources/TextureMap/Extensions/MTLTexture.swift:8:8: note: A dependency of main module 'TextureMap'
import MetalPerformanceShaders
^ (in target 'TextureMap' from project 'TextureMap')
/Users/admin/builder/spi-builder-workspace/.dependencies/checkouts/TextureMap/Sources/TextureMap/TextureMap.swift:9:8: note: Also imported here
import MetalPerformanceShaders
^ (in target 'TextureMap' from project 'TextureMap')
/Users/admin/builder/spi-builder-workspace/.dependencies/checkouts/TextureMap/Sources/TextureMap/TextureMap.swift:10:8: error: Unable to find module dependency: 'IOSurface'
import IOSurface
^ (in target 'TextureMap' from project 'TextureMap')
/Users/admin/builder/spi-builder-workspace/.dependencies/checkouts/TextureMap/Sources/TextureMap/TextureMap.swift:10:8: note: A dependency of main module 'TextureMap'
import IOSurface
^ (in target 'TextureMap' from project 'TextureMap')
/Users/admin/builder/spi-builder-workspace/.dependencies/checkouts/TextureMap/Sources/TextureMap/Types/TMColorSpace.swift:7:8: error: Unable to find module dependency: 'CoreImage'
import CoreImage
^ (in target 'TextureMap' from project 'TextureMap')
/Users/admin/builder/spi-builder-workspace/.dependencies/checkouts/TextureMap/Sources/TextureMap/Types/TMColorSpace.swift:7:8: note: A dependency of main module 'TextureMap'
import CoreImage
^ (in target 'TextureMap' from project 'TextureMap')
SwiftDriver SpatialExtensions normal arm64 com.apple.xcode.tools.swift.compiler (in target 'SpatialExtensions' from project 'SpatialExtensions')
cd /Users/admin/builder/spi-builder-workspace/.swiftpm/xcode
builtin-SwiftDriver -- /Applications/Xcode-26.3.0.app/Contents/Developer/Toolchains/XcodeDefault.xctoolchain/usr/bin/swiftc -module-name SpatialExtensions -Onone -enforce-exclusivity\=checked @/Users/admin/builder/spi-builder-workspace/.derivedData/Build/Intermediates.noindex/SpatialExtensions.build/Debug-watchos/SpatialExtensions.build/Objects-normal/arm64/SpatialExtensions.SwiftFileList -DSWIFT_PACKAGE -DDEBUG -DSWIFT_MODULE_RESOURCE_BUNDLE_UNAVAILABLE -DXcode -plugin-path /Applications/Xcode-26.3.0.app/Contents/Developer/Toolchains/XcodeDefault.xctoolchain/usr/lib/swift/host/plugins/testing -enable-experimental-feature DebugDescriptionMacro -sdk /Applications/Xcode-26.3.0.app/Contents/Developer/Platforms/WatchOS.platform/Developer/SDKs/WatchOS26.2.sdk -target arm64-apple-watchos9.0 -g -module-cache-path /Users/admin/builder/spi-builder-workspace/.derivedData/ModuleCache.noindex -Xfrontend -serialize-debugging-options -profile-coverage-mapping -profile-generate -enable-testing -suppress-warnings -index-store-path /Users/admin/builder/spi-builder-workspace/.derivedData/Index.noindex/DataStore -Xcc -D_LIBCPP_HARDENING_MODE\=_LIBCPP_HARDENING_MODE_DEBUG -swift-version 6 -I /Users/admin/builder/spi-builder-workspace/.derivedData/Build/Products/Debug-watchos -Isystem /Applications/Xcode-26.3.0.app/Contents/Developer/Platforms/WatchOS.platform/Developer/usr/lib -F /Users/admin/builder/spi-builder-workspace/.derivedData/Build/Products/Debug-watchos -F /Applications/Xcode-26.3.0.app/Contents/Developer/Platforms/WatchOS.platform/Developer/Library/Frameworks -F /Applications/Xcode-26.3.0.app/Contents/Developer/Platforms/WatchOS.platform/Developer/SDKs/WatchOS26.2.sdk/Developer/Library/Frameworks -c -j10 -enable-batch-mode -incremental -Xcc -ivfsstatcache -Xcc /Users/admin/builder/spi-builder-workspace/.derivedData/SDKStatCaches.noindex/watchos26.2-23S303-dc75598d0054f22ec865fa860f139d721753b489057de6bda919edfa1c59a62b.sdkstatcache -output-file-map /Users/admin/builder/spi-builder-workspace/.derivedData/Build/Intermediates.noindex/SpatialExtensions.build/Debug-watchos/SpatialExtensions.build/Objects-normal/arm64/SpatialExtensions-OutputFileMap.json -use-frontend-parseable-output -save-temps -no-color-diagnostics -explicit-module-build -module-cache-path /Users/admin/builder/spi-builder-workspace/.derivedData/Build/Intermediates.noindex/SwiftExplicitPrecompiledModules -clang-scanner-module-cache-path /Users/admin/builder/spi-builder-workspace/.derivedData/ModuleCache.noindex -sdk-module-cache-path /Users/admin/builder/spi-builder-workspace/.derivedData/ModuleCache.noindex -serialize-diagnostics -emit-dependencies -emit-module -emit-module-path /Users/admin/builder/spi-builder-workspace/.derivedData/Build/Intermediates.noindex/SpatialExtensions.build/Debug-watchos/SpatialExtensions.build/Objects-normal/arm64/SpatialExtensions.swiftmodule -user-module-version 1.1.0 -validate-clang-modules-once -clang-build-session-file /Users/admin/builder/spi-builder-workspace/.derivedData/ModuleCache.noindex/Session.modulevalidation -package-name spatialextensions -Xcc -I/Users/admin/builder/spi-builder-workspace/.derivedData/Build/Intermediates.noindex/SpatialExtensions.build/Debug-watchos/SpatialExtensions.build/swift-overrides.hmap -emit-const-values -Xfrontend -const-gather-protocols-file -Xfrontend /Users/admin/builder/spi-builder-workspace/.derivedData/Build/Intermediates.noindex/SpatialExtensions.build/Debug-watchos/SpatialExtensions.build/Objects-normal/arm64/SpatialExtensions_const_extract_protocols.json -Xcc -I/Users/admin/builder/spi-builder-workspace/.derivedData/Build/Products/Debug-watchos/include -Xcc -I/Users/admin/builder/spi-builder-workspace/.derivedData/Build/Intermediates.noindex/SpatialExtensions.build/Debug-watchos/SpatialExtensions.build/DerivedSources-normal/arm64 -Xcc -I/Users/admin/builder/spi-builder-workspace/.derivedData/Build/Intermediates.noindex/SpatialExtensions.build/Debug-watchos/SpatialExtensions.build/DerivedSources/arm64 -Xcc -I/Users/admin/builder/spi-builder-workspace/.derivedData/Build/Intermediates.noindex/SpatialExtensions.build/Debug-watchos/SpatialExtensions.build/DerivedSources -Xcc -DSWIFT_PACKAGE -Xcc -DDEBUG\=1 -emit-objc-header -emit-objc-header-path /Users/admin/builder/spi-builder-workspace/.derivedData/Build/Intermediates.noindex/SpatialExtensions.build/Debug-watchos/SpatialExtensions.build/Objects-normal/arm64/SpatialExtensions-Swift.h -working-directory /Users/admin/builder/spi-builder-workspace/.swiftpm/xcode -experimental-emit-module-separately -disable-cmo
SwiftDriver SpatialExtensions normal arm64_32 com.apple.xcode.tools.swift.compiler (in target 'SpatialExtensions' from project 'SpatialExtensions')
cd /Users/admin/builder/spi-builder-workspace/.swiftpm/xcode
builtin-SwiftDriver -- /Applications/Xcode-26.3.0.app/Contents/Developer/Toolchains/XcodeDefault.xctoolchain/usr/bin/swiftc -module-name SpatialExtensions -Onone -enforce-exclusivity\=checked @/Users/admin/builder/spi-builder-workspace/.derivedData/Build/Intermediates.noindex/SpatialExtensions.build/Debug-watchos/SpatialExtensions.build/Objects-normal/arm64_32/SpatialExtensions.SwiftFileList -DSWIFT_PACKAGE -DDEBUG -DSWIFT_MODULE_RESOURCE_BUNDLE_UNAVAILABLE -DXcode -plugin-path /Applications/Xcode-26.3.0.app/Contents/Developer/Toolchains/XcodeDefault.xctoolchain/usr/lib/swift/host/plugins/testing -enable-experimental-feature DebugDescriptionMacro -sdk /Applications/Xcode-26.3.0.app/Contents/Developer/Platforms/WatchOS.platform/Developer/SDKs/WatchOS26.2.sdk -target arm64_32-apple-watchos9.0 -g -module-cache-path /Users/admin/builder/spi-builder-workspace/.derivedData/ModuleCache.noindex -Xfrontend -serialize-debugging-options -profile-coverage-mapping -profile-generate -enable-testing -suppress-warnings -index-store-path /Users/admin/builder/spi-builder-workspace/.derivedData/Index.noindex/DataStore -Xcc -D_LIBCPP_HARDENING_MODE\=_LIBCPP_HARDENING_MODE_DEBUG -swift-version 6 -I /Users/admin/builder/spi-builder-workspace/.derivedData/Build/Products/Debug-watchos -Isystem /Applications/Xcode-26.3.0.app/Contents/Developer/Platforms/WatchOS.platform/Developer/usr/lib -F /Users/admin/builder/spi-builder-workspace/.derivedData/Build/Products/Debug-watchos -F /Applications/Xcode-26.3.0.app/Contents/Developer/Platforms/WatchOS.platform/Developer/Library/Frameworks -F /Applications/Xcode-26.3.0.app/Contents/Developer/Platforms/WatchOS.platform/Developer/SDKs/WatchOS26.2.sdk/Developer/Library/Frameworks -c -j10 -enable-batch-mode -incremental -Xcc -ivfsstatcache -Xcc /Users/admin/builder/spi-builder-workspace/.derivedData/SDKStatCaches.noindex/watchos26.2-23S303-dc75598d0054f22ec865fa860f139d721753b489057de6bda919edfa1c59a62b.sdkstatcache -output-file-map /Users/admin/builder/spi-builder-workspace/.derivedData/Build/Intermediates.noindex/SpatialExtensions.build/Debug-watchos/SpatialExtensions.build/Objects-normal/arm64_32/SpatialExtensions-OutputFileMap.json -use-frontend-parseable-output -save-temps -no-color-diagnostics -explicit-module-build -module-cache-path /Users/admin/builder/spi-builder-workspace/.derivedData/Build/Intermediates.noindex/SwiftExplicitPrecompiledModules -clang-scanner-module-cache-path /Users/admin/builder/spi-builder-workspace/.derivedData/ModuleCache.noindex -sdk-module-cache-path /Users/admin/builder/spi-builder-workspace/.derivedData/ModuleCache.noindex -serialize-diagnostics -emit-dependencies -emit-module -emit-module-path /Users/admin/builder/spi-builder-workspace/.derivedData/Build/Intermediates.noindex/SpatialExtensions.build/Debug-watchos/SpatialExtensions.build/Objects-normal/arm64_32/SpatialExtensions.swiftmodule -user-module-version 1.1.0 -validate-clang-modules-once -clang-build-session-file /Users/admin/builder/spi-builder-workspace/.derivedData/ModuleCache.noindex/Session.modulevalidation -package-name spatialextensions -Xcc -I/Users/admin/builder/spi-builder-workspace/.derivedData/Build/Intermediates.noindex/SpatialExtensions.build/Debug-watchos/SpatialExtensions.build/swift-overrides.hmap -emit-const-values -Xfrontend -const-gather-protocols-file -Xfrontend /Users/admin/builder/spi-builder-workspace/.derivedData/Build/Intermediates.noindex/SpatialExtensions.build/Debug-watchos/SpatialExtensions.build/Objects-normal/arm64_32/SpatialExtensions_const_extract_protocols.json -Xcc -I/Users/admin/builder/spi-builder-workspace/.derivedData/Build/Products/Debug-watchos/include -Xcc -I/Users/admin/builder/spi-builder-workspace/.derivedData/Build/Intermediates.noindex/SpatialExtensions.build/Debug-watchos/SpatialExtensions.build/DerivedSources-normal/arm64_32 -Xcc -I/Users/admin/builder/spi-builder-workspace/.derivedData/Build/Intermediates.noindex/SpatialExtensions.build/Debug-watchos/SpatialExtensions.build/DerivedSources/arm64_32 -Xcc -I/Users/admin/builder/spi-builder-workspace/.derivedData/Build/Intermediates.noindex/SpatialExtensions.build/Debug-watchos/SpatialExtensions.build/DerivedSources -Xcc -DSWIFT_PACKAGE -Xcc -DDEBUG\=1 -emit-objc-header -emit-objc-header-path /Users/admin/builder/spi-builder-workspace/.derivedData/Build/Intermediates.noindex/SpatialExtensions.build/Debug-watchos/SpatialExtensions.build/Objects-normal/arm64_32/SpatialExtensions-Swift.h -working-directory /Users/admin/builder/spi-builder-workspace/.swiftpm/xcode -experimental-emit-module-separately -disable-cmo
SwiftDriver PixelColor normal armv7k com.apple.xcode.tools.swift.compiler (in target 'PixelColor' from project 'PixelColor')
cd /Users/admin/builder/spi-builder-workspace/.swiftpm/xcode
builtin-SwiftDriver -- /Applications/Xcode-26.3.0.app/Contents/Developer/Toolchains/XcodeDefault.xctoolchain/usr/bin/swiftc -module-name PixelColor -Onone -enforce-exclusivity\=checked @/Users/admin/builder/spi-builder-workspace/.derivedData/Build/Intermediates.noindex/PixelColor.build/Debug-watchos/PixelColor.build/Objects-normal/armv7k/PixelColor.SwiftFileList -DSWIFT_PACKAGE -DDEBUG -DSWIFT_MODULE_RESOURCE_BUNDLE_UNAVAILABLE -DXcode -plugin-path /Applications/Xcode-26.3.0.app/Contents/Developer/Toolchains/XcodeDefault.xctoolchain/usr/lib/swift/host/plugins/testing -enable-experimental-feature DebugDescriptionMacro -sdk /Applications/Xcode-26.3.0.app/Contents/Developer/Platforms/WatchOS.platform/Developer/SDKs/WatchOS26.2.sdk -target armv7k-apple-watchos7.0 -g -module-cache-path /Users/admin/builder/spi-builder-workspace/.derivedData/ModuleCache.noindex -Xfrontend -serialize-debugging-options -profile-coverage-mapping -profile-generate -enable-testing -suppress-warnings -index-store-path /Users/admin/builder/spi-builder-workspace/.derivedData/Index.noindex/DataStore -Xcc -D_LIBCPP_HARDENING_MODE\=_LIBCPP_HARDENING_MODE_DEBUG -swift-version 6 -I /Users/admin/builder/spi-builder-workspace/.derivedData/Build/Products/Debug-watchos -Isystem /Applications/Xcode-26.3.0.app/Contents/Developer/Platforms/WatchOS.platform/Developer/usr/lib -F /Users/admin/builder/spi-builder-workspace/.derivedData/Build/Products/Debug-watchos -F /Applications/Xcode-26.3.0.app/Contents/Developer/Platforms/WatchOS.platform/Developer/Library/Frameworks -F /Applications/Xcode-26.3.0.app/Contents/Developer/Platforms/WatchOS.platform/Developer/SDKs/WatchOS26.2.sdk/Developer/Library/Frameworks -c -j10 -enable-batch-mode -incremental -Xcc -ivfsstatcache -Xcc /Users/admin/builder/spi-builder-workspace/.derivedData/SDKStatCaches.noindex/watchos26.2-23S303-dc75598d0054f22ec865fa860f139d721753b489057de6bda919edfa1c59a62b.sdkstatcache -output-file-map /Users/admin/builder/spi-builder-workspace/.derivedData/Build/Intermediates.noindex/PixelColor.build/Debug-watchos/PixelColor.build/Objects-normal/armv7k/PixelColor-OutputFileMap.json -use-frontend-parseable-output -save-temps -no-color-diagnostics -explicit-module-build -module-cache-path /Users/admin/builder/spi-builder-workspace/.derivedData/Build/Intermediates.noindex/SwiftExplicitPrecompiledModules -clang-scanner-module-cache-path /Users/admin/builder/spi-builder-workspace/.derivedData/ModuleCache.noindex -sdk-module-cache-path /Users/admin/builder/spi-builder-workspace/.derivedData/ModuleCache.noindex -serialize-diagnostics -emit-dependencies -emit-module -emit-module-path /Users/admin/builder/spi-builder-workspace/.derivedData/Build/Intermediates.noindex/PixelColor.build/Debug-watchos/PixelColor.build/Objects-normal/armv7k/PixelColor.swiftmodule -user-module-version 3.3.0 -validate-clang-modules-once -clang-build-session-file /Users/admin/builder/spi-builder-workspace/.derivedData/ModuleCache.noindex/Session.modulevalidation -package-name pixelcolor -Xcc -I/Users/admin/builder/spi-builder-workspace/.derivedData/Build/Intermediates.noindex/PixelColor.build/Debug-watchos/PixelColor.build/swift-overrides.hmap -emit-const-values -Xfrontend -const-gather-protocols-file -Xfrontend /Users/admin/builder/spi-builder-workspace/.derivedData/Build/Intermediates.noindex/PixelColor.build/Debug-watchos/PixelColor.build/Objects-normal/armv7k/PixelColor_const_extract_protocols.json -Xcc -I/Users/admin/builder/spi-builder-workspace/.derivedData/Build/Products/Debug-watchos/include -Xcc -I/Users/admin/builder/spi-builder-workspace/.derivedData/Build/Intermediates.noindex/PixelColor.build/Debug-watchos/PixelColor.build/DerivedSources-normal/armv7k -Xcc -I/Users/admin/builder/spi-builder-workspace/.derivedData/Build/Intermediates.noindex/PixelColor.build/Debug-watchos/PixelColor.build/DerivedSources/armv7k -Xcc -I/Users/admin/builder/spi-builder-workspace/.derivedData/Build/Intermediates.noindex/PixelColor.build/Debug-watchos/PixelColor.build/DerivedSources -Xcc -DSWIFT_PACKAGE -Xcc -DDEBUG\=1 -emit-objc-header -emit-objc-header-path /Users/admin/builder/spi-builder-workspace/.derivedData/Build/Intermediates.noindex/PixelColor.build/Debug-watchos/PixelColor.build/Objects-normal/armv7k/PixelColor-Swift.h -working-directory /Users/admin/builder/spi-builder-workspace/.swiftpm/xcode -experimental-emit-module-separately -disable-cmo
SwiftDriver PixelColor normal arm64_32 com.apple.xcode.tools.swift.compiler (in target 'PixelColor' from project 'PixelColor')
cd /Users/admin/builder/spi-builder-workspace/.swiftpm/xcode
builtin-SwiftDriver -- /Applications/Xcode-26.3.0.app/Contents/Developer/Toolchains/XcodeDefault.xctoolchain/usr/bin/swiftc -module-name PixelColor -Onone -enforce-exclusivity\=checked @/Users/admin/builder/spi-builder-workspace/.derivedData/Build/Intermediates.noindex/PixelColor.build/Debug-watchos/PixelColor.build/Objects-normal/arm64_32/PixelColor.SwiftFileList -DSWIFT_PACKAGE -DDEBUG -DSWIFT_MODULE_RESOURCE_BUNDLE_UNAVAILABLE -DXcode -plugin-path /Applications/Xcode-26.3.0.app/Contents/Developer/Toolchains/XcodeDefault.xctoolchain/usr/lib/swift/host/plugins/testing -enable-experimental-feature DebugDescriptionMacro -sdk /Applications/Xcode-26.3.0.app/Contents/Developer/Platforms/WatchOS.platform/Developer/SDKs/WatchOS26.2.sdk -target arm64_32-apple-watchos7.0 -g -module-cache-path /Users/admin/builder/spi-builder-workspace/.derivedData/ModuleCache.noindex -Xfrontend -serialize-debugging-options -profile-coverage-mapping -profile-generate -enable-testing -suppress-warnings -index-store-path /Users/admin/builder/spi-builder-workspace/.derivedData/Index.noindex/DataStore -Xcc -D_LIBCPP_HARDENING_MODE\=_LIBCPP_HARDENING_MODE_DEBUG -swift-version 6 -I /Users/admin/builder/spi-builder-workspace/.derivedData/Build/Products/Debug-watchos -Isystem /Applications/Xcode-26.3.0.app/Contents/Developer/Platforms/WatchOS.platform/Developer/usr/lib -F /Users/admin/builder/spi-builder-workspace/.derivedData/Build/Products/Debug-watchos -F /Applications/Xcode-26.3.0.app/Contents/Developer/Platforms/WatchOS.platform/Developer/Library/Frameworks -F /Applications/Xcode-26.3.0.app/Contents/Developer/Platforms/WatchOS.platform/Developer/SDKs/WatchOS26.2.sdk/Developer/Library/Frameworks -c -j10 -enable-batch-mode -incremental -Xcc -ivfsstatcache -Xcc /Users/admin/builder/spi-builder-workspace/.derivedData/SDKStatCaches.noindex/watchos26.2-23S303-dc75598d0054f22ec865fa860f139d721753b489057de6bda919edfa1c59a62b.sdkstatcache -output-file-map /Users/admin/builder/spi-builder-workspace/.derivedData/Build/Intermediates.noindex/PixelColor.build/Debug-watchos/PixelColor.build/Objects-normal/arm64_32/PixelColor-OutputFileMap.json -use-frontend-parseable-output -save-temps -no-color-diagnostics -explicit-module-build -module-cache-path /Users/admin/builder/spi-builder-workspace/.derivedData/Build/Intermediates.noindex/SwiftExplicitPrecompiledModules -clang-scanner-module-cache-path /Users/admin/builder/spi-builder-workspace/.derivedData/ModuleCache.noindex -sdk-module-cache-path /Users/admin/builder/spi-builder-workspace/.derivedData/ModuleCache.noindex -serialize-diagnostics -emit-dependencies -emit-module -emit-module-path /Users/admin/builder/spi-builder-workspace/.derivedData/Build/Intermediates.noindex/PixelColor.build/Debug-watchos/PixelColor.build/Objects-normal/arm64_32/PixelColor.swiftmodule -user-module-version 3.3.0 -validate-clang-modules-once -clang-build-session-file /Users/admin/builder/spi-builder-workspace/.derivedData/ModuleCache.noindex/Session.modulevalidation -package-name pixelcolor -Xcc -I/Users/admin/builder/spi-builder-workspace/.derivedData/Build/Intermediates.noindex/PixelColor.build/Debug-watchos/PixelColor.build/swift-overrides.hmap -emit-const-values -Xfrontend -const-gather-protocols-file -Xfrontend /Users/admin/builder/spi-builder-workspace/.derivedData/Build/Intermediates.noindex/PixelColor.build/Debug-watchos/PixelColor.build/Objects-normal/arm64_32/PixelColor_const_extract_protocols.json -Xcc -I/Users/admin/builder/spi-builder-workspace/.derivedData/Build/Products/Debug-watchos/include -Xcc -I/Users/admin/builder/spi-builder-workspace/.derivedData/Build/Intermediates.noindex/PixelColor.build/Debug-watchos/PixelColor.build/DerivedSources-normal/arm64_32 -Xcc -I/Users/admin/builder/spi-builder-workspace/.derivedData/Build/Intermediates.noindex/PixelColor.build/Debug-watchos/PixelColor.build/DerivedSources/arm64_32 -Xcc -I/Users/admin/builder/spi-builder-workspace/.derivedData/Build/Intermediates.noindex/PixelColor.build/Debug-watchos/PixelColor.build/DerivedSources -Xcc -DSWIFT_PACKAGE -Xcc -DDEBUG\=1 -emit-objc-header -emit-objc-header-path /Users/admin/builder/spi-builder-workspace/.derivedData/Build/Intermediates.noindex/PixelColor.build/Debug-watchos/PixelColor.build/Objects-normal/arm64_32/PixelColor-Swift.h -working-directory /Users/admin/builder/spi-builder-workspace/.swiftpm/xcode -experimental-emit-module-separately -disable-cmo
2026-10-05 06:28:45.217 xcodebuild[2953:16341] [MT] IDERunDestination: Supported platforms for the buildables in the current scheme is empty.
/Users/admin/builder/spi-builder-workspace/.dependencies/checkouts/VideoFrames/Sources/VideoFrames/ToFrames.swift:7:8: error: Unable to find module dependency: 'VideoToolbox'
import VideoToolbox
^
/Users/admin/builder/spi-builder-workspace/.dependencies/checkouts/VideoFrames/Sources/VideoFrames/ToFrames.swift:7:8: note: a dependency of main module 'VideoFrames'
import VideoToolbox
^
/Users/admin/builder/spi-builder-workspace/.dependencies/checkouts/VideoFrames/Sources/VideoFrames/ToFrames.swift:7:8: error: Unable to find module dependency: 'VideoToolbox'
import VideoToolbox
^
/Users/admin/builder/spi-builder-workspace/.dependencies/checkouts/VideoFrames/Sources/VideoFrames/ToFrames.swift:7:8: note: a dependency of main module 'VideoFrames'
import VideoToolbox
^
/Users/admin/builder/spi-builder-workspace/.dependencies/checkouts/VideoFrames/Sources/VideoFrames/ToFrames.swift:7:8: error: Unable to find module dependency: 'VideoToolbox'
import VideoToolbox
^
/Users/admin/builder/spi-builder-workspace/.dependencies/checkouts/VideoFrames/Sources/VideoFrames/ToFrames.swift:7:8: note: a dependency of main module 'VideoFrames'
import VideoToolbox
^
/Users/admin/builder/spi-builder-workspace/.dependencies/checkouts/TextureMap/Sources/TextureMap/Extensions/CGSize.swift:5:8: error: Unable to find module dependency: 'MetalKit'
import MetalKit
^
/Users/admin/builder/spi-builder-workspace/.dependencies/checkouts/TextureMap/Sources/TextureMap/Extensions/CGSize.swift:5:8: note: a dependency of main module 'TextureMap'
import MetalKit
^
/Users/admin/builder/spi-builder-workspace/.dependencies/checkouts/TextureMap/Sources/TextureMap/TextureMap.swift:8:8: note: also imported here
import MetalKit
^
/Users/admin/builder/spi-builder-workspace/.dependencies/checkouts/TextureMap/Sources/TextureMap/TexureMap+Raw.swift:8:8: note: also imported here
import MetalKit
^
/Users/admin/builder/spi-builder-workspace/.dependencies/checkouts/TextureMap/Sources/TextureMap/Types/TMBits.swift:6:8: note: also imported here
import MetalKit
^
/Users/admin/builder/spi-builder-workspace/.dependencies/checkouts/TextureMap/Sources/TextureMap/Extensions/CVPixelBuffer.swift:5:8: error: Unable to find module dependency: 'Metal'
import Metal
^
/Users/admin/builder/spi-builder-workspace/.dependencies/checkouts/TextureMap/Sources/TextureMap/Extensions/CVPixelBuffer.swift:5:8: note: a dependency of main module 'TextureMap'
import Metal
^
/Users/admin/builder/spi-builder-workspace/.dependencies/checkouts/TextureMap/Sources/TextureMap/Extensions/MTLTexture.swift:7:8: note: also imported here
import Metal
^
/Users/admin/builder/spi-builder-workspace/.dependencies/checkouts/TextureMap/Sources/TextureMap/Texture/Array+MTLTexture.swift:6:8: note: also imported here
import Metal
^
/Users/admin/builder/spi-builder-workspace/.dependencies/checkouts/TextureMap/Sources/TextureMap/Texture/MTLTexture+sample.swift:5:8: note: also imported here
import Metal
^
/Users/admin/builder/spi-builder-workspace/.dependencies/checkouts/TextureMap/Sources/TextureMap/Types/TMError.swift:9:8: note: also imported here
import Metal
^
/Users/admin/builder/spi-builder-workspace/.dependencies/checkouts/TextureMap/Sources/TextureMap/Extensions/CVPixelBuffer.swift:7:8: error: Unable to find module dependency: 'VideoToolbox'
import VideoToolbox
^
/Users/admin/builder/spi-builder-workspace/.dependencies/checkouts/TextureMap/Sources/TextureMap/Extensions/CVPixelBuffer.swift:7:8: note: a dependency of main module 'TextureMap'
import VideoToolbox
^
/Users/admin/builder/spi-builder-workspace/.dependencies/checkouts/TextureMap/Sources/TextureMap/TextureMap.swift:7:24: note: also imported here
@preconcurrency import VideoToolbox
^
/Users/admin/builder/spi-builder-workspace/.dependencies/checkouts/TextureMap/Sources/TextureMap/Extensions/MTLTexture.swift:8:8: error: Unable to find module dependency: 'MetalPerformanceShaders'
import MetalPerformanceShaders
^
/Users/admin/builder/spi-builder-workspace/.dependencies/checkouts/TextureMap/Sources/TextureMap/Extensions/MTLTexture.swift:8:8: note: a dependency of main module 'TextureMap'
import MetalPerformanceShaders
^
/Users/admin/builder/spi-builder-workspace/.dependencies/checkouts/TextureMap/Sources/TextureMap/TextureMap.swift:9:8: note: also imported here
import MetalPerformanceShaders
^
/Users/admin/builder/spi-builder-workspace/.dependencies/checkouts/TextureMap/Sources/TextureMap/TextureMap.swift:10:8: error: Unable to find module dependency: 'IOSurface'
import IOSurface
^
/Users/admin/builder/spi-builder-workspace/.dependencies/checkouts/TextureMap/Sources/TextureMap/TextureMap.swift:10:8: note: a dependency of main module 'TextureMap'
import IOSurface
^
/Users/admin/builder/spi-builder-workspace/.dependencies/checkouts/TextureMap/Sources/TextureMap/Types/TMColorSpace.swift:7:8: error: Unable to find module dependency: 'CoreImage'
import CoreImage
^
/Users/admin/builder/spi-builder-workspace/.dependencies/checkouts/TextureMap/Sources/TextureMap/Types/TMColorSpace.swift:7:8: note: a dependency of main module 'TextureMap'
import CoreImage
^
/Users/admin/builder/spi-builder-workspace/.dependencies/checkouts/TextureMap/Sources/TextureMap/Extensions/CGSize.swift:5:8: error: Unable to find module dependency: 'MetalKit'
import MetalKit
^
/Users/admin/builder/spi-builder-workspace/.dependencies/checkouts/TextureMap/Sources/TextureMap/Extensions/CGSize.swift:5:8: note: a dependency of main module 'TextureMap'
import MetalKit
^
/Users/admin/builder/spi-builder-workspace/.dependencies/checkouts/TextureMap/Sources/TextureMap/TextureMap.swift:8:8: note: also imported here
import MetalKit
^
/Users/admin/builder/spi-builder-workspace/.dependencies/checkouts/TextureMap/Sources/TextureMap/TexureMap+Raw.swift:8:8: note: also imported here
import MetalKit
^
/Users/admin/builder/spi-builder-workspace/.dependencies/checkouts/TextureMap/Sources/TextureMap/Types/TMBits.swift:6:8: note: also imported here
import MetalKit
^
/Users/admin/builder/spi-builder-workspace/.dependencies/checkouts/TextureMap/Sources/TextureMap/Extensions/CVPixelBuffer.swift:5:8: error: Unable to find module dependency: 'Metal'
import Metal
^
/Users/admin/builder/spi-builder-workspace/.dependencies/checkouts/TextureMap/Sources/TextureMap/Extensions/CVPixelBuffer.swift:5:8: note: a dependency of main module 'TextureMap'
import Metal
^
/Users/admin/builder/spi-builder-workspace/.dependencies/checkouts/TextureMap/Sources/TextureMap/Extensions/MTLTexture.swift:7:8: note: also imported here
import Metal
^
/Users/admin/builder/spi-builder-workspace/.dependencies/checkouts/TextureMap/Sources/TextureMap/Texture/Array+MTLTexture.swift:6:8: note: also imported here
import Metal
^
/Users/admin/builder/spi-builder-workspace/.dependencies/checkouts/TextureMap/Sources/TextureMap/Texture/MTLTexture+sample.swift:5:8: note: also imported here
import Metal
^
/Users/admin/builder/spi-builder-workspace/.dependencies/checkouts/TextureMap/Sources/TextureMap/Types/TMError.swift:9:8: note: also imported here
import Metal
^
/Users/admin/builder/spi-builder-workspace/.dependencies/checkouts/TextureMap/Sources/TextureMap/Extensions/CVPixelBuffer.swift:7:8: error: Unable to find module dependency: 'VideoToolbox'
import VideoToolbox
^
/Users/admin/builder/spi-builder-workspace/.dependencies/checkouts/TextureMap/Sources/TextureMap/Extensions/CVPixelBuffer.swift:7:8: note: a dependency of main module 'TextureMap'
import VideoToolbox
^
/Users/admin/builder/spi-builder-workspace/.dependencies/checkouts/TextureMap/Sources/TextureMap/TextureMap.swift:7:24: note: also imported here
@preconcurrency import VideoToolbox
^
/Users/admin/builder/spi-builder-workspace/.dependencies/checkouts/TextureMap/Sources/TextureMap/Extensions/MTLTexture.swift:8:8: error: Unable to find module dependency: 'MetalPerformanceShaders'
import MetalPerformanceShaders
^
/Users/admin/builder/spi-builder-workspace/.dependencies/checkouts/TextureMap/Sources/TextureMap/Extensions/MTLTexture.swift:8:8: note: a dependency of main module 'TextureMap'
import MetalPerformanceShaders
^
/Users/admin/builder/spi-builder-workspace/.dependencies/checkouts/TextureMap/Sources/TextureMap/TextureMap.swift:9:8: note: also imported here
import MetalPerformanceShaders
^
/Users/admin/builder/spi-builder-workspace/.dependencies/checkouts/TextureMap/Sources/TextureMap/TextureMap.swift:10:8: error: Unable to find module dependency: 'IOSurface'
import IOSurface
^
/Users/admin/builder/spi-builder-workspace/.dependencies/checkouts/TextureMap/Sources/TextureMap/TextureMap.swift:10:8: note: a dependency of main module 'TextureMap'
import IOSurface
^
/Users/admin/builder/spi-builder-workspace/.dependencies/checkouts/TextureMap/Sources/TextureMap/Types/TMColorSpace.swift:7:8: error: Unable to find module dependency: 'CoreImage'
import CoreImage
^
/Users/admin/builder/spi-builder-workspace/.dependencies/checkouts/TextureMap/Sources/TextureMap/Types/TMColorSpace.swift:7:8: note: a dependency of main module 'TextureMap'
import CoreImage
^
** BUILD FAILED **
The following build commands failed:
SwiftDriver VideoFrames normal arm64_32 com.apple.xcode.tools.swift.compiler (in target 'VideoFrames' from project 'VideoFrames')
SwiftDriver VideoFrames normal arm64 com.apple.xcode.tools.swift.compiler (in target 'VideoFrames' from project 'VideoFrames')
SwiftDriver VideoFrames normal armv7k com.apple.xcode.tools.swift.compiler (in target 'VideoFrames' from project 'VideoFrames')
SwiftDriver TextureMap normal arm64 com.apple.xcode.tools.swift.compiler (in target 'TextureMap' from project 'TextureMap')
SwiftDriver TextureMap normal arm64_32 com.apple.xcode.tools.swift.compiler (in target 'TextureMap' from project 'TextureMap')
Building workspace spi-builder-workspace with scheme AsyncGraphics
(6 failures)
BUILD FAILURE 6.2 watchOS