Build Information
Failed to build OpenAPISwiftCodeGenerate, reference main (2785b1), with Swift 6.4 for visionOS using Xcode 27.0 on 19 Sep 2026 10:40:40 UTC.
Build Command
env DEVELOPER_DIR=/Applications/Xcode-27.0.0-Release.Candidate.app xcrun xcodebuild -IDEClonedSourcePackagesDirPathOverride=$PWD/.dependencies -skipMacroValidation -skipPackagePluginValidation -derivedDataPath $PWD/.derivedData build -scheme OpenAPISwiftCodeGenerate-Package -destination generic/platform=xrOSBuild Log
========================================
RunAll
========================================
Builder version: 5.1.0
Interrupt handler set up.
========================================
Checkout
========================================
Clone URL: https://github.com/amzn/openapi-swift-code-generate.git
Reference: main
Initialized empty Git repository in /Users/admin/builder/spi-builder-workspace/.git/
From https://github.com/amzn/openapi-swift-code-generate
* branch main -> FETCH_HEAD
* [new branch] main -> origin/main
HEAD is now at 2785b1d Update SwaggerParser repository location because original is 404
Cloned https://github.com/amzn/openapi-swift-code-generate.git
Revision (git rev-parse @):
2785b1dd472850c470b5cd3c9b727ce3dff4827d
SUCCESS checkout https://github.com/amzn/openapi-swift-code-generate.git at main
========================================
Build
========================================
Selected platform: visionOS
Swift version: 6.4
Building package at path: $PWD
https://github.com/amzn/openapi-swift-code-generate.git
Command line invocation:
/Applications/Xcode-27.0.0-Release.Candidate.app/Contents/Developer/usr/bin/xcodebuild -IDEClonedSourcePackagesDirPathOverride=/Users/admin/builder/spi-builder-workspace/.dependencies -resolvePackageDependencies
Resolve Package Graph
Fetching from https://github.com/mattpolzin/OpenAPIKit.git
Fetching from https://github.com/knovichikhin/SwaggerParser.git
Fetching from https://github.com/jpsim/Yams.git
Fetching from https://github.com/amzn/service-model-swift-code-generate
Creating working copy of package ‘OpenAPIKit’
Checking out 3.9.0 of package ‘OpenAPIKit’
Creating working copy of package ‘Yams’
Checking out 4.0.6 of package ‘Yams’
Creating working copy of package ‘service-model-swift-code-generate’
Checking out 3.1.1 of package ‘service-model-swift-code-generate’
Creating working copy of package ‘SwaggerParser’
Checking out 0.6.4 of package ‘SwaggerParser’
Resolve Package Graph
Resolved source packages:
SwaggerParser: https://github.com/knovichikhin/SwaggerParser.git @ 0.6.4
ServiceModelSwiftCodeGenerate: https://github.com/amzn/service-model-swift-code-generate @ 3.1.1
Yams: https://github.com/jpsim/Yams.git @ 4.0.6
OpenAPIKit: https://github.com/mattpolzin/OpenAPIKit.git @ 3.9.0
OpenAPISwiftCodeGenerate: /Users/admin/builder/spi-builder-workspace
resolved source packages: SwaggerParser, ServiceModelSwiftCodeGenerate, Yams, OpenAPIKit, OpenAPISwiftCodeGenerate
2026-09-19 06:39:45.502 xcodebuild[529:3031] [MT] IDERunDestination: Supported platforms for the buildables in the current scheme is empty.
{
"dependencies" : [
{
"identity" : "swaggerparser",
"requirement" : {
"range" : [
{
"lower_bound" : "0.6.4",
"upper_bound" : "1.0.0"
}
]
},
"type" : "sourceControl",
"url" : "https://github.com/knovichikhin/SwaggerParser.git"
},
{
"identity" : "yams",
"requirement" : {
"range" : [
{
"lower_bound" : "4.0.0",
"upper_bound" : "5.0.0"
}
]
},
"type" : "sourceControl",
"url" : "https://github.com/jpsim/Yams.git"
},
{
"identity" : "openapikit",
"requirement" : {
"range" : [
{
"lower_bound" : "3.0.0-alpha.9",
"upper_bound" : "4.0.0"
}
]
},
"type" : "sourceControl",
"url" : "https://github.com/mattpolzin/OpenAPIKit.git"
},
{
"identity" : "service-model-swift-code-generate",
"requirement" : {
"range" : [
{
"lower_bound" : "3.0.0",
"upper_bound" : "4.0.0"
}
]
},
"type" : "sourceControl",
"url" : "https://github.com/amzn/service-model-swift-code-generate"
}
],
"manifest_display_name" : "OpenAPISwiftCodeGenerate",
"name" : "OpenAPISwiftCodeGenerate",
"path" : "/Users/admin/builder/spi-builder-workspace",
"platforms" : [
{
"name" : "macos",
"version" : "10.15"
},
{
"name" : "ios",
"version" : "10.0"
}
],
"products" : [
{
"name" : "SwaggerServiceModel",
"targets" : [
"SwaggerServiceModel"
],
"type" : {
"library" : [
"automatic"
]
}
},
{
"name" : "OpenAPIServiceModel",
"targets" : [
"OpenAPIServiceModel"
],
"type" : {
"library" : [
"automatic"
]
}
}
],
"swift_languages_versions" : [
"5"
],
"targets" : [
{
"c99name" : "SwaggerServiceModel",
"module_type" : "SwiftTarget",
"name" : "SwaggerServiceModel",
"path" : "Sources/SwaggerServiceModel",
"product_dependencies" : [
"ServiceModelCodeGeneration",
"Yams",
"SwaggerParser",
"OpenAPIKit30"
],
"product_memberships" : [
"SwaggerServiceModel"
],
"sources" : [
"SwaggerServiceModel+createSwaggerModel.swift",
"SwaggerServiceModel+parseSchemas.swift",
"SwaggerServiceModel+setOperationInput.swift",
"SwaggerServiceModel+setOperationOutput.swift",
"SwaggerServiceModel.swift"
],
"type" : "library"
},
{
"c99name" : "OpenAPIServiceModel",
"module_type" : "SwiftTarget",
"name" : "OpenAPIServiceModel",
"path" : "Sources/OpenAPIServiceModel",
"product_dependencies" : [
"ServiceModelCodeGeneration",
"Yams",
"SwaggerParser",
"OpenAPIKit30"
],
"product_memberships" : [
"OpenAPIServiceModel"
],
"sources" : [
"CreateOpenAPIServiceModel.swift",
"OpenAPIServiceModel.swift",
"ParseSchemas.swift",
"SetOperationInput.swift",
"SetOperationOutput.swift"
],
"type" : "library"
}
],
"tools_version" : "5.5"
}
{
"workspace" : {
"name" : "OpenAPISwiftCodeGenerate",
"schemes" : [
"OpenAPIServiceModel",
"OpenAPISwiftCodeGenerate-Package",
"SwaggerServiceModel"
]
}
}
2026-09-19 06:40:26.635 xcodebuild[795:4865] [MT] IDERunDestination: Supported platforms for the buildables in the current scheme is empty.
{
"workspace" : {
"name" : "OpenAPISwiftCodeGenerate",
"schemes" : [
"OpenAPIServiceModel",
"OpenAPISwiftCodeGenerate-Package",
"SwaggerServiceModel"
]
}
}
2026-09-19 06:40:27.797 xcodebuild[797:4917] [MT] IDERunDestination: Supported platforms for the buildables in the current scheme is empty.
Running build ...
env DEVELOPER_DIR=/Applications/Xcode-27.0.0-Release.Candidate.app xcrun xcodebuild -IDEClonedSourcePackagesDirPathOverride=$PWD/.dependencies -skipMacroValidation -skipPackagePluginValidation -derivedDataPath $PWD/.derivedData build -scheme OpenAPISwiftCodeGenerate-Package -destination generic/platform=xrOS
Command line invocation:
/Applications/Xcode-27.0.0-Release.Candidate.app/Contents/Developer/usr/bin/xcodebuild -IDEClonedSourcePackagesDirPathOverride=/Users/admin/builder/spi-builder-workspace/.dependencies -skipMacroValidation -skipPackagePluginValidation -derivedDataPath /Users/admin/builder/spi-builder-workspace/.derivedData build -scheme OpenAPISwiftCodeGenerate-Package -destination generic/platform=xrOS
Resolve Package Graph
Resolve Package Graph
Resolved source packages:
SwaggerParser: https://github.com/knovichikhin/SwaggerParser.git @ 0.6.4
OpenAPISwiftCodeGenerate: /Users/admin/builder/spi-builder-workspace
Yams: https://github.com/jpsim/Yams.git @ 4.0.6
ServiceModelSwiftCodeGenerate: https://github.com/amzn/service-model-swift-code-generate @ 3.1.1
OpenAPIKit: https://github.com/mattpolzin/OpenAPIKit.git @ 3.9.0
ComputePackagePrebuildTargetDependencyGraph
Prepare packages
CreateBuildRequest
SendProjectDescription
CreateBuildOperation
ComputeTargetDependencyGraph
note: Building targets in dependency order
note: Target dependency graph (15 targets)
Target 'OpenAPIServiceModel-product' in project 'OpenAPISwiftCodeGenerate'
➜ Explicit dependency on target 'OpenAPIServiceModel' in project 'OpenAPISwiftCodeGenerate'
➜ Explicit dependency on target 'ServiceModelCodeGeneration-product' in project 'ServiceModelSwiftCodeGenerate'
➜ Explicit dependency on target 'Yams-product' in project 'Yams'
➜ Explicit dependency on target 'SwaggerParser-product' in project 'SwaggerParser'
➜ Explicit dependency on target 'OpenAPIKit30-product' in project 'OpenAPIKit'
Target 'OpenAPIServiceModel' in project 'OpenAPISwiftCodeGenerate'
➜ Explicit dependency on target 'ServiceModelCodeGeneration-product' in project 'ServiceModelSwiftCodeGenerate'
➜ Explicit dependency on target 'Yams-product' in project 'Yams'
➜ Explicit dependency on target 'SwaggerParser-product' in project 'SwaggerParser'
➜ Explicit dependency on target 'OpenAPIKit30-product' in project 'OpenAPIKit'
Target 'SwaggerServiceModel-product' in project 'OpenAPISwiftCodeGenerate'
➜ Explicit dependency on target 'SwaggerServiceModel' in project 'OpenAPISwiftCodeGenerate'
➜ Explicit dependency on target 'ServiceModelCodeGeneration-product' in project 'ServiceModelSwiftCodeGenerate'
➜ Explicit dependency on target 'Yams-product' in project 'Yams'
➜ Explicit dependency on target 'SwaggerParser-product' in project 'SwaggerParser'
➜ Explicit dependency on target 'OpenAPIKit30-product' in project 'OpenAPIKit'
Target 'SwaggerServiceModel' in project 'OpenAPISwiftCodeGenerate'
➜ Explicit dependency on target 'ServiceModelCodeGeneration-product' in project 'ServiceModelSwiftCodeGenerate'
➜ Explicit dependency on target 'Yams-product' in project 'Yams'
➜ Explicit dependency on target 'SwaggerParser-product' in project 'SwaggerParser'
➜ Explicit dependency on target 'OpenAPIKit30-product' in project 'OpenAPIKit'
Target 'OpenAPIKit30-product' in project 'OpenAPIKit'
➜ Explicit dependency on target 'OpenAPIKit30' in project 'OpenAPIKit'
➜ Explicit dependency on target 'OpenAPIKitCore' in project 'OpenAPIKit'
Target 'OpenAPIKit30' in project 'OpenAPIKit'
➜ Explicit dependency on target 'OpenAPIKitCore' in project 'OpenAPIKit'
Target 'OpenAPIKitCore' in project 'OpenAPIKit' (no dependencies)
Target 'SwaggerParser-product' in project 'SwaggerParser'
➜ Explicit dependency on target 'SwaggerParser' in project 'SwaggerParser'
Target 'SwaggerParser' in project 'SwaggerParser' (no dependencies)
Target 'Yams-product' in project 'Yams'
➜ Explicit dependency on target 'Yams' in project 'Yams'
➜ Explicit dependency on target 'CYaml' in project 'Yams'
Target 'Yams' in project 'Yams'
➜ Explicit dependency on target 'CYaml' in project 'Yams'
Target 'CYaml' in project 'Yams' (no dependencies)
Target 'ServiceModelCodeGeneration-product' in project 'ServiceModelSwiftCodeGenerate'
➜ Explicit dependency on target 'ServiceModelCodeGeneration' in project 'ServiceModelSwiftCodeGenerate'
➜ Explicit dependency on target 'ServiceModelEntities' in project 'ServiceModelSwiftCodeGenerate'
Target 'ServiceModelCodeGeneration' in project 'ServiceModelSwiftCodeGenerate'
➜ Explicit dependency on target 'ServiceModelEntities' in project 'ServiceModelSwiftCodeGenerate'
Target 'ServiceModelEntities' in project 'ServiceModelSwiftCodeGenerate' (no dependencies)
GatherProvisioningInputs
CreateBuildDescription
ExecuteExternalTool /Applications/Xcode-27.0.0-Release.Candidate.app/Contents/Developer/Toolchains/XcodeDefault.xctoolchain/usr/bin/clang -v -E -dM -arch arm64 -isysroot /Applications/Xcode-27.0.0-Release.Candidate.app/Contents/Developer/Platforms/XROS.platform/Developer/SDKs/XROS27.0.sdk -x c -c /dev/null
ExecuteExternalTool /Applications/Xcode-27.0.0-Release.Candidate.app/Contents/Developer/Toolchains/XcodeDefault.xctoolchain/usr/bin/swiftc --version
ExecuteExternalTool /Applications/Xcode-27.0.0-Release.Candidate.app/Contents/Developer/Toolchains/XcodeDefault.xctoolchain/usr/bin/clang -v -E -dM -isysroot /Applications/Xcode-27.0.0-Release.Candidate.app/Contents/Developer/Platforms/XROS.platform/Developer/SDKs/XROS27.0.sdk -x c -c /dev/null
ExecuteExternalTool /Applications/Xcode-27.0.0-Release.Candidate.app/Contents/Developer/Toolchains/XcodeDefault.xctoolchain/usr/bin/ld -version_details
Build description signature: 939d83c39091d7fec58921a4818206e0
Build description path: /Users/admin/builder/spi-builder-workspace/.derivedData/Build/Intermediates.noindex/XCBuildData/939d83c39091d7fec58921a4818206e0.xcbuilddata
CreateBuildDirectory /Users/admin/builder/spi-builder-workspace/.derivedData/SDKExplicitPrecompiledModules
cd /Users/admin/builder/spi-builder-workspace/.swiftpm/xcode
builtin-create-build-directory /Users/admin/builder/spi-builder-workspace/.derivedData/SDKExplicitPrecompiledModules
CreateBuildDirectory /Users/admin/builder/spi-builder-workspace/.derivedData/ModuleCache.noindex
cd /Users/admin/builder/spi-builder-workspace/.swiftpm/xcode
builtin-create-build-directory /Users/admin/builder/spi-builder-workspace/.derivedData/ModuleCache.noindex
CreateBuildDirectory /Users/admin/builder/spi-builder-workspace/.derivedData/CompilationCache.noindex
cd /Users/admin/builder/spi-builder-workspace/.swiftpm/xcode
builtin-create-build-directory /Users/admin/builder/spi-builder-workspace/.derivedData/CompilationCache.noindex
ClangStatCache /Applications/Xcode-27.0.0-Release.Candidate.app/Contents/Developer/Toolchains/XcodeDefault.xctoolchain/usr/bin/clang-stat-cache /Applications/Xcode-27.0.0-Release.Candidate.app/Contents/Developer/Platforms/XROS.platform/Developer/SDKs/XROS27.0.sdk /Users/admin/builder/spi-builder-workspace/.derivedData/SDKStatCaches.noindex/xros27.0-24M361-e829b21a6f8c9b70876ba0858053c044735bd543db762f57723cac368afd1ce4.sdkstatcache
cd /Users/admin/builder/spi-builder-workspace/.swiftpm/xcode
/Applications/Xcode-27.0.0-Release.Candidate.app/Contents/Developer/Toolchains/XcodeDefault.xctoolchain/usr/bin/clang-stat-cache /Applications/Xcode-27.0.0-Release.Candidate.app/Contents/Developer/Platforms/XROS.platform/Developer/SDKs/XROS27.0.sdk -o /Users/admin/builder/spi-builder-workspace/.derivedData/SDKStatCaches.noindex/xros27.0-24M361-e829b21a6f8c9b70876ba0858053c044735bd543db762f57723cac368afd1ce4.sdkstatcache
CreateBuildDirectory /Users/admin/builder/spi-builder-workspace/.derivedData/Build/Products
cd /Users/admin/builder/spi-builder-workspace/.swiftpm/xcode
builtin-create-build-directory /Users/admin/builder/spi-builder-workspace/.derivedData/Build/Products
CreateBuildDirectory /Users/admin/builder/spi-builder-workspace/.derivedData/Build/Intermediates.noindex
cd /Users/admin/builder/spi-builder-workspace/.swiftpm/xcode
builtin-create-build-directory /Users/admin/builder/spi-builder-workspace/.derivedData/Build/Intermediates.noindex
CreateBuildDirectory /Users/admin/builder/spi-builder-workspace/.derivedData/Build/Products/Debug-xros
cd /Users/admin/builder/spi-builder-workspace/.swiftpm/xcode
builtin-create-build-directory /Users/admin/builder/spi-builder-workspace/.derivedData/Build/Products/Debug-xros
CreateBuildDirectory /Users/admin/builder/spi-builder-workspace/.derivedData/Build/Intermediates.noindex/PrecompiledHeaders
cd /Users/admin/builder/spi-builder-workspace/.swiftpm/xcode
builtin-create-build-directory /Users/admin/builder/spi-builder-workspace/.derivedData/Build/Intermediates.noindex/PrecompiledHeaders
CreateBuildDirectory /Users/admin/builder/spi-builder-workspace/.derivedData/Build/Intermediates.noindex/SwiftExplicitPrecompiledModules
cd /Users/admin/builder/spi-builder-workspace/.swiftpm/xcode
builtin-create-build-directory /Users/admin/builder/spi-builder-workspace/.derivedData/Build/Intermediates.noindex/SwiftExplicitPrecompiledModules
CreateBuildDirectory /Users/admin/builder/spi-builder-workspace/.derivedData/Build/Intermediates.noindex/ExplicitPrecompiledModules
cd /Users/admin/builder/spi-builder-workspace/.swiftpm/xcode
builtin-create-build-directory /Users/admin/builder/spi-builder-workspace/.derivedData/Build/Intermediates.noindex/ExplicitPrecompiledModules
CreateBuildDirectory /Users/admin/builder/spi-builder-workspace/.derivedData/Build/Intermediates.noindex/EagerLinkingTBDs/Debug-xros
cd /Users/admin/builder/spi-builder-workspace/.swiftpm/xcode
builtin-create-build-directory /Users/admin/builder/spi-builder-workspace/.derivedData/Build/Intermediates.noindex/EagerLinkingTBDs/Debug-xros
WriteAuxiliaryFile /Users/admin/builder/spi-builder-workspace/.derivedData/Build/Intermediates.noindex/Yams.build/Debug-xros/Yams-t.build/Yams.modulemap (in target 'Yams' from project 'Yams')
cd /Users/admin/builder/spi-builder-workspace/.dependencies/checkouts/Yams
write-file /Users/admin/builder/spi-builder-workspace/.derivedData/Build/Intermediates.noindex/Yams.build/Debug-xros/Yams-t.build/Yams.modulemap
WriteAuxiliaryFile /Users/admin/builder/spi-builder-workspace/.derivedData/Build/Intermediates.noindex/Yams.build/Debug-xros/Yams-t.build/Yams.DependencyMetadataFileList (in target 'Yams' from project 'Yams')
cd /Users/admin/builder/spi-builder-workspace/.dependencies/checkouts/Yams
write-file /Users/admin/builder/spi-builder-workspace/.derivedData/Build/Intermediates.noindex/Yams.build/Debug-xros/Yams-t.build/Yams.DependencyMetadataFileList
WriteAuxiliaryFile /Users/admin/builder/spi-builder-workspace/.derivedData/Build/Intermediates.noindex/Yams.build/Debug-xros/Yams-t.build/Yams.DependencyStaticMetadataFileList (in target 'Yams' from project 'Yams')
cd /Users/admin/builder/spi-builder-workspace/.dependencies/checkouts/Yams
write-file /Users/admin/builder/spi-builder-workspace/.derivedData/Build/Intermediates.noindex/Yams.build/Debug-xros/Yams-t.build/Yams.DependencyStaticMetadataFileList
WriteAuxiliaryFile /Users/admin/builder/spi-builder-workspace/.derivedData/Build/Intermediates.noindex/Yams.build/Debug-xros/Yams-t.build/Objects-normal/arm64/Yams.SwiftConstValuesFileList (in target 'Yams' from project 'Yams')
cd /Users/admin/builder/spi-builder-workspace/.dependencies/checkouts/Yams
write-file /Users/admin/builder/spi-builder-workspace/.derivedData/Build/Intermediates.noindex/Yams.build/Debug-xros/Yams-t.build/Objects-normal/arm64/Yams.SwiftConstValuesFileList
WriteAuxiliaryFile /Users/admin/builder/spi-builder-workspace/.derivedData/Build/Intermediates.noindex/Yams.build/Debug-xros/Yams-t.build/Objects-normal/arm64/Yams_const_extract_protocols.json (in target 'Yams' from project 'Yams')
cd /Users/admin/builder/spi-builder-workspace/.dependencies/checkouts/Yams
write-file /Users/admin/builder/spi-builder-workspace/.derivedData/Build/Intermediates.noindex/Yams.build/Debug-xros/Yams-t.build/Objects-normal/arm64/Yams_const_extract_protocols.json
WriteAuxiliaryFile /Users/admin/builder/spi-builder-workspace/.derivedData/Build/Intermediates.noindex/Yams.build/Debug-xros/Yams-t.build/Objects-normal/arm64/Yams.SwiftFileList (in target 'Yams' from project 'Yams')
cd /Users/admin/builder/spi-builder-workspace/.dependencies/checkouts/Yams
write-file /Users/admin/builder/spi-builder-workspace/.derivedData/Build/Intermediates.noindex/Yams.build/Debug-xros/Yams-t.build/Objects-normal/arm64/Yams.SwiftFileList
WriteAuxiliaryFile /Users/admin/builder/spi-builder-workspace/.derivedData/Build/Intermediates.noindex/Yams.build/Debug-xros/Yams-t.build/Objects-normal/arm64/Yams.LinkFileList (in target 'Yams' from project 'Yams')
cd /Users/admin/builder/spi-builder-workspace/.dependencies/checkouts/Yams
write-file /Users/admin/builder/spi-builder-workspace/.derivedData/Build/Intermediates.noindex/Yams.build/Debug-xros/Yams-t.build/Objects-normal/arm64/Yams.LinkFileList
WriteAuxiliaryFile /Users/admin/builder/spi-builder-workspace/.derivedData/Build/Intermediates.noindex/Yams.build/Debug-xros/Yams-t.build/Objects-normal/arm64/Yams-OutputFileMap.json (in target 'Yams' from project 'Yams')
cd /Users/admin/builder/spi-builder-workspace/.dependencies/checkouts/Yams
write-file /Users/admin/builder/spi-builder-workspace/.derivedData/Build/Intermediates.noindex/Yams.build/Debug-xros/Yams-t.build/Objects-normal/arm64/Yams-OutputFileMap.json
WriteAuxiliaryFile /Users/admin/builder/spi-builder-workspace/.derivedData/Build/Intermediates.noindex/OpenAPISwiftCodeGenerate.build/Debug-xros/SwaggerServiceModel-t.build/SwaggerServiceModel.modulemap (in target 'SwaggerServiceModel' from project 'OpenAPISwiftCodeGenerate')
cd /Users/admin/builder/spi-builder-workspace
write-file /Users/admin/builder/spi-builder-workspace/.derivedData/Build/Intermediates.noindex/OpenAPISwiftCodeGenerate.build/Debug-xros/SwaggerServiceModel-t.build/SwaggerServiceModel.modulemap
WriteAuxiliaryFile /Users/admin/builder/spi-builder-workspace/.derivedData/Build/Intermediates.noindex/OpenAPISwiftCodeGenerate.build/Debug-xros/SwaggerServiceModel-t.build/SwaggerServiceModel.DependencyStaticMetadataFileList (in target 'SwaggerServiceModel' from project 'OpenAPISwiftCodeGenerate')
cd /Users/admin/builder/spi-builder-workspace
write-file /Users/admin/builder/spi-builder-workspace/.derivedData/Build/Intermediates.noindex/OpenAPISwiftCodeGenerate.build/Debug-xros/SwaggerServiceModel-t.build/SwaggerServiceModel.DependencyStaticMetadataFileList
WriteAuxiliaryFile /Users/admin/builder/spi-builder-workspace/.derivedData/Build/Intermediates.noindex/OpenAPISwiftCodeGenerate.build/Debug-xros/SwaggerServiceModel-t.build/SwaggerServiceModel.DependencyMetadataFileList (in target 'SwaggerServiceModel' from project 'OpenAPISwiftCodeGenerate')
cd /Users/admin/builder/spi-builder-workspace
write-file /Users/admin/builder/spi-builder-workspace/.derivedData/Build/Intermediates.noindex/OpenAPISwiftCodeGenerate.build/Debug-xros/SwaggerServiceModel-t.build/SwaggerServiceModel.DependencyMetadataFileList
WriteAuxiliaryFile /Users/admin/builder/spi-builder-workspace/.derivedData/Build/Intermediates.noindex/OpenAPISwiftCodeGenerate.build/Debug-xros/SwaggerServiceModel-t.build/Objects-normal/arm64/SwaggerServiceModel_const_extract_protocols.json (in target 'SwaggerServiceModel' from project 'OpenAPISwiftCodeGenerate')
cd /Users/admin/builder/spi-builder-workspace
write-file /Users/admin/builder/spi-builder-workspace/.derivedData/Build/Intermediates.noindex/OpenAPISwiftCodeGenerate.build/Debug-xros/SwaggerServiceModel-t.build/Objects-normal/arm64/SwaggerServiceModel_const_extract_protocols.json
WriteAuxiliaryFile /Users/admin/builder/spi-builder-workspace/.derivedData/Build/Intermediates.noindex/OpenAPISwiftCodeGenerate.build/Debug-xros/SwaggerServiceModel-t.build/Objects-normal/arm64/SwaggerServiceModel.SwiftFileList (in target 'SwaggerServiceModel' from project 'OpenAPISwiftCodeGenerate')
cd /Users/admin/builder/spi-builder-workspace
write-file /Users/admin/builder/spi-builder-workspace/.derivedData/Build/Intermediates.noindex/OpenAPISwiftCodeGenerate.build/Debug-xros/SwaggerServiceModel-t.build/Objects-normal/arm64/SwaggerServiceModel.SwiftFileList
Copy /Users/admin/builder/spi-builder-workspace/.derivedData/Build/Intermediates.noindex/GeneratedModuleMaps-xros/Yams.modulemap /Users/admin/builder/spi-builder-workspace/.derivedData/Build/Intermediates.noindex/Yams.build/Debug-xros/Yams-t.build/Yams.modulemap (in target 'Yams' from project 'Yams')
cd /Users/admin/builder/spi-builder-workspace/.dependencies/checkouts/Yams
builtin-copy -exclude .DS_Store -exclude CVS -exclude .svn -exclude .git -exclude .hg -resolve-src-symlinks /Users/admin/builder/spi-builder-workspace/.derivedData/Build/Intermediates.noindex/Yams.build/Debug-xros/Yams-t.build/Yams.modulemap /Users/admin/builder/spi-builder-workspace/.derivedData/Build/Intermediates.noindex/GeneratedModuleMaps-xros
WriteAuxiliaryFile /Users/admin/builder/spi-builder-workspace/.derivedData/Build/Intermediates.noindex/OpenAPISwiftCodeGenerate.build/Debug-xros/SwaggerServiceModel-t.build/Objects-normal/arm64/SwaggerServiceModel.SwiftConstValuesFileList (in target 'SwaggerServiceModel' from project 'OpenAPISwiftCodeGenerate')
cd /Users/admin/builder/spi-builder-workspace
write-file /Users/admin/builder/spi-builder-workspace/.derivedData/Build/Intermediates.noindex/OpenAPISwiftCodeGenerate.build/Debug-xros/SwaggerServiceModel-t.build/Objects-normal/arm64/SwaggerServiceModel.SwiftConstValuesFileList
WriteAuxiliaryFile /Users/admin/builder/spi-builder-workspace/.derivedData/Build/Intermediates.noindex/OpenAPISwiftCodeGenerate.build/Debug-xros/SwaggerServiceModel-t.build/Objects-normal/arm64/SwaggerServiceModel-OutputFileMap.json (in target 'SwaggerServiceModel' from project 'OpenAPISwiftCodeGenerate')
cd /Users/admin/builder/spi-builder-workspace
write-file /Users/admin/builder/spi-builder-workspace/.derivedData/Build/Intermediates.noindex/OpenAPISwiftCodeGenerate.build/Debug-xros/SwaggerServiceModel-t.build/Objects-normal/arm64/SwaggerServiceModel-OutputFileMap.json
WriteAuxiliaryFile /Users/admin/builder/spi-builder-workspace/.derivedData/Build/Intermediates.noindex/OpenAPISwiftCodeGenerate.build/Debug-xros/SwaggerServiceModel-t.build/Objects-normal/arm64/SwaggerServiceModel.LinkFileList (in target 'SwaggerServiceModel' from project 'OpenAPISwiftCodeGenerate')
cd /Users/admin/builder/spi-builder-workspace
write-file /Users/admin/builder/spi-builder-workspace/.derivedData/Build/Intermediates.noindex/OpenAPISwiftCodeGenerate.build/Debug-xros/SwaggerServiceModel-t.build/Objects-normal/arm64/SwaggerServiceModel.LinkFileList
Copy /Users/admin/builder/spi-builder-workspace/.derivedData/Build/Intermediates.noindex/GeneratedModuleMaps-xros/SwaggerServiceModel.modulemap /Users/admin/builder/spi-builder-workspace/.derivedData/Build/Intermediates.noindex/OpenAPISwiftCodeGenerate.build/Debug-xros/SwaggerServiceModel-t.build/SwaggerServiceModel.modulemap (in target 'SwaggerServiceModel' from project 'OpenAPISwiftCodeGenerate')
cd /Users/admin/builder/spi-builder-workspace
builtin-copy -exclude .DS_Store -exclude CVS -exclude .svn -exclude .git -exclude .hg -resolve-src-symlinks /Users/admin/builder/spi-builder-workspace/.derivedData/Build/Intermediates.noindex/OpenAPISwiftCodeGenerate.build/Debug-xros/SwaggerServiceModel-t.build/SwaggerServiceModel.modulemap /Users/admin/builder/spi-builder-workspace/.derivedData/Build/Intermediates.noindex/GeneratedModuleMaps-xros
WriteAuxiliaryFile /Users/admin/builder/spi-builder-workspace/.derivedData/Build/Intermediates.noindex/SwaggerParser.build/Debug-xros/SwaggerParser-t.build/SwaggerParser.modulemap (in target 'SwaggerParser' from project 'SwaggerParser')
cd /Users/admin/builder/spi-builder-workspace/.dependencies/checkouts/SwaggerParser
write-file /Users/admin/builder/spi-builder-workspace/.derivedData/Build/Intermediates.noindex/SwaggerParser.build/Debug-xros/SwaggerParser-t.build/SwaggerParser.modulemap
WriteAuxiliaryFile /Users/admin/builder/spi-builder-workspace/.derivedData/Build/Intermediates.noindex/SwaggerParser.build/Debug-xros/SwaggerParser-t.build/SwaggerParser.DependencyStaticMetadataFileList (in target 'SwaggerParser' from project 'SwaggerParser')
cd /Users/admin/builder/spi-builder-workspace/.dependencies/checkouts/SwaggerParser
write-file /Users/admin/builder/spi-builder-workspace/.derivedData/Build/Intermediates.noindex/SwaggerParser.build/Debug-xros/SwaggerParser-t.build/SwaggerParser.DependencyStaticMetadataFileList
WriteAuxiliaryFile /Users/admin/builder/spi-builder-workspace/.derivedData/Build/Intermediates.noindex/SwaggerParser.build/Debug-xros/SwaggerParser-t.build/SwaggerParser.DependencyMetadataFileList (in target 'SwaggerParser' from project 'SwaggerParser')
cd /Users/admin/builder/spi-builder-workspace/.dependencies/checkouts/SwaggerParser
write-file /Users/admin/builder/spi-builder-workspace/.derivedData/Build/Intermediates.noindex/SwaggerParser.build/Debug-xros/SwaggerParser-t.build/SwaggerParser.DependencyMetadataFileList
WriteAuxiliaryFile /Users/admin/builder/spi-builder-workspace/.derivedData/Build/Intermediates.noindex/SwaggerParser.build/Debug-xros/SwaggerParser-t.build/Objects-normal/arm64/SwaggerParser_const_extract_protocols.json (in target 'SwaggerParser' from project 'SwaggerParser')
cd /Users/admin/builder/spi-builder-workspace/.dependencies/checkouts/SwaggerParser
write-file /Users/admin/builder/spi-builder-workspace/.derivedData/Build/Intermediates.noindex/SwaggerParser.build/Debug-xros/SwaggerParser-t.build/Objects-normal/arm64/SwaggerParser_const_extract_protocols.json
WriteAuxiliaryFile /Users/admin/builder/spi-builder-workspace/.derivedData/Build/Intermediates.noindex/SwaggerParser.build/Debug-xros/SwaggerParser-t.build/Objects-normal/arm64/SwaggerParser.SwiftFileList (in target 'SwaggerParser' from project 'SwaggerParser')
cd /Users/admin/builder/spi-builder-workspace/.dependencies/checkouts/SwaggerParser
write-file /Users/admin/builder/spi-builder-workspace/.derivedData/Build/Intermediates.noindex/SwaggerParser.build/Debug-xros/SwaggerParser-t.build/Objects-normal/arm64/SwaggerParser.SwiftFileList
WriteAuxiliaryFile /Users/admin/builder/spi-builder-workspace/.derivedData/Build/Intermediates.noindex/SwaggerParser.build/Debug-xros/SwaggerParser-t.build/Objects-normal/arm64/SwaggerParser.SwiftConstValuesFileList (in target 'SwaggerParser' from project 'SwaggerParser')
cd /Users/admin/builder/spi-builder-workspace/.dependencies/checkouts/SwaggerParser
write-file /Users/admin/builder/spi-builder-workspace/.derivedData/Build/Intermediates.noindex/SwaggerParser.build/Debug-xros/SwaggerParser-t.build/Objects-normal/arm64/SwaggerParser.SwiftConstValuesFileList
WriteAuxiliaryFile /Users/admin/builder/spi-builder-workspace/.derivedData/Build/Intermediates.noindex/SwaggerParser.build/Debug-xros/SwaggerParser-t.build/Objects-normal/arm64/SwaggerParser.LinkFileList (in target 'SwaggerParser' from project 'SwaggerParser')
cd /Users/admin/builder/spi-builder-workspace/.dependencies/checkouts/SwaggerParser
write-file /Users/admin/builder/spi-builder-workspace/.derivedData/Build/Intermediates.noindex/SwaggerParser.build/Debug-xros/SwaggerParser-t.build/Objects-normal/arm64/SwaggerParser.LinkFileList
WriteAuxiliaryFile /Users/admin/builder/spi-builder-workspace/.derivedData/Build/Intermediates.noindex/SwaggerParser.build/Debug-xros/SwaggerParser-t.build/Objects-normal/arm64/SwaggerParser-OutputFileMap.json (in target 'SwaggerParser' from project 'SwaggerParser')
cd /Users/admin/builder/spi-builder-workspace/.dependencies/checkouts/SwaggerParser
write-file /Users/admin/builder/spi-builder-workspace/.derivedData/Build/Intermediates.noindex/SwaggerParser.build/Debug-xros/SwaggerParser-t.build/Objects-normal/arm64/SwaggerParser-OutputFileMap.json
Copy /Users/admin/builder/spi-builder-workspace/.derivedData/Build/Intermediates.noindex/GeneratedModuleMaps-xros/SwaggerParser.modulemap /Users/admin/builder/spi-builder-workspace/.derivedData/Build/Intermediates.noindex/SwaggerParser.build/Debug-xros/SwaggerParser-t.build/SwaggerParser.modulemap (in target 'SwaggerParser' from project 'SwaggerParser')
cd /Users/admin/builder/spi-builder-workspace/.dependencies/checkouts/SwaggerParser
builtin-copy -exclude .DS_Store -exclude CVS -exclude .svn -exclude .git -exclude .hg -resolve-src-symlinks /Users/admin/builder/spi-builder-workspace/.derivedData/Build/Intermediates.noindex/SwaggerParser.build/Debug-xros/SwaggerParser-t.build/SwaggerParser.modulemap /Users/admin/builder/spi-builder-workspace/.derivedData/Build/Intermediates.noindex/GeneratedModuleMaps-xros
WriteAuxiliaryFile /Users/admin/builder/spi-builder-workspace/.derivedData/Build/Intermediates.noindex/ServiceModelSwiftCodeGenerate.build/Debug-xros/ServiceModelEntities-t.build/ServiceModelEntities.DependencyMetadataFileList (in target 'ServiceModelEntities' from project 'ServiceModelSwiftCodeGenerate')
cd /Users/admin/builder/spi-builder-workspace/.dependencies/checkouts/service-model-swift-code-generate
write-file /Users/admin/builder/spi-builder-workspace/.derivedData/Build/Intermediates.noindex/ServiceModelSwiftCodeGenerate.build/Debug-xros/ServiceModelEntities-t.build/ServiceModelEntities.DependencyMetadataFileList
WriteAuxiliaryFile /Users/admin/builder/spi-builder-workspace/.derivedData/Build/Intermediates.noindex/ServiceModelSwiftCodeGenerate.build/Debug-xros/ServiceModelEntities-t.build/ServiceModelEntities.DependencyStaticMetadataFileList (in target 'ServiceModelEntities' from project 'ServiceModelSwiftCodeGenerate')
cd /Users/admin/builder/spi-builder-workspace/.dependencies/checkouts/service-model-swift-code-generate
write-file /Users/admin/builder/spi-builder-workspace/.derivedData/Build/Intermediates.noindex/ServiceModelSwiftCodeGenerate.build/Debug-xros/ServiceModelEntities-t.build/ServiceModelEntities.DependencyStaticMetadataFileList
WriteAuxiliaryFile /Users/admin/builder/spi-builder-workspace/.derivedData/Build/Intermediates.noindex/ServiceModelSwiftCodeGenerate.build/Debug-xros/ServiceModelEntities-t.build/ServiceModelEntities.modulemap (in target 'ServiceModelEntities' from project 'ServiceModelSwiftCodeGenerate')
cd /Users/admin/builder/spi-builder-workspace/.dependencies/checkouts/service-model-swift-code-generate
write-file /Users/admin/builder/spi-builder-workspace/.derivedData/Build/Intermediates.noindex/ServiceModelSwiftCodeGenerate.build/Debug-xros/ServiceModelEntities-t.build/ServiceModelEntities.modulemap
WriteAuxiliaryFile /Users/admin/builder/spi-builder-workspace/.derivedData/Build/Intermediates.noindex/ServiceModelSwiftCodeGenerate.build/Debug-xros/ServiceModelEntities-t.build/Objects-normal/arm64/ServiceModelEntities_const_extract_protocols.json (in target 'ServiceModelEntities' from project 'ServiceModelSwiftCodeGenerate')
cd /Users/admin/builder/spi-builder-workspace/.dependencies/checkouts/service-model-swift-code-generate
write-file /Users/admin/builder/spi-builder-workspace/.derivedData/Build/Intermediates.noindex/ServiceModelSwiftCodeGenerate.build/Debug-xros/ServiceModelEntities-t.build/Objects-normal/arm64/ServiceModelEntities_const_extract_protocols.json
WriteAuxiliaryFile /Users/admin/builder/spi-builder-workspace/.derivedData/Build/Intermediates.noindex/ServiceModelSwiftCodeGenerate.build/Debug-xros/ServiceModelEntities-t.build/Objects-normal/arm64/ServiceModelEntities.LinkFileList (in target 'ServiceModelEntities' from project 'ServiceModelSwiftCodeGenerate')
cd /Users/admin/builder/spi-builder-workspace/.dependencies/checkouts/service-model-swift-code-generate
write-file /Users/admin/builder/spi-builder-workspace/.derivedData/Build/Intermediates.noindex/ServiceModelSwiftCodeGenerate.build/Debug-xros/ServiceModelEntities-t.build/Objects-normal/arm64/ServiceModelEntities.LinkFileList
WriteAuxiliaryFile /Users/admin/builder/spi-builder-workspace/.derivedData/Build/Intermediates.noindex/ServiceModelSwiftCodeGenerate.build/Debug-xros/ServiceModelEntities-t.build/Objects-normal/arm64/ServiceModelEntities.SwiftConstValuesFileList (in target 'ServiceModelEntities' from project 'ServiceModelSwiftCodeGenerate')
cd /Users/admin/builder/spi-builder-workspace/.dependencies/checkouts/service-model-swift-code-generate
write-file /Users/admin/builder/spi-builder-workspace/.derivedData/Build/Intermediates.noindex/ServiceModelSwiftCodeGenerate.build/Debug-xros/ServiceModelEntities-t.build/Objects-normal/arm64/ServiceModelEntities.SwiftConstValuesFileList
WriteAuxiliaryFile /Users/admin/builder/spi-builder-workspace/.derivedData/Build/Intermediates.noindex/ServiceModelSwiftCodeGenerate.build/Debug-xros/ServiceModelEntities-t.build/Objects-normal/arm64/ServiceModelEntities.SwiftFileList (in target 'ServiceModelEntities' from project 'ServiceModelSwiftCodeGenerate')
cd /Users/admin/builder/spi-builder-workspace/.dependencies/checkouts/service-model-swift-code-generate
write-file /Users/admin/builder/spi-builder-workspace/.derivedData/Build/Intermediates.noindex/ServiceModelSwiftCodeGenerate.build/Debug-xros/ServiceModelEntities-t.build/Objects-normal/arm64/ServiceModelEntities.SwiftFileList
WriteAuxiliaryFile /Users/admin/builder/spi-builder-workspace/.derivedData/Build/Intermediates.noindex/ServiceModelSwiftCodeGenerate.build/Debug-xros/ServiceModelEntities-t.build/Objects-normal/arm64/ServiceModelEntities-OutputFileMap.json (in target 'ServiceModelEntities' from project 'ServiceModelSwiftCodeGenerate')
cd /Users/admin/builder/spi-builder-workspace/.dependencies/checkouts/service-model-swift-code-generate
write-file /Users/admin/builder/spi-builder-workspace/.derivedData/Build/Intermediates.noindex/ServiceModelSwiftCodeGenerate.build/Debug-xros/ServiceModelEntities-t.build/Objects-normal/arm64/ServiceModelEntities-OutputFileMap.json
WriteAuxiliaryFile /Users/admin/builder/spi-builder-workspace/.derivedData/Build/Intermediates.noindex/ServiceModelSwiftCodeGenerate.build/Debug-xros/ServiceModelCodeGeneration-t.build/ServiceModelCodeGeneration.DependencyStaticMetadataFileList (in target 'ServiceModelCodeGeneration' from project 'ServiceModelSwiftCodeGenerate')
cd /Users/admin/builder/spi-builder-workspace/.dependencies/checkouts/service-model-swift-code-generate
write-file /Users/admin/builder/spi-builder-workspace/.derivedData/Build/Intermediates.noindex/ServiceModelSwiftCodeGenerate.build/Debug-xros/ServiceModelCodeGeneration-t.build/ServiceModelCodeGeneration.DependencyStaticMetadataFileList
WriteAuxiliaryFile /Users/admin/builder/spi-builder-workspace/.derivedData/Build/Intermediates.noindex/ServiceModelSwiftCodeGenerate.build/Debug-xros/ServiceModelCodeGeneration-t.build/ServiceModelCodeGeneration.modulemap (in target 'ServiceModelCodeGeneration' from project 'ServiceModelSwiftCodeGenerate')
cd /Users/admin/builder/spi-builder-workspace/.dependencies/checkouts/service-model-swift-code-generate
write-file /Users/admin/builder/spi-builder-workspace/.derivedData/Build/Intermediates.noindex/ServiceModelSwiftCodeGenerate.build/Debug-xros/ServiceModelCodeGeneration-t.build/ServiceModelCodeGeneration.modulemap
WriteAuxiliaryFile /Users/admin/builder/spi-builder-workspace/.derivedData/Build/Intermediates.noindex/ServiceModelSwiftCodeGenerate.build/Debug-xros/ServiceModelCodeGeneration-t.build/ServiceModelCodeGeneration.DependencyMetadataFileList (in target 'ServiceModelCodeGeneration' from project 'ServiceModelSwiftCodeGenerate')
cd /Users/admin/builder/spi-builder-workspace/.dependencies/checkouts/service-model-swift-code-generate
write-file /Users/admin/builder/spi-builder-workspace/.derivedData/Build/Intermediates.noindex/ServiceModelSwiftCodeGenerate.build/Debug-xros/ServiceModelCodeGeneration-t.build/ServiceModelCodeGeneration.DependencyMetadataFileList
WriteAuxiliaryFile /Users/admin/builder/spi-builder-workspace/.derivedData/Build/Intermediates.noindex/ServiceModelSwiftCodeGenerate.build/Debug-xros/ServiceModelCodeGeneration-t.build/Objects-normal/arm64/ServiceModelCodeGeneration.SwiftFileList (in target 'ServiceModelCodeGeneration' from project 'ServiceModelSwiftCodeGenerate')
cd /Users/admin/builder/spi-builder-workspace/.dependencies/checkouts/service-model-swift-code-generate
write-file /Users/admin/builder/spi-builder-workspace/.derivedData/Build/Intermediates.noindex/ServiceModelSwiftCodeGenerate.build/Debug-xros/ServiceModelCodeGeneration-t.build/Objects-normal/arm64/ServiceModelCodeGeneration.SwiftFileList
WriteAuxiliaryFile /Users/admin/builder/spi-builder-workspace/.derivedData/Build/Intermediates.noindex/ServiceModelSwiftCodeGenerate.build/Debug-xros/ServiceModelCodeGeneration-t.build/Objects-normal/arm64/ServiceModelCodeGeneration_const_extract_protocols.json (in target 'ServiceModelCodeGeneration' from project 'ServiceModelSwiftCodeGenerate')
cd /Users/admin/builder/spi-builder-workspace/.dependencies/checkouts/service-model-swift-code-generate
write-file /Users/admin/builder/spi-builder-workspace/.derivedData/Build/Intermediates.noindex/ServiceModelSwiftCodeGenerate.build/Debug-xros/ServiceModelCodeGeneration-t.build/Objects-normal/arm64/ServiceModelCodeGeneration_const_extract_protocols.json
WriteAuxiliaryFile /Users/admin/builder/spi-builder-workspace/.derivedData/Build/Intermediates.noindex/ServiceModelSwiftCodeGenerate.build/Debug-xros/ServiceModelCodeGeneration-t.build/Objects-normal/arm64/ServiceModelCodeGeneration.SwiftConstValuesFileList (in target 'ServiceModelCodeGeneration' from project 'ServiceModelSwiftCodeGenerate')
cd /Users/admin/builder/spi-builder-workspace/.dependencies/checkouts/service-model-swift-code-generate
write-file /Users/admin/builder/spi-builder-workspace/.derivedData/Build/Intermediates.noindex/ServiceModelSwiftCodeGenerate.build/Debug-xros/ServiceModelCodeGeneration-t.build/Objects-normal/arm64/ServiceModelCodeGeneration.SwiftConstValuesFileList
Copy /Users/admin/builder/spi-builder-workspace/.derivedData/Build/Intermediates.noindex/GeneratedModuleMaps-xros/ServiceModelEntities.modulemap /Users/admin/builder/spi-builder-workspace/.derivedData/Build/Intermediates.noindex/ServiceModelSwiftCodeGenerate.build/Debug-xros/ServiceModelEntities-t.build/ServiceModelEntities.modulemap (in target 'ServiceModelEntities' from project 'ServiceModelSwiftCodeGenerate')
cd /Users/admin/builder/spi-builder-workspace/.dependencies/checkouts/service-model-swift-code-generate
builtin-copy -exclude .DS_Store -exclude CVS -exclude .svn -exclude .git -exclude .hg -resolve-src-symlinks /Users/admin/builder/spi-builder-workspace/.derivedData/Build/Intermediates.noindex/ServiceModelSwiftCodeGenerate.build/Debug-xros/ServiceModelEntities-t.build/ServiceModelEntities.modulemap /Users/admin/builder/spi-builder-workspace/.derivedData/Build/Intermediates.noindex/GeneratedModuleMaps-xros
WriteAuxiliaryFile /Users/admin/builder/spi-builder-workspace/.derivedData/Build/Intermediates.noindex/ServiceModelSwiftCodeGenerate.build/Debug-xros/ServiceModelCodeGeneration-t.build/Objects-normal/arm64/ServiceModelCodeGeneration.LinkFileList (in target 'ServiceModelCodeGeneration' from project 'ServiceModelSwiftCodeGenerate')
cd /Users/admin/builder/spi-builder-workspace/.dependencies/checkouts/service-model-swift-code-generate
write-file /Users/admin/builder/spi-builder-workspace/.derivedData/Build/Intermediates.noindex/ServiceModelSwiftCodeGenerate.build/Debug-xros/ServiceModelCodeGeneration-t.build/Objects-normal/arm64/ServiceModelCodeGeneration.LinkFileList
WriteAuxiliaryFile /Users/admin/builder/spi-builder-workspace/.derivedData/Build/Intermediates.noindex/ServiceModelSwiftCodeGenerate.build/Debug-xros/ServiceModelCodeGeneration-t.build/Objects-normal/arm64/ServiceModelCodeGeneration-OutputFileMap.json (in target 'ServiceModelCodeGeneration' from project 'ServiceModelSwiftCodeGenerate')
cd /Users/admin/builder/spi-builder-workspace/.dependencies/checkouts/service-model-swift-code-generate
write-file /Users/admin/builder/spi-builder-workspace/.derivedData/Build/Intermediates.noindex/ServiceModelSwiftCodeGenerate.build/Debug-xros/ServiceModelCodeGeneration-t.build/Objects-normal/arm64/ServiceModelCodeGeneration-OutputFileMap.json
WriteAuxiliaryFile /Users/admin/builder/spi-builder-workspace/.derivedData/Build/Intermediates.noindex/OpenAPISwiftCodeGenerate.build/Debug-xros/OpenAPIServiceModel-t.build/OpenAPIServiceModel.modulemap (in target 'OpenAPIServiceModel' from project 'OpenAPISwiftCodeGenerate')
cd /Users/admin/builder/spi-builder-workspace
write-file /Users/admin/builder/spi-builder-workspace/.derivedData/Build/Intermediates.noindex/OpenAPISwiftCodeGenerate.build/Debug-xros/OpenAPIServiceModel-t.build/OpenAPIServiceModel.modulemap
WriteAuxiliaryFile /Users/admin/builder/spi-builder-workspace/.derivedData/Build/Intermediates.noindex/OpenAPISwiftCodeGenerate.build/Debug-xros/OpenAPIServiceModel-t.build/OpenAPIServiceModel.DependencyMetadataFileList (in target 'OpenAPIServiceModel' from project 'OpenAPISwiftCodeGenerate')
cd /Users/admin/builder/spi-builder-workspace
write-file /Users/admin/builder/spi-builder-workspace/.derivedData/Build/Intermediates.noindex/OpenAPISwiftCodeGenerate.build/Debug-xros/OpenAPIServiceModel-t.build/OpenAPIServiceModel.DependencyMetadataFileList
WriteAuxiliaryFile /Users/admin/builder/spi-builder-workspace/.derivedData/Build/Intermediates.noindex/OpenAPISwiftCodeGenerate.build/Debug-xros/OpenAPIServiceModel-t.build/OpenAPIServiceModel.DependencyStaticMetadataFileList (in target 'OpenAPIServiceModel' from project 'OpenAPISwiftCodeGenerate')
cd /Users/admin/builder/spi-builder-workspace
write-file /Users/admin/builder/spi-builder-workspace/.derivedData/Build/Intermediates.noindex/OpenAPISwiftCodeGenerate.build/Debug-xros/OpenAPIServiceModel-t.build/OpenAPIServiceModel.DependencyStaticMetadataFileList
WriteAuxiliaryFile /Users/admin/builder/spi-builder-workspace/.derivedData/Build/Intermediates.noindex/OpenAPISwiftCodeGenerate.build/Debug-xros/OpenAPIServiceModel-t.build/Objects-normal/arm64/OpenAPIServiceModel_const_extract_protocols.json (in target 'OpenAPIServiceModel' from project 'OpenAPISwiftCodeGenerate')
cd /Users/admin/builder/spi-builder-workspace
write-file /Users/admin/builder/spi-builder-workspace/.derivedData/Build/Intermediates.noindex/OpenAPISwiftCodeGenerate.build/Debug-xros/OpenAPIServiceModel-t.build/Objects-normal/arm64/OpenAPIServiceModel_const_extract_protocols.json
WriteAuxiliaryFile /Users/admin/builder/spi-builder-workspace/.derivedData/Build/Intermediates.noindex/OpenAPISwiftCodeGenerate.build/Debug-xros/OpenAPIServiceModel-t.build/Objects-normal/arm64/OpenAPIServiceModel.SwiftFileList (in target 'OpenAPIServiceModel' from project 'OpenAPISwiftCodeGenerate')
cd /Users/admin/builder/spi-builder-workspace
write-file /Users/admin/builder/spi-builder-workspace/.derivedData/Build/Intermediates.noindex/OpenAPISwiftCodeGenerate.build/Debug-xros/OpenAPIServiceModel-t.build/Objects-normal/arm64/OpenAPIServiceModel.SwiftFileList
WriteAuxiliaryFile /Users/admin/builder/spi-builder-workspace/.derivedData/Build/Intermediates.noindex/OpenAPISwiftCodeGenerate.build/Debug-xros/OpenAPIServiceModel-t.build/Objects-normal/arm64/OpenAPIServiceModel.SwiftConstValuesFileList (in target 'OpenAPIServiceModel' from project 'OpenAPISwiftCodeGenerate')
cd /Users/admin/builder/spi-builder-workspace
write-file /Users/admin/builder/spi-builder-workspace/.derivedData/Build/Intermediates.noindex/OpenAPISwiftCodeGenerate.build/Debug-xros/OpenAPIServiceModel-t.build/Objects-normal/arm64/OpenAPIServiceModel.SwiftConstValuesFileList
Copy /Users/admin/builder/spi-builder-workspace/.derivedData/Build/Intermediates.noindex/GeneratedModuleMaps-xros/ServiceModelCodeGeneration.modulemap /Users/admin/builder/spi-builder-workspace/.derivedData/Build/Intermediates.noindex/ServiceModelSwiftCodeGenerate.build/Debug-xros/ServiceModelCodeGeneration-t.build/ServiceModelCodeGeneration.modulemap (in target 'ServiceModelCodeGeneration' from project 'ServiceModelSwiftCodeGenerate')
cd /Users/admin/builder/spi-builder-workspace/.dependencies/checkouts/service-model-swift-code-generate
builtin-copy -exclude .DS_Store -exclude CVS -exclude .svn -exclude .git -exclude .hg -resolve-src-symlinks /Users/admin/builder/spi-builder-workspace/.derivedData/Build/Intermediates.noindex/ServiceModelSwiftCodeGenerate.build/Debug-xros/ServiceModelCodeGeneration-t.build/ServiceModelCodeGeneration.modulemap /Users/admin/builder/spi-builder-workspace/.derivedData/Build/Intermediates.noindex/GeneratedModuleMaps-xros
WriteAuxiliaryFile /Users/admin/builder/spi-builder-workspace/.derivedData/Build/Intermediates.noindex/OpenAPISwiftCodeGenerate.build/Debug-xros/OpenAPIServiceModel-t.build/Objects-normal/arm64/OpenAPIServiceModel.LinkFileList (in target 'OpenAPIServiceModel' from project 'OpenAPISwiftCodeGenerate')
cd /Users/admin/builder/spi-builder-workspace
write-file /Users/admin/builder/spi-builder-workspace/.derivedData/Build/Intermediates.noindex/OpenAPISwiftCodeGenerate.build/Debug-xros/OpenAPIServiceModel-t.build/Objects-normal/arm64/OpenAPIServiceModel.LinkFileList
WriteAuxiliaryFile /Users/admin/builder/spi-builder-workspace/.derivedData/Build/Intermediates.noindex/OpenAPISwiftCodeGenerate.build/Debug-xros/OpenAPIServiceModel-t.build/Objects-normal/arm64/OpenAPIServiceModel-OutputFileMap.json (in target 'OpenAPIServiceModel' from project 'OpenAPISwiftCodeGenerate')
cd /Users/admin/builder/spi-builder-workspace
write-file /Users/admin/builder/spi-builder-workspace/.derivedData/Build/Intermediates.noindex/OpenAPISwiftCodeGenerate.build/Debug-xros/OpenAPIServiceModel-t.build/Objects-normal/arm64/OpenAPIServiceModel-OutputFileMap.json
WriteAuxiliaryFile /Users/admin/builder/spi-builder-workspace/.derivedData/Build/Intermediates.noindex/OpenAPIKit.build/Debug-xros/OpenAPIKitCore-t.build/OpenAPIKitCore.modulemap (in target 'OpenAPIKitCore' from project 'OpenAPIKit')
cd /Users/admin/builder/spi-builder-workspace/.dependencies/checkouts/OpenAPIKit
write-file /Users/admin/builder/spi-builder-workspace/.derivedData/Build/Intermediates.noindex/OpenAPIKit.build/Debug-xros/OpenAPIKitCore-t.build/OpenAPIKitCore.modulemap
WriteAuxiliaryFile /Users/admin/builder/spi-builder-workspace/.derivedData/Build/Intermediates.noindex/OpenAPIKit.build/Debug-xros/OpenAPIKitCore-t.build/OpenAPIKitCore.DependencyStaticMetadataFileList (in target 'OpenAPIKitCore' from project 'OpenAPIKit')
cd /Users/admin/builder/spi-builder-workspace/.dependencies/checkouts/OpenAPIKit
write-file /Users/admin/builder/spi-builder-workspace/.derivedData/Build/Intermediates.noindex/OpenAPIKit.build/Debug-xros/OpenAPIKitCore-t.build/OpenAPIKitCore.DependencyStaticMetadataFileList
Copy /Users/admin/builder/spi-builder-workspace/.derivedData/Build/Intermediates.noindex/GeneratedModuleMaps-xros/OpenAPIServiceModel.modulemap /Users/admin/builder/spi-builder-workspace/.derivedData/Build/Intermediates.noindex/OpenAPISwiftCodeGenerate.build/Debug-xros/OpenAPIServiceModel-t.build/OpenAPIServiceModel.modulemap (in target 'OpenAPIServiceModel' from project 'OpenAPISwiftCodeGenerate')
cd /Users/admin/builder/spi-builder-workspace
builtin-copy -exclude .DS_Store -exclude CVS -exclude .svn -exclude .git -exclude .hg -resolve-src-symlinks /Users/admin/builder/spi-builder-workspace/.derivedData/Build/Intermediates.noindex/OpenAPISwiftCodeGenerate.build/Debug-xros/OpenAPIServiceModel-t.build/OpenAPIServiceModel.modulemap /Users/admin/builder/spi-builder-workspace/.derivedData/Build/Intermediates.noindex/GeneratedModuleMaps-xros
WriteAuxiliaryFile /Users/admin/builder/spi-builder-workspace/.derivedData/Build/Intermediates.noindex/OpenAPIKit.build/Debug-xros/OpenAPIKitCore-t.build/OpenAPIKitCore.DependencyMetadataFileList (in target 'OpenAPIKitCore' from project 'OpenAPIKit')
cd /Users/admin/builder/spi-builder-workspace/.dependencies/checkouts/OpenAPIKit
write-file /Users/admin/builder/spi-builder-workspace/.derivedData/Build/Intermediates.noindex/OpenAPIKit.build/Debug-xros/OpenAPIKitCore-t.build/OpenAPIKitCore.DependencyMetadataFileList
WriteAuxiliaryFile /Users/admin/builder/spi-builder-workspace/.derivedData/Build/Intermediates.noindex/OpenAPIKit.build/Debug-xros/OpenAPIKitCore-t.build/Objects-normal/arm64/OpenAPIKitCore_const_extract_protocols.json (in target 'OpenAPIKitCore' from project 'OpenAPIKit')
cd /Users/admin/builder/spi-builder-workspace/.dependencies/checkouts/OpenAPIKit
write-file /Users/admin/builder/spi-builder-workspace/.derivedData/Build/Intermediates.noindex/OpenAPIKit.build/Debug-xros/OpenAPIKitCore-t.build/Objects-normal/arm64/OpenAPIKitCore_const_extract_protocols.json
WriteAuxiliaryFile /Users/admin/builder/spi-builder-workspace/.derivedData/Build/Intermediates.noindex/OpenAPIKit.build/Debug-xros/OpenAPIKitCore-t.build/Objects-normal/arm64/OpenAPIKitCore.SwiftFileList (in target 'OpenAPIKitCore' from project 'OpenAPIKit')
cd /Users/admin/builder/spi-builder-workspace/.dependencies/checkouts/OpenAPIKit
write-file /Users/admin/builder/spi-builder-workspace/.derivedData/Build/Intermediates.noindex/OpenAPIKit.build/Debug-xros/OpenAPIKitCore-t.build/Objects-normal/arm64/OpenAPIKitCore.SwiftFileList
WriteAuxiliaryFile /Users/admin/builder/spi-builder-workspace/.derivedData/Build/Intermediates.noindex/OpenAPIKit.build/Debug-xros/OpenAPIKitCore-t.build/Objects-normal/arm64/OpenAPIKitCore.SwiftConstValuesFileList (in target 'OpenAPIKitCore' from project 'OpenAPIKit')
cd /Users/admin/builder/spi-builder-workspace/.dependencies/checkouts/OpenAPIKit
write-file /Users/admin/builder/spi-builder-workspace/.derivedData/Build/Intermediates.noindex/OpenAPIKit.build/Debug-xros/OpenAPIKitCore-t.build/Objects-normal/arm64/OpenAPIKitCore.SwiftConstValuesFileList
WriteAuxiliaryFile /Users/admin/builder/spi-builder-workspace/.derivedData/Build/Intermediates.noindex/OpenAPIKit.build/Debug-xros/OpenAPIKitCore-t.build/Objects-normal/arm64/OpenAPIKitCore.LinkFileList (in target 'OpenAPIKitCore' from project 'OpenAPIKit')
cd /Users/admin/builder/spi-builder-workspace/.dependencies/checkouts/OpenAPIKit
write-file /Users/admin/builder/spi-builder-workspace/.derivedData/Build/Intermediates.noindex/OpenAPIKit.build/Debug-xros/OpenAPIKitCore-t.build/Objects-normal/arm64/OpenAPIKitCore.LinkFileList
WriteAuxiliaryFile /Users/admin/builder/spi-builder-workspace/.derivedData/Build/Intermediates.noindex/OpenAPIKit.build/Debug-xros/OpenAPIKitCore-t.build/Objects-normal/arm64/OpenAPIKitCore-OutputFileMap.json (in target 'OpenAPIKitCore' from project 'OpenAPIKit')
cd /Users/admin/builder/spi-builder-workspace/.dependencies/checkouts/OpenAPIKit
write-file /Users/admin/builder/spi-builder-workspace/.derivedData/Build/Intermediates.noindex/OpenAPIKit.build/Debug-xros/OpenAPIKitCore-t.build/Objects-normal/arm64/OpenAPIKitCore-OutputFileMap.json
WriteAuxiliaryFile /Users/admin/builder/spi-builder-workspace/.derivedData/Build/Intermediates.noindex/OpenAPIKit.build/Debug-xros/OpenAPIKit30-t.build/OpenAPIKit30.modulemap (in target 'OpenAPIKit30' from project 'OpenAPIKit')
cd /Users/admin/builder/spi-builder-workspace/.dependencies/checkouts/OpenAPIKit
write-file /Users/admin/builder/spi-builder-workspace/.derivedData/Build/Intermediates.noindex/OpenAPIKit.build/Debug-xros/OpenAPIKit30-t.build/OpenAPIKit30.modulemap
WriteAuxiliaryFile /Users/admin/builder/spi-builder-workspace/.derivedData/Build/Intermediates.noindex/OpenAPIKit.build/Debug-xros/OpenAPIKit30-t.build/OpenAPIKit30.DependencyStaticMetadataFileList (in target 'OpenAPIKit30' from project 'OpenAPIKit')
cd /Users/admin/builder/spi-builder-workspace/.dependencies/checkouts/OpenAPIKit
write-file /Users/admin/builder/spi-builder-workspace/.derivedData/Build/Intermediates.noindex/OpenAPIKit.build/Debug-xros/OpenAPIKit30-t.build/OpenAPIKit30.DependencyStaticMetadataFileList
Copy /Users/admin/builder/spi-builder-workspace/.derivedData/Build/Intermediates.noindex/GeneratedModuleMaps-xros/OpenAPIKitCore.modulemap /Users/admin/builder/spi-builder-workspace/.derivedData/Build/Intermediates.noindex/OpenAPIKit.build/Debug-xros/OpenAPIKitCore-t.build/OpenAPIKitCore.modulemap (in target 'OpenAPIKitCore' from project 'OpenAPIKit')
cd /Users/admin/builder/spi-builder-workspace/.dependencies/checkouts/OpenAPIKit
builtin-copy -exclude .DS_Store -exclude CVS -exclude .svn -exclude .git -exclude .hg -resolve-src-symlinks /Users/admin/builder/spi-builder-workspace/.derivedData/Build/Intermediates.noindex/OpenAPIKit.build/Debug-xros/OpenAPIKitCore-t.build/OpenAPIKitCore.modulemap /Users/admin/builder/spi-builder-workspace/.derivedData/Build/Intermediates.noindex/GeneratedModuleMaps-xros
WriteAuxiliaryFile /Users/admin/builder/spi-builder-workspace/.derivedData/Build/Intermediates.noindex/OpenAPIKit.build/Debug-xros/OpenAPIKit30-t.build/OpenAPIKit30.DependencyMetadataFileList (in target 'OpenAPIKit30' from project 'OpenAPIKit')
cd /Users/admin/builder/spi-builder-workspace/.dependencies/checkouts/OpenAPIKit
write-file /Users/admin/builder/spi-builder-workspace/.derivedData/Build/Intermediates.noindex/OpenAPIKit.build/Debug-xros/OpenAPIKit30-t.build/OpenAPIKit30.DependencyMetadataFileList
WriteAuxiliaryFile /Users/admin/builder/spi-builder-workspace/.derivedData/Build/Intermediates.noindex/OpenAPIKit.build/Debug-xros/OpenAPIKit30-t.build/Objects-normal/arm64/OpenAPIKit30_const_extract_protocols.json (in target 'OpenAPIKit30' from project 'OpenAPIKit')
cd /Users/admin/builder/spi-builder-workspace/.dependencies/checkouts/OpenAPIKit
write-file /Users/admin/builder/spi-builder-workspace/.derivedData/Build/Intermediates.noindex/OpenAPIKit.build/Debug-xros/OpenAPIKit30-t.build/Objects-normal/arm64/OpenAPIKit30_const_extract_protocols.json
WriteAuxiliaryFile /Users/admin/builder/spi-builder-workspace/.derivedData/Build/Intermediates.noindex/OpenAPIKit.build/Debug-xros/OpenAPIKit30-t.build/Objects-normal/arm64/OpenAPIKit30.SwiftFileList (in target 'OpenAPIKit30' from project 'OpenAPIKit')
cd /Users/admin/builder/spi-builder-workspace/.dependencies/checkouts/OpenAPIKit
write-file /Users/admin/builder/spi-builder-workspace/.derivedData/Build/Intermediates.noindex/OpenAPIKit.build/Debug-xros/OpenAPIKit30-t.build/Objects-normal/arm64/OpenAPIKit30.SwiftFileList
WriteAuxiliaryFile /Users/admin/builder/spi-builder-workspace/.derivedData/Build/Intermediates.noindex/OpenAPIKit.build/Debug-xros/OpenAPIKit30-t.build/Objects-normal/arm64/OpenAPIKit30.SwiftConstValuesFileList (in target 'OpenAPIKit30' from project 'OpenAPIKit')
cd /Users/admin/builder/spi-builder-workspace/.dependencies/checkouts/OpenAPIKit
write-file /Users/admin/builder/spi-builder-workspace/.derivedData/Build/Intermediates.noindex/OpenAPIKit.build/Debug-xros/OpenAPIKit30-t.build/Objects-normal/arm64/OpenAPIKit30.SwiftConstValuesFileList
WriteAuxiliaryFile /Users/admin/builder/spi-builder-workspace/.derivedData/Build/Intermediates.noindex/OpenAPIKit.build/Debug-xros/OpenAPIKit30-t.build/Objects-normal/arm64/OpenAPIKit30.LinkFileList (in target 'OpenAPIKit30' from project 'OpenAPIKit')
cd /Users/admin/builder/spi-builder-workspace/.dependencies/checkouts/OpenAPIKit
write-file /Users/admin/builder/spi-builder-workspace/.derivedData/Build/Intermediates.noindex/OpenAPIKit.build/Debug-xros/OpenAPIKit30-t.build/Objects-normal/arm64/OpenAPIKit30.LinkFileList
WriteAuxiliaryFile /Users/admin/builder/spi-builder-workspace/.derivedData/Build/Intermediates.noindex/OpenAPIKit.build/Debug-xros/OpenAPIKit30-t.build/Objects-normal/arm64/OpenAPIKit30-OutputFileMap.json (in target 'OpenAPIKit30' from project 'OpenAPIKit')
cd /Users/admin/builder/spi-builder-workspace/.dependencies/checkouts/OpenAPIKit
write-file /Users/admin/builder/spi-builder-workspace/.derivedData/Build/Intermediates.noindex/OpenAPIKit.build/Debug-xros/OpenAPIKit30-t.build/Objects-normal/arm64/OpenAPIKit30-OutputFileMap.json
WriteAuxiliaryFile /Users/admin/builder/spi-builder-workspace/.derivedData/Build/Intermediates.noindex/Yams.build/Debug-xros/CYaml-t.build/Objects-normal/arm64/7187679823f38a2a940e0043cdf9d637-common-args.resp (in target 'CYaml' from project 'Yams')
cd /Users/admin/builder/spi-builder-workspace/.dependencies/checkouts/Yams
write-file /Users/admin/builder/spi-builder-workspace/.derivedData/Build/Intermediates.noindex/Yams.build/Debug-xros/CYaml-t.build/Objects-normal/arm64/7187679823f38a2a940e0043cdf9d637-common-args.resp
-fmodules -gmodules '-fmodules-cache-path=/Users/admin/builder/spi-builder-workspace/.derivedData/ModuleCache.noindex' '-fmodule-name=CYaml' -fpascal-strings -O0 -DSWIFT_PACKAGE '-DDEBUG=1' -DYAML_DECLARE_EXPORT -g -I/Users/admin/builder/spi-builder-workspace/.derivedData/Build/Products/Debug-xros/include -I/Users/admin/builder/spi-builder-workspace/.dependencies/checkouts/Yams/Sources/CYaml/include -I/Users/admin/builder/spi-builder-workspace/.derivedData/Build/Intermediates.noindex/Yams.build/Debug-xros/CYaml-t.build/DerivedSources-normal/arm64 -I/Users/admin/builder/spi-builder-workspace/.derivedData/Build/Intermediates.noindex/Yams.build/Debug-xros/CYaml-t.build/DerivedSources/arm64 -I/Users/admin/builder/spi-builder-workspace/.derivedData/Build/Intermediates.noindex/Yams.build/Debug-xros/CYaml-t.build/DerivedSources -F/Users/admin/builder/spi-builder-workspace/.derivedData/Build/Products/Debug-xros -iframework /Applications/Xcode-27.0.0-Release.Candidate.app/Contents/Developer/Platforms/XROS.platform/Developer/Library/Frameworks -iframework /Applications/Xcode-27.0.0-Release.Candidate.app/Contents/Developer/Platforms/XROS.platform/Developer/SDKs/XROS27.0.sdk/Developer/Library/Frameworks -DXcode
WriteAuxiliaryFile /Users/admin/builder/spi-builder-workspace/.derivedData/Build/Intermediates.noindex/Yams.build/Debug-xros/CYaml-t.build/Objects-normal/arm64/CYaml.LinkFileList (in target 'CYaml' from project 'Yams')
cd /Users/admin/builder/spi-builder-workspace/.dependencies/checkouts/Yams
write-file /Users/admin/builder/spi-builder-workspace/.derivedData/Build/Intermediates.noindex/Yams.build/Debug-xros/CYaml-t.build/Objects-normal/arm64/CYaml.LinkFileList
Copy /Users/admin/builder/spi-builder-workspace/.derivedData/Build/Intermediates.noindex/GeneratedModuleMaps-xros/OpenAPIKit30.modulemap /Users/admin/builder/spi-builder-workspace/.derivedData/Build/Intermediates.noindex/OpenAPIKit.build/Debug-xros/OpenAPIKit30-t.build/OpenAPIKit30.modulemap (in target 'OpenAPIKit30' from project 'OpenAPIKit')
cd /Users/admin/builder/spi-builder-workspace/.dependencies/checkouts/OpenAPIKit
builtin-copy -exclude .DS_Store -exclude CVS -exclude .svn -exclude .git -exclude .hg -resolve-src-symlinks /Users/admin/builder/spi-builder-workspace/.derivedData/Build/Intermediates.noindex/OpenAPIKit.build/Debug-xros/OpenAPIKit30-t.build/OpenAPIKit30.modulemap /Users/admin/builder/spi-builder-workspace/.derivedData/Build/Intermediates.noindex/GeneratedModuleMaps-xros
WriteAuxiliaryFile /Users/admin/builder/spi-builder-workspace/.derivedData/Build/Intermediates.noindex/Yams.build/Debug-xros/CYaml-t.build/CYaml.DependencyStaticMetadataFileList (in target 'CYaml' from project 'Yams')
cd /Users/admin/builder/spi-builder-workspace/.dependencies/checkouts/Yams
write-file /Users/admin/builder/spi-builder-workspace/.derivedData/Build/Intermediates.noindex/Yams.build/Debug-xros/CYaml-t.build/CYaml.DependencyStaticMetadataFileList
WriteAuxiliaryFile /Users/admin/builder/spi-builder-workspace/.derivedData/Build/Intermediates.noindex/Yams.build/Debug-xros/CYaml-t.build/CYaml.DependencyMetadataFileList (in target 'CYaml' from project 'Yams')
cd /Users/admin/builder/spi-builder-workspace/.dependencies/checkouts/Yams
write-file /Users/admin/builder/spi-builder-workspace/.derivedData/Build/Intermediates.noindex/Yams.build/Debug-xros/CYaml-t.build/CYaml.DependencyMetadataFileList
CreateBuildDirectory /Users/admin/builder/spi-builder-workspace/.derivedData/Build/Products/Debug-xros/PackageFrameworks
cd /Users/admin/builder/spi-builder-workspace/.swiftpm/xcode
builtin-create-build-directory /Users/admin/builder/spi-builder-workspace/.derivedData/Build/Products/Debug-xros/PackageFrameworks
ScanDependencies /Users/admin/builder/spi-builder-workspace/.derivedData/Build/Intermediates.noindex/Yams.build/Debug-xros/CYaml-t.build/Objects-normal/arm64/parser.o /Users/admin/builder/spi-builder-workspace/.dependencies/checkouts/Yams/Sources/CYaml/src/parser.c normal arm64 c com.apple.compilers.llvm.clang.1_0.compiler (in target 'CYaml' from project 'Yams')
cd /Users/admin/builder/spi-builder-workspace/.swiftpm/xcode
Using response file: /Users/admin/builder/spi-builder-workspace/.derivedData/Build/Intermediates.noindex/Yams.build/Debug-xros/CYaml-t.build/Objects-normal/arm64/7187679823f38a2a940e0043cdf9d637-common-args.resp
builtin-ScanDependencies -o /Users/admin/builder/spi-builder-workspace/.derivedData/Build/Intermediates.noindex/Yams.build/Debug-xros/CYaml-t.build/Objects-normal/arm64/parser.o.scan -- /Applications/Xcode-27.0.0-Release.Candidate.app/Contents/Developer/Toolchains/XcodeDefault.xctoolchain/usr/bin/clang -x c -ivfsstatcache /Users/admin/builder/spi-builder-workspace/.derivedData/SDKStatCaches.noindex/xros27.0-24M361-e829b21a6f8c9b70876ba0858053c044735bd543db762f57723cac368afd1ce4.sdkstatcache -target arm64-apple-xros1.0 -fmessage-length\=0 -fdiagnostics-show-note-include-stack -fmacro-backtrace-limit\=0 -fno-color-diagnostics -fmodules-prune-interval\=86400 -fmodules-prune-after\=345600 -fbuild-session-file\=/Users/admin/builder/spi-builder-workspace/.derivedData/ModuleCache.noindex/Session.modulevalidation -fmodules-validate-once-per-build-session -Wnon-modular-include-in-framework-module -Werror\=non-modular-include-in-framework-module -Wno-trigraphs -Wno-missing-field-initializers -Wno-missing-prototypes -Wno-return-type -Wno-missing-braces -Wparentheses -Wswitch -Wno-unused-function -Wno-unused-label -Wno-unused-parameter -Wno-unused-variable -Wunused-value -Wno-empty-body -Wno-uninitialized -Wno-unknown-pragmas -w -Wno-shadow -Wno-four-char-constants -Wno-conversion -Wno-constant-conversion -Wno-int-conversion -Wno-bool-conversion -Wno-enum-conversion -Wno-float-conversion -Wno-non-literal-null-conversion -Wno-objc-literal-conversion -Wshorten-64-to-32 -Wpointer-sign -Wno-newline-eof -Wno-implicit-fallthrough -isysroot /Applications/Xcode-27.0.0-Release.Candidate.app/Contents/Developer/Platforms/XROS.platform/Developer/SDKs/XROS27.0.sdk -fstrict-aliasing -Wdeprecated-declarations -Wno-sign-conversion -Wno-infinite-recursion -Wno-comma -Wno-block-capture-autoreleasing -Wno-strict-prototypes -Wno-semicolon-before-method-body -index-store-path /Users/admin/builder/spi-builder-workspace/.derivedData/Index.noindex/DataStore @/Users/admin/builder/spi-builder-workspace/.derivedData/Build/Intermediates.noindex/Yams.build/Debug-xros/CYaml-t.build/Objects-normal/arm64/7187679823f38a2a940e0043cdf9d637-common-args.resp -MMD -MT dependencies -MF /Users/admin/builder/spi-builder-workspace/.derivedData/Build/Intermediates.noindex/Yams.build/Debug-xros/CYaml-t.build/Objects-normal/arm64/parser.d --serialize-diagnostics /Users/admin/builder/spi-builder-workspace/.derivedData/Build/Intermediates.noindex/Yams.build/Debug-xros/CYaml-t.build/Objects-normal/arm64/parser.dia -c /Users/admin/builder/spi-builder-workspace/.dependencies/checkouts/Yams/Sources/CYaml/src/parser.c -o /Users/admin/builder/spi-builder-workspace/.derivedData/Build/Intermediates.noindex/Yams.build/Debug-xros/CYaml-t.build/Objects-normal/arm64/parser.o -index-unit-output-path /Yams.build/Debug-xros/CYaml-t.build/Objects-normal/arm64/parser.o
ScanDependencies /Users/admin/builder/spi-builder-workspace/.derivedData/Build/Intermediates.noindex/Yams.build/Debug-xros/CYaml-t.build/Objects-normal/arm64/writer.o /Users/admin/builder/spi-builder-workspace/.dependencies/checkouts/Yams/Sources/CYaml/src/writer.c normal arm64 c com.apple.compilers.llvm.clang.1_0.compiler (in target 'CYaml' from project 'Yams')
cd /Users/admin/builder/spi-builder-workspace/.swiftpm/xcode
Using response file: /Users/admin/builder/spi-builder-workspace/.derivedData/Build/Intermediates.noindex/Yams.build/Debug-xros/CYaml-t.build/Objects-normal/arm64/7187679823f38a2a940e0043cdf9d637-common-args.resp
builtin-ScanDependencies -o /Users/admin/builder/spi-builder-workspace/.derivedData/Build/Intermediates.noindex/Yams.build/Debug-xros/CYaml-t.build/Objects-normal/arm64/writer.o.scan -- /Applications/Xcode-27.0.0-Release.Candidate.app/Contents/Developer/Toolchains/XcodeDefault.xctoolchain/usr/bin/clang -x c -ivfsstatcache /Users/admin/builder/spi-builder-workspace/.derivedData/SDKStatCaches.noindex/xros27.0-24M361-e829b21a6f8c9b70876ba0858053c044735bd543db762f57723cac368afd1ce4.sdkstatcache -target arm64-apple-xros1.0 -fmessage-length\=0 -fdiagnostics-show-note-include-stack -fmacro-backtrace-limit\=0 -fno-color-diagnostics -fmodules-prune-interval\=86400 -fmodules-prune-after\=345600 -fbuild-session-file\=/Users/admin/builder/spi-builder-workspace/.derivedData/ModuleCache.noindex/Session.modulevalidation -fmodules-validate-once-per-build-session -Wnon-modular-include-in-framework-module -Werror\=non-modular-include-in-framework-module -Wno-trigraphs -Wno-missing-field-initializers -Wno-missing-prototypes -Wno-return-type -Wno-missing-braces -Wparentheses -Wswitch -Wno-unused-function -Wno-unused-label -Wno-unused-parameter -Wno-unused-variable -Wunused-value -Wno-empty-body -Wno-uninitialized -Wno-unknown-pragmas -w -Wno-shadow -Wno-four-char-constants -Wno-conversion -Wno-constant-conversion -Wno-int-conversion -Wno-bool-conversion -Wno-enum-conversion -Wno-float-conversion -Wno-non-literal-null-conversion -Wno-objc-literal-conversion -Wshorten-64-to-32 -Wpointer-sign -Wno-newline-eof -Wno-implicit-fallthrough -isysroot /Applications/Xcode-27.0.0-Release.Candidate.app/Contents/Developer/Platforms/XROS.platform/Developer/SDKs/XROS27.0.sdk -fstrict-aliasing -Wdeprecated-declarations -Wno-sign-conversion -Wno-infinite-recursion -Wno-comma -Wno-block-capture-autoreleasing -Wno-strict-prototypes -Wno-semicolon-before-method-body -index-store-path /Users/admin/builder/spi-builder-workspace/.derivedData/Index.noindex/DataStore @/Users/admin/builder/spi-builder-workspace/.derivedData/Build/Intermediates.noindex/Yams.build/Debug-xros/CYaml-t.build/Objects-normal/arm64/7187679823f38a2a940e0043cdf9d637-common-args.resp -MMD -MT dependencies -MF /Users/admin/builder/spi-builder-workspace/.derivedData/Build/Intermediates.noindex/Yams.build/Debug-xros/CYaml-t.build/Objects-normal/arm64/writer.d --serialize-diagnostics /Users/admin/builder/spi-builder-workspace/.derivedData/Build/Intermediates.noindex/Yams.build/Debug-xros/CYaml-t.build/Objects-normal/arm64/writer.dia -c /Users/admin/builder/spi-builder-workspace/.dependencies/checkouts/Yams/Sources/CYaml/src/writer.c -o /Users/admin/builder/spi-builder-workspace/.derivedData/Build/Intermediates.noindex/Yams.build/Debug-xros/CYaml-t.build/Objects-normal/arm64/writer.o -index-unit-output-path /Yams.build/Debug-xros/CYaml-t.build/Objects-normal/arm64/writer.o
ScanDependencies /Users/admin/builder/spi-builder-workspace/.derivedData/Build/Intermediates.noindex/Yams.build/Debug-xros/CYaml-t.build/Objects-normal/arm64/scanner.o /Users/admin/builder/spi-builder-workspace/.dependencies/checkouts/Yams/Sources/CYaml/src/scanner.c normal arm64 c com.apple.compilers.llvm.clang.1_0.compiler (in target 'CYaml' from project 'Yams')
cd /Users/admin/builder/spi-builder-workspace/.swiftpm/xcode
Using response file: /Users/admin/builder/spi-builder-workspace/.derivedData/Build/Intermediates.noindex/Yams.build/Debug-xros/CYaml-t.build/Objects-normal/arm64/7187679823f38a2a940e0043cdf9d637-common-args.resp
builtin-ScanDependencies -o /Users/admin/builder/spi-builder-workspace/.derivedData/Build/Intermediates.noindex/Yams.build/Debug-xros/CYaml-t.build/Objects-normal/arm64/scanner.o.scan -- /Applications/Xcode-27.0.0-Release.Candidate.app/Contents/Developer/Toolchains/XcodeDefault.xctoolchain/usr/bin/clang -x c -ivfsstatcache /Users/admin/builder/spi-builder-workspace/.derivedData/SDKStatCaches.noindex/xros27.0-24M361-e829b21a6f8c9b70876ba0858053c044735bd543db762f57723cac368afd1ce4.sdkstatcache -target arm64-apple-xros1.0 -fmessage-length\=0 -fdiagnostics-show-note-include-stack -fmacro-backtrace-limit\=0 -fno-color-diagnostics -fmodules-prune-interval\=86400 -fmodules-prune-after\=345600 -fbuild-session-file\=/Users/admin/builder/spi-builder-workspace/.derivedData/ModuleCache.noindex/Session.modulevalidation -fmodules-validate-once-per-build-session -Wnon-modular-include-in-framework-module -Werror\=non-modular-include-in-framework-module -Wno-trigraphs -Wno-missing-field-initializers -Wno-missing-prototypes -Wno-return-type -Wno-missing-braces -Wparentheses -Wswitch -Wno-unused-function -Wno-unused-label -Wno-unused-parameter -Wno-unused-variable -Wunused-value -Wno-empty-body -Wno-uninitialized -Wno-unknown-pragmas -w -Wno-shadow -Wno-four-char-constants -Wno-conversion -Wno-constant-conversion -Wno-int-conversion -Wno-bool-conversion -Wno-enum-conversion -Wno-float-conversion -Wno-non-literal-null-conversion -Wno-objc-literal-conversion -Wshorten-64-to-32 -Wpointer-sign -Wno-newline-eof -Wno-implicit-fallthrough -isysroot /Applications/Xcode-27.0.0-Release.Candidate.app/Contents/Developer/Platforms/XROS.platform/Developer/SDKs/XROS27.0.sdk -fstrict-aliasing -Wdeprecated-declarations -Wno-sign-conversion -Wno-infinite-recursion -Wno-comma -Wno-block-capture-autoreleasing -Wno-strict-prototypes -Wno-semicolon-before-method-body -index-store-path /Users/admin/builder/spi-builder-workspace/.derivedData/Index.noindex/DataStore @/Users/admin/builder/spi-builder-workspace/.derivedData/Build/Intermediates.noindex/Yams.build/Debug-xros/CYaml-t.build/Objects-normal/arm64/7187679823f38a2a940e0043cdf9d637-common-args.resp -MMD -MT dependencies -MF /Users/admin/builder/spi-builder-workspace/.derivedData/Build/Intermediates.noindex/Yams.build/Debug-xros/CYaml-t.build/Objects-normal/arm64/scanner.d --serialize-diagnostics /Users/admin/builder/spi-builder-workspace/.derivedData/Build/Intermediates.noindex/Yams.build/Debug-xros/CYaml-t.build/Objects-normal/arm64/scanner.dia -c /Users/admin/builder/spi-builder-workspace/.dependencies/checkouts/Yams/Sources/CYaml/src/scanner.c -o /Users/admin/builder/spi-builder-workspace/.derivedData/Build/Intermediates.noindex/Yams.build/Debug-xros/CYaml-t.build/Objects-normal/arm64/scanner.o -index-unit-output-path /Yams.build/Debug-xros/CYaml-t.build/Objects-normal/arm64/scanner.o
ScanDependencies /Users/admin/builder/spi-builder-workspace/.derivedData/Build/Intermediates.noindex/Yams.build/Debug-xros/CYaml-t.build/Objects-normal/arm64/emitter.o /Users/admin/builder/spi-builder-workspace/.dependencies/checkouts/Yams/Sources/CYaml/src/emitter.c normal arm64 c com.apple.compilers.llvm.clang.1_0.compiler (in target 'CYaml' from project 'Yams')
cd /Users/admin/builder/spi-builder-workspace/.swiftpm/xcode
Using response file: /Users/admin/builder/spi-builder-workspace/.derivedData/Build/Intermediates.noindex/Yams.build/Debug-xros/CYaml-t.build/Objects-normal/arm64/7187679823f38a2a940e0043cdf9d637-common-args.resp
builtin-ScanDependencies -o /Users/admin/builder/spi-builder-workspace/.derivedData/Build/Intermediates.noindex/Yams.build/Debug-xros/CYaml-t.build/Objects-normal/arm64/emitter.o.scan -- /Applications/Xcode-27.0.0-Release.Candidate.app/Contents/Developer/Toolchains/XcodeDefault.xctoolchain/usr/bin/clang -x c -ivfsstatcache /Users/admin/builder/spi-builder-workspace/.derivedData/SDKStatCaches.noindex/xros27.0-24M361-e829b21a6f8c9b70876ba0858053c044735bd543db762f57723cac368afd1ce4.sdkstatcache -target arm64-apple-xros1.0 -fmessage-length\=0 -fdiagnostics-show-note-include-stack -fmacro-backtrace-limit\=0 -fno-color-diagnostics -fmodules-prune-interval\=86400 -fmodules-prune-after\=345600 -fbuild-session-file\=/Users/admin/builder/spi-builder-workspace/.derivedData/ModuleCache.noindex/Session.modulevalidation -fmodules-validate-once-per-build-session -Wnon-modular-include-in-framework-module -Werror\=non-modular-include-in-framework-module -Wno-trigraphs -Wno-missing-field-initializers -Wno-missing-prototypes -Wno-return-type -Wno-missing-braces -Wparentheses -Wswitch -Wno-unused-function -Wno-unused-label -Wno-unused-parameter -Wno-unused-variable -Wunused-value -Wno-empty-body -Wno-uninitialized -Wno-unknown-pragmas -w -Wno-shadow -Wno-four-char-constants -Wno-conversion -Wno-constant-conversion -Wno-int-conversion -Wno-bool-conversion -Wno-enum-conversion -Wno-float-conversion -Wno-non-literal-null-conversion -Wno-objc-literal-conversion -Wshorten-64-to-32 -Wpointer-sign -Wno-newline-eof -Wno-implicit-fallthrough -isysroot /Applications/Xcode-27.0.0-Release.Candidate.app/Contents/Developer/Platforms/XROS.platform/Developer/SDKs/XROS27.0.sdk -fstrict-aliasing -Wdeprecated-declarations -Wno-sign-conversion -Wno-infinite-recursion -Wno-comma -Wno-block-capture-autoreleasing -Wno-strict-prototypes -Wno-semicolon-before-method-body -index-store-path /Users/admin/builder/spi-builder-workspace/.derivedData/Index.noindex/DataStore @/Users/admin/builder/spi-builder-workspace/.derivedData/Build/Intermediates.noindex/Yams.build/Debug-xros/CYaml-t.build/Objects-normal/arm64/7187679823f38a2a940e0043cdf9d637-common-args.resp -MMD -MT dependencies -MF /Users/admin/builder/spi-builder-workspace/.derivedData/Build/Intermediates.noindex/Yams.build/Debug-xros/CYaml-t.build/Objects-normal/arm64/emitter.d --serialize-diagnostics /Users/admin/builder/spi-builder-workspace/.derivedData/Build/Intermediates.noindex/Yams.build/Debug-xros/CYaml-t.build/Objects-normal/arm64/emitter.dia -c /Users/admin/builder/spi-builder-workspace/.dependencies/checkouts/Yams/Sources/CYaml/src/emitter.c -o /Users/admin/builder/spi-builder-workspace/.derivedData/Build/Intermediates.noindex/Yams.build/Debug-xros/CYaml-t.build/Objects-normal/arm64/emitter.o -index-unit-output-path /Yams.build/Debug-xros/CYaml-t.build/Objects-normal/arm64/emitter.o
ScanDependencies /Users/admin/builder/spi-builder-workspace/.derivedData/Build/Intermediates.noindex/Yams.build/Debug-xros/CYaml-t.build/Objects-normal/arm64/reader.o /Users/admin/builder/spi-builder-workspace/.dependencies/checkouts/Yams/Sources/CYaml/src/reader.c normal arm64 c com.apple.compilers.llvm.clang.1_0.compiler (in target 'CYaml' from project 'Yams')
cd /Users/admin/builder/spi-builder-workspace/.swiftpm/xcode
Using response file: /Users/admin/builder/spi-builder-workspace/.derivedData/Build/Intermediates.noindex/Yams.build/Debug-xros/CYaml-t.build/Objects-normal/arm64/7187679823f38a2a940e0043cdf9d637-common-args.resp
builtin-ScanDependencies -o /Users/admin/builder/spi-builder-workspace/.derivedData/Build/Intermediates.noindex/Yams.build/Debug-xros/CYaml-t.build/Objects-normal/arm64/reader.o.scan -- /Applications/Xcode-27.0.0-Release.Candidate.app/Contents/Developer/Toolchains/XcodeDefault.xctoolchain/usr/bin/clang -x c -ivfsstatcache /Users/admin/builder/spi-builder-workspace/.derivedData/SDKStatCaches.noindex/xros27.0-24M361-e829b21a6f8c9b70876ba0858053c044735bd543db762f57723cac368afd1ce4.sdkstatcache -target arm64-apple-xros1.0 -fmessage-length\=0 -fdiagnostics-show-note-include-stack -fmacro-backtrace-limit\=0 -fno-color-diagnostics -fmodules-prune-interval\=86400 -fmodules-prune-after\=345600 -fbuild-session-file\=/Users/admin/builder/spi-builder-workspace/.derivedData/ModuleCache.noindex/Session.modulevalidation -fmodules-validate-once-per-build-session -Wnon-modular-include-in-framework-module -Werror\=non-modular-include-in-framework-module -Wno-trigraphs -Wno-missing-field-initializers -Wno-missing-prototypes -Wno-return-type -Wno-missing-braces -Wparentheses -Wswitch -Wno-unused-function -Wno-unused-label -Wno-unused-parameter -Wno-unused-variable -Wunused-value -Wno-empty-body -Wno-uninitialized -Wno-unknown-pragmas -w -Wno-shadow -Wno-four-char-constants -Wno-conversion -Wno-constant-conversion -Wno-int-conversion -Wno-bool-conversion -Wno-enum-conversion -Wno-float-conversion -Wno-non-literal-null-conversion -Wno-objc-literal-conversion -Wshorten-64-to-32 -Wpointer-sign -Wno-newline-eof -Wno-implicit-fallthrough -isysroot /Applications/Xcode-27.0.0-Release.Candidate.app/Contents/Developer/Platforms/XROS.platform/Developer/SDKs/XROS27.0.sdk -fstrict-aliasing -Wdeprecated-declarations -Wno-sign-conversion -Wno-infinite-recursion -Wno-comma -Wno-block-capture-autoreleasing -Wno-strict-prototypes -Wno-semicolon-before-method-body -index-store-path /Users/admin/builder/spi-builder-workspace/.derivedData/Index.noindex/DataStore @/Users/admin/builder/spi-builder-workspace/.derivedData/Build/Intermediates.noindex/Yams.build/Debug-xros/CYaml-t.build/Objects-normal/arm64/7187679823f38a2a940e0043cdf9d637-common-args.resp -MMD -MT dependencies -MF /Users/admin/builder/spi-builder-workspace/.derivedData/Build/Intermediates.noindex/Yams.build/Debug-xros/CYaml-t.build/Objects-normal/arm64/reader.d --serialize-diagnostics /Users/admin/builder/spi-builder-workspace/.derivedData/Build/Intermediates.noindex/Yams.build/Debug-xros/CYaml-t.build/Objects-normal/arm64/reader.dia -c /Users/admin/builder/spi-builder-workspace/.dependencies/checkouts/Yams/Sources/CYaml/src/reader.c -o /Users/admin/builder/spi-builder-workspace/.derivedData/Build/Intermediates.noindex/Yams.build/Debug-xros/CYaml-t.build/Objects-normal/arm64/reader.o -index-unit-output-path /Yams.build/Debug-xros/CYaml-t.build/Objects-normal/arm64/reader.o
ScanDependencies /Users/admin/builder/spi-builder-workspace/.derivedData/Build/Intermediates.noindex/Yams.build/Debug-xros/CYaml-t.build/Objects-normal/arm64/api.o /Users/admin/builder/spi-builder-workspace/.dependencies/checkouts/Yams/Sources/CYaml/src/api.c normal arm64 c com.apple.compilers.llvm.clang.1_0.compiler (in target 'CYaml' from project 'Yams')
cd /Users/admin/builder/spi-builder-workspace/.swiftpm/xcode
Using response file: /Users/admin/builder/spi-builder-workspace/.derivedData/Build/Intermediates.noindex/Yams.build/Debug-xros/CYaml-t.build/Objects-normal/arm64/7187679823f38a2a940e0043cdf9d637-common-args.resp
builtin-ScanDependencies -o /Users/admin/builder/spi-builder-workspace/.derivedData/Build/Intermediates.noindex/Yams.build/Debug-xros/CYaml-t.build/Objects-normal/arm64/api.o.scan -- /Applications/Xcode-27.0.0-Release.Candidate.app/Contents/Developer/Toolchains/XcodeDefault.xctoolchain/usr/bin/clang -x c -ivfsstatcache /Users/admin/builder/spi-builder-workspace/.derivedData/SDKStatCaches.noindex/xros27.0-24M361-e829b21a6f8c9b70876ba0858053c044735bd543db762f57723cac368afd1ce4.sdkstatcache -target arm64-apple-xros1.0 -fmessage-length\=0 -fdiagnostics-show-note-include-stack -fmacro-backtrace-limit\=0 -fno-color-diagnostics -fmodules-prune-interval\=86400 -fmodules-prune-after\=345600 -fbuild-session-file\=/Users/admin/builder/spi-builder-workspace/.derivedData/ModuleCache.noindex/Session.modulevalidation -fmodules-validate-once-per-build-session -Wnon-modular-include-in-framework-module -Werror\=non-modular-include-in-framework-module -Wno-trigraphs -Wno-missing-field-initializers -Wno-missing-prototypes -Wno-return-type -Wno-missing-braces -Wparentheses -Wswitch -Wno-unused-function -Wno-unused-label -Wno-unused-parameter -Wno-unused-variable -Wunused-value -Wno-empty-body -Wno-uninitialized -Wno-unknown-pragmas -w -Wno-shadow -Wno-four-char-constants -Wno-conversion -Wno-constant-conversion -Wno-int-conversion -Wno-bool-conversion -Wno-enum-conversion -Wno-float-conversion -Wno-non-literal-null-conversion -Wno-objc-literal-conversion -Wshorten-64-to-32 -Wpointer-sign -Wno-newline-eof -Wno-implicit-fallthrough -isysroot /Applications/Xcode-27.0.0-Release.Candidate.app/Contents/Developer/Platforms/XROS.platform/Developer/SDKs/XROS27.0.sdk -fstrict-aliasing -Wdeprecated-declarations -Wno-sign-conversion -Wno-infinite-recursion -Wno-comma -Wno-block-capture-autoreleasing -Wno-strict-prototypes -Wno-semicolon-before-method-body -index-store-path /Users/admin/builder/spi-builder-workspace/.derivedData/Index.noindex/DataStore @/Users/admin/builder/spi-builder-workspace/.derivedData/Build/Intermediates.noindex/Yams.build/Debug-xros/CYaml-t.build/Objects-normal/arm64/7187679823f38a2a940e0043cdf9d637-common-args.resp -MMD -MT dependencies -MF /Users/admin/builder/spi-builder-workspace/.derivedData/Build/Intermediates.noindex/Yams.build/Debug-xros/CYaml-t.build/Objects-normal/arm64/api.d --serialize-diagnostics /Users/admin/builder/spi-builder-workspace/.derivedData/Build/Intermediates.noindex/Yams.build/Debug-xros/CYaml-t.build/Objects-normal/arm64/api.dia -c /Users/admin/builder/spi-builder-workspace/.dependencies/checkouts/Yams/Sources/CYaml/src/api.c -o /Users/admin/builder/spi-builder-workspace/.derivedData/Build/Intermediates.noindex/Yams.build/Debug-xros/CYaml-t.build/Objects-normal/arm64/api.o -index-unit-output-path /Yams.build/Debug-xros/CYaml-t.build/Objects-normal/arm64/api.o
SwiftDriver Yams normal arm64 com.apple.xcode.tools.swift.compiler (in target 'Yams' from project 'Yams')
cd /Users/admin/builder/spi-builder-workspace/.swiftpm/xcode
builtin-SwiftDriver -- /Applications/Xcode-27.0.0-Release.Candidate.app/Contents/Developer/Toolchains/XcodeDefault.xctoolchain/usr/bin/swiftc -parse-as-library -module-name Yams -Onone @/Users/admin/builder/spi-builder-workspace/.derivedData/Build/Intermediates.noindex/Yams.build/Debug-xros/Yams-t.build/Objects-normal/arm64/Yams.SwiftFileList -DSWIFT_PACKAGE -DDEBUG -DSWIFT_MODULE_RESOURCE_BUNDLE_UNAVAILABLE -Xcc -fmodule-map-file\=/Users/admin/builder/spi-builder-workspace/.dependencies/checkouts/Yams/Sources/CYaml/include/module.modulemap -DXcode -plugin-path /Applications/Xcode-27.0.0-Release.Candidate.app/Contents/Developer/Toolchains/XcodeDefault.xctoolchain/usr/lib/swift/host/plugins/testing -enable-experimental-feature DebugDescriptionMacro -sdk /Applications/Xcode-27.0.0-Release.Candidate.app/Contents/Developer/Platforms/XROS.platform/Developer/SDKs/XROS27.0.sdk -target arm64-apple-xros1.0 -g -module-cache-path /Users/admin/builder/spi-builder-workspace/.derivedData/ModuleCache.noindex -Xfrontend -serialize-debugging-options -enable-testing -suppress-warnings -index-store-path /Users/admin/builder/spi-builder-workspace/.derivedData/Index.noindex/DataStore -Xcc -D_LIBCPP_HARDENING_MODE\=_LIBCPP_HARDENING_MODE_DEBUG -swift-version 5 -I /Users/admin/builder/spi-builder-workspace/.derivedData/Build/Products/Debug-xros -Isystem /Applications/Xcode-27.0.0-Release.Candidate.app/Contents/Developer/Platforms/XROS.platform/Developer/usr/lib -F /Users/admin/builder/spi-builder-workspace/.derivedData/Build/Products/Debug-xros/PackageFrameworks -F /Users/admin/builder/spi-builder-workspace/.derivedData/Build/Products/Debug-xros -F /Applications/Xcode-27.0.0-Release.Candidate.app/Contents/Developer/Platforms/XROS.platform/Developer/Library/Frameworks -F /Applications/Xcode-27.0.0-Release.Candidate.app/Contents/Developer/Platforms/XROS.platform/Developer/SDKs/XROS27.0.sdk/Developer/Library/Frameworks -c -j10 -enable-batch-mode -incremental -Xcc -ivfsstatcache -Xcc /Users/admin/builder/spi-builder-workspace/.derivedData/SDKStatCaches.noindex/xros27.0-24M361-e829b21a6f8c9b70876ba0858053c044735bd543db762f57723cac368afd1ce4.sdkstatcache -output-file-map /Users/admin/builder/spi-builder-workspace/.derivedData/Build/Intermediates.noindex/Yams.build/Debug-xros/Yams-t.build/Objects-normal/arm64/Yams-OutputFileMap.json -save-temps -no-color-diagnostics -explicit-module-build -module-cache-path /Users/admin/builder/spi-builder-workspace/.derivedData/Build/Intermediates.noindex/SwiftExplicitPrecompiledModules -clang-scanner-module-cache-path /Users/admin/builder/spi-builder-workspace/.derivedData/ModuleCache.noindex -sdk-module-cache-path /Users/admin/builder/spi-builder-workspace/.derivedData/SDKExplicitPrecompiledModules -emit-dependencies -emit-module -emit-module-path /Users/admin/builder/spi-builder-workspace/.derivedData/Build/Intermediates.noindex/Yams.build/Debug-xros/Yams-t.build/Objects-normal/arm64/Yams.swiftmodule -serialize-diagnostics -dependency-scan-serialize-diagnostics-path /Users/admin/builder/spi-builder-workspace/.derivedData/Build/Intermediates.noindex/Yams.build/Debug-xros/Yams-t.build/Objects-normal/arm64/Yams-dependency-scan.dia -validate-clang-modules-once -clang-build-session-file /Users/admin/builder/spi-builder-workspace/.derivedData/ModuleCache.noindex/Session.modulevalidation -Xcc -fmodules-prune-interval\=86400 -Xcc -fmodules-prune-after\=345600 -emit-const-values -const-gather-protocols-list /Users/admin/builder/spi-builder-workspace/.derivedData/Build/Intermediates.noindex/Yams.build/Debug-xros/Yams-t.build/Objects-normal/arm64/Yams_const_extract_protocols.json -Xcc -I/Users/admin/builder/spi-builder-workspace/.dependencies/checkouts/Yams/Sources/CYaml/include -Xcc -I/Users/admin/builder/spi-builder-workspace/.derivedData/Build/Products/Debug-xros/include -Xcc -I/Users/admin/builder/spi-builder-workspace/.derivedData/Build/Intermediates.noindex/Yams.build/Debug-xros/Yams-t.build/DerivedSources-normal/arm64 -Xcc -I/Users/admin/builder/spi-builder-workspace/.derivedData/Build/Intermediates.noindex/Yams.build/Debug-xros/Yams-t.build/DerivedSources/arm64 -Xcc -I/Users/admin/builder/spi-builder-workspace/.derivedData/Build/Intermediates.noindex/Yams.build/Debug-xros/Yams-t.build/DerivedSources -Xcc -DSWIFT_PACKAGE -Xcc -DDEBUG\=1 -emit-objc-header -emit-objc-header-path /Users/admin/builder/spi-builder-workspace/.derivedData/Build/Intermediates.noindex/Yams.build/Debug-xros/Yams-t.build/Objects-normal/arm64/Yams-Swift.h -working-directory /Users/admin/builder/spi-builder-workspace/.swiftpm/xcode -experimental-emit-module-separately -disable-cmo
/Users/admin/builder/spi-builder-workspace/.dependencies/checkouts/Yams/Sources/Yams/Representer.swift:19:8: error: Unable to resolve module dependency: 'Glibc' (in target 'Yams' from project 'Yams')
note: A dependency of main module 'Yams'
/Users/admin/builder/spi-builder-workspace/.dependencies/checkouts/Yams/Sources/Yams/Representer.swift:19:8: note: A dependency of main module 'Yams'
import Glibc
^ (in target 'Yams' from project 'Yams')
SwiftDriver SwaggerParser normal arm64 com.apple.xcode.tools.swift.compiler (in target 'SwaggerParser' from project 'SwaggerParser')
cd /Users/admin/builder/spi-builder-workspace/.swiftpm/xcode
builtin-SwiftDriver -- /Applications/Xcode-27.0.0-Release.Candidate.app/Contents/Developer/Toolchains/XcodeDefault.xctoolchain/usr/bin/swiftc -parse-as-library -module-name SwaggerParser -Onone @/Users/admin/builder/spi-builder-workspace/.derivedData/Build/Intermediates.noindex/SwaggerParser.build/Debug-xros/SwaggerParser-t.build/Objects-normal/arm64/SwaggerParser.SwiftFileList -DSWIFT_PACKAGE -DDEBUG -DSWIFT_MODULE_RESOURCE_BUNDLE_UNAVAILABLE -DXcode -plugin-path /Applications/Xcode-27.0.0-Release.Candidate.app/Contents/Developer/Toolchains/XcodeDefault.xctoolchain/usr/lib/swift/host/plugins/testing -enable-experimental-feature DebugDescriptionMacro -sdk /Applications/Xcode-27.0.0-Release.Candidate.app/Contents/Developer/Platforms/XROS.platform/Developer/SDKs/XROS27.0.sdk -target arm64-apple-xros1.0 -g -module-cache-path /Users/admin/builder/spi-builder-workspace/.derivedData/ModuleCache.noindex -Xfrontend -serialize-debugging-options -enable-testing -suppress-warnings -index-store-path /Users/admin/builder/spi-builder-workspace/.derivedData/Index.noindex/DataStore -Xcc -D_LIBCPP_HARDENING_MODE\=_LIBCPP_HARDENING_MODE_DEBUG -swift-version 4 -I /Users/admin/builder/spi-builder-workspace/.derivedData/Build/Products/Debug-xros -Isystem /Applications/Xcode-27.0.0-Release.Candidate.app/Contents/Developer/Platforms/XROS.platform/Developer/usr/lib -F /Users/admin/builder/spi-builder-workspace/.derivedData/Build/Products/Debug-xros -F /Applications/Xcode-27.0.0-Release.Candidate.app/Contents/Developer/Platforms/XROS.platform/Developer/Library/Frameworks -F /Applications/Xcode-27.0.0-Release.Candidate.app/Contents/Developer/Platforms/XROS.platform/Developer/SDKs/XROS27.0.sdk/Developer/Library/Frameworks -c -j10 -enable-batch-mode -incremental -Xcc -ivfsstatcache -Xcc /Users/admin/builder/spi-builder-workspace/.derivedData/SDKStatCaches.noindex/xros27.0-24M361-e829b21a6f8c9b70876ba0858053c044735bd543db762f57723cac368afd1ce4.sdkstatcache -output-file-map /Users/admin/builder/spi-builder-workspace/.derivedData/Build/Intermediates.noindex/SwaggerParser.build/Debug-xros/SwaggerParser-t.build/Objects-normal/arm64/SwaggerParser-OutputFileMap.json -save-temps -no-color-diagnostics -emit-dependencies -emit-module -emit-module-path /Users/admin/builder/spi-builder-workspace/.derivedData/Build/Intermediates.noindex/SwaggerParser.build/Debug-xros/SwaggerParser-t.build/Objects-normal/arm64/SwaggerParser.swiftmodule -serialize-diagnostics -validate-clang-modules-once -clang-build-session-file /Users/admin/builder/spi-builder-workspace/.derivedData/ModuleCache.noindex/Session.modulevalidation -Xcc -fmodules-prune-interval\=86400 -Xcc -fmodules-prune-after\=345600 -emit-const-values -const-gather-protocols-list /Users/admin/builder/spi-builder-workspace/.derivedData/Build/Intermediates.noindex/SwaggerParser.build/Debug-xros/SwaggerParser-t.build/Objects-normal/arm64/SwaggerParser_const_extract_protocols.json -Xcc -I/Users/admin/builder/spi-builder-workspace/.derivedData/Build/Products/Debug-xros/include -Xcc -I/Users/admin/builder/spi-builder-workspace/.derivedData/Build/Intermediates.noindex/SwaggerParser.build/Debug-xros/SwaggerParser-t.build/DerivedSources-normal/arm64 -Xcc -I/Users/admin/builder/spi-builder-workspace/.derivedData/Build/Intermediates.noindex/SwaggerParser.build/Debug-xros/SwaggerParser-t.build/DerivedSources/arm64 -Xcc -I/Users/admin/builder/spi-builder-workspace/.derivedData/Build/Intermediates.noindex/SwaggerParser.build/Debug-xros/SwaggerParser-t.build/DerivedSources -Xcc -DSWIFT_PACKAGE -Xcc -DDEBUG\=1 -emit-objc-header -emit-objc-header-path /Users/admin/builder/spi-builder-workspace/.derivedData/Build/Intermediates.noindex/SwaggerParser.build/Debug-xros/SwaggerParser-t.build/Objects-normal/arm64/SwaggerParser-Swift.h -working-directory /Users/admin/builder/spi-builder-workspace/.swiftpm/xcode -experimental-emit-module-separately -disable-cmo
SwiftDriver ServiceModelEntities normal arm64 com.apple.xcode.tools.swift.compiler (in target 'ServiceModelEntities' from project 'ServiceModelSwiftCodeGenerate')
cd /Users/admin/builder/spi-builder-workspace/.swiftpm/xcode
builtin-SwiftDriver -- /Applications/Xcode-27.0.0-Release.Candidate.app/Contents/Developer/Toolchains/XcodeDefault.xctoolchain/usr/bin/swiftc -parse-as-library -module-name ServiceModelEntities -Onone @/Users/admin/builder/spi-builder-workspace/.derivedData/Build/Intermediates.noindex/ServiceModelSwiftCodeGenerate.build/Debug-xros/ServiceModelEntities-t.build/Objects-normal/arm64/ServiceModelEntities.SwiftFileList -DSWIFT_PACKAGE -DDEBUG -DSWIFT_MODULE_RESOURCE_BUNDLE_UNAVAILABLE -DXcode -plugin-path /Applications/Xcode-27.0.0-Release.Candidate.app/Contents/Developer/Toolchains/XcodeDefault.xctoolchain/usr/lib/swift/host/plugins/testing -enable-experimental-feature DebugDescriptionMacro -sdk /Applications/Xcode-27.0.0-Release.Candidate.app/Contents/Developer/Platforms/XROS.platform/Developer/SDKs/XROS27.0.sdk -target arm64-apple-xros1.0 -g -module-cache-path /Users/admin/builder/spi-builder-workspace/.derivedData/ModuleCache.noindex -Xfrontend -serialize-debugging-options -enable-testing -suppress-warnings -index-store-path /Users/admin/builder/spi-builder-workspace/.derivedData/Index.noindex/DataStore -Xcc -D_LIBCPP_HARDENING_MODE\=_LIBCPP_HARDENING_MODE_DEBUG -swift-version 5 -I /Users/admin/builder/spi-builder-workspace/.derivedData/Build/Products/Debug-xros -Isystem /Applications/Xcode-27.0.0-Release.Candidate.app/Contents/Developer/Platforms/XROS.platform/Developer/usr/lib -F /Users/admin/builder/spi-builder-workspace/.derivedData/Build/Products/Debug-xros -F /Applications/Xcode-27.0.0-Release.Candidate.app/Contents/Developer/Platforms/XROS.platform/Developer/Library/Frameworks -F /Applications/Xcode-27.0.0-Release.Candidate.app/Contents/Developer/Platforms/XROS.platform/Developer/SDKs/XROS27.0.sdk/Developer/Library/Frameworks -c -j10 -enable-batch-mode -incremental -Xcc -ivfsstatcache -Xcc /Users/admin/builder/spi-builder-workspace/.derivedData/SDKStatCaches.noindex/xros27.0-24M361-e829b21a6f8c9b70876ba0858053c044735bd543db762f57723cac368afd1ce4.sdkstatcache -output-file-map /Users/admin/builder/spi-builder-workspace/.derivedData/Build/Intermediates.noindex/ServiceModelSwiftCodeGenerate.build/Debug-xros/ServiceModelEntities-t.build/Objects-normal/arm64/ServiceModelEntities-OutputFileMap.json -save-temps -no-color-diagnostics -explicit-module-build -module-cache-path /Users/admin/builder/spi-builder-workspace/.derivedData/Build/Intermediates.noindex/SwiftExplicitPrecompiledModules -clang-scanner-module-cache-path /Users/admin/builder/spi-builder-workspace/.derivedData/ModuleCache.noindex -sdk-module-cache-path /Users/admin/builder/spi-builder-workspace/.derivedData/SDKExplicitPrecompiledModules -emit-dependencies -emit-module -emit-module-path /Users/admin/builder/spi-builder-workspace/.derivedData/Build/Intermediates.noindex/ServiceModelSwiftCodeGenerate.build/Debug-xros/ServiceModelEntities-t.build/Objects-normal/arm64/ServiceModelEntities.swiftmodule -serialize-diagnostics -dependency-scan-serialize-diagnostics-path /Users/admin/builder/spi-builder-workspace/.derivedData/Build/Intermediates.noindex/ServiceModelSwiftCodeGenerate.build/Debug-xros/ServiceModelEntities-t.build/Objects-normal/arm64/ServiceModelEntities-dependency-scan.dia -validate-clang-modules-once -clang-build-session-file /Users/admin/builder/spi-builder-workspace/.derivedData/ModuleCache.noindex/Session.modulevalidation -Xcc -fmodules-prune-interval\=86400 -Xcc -fmodules-prune-after\=345600 -emit-const-values -const-gather-protocols-list /Users/admin/builder/spi-builder-workspace/.derivedData/Build/Intermediates.noindex/ServiceModelSwiftCodeGenerate.build/Debug-xros/ServiceModelEntities-t.build/Objects-normal/arm64/ServiceModelEntities_const_extract_protocols.json -Xcc -I/Users/admin/builder/spi-builder-workspace/.derivedData/Build/Products/Debug-xros/include -Xcc -I/Users/admin/builder/spi-builder-workspace/.derivedData/Build/Intermediates.noindex/ServiceModelSwiftCodeGenerate.build/Debug-xros/ServiceModelEntities-t.build/DerivedSources-normal/arm64 -Xcc -I/Users/admin/builder/spi-builder-workspace/.derivedData/Build/Intermediates.noindex/ServiceModelSwiftCodeGenerate.build/Debug-xros/ServiceModelEntities-t.build/DerivedSources/arm64 -Xcc -I/Users/admin/builder/spi-builder-workspace/.derivedData/Build/Intermediates.noindex/ServiceModelSwiftCodeGenerate.build/Debug-xros/ServiceModelEntities-t.build/DerivedSources -Xcc -DSWIFT_PACKAGE -Xcc -DDEBUG\=1 -emit-objc-header -emit-objc-header-path /Users/admin/builder/spi-builder-workspace/.derivedData/Build/Intermediates.noindex/ServiceModelSwiftCodeGenerate.build/Debug-xros/ServiceModelEntities-t.build/Objects-normal/arm64/ServiceModelEntities-Swift.h -working-directory /Users/admin/builder/spi-builder-workspace/.swiftpm/xcode -experimental-emit-module-separately -disable-cmo
SwiftDriver OpenAPIKitCore normal arm64 com.apple.xcode.tools.swift.compiler (in target 'OpenAPIKitCore' from project 'OpenAPIKit')
cd /Users/admin/builder/spi-builder-workspace/.swiftpm/xcode
builtin-SwiftDriver -- /Applications/Xcode-27.0.0-Release.Candidate.app/Contents/Developer/Toolchains/XcodeDefault.xctoolchain/usr/bin/swiftc -parse-as-library -module-name OpenAPIKitCore -Onone @/Users/admin/builder/spi-builder-workspace/.derivedData/Build/Intermediates.noindex/OpenAPIKit.build/Debug-xros/OpenAPIKitCore-t.build/Objects-normal/arm64/OpenAPIKitCore.SwiftFileList -DSWIFT_PACKAGE -DDEBUG -DSWIFT_MODULE_RESOURCE_BUNDLE_UNAVAILABLE -DXcode -plugin-path /Applications/Xcode-27.0.0-Release.Candidate.app/Contents/Developer/Toolchains/XcodeDefault.xctoolchain/usr/lib/swift/host/plugins/testing -enable-experimental-feature DebugDescriptionMacro -sdk /Applications/Xcode-27.0.0-Release.Candidate.app/Contents/Developer/Platforms/XROS.platform/Developer/SDKs/XROS27.0.sdk -target arm64-apple-xros1.0 -g -module-cache-path /Users/admin/builder/spi-builder-workspace/.derivedData/ModuleCache.noindex -Xfrontend -serialize-debugging-options -enable-testing -suppress-warnings -index-store-path /Users/admin/builder/spi-builder-workspace/.derivedData/Index.noindex/DataStore -Xcc -D_LIBCPP_HARDENING_MODE\=_LIBCPP_HARDENING_MODE_DEBUG -swift-version 5 -I /Users/admin/builder/spi-builder-workspace/.derivedData/Build/Products/Debug-xros -Isystem /Applications/Xcode-27.0.0-Release.Candidate.app/Contents/Developer/Platforms/XROS.platform/Developer/usr/lib -F /Users/admin/builder/spi-builder-workspace/.derivedData/Build/Products/Debug-xros -F /Applications/Xcode-27.0.0-Release.Candidate.app/Contents/Developer/Platforms/XROS.platform/Developer/Library/Frameworks -F /Applications/Xcode-27.0.0-Release.Candidate.app/Contents/Developer/Platforms/XROS.platform/Developer/SDKs/XROS27.0.sdk/Developer/Library/Frameworks -c -j10 -enable-batch-mode -incremental -Xcc -ivfsstatcache -Xcc /Users/admin/builder/spi-builder-workspace/.derivedData/SDKStatCaches.noindex/xros27.0-24M361-e829b21a6f8c9b70876ba0858053c044735bd543db762f57723cac368afd1ce4.sdkstatcache -output-file-map /Users/admin/builder/spi-builder-workspace/.derivedData/Build/Intermediates.noindex/OpenAPIKit.build/Debug-xros/OpenAPIKitCore-t.build/Objects-normal/arm64/OpenAPIKitCore-OutputFileMap.json -save-temps -no-color-diagnostics -explicit-module-build -module-cache-path /Users/admin/builder/spi-builder-workspace/.derivedData/Build/Intermediates.noindex/SwiftExplicitPrecompiledModules -clang-scanner-module-cache-path /Users/admin/builder/spi-builder-workspace/.derivedData/ModuleCache.noindex -sdk-module-cache-path /Users/admin/builder/spi-builder-workspace/.derivedData/SDKExplicitPrecompiledModules -emit-dependencies -emit-module -emit-module-path /Users/admin/builder/spi-builder-workspace/.derivedData/Build/Intermediates.noindex/OpenAPIKit.build/Debug-xros/OpenAPIKitCore-t.build/Objects-normal/arm64/OpenAPIKitCore.swiftmodule -serialize-diagnostics -dependency-scan-serialize-diagnostics-path /Users/admin/builder/spi-builder-workspace/.derivedData/Build/Intermediates.noindex/OpenAPIKit.build/Debug-xros/OpenAPIKitCore-t.build/Objects-normal/arm64/OpenAPIKitCore-dependency-scan.dia -validate-clang-modules-once -clang-build-session-file /Users/admin/builder/spi-builder-workspace/.derivedData/ModuleCache.noindex/Session.modulevalidation -Xcc -fmodules-prune-interval\=86400 -Xcc -fmodules-prune-after\=345600 -emit-const-values -const-gather-protocols-list /Users/admin/builder/spi-builder-workspace/.derivedData/Build/Intermediates.noindex/OpenAPIKit.build/Debug-xros/OpenAPIKitCore-t.build/Objects-normal/arm64/OpenAPIKitCore_const_extract_protocols.json -Xcc -I/Users/admin/builder/spi-builder-workspace/.derivedData/Build/Products/Debug-xros/include -Xcc -I/Users/admin/builder/spi-builder-workspace/.derivedData/Build/Intermediates.noindex/OpenAPIKit.build/Debug-xros/OpenAPIKitCore-t.build/DerivedSources-normal/arm64 -Xcc -I/Users/admin/builder/spi-builder-workspace/.derivedData/Build/Intermediates.noindex/OpenAPIKit.build/Debug-xros/OpenAPIKitCore-t.build/DerivedSources/arm64 -Xcc -I/Users/admin/builder/spi-builder-workspace/.derivedData/Build/Intermediates.noindex/OpenAPIKit.build/Debug-xros/OpenAPIKitCore-t.build/DerivedSources -Xcc -DSWIFT_PACKAGE -Xcc -DDEBUG\=1 -emit-objc-header -emit-objc-header-path /Users/admin/builder/spi-builder-workspace/.derivedData/Build/Intermediates.noindex/OpenAPIKit.build/Debug-xros/OpenAPIKitCore-t.build/Objects-normal/arm64/OpenAPIKitCore-Swift.h -working-directory /Users/admin/builder/spi-builder-workspace/.swiftpm/xcode -experimental-emit-module-separately -disable-cmo
PrecompileModule /Users/admin/builder/spi-builder-workspace/.derivedData/Build/Intermediates.noindex/ExplicitPrecompiledModules/ptrcheck-81KCWLWG0LIDMCOZPVOBNVYVK.scan
cd /
builtin-precompileModule /Users/admin/builder/spi-builder-workspace/.derivedData/Build/Intermediates.noindex/ExplicitPrecompiledModules/ptrcheck-81KCWLWG0LIDMCOZPVOBNVYVK.scan
PrecompileModule /Users/admin/builder/spi-builder-workspace/.derivedData/Build/Intermediates.noindex/ExplicitPrecompiledModules/_Builtin_float-7DZQVZMSWW4WOZ3L8O0XA23SB.scan
cd /
builtin-precompileModule /Users/admin/builder/spi-builder-workspace/.derivedData/Build/Intermediates.noindex/ExplicitPrecompiledModules/_Builtin_float-7DZQVZMSWW4WOZ3L8O0XA23SB.scan
PrecompileModule /Users/admin/builder/spi-builder-workspace/.derivedData/Build/Intermediates.noindex/ExplicitPrecompiledModules/_AvailabilityInternal-52A65CCXTQOLYATDAMH50TUYW.scan
cd /
builtin-precompileModule /Users/admin/builder/spi-builder-workspace/.derivedData/Build/Intermediates.noindex/ExplicitPrecompiledModules/_AvailabilityInternal-52A65CCXTQOLYATDAMH50TUYW.scan
PrecompileModule /Users/admin/builder/spi-builder-workspace/.derivedData/Build/Intermediates.noindex/ExplicitPrecompiledModules/_Builtin_stdarg-CDYAXC61WF4090HZKI3RZT6HG.scan
cd /
builtin-precompileModule /Users/admin/builder/spi-builder-workspace/.derivedData/Build/Intermediates.noindex/ExplicitPrecompiledModules/_Builtin_stdarg-CDYAXC61WF4090HZKI3RZT6HG.scan
PrecompileModule /Users/admin/builder/spi-builder-workspace/.derivedData/Build/Intermediates.noindex/ExplicitPrecompiledModules/_Builtin_stddef-6R7NYVSQBYYFJYEVGG3EIL2OQ.scan
cd /
builtin-precompileModule /Users/admin/builder/spi-builder-workspace/.derivedData/Build/Intermediates.noindex/ExplicitPrecompiledModules/_Builtin_stddef-6R7NYVSQBYYFJYEVGG3EIL2OQ.scan
PrecompileModule /Users/admin/builder/spi-builder-workspace/.derivedData/Build/Intermediates.noindex/ExplicitPrecompiledModules/_DarwinFoundation1-25Y8ZP04LX6T89U2AQYVD6HJM.scan
cd /
builtin-precompileModule /Users/admin/builder/spi-builder-workspace/.derivedData/Build/Intermediates.noindex/ExplicitPrecompiledModules/_DarwinFoundation1-25Y8ZP04LX6T89U2AQYVD6HJM.scan
PrecompileModule /Users/admin/builder/spi-builder-workspace/.derivedData/Build/Intermediates.noindex/ExplicitPrecompiledModules/_Builtin_limits-CE26IFF96QM36NSGSN57TE588.scan
cd /
builtin-precompileModule /Users/admin/builder/spi-builder-workspace/.derivedData/Build/Intermediates.noindex/ExplicitPrecompiledModules/_Builtin_limits-CE26IFF96QM36NSGSN57TE588.scan
PrecompileModule /Users/admin/builder/spi-builder-workspace/.derivedData/Build/Intermediates.noindex/ExplicitPrecompiledModules/_DarwinFoundation2-EIQSZZZJI7Z2MSUXY8XPJ7VSB.scan
cd /
builtin-precompileModule /Users/admin/builder/spi-builder-workspace/.derivedData/Build/Intermediates.noindex/ExplicitPrecompiledModules/_DarwinFoundation2-EIQSZZZJI7Z2MSUXY8XPJ7VSB.scan
PrecompileModule /Users/admin/builder/spi-builder-workspace/.derivedData/Build/Intermediates.noindex/ExplicitPrecompiledModules/_Builtin_stdint-326MMULU5VNWOIIPKB47SU1WI.scan
cd /
builtin-precompileModule /Users/admin/builder/spi-builder-workspace/.derivedData/Build/Intermediates.noindex/ExplicitPrecompiledModules/_Builtin_stdint-326MMULU5VNWOIIPKB47SU1WI.scan
PrecompileModule /Users/admin/builder/spi-builder-workspace/.derivedData/Build/Intermediates.noindex/ExplicitPrecompiledModules/_DarwinFoundation3-7FPMAMQRVZC3F7STETYUNMWPD.scan
cd /
builtin-precompileModule /Users/admin/builder/spi-builder-workspace/.derivedData/Build/Intermediates.noindex/ExplicitPrecompiledModules/_DarwinFoundation3-7FPMAMQRVZC3F7STETYUNMWPD.scan
CompileC /Users/admin/builder/spi-builder-workspace/.derivedData/Build/Intermediates.noindex/Yams.build/Debug-xros/CYaml-t.build/Objects-normal/arm64/writer.o /Users/admin/builder/spi-builder-workspace/.dependencies/checkouts/Yams/Sources/CYaml/src/writer.c normal arm64 c com.apple.compilers.llvm.clang.1_0.compiler (in target 'CYaml' from project 'Yams')
cd /Users/admin/builder/spi-builder-workspace/.swiftpm/xcode
Using response file: /Users/admin/builder/spi-builder-workspace/.derivedData/Build/Intermediates.noindex/Yams.build/Debug-xros/CYaml-t.build/Objects-normal/arm64/7187679823f38a2a940e0043cdf9d637-common-args.resp
/Applications/Xcode-27.0.0-Release.Candidate.app/Contents/Developer/Toolchains/XcodeDefault.xctoolchain/usr/bin/clang -x c -ivfsstatcache /Users/admin/builder/spi-builder-workspace/.derivedData/SDKStatCaches.noindex/xros27.0-24M361-e829b21a6f8c9b70876ba0858053c044735bd543db762f57723cac368afd1ce4.sdkstatcache -target arm64-apple-xros1.0 -fmessage-length\=0 -fdiagnostics-show-note-include-stack -fmacro-backtrace-limit\=0 -fno-color-diagnostics -fmodules-prune-interval\=86400 -fmodules-prune-after\=345600 -fbuild-session-file\=/Users/admin/builder/spi-builder-workspace/.derivedData/ModuleCache.noindex/Session.modulevalidation -fmodules-validate-once-per-build-session -Wnon-modular-include-in-framework-module -Werror\=non-modular-include-in-framework-module -Wno-trigraphs -Wno-missing-field-initializers -Wno-missing-prototypes -Wno-return-type -Wno-missing-braces -Wparentheses -Wswitch -Wno-unused-function -Wno-unused-label -Wno-unused-parameter -Wno-unused-variable -Wunused-value -Wno-empty-body -Wno-uninitialized -Wno-unknown-pragmas -w -Wno-shadow -Wno-four-char-constants -Wno-conversion -Wno-constant-conversion -Wno-int-conversion -Wno-bool-conversion -Wno-enum-conversion -Wno-float-conversion -Wno-non-literal-null-conversion -Wno-objc-literal-conversion -Wshorten-64-to-32 -Wpointer-sign -Wno-newline-eof -Wno-implicit-fallthrough -isysroot /Applications/Xcode-27.0.0-Release.Candidate.app/Contents/Developer/Platforms/XROS.platform/Developer/SDKs/XROS27.0.sdk -fstrict-aliasing -Wdeprecated-declarations -Wno-sign-conversion -Wno-infinite-recursion -Wno-comma -Wno-block-capture-autoreleasing -Wno-strict-prototypes -Wno-semicolon-before-method-body -index-store-path /Users/admin/builder/spi-builder-workspace/.derivedData/Index.noindex/DataStore @/Users/admin/builder/spi-builder-workspace/.derivedData/Build/Intermediates.noindex/Yams.build/Debug-xros/CYaml-t.build/Objects-normal/arm64/7187679823f38a2a940e0043cdf9d637-common-args.resp -MMD -MT dependencies -MF /Users/admin/builder/spi-builder-workspace/.derivedData/Build/Intermediates.noindex/Yams.build/Debug-xros/CYaml-t.build/Objects-normal/arm64/writer.d --serialize-diagnostics /Users/admin/builder/spi-builder-workspace/.derivedData/Build/Intermediates.noindex/Yams.build/Debug-xros/CYaml-t.build/Objects-normal/arm64/writer.dia -c /Users/admin/builder/spi-builder-workspace/.dependencies/checkouts/Yams/Sources/CYaml/src/writer.c -o /Users/admin/builder/spi-builder-workspace/.derivedData/Build/Intermediates.noindex/Yams.build/Debug-xros/CYaml-t.build/Objects-normal/arm64/writer.o -index-unit-output-path /Yams.build/Debug-xros/CYaml-t.build/Objects-normal/arm64/writer.o
CompileC /Users/admin/builder/spi-builder-workspace/.derivedData/Build/Intermediates.noindex/Yams.build/Debug-xros/CYaml-t.build/Objects-normal/arm64/reader.o /Users/admin/builder/spi-builder-workspace/.dependencies/checkouts/Yams/Sources/CYaml/src/reader.c normal arm64 c com.apple.compilers.llvm.clang.1_0.compiler (in target 'CYaml' from project 'Yams')
cd /Users/admin/builder/spi-builder-workspace/.swiftpm/xcode
Using response file: /Users/admin/builder/spi-builder-workspace/.derivedData/Build/Intermediates.noindex/Yams.build/Debug-xros/CYaml-t.build/Objects-normal/arm64/7187679823f38a2a940e0043cdf9d637-common-args.resp
/Applications/Xcode-27.0.0-Release.Candidate.app/Contents/Developer/Toolchains/XcodeDefault.xctoolchain/usr/bin/clang -x c -ivfsstatcache /Users/admin/builder/spi-builder-workspace/.derivedData/SDKStatCaches.noindex/xros27.0-24M361-e829b21a6f8c9b70876ba0858053c044735bd543db762f57723cac368afd1ce4.sdkstatcache -target arm64-apple-xros1.0 -fmessage-length\=0 -fdiagnostics-show-note-include-stack -fmacro-backtrace-limit\=0 -fno-color-diagnostics -fmodules-prune-interval\=86400 -fmodules-prune-after\=345600 -fbuild-session-file\=/Users/admin/builder/spi-builder-workspace/.derivedData/ModuleCache.noindex/Session.modulevalidation -fmodules-validate-once-per-build-session -Wnon-modular-include-in-framework-module -Werror\=non-modular-include-in-framework-module -Wno-trigraphs -Wno-missing-field-initializers -Wno-missing-prototypes -Wno-return-type -Wno-missing-braces -Wparentheses -Wswitch -Wno-unused-function -Wno-unused-label -Wno-unused-parameter -Wno-unused-variable -Wunused-value -Wno-empty-body -Wno-uninitialized -Wno-unknown-pragmas -w -Wno-shadow -Wno-four-char-constants -Wno-conversion -Wno-constant-conversion -Wno-int-conversion -Wno-bool-conversion -Wno-enum-conversion -Wno-float-conversion -Wno-non-literal-null-conversion -Wno-objc-literal-conversion -Wshorten-64-to-32 -Wpointer-sign -Wno-newline-eof -Wno-implicit-fallthrough -isysroot /Applications/Xcode-27.0.0-Release.Candidate.app/Contents/Developer/Platforms/XROS.platform/Developer/SDKs/XROS27.0.sdk -fstrict-aliasing -Wdeprecated-declarations -Wno-sign-conversion -Wno-infinite-recursion -Wno-comma -Wno-block-capture-autoreleasing -Wno-strict-prototypes -Wno-semicolon-before-method-body -index-store-path /Users/admin/builder/spi-builder-workspace/.derivedData/Index.noindex/DataStore @/Users/admin/builder/spi-builder-workspace/.derivedData/Build/Intermediates.noindex/Yams.build/Debug-xros/CYaml-t.build/Objects-normal/arm64/7187679823f38a2a940e0043cdf9d637-common-args.resp -MMD -MT dependencies -MF /Users/admin/builder/spi-builder-workspace/.derivedData/Build/Intermediates.noindex/Yams.build/Debug-xros/CYaml-t.build/Objects-normal/arm64/reader.d --serialize-diagnostics /Users/admin/builder/spi-builder-workspace/.derivedData/Build/Intermediates.noindex/Yams.build/Debug-xros/CYaml-t.build/Objects-normal/arm64/reader.dia -c /Users/admin/builder/spi-builder-workspace/.dependencies/checkouts/Yams/Sources/CYaml/src/reader.c -o /Users/admin/builder/spi-builder-workspace/.derivedData/Build/Intermediates.noindex/Yams.build/Debug-xros/CYaml-t.build/Objects-normal/arm64/reader.o -index-unit-output-path /Yams.build/Debug-xros/CYaml-t.build/Objects-normal/arm64/reader.o
CompileC /Users/admin/builder/spi-builder-workspace/.derivedData/Build/Intermediates.noindex/Yams.build/Debug-xros/CYaml-t.build/Objects-normal/arm64/parser.o /Users/admin/builder/spi-builder-workspace/.dependencies/checkouts/Yams/Sources/CYaml/src/parser.c normal arm64 c com.apple.compilers.llvm.clang.1_0.compiler (in target 'CYaml' from project 'Yams')
cd /Users/admin/builder/spi-builder-workspace/.swiftpm/xcode
Using response file: /Users/admin/builder/spi-builder-workspace/.derivedData/Build/Intermediates.noindex/Yams.build/Debug-xros/CYaml-t.build/Objects-normal/arm64/7187679823f38a2a940e0043cdf9d637-common-args.resp
/Applications/Xcode-27.0.0-Release.Candidate.app/Contents/Developer/Toolchains/XcodeDefault.xctoolchain/usr/bin/clang -x c -ivfsstatcache /Users/admin/builder/spi-builder-workspace/.derivedData/SDKStatCaches.noindex/xros27.0-24M361-e829b21a6f8c9b70876ba0858053c044735bd543db762f57723cac368afd1ce4.sdkstatcache -target arm64-apple-xros1.0 -fmessage-length\=0 -fdiagnostics-show-note-include-stack -fmacro-backtrace-limit\=0 -fno-color-diagnostics -fmodules-prune-interval\=86400 -fmodules-prune-after\=345600 -fbuild-session-file\=/Users/admin/builder/spi-builder-workspace/.derivedData/ModuleCache.noindex/Session.modulevalidation -fmodules-validate-once-per-build-session -Wnon-modular-include-in-framework-module -Werror\=non-modular-include-in-framework-module -Wno-trigraphs -Wno-missing-field-initializers -Wno-missing-prototypes -Wno-return-type -Wno-missing-braces -Wparentheses -Wswitch -Wno-unused-function -Wno-unused-label -Wno-unused-parameter -Wno-unused-variable -Wunused-value -Wno-empty-body -Wno-uninitialized -Wno-unknown-pragmas -w -Wno-shadow -Wno-four-char-constants -Wno-conversion -Wno-constant-conversion -Wno-int-conversion -Wno-bool-conversion -Wno-enum-conversion -Wno-float-conversion -Wno-non-literal-null-conversion -Wno-objc-literal-conversion -Wshorten-64-to-32 -Wpointer-sign -Wno-newline-eof -Wno-implicit-fallthrough -isysroot /Applications/Xcode-27.0.0-Release.Candidate.app/Contents/Developer/Platforms/XROS.platform/Developer/SDKs/XROS27.0.sdk -fstrict-aliasing -Wdeprecated-declarations -Wno-sign-conversion -Wno-infinite-recursion -Wno-comma -Wno-block-capture-autoreleasing -Wno-strict-prototypes -Wno-semicolon-before-method-body -index-store-path /Users/admin/builder/spi-builder-workspace/.derivedData/Index.noindex/DataStore @/Users/admin/builder/spi-builder-workspace/.derivedData/Build/Intermediates.noindex/Yams.build/Debug-xros/CYaml-t.build/Objects-normal/arm64/7187679823f38a2a940e0043cdf9d637-common-args.resp -MMD -MT dependencies -MF /Users/admin/builder/spi-builder-workspace/.derivedData/Build/Intermediates.noindex/Yams.build/Debug-xros/CYaml-t.build/Objects-normal/arm64/parser.d --serialize-diagnostics /Users/admin/builder/spi-builder-workspace/.derivedData/Build/Intermediates.noindex/Yams.build/Debug-xros/CYaml-t.build/Objects-normal/arm64/parser.dia -c /Users/admin/builder/spi-builder-workspace/.dependencies/checkouts/Yams/Sources/CYaml/src/parser.c -o /Users/admin/builder/spi-builder-workspace/.derivedData/Build/Intermediates.noindex/Yams.build/Debug-xros/CYaml-t.build/Objects-normal/arm64/parser.o -index-unit-output-path /Yams.build/Debug-xros/CYaml-t.build/Objects-normal/arm64/parser.o
CompileC /Users/admin/builder/spi-builder-workspace/.derivedData/Build/Intermediates.noindex/Yams.build/Debug-xros/CYaml-t.build/Objects-normal/arm64/scanner.o /Users/admin/builder/spi-builder-workspace/.dependencies/checkouts/Yams/Sources/CYaml/src/scanner.c normal arm64 c com.apple.compilers.llvm.clang.1_0.compiler (in target 'CYaml' from project 'Yams')
cd /Users/admin/builder/spi-builder-workspace/.swiftpm/xcode
Using response file: /Users/admin/builder/spi-builder-workspace/.derivedData/Build/Intermediates.noindex/Yams.build/Debug-xros/CYaml-t.build/Objects-normal/arm64/7187679823f38a2a940e0043cdf9d637-common-args.resp
/Applications/Xcode-27.0.0-Release.Candidate.app/Contents/Developer/Toolchains/XcodeDefault.xctoolchain/usr/bin/clang -x c -ivfsstatcache /Users/admin/builder/spi-builder-workspace/.derivedData/SDKStatCaches.noindex/xros27.0-24M361-e829b21a6f8c9b70876ba0858053c044735bd543db762f57723cac368afd1ce4.sdkstatcache -target arm64-apple-xros1.0 -fmessage-length\=0 -fdiagnostics-show-note-include-stack -fmacro-backtrace-limit\=0 -fno-color-diagnostics -fmodules-prune-interval\=86400 -fmodules-prune-after\=345600 -fbuild-session-file\=/Users/admin/builder/spi-builder-workspace/.derivedData/ModuleCache.noindex/Session.modulevalidation -fmodules-validate-once-per-build-session -Wnon-modular-include-in-framework-module -Werror\=non-modular-include-in-framework-module -Wno-trigraphs -Wno-missing-field-initializers -Wno-missing-prototypes -Wno-return-type -Wno-missing-braces -Wparentheses -Wswitch -Wno-unused-function -Wno-unused-label -Wno-unused-parameter -Wno-unused-variable -Wunused-value -Wno-empty-body -Wno-uninitialized -Wno-unknown-pragmas -w -Wno-shadow -Wno-four-char-constants -Wno-conversion -Wno-constant-conversion -Wno-int-conversion -Wno-bool-conversion -Wno-enum-conversion -Wno-float-conversion -Wno-non-literal-null-conversion -Wno-objc-literal-conversion -Wshorten-64-to-32 -Wpointer-sign -Wno-newline-eof -Wno-implicit-fallthrough -isysroot /Applications/Xcode-27.0.0-Release.Candidate.app/Contents/Developer/Platforms/XROS.platform/Developer/SDKs/XROS27.0.sdk -fstrict-aliasing -Wdeprecated-declarations -Wno-sign-conversion -Wno-infinite-recursion -Wno-comma -Wno-block-capture-autoreleasing -Wno-strict-prototypes -Wno-semicolon-before-method-body -index-store-path /Users/admin/builder/spi-builder-workspace/.derivedData/Index.noindex/DataStore @/Users/admin/builder/spi-builder-workspace/.derivedData/Build/Intermediates.noindex/Yams.build/Debug-xros/CYaml-t.build/Objects-normal/arm64/7187679823f38a2a940e0043cdf9d637-common-args.resp -MMD -MT dependencies -MF /Users/admin/builder/spi-builder-workspace/.derivedData/Build/Intermediates.noindex/Yams.build/Debug-xros/CYaml-t.build/Objects-normal/arm64/scanner.d --serialize-diagnostics /Users/admin/builder/spi-builder-workspace/.derivedData/Build/Intermediates.noindex/Yams.build/Debug-xros/CYaml-t.build/Objects-normal/arm64/scanner.dia -c /Users/admin/builder/spi-builder-workspace/.dependencies/checkouts/Yams/Sources/CYaml/src/scanner.c -o /Users/admin/builder/spi-builder-workspace/.derivedData/Build/Intermediates.noindex/Yams.build/Debug-xros/CYaml-t.build/Objects-normal/arm64/scanner.o -index-unit-output-path /Yams.build/Debug-xros/CYaml-t.build/Objects-normal/arm64/scanner.o
CompileC /Users/admin/builder/spi-builder-workspace/.derivedData/Build/Intermediates.noindex/Yams.build/Debug-xros/CYaml-t.build/Objects-normal/arm64/emitter.o /Users/admin/builder/spi-builder-workspace/.dependencies/checkouts/Yams/Sources/CYaml/src/emitter.c normal arm64 c com.apple.compilers.llvm.clang.1_0.compiler (in target 'CYaml' from project 'Yams')
cd /Users/admin/builder/spi-builder-workspace/.swiftpm/xcode
Using response file: /Users/admin/builder/spi-builder-workspace/.derivedData/Build/Intermediates.noindex/Yams.build/Debug-xros/CYaml-t.build/Objects-normal/arm64/7187679823f38a2a940e0043cdf9d637-common-args.resp
/Applications/Xcode-27.0.0-Release.Candidate.app/Contents/Developer/Toolchains/XcodeDefault.xctoolchain/usr/bin/clang -x c -ivfsstatcache /Users/admin/builder/spi-builder-workspace/.derivedData/SDKStatCaches.noindex/xros27.0-24M361-e829b21a6f8c9b70876ba0858053c044735bd543db762f57723cac368afd1ce4.sdkstatcache -target arm64-apple-xros1.0 -fmessage-length\=0 -fdiagnostics-show-note-include-stack -fmacro-backtrace-limit\=0 -fno-color-diagnostics -fmodules-prune-interval\=86400 -fmodules-prune-after\=345600 -fbuild-session-file\=/Users/admin/builder/spi-builder-workspace/.derivedData/ModuleCache.noindex/Session.modulevalidation -fmodules-validate-once-per-build-session -Wnon-modular-include-in-framework-module -Werror\=non-modular-include-in-framework-module -Wno-trigraphs -Wno-missing-field-initializers -Wno-missing-prototypes -Wno-return-type -Wno-missing-braces -Wparentheses -Wswitch -Wno-unused-function -Wno-unused-label -Wno-unused-parameter -Wno-unused-variable -Wunused-value -Wno-empty-body -Wno-uninitialized -Wno-unknown-pragmas -w -Wno-shadow -Wno-four-char-constants -Wno-conversion -Wno-constant-conversion -Wno-int-conversion -Wno-bool-conversion -Wno-enum-conversion -Wno-float-conversion -Wno-non-literal-null-conversion -Wno-objc-literal-conversion -Wshorten-64-to-32 -Wpointer-sign -Wno-newline-eof -Wno-implicit-fallthrough -isysroot /Applications/Xcode-27.0.0-Release.Candidate.app/Contents/Developer/Platforms/XROS.platform/Developer/SDKs/XROS27.0.sdk -fstrict-aliasing -Wdeprecated-declarations -Wno-sign-conversion -Wno-infinite-recursion -Wno-comma -Wno-block-capture-autoreleasing -Wno-strict-prototypes -Wno-semicolon-before-method-body -index-store-path /Users/admin/builder/spi-builder-workspace/.derivedData/Index.noindex/DataStore @/Users/admin/builder/spi-builder-workspace/.derivedData/Build/Intermediates.noindex/Yams.build/Debug-xros/CYaml-t.build/Objects-normal/arm64/7187679823f38a2a940e0043cdf9d637-common-args.resp -MMD -MT dependencies -MF /Users/admin/builder/spi-builder-workspace/.derivedData/Build/Intermediates.noindex/Yams.build/Debug-xros/CYaml-t.build/Objects-normal/arm64/emitter.d --serialize-diagnostics /Users/admin/builder/spi-builder-workspace/.derivedData/Build/Intermediates.noindex/Yams.build/Debug-xros/CYaml-t.build/Objects-normal/arm64/emitter.dia -c /Users/admin/builder/spi-builder-workspace/.dependencies/checkouts/Yams/Sources/CYaml/src/emitter.c -o /Users/admin/builder/spi-builder-workspace/.derivedData/Build/Intermediates.noindex/Yams.build/Debug-xros/CYaml-t.build/Objects-normal/arm64/emitter.o -index-unit-output-path /Yams.build/Debug-xros/CYaml-t.build/Objects-normal/arm64/emitter.o
CompileC /Users/admin/builder/spi-builder-workspace/.derivedData/Build/Intermediates.noindex/Yams.build/Debug-xros/CYaml-t.build/Objects-normal/arm64/api.o /Users/admin/builder/spi-builder-workspace/.dependencies/checkouts/Yams/Sources/CYaml/src/api.c normal arm64 c com.apple.compilers.llvm.clang.1_0.compiler (in target 'CYaml' from project 'Yams')
cd /Users/admin/builder/spi-builder-workspace/.swiftpm/xcode
Using response file: /Users/admin/builder/spi-builder-workspace/.derivedData/Build/Intermediates.noindex/Yams.build/Debug-xros/CYaml-t.build/Objects-normal/arm64/7187679823f38a2a940e0043cdf9d637-common-args.resp
/Applications/Xcode-27.0.0-Release.Candidate.app/Contents/Developer/Toolchains/XcodeDefault.xctoolchain/usr/bin/clang -x c -ivfsstatcache /Users/admin/builder/spi-builder-workspace/.derivedData/SDKStatCaches.noindex/xros27.0-24M361-e829b21a6f8c9b70876ba0858053c044735bd543db762f57723cac368afd1ce4.sdkstatcache -target arm64-apple-xros1.0 -fmessage-length\=0 -fdiagnostics-show-note-include-stack -fmacro-backtrace-limit\=0 -fno-color-diagnostics -fmodules-prune-interval\=86400 -fmodules-prune-after\=345600 -fbuild-session-file\=/Users/admin/builder/spi-builder-workspace/.derivedData/ModuleCache.noindex/Session.modulevalidation -fmodules-validate-once-per-build-session -Wnon-modular-include-in-framework-module -Werror\=non-modular-include-in-framework-module -Wno-trigraphs -Wno-missing-field-initializers -Wno-missing-prototypes -Wno-return-type -Wno-missing-braces -Wparentheses -Wswitch -Wno-unused-function -Wno-unused-label -Wno-unused-parameter -Wno-unused-variable -Wunused-value -Wno-empty-body -Wno-uninitialized -Wno-unknown-pragmas -w -Wno-shadow -Wno-four-char-constants -Wno-conversion -Wno-constant-conversion -Wno-int-conversion -Wno-bool-conversion -Wno-enum-conversion -Wno-float-conversion -Wno-non-literal-null-conversion -Wno-objc-literal-conversion -Wshorten-64-to-32 -Wpointer-sign -Wno-newline-eof -Wno-implicit-fallthrough -isysroot /Applications/Xcode-27.0.0-Release.Candidate.app/Contents/Developer/Platforms/XROS.platform/Developer/SDKs/XROS27.0.sdk -fstrict-aliasing -Wdeprecated-declarations -Wno-sign-conversion -Wno-infinite-recursion -Wno-comma -Wno-block-capture-autoreleasing -Wno-strict-prototypes -Wno-semicolon-before-method-body -index-store-path /Users/admin/builder/spi-builder-workspace/.derivedData/Index.noindex/DataStore @/Users/admin/builder/spi-builder-workspace/.derivedData/Build/Intermediates.noindex/Yams.build/Debug-xros/CYaml-t.build/Objects-normal/arm64/7187679823f38a2a940e0043cdf9d637-common-args.resp -MMD -MT dependencies -MF /Users/admin/builder/spi-builder-workspace/.derivedData/Build/Intermediates.noindex/Yams.build/Debug-xros/CYaml-t.build/Objects-normal/arm64/api.d --serialize-diagnostics /Users/admin/builder/spi-builder-workspace/.derivedData/Build/Intermediates.noindex/Yams.build/Debug-xros/CYaml-t.build/Objects-normal/arm64/api.dia -c /Users/admin/builder/spi-builder-workspace/.dependencies/checkouts/Yams/Sources/CYaml/src/api.c -o /Users/admin/builder/spi-builder-workspace/.derivedData/Build/Intermediates.noindex/Yams.build/Debug-xros/CYaml-t.build/Objects-normal/arm64/api.o -index-unit-output-path /Yams.build/Debug-xros/CYaml-t.build/Objects-normal/arm64/api.o
Ld /Users/admin/builder/spi-builder-workspace/.derivedData/Build/Products/Debug-xros/CYaml.o normal (in target 'CYaml' from project 'Yams')
cd /Users/admin/builder/spi-builder-workspace/.dependencies/checkouts/Yams
/Applications/Xcode-27.0.0-Release.Candidate.app/Contents/Developer/Toolchains/XcodeDefault.xctoolchain/usr/bin/clang -Xlinker -reproducible -target arm64-apple-xros1.0 -r -isysroot /Applications/Xcode-27.0.0-Release.Candidate.app/Contents/Developer/Platforms/XROS.platform/Developer/SDKs/XROS27.0.sdk -O0 -w -Xlinker -no_warn_duplicate_libraries -F/Users/admin/builder/spi-builder-workspace/.derivedData/Build/Intermediates.noindex/EagerLinkingTBDs/Debug-xros -F/Users/admin/builder/spi-builder-workspace/.derivedData/Build/Products/Debug-xros -iframework /Applications/Xcode-27.0.0-Release.Candidate.app/Contents/Developer/Platforms/XROS.platform/Developer/Library/Frameworks -iframework /Applications/Xcode-27.0.0-Release.Candidate.app/Contents/Developer/Platforms/XROS.platform/Developer/SDKs/XROS27.0.sdk/Developer/Library/Frameworks -filelist /Users/admin/builder/spi-builder-workspace/.derivedData/Build/Intermediates.noindex/Yams.build/Debug-xros/CYaml-t.build/Objects-normal/arm64/CYaml.LinkFileList -nostdlib -Xlinker -object_path_lto -Xlinker /Users/admin/builder/spi-builder-workspace/.derivedData/Build/Intermediates.noindex/Yams.build/Debug-xros/CYaml-t.build/Objects-normal/arm64/CYaml_lto.o -Xlinker -no_deduplicate -Xlinker -dependency_info -Xlinker /Users/admin/builder/spi-builder-workspace/.derivedData/Build/Intermediates.noindex/Yams.build/Debug-xros/CYaml-t.build/Objects-normal/arm64/CYaml_dependency_info.dat -o /Users/admin/builder/spi-builder-workspace/.derivedData/Build/Products/Debug-xros/CYaml.o
SwiftCompile normal arm64 Compiling\ Items.swift,\ ItemsType.swift,\ KeyedDecodingContainer+Extensions.swift,\ KeyedEncodingContainer+Extensions.swift,\ License.swift /Users/admin/builder/spi-builder-workspace/.dependencies/checkouts/SwaggerParser/Sources/Items.swift /Users/admin/builder/spi-builder-workspace/.dependencies/checkouts/SwaggerParser/Sources/ItemsType.swift /Users/admin/builder/spi-builder-workspace/.dependencies/checkouts/SwaggerParser/Sources/KeyedDecodingContainer+Extensions.swift /Users/admin/builder/spi-builder-workspace/.dependencies/checkouts/SwaggerParser/Sources/KeyedEncodingContainer+Extensions.swift /Users/admin/builder/spi-builder-workspace/.dependencies/checkouts/SwaggerParser/Sources/License.swift (in target 'SwaggerParser' from project 'SwaggerParser')
SwiftCompile normal arm64 /Users/admin/builder/spi-builder-workspace/.dependencies/checkouts/SwaggerParser/Sources/Items.swift (in target 'SwaggerParser' from project 'SwaggerParser')
cd /Users/admin/builder/spi-builder-workspace/.swiftpm/xcode
builtin-SwiftPerFileCompile Items.swift
SwiftCompile normal arm64 /Users/admin/builder/spi-builder-workspace/.dependencies/checkouts/SwaggerParser/Sources/ItemsType.swift (in target 'SwaggerParser' from project 'SwaggerParser')
cd /Users/admin/builder/spi-builder-workspace/.swiftpm/xcode
builtin-SwiftPerFileCompile ItemsType.swift
SwiftCompile normal arm64 /Users/admin/builder/spi-builder-workspace/.dependencies/checkouts/SwaggerParser/Sources/KeyedDecodingContainer+Extensions.swift (in target 'SwaggerParser' from project 'SwaggerParser')
cd /Users/admin/builder/spi-builder-workspace/.swiftpm/xcode
builtin-SwiftPerFileCompile KeyedDecodingContainer+Extensions.swift
SwiftCompile normal arm64 /Users/admin/builder/spi-builder-workspace/.dependencies/checkouts/SwaggerParser/Sources/KeyedEncodingContainer+Extensions.swift (in target 'SwaggerParser' from project 'SwaggerParser')
cd /Users/admin/builder/spi-builder-workspace/.swiftpm/xcode
builtin-SwiftPerFileCompile KeyedEncodingContainer+Extensions.swift
SwiftCompile normal arm64 /Users/admin/builder/spi-builder-workspace/.dependencies/checkouts/SwaggerParser/Sources/License.swift (in target 'SwaggerParser' from project 'SwaggerParser')
cd /Users/admin/builder/spi-builder-workspace/.swiftpm/xcode
builtin-SwiftPerFileCompile License.swift
SwiftCompile normal arm64 Compiling\ ObjectSchema.swift,\ OneOfSchema.swift,\ OneOrMany.swift,\ Operation.swift /Users/admin/builder/spi-builder-workspace/.dependencies/checkouts/SwaggerParser/Sources/ObjectSchema.swift /Users/admin/builder/spi-builder-workspace/.dependencies/checkouts/SwaggerParser/Sources/OneOfSchema.swift /Users/admin/builder/spi-builder-workspace/.dependencies/checkouts/SwaggerParser/Sources/OneOrMany.swift /Users/admin/builder/spi-builder-workspace/.dependencies/checkouts/SwaggerParser/Sources/Operation.swift (in target 'SwaggerParser' from project 'SwaggerParser')
SwiftCompile normal arm64 /Users/admin/builder/spi-builder-workspace/.dependencies/checkouts/SwaggerParser/Sources/ObjectSchema.swift (in target 'SwaggerParser' from project 'SwaggerParser')
cd /Users/admin/builder/spi-builder-workspace/.swiftpm/xcode
builtin-SwiftPerFileCompile ObjectSchema.swift
SwiftCompile normal arm64 /Users/admin/builder/spi-builder-workspace/.dependencies/checkouts/SwaggerParser/Sources/OneOfSchema.swift (in target 'SwaggerParser' from project 'SwaggerParser')
cd /Users/admin/builder/spi-builder-workspace/.swiftpm/xcode
builtin-SwiftPerFileCompile OneOfSchema.swift
SwiftCompile normal arm64 /Users/admin/builder/spi-builder-workspace/.dependencies/checkouts/SwaggerParser/Sources/OneOrMany.swift (in target 'SwaggerParser' from project 'SwaggerParser')
cd /Users/admin/builder/spi-builder-workspace/.swiftpm/xcode
builtin-SwiftPerFileCompile OneOrMany.swift
SwiftCompile normal arm64 /Users/admin/builder/spi-builder-workspace/.dependencies/checkouts/SwaggerParser/Sources/Operation.swift (in target 'SwaggerParser' from project 'SwaggerParser')
cd /Users/admin/builder/spi-builder-workspace/.swiftpm/xcode
builtin-SwiftPerFileCompile Operation.swift
SwiftCompile normal arm64 Compiling\ Parameter.swift,\ Path.swift,\ Pointer.swift,\ Reference.swift /Users/admin/builder/spi-builder-workspace/.dependencies/checkouts/SwaggerParser/Sources/Parameter.swift /Users/admin/builder/spi-builder-workspace/.dependencies/checkouts/SwaggerParser/Sources/Path.swift /Users/admin/builder/spi-builder-workspace/.dependencies/checkouts/SwaggerParser/Sources/Pointer.swift /Users/admin/builder/spi-builder-workspace/.dependencies/checkouts/SwaggerParser/Sources/Reference.swift (in target 'SwaggerParser' from project 'SwaggerParser')
SwiftCompile normal arm64 /Users/admin/builder/spi-builder-workspace/.dependencies/checkouts/SwaggerParser/Sources/Parameter.swift (in target 'SwaggerParser' from project 'SwaggerParser')
cd /Users/admin/builder/spi-builder-workspace/.swiftpm/xcode
builtin-SwiftPerFileCompile Parameter.swift
SwiftCompile normal arm64 /Users/admin/builder/spi-builder-workspace/.dependencies/checkouts/SwaggerParser/Sources/Path.swift (in target 'SwaggerParser' from project 'SwaggerParser')
cd /Users/admin/builder/spi-builder-workspace/.swiftpm/xcode
builtin-SwiftPerFileCompile Path.swift
SwiftCompile normal arm64 /Users/admin/builder/spi-builder-workspace/.dependencies/checkouts/SwaggerParser/Sources/Pointer.swift (in target 'SwaggerParser' from project 'SwaggerParser')
cd /Users/admin/builder/spi-builder-workspace/.swiftpm/xcode
builtin-SwiftPerFileCompile Pointer.swift
SwiftCompile normal arm64 /Users/admin/builder/spi-builder-workspace/.dependencies/checkouts/SwaggerParser/Sources/Reference.swift (in target 'SwaggerParser' from project 'SwaggerParser')
cd /Users/admin/builder/spi-builder-workspace/.swiftpm/xcode
builtin-SwiftPerFileCompile Reference.swift
SwiftCompile normal arm64 Compiling\ APIKeySchema.swift,\ AllOfSchema.swift,\ ArrayItem.swift,\ ArrayMetadata.swift,\ ArraySchema.swift /Users/admin/builder/spi-builder-workspace/.dependencies/checkouts/SwaggerParser/Sources/APIKeySchema.swift /Users/admin/builder/spi-builder-workspace/.dependencies/checkouts/SwaggerParser/Sources/AllOfSchema.swift /Users/admin/builder/spi-builder-workspace/.dependencies/checkouts/SwaggerParser/Sources/ArrayItem.swift /Users/admin/builder/spi-builder-workspace/.dependencies/checkouts/SwaggerParser/Sources/ArrayMetadata.swift /Users/admin/builder/spi-builder-workspace/.dependencies/checkouts/SwaggerParser/Sources/ArraySchema.swift (in target 'SwaggerParser' from project 'SwaggerParser')
SwiftCompile normal arm64 /Users/admin/builder/spi-builder-workspace/.dependencies/checkouts/SwaggerParser/Sources/APIKeySchema.swift (in target 'SwaggerParser' from project 'SwaggerParser')
cd /Users/admin/builder/spi-builder-workspace/.swiftpm/xcode
builtin-SwiftPerFileCompile APIKeySchema.swift
SwiftCompile normal arm64 /Users/admin/builder/spi-builder-workspace/.dependencies/checkouts/SwaggerParser/Sources/AllOfSchema.swift (in target 'SwaggerParser' from project 'SwaggerParser')
cd /Users/admin/builder/spi-builder-workspace/.swiftpm/xcode
builtin-SwiftPerFileCompile AllOfSchema.swift
SwiftCompile normal arm64 /Users/admin/builder/spi-builder-workspace/.dependencies/checkouts/SwaggerParser/Sources/ArrayItem.swift (in target 'SwaggerParser' from project 'SwaggerParser')
cd /Users/admin/builder/spi-builder-workspace/.swiftpm/xcode
builtin-SwiftPerFileCompile ArrayItem.swift
SwiftCompile normal arm64 /Users/admin/builder/spi-builder-workspace/.dependencies/checkouts/SwaggerParser/Sources/ArrayMetadata.swift (in target 'SwaggerParser' from project 'SwaggerParser')
cd /Users/admin/builder/spi-builder-workspace/.swiftpm/xcode
builtin-SwiftPerFileCompile ArrayMetadata.swift
SwiftCompile normal arm64 /Users/admin/builder/spi-builder-workspace/.dependencies/checkouts/SwaggerParser/Sources/ArraySchema.swift (in target 'SwaggerParser' from project 'SwaggerParser')
cd /Users/admin/builder/spi-builder-workspace/.swiftpm/xcode
builtin-SwiftPerFileCompile ArraySchema.swift
SwiftCompile normal arm64 Compiling\ Builder.swift,\ Contact.swift,\ Decodable+Extensions.swift,\ Either.swift,\ Enums.swift /Users/admin/builder/spi-builder-workspace/.dependencies/checkouts/SwaggerParser/Sources/Builder.swift /Users/admin/builder/spi-builder-workspace/.dependencies/checkouts/SwaggerParser/Sources/Contact.swift /Users/admin/builder/spi-builder-workspace/.dependencies/checkouts/SwaggerParser/Sources/Decodable+Extensions.swift /Users/admin/builder/spi-builder-workspace/.dependencies/checkouts/SwaggerParser/Sources/Either.swift /Users/admin/builder/spi-builder-workspace/.dependencies/checkouts/SwaggerParser/Sources/Enums.swift (in target 'SwaggerParser' from project 'SwaggerParser')
SwiftCompile normal arm64 /Users/admin/builder/spi-builder-workspace/.dependencies/checkouts/SwaggerParser/Sources/Builder.swift (in target 'SwaggerParser' from project 'SwaggerParser')
cd /Users/admin/builder/spi-builder-workspace/.swiftpm/xcode
builtin-SwiftPerFileCompile Builder.swift
SwiftCompile normal arm64 /Users/admin/builder/spi-builder-workspace/.dependencies/checkouts/SwaggerParser/Sources/Contact.swift (in target 'SwaggerParser' from project 'SwaggerParser')
cd /Users/admin/builder/spi-builder-workspace/.swiftpm/xcode
builtin-SwiftPerFileCompile Contact.swift
SwiftCompile normal arm64 /Users/admin/builder/spi-builder-workspace/.dependencies/checkouts/SwaggerParser/Sources/Decodable+Extensions.swift (in target 'SwaggerParser' from project 'SwaggerParser')
cd /Users/admin/builder/spi-builder-workspace/.swiftpm/xcode
builtin-SwiftPerFileCompile Decodable+Extensions.swift
SwiftCompile normal arm64 /Users/admin/builder/spi-builder-workspace/.dependencies/checkouts/SwaggerParser/Sources/Either.swift (in target 'SwaggerParser' from project 'SwaggerParser')
cd /Users/admin/builder/spi-builder-workspace/.swiftpm/xcode
builtin-SwiftPerFileCompile Either.swift
SwiftCompile normal arm64 /Users/admin/builder/spi-builder-workspace/.dependencies/checkouts/SwaggerParser/Sources/Enums.swift (in target 'SwaggerParser' from project 'SwaggerParser')
cd /Users/admin/builder/spi-builder-workspace/.swiftpm/xcode
builtin-SwiftPerFileCompile Enums.swift
SwiftEmitModule normal arm64 Emitting\ module\ for\ SwaggerParser (in target 'SwaggerParser' from project 'SwaggerParser')
SwiftCompile normal arm64 (in target 'SwaggerParser' from project 'SwaggerParser')
cd /Users/admin/builder/spi-builder-workspace/.swiftpm/xcode
SwiftCompile normal arm64 Compiling\ Errors.swift,\ ExternalDocumentation.swift,\ FixedParameterFields.swift,\ Information.swift,\ IntegerItem.swift /Users/admin/builder/spi-builder-workspace/.dependencies/checkouts/SwaggerParser/Sources/Errors.swift /Users/admin/builder/spi-builder-workspace/.dependencies/checkouts/SwaggerParser/Sources/ExternalDocumentation.swift /Users/admin/builder/spi-builder-workspace/.dependencies/checkouts/SwaggerParser/Sources/FixedParameterFields.swift /Users/admin/builder/spi-builder-workspace/.dependencies/checkouts/SwaggerParser/Sources/Information.swift /Users/admin/builder/spi-builder-workspace/.dependencies/checkouts/SwaggerParser/Sources/IntegerItem.swift (in target 'SwaggerParser' from project 'SwaggerParser')
SwiftCompile normal arm64 /Users/admin/builder/spi-builder-workspace/.dependencies/checkouts/SwaggerParser/Sources/Errors.swift (in target 'SwaggerParser' from project 'SwaggerParser')
cd /Users/admin/builder/spi-builder-workspace/.swiftpm/xcode
builtin-SwiftPerFileCompile Errors.swift
SwiftCompile normal arm64 /Users/admin/builder/spi-builder-workspace/.dependencies/checkouts/SwaggerParser/Sources/ExternalDocumentation.swift (in target 'SwaggerParser' from project 'SwaggerParser')
cd /Users/admin/builder/spi-builder-workspace/.swiftpm/xcode
builtin-SwiftPerFileCompile ExternalDocumentation.swift
SwiftCompile normal arm64 /Users/admin/builder/spi-builder-workspace/.dependencies/checkouts/SwaggerParser/Sources/FixedParameterFields.swift (in target 'SwaggerParser' from project 'SwaggerParser')
cd /Users/admin/builder/spi-builder-workspace/.swiftpm/xcode
builtin-SwiftPerFileCompile FixedParameterFields.swift
SwiftCompile normal arm64 /Users/admin/builder/spi-builder-workspace/.dependencies/checkouts/SwaggerParser/Sources/Information.swift (in target 'SwaggerParser' from project 'SwaggerParser')
cd /Users/admin/builder/spi-builder-workspace/.swiftpm/xcode
builtin-SwiftPerFileCompile Information.swift
SwiftCompile normal arm64 /Users/admin/builder/spi-builder-workspace/.dependencies/checkouts/SwaggerParser/Sources/IntegerItem.swift (in target 'SwaggerParser' from project 'SwaggerParser')
cd /Users/admin/builder/spi-builder-workspace/.swiftpm/xcode
builtin-SwiftPerFileCompile IntegerItem.swift
SwiftCompile normal arm64 Compiling\ ReferenceResolver.swift,\ Response.swift,\ Schema.swift,\ SchemaType.swift /Users/admin/builder/spi-builder-workspace/.dependencies/checkouts/SwaggerParser/Sources/ReferenceResolver.swift /Users/admin/builder/spi-builder-workspace/.dependencies/checkouts/SwaggerParser/Sources/Response.swift /Users/admin/builder/spi-builder-workspace/.dependencies/checkouts/SwaggerParser/Sources/Schema.swift /Users/admin/builder/spi-builder-workspace/.dependencies/checkouts/SwaggerParser/Sources/SchemaType.swift (in target 'SwaggerParser' from project 'SwaggerParser')
SwiftCompile normal arm64 /Users/admin/builder/spi-builder-workspace/.dependencies/checkouts/SwaggerParser/Sources/ReferenceResolver.swift (in target 'SwaggerParser' from project 'SwaggerParser')
cd /Users/admin/builder/spi-builder-workspace/.swiftpm/xcode
builtin-SwiftPerFileCompile ReferenceResolver.swift
SwiftCompile normal arm64 /Users/admin/builder/spi-builder-workspace/.dependencies/checkouts/SwaggerParser/Sources/Response.swift (in target 'SwaggerParser' from project 'SwaggerParser')
cd /Users/admin/builder/spi-builder-workspace/.swiftpm/xcode
builtin-SwiftPerFileCompile Response.swift
SwiftCompile normal arm64 /Users/admin/builder/spi-builder-workspace/.dependencies/checkouts/SwaggerParser/Sources/Schema.swift (in target 'SwaggerParser' from project 'SwaggerParser')
cd /Users/admin/builder/spi-builder-workspace/.swiftpm/xcode
builtin-SwiftPerFileCompile Schema.swift
SwiftCompile normal arm64 /Users/admin/builder/spi-builder-workspace/.dependencies/checkouts/SwaggerParser/Sources/SchemaType.swift (in target 'SwaggerParser' from project 'SwaggerParser')
cd /Users/admin/builder/spi-builder-workspace/.swiftpm/xcode
builtin-SwiftPerFileCompile SchemaType.swift
SwiftCompile normal arm64 Compiling\ Metadata.swift,\ NumberItem.swift,\ NumericMetadata.swift,\ Oauth2Schema.swift,\ ObjectMetadata.swift /Users/admin/builder/spi-builder-workspace/.dependencies/checkouts/SwaggerParser/Sources/Metadata.swift /Users/admin/builder/spi-builder-workspace/.dependencies/checkouts/SwaggerParser/Sources/NumberItem.swift /Users/admin/builder/spi-builder-workspace/.dependencies/checkouts/SwaggerParser/Sources/NumericMetadata.swift /Users/admin/builder/spi-builder-workspace/.dependencies/checkouts/SwaggerParser/Sources/Oauth2Schema.swift /Users/admin/builder/spi-builder-workspace/.dependencies/checkouts/SwaggerParser/Sources/ObjectMetadata.swift (in target 'SwaggerParser' from project 'SwaggerParser')
SwiftCompile normal arm64 /Users/admin/builder/spi-builder-workspace/.dependencies/checkouts/SwaggerParser/Sources/Metadata.swift (in target 'SwaggerParser' from project 'SwaggerParser')
cd /Users/admin/builder/spi-builder-workspace/.swiftpm/xcode
builtin-SwiftPerFileCompile Metadata.swift
SwiftCompile normal arm64 /Users/admin/builder/spi-builder-workspace/.dependencies/checkouts/SwaggerParser/Sources/NumberItem.swift (in target 'SwaggerParser' from project 'SwaggerParser')
cd /Users/admin/builder/spi-builder-workspace/.swiftpm/xcode
builtin-SwiftPerFileCompile NumberItem.swift
SwiftCompile normal arm64 /Users/admin/builder/spi-builder-workspace/.dependencies/checkouts/SwaggerParser/Sources/NumericMetadata.swift (in target 'SwaggerParser' from project 'SwaggerParser')
cd /Users/admin/builder/spi-builder-workspace/.swiftpm/xcode
builtin-SwiftPerFileCompile NumericMetadata.swift
SwiftCompile normal arm64 /Users/admin/builder/spi-builder-workspace/.dependencies/checkouts/SwaggerParser/Sources/Oauth2Schema.swift (in target 'SwaggerParser' from project 'SwaggerParser')
cd /Users/admin/builder/spi-builder-workspace/.swiftpm/xcode
builtin-SwiftPerFileCompile Oauth2Schema.swift
SwiftCompile normal arm64 /Users/admin/builder/spi-builder-workspace/.dependencies/checkouts/SwaggerParser/Sources/ObjectMetadata.swift (in target 'SwaggerParser' from project 'SwaggerParser')
cd /Users/admin/builder/spi-builder-workspace/.swiftpm/xcode
builtin-SwiftPerFileCompile ObjectMetadata.swift
PruneExplicitPrecompiledModules /Users/admin/builder/spi-builder-workspace/.derivedData/Build/Intermediates.noindex/ExplicitPrecompiledModules
PruneExplicitPrecompiledModules /Users/admin/builder/spi-builder-workspace/.derivedData/Build/Intermediates.noindex/SwiftExplicitPrecompiledModules
PruneExplicitPrecompiledModules /Users/admin/builder/spi-builder-workspace/.derivedData/SDKExplicitPrecompiledModules
2026-09-19 06:40:30.934 xcodebuild[798:4941] [MT] IDERunDestination: Supported platforms for the buildables in the current scheme is empty.
** BUILD FAILED **
The following build commands failed:
SwiftDriver Yams normal arm64 com.apple.xcode.tools.swift.compiler (in target 'Yams' from project 'Yams')
Building workspace OpenAPISwiftCodeGenerate with scheme OpenAPISwiftCodeGenerate-Package
(2 failures)
Command line invocation:
/Applications/Xcode-27.0.0-Release.Candidate.app/Contents/Developer/usr/bin/xcodebuild -IDEClonedSourcePackagesDirPathOverride=/Users/admin/builder/spi-builder-workspace/.dependencies -resolvePackageDependencies
Resolve Package Graph
Resolved source packages:
OpenAPISwiftCodeGenerate: /Users/admin/builder/spi-builder-workspace
OpenAPIKit: https://github.com/mattpolzin/OpenAPIKit.git @ 3.9.0
SwaggerParser: https://github.com/knovichikhin/SwaggerParser.git @ 0.6.4
ServiceModelSwiftCodeGenerate: https://github.com/amzn/service-model-swift-code-generate @ 3.1.1
Yams: https://github.com/jpsim/Yams.git @ 4.0.6
resolved source packages: OpenAPISwiftCodeGenerate, OpenAPIKit, SwaggerParser, ServiceModelSwiftCodeGenerate, Yams
2026-09-19 06:40:35.983 xcodebuild[909:5525] [MT] IDERunDestination: Supported platforms for the buildables in the current scheme is empty.
{
"dependencies" : [
{
"identity" : "swaggerparser",
"requirement" : {
"range" : [
{
"lower_bound" : "0.6.4",
"upper_bound" : "1.0.0"
}
]
},
"type" : "sourceControl",
"url" : "https://github.com/knovichikhin/SwaggerParser.git"
},
{
"identity" : "yams",
"requirement" : {
"range" : [
{
"lower_bound" : "4.0.0",
"upper_bound" : "5.0.0"
}
]
},
"type" : "sourceControl",
"url" : "https://github.com/jpsim/Yams.git"
},
{
"identity" : "openapikit",
"requirement" : {
"range" : [
{
"lower_bound" : "3.0.0-alpha.9",
"upper_bound" : "4.0.0"
}
]
},
"type" : "sourceControl",
"url" : "https://github.com/mattpolzin/OpenAPIKit.git"
},
{
"identity" : "service-model-swift-code-generate",
"requirement" : {
"range" : [
{
"lower_bound" : "3.0.0",
"upper_bound" : "4.0.0"
}
]
},
"type" : "sourceControl",
"url" : "https://github.com/amzn/service-model-swift-code-generate"
}
],
"manifest_display_name" : "OpenAPISwiftCodeGenerate",
"name" : "OpenAPISwiftCodeGenerate",
"path" : "/Users/admin/builder/spi-builder-workspace",
"platforms" : [
{
"name" : "macos",
"version" : "10.15"
},
{
"name" : "ios",
"version" : "10.0"
}
],
"products" : [
{
"name" : "SwaggerServiceModel",
"targets" : [
"SwaggerServiceModel"
],
"type" : {
"library" : [
"automatic"
]
}
},
{
"name" : "OpenAPIServiceModel",
"targets" : [
"OpenAPIServiceModel"
],
"type" : {
"library" : [
"automatic"
]
}
}
],
"swift_languages_versions" : [
"5"
],
"targets" : [
{
"c99name" : "SwaggerServiceModel",
"module_type" : "SwiftTarget",
"name" : "SwaggerServiceModel",
"path" : "Sources/SwaggerServiceModel",
"product_dependencies" : [
"ServiceModelCodeGeneration",
"Yams",
"SwaggerParser",
"OpenAPIKit30"
],
"product_memberships" : [
"SwaggerServiceModel"
],
"sources" : [
"SwaggerServiceModel+createSwaggerModel.swift",
"SwaggerServiceModel+parseSchemas.swift",
"SwaggerServiceModel+setOperationInput.swift",
"SwaggerServiceModel+setOperationOutput.swift",
"SwaggerServiceModel.swift"
],
"type" : "library"
},
{
"c99name" : "OpenAPIServiceModel",
"module_type" : "SwiftTarget",
"name" : "OpenAPIServiceModel",
"path" : "Sources/OpenAPIServiceModel",
"product_dependencies" : [
"ServiceModelCodeGeneration",
"Yams",
"SwaggerParser",
"OpenAPIKit30"
],
"product_memberships" : [
"OpenAPIServiceModel"
],
"sources" : [
"CreateOpenAPIServiceModel.swift",
"OpenAPIServiceModel.swift",
"ParseSchemas.swift",
"SetOperationInput.swift",
"SetOperationOutput.swift"
],
"type" : "library"
}
],
"tools_version" : "5.5"
}
{
"workspace" : {
"name" : "OpenAPISwiftCodeGenerate",
"schemes" : [
"OpenAPIServiceModel",
"OpenAPISwiftCodeGenerate-Package",
"SwaggerServiceModel"
]
}
}
2026-09-19 06:40:37.236 xcodebuild[917:5590] [MT] IDERunDestination: Supported platforms for the buildables in the current scheme is empty.
{
"workspace" : {
"name" : "OpenAPISwiftCodeGenerate",
"schemes" : [
"OpenAPIServiceModel",
"OpenAPISwiftCodeGenerate-Package",
"SwaggerServiceModel"
]
}
}
2026-09-19 06:40:38.336 xcodebuild[919:5629] [MT] IDERunDestination: Supported platforms for the buildables in the current scheme is empty.
Running build ...
env DEVELOPER_DIR=/Applications/Xcode-27.0.0-Release.Candidate.app xcrun xcodebuild -IDEClonedSourcePackagesDirPathOverride=$PWD/.dependencies -skipMacroValidation -skipPackagePluginValidation -derivedDataPath $PWD/.derivedData build -scheme OpenAPISwiftCodeGenerate-Package -destination generic/platform=xrOS
Command line invocation:
/Applications/Xcode-27.0.0-Release.Candidate.app/Contents/Developer/usr/bin/xcodebuild -IDEClonedSourcePackagesDirPathOverride=/Users/admin/builder/spi-builder-workspace/.dependencies -skipMacroValidation -skipPackagePluginValidation -derivedDataPath /Users/admin/builder/spi-builder-workspace/.derivedData build -scheme OpenAPISwiftCodeGenerate-Package -destination generic/platform=xrOS
Resolve Package Graph
Resolved source packages:
SwaggerParser: https://github.com/knovichikhin/SwaggerParser.git @ 0.6.4
Yams: https://github.com/jpsim/Yams.git @ 4.0.6
OpenAPISwiftCodeGenerate: /Users/admin/builder/spi-builder-workspace
OpenAPIKit: https://github.com/mattpolzin/OpenAPIKit.git @ 3.9.0
ServiceModelSwiftCodeGenerate: https://github.com/amzn/service-model-swift-code-generate @ 3.1.1
ComputePackagePrebuildTargetDependencyGraph
Prepare packages
CreateBuildRequest
SendProjectDescription
CreateBuildOperation
ComputeTargetDependencyGraph
note: Building targets in dependency order
note: Target dependency graph (15 targets)
Target 'OpenAPIServiceModel-product' in project 'OpenAPISwiftCodeGenerate'
➜ Explicit dependency on target 'OpenAPIServiceModel' in project 'OpenAPISwiftCodeGenerate'
➜ Explicit dependency on target 'ServiceModelCodeGeneration-product' in project 'ServiceModelSwiftCodeGenerate'
➜ Explicit dependency on target 'Yams-product' in project 'Yams'
➜ Explicit dependency on target 'SwaggerParser-product' in project 'SwaggerParser'
➜ Explicit dependency on target 'OpenAPIKit30-product' in project 'OpenAPIKit'
Target 'OpenAPIServiceModel' in project 'OpenAPISwiftCodeGenerate'
➜ Explicit dependency on target 'ServiceModelCodeGeneration-product' in project 'ServiceModelSwiftCodeGenerate'
➜ Explicit dependency on target 'Yams-product' in project 'Yams'
➜ Explicit dependency on target 'SwaggerParser-product' in project 'SwaggerParser'
➜ Explicit dependency on target 'OpenAPIKit30-product' in project 'OpenAPIKit'
Target 'SwaggerServiceModel-product' in project 'OpenAPISwiftCodeGenerate'
➜ Explicit dependency on target 'SwaggerServiceModel' in project 'OpenAPISwiftCodeGenerate'
➜ Explicit dependency on target 'ServiceModelCodeGeneration-product' in project 'ServiceModelSwiftCodeGenerate'
➜ Explicit dependency on target 'Yams-product' in project 'Yams'
➜ Explicit dependency on target 'SwaggerParser-product' in project 'SwaggerParser'
➜ Explicit dependency on target 'OpenAPIKit30-product' in project 'OpenAPIKit'
Target 'SwaggerServiceModel' in project 'OpenAPISwiftCodeGenerate'
➜ Explicit dependency on target 'ServiceModelCodeGeneration-product' in project 'ServiceModelSwiftCodeGenerate'
➜ Explicit dependency on target 'Yams-product' in project 'Yams'
➜ Explicit dependency on target 'SwaggerParser-product' in project 'SwaggerParser'
➜ Explicit dependency on target 'OpenAPIKit30-product' in project 'OpenAPIKit'
Target 'OpenAPIKit30-product' in project 'OpenAPIKit'
➜ Explicit dependency on target 'OpenAPIKit30' in project 'OpenAPIKit'
➜ Explicit dependency on target 'OpenAPIKitCore' in project 'OpenAPIKit'
Target 'OpenAPIKit30' in project 'OpenAPIKit'
➜ Explicit dependency on target 'OpenAPIKitCore' in project 'OpenAPIKit'
Target 'OpenAPIKitCore' in project 'OpenAPIKit' (no dependencies)
Target 'SwaggerParser-product' in project 'SwaggerParser'
➜ Explicit dependency on target 'SwaggerParser' in project 'SwaggerParser'
Target 'SwaggerParser' in project 'SwaggerParser' (no dependencies)
Target 'Yams-product' in project 'Yams'
➜ Explicit dependency on target 'Yams' in project 'Yams'
➜ Explicit dependency on target 'CYaml' in project 'Yams'
Target 'Yams' in project 'Yams'
➜ Explicit dependency on target 'CYaml' in project 'Yams'
Target 'CYaml' in project 'Yams' (no dependencies)
Target 'ServiceModelCodeGeneration-product' in project 'ServiceModelSwiftCodeGenerate'
➜ Explicit dependency on target 'ServiceModelCodeGeneration' in project 'ServiceModelSwiftCodeGenerate'
➜ Explicit dependency on target 'ServiceModelEntities' in project 'ServiceModelSwiftCodeGenerate'
Target 'ServiceModelCodeGeneration' in project 'ServiceModelSwiftCodeGenerate'
➜ Explicit dependency on target 'ServiceModelEntities' in project 'ServiceModelSwiftCodeGenerate'
Target 'ServiceModelEntities' in project 'ServiceModelSwiftCodeGenerate' (no dependencies)
GatherProvisioningInputs
CreateBuildDescription
ClangStatCache /Applications/Xcode-27.0.0-Release.Candidate.app/Contents/Developer/Toolchains/XcodeDefault.xctoolchain/usr/bin/clang-stat-cache /Applications/Xcode-27.0.0-Release.Candidate.app/Contents/Developer/Platforms/XROS.platform/Developer/SDKs/XROS27.0.sdk /Users/admin/builder/spi-builder-workspace/.derivedData/SDKStatCaches.noindex/xros27.0-24M361-e829b21a6f8c9b70876ba0858053c044735bd543db762f57723cac368afd1ce4.sdkstatcache
cd /Users/admin/builder/spi-builder-workspace/.swiftpm/xcode
/Applications/Xcode-27.0.0-Release.Candidate.app/Contents/Developer/Toolchains/XcodeDefault.xctoolchain/usr/bin/clang-stat-cache /Applications/Xcode-27.0.0-Release.Candidate.app/Contents/Developer/Platforms/XROS.platform/Developer/SDKs/XROS27.0.sdk -o /Users/admin/builder/spi-builder-workspace/.derivedData/SDKStatCaches.noindex/xros27.0-24M361-e829b21a6f8c9b70876ba0858053c044735bd543db762f57723cac368afd1ce4.sdkstatcache
SwiftDriver Yams normal arm64 com.apple.xcode.tools.swift.compiler (in target 'Yams' from project 'Yams')
cd /Users/admin/builder/spi-builder-workspace/.swiftpm/xcode
builtin-SwiftDriver -- /Applications/Xcode-27.0.0-Release.Candidate.app/Contents/Developer/Toolchains/XcodeDefault.xctoolchain/usr/bin/swiftc -parse-as-library -module-name Yams -Onone @/Users/admin/builder/spi-builder-workspace/.derivedData/Build/Intermediates.noindex/Yams.build/Debug-xros/Yams-t.build/Objects-normal/arm64/Yams.SwiftFileList -DSWIFT_PACKAGE -DDEBUG -DSWIFT_MODULE_RESOURCE_BUNDLE_UNAVAILABLE -Xcc -fmodule-map-file\=/Users/admin/builder/spi-builder-workspace/.dependencies/checkouts/Yams/Sources/CYaml/include/module.modulemap -DXcode -plugin-path /Applications/Xcode-27.0.0-Release.Candidate.app/Contents/Developer/Toolchains/XcodeDefault.xctoolchain/usr/lib/swift/host/plugins/testing -enable-experimental-feature DebugDescriptionMacro -sdk /Applications/Xcode-27.0.0-Release.Candidate.app/Contents/Developer/Platforms/XROS.platform/Developer/SDKs/XROS27.0.sdk -target arm64-apple-xros1.0 -g -module-cache-path /Users/admin/builder/spi-builder-workspace/.derivedData/ModuleCache.noindex -Xfrontend -serialize-debugging-options -enable-testing -suppress-warnings -index-store-path /Users/admin/builder/spi-builder-workspace/.derivedData/Index.noindex/DataStore -Xcc -D_LIBCPP_HARDENING_MODE\=_LIBCPP_HARDENING_MODE_DEBUG -swift-version 5 -I /Users/admin/builder/spi-builder-workspace/.derivedData/Build/Products/Debug-xros -Isystem /Applications/Xcode-27.0.0-Release.Candidate.app/Contents/Developer/Platforms/XROS.platform/Developer/usr/lib -F /Users/admin/builder/spi-builder-workspace/.derivedData/Build/Products/Debug-xros/PackageFrameworks -F /Users/admin/builder/spi-builder-workspace/.derivedData/Build/Products/Debug-xros -F /Applications/Xcode-27.0.0-Release.Candidate.app/Contents/Developer/Platforms/XROS.platform/Developer/Library/Frameworks -F /Applications/Xcode-27.0.0-Release.Candidate.app/Contents/Developer/Platforms/XROS.platform/Developer/SDKs/XROS27.0.sdk/Developer/Library/Frameworks -c -j10 -enable-batch-mode -incremental -Xcc -ivfsstatcache -Xcc /Users/admin/builder/spi-builder-workspace/.derivedData/SDKStatCaches.noindex/xros27.0-24M361-e829b21a6f8c9b70876ba0858053c044735bd543db762f57723cac368afd1ce4.sdkstatcache -output-file-map /Users/admin/builder/spi-builder-workspace/.derivedData/Build/Intermediates.noindex/Yams.build/Debug-xros/Yams-t.build/Objects-normal/arm64/Yams-OutputFileMap.json -save-temps -no-color-diagnostics -explicit-module-build -module-cache-path /Users/admin/builder/spi-builder-workspace/.derivedData/Build/Intermediates.noindex/SwiftExplicitPrecompiledModules -clang-scanner-module-cache-path /Users/admin/builder/spi-builder-workspace/.derivedData/ModuleCache.noindex -sdk-module-cache-path /Users/admin/builder/spi-builder-workspace/.derivedData/SDKExplicitPrecompiledModules -emit-dependencies -emit-module -emit-module-path /Users/admin/builder/spi-builder-workspace/.derivedData/Build/Intermediates.noindex/Yams.build/Debug-xros/Yams-t.build/Objects-normal/arm64/Yams.swiftmodule -serialize-diagnostics -dependency-scan-serialize-diagnostics-path /Users/admin/builder/spi-builder-workspace/.derivedData/Build/Intermediates.noindex/Yams.build/Debug-xros/Yams-t.build/Objects-normal/arm64/Yams-dependency-scan.dia -validate-clang-modules-once -clang-build-session-file /Users/admin/builder/spi-builder-workspace/.derivedData/ModuleCache.noindex/Session.modulevalidation -Xcc -fmodules-prune-interval\=86400 -Xcc -fmodules-prune-after\=345600 -emit-const-values -const-gather-protocols-list /Users/admin/builder/spi-builder-workspace/.derivedData/Build/Intermediates.noindex/Yams.build/Debug-xros/Yams-t.build/Objects-normal/arm64/Yams_const_extract_protocols.json -Xcc -I/Users/admin/builder/spi-builder-workspace/.dependencies/checkouts/Yams/Sources/CYaml/include -Xcc -I/Users/admin/builder/spi-builder-workspace/.derivedData/Build/Products/Debug-xros/include -Xcc -I/Users/admin/builder/spi-builder-workspace/.derivedData/Build/Intermediates.noindex/Yams.build/Debug-xros/Yams-t.build/DerivedSources-normal/arm64 -Xcc -I/Users/admin/builder/spi-builder-workspace/.derivedData/Build/Intermediates.noindex/Yams.build/Debug-xros/Yams-t.build/DerivedSources/arm64 -Xcc -I/Users/admin/builder/spi-builder-workspace/.derivedData/Build/Intermediates.noindex/Yams.build/Debug-xros/Yams-t.build/DerivedSources -Xcc -DSWIFT_PACKAGE -Xcc -DDEBUG\=1 -emit-objc-header -emit-objc-header-path /Users/admin/builder/spi-builder-workspace/.derivedData/Build/Intermediates.noindex/Yams.build/Debug-xros/Yams-t.build/Objects-normal/arm64/Yams-Swift.h -working-directory /Users/admin/builder/spi-builder-workspace/.swiftpm/xcode -experimental-emit-module-separately -disable-cmo
/Users/admin/builder/spi-builder-workspace/.dependencies/checkouts/Yams/Sources/Yams/Representer.swift:19:8: error: Unable to resolve module dependency: 'Glibc' (in target 'Yams' from project 'Yams')
note: A dependency of main module 'Yams'
/Users/admin/builder/spi-builder-workspace/.dependencies/checkouts/Yams/Sources/Yams/Representer.swift:19:8: note: A dependency of main module 'Yams'
import Glibc
^ (in target 'Yams' from project 'Yams')
SwiftDriver ServiceModelEntities normal arm64 com.apple.xcode.tools.swift.compiler (in target 'ServiceModelEntities' from project 'ServiceModelSwiftCodeGenerate')
cd /Users/admin/builder/spi-builder-workspace/.swiftpm/xcode
builtin-SwiftDriver -- /Applications/Xcode-27.0.0-Release.Candidate.app/Contents/Developer/Toolchains/XcodeDefault.xctoolchain/usr/bin/swiftc -parse-as-library -module-name ServiceModelEntities -Onone @/Users/admin/builder/spi-builder-workspace/.derivedData/Build/Intermediates.noindex/ServiceModelSwiftCodeGenerate.build/Debug-xros/ServiceModelEntities-t.build/Objects-normal/arm64/ServiceModelEntities.SwiftFileList -DSWIFT_PACKAGE -DDEBUG -DSWIFT_MODULE_RESOURCE_BUNDLE_UNAVAILABLE -DXcode -plugin-path /Applications/Xcode-27.0.0-Release.Candidate.app/Contents/Developer/Toolchains/XcodeDefault.xctoolchain/usr/lib/swift/host/plugins/testing -enable-experimental-feature DebugDescriptionMacro -sdk /Applications/Xcode-27.0.0-Release.Candidate.app/Contents/Developer/Platforms/XROS.platform/Developer/SDKs/XROS27.0.sdk -target arm64-apple-xros1.0 -g -module-cache-path /Users/admin/builder/spi-builder-workspace/.derivedData/ModuleCache.noindex -Xfrontend -serialize-debugging-options -enable-testing -suppress-warnings -index-store-path /Users/admin/builder/spi-builder-workspace/.derivedData/Index.noindex/DataStore -Xcc -D_LIBCPP_HARDENING_MODE\=_LIBCPP_HARDENING_MODE_DEBUG -swift-version 5 -I /Users/admin/builder/spi-builder-workspace/.derivedData/Build/Products/Debug-xros -Isystem /Applications/Xcode-27.0.0-Release.Candidate.app/Contents/Developer/Platforms/XROS.platform/Developer/usr/lib -F /Users/admin/builder/spi-builder-workspace/.derivedData/Build/Products/Debug-xros -F /Applications/Xcode-27.0.0-Release.Candidate.app/Contents/Developer/Platforms/XROS.platform/Developer/Library/Frameworks -F /Applications/Xcode-27.0.0-Release.Candidate.app/Contents/Developer/Platforms/XROS.platform/Developer/SDKs/XROS27.0.sdk/Developer/Library/Frameworks -c -j10 -enable-batch-mode -incremental -Xcc -ivfsstatcache -Xcc /Users/admin/builder/spi-builder-workspace/.derivedData/SDKStatCaches.noindex/xros27.0-24M361-e829b21a6f8c9b70876ba0858053c044735bd543db762f57723cac368afd1ce4.sdkstatcache -output-file-map /Users/admin/builder/spi-builder-workspace/.derivedData/Build/Intermediates.noindex/ServiceModelSwiftCodeGenerate.build/Debug-xros/ServiceModelEntities-t.build/Objects-normal/arm64/ServiceModelEntities-OutputFileMap.json -save-temps -no-color-diagnostics -explicit-module-build -module-cache-path /Users/admin/builder/spi-builder-workspace/.derivedData/Build/Intermediates.noindex/SwiftExplicitPrecompiledModules -clang-scanner-module-cache-path /Users/admin/builder/spi-builder-workspace/.derivedData/ModuleCache.noindex -sdk-module-cache-path /Users/admin/builder/spi-builder-workspace/.derivedData/SDKExplicitPrecompiledModules -emit-dependencies -emit-module -emit-module-path /Users/admin/builder/spi-builder-workspace/.derivedData/Build/Intermediates.noindex/ServiceModelSwiftCodeGenerate.build/Debug-xros/ServiceModelEntities-t.build/Objects-normal/arm64/ServiceModelEntities.swiftmodule -serialize-diagnostics -dependency-scan-serialize-diagnostics-path /Users/admin/builder/spi-builder-workspace/.derivedData/Build/Intermediates.noindex/ServiceModelSwiftCodeGenerate.build/Debug-xros/ServiceModelEntities-t.build/Objects-normal/arm64/ServiceModelEntities-dependency-scan.dia -validate-clang-modules-once -clang-build-session-file /Users/admin/builder/spi-builder-workspace/.derivedData/ModuleCache.noindex/Session.modulevalidation -Xcc -fmodules-prune-interval\=86400 -Xcc -fmodules-prune-after\=345600 -emit-const-values -const-gather-protocols-list /Users/admin/builder/spi-builder-workspace/.derivedData/Build/Intermediates.noindex/ServiceModelSwiftCodeGenerate.build/Debug-xros/ServiceModelEntities-t.build/Objects-normal/arm64/ServiceModelEntities_const_extract_protocols.json -Xcc -I/Users/admin/builder/spi-builder-workspace/.derivedData/Build/Products/Debug-xros/include -Xcc -I/Users/admin/builder/spi-builder-workspace/.derivedData/Build/Intermediates.noindex/ServiceModelSwiftCodeGenerate.build/Debug-xros/ServiceModelEntities-t.build/DerivedSources-normal/arm64 -Xcc -I/Users/admin/builder/spi-builder-workspace/.derivedData/Build/Intermediates.noindex/ServiceModelSwiftCodeGenerate.build/Debug-xros/ServiceModelEntities-t.build/DerivedSources/arm64 -Xcc -I/Users/admin/builder/spi-builder-workspace/.derivedData/Build/Intermediates.noindex/ServiceModelSwiftCodeGenerate.build/Debug-xros/ServiceModelEntities-t.build/DerivedSources -Xcc -DSWIFT_PACKAGE -Xcc -DDEBUG\=1 -emit-objc-header -emit-objc-header-path /Users/admin/builder/spi-builder-workspace/.derivedData/Build/Intermediates.noindex/ServiceModelSwiftCodeGenerate.build/Debug-xros/ServiceModelEntities-t.build/Objects-normal/arm64/ServiceModelEntities-Swift.h -working-directory /Users/admin/builder/spi-builder-workspace/.swiftpm/xcode -experimental-emit-module-separately -disable-cmo
SwiftDriver SwaggerParser normal arm64 com.apple.xcode.tools.swift.compiler (in target 'SwaggerParser' from project 'SwaggerParser')
cd /Users/admin/builder/spi-builder-workspace/.swiftpm/xcode
builtin-SwiftDriver -- /Applications/Xcode-27.0.0-Release.Candidate.app/Contents/Developer/Toolchains/XcodeDefault.xctoolchain/usr/bin/swiftc -parse-as-library -module-name SwaggerParser -Onone @/Users/admin/builder/spi-builder-workspace/.derivedData/Build/Intermediates.noindex/SwaggerParser.build/Debug-xros/SwaggerParser-t.build/Objects-normal/arm64/SwaggerParser.SwiftFileList -DSWIFT_PACKAGE -DDEBUG -DSWIFT_MODULE_RESOURCE_BUNDLE_UNAVAILABLE -DXcode -plugin-path /Applications/Xcode-27.0.0-Release.Candidate.app/Contents/Developer/Toolchains/XcodeDefault.xctoolchain/usr/lib/swift/host/plugins/testing -enable-experimental-feature DebugDescriptionMacro -sdk /Applications/Xcode-27.0.0-Release.Candidate.app/Contents/Developer/Platforms/XROS.platform/Developer/SDKs/XROS27.0.sdk -target arm64-apple-xros1.0 -g -module-cache-path /Users/admin/builder/spi-builder-workspace/.derivedData/ModuleCache.noindex -Xfrontend -serialize-debugging-options -enable-testing -suppress-warnings -index-store-path /Users/admin/builder/spi-builder-workspace/.derivedData/Index.noindex/DataStore -Xcc -D_LIBCPP_HARDENING_MODE\=_LIBCPP_HARDENING_MODE_DEBUG -swift-version 4 -I /Users/admin/builder/spi-builder-workspace/.derivedData/Build/Products/Debug-xros -Isystem /Applications/Xcode-27.0.0-Release.Candidate.app/Contents/Developer/Platforms/XROS.platform/Developer/usr/lib -F /Users/admin/builder/spi-builder-workspace/.derivedData/Build/Products/Debug-xros -F /Applications/Xcode-27.0.0-Release.Candidate.app/Contents/Developer/Platforms/XROS.platform/Developer/Library/Frameworks -F /Applications/Xcode-27.0.0-Release.Candidate.app/Contents/Developer/Platforms/XROS.platform/Developer/SDKs/XROS27.0.sdk/Developer/Library/Frameworks -c -j10 -enable-batch-mode -incremental -Xcc -ivfsstatcache -Xcc /Users/admin/builder/spi-builder-workspace/.derivedData/SDKStatCaches.noindex/xros27.0-24M361-e829b21a6f8c9b70876ba0858053c044735bd543db762f57723cac368afd1ce4.sdkstatcache -output-file-map /Users/admin/builder/spi-builder-workspace/.derivedData/Build/Intermediates.noindex/SwaggerParser.build/Debug-xros/SwaggerParser-t.build/Objects-normal/arm64/SwaggerParser-OutputFileMap.json -save-temps -no-color-diagnostics -emit-dependencies -emit-module -emit-module-path /Users/admin/builder/spi-builder-workspace/.derivedData/Build/Intermediates.noindex/SwaggerParser.build/Debug-xros/SwaggerParser-t.build/Objects-normal/arm64/SwaggerParser.swiftmodule -serialize-diagnostics -validate-clang-modules-once -clang-build-session-file /Users/admin/builder/spi-builder-workspace/.derivedData/ModuleCache.noindex/Session.modulevalidation -Xcc -fmodules-prune-interval\=86400 -Xcc -fmodules-prune-after\=345600 -emit-const-values -const-gather-protocols-list /Users/admin/builder/spi-builder-workspace/.derivedData/Build/Intermediates.noindex/SwaggerParser.build/Debug-xros/SwaggerParser-t.build/Objects-normal/arm64/SwaggerParser_const_extract_protocols.json -Xcc -I/Users/admin/builder/spi-builder-workspace/.derivedData/Build/Products/Debug-xros/include -Xcc -I/Users/admin/builder/spi-builder-workspace/.derivedData/Build/Intermediates.noindex/SwaggerParser.build/Debug-xros/SwaggerParser-t.build/DerivedSources-normal/arm64 -Xcc -I/Users/admin/builder/spi-builder-workspace/.derivedData/Build/Intermediates.noindex/SwaggerParser.build/Debug-xros/SwaggerParser-t.build/DerivedSources/arm64 -Xcc -I/Users/admin/builder/spi-builder-workspace/.derivedData/Build/Intermediates.noindex/SwaggerParser.build/Debug-xros/SwaggerParser-t.build/DerivedSources -Xcc -DSWIFT_PACKAGE -Xcc -DDEBUG\=1 -emit-objc-header -emit-objc-header-path /Users/admin/builder/spi-builder-workspace/.derivedData/Build/Intermediates.noindex/SwaggerParser.build/Debug-xros/SwaggerParser-t.build/Objects-normal/arm64/SwaggerParser-Swift.h -working-directory /Users/admin/builder/spi-builder-workspace/.swiftpm/xcode -experimental-emit-module-separately -disable-cmo
SwiftDriver OpenAPIKitCore normal arm64 com.apple.xcode.tools.swift.compiler (in target 'OpenAPIKitCore' from project 'OpenAPIKit')
cd /Users/admin/builder/spi-builder-workspace/.swiftpm/xcode
builtin-SwiftDriver -- /Applications/Xcode-27.0.0-Release.Candidate.app/Contents/Developer/Toolchains/XcodeDefault.xctoolchain/usr/bin/swiftc -parse-as-library -module-name OpenAPIKitCore -Onone @/Users/admin/builder/spi-builder-workspace/.derivedData/Build/Intermediates.noindex/OpenAPIKit.build/Debug-xros/OpenAPIKitCore-t.build/Objects-normal/arm64/OpenAPIKitCore.SwiftFileList -DSWIFT_PACKAGE -DDEBUG -DSWIFT_MODULE_RESOURCE_BUNDLE_UNAVAILABLE -DXcode -plugin-path /Applications/Xcode-27.0.0-Release.Candidate.app/Contents/Developer/Toolchains/XcodeDefault.xctoolchain/usr/lib/swift/host/plugins/testing -enable-experimental-feature DebugDescriptionMacro -sdk /Applications/Xcode-27.0.0-Release.Candidate.app/Contents/Developer/Platforms/XROS.platform/Developer/SDKs/XROS27.0.sdk -target arm64-apple-xros1.0 -g -module-cache-path /Users/admin/builder/spi-builder-workspace/.derivedData/ModuleCache.noindex -Xfrontend -serialize-debugging-options -enable-testing -suppress-warnings -index-store-path /Users/admin/builder/spi-builder-workspace/.derivedData/Index.noindex/DataStore -Xcc -D_LIBCPP_HARDENING_MODE\=_LIBCPP_HARDENING_MODE_DEBUG -swift-version 5 -I /Users/admin/builder/spi-builder-workspace/.derivedData/Build/Products/Debug-xros -Isystem /Applications/Xcode-27.0.0-Release.Candidate.app/Contents/Developer/Platforms/XROS.platform/Developer/usr/lib -F /Users/admin/builder/spi-builder-workspace/.derivedData/Build/Products/Debug-xros -F /Applications/Xcode-27.0.0-Release.Candidate.app/Contents/Developer/Platforms/XROS.platform/Developer/Library/Frameworks -F /Applications/Xcode-27.0.0-Release.Candidate.app/Contents/Developer/Platforms/XROS.platform/Developer/SDKs/XROS27.0.sdk/Developer/Library/Frameworks -c -j10 -enable-batch-mode -incremental -Xcc -ivfsstatcache -Xcc /Users/admin/builder/spi-builder-workspace/.derivedData/SDKStatCaches.noindex/xros27.0-24M361-e829b21a6f8c9b70876ba0858053c044735bd543db762f57723cac368afd1ce4.sdkstatcache -output-file-map /Users/admin/builder/spi-builder-workspace/.derivedData/Build/Intermediates.noindex/OpenAPIKit.build/Debug-xros/OpenAPIKitCore-t.build/Objects-normal/arm64/OpenAPIKitCore-OutputFileMap.json -save-temps -no-color-diagnostics -explicit-module-build -module-cache-path /Users/admin/builder/spi-builder-workspace/.derivedData/Build/Intermediates.noindex/SwiftExplicitPrecompiledModules -clang-scanner-module-cache-path /Users/admin/builder/spi-builder-workspace/.derivedData/ModuleCache.noindex -sdk-module-cache-path /Users/admin/builder/spi-builder-workspace/.derivedData/SDKExplicitPrecompiledModules -emit-dependencies -emit-module -emit-module-path /Users/admin/builder/spi-builder-workspace/.derivedData/Build/Intermediates.noindex/OpenAPIKit.build/Debug-xros/OpenAPIKitCore-t.build/Objects-normal/arm64/OpenAPIKitCore.swiftmodule -serialize-diagnostics -dependency-scan-serialize-diagnostics-path /Users/admin/builder/spi-builder-workspace/.derivedData/Build/Intermediates.noindex/OpenAPIKit.build/Debug-xros/OpenAPIKitCore-t.build/Objects-normal/arm64/OpenAPIKitCore-dependency-scan.dia -validate-clang-modules-once -clang-build-session-file /Users/admin/builder/spi-builder-workspace/.derivedData/ModuleCache.noindex/Session.modulevalidation -Xcc -fmodules-prune-interval\=86400 -Xcc -fmodules-prune-after\=345600 -emit-const-values -const-gather-protocols-list /Users/admin/builder/spi-builder-workspace/.derivedData/Build/Intermediates.noindex/OpenAPIKit.build/Debug-xros/OpenAPIKitCore-t.build/Objects-normal/arm64/OpenAPIKitCore_const_extract_protocols.json -Xcc -I/Users/admin/builder/spi-builder-workspace/.derivedData/Build/Products/Debug-xros/include -Xcc -I/Users/admin/builder/spi-builder-workspace/.derivedData/Build/Intermediates.noindex/OpenAPIKit.build/Debug-xros/OpenAPIKitCore-t.build/DerivedSources-normal/arm64 -Xcc -I/Users/admin/builder/spi-builder-workspace/.derivedData/Build/Intermediates.noindex/OpenAPIKit.build/Debug-xros/OpenAPIKitCore-t.build/DerivedSources/arm64 -Xcc -I/Users/admin/builder/spi-builder-workspace/.derivedData/Build/Intermediates.noindex/OpenAPIKit.build/Debug-xros/OpenAPIKitCore-t.build/DerivedSources -Xcc -DSWIFT_PACKAGE -Xcc -DDEBUG\=1 -emit-objc-header -emit-objc-header-path /Users/admin/builder/spi-builder-workspace/.derivedData/Build/Intermediates.noindex/OpenAPIKit.build/Debug-xros/OpenAPIKitCore-t.build/Objects-normal/arm64/OpenAPIKitCore-Swift.h -working-directory /Users/admin/builder/spi-builder-workspace/.swiftpm/xcode -experimental-emit-module-separately -disable-cmo
SwiftCompile normal arm64 Compiling\ APIKeySchema.swift,\ AllOfSchema.swift,\ ArrayItem.swift,\ ArrayMetadata.swift,\ ArraySchema.swift /Users/admin/builder/spi-builder-workspace/.dependencies/checkouts/SwaggerParser/Sources/APIKeySchema.swift /Users/admin/builder/spi-builder-workspace/.dependencies/checkouts/SwaggerParser/Sources/AllOfSchema.swift /Users/admin/builder/spi-builder-workspace/.dependencies/checkouts/SwaggerParser/Sources/ArrayItem.swift /Users/admin/builder/spi-builder-workspace/.dependencies/checkouts/SwaggerParser/Sources/ArrayMetadata.swift /Users/admin/builder/spi-builder-workspace/.dependencies/checkouts/SwaggerParser/Sources/ArraySchema.swift (in target 'SwaggerParser' from project 'SwaggerParser')
SwiftCompile normal arm64 /Users/admin/builder/spi-builder-workspace/.dependencies/checkouts/SwaggerParser/Sources/APIKeySchema.swift (in target 'SwaggerParser' from project 'SwaggerParser')
cd /Users/admin/builder/spi-builder-workspace/.swiftpm/xcode
builtin-SwiftPerFileCompile APIKeySchema.swift
SwiftCompile normal arm64 /Users/admin/builder/spi-builder-workspace/.dependencies/checkouts/SwaggerParser/Sources/AllOfSchema.swift (in target 'SwaggerParser' from project 'SwaggerParser')
cd /Users/admin/builder/spi-builder-workspace/.swiftpm/xcode
builtin-SwiftPerFileCompile AllOfSchema.swift
SwiftCompile normal arm64 /Users/admin/builder/spi-builder-workspace/.dependencies/checkouts/SwaggerParser/Sources/ArrayItem.swift (in target 'SwaggerParser' from project 'SwaggerParser')
cd /Users/admin/builder/spi-builder-workspace/.swiftpm/xcode
builtin-SwiftPerFileCompile ArrayItem.swift
SwiftCompile normal arm64 /Users/admin/builder/spi-builder-workspace/.dependencies/checkouts/SwaggerParser/Sources/ArrayMetadata.swift (in target 'SwaggerParser' from project 'SwaggerParser')
cd /Users/admin/builder/spi-builder-workspace/.swiftpm/xcode
builtin-SwiftPerFileCompile ArrayMetadata.swift
SwiftCompile normal arm64 /Users/admin/builder/spi-builder-workspace/.dependencies/checkouts/SwaggerParser/Sources/ArraySchema.swift (in target 'SwaggerParser' from project 'SwaggerParser')
cd /Users/admin/builder/spi-builder-workspace/.swiftpm/xcode
builtin-SwiftPerFileCompile ArraySchema.swift
SwiftEmitModule normal arm64 Emitting\ module\ for\ SwaggerParser (in target 'SwaggerParser' from project 'SwaggerParser')
SwiftCompile normal arm64 (in target 'SwaggerParser' from project 'SwaggerParser')
cd /Users/admin/builder/spi-builder-workspace/.swiftpm/xcode
SwiftCompile normal arm64 Compiling\ ReferenceResolver.swift,\ Response.swift,\ Schema.swift,\ SchemaType.swift /Users/admin/builder/spi-builder-workspace/.dependencies/checkouts/SwaggerParser/Sources/ReferenceResolver.swift /Users/admin/builder/spi-builder-workspace/.dependencies/checkouts/SwaggerParser/Sources/Response.swift /Users/admin/builder/spi-builder-workspace/.dependencies/checkouts/SwaggerParser/Sources/Schema.swift /Users/admin/builder/spi-builder-workspace/.dependencies/checkouts/SwaggerParser/Sources/SchemaType.swift (in target 'SwaggerParser' from project 'SwaggerParser')
SwiftCompile normal arm64 /Users/admin/builder/spi-builder-workspace/.dependencies/checkouts/SwaggerParser/Sources/ReferenceResolver.swift (in target 'SwaggerParser' from project 'SwaggerParser')
cd /Users/admin/builder/spi-builder-workspace/.swiftpm/xcode
builtin-SwiftPerFileCompile ReferenceResolver.swift
SwiftCompile normal arm64 /Users/admin/builder/spi-builder-workspace/.dependencies/checkouts/SwaggerParser/Sources/Response.swift (in target 'SwaggerParser' from project 'SwaggerParser')
cd /Users/admin/builder/spi-builder-workspace/.swiftpm/xcode
builtin-SwiftPerFileCompile Response.swift
SwiftCompile normal arm64 /Users/admin/builder/spi-builder-workspace/.dependencies/checkouts/SwaggerParser/Sources/Schema.swift (in target 'SwaggerParser' from project 'SwaggerParser')
cd /Users/admin/builder/spi-builder-workspace/.swiftpm/xcode
builtin-SwiftPerFileCompile Schema.swift
SwiftCompile normal arm64 /Users/admin/builder/spi-builder-workspace/.dependencies/checkouts/SwaggerParser/Sources/SchemaType.swift (in target 'SwaggerParser' from project 'SwaggerParser')
cd /Users/admin/builder/spi-builder-workspace/.swiftpm/xcode
builtin-SwiftPerFileCompile SchemaType.swift
SwiftCompile normal arm64 Compiling\ ObjectSchema.swift,\ OneOfSchema.swift,\ OneOrMany.swift,\ Operation.swift /Users/admin/builder/spi-builder-workspace/.dependencies/checkouts/SwaggerParser/Sources/ObjectSchema.swift /Users/admin/builder/spi-builder-workspace/.dependencies/checkouts/SwaggerParser/Sources/OneOfSchema.swift /Users/admin/builder/spi-builder-workspace/.dependencies/checkouts/SwaggerParser/Sources/OneOrMany.swift /Users/admin/builder/spi-builder-workspace/.dependencies/checkouts/SwaggerParser/Sources/Operation.swift (in target 'SwaggerParser' from project 'SwaggerParser')
SwiftCompile normal arm64 /Users/admin/builder/spi-builder-workspace/.dependencies/checkouts/SwaggerParser/Sources/ObjectSchema.swift (in target 'SwaggerParser' from project 'SwaggerParser')
cd /Users/admin/builder/spi-builder-workspace/.swiftpm/xcode
builtin-SwiftPerFileCompile ObjectSchema.swift
SwiftCompile normal arm64 /Users/admin/builder/spi-builder-workspace/.dependencies/checkouts/SwaggerParser/Sources/OneOfSchema.swift (in target 'SwaggerParser' from project 'SwaggerParser')
cd /Users/admin/builder/spi-builder-workspace/.swiftpm/xcode
builtin-SwiftPerFileCompile OneOfSchema.swift
SwiftCompile normal arm64 /Users/admin/builder/spi-builder-workspace/.dependencies/checkouts/SwaggerParser/Sources/OneOrMany.swift (in target 'SwaggerParser' from project 'SwaggerParser')
cd /Users/admin/builder/spi-builder-workspace/.swiftpm/xcode
builtin-SwiftPerFileCompile OneOrMany.swift
SwiftCompile normal arm64 /Users/admin/builder/spi-builder-workspace/.dependencies/checkouts/SwaggerParser/Sources/Operation.swift (in target 'SwaggerParser' from project 'SwaggerParser')
cd /Users/admin/builder/spi-builder-workspace/.swiftpm/xcode
builtin-SwiftPerFileCompile Operation.swift
SwiftCompile normal arm64 Compiling\ Errors.swift,\ ExternalDocumentation.swift,\ FixedParameterFields.swift,\ Information.swift,\ IntegerItem.swift /Users/admin/builder/spi-builder-workspace/.dependencies/checkouts/SwaggerParser/Sources/Errors.swift /Users/admin/builder/spi-builder-workspace/.dependencies/checkouts/SwaggerParser/Sources/ExternalDocumentation.swift /Users/admin/builder/spi-builder-workspace/.dependencies/checkouts/SwaggerParser/Sources/FixedParameterFields.swift /Users/admin/builder/spi-builder-workspace/.dependencies/checkouts/SwaggerParser/Sources/Information.swift /Users/admin/builder/spi-builder-workspace/.dependencies/checkouts/SwaggerParser/Sources/IntegerItem.swift (in target 'SwaggerParser' from project 'SwaggerParser')
SwiftCompile normal arm64 /Users/admin/builder/spi-builder-workspace/.dependencies/checkouts/SwaggerParser/Sources/Errors.swift (in target 'SwaggerParser' from project 'SwaggerParser')
cd /Users/admin/builder/spi-builder-workspace/.swiftpm/xcode
builtin-SwiftPerFileCompile Errors.swift
SwiftCompile normal arm64 /Users/admin/builder/spi-builder-workspace/.dependencies/checkouts/SwaggerParser/Sources/ExternalDocumentation.swift (in target 'SwaggerParser' from project 'SwaggerParser')
cd /Users/admin/builder/spi-builder-workspace/.swiftpm/xcode
builtin-SwiftPerFileCompile ExternalDocumentation.swift
SwiftCompile normal arm64 /Users/admin/builder/spi-builder-workspace/.dependencies/checkouts/SwaggerParser/Sources/FixedParameterFields.swift (in target 'SwaggerParser' from project 'SwaggerParser')
cd /Users/admin/builder/spi-builder-workspace/.swiftpm/xcode
builtin-SwiftPerFileCompile FixedParameterFields.swift
SwiftCompile normal arm64 /Users/admin/builder/spi-builder-workspace/.dependencies/checkouts/SwaggerParser/Sources/Information.swift (in target 'SwaggerParser' from project 'SwaggerParser')
cd /Users/admin/builder/spi-builder-workspace/.swiftpm/xcode
builtin-SwiftPerFileCompile Information.swift
SwiftCompile normal arm64 /Users/admin/builder/spi-builder-workspace/.dependencies/checkouts/SwaggerParser/Sources/IntegerItem.swift (in target 'SwaggerParser' from project 'SwaggerParser')
cd /Users/admin/builder/spi-builder-workspace/.swiftpm/xcode
builtin-SwiftPerFileCompile IntegerItem.swift
SwiftCompile normal arm64 Compiling\ Structure.swift,\ Swagger.swift,\ Tag.swift,\ Version.swift /Users/admin/builder/spi-builder-workspace/.dependencies/checkouts/SwaggerParser/Sources/Structure.swift /Users/admin/builder/spi-builder-workspace/.dependencies/checkouts/SwaggerParser/Sources/Swagger.swift /Users/admin/builder/spi-builder-workspace/.dependencies/checkouts/SwaggerParser/Sources/Tag.swift /Users/admin/builder/spi-builder-workspace/.dependencies/checkouts/SwaggerParser/Sources/Version.swift (in target 'SwaggerParser' from project 'SwaggerParser')
SwiftCompile normal arm64 /Users/admin/builder/spi-builder-workspace/.dependencies/checkouts/SwaggerParser/Sources/Structure.swift (in target 'SwaggerParser' from project 'SwaggerParser')
cd /Users/admin/builder/spi-builder-workspace/.swiftpm/xcode
builtin-SwiftPerFileCompile Structure.swift
SwiftCompile normal arm64 /Users/admin/builder/spi-builder-workspace/.dependencies/checkouts/SwaggerParser/Sources/Swagger.swift (in target 'SwaggerParser' from project 'SwaggerParser')
cd /Users/admin/builder/spi-builder-workspace/.swiftpm/xcode
builtin-SwiftPerFileCompile Swagger.swift
SwiftCompile normal arm64 /Users/admin/builder/spi-builder-workspace/.dependencies/checkouts/SwaggerParser/Sources/Tag.swift (in target 'SwaggerParser' from project 'SwaggerParser')
cd /Users/admin/builder/spi-builder-workspace/.swiftpm/xcode
builtin-SwiftPerFileCompile Tag.swift
SwiftCompile normal arm64 /Users/admin/builder/spi-builder-workspace/.dependencies/checkouts/SwaggerParser/Sources/Version.swift (in target 'SwaggerParser' from project 'SwaggerParser')
cd /Users/admin/builder/spi-builder-workspace/.swiftpm/xcode
builtin-SwiftPerFileCompile Version.swift
SwiftCompile normal arm64 Compiling\ Metadata.swift,\ NumberItem.swift,\ NumericMetadata.swift,\ Oauth2Schema.swift,\ ObjectMetadata.swift /Users/admin/builder/spi-builder-workspace/.dependencies/checkouts/SwaggerParser/Sources/Metadata.swift /Users/admin/builder/spi-builder-workspace/.dependencies/checkouts/SwaggerParser/Sources/NumberItem.swift /Users/admin/builder/spi-builder-workspace/.dependencies/checkouts/SwaggerParser/Sources/NumericMetadata.swift /Users/admin/builder/spi-builder-workspace/.dependencies/checkouts/SwaggerParser/Sources/Oauth2Schema.swift /Users/admin/builder/spi-builder-workspace/.dependencies/checkouts/SwaggerParser/Sources/ObjectMetadata.swift (in target 'SwaggerParser' from project 'SwaggerParser')
SwiftCompile normal arm64 /Users/admin/builder/spi-builder-workspace/.dependencies/checkouts/SwaggerParser/Sources/Metadata.swift (in target 'SwaggerParser' from project 'SwaggerParser')
cd /Users/admin/builder/spi-builder-workspace/.swiftpm/xcode
builtin-SwiftPerFileCompile Metadata.swift
SwiftCompile normal arm64 /Users/admin/builder/spi-builder-workspace/.dependencies/checkouts/SwaggerParser/Sources/NumberItem.swift (in target 'SwaggerParser' from project 'SwaggerParser')
cd /Users/admin/builder/spi-builder-workspace/.swiftpm/xcode
builtin-SwiftPerFileCompile NumberItem.swift
SwiftCompile normal arm64 /Users/admin/builder/spi-builder-workspace/.dependencies/checkouts/SwaggerParser/Sources/NumericMetadata.swift (in target 'SwaggerParser' from project 'SwaggerParser')
cd /Users/admin/builder/spi-builder-workspace/.swiftpm/xcode
builtin-SwiftPerFileCompile NumericMetadata.swift
SwiftCompile normal arm64 /Users/admin/builder/spi-builder-workspace/.dependencies/checkouts/SwaggerParser/Sources/Oauth2Schema.swift (in target 'SwaggerParser' from project 'SwaggerParser')
cd /Users/admin/builder/spi-builder-workspace/.swiftpm/xcode
builtin-SwiftPerFileCompile Oauth2Schema.swift
SwiftCompile normal arm64 /Users/admin/builder/spi-builder-workspace/.dependencies/checkouts/SwaggerParser/Sources/ObjectMetadata.swift (in target 'SwaggerParser' from project 'SwaggerParser')
cd /Users/admin/builder/spi-builder-workspace/.swiftpm/xcode
builtin-SwiftPerFileCompile ObjectMetadata.swift
SwiftCompile normal arm64 Compiling\ SecuritySchema.swift,\ StringFormat.swift,\ StringItem.swift,\ StringMetadata.swift /Users/admin/builder/spi-builder-workspace/.dependencies/checkouts/SwaggerParser/Sources/SecuritySchema.swift /Users/admin/builder/spi-builder-workspace/.dependencies/checkouts/SwaggerParser/Sources/StringFormat.swift /Users/admin/builder/spi-builder-workspace/.dependencies/checkouts/SwaggerParser/Sources/StringItem.swift /Users/admin/builder/spi-builder-workspace/.dependencies/checkouts/SwaggerParser/Sources/StringMetadata.swift (in target 'SwaggerParser' from project 'SwaggerParser')
SwiftCompile normal arm64 /Users/admin/builder/spi-builder-workspace/.dependencies/checkouts/SwaggerParser/Sources/SecuritySchema.swift (in target 'SwaggerParser' from project 'SwaggerParser')
cd /Users/admin/builder/spi-builder-workspace/.swiftpm/xcode
builtin-SwiftPerFileCompile SecuritySchema.swift
SwiftCompile normal arm64 /Users/admin/builder/spi-builder-workspace/.dependencies/checkouts/SwaggerParser/Sources/StringFormat.swift (in target 'SwaggerParser' from project 'SwaggerParser')
cd /Users/admin/builder/spi-builder-workspace/.swiftpm/xcode
builtin-SwiftPerFileCompile StringFormat.swift
SwiftCompile normal arm64 /Users/admin/builder/spi-builder-workspace/.dependencies/checkouts/SwaggerParser/Sources/StringItem.swift (in target 'SwaggerParser' from project 'SwaggerParser')
cd /Users/admin/builder/spi-builder-workspace/.swiftpm/xcode
builtin-SwiftPerFileCompile StringItem.swift
SwiftCompile normal arm64 /Users/admin/builder/spi-builder-workspace/.dependencies/checkouts/SwaggerParser/Sources/StringMetadata.swift (in target 'SwaggerParser' from project 'SwaggerParser')
cd /Users/admin/builder/spi-builder-workspace/.swiftpm/xcode
builtin-SwiftPerFileCompile StringMetadata.swift
SwiftCompile normal arm64 Compiling\ Parameter.swift,\ Path.swift,\ Pointer.swift,\ Reference.swift /Users/admin/builder/spi-builder-workspace/.dependencies/checkouts/SwaggerParser/Sources/Parameter.swift /Users/admin/builder/spi-builder-workspace/.dependencies/checkouts/SwaggerParser/Sources/Path.swift /Users/admin/builder/spi-builder-workspace/.dependencies/checkouts/SwaggerParser/Sources/Pointer.swift /Users/admin/builder/spi-builder-workspace/.dependencies/checkouts/SwaggerParser/Sources/Reference.swift (in target 'SwaggerParser' from project 'SwaggerParser')
SwiftCompile normal arm64 /Users/admin/builder/spi-builder-workspace/.dependencies/checkouts/SwaggerParser/Sources/Parameter.swift (in target 'SwaggerParser' from project 'SwaggerParser')
cd /Users/admin/builder/spi-builder-workspace/.swiftpm/xcode
builtin-SwiftPerFileCompile Parameter.swift
SwiftCompile normal arm64 /Users/admin/builder/spi-builder-workspace/.dependencies/checkouts/SwaggerParser/Sources/Path.swift (in target 'SwaggerParser' from project 'SwaggerParser')
cd /Users/admin/builder/spi-builder-workspace/.swiftpm/xcode
builtin-SwiftPerFileCompile Path.swift
SwiftCompile normal arm64 /Users/admin/builder/spi-builder-workspace/.dependencies/checkouts/SwaggerParser/Sources/Pointer.swift (in target 'SwaggerParser' from project 'SwaggerParser')
cd /Users/admin/builder/spi-builder-workspace/.swiftpm/xcode
builtin-SwiftPerFileCompile Pointer.swift
SwiftCompile normal arm64 /Users/admin/builder/spi-builder-workspace/.dependencies/checkouts/SwaggerParser/Sources/Reference.swift (in target 'SwaggerParser' from project 'SwaggerParser')
cd /Users/admin/builder/spi-builder-workspace/.swiftpm/xcode
builtin-SwiftPerFileCompile Reference.swift
PruneExplicitPrecompiledModules /Users/admin/builder/spi-builder-workspace/.derivedData/Build/Intermediates.noindex/ExplicitPrecompiledModules
PruneExplicitPrecompiledModules /Users/admin/builder/spi-builder-workspace/.derivedData/SDKExplicitPrecompiledModules
PruneExplicitPrecompiledModules /Users/admin/builder/spi-builder-workspace/.derivedData/Build/Intermediates.noindex/SwiftExplicitPrecompiledModules
2026-09-19 06:40:39.398 xcodebuild[920:5652] [MT] IDERunDestination: Supported platforms for the buildables in the current scheme is empty.
** BUILD FAILED **
The following build commands failed:
SwiftDriver Yams normal arm64 com.apple.xcode.tools.swift.compiler (in target 'Yams' from project 'Yams')
Building workspace OpenAPISwiftCodeGenerate with scheme OpenAPISwiftCodeGenerate-Package
(2 failures)
BUILD FAILURE 6.4 visionOS