The Swift Package Index logo.Swift Package Index

Build Information

Failed to build ODRManager, reference 2.1.0 (2c1f5a), with Swift 6.4 for watchOS using Xcode 27.0 on 27 Sep 2026 15:33:31 UTC.

Build Command

env DEVELOPER_DIR=/Applications/Xcode-27.0.0-Release.Candidate.app xcrun xcodebuild -IDEClonedSourcePackagesDirPathOverride=$PWD/.dependencies -skipMacroValidation -skipPackagePluginValidation -derivedDataPath $PWD/.derivedData build -scheme ODRManager -destination generic/platform=watchOS

Build Log

Ld /Users/admin/builder/spi-builder-workspace/.derivedData/Build/Intermediates.noindex/SoundManager.build/Debug-watchos/SoundManager-t.build/Objects-normal/arm64_32/Binary/SoundManager.o normal arm64_32 (in target 'SoundManager' from project 'SoundManager')
    cd /Users/admin/builder/spi-builder-workspace/.dependencies/checkouts/SoundManager
    /Applications/Xcode-27.0.0-Release.Candidate.app/Contents/Developer/Toolchains/XcodeDefault.xctoolchain/usr/bin/clang -Xlinker -reproducible -target arm64_32-apple-watchos26.0 -r -isysroot /Applications/Xcode-27.0.0-Release.Candidate.app/Contents/Developer/Platforms/WatchOS.platform/Developer/SDKs/WatchOS27.0.sdk -O0 -w -Xlinker -no_warn_duplicate_libraries -F/Users/admin/builder/spi-builder-workspace/.derivedData/Build/Intermediates.noindex/EagerLinkingTBDs/Debug-watchos -F/Users/admin/builder/spi-builder-workspace/.derivedData/Build/Products/Debug-watchos/PackageFrameworks -F/Users/admin/builder/spi-builder-workspace/.derivedData/Build/Products/Debug-watchos -iframework /Applications/Xcode-27.0.0-Release.Candidate.app/Contents/Developer/Platforms/WatchOS.platform/Developer/Library/Frameworks -iframework /Applications/Xcode-27.0.0-Release.Candidate.app/Contents/Developer/Platforms/WatchOS.platform/Developer/SDKs/WatchOS27.0.sdk/Developer/Library/Frameworks -filelist /Users/admin/builder/spi-builder-workspace/.derivedData/Build/Intermediates.noindex/SoundManager.build/Debug-watchos/SoundManager-t.build/Objects-normal/arm64_32/SoundManager.LinkFileList -nostdlib -Xlinker -object_path_lto -Xlinker /Users/admin/builder/spi-builder-workspace/.derivedData/Build/Intermediates.noindex/SoundManager.build/Debug-watchos/SoundManager-t.build/Objects-normal/arm64_32/SoundManager_lto.o -Xlinker -no_deduplicate -Xlinker -debug_variant -Xlinker -dependency_info -Xlinker /Users/admin/builder/spi-builder-workspace/.derivedData/Build/Intermediates.noindex/SoundManager.build/Debug-watchos/SoundManager-t.build/Objects-normal/arm64_32/SoundManager_dependency_info.dat -fobjc-link-runtime -L/Applications/Xcode-27.0.0-Release.Candidate.app/Contents/Developer/Toolchains/XcodeDefault.xctoolchain/usr/lib/swift/watchos -L/usr/lib/swift -Xlinker -add_ast_path -Xlinker /Users/admin/builder/spi-builder-workspace/.derivedData/Build/Intermediates.noindex/SoundManager.build/Debug-watchos/SoundManager-t.build/Objects-normal/arm64_32/SoundManager.swiftmodule -o /Users/admin/builder/spi-builder-workspace/.derivedData/Build/Intermediates.noindex/SoundManager.build/Debug-watchos/SoundManager-t.build/Objects-normal/arm64_32/Binary/SoundManager.o
SwiftDriverJobDiscovery normal arm64 Compiling IconButton.swift, IconDescriptionButton.swift (in target 'SwiftUIKit' from project 'SwiftUIKit')
Ld /Users/admin/builder/spi-builder-workspace/.derivedData/Build/Intermediates.noindex/SoundManager.build/Debug-watchos/SoundManager-t.build/Objects-normal/arm64/Binary/SoundManager.o normal arm64 (in target 'SoundManager' from project 'SoundManager')
    cd /Users/admin/builder/spi-builder-workspace/.dependencies/checkouts/SoundManager
    /Applications/Xcode-27.0.0-Release.Candidate.app/Contents/Developer/Toolchains/XcodeDefault.xctoolchain/usr/bin/clang -Xlinker -reproducible -target arm64-apple-watchos26.0 -r -isysroot /Applications/Xcode-27.0.0-Release.Candidate.app/Contents/Developer/Platforms/WatchOS.platform/Developer/SDKs/WatchOS27.0.sdk -O0 -w -Xlinker -no_warn_duplicate_libraries -F/Users/admin/builder/spi-builder-workspace/.derivedData/Build/Intermediates.noindex/EagerLinkingTBDs/Debug-watchos -F/Users/admin/builder/spi-builder-workspace/.derivedData/Build/Products/Debug-watchos/PackageFrameworks -F/Users/admin/builder/spi-builder-workspace/.derivedData/Build/Products/Debug-watchos -iframework /Applications/Xcode-27.0.0-Release.Candidate.app/Contents/Developer/Platforms/WatchOS.platform/Developer/Library/Frameworks -iframework /Applications/Xcode-27.0.0-Release.Candidate.app/Contents/Developer/Platforms/WatchOS.platform/Developer/SDKs/WatchOS27.0.sdk/Developer/Library/Frameworks -filelist /Users/admin/builder/spi-builder-workspace/.derivedData/Build/Intermediates.noindex/SoundManager.build/Debug-watchos/SoundManager-t.build/Objects-normal/arm64/SoundManager.LinkFileList -nostdlib -Xlinker -object_path_lto -Xlinker /Users/admin/builder/spi-builder-workspace/.derivedData/Build/Intermediates.noindex/SoundManager.build/Debug-watchos/SoundManager-t.build/Objects-normal/arm64/SoundManager_lto.o -Xlinker -no_deduplicate -Xlinker -debug_variant -Xlinker -dependency_info -Xlinker /Users/admin/builder/spi-builder-workspace/.derivedData/Build/Intermediates.noindex/SoundManager.build/Debug-watchos/SoundManager-t.build/Objects-normal/arm64/SoundManager_dependency_info.dat -fobjc-link-runtime -L/Applications/Xcode-27.0.0-Release.Candidate.app/Contents/Developer/Toolchains/XcodeDefault.xctoolchain/usr/lib/swift/watchos -L/usr/lib/swift -Xlinker -add_ast_path -Xlinker /Users/admin/builder/spi-builder-workspace/.derivedData/Build/Intermediates.noindex/SoundManager.build/Debug-watchos/SoundManager-t.build/Objects-normal/arm64/SoundManager.swiftmodule -o /Users/admin/builder/spi-builder-workspace/.derivedData/Build/Intermediates.noindex/SoundManager.build/Debug-watchos/SoundManager-t.build/Objects-normal/arm64/Binary/SoundManager.o
SwiftCompile normal arm64 Compiling\ resource_bundle_accessor.swift /Users/admin/builder/spi-builder-workspace/.derivedData/Build/Intermediates.noindex/SimpleSerializer.build/Debug-watchos/SimpleSerializer-t.build/DerivedSources/resource_bundle_accessor.swift (in target 'SimpleSerializer' from project 'SimpleSerializer')
SwiftCompile normal arm64 /Users/admin/builder/spi-builder-workspace/.derivedData/Build/Intermediates.noindex/SimpleSerializer.build/Debug-watchos/SimpleSerializer-t.build/DerivedSources/resource_bundle_accessor.swift (in target 'SimpleSerializer' from project 'SimpleSerializer')
    cd /Users/admin/builder/spi-builder-workspace/.swiftpm/xcode
    builtin-SwiftPerFileCompile resource_bundle_accessor.swift
SwiftDriver\ Compilation SimpleSerializer normal arm64_32 com.apple.xcode.tools.swift.compiler (in target 'SimpleSerializer' from project 'SimpleSerializer')
    cd /Users/admin/builder/spi-builder-workspace/.swiftpm/xcode
    builtin-Swift-Compilation -- /Applications/Xcode-27.0.0-Release.Candidate.app/Contents/Developer/Toolchains/XcodeDefault.xctoolchain/usr/bin/swiftc -parse-as-library -module-name SimpleSerializer -Onone @/Users/admin/builder/spi-builder-workspace/.derivedData/Build/Intermediates.noindex/SimpleSerializer.build/Debug-watchos/SimpleSerializer-t.build/Objects-normal/arm64_32/SimpleSerializer.SwiftFileList -DSWIFT_PACKAGE -DDEBUG -DSWIFT_MODULE_RESOURCE_BUNDLE_AVAILABLE -DXcode -plugin-path /Applications/Xcode-27.0.0-Release.Candidate.app/Contents/Developer/Toolchains/XcodeDefault.xctoolchain/usr/lib/swift/host/plugins/testing -enable-experimental-feature DebugDescriptionMacro -sdk /Applications/Xcode-27.0.0-Release.Candidate.app/Contents/Developer/Platforms/WatchOS.platform/Developer/SDKs/WatchOS27.0.sdk -target arm64_32-apple-watchos26.0 -g -module-cache-path /Users/admin/builder/spi-builder-workspace/.derivedData/ModuleCache.noindex -Xfrontend -serialize-debugging-options -profile-coverage-mapping -profile-generate -enable-testing -suppress-warnings -index-store-path /Users/admin/builder/spi-builder-workspace/.derivedData/Index.noindex/DataStore -Xcc -D_LIBCPP_HARDENING_MODE\=_LIBCPP_HARDENING_MODE_DEBUG -swift-version 6 -I /Users/admin/builder/spi-builder-workspace/.derivedData/Build/Products/Debug-watchos -Isystem /Applications/Xcode-27.0.0-Release.Candidate.app/Contents/Developer/Platforms/WatchOS.platform/Developer/usr/lib -F /Users/admin/builder/spi-builder-workspace/.derivedData/Build/Products/Debug-watchos/PackageFrameworks -F /Users/admin/builder/spi-builder-workspace/.derivedData/Build/Products/Debug-watchos -F /Applications/Xcode-27.0.0-Release.Candidate.app/Contents/Developer/Platforms/WatchOS.platform/Developer/Library/Frameworks -F /Applications/Xcode-27.0.0-Release.Candidate.app/Contents/Developer/Platforms/WatchOS.platform/Developer/SDKs/WatchOS27.0.sdk/Developer/Library/Frameworks -c -j10 -enable-batch-mode -incremental -Xcc -ivfsstatcache -Xcc /Users/admin/builder/spi-builder-workspace/.derivedData/SDKStatCaches.noindex/watchos27.0-24R360-e829b21a6f8c9b70876ba0858053c04477534ef55a1706bf4c1112bbb242f0a2.sdkstatcache -output-file-map /Users/admin/builder/spi-builder-workspace/.derivedData/Build/Intermediates.noindex/SimpleSerializer.build/Debug-watchos/SimpleSerializer-t.build/Objects-normal/arm64_32/SimpleSerializer-OutputFileMap.json -save-temps -no-color-diagnostics -explicit-module-build -module-cache-path /Users/admin/builder/spi-builder-workspace/.derivedData/Build/Intermediates.noindex/SwiftExplicitPrecompiledModules -clang-scanner-module-cache-path /Users/admin/builder/spi-builder-workspace/.derivedData/ModuleCache.noindex -sdk-module-cache-path /Users/admin/builder/spi-builder-workspace/.derivedData/SDKExplicitPrecompiledModules -emit-dependencies -emit-module -emit-module-path /Users/admin/builder/spi-builder-workspace/.derivedData/Build/Intermediates.noindex/SimpleSerializer.build/Debug-watchos/SimpleSerializer-t.build/Objects-normal/arm64_32/SimpleSerializer.swiftmodule -serialize-diagnostics -dependency-scan-serialize-diagnostics-path /Users/admin/builder/spi-builder-workspace/.derivedData/Build/Intermediates.noindex/SimpleSerializer.build/Debug-watchos/SimpleSerializer-t.build/Objects-normal/arm64_32/SimpleSerializer-dependency-scan.dia -user-module-version 2.5.0 -validate-clang-modules-once -clang-build-session-file /Users/admin/builder/spi-builder-workspace/.derivedData/ModuleCache.noindex/Session.modulevalidation -Xcc -fmodules-prune-interval\=86400 -Xcc -fmodules-prune-after\=345600 -package-name simpleserializer -emit-const-values -const-gather-protocols-list /Users/admin/builder/spi-builder-workspace/.derivedData/Build/Intermediates.noindex/SimpleSerializer.build/Debug-watchos/SimpleSerializer-t.build/Objects-normal/arm64_32/SimpleSerializer_const_extract_protocols.json -Xcc -I/Users/admin/builder/spi-builder-workspace/.derivedData/Build/Products/Debug-watchos/include -Xcc -I/Users/admin/builder/spi-builder-workspace/.derivedData/Build/Intermediates.noindex/SimpleSerializer.build/Debug-watchos/SimpleSerializer-t.build/DerivedSources-normal/arm64_32 -Xcc -I/Users/admin/builder/spi-builder-workspace/.derivedData/Build/Intermediates.noindex/SimpleSerializer.build/Debug-watchos/SimpleSerializer-t.build/DerivedSources/arm64_32 -Xcc -I/Users/admin/builder/spi-builder-workspace/.derivedData/Build/Intermediates.noindex/SimpleSerializer.build/Debug-watchos/SimpleSerializer-t.build/DerivedSources -Xcc -DSWIFT_PACKAGE -Xcc -DDEBUG\=1 -emit-objc-header -emit-objc-header-path /Users/admin/builder/spi-builder-workspace/.derivedData/Build/Intermediates.noindex/SimpleSerializer.build/Debug-watchos/SimpleSerializer-t.build/Objects-normal/arm64_32/SimpleSerializer-Swift.h -working-directory /Users/admin/builder/spi-builder-workspace/.swiftpm/xcode -experimental-emit-module-separately -disable-cmo
CreateUniversalBinary /Users/admin/builder/spi-builder-workspace/.derivedData/Build/Products/Debug-watchos/SoundManager.o normal arm64\ arm64_32 (in target 'SoundManager' from project 'SoundManager')
    cd /Users/admin/builder/spi-builder-workspace/.dependencies/checkouts/SoundManager
    /Applications/Xcode-27.0.0-Release.Candidate.app/Contents/Developer/Toolchains/XcodeDefault.xctoolchain/usr/bin/lipo -create /Users/admin/builder/spi-builder-workspace/.derivedData/Build/Intermediates.noindex/SoundManager.build/Debug-watchos/SoundManager-t.build/Objects-normal/arm64/Binary/SoundManager.o /Users/admin/builder/spi-builder-workspace/.derivedData/Build/Intermediates.noindex/SoundManager.build/Debug-watchos/SoundManager-t.build/Objects-normal/arm64_32/Binary/SoundManager.o -output /Users/admin/builder/spi-builder-workspace/.derivedData/Build/Products/Debug-watchos/SoundManager.o
SwiftCompile normal arm64 Compiling\ Serializer.swift /Users/admin/builder/spi-builder-workspace/.dependencies/checkouts/SimpleSerializer/Sources/SimpleSerializer/Serializer.swift (in target 'SimpleSerializer' from project 'SimpleSerializer')
SwiftCompile normal arm64 /Users/admin/builder/spi-builder-workspace/.dependencies/checkouts/SimpleSerializer/Sources/SimpleSerializer/Serializer.swift (in target 'SimpleSerializer' from project 'SimpleSerializer')
    cd /Users/admin/builder/spi-builder-workspace/.swiftpm/xcode
    builtin-SwiftPerFileCompile Serializer.swift
SwiftDriverJobDiscovery normal arm64_32 Compiling IconButton.swift, IconDescriptionButton.swift (in target 'SwiftUIKit' from project 'SwiftUIKit')
SwiftCompile normal arm64 Compiling\ SimpleSerializeableEnum.swift /Users/admin/builder/spi-builder-workspace/.dependencies/checkouts/SimpleSerializer/Sources/SimpleSerializer/SimpleSerializeableEnum.swift (in target 'SimpleSerializer' from project 'SimpleSerializer')
SwiftCompile normal arm64 /Users/admin/builder/spi-builder-workspace/.dependencies/checkouts/SimpleSerializer/Sources/SimpleSerializer/SimpleSerializeableEnum.swift (in target 'SimpleSerializer' from project 'SimpleSerializer')
    cd /Users/admin/builder/spi-builder-workspace/.swiftpm/xcode
    builtin-SwiftPerFileCompile SimpleSerializeableEnum.swift
SwiftCompile normal arm64 Compiling\ Deserializer.swift /Users/admin/builder/spi-builder-workspace/.dependencies/checkouts/SimpleSerializer/Sources/SimpleSerializer/Deserializer.swift (in target 'SimpleSerializer' from project 'SimpleSerializer')
SwiftCompile normal arm64 /Users/admin/builder/spi-builder-workspace/.dependencies/checkouts/SimpleSerializer/Sources/SimpleSerializer/Deserializer.swift (in target 'SimpleSerializer' from project 'SimpleSerializer')
    cd /Users/admin/builder/spi-builder-workspace/.swiftpm/xcode
    builtin-SwiftPerFileCompile Deserializer.swift
SwiftDriverJobDiscovery normal arm64_32 Compiling resource_bundle_accessor.swift, AlertState.swift, AlertTypes.swift (in target 'SwiftUIKit' from project 'SwiftUIKit')
SwiftCompile normal arm64 Compiling\ SimpleSerializeable.swift /Users/admin/builder/spi-builder-workspace/.dependencies/checkouts/SimpleSerializer/Sources/SimpleSerializer/SimpleSerializeable.swift (in target 'SimpleSerializer' from project 'SimpleSerializer')
SwiftCompile normal arm64 /Users/admin/builder/spi-builder-workspace/.dependencies/checkouts/SimpleSerializer/Sources/SimpleSerializer/SimpleSerializeable.swift (in target 'SimpleSerializer' from project 'SimpleSerializer')
    cd /Users/admin/builder/spi-builder-workspace/.swiftpm/xcode
    builtin-SwiftPerFileCompile SimpleSerializeable.swift
SwiftDriverJobDiscovery normal arm64_32 Compiling OnOffToggleButton.swift, ScaleableWaitingIndicator.swift (in target 'SwiftUIKit' from project 'SwiftUIKit')
SwiftDriverJobDiscovery normal arm64 Compiling WordArtView.swift, ZoomView.swift (in target 'SwiftUIKit' from project 'SwiftUIKit')
ExtractAppIntentsMetadata (in target 'SwiftletUtilities' from project 'SwiftletUtilities')
    cd /Users/admin/builder/spi-builder-workspace/.dependencies/checkouts/SwiftletUtilities
    /Applications/Xcode-27.0.0-Release.Candidate.app/Contents/Developer/Toolchains/XcodeDefault.xctoolchain/usr/bin/appintentsmetadataprocessor --toolchain-dir /var/run/com.apple.security.cryptexd/mnt/com.apple.MobileAsset.MetalToolchain-v27.1.266.1.ps0hDP/Metal.xctoolchain --module-name SwiftletUtilities --sdk-root /Applications/Xcode-27.0.0-Release.Candidate.app/Contents/Developer/Platforms/WatchOS.platform/Developer/SDKs/WatchOS27.0.sdk --xcode-version 27A266a --platform-family watchOS --deployment-target 26.0 --bundle-identifier swiftletutilities.SwiftletUtilities --output /Users/admin/builder/spi-builder-workspace/.derivedData/Build/Products/Debug-watchos/SwiftletUtilities.appintents --target-triple arm64-apple-watchos26.0 --target-triple arm64_32-apple-watchos26.0 --binary-file /Users/admin/builder/spi-builder-workspace/.derivedData/Build/Products/Debug-watchos/SwiftletUtilities.o --dependency-file /Users/admin/builder/spi-builder-workspace/.derivedData/Build/Intermediates.noindex/SwiftletUtilities.build/Debug-watchos/SwiftletUtilities-t.build/Objects-normal/arm64/SwiftletUtilities_dependency_info.dat --dependency-file /Users/admin/builder/spi-builder-workspace/.derivedData/Build/Intermediates.noindex/SwiftletUtilities.build/Debug-watchos/SwiftletUtilities-t.build/Objects-normal/arm64_32/SwiftletUtilities_dependency_info.dat --stringsdata-file /Users/admin/builder/spi-builder-workspace/.derivedData/Build/Intermediates.noindex/SwiftletUtilities.build/Debug-watchos/SwiftletUtilities-t.build/Objects-normal/arm64/ExtractedAppShortcutsMetadata.stringsdata --stringsdata-file /Users/admin/builder/spi-builder-workspace/.derivedData/Build/Intermediates.noindex/SwiftletUtilities.build/Debug-watchos/SwiftletUtilities-t.build/Objects-normal/arm64_32/ExtractedAppShortcutsMetadata.stringsdata --source-file-list /Users/admin/builder/spi-builder-workspace/.derivedData/Build/Intermediates.noindex/SwiftletUtilities.build/Debug-watchos/SwiftletUtilities-t.build/Objects-normal/arm64/SwiftletUtilities.SwiftFileList --source-file-list /Users/admin/builder/spi-builder-workspace/.derivedData/Build/Intermediates.noindex/SwiftletUtilities.build/Debug-watchos/SwiftletUtilities-t.build/Objects-normal/arm64_32/SwiftletUtilities.SwiftFileList --metadata-file-list /Users/admin/builder/spi-builder-workspace/.derivedData/Build/Intermediates.noindex/SwiftletUtilities.build/Debug-watchos/SwiftletUtilities-t.build/SwiftletUtilities.DependencyMetadataFileList --static-metadata-file-list /Users/admin/builder/spi-builder-workspace/.derivedData/Build/Intermediates.noindex/SwiftletUtilities.build/Debug-watchos/SwiftletUtilities-t.build/SwiftletUtilities.DependencyStaticMetadataFileList --swift-const-vals-list /Users/admin/builder/spi-builder-workspace/.derivedData/Build/Intermediates.noindex/SwiftletUtilities.build/Debug-watchos/SwiftletUtilities-t.build/Objects-normal/arm64/SwiftletUtilities.SwiftConstValuesFileList --swift-const-vals-list /Users/admin/builder/spi-builder-workspace/.derivedData/Build/Intermediates.noindex/SwiftletUtilities.build/Debug-watchos/SwiftletUtilities-t.build/Objects-normal/arm64_32/SwiftletUtilities.SwiftConstValuesFileList --force --compile-time-extraction --deployment-aware-processing --no-app-shortcuts-localization
2026-09-27 11:33:23.218 appintentsmetadataprocessor[1229:6954] Starting appintentsmetadataprocessor export
2026-09-27 11:33:23.298 appintentsmetadataprocessor[1229:6954] Extracted no relevant App Intents symbols, skipping writing output
ExtractAppIntentsMetadata (in target 'SoundManager' from project 'SoundManager')
    cd /Users/admin/builder/spi-builder-workspace/.dependencies/checkouts/SoundManager
    /Applications/Xcode-27.0.0-Release.Candidate.app/Contents/Developer/Toolchains/XcodeDefault.xctoolchain/usr/bin/appintentsmetadataprocessor --toolchain-dir /var/run/com.apple.security.cryptexd/mnt/com.apple.MobileAsset.MetalToolchain-v27.1.266.1.ps0hDP/Metal.xctoolchain --module-name SoundManager --sdk-root /Applications/Xcode-27.0.0-Release.Candidate.app/Contents/Developer/Platforms/WatchOS.platform/Developer/SDKs/WatchOS27.0.sdk --xcode-version 27A266a --platform-family watchOS --deployment-target 26.0 --bundle-identifier soundmanager.SoundManager --output /Users/admin/builder/spi-builder-workspace/.derivedData/Build/Products/Debug-watchos/SoundManager.appintents --target-triple arm64-apple-watchos26.0 --target-triple arm64_32-apple-watchos26.0 --binary-file /Users/admin/builder/spi-builder-workspace/.derivedData/Build/Products/Debug-watchos/SoundManager.o --dependency-file /Users/admin/builder/spi-builder-workspace/.derivedData/Build/Intermediates.noindex/SoundManager.build/Debug-watchos/SoundManager-t.build/Objects-normal/arm64/SoundManager_dependency_info.dat --dependency-file /Users/admin/builder/spi-builder-workspace/.derivedData/Build/Intermediates.noindex/SoundManager.build/Debug-watchos/SoundManager-t.build/Objects-normal/arm64_32/SoundManager_dependency_info.dat --stringsdata-file /Users/admin/builder/spi-builder-workspace/.derivedData/Build/Intermediates.noindex/SoundManager.build/Debug-watchos/SoundManager-t.build/Objects-normal/arm64/ExtractedAppShortcutsMetadata.stringsdata --stringsdata-file /Users/admin/builder/spi-builder-workspace/.derivedData/Build/Intermediates.noindex/SoundManager.build/Debug-watchos/SoundManager-t.build/Objects-normal/arm64_32/ExtractedAppShortcutsMetadata.stringsdata --source-file-list /Users/admin/builder/spi-builder-workspace/.derivedData/Build/Intermediates.noindex/SoundManager.build/Debug-watchos/SoundManager-t.build/Objects-normal/arm64/SoundManager.SwiftFileList --source-file-list /Users/admin/builder/spi-builder-workspace/.derivedData/Build/Intermediates.noindex/SoundManager.build/Debug-watchos/SoundManager-t.build/Objects-normal/arm64_32/SoundManager.SwiftFileList --metadata-file-list /Users/admin/builder/spi-builder-workspace/.derivedData/Build/Intermediates.noindex/SoundManager.build/Debug-watchos/SoundManager-t.build/SoundManager.DependencyMetadataFileList --static-metadata-file-list /Users/admin/builder/spi-builder-workspace/.derivedData/Build/Intermediates.noindex/SoundManager.build/Debug-watchos/SoundManager-t.build/SoundManager.DependencyStaticMetadataFileList --swift-const-vals-list /Users/admin/builder/spi-builder-workspace/.derivedData/Build/Intermediates.noindex/SoundManager.build/Debug-watchos/SoundManager-t.build/Objects-normal/arm64/SoundManager.SwiftConstValuesFileList --swift-const-vals-list /Users/admin/builder/spi-builder-workspace/.derivedData/Build/Intermediates.noindex/SoundManager.build/Debug-watchos/SoundManager-t.build/Objects-normal/arm64_32/SoundManager.SwiftConstValuesFileList --force --compile-time-extraction --deployment-aware-processing --no-app-shortcuts-localization
2026-09-27 11:33:23.217 appintentsmetadataprocessor[1230:6955] Starting appintentsmetadataprocessor export
2026-09-27 11:33:23.306 appintentsmetadataprocessor[1230:6955] Extracted no relevant App Intents symbols, skipping writing output
SwiftDriverJobDiscovery normal arm64_32 Compiling ScaledImageButton.swift, ScaledImageView.swift (in target 'SwiftUIKit' from project 'SwiftUIKit')
SwiftDriverJobDiscovery normal arm64 Compiling SimpleSerializeableEnum.swift (in target 'SimpleSerializer' from project 'SimpleSerializer')
SwiftDriver GraceLanguage normal arm64 com.apple.xcode.tools.swift.compiler (in target 'GraceLanguage' from project 'GraceLanguage')
    cd /Users/admin/builder/spi-builder-workspace/.swiftpm/xcode
    builtin-SwiftDriver -- /Applications/Xcode-27.0.0-Release.Candidate.app/Contents/Developer/Toolchains/XcodeDefault.xctoolchain/usr/bin/swiftc -parse-as-library -module-name GraceLanguage -Onone @/Users/admin/builder/spi-builder-workspace/.derivedData/Build/Intermediates.noindex/GraceLanguage.build/Debug-watchos/GraceLanguage-t.build/Objects-normal/arm64/GraceLanguage.SwiftFileList -DSWIFT_PACKAGE -DDEBUG -DSWIFT_MODULE_RESOURCE_BUNDLE_AVAILABLE -DXcode -plugin-path /Applications/Xcode-27.0.0-Release.Candidate.app/Contents/Developer/Toolchains/XcodeDefault.xctoolchain/usr/lib/swift/host/plugins/testing -enable-experimental-feature DebugDescriptionMacro -sdk /Applications/Xcode-27.0.0-Release.Candidate.app/Contents/Developer/Platforms/WatchOS.platform/Developer/SDKs/WatchOS27.0.sdk -target arm64-apple-watchos26.0 -g -module-cache-path /Users/admin/builder/spi-builder-workspace/.derivedData/ModuleCache.noindex -Xfrontend -serialize-debugging-options -profile-coverage-mapping -profile-generate -enable-testing -suppress-warnings -index-store-path /Users/admin/builder/spi-builder-workspace/.derivedData/Index.noindex/DataStore -Xcc -D_LIBCPP_HARDENING_MODE\=_LIBCPP_HARDENING_MODE_DEBUG -swift-version 6 -I /Users/admin/builder/spi-builder-workspace/.derivedData/Build/Products/Debug-watchos -Isystem /Applications/Xcode-27.0.0-Release.Candidate.app/Contents/Developer/Platforms/WatchOS.platform/Developer/usr/lib -F /Users/admin/builder/spi-builder-workspace/.derivedData/Build/Products/Debug-watchos/PackageFrameworks -F /Users/admin/builder/spi-builder-workspace/.derivedData/Build/Products/Debug-watchos -F /Applications/Xcode-27.0.0-Release.Candidate.app/Contents/Developer/Platforms/WatchOS.platform/Developer/Library/Frameworks -F /Applications/Xcode-27.0.0-Release.Candidate.app/Contents/Developer/Platforms/WatchOS.platform/Developer/SDKs/WatchOS27.0.sdk/Developer/Library/Frameworks -c -j10 -enable-batch-mode -incremental -Xcc -ivfsstatcache -Xcc /Users/admin/builder/spi-builder-workspace/.derivedData/SDKStatCaches.noindex/watchos27.0-24R360-e829b21a6f8c9b70876ba0858053c04477534ef55a1706bf4c1112bbb242f0a2.sdkstatcache -output-file-map /Users/admin/builder/spi-builder-workspace/.derivedData/Build/Intermediates.noindex/GraceLanguage.build/Debug-watchos/GraceLanguage-t.build/Objects-normal/arm64/GraceLanguage-OutputFileMap.json -save-temps -no-color-diagnostics -explicit-module-build -module-cache-path /Users/admin/builder/spi-builder-workspace/.derivedData/Build/Intermediates.noindex/SwiftExplicitPrecompiledModules -clang-scanner-module-cache-path /Users/admin/builder/spi-builder-workspace/.derivedData/ModuleCache.noindex -sdk-module-cache-path /Users/admin/builder/spi-builder-workspace/.derivedData/SDKExplicitPrecompiledModules -emit-dependencies -emit-module -emit-module-path /Users/admin/builder/spi-builder-workspace/.derivedData/Build/Intermediates.noindex/GraceLanguage.build/Debug-watchos/GraceLanguage-t.build/Objects-normal/arm64/GraceLanguage.swiftmodule -serialize-diagnostics -dependency-scan-serialize-diagnostics-path /Users/admin/builder/spi-builder-workspace/.derivedData/Build/Intermediates.noindex/GraceLanguage.build/Debug-watchos/GraceLanguage-t.build/Objects-normal/arm64/GraceLanguage-dependency-scan.dia -user-module-version 2.1.1 -validate-clang-modules-once -clang-build-session-file /Users/admin/builder/spi-builder-workspace/.derivedData/ModuleCache.noindex/Session.modulevalidation -Xcc -fmodules-prune-interval\=86400 -Xcc -fmodules-prune-after\=345600 -package-name gracelanguage -emit-const-values -const-gather-protocols-list /Users/admin/builder/spi-builder-workspace/.derivedData/Build/Intermediates.noindex/GraceLanguage.build/Debug-watchos/GraceLanguage-t.build/Objects-normal/arm64/GraceLanguage_const_extract_protocols.json -Xcc -I/Users/admin/builder/spi-builder-workspace/.derivedData/Build/Products/Debug-watchos/include -Xcc -I/Users/admin/builder/spi-builder-workspace/.derivedData/Build/Intermediates.noindex/GraceLanguage.build/Debug-watchos/GraceLanguage-t.build/DerivedSources-normal/arm64 -Xcc -I/Users/admin/builder/spi-builder-workspace/.derivedData/Build/Intermediates.noindex/GraceLanguage.build/Debug-watchos/GraceLanguage-t.build/DerivedSources/arm64 -Xcc -I/Users/admin/builder/spi-builder-workspace/.derivedData/Build/Intermediates.noindex/GraceLanguage.build/Debug-watchos/GraceLanguage-t.build/DerivedSources -Xcc -DSWIFT_PACKAGE -Xcc -DDEBUG\=1 -emit-objc-header -emit-objc-header-path /Users/admin/builder/spi-builder-workspace/.derivedData/Build/Intermediates.noindex/GraceLanguage.build/Debug-watchos/GraceLanguage-t.build/Objects-normal/arm64/GraceLanguage-Swift.h -working-directory /Users/admin/builder/spi-builder-workspace/.swiftpm/xcode -experimental-emit-module-separately -disable-cmo
SwiftDriver GraceLanguage normal arm64_32 com.apple.xcode.tools.swift.compiler (in target 'GraceLanguage' from project 'GraceLanguage')
    cd /Users/admin/builder/spi-builder-workspace/.swiftpm/xcode
    builtin-SwiftDriver -- /Applications/Xcode-27.0.0-Release.Candidate.app/Contents/Developer/Toolchains/XcodeDefault.xctoolchain/usr/bin/swiftc -parse-as-library -module-name GraceLanguage -Onone @/Users/admin/builder/spi-builder-workspace/.derivedData/Build/Intermediates.noindex/GraceLanguage.build/Debug-watchos/GraceLanguage-t.build/Objects-normal/arm64_32/GraceLanguage.SwiftFileList -DSWIFT_PACKAGE -DDEBUG -DSWIFT_MODULE_RESOURCE_BUNDLE_AVAILABLE -DXcode -plugin-path /Applications/Xcode-27.0.0-Release.Candidate.app/Contents/Developer/Toolchains/XcodeDefault.xctoolchain/usr/lib/swift/host/plugins/testing -enable-experimental-feature DebugDescriptionMacro -sdk /Applications/Xcode-27.0.0-Release.Candidate.app/Contents/Developer/Platforms/WatchOS.platform/Developer/SDKs/WatchOS27.0.sdk -target arm64_32-apple-watchos26.0 -g -module-cache-path /Users/admin/builder/spi-builder-workspace/.derivedData/ModuleCache.noindex -Xfrontend -serialize-debugging-options -profile-coverage-mapping -profile-generate -enable-testing -suppress-warnings -index-store-path /Users/admin/builder/spi-builder-workspace/.derivedData/Index.noindex/DataStore -Xcc -D_LIBCPP_HARDENING_MODE\=_LIBCPP_HARDENING_MODE_DEBUG -swift-version 6 -I /Users/admin/builder/spi-builder-workspace/.derivedData/Build/Products/Debug-watchos -Isystem /Applications/Xcode-27.0.0-Release.Candidate.app/Contents/Developer/Platforms/WatchOS.platform/Developer/usr/lib -F /Users/admin/builder/spi-builder-workspace/.derivedData/Build/Products/Debug-watchos/PackageFrameworks -F /Users/admin/builder/spi-builder-workspace/.derivedData/Build/Products/Debug-watchos -F /Applications/Xcode-27.0.0-Release.Candidate.app/Contents/Developer/Platforms/WatchOS.platform/Developer/Library/Frameworks -F /Applications/Xcode-27.0.0-Release.Candidate.app/Contents/Developer/Platforms/WatchOS.platform/Developer/SDKs/WatchOS27.0.sdk/Developer/Library/Frameworks -c -j10 -enable-batch-mode -incremental -Xcc -ivfsstatcache -Xcc /Users/admin/builder/spi-builder-workspace/.derivedData/SDKStatCaches.noindex/watchos27.0-24R360-e829b21a6f8c9b70876ba0858053c04477534ef55a1706bf4c1112bbb242f0a2.sdkstatcache -output-file-map /Users/admin/builder/spi-builder-workspace/.derivedData/Build/Intermediates.noindex/GraceLanguage.build/Debug-watchos/GraceLanguage-t.build/Objects-normal/arm64_32/GraceLanguage-OutputFileMap.json -save-temps -no-color-diagnostics -explicit-module-build -module-cache-path /Users/admin/builder/spi-builder-workspace/.derivedData/Build/Intermediates.noindex/SwiftExplicitPrecompiledModules -clang-scanner-module-cache-path /Users/admin/builder/spi-builder-workspace/.derivedData/ModuleCache.noindex -sdk-module-cache-path /Users/admin/builder/spi-builder-workspace/.derivedData/SDKExplicitPrecompiledModules -emit-dependencies -emit-module -emit-module-path /Users/admin/builder/spi-builder-workspace/.derivedData/Build/Intermediates.noindex/GraceLanguage.build/Debug-watchos/GraceLanguage-t.build/Objects-normal/arm64_32/GraceLanguage.swiftmodule -serialize-diagnostics -dependency-scan-serialize-diagnostics-path /Users/admin/builder/spi-builder-workspace/.derivedData/Build/Intermediates.noindex/GraceLanguage.build/Debug-watchos/GraceLanguage-t.build/Objects-normal/arm64_32/GraceLanguage-dependency-scan.dia -user-module-version 2.1.1 -validate-clang-modules-once -clang-build-session-file /Users/admin/builder/spi-builder-workspace/.derivedData/ModuleCache.noindex/Session.modulevalidation -Xcc -fmodules-prune-interval\=86400 -Xcc -fmodules-prune-after\=345600 -package-name gracelanguage -emit-const-values -const-gather-protocols-list /Users/admin/builder/spi-builder-workspace/.derivedData/Build/Intermediates.noindex/GraceLanguage.build/Debug-watchos/GraceLanguage-t.build/Objects-normal/arm64_32/GraceLanguage_const_extract_protocols.json -Xcc -I/Users/admin/builder/spi-builder-workspace/.derivedData/Build/Products/Debug-watchos/include -Xcc -I/Users/admin/builder/spi-builder-workspace/.derivedData/Build/Intermediates.noindex/GraceLanguage.build/Debug-watchos/GraceLanguage-t.build/DerivedSources-normal/arm64_32 -Xcc -I/Users/admin/builder/spi-builder-workspace/.derivedData/Build/Intermediates.noindex/GraceLanguage.build/Debug-watchos/GraceLanguage-t.build/DerivedSources/arm64_32 -Xcc -I/Users/admin/builder/spi-builder-workspace/.derivedData/Build/Intermediates.noindex/GraceLanguage.build/Debug-watchos/GraceLanguage-t.build/DerivedSources -Xcc -DSWIFT_PACKAGE -Xcc -DDEBUG\=1 -emit-objc-header -emit-objc-header-path /Users/admin/builder/spi-builder-workspace/.derivedData/Build/Intermediates.noindex/GraceLanguage.build/Debug-watchos/GraceLanguage-t.build/Objects-normal/arm64_32/GraceLanguage-Swift.h -working-directory /Users/admin/builder/spi-builder-workspace/.swiftpm/xcode -experimental-emit-module-separately -disable-cmo
SwiftDriverJobDiscovery normal arm64 Compiling resource_bundle_accessor.swift (in target 'SimpleSerializer' from project 'SimpleSerializer')
SwiftDriverJobDiscovery normal arm64 Compiling SimpleSerializeable.swift (in target 'SimpleSerializer' from project 'SimpleSerializer')
Ld /Users/admin/builder/spi-builder-workspace/.derivedData/Build/Intermediates.noindex/SimpleSerializer.build/Debug-watchos/SimpleSerializer-t.build/Objects-normal/arm64_32/Binary/SimpleSerializer.o normal arm64_32 (in target 'SimpleSerializer' from project 'SimpleSerializer')
    cd /Users/admin/builder/spi-builder-workspace/.dependencies/checkouts/SimpleSerializer
    /Applications/Xcode-27.0.0-Release.Candidate.app/Contents/Developer/Toolchains/XcodeDefault.xctoolchain/usr/bin/clang -Xlinker -reproducible -target arm64_32-apple-watchos26.0 -r -isysroot /Applications/Xcode-27.0.0-Release.Candidate.app/Contents/Developer/Platforms/WatchOS.platform/Developer/SDKs/WatchOS27.0.sdk -O0 -w -Xlinker -no_warn_duplicate_libraries -F/Users/admin/builder/spi-builder-workspace/.derivedData/Build/Intermediates.noindex/EagerLinkingTBDs/Debug-watchos -F/Users/admin/builder/spi-builder-workspace/.derivedData/Build/Products/Debug-watchos/PackageFrameworks -F/Users/admin/builder/spi-builder-workspace/.derivedData/Build/Products/Debug-watchos -iframework /Applications/Xcode-27.0.0-Release.Candidate.app/Contents/Developer/Platforms/WatchOS.platform/Developer/Library/Frameworks -iframework /Applications/Xcode-27.0.0-Release.Candidate.app/Contents/Developer/Platforms/WatchOS.platform/Developer/SDKs/WatchOS27.0.sdk/Developer/Library/Frameworks -filelist /Users/admin/builder/spi-builder-workspace/.derivedData/Build/Intermediates.noindex/SimpleSerializer.build/Debug-watchos/SimpleSerializer-t.build/Objects-normal/arm64_32/SimpleSerializer.LinkFileList -nostdlib -Xlinker -object_path_lto -Xlinker /Users/admin/builder/spi-builder-workspace/.derivedData/Build/Intermediates.noindex/SimpleSerializer.build/Debug-watchos/SimpleSerializer-t.build/Objects-normal/arm64_32/SimpleSerializer_lto.o -Xlinker -no_deduplicate -Xlinker -debug_variant -Xlinker -dependency_info -Xlinker /Users/admin/builder/spi-builder-workspace/.derivedData/Build/Intermediates.noindex/SimpleSerializer.build/Debug-watchos/SimpleSerializer-t.build/Objects-normal/arm64_32/SimpleSerializer_dependency_info.dat -fobjc-link-runtime -L/Applications/Xcode-27.0.0-Release.Candidate.app/Contents/Developer/Toolchains/XcodeDefault.xctoolchain/usr/lib/swift/watchos -L/usr/lib/swift -Xlinker -add_ast_path -Xlinker /Users/admin/builder/spi-builder-workspace/.derivedData/Build/Intermediates.noindex/SimpleSerializer.build/Debug-watchos/SimpleSerializer-t.build/Objects-normal/arm64_32/SimpleSerializer.swiftmodule -o /Users/admin/builder/spi-builder-workspace/.derivedData/Build/Intermediates.noindex/SimpleSerializer.build/Debug-watchos/SimpleSerializer-t.build/Objects-normal/arm64_32/Binary/SimpleSerializer.o
SwiftDriverJobDiscovery normal arm64 Compiling ScaledImageButton.swift, ScaledImageView.swift (in target 'SwiftUIKit' from project 'SwiftUIKit')
SwiftDriverJobDiscovery normal arm64 Compiling SelectIntOptionsButton.swift, WordArtButton.swift (in target 'SwiftUIKit' from project 'SwiftUIKit')
SwiftDriver\ Compilation SwiftUIKit normal arm64 com.apple.xcode.tools.swift.compiler (in target 'SwiftUIKit' from project 'SwiftUIKit')
    cd /Users/admin/builder/spi-builder-workspace/.swiftpm/xcode
    builtin-Swift-Compilation -- /Applications/Xcode-27.0.0-Release.Candidate.app/Contents/Developer/Toolchains/XcodeDefault.xctoolchain/usr/bin/swiftc -parse-as-library -module-name SwiftUIKit -Onone @/Users/admin/builder/spi-builder-workspace/.derivedData/Build/Intermediates.noindex/SwiftUIKit.build/Debug-watchos/SwiftUIKit-t.build/Objects-normal/arm64/SwiftUIKit.SwiftFileList -DSWIFT_PACKAGE -DDEBUG -DSWIFT_MODULE_RESOURCE_BUNDLE_AVAILABLE -DXcode -plugin-path /Applications/Xcode-27.0.0-Release.Candidate.app/Contents/Developer/Toolchains/XcodeDefault.xctoolchain/usr/lib/swift/host/plugins/testing -enable-experimental-feature DebugDescriptionMacro -sdk /Applications/Xcode-27.0.0-Release.Candidate.app/Contents/Developer/Platforms/WatchOS.platform/Developer/SDKs/WatchOS27.0.sdk -target arm64-apple-watchos26.0 -g -module-cache-path /Users/admin/builder/spi-builder-workspace/.derivedData/ModuleCache.noindex -Xfrontend -serialize-debugging-options -profile-coverage-mapping -profile-generate -enable-testing -suppress-warnings -index-store-path /Users/admin/builder/spi-builder-workspace/.derivedData/Index.noindex/DataStore -Xcc -D_LIBCPP_HARDENING_MODE\=_LIBCPP_HARDENING_MODE_DEBUG -swift-version 6 -I /Users/admin/builder/spi-builder-workspace/.derivedData/Build/Products/Debug-watchos -Isystem /Applications/Xcode-27.0.0-Release.Candidate.app/Contents/Developer/Platforms/WatchOS.platform/Developer/usr/lib -F /Users/admin/builder/spi-builder-workspace/.derivedData/Build/Products/Debug-watchos/PackageFrameworks -F /Users/admin/builder/spi-builder-workspace/.derivedData/Build/Products/Debug-watchos -F /Applications/Xcode-27.0.0-Release.Candidate.app/Contents/Developer/Platforms/WatchOS.platform/Developer/Library/Frameworks -F /Applications/Xcode-27.0.0-Release.Candidate.app/Contents/Developer/Platforms/WatchOS.platform/Developer/SDKs/WatchOS27.0.sdk/Developer/Library/Frameworks -c -j10 -enable-batch-mode -incremental -Xcc -ivfsstatcache -Xcc /Users/admin/builder/spi-builder-workspace/.derivedData/SDKStatCaches.noindex/watchos27.0-24R360-e829b21a6f8c9b70876ba0858053c04477534ef55a1706bf4c1112bbb242f0a2.sdkstatcache -output-file-map /Users/admin/builder/spi-builder-workspace/.derivedData/Build/Intermediates.noindex/SwiftUIKit.build/Debug-watchos/SwiftUIKit-t.build/Objects-normal/arm64/SwiftUIKit-OutputFileMap.json -save-temps -no-color-diagnostics -explicit-module-build -module-cache-path /Users/admin/builder/spi-builder-workspace/.derivedData/Build/Intermediates.noindex/SwiftExplicitPrecompiledModules -clang-scanner-module-cache-path /Users/admin/builder/spi-builder-workspace/.derivedData/ModuleCache.noindex -sdk-module-cache-path /Users/admin/builder/spi-builder-workspace/.derivedData/SDKExplicitPrecompiledModules -emit-dependencies -emit-module -emit-module-path /Users/admin/builder/spi-builder-workspace/.derivedData/Build/Intermediates.noindex/SwiftUIKit.build/Debug-watchos/SwiftUIKit-t.build/Objects-normal/arm64/SwiftUIKit.swiftmodule -serialize-diagnostics -dependency-scan-serialize-diagnostics-path /Users/admin/builder/spi-builder-workspace/.derivedData/Build/Intermediates.noindex/SwiftUIKit.build/Debug-watchos/SwiftUIKit-t.build/Objects-normal/arm64/SwiftUIKit-dependency-scan.dia -user-module-version 2.1.0 -validate-clang-modules-once -clang-build-session-file /Users/admin/builder/spi-builder-workspace/.derivedData/ModuleCache.noindex/Session.modulevalidation -Xcc -fmodules-prune-interval\=86400 -Xcc -fmodules-prune-after\=345600 -package-name swiftuikit -emit-const-values -const-gather-protocols-list /Users/admin/builder/spi-builder-workspace/.derivedData/Build/Intermediates.noindex/SwiftUIKit.build/Debug-watchos/SwiftUIKit-t.build/Objects-normal/arm64/SwiftUIKit_const_extract_protocols.json -Xcc -I/Users/admin/builder/spi-builder-workspace/.derivedData/Build/Products/Debug-watchos/include -Xcc -I/Users/admin/builder/spi-builder-workspace/.derivedData/Build/Intermediates.noindex/SwiftUIKit.build/Debug-watchos/SwiftUIKit-t.build/DerivedSources-normal/arm64 -Xcc -I/Users/admin/builder/spi-builder-workspace/.derivedData/Build/Intermediates.noindex/SwiftUIKit.build/Debug-watchos/SwiftUIKit-t.build/DerivedSources/arm64 -Xcc -I/Users/admin/builder/spi-builder-workspace/.derivedData/Build/Intermediates.noindex/SwiftUIKit.build/Debug-watchos/SwiftUIKit-t.build/DerivedSources -Xcc -DSWIFT_PACKAGE -Xcc -DDEBUG\=1 -emit-objc-header -emit-objc-header-path /Users/admin/builder/spi-builder-workspace/.derivedData/Build/Intermediates.noindex/SwiftUIKit.build/Debug-watchos/SwiftUIKit-t.build/Objects-normal/arm64/SwiftUIKit-Swift.h -working-directory /Users/admin/builder/spi-builder-workspace/.swiftpm/xcode -experimental-emit-module-separately -disable-cmo
SwiftDriverJobDiscovery normal arm64_32 Compiling CircleText.swift, ContentButton.swift (in target 'SwiftUIKit' from project 'SwiftUIKit')
SwiftDriver\ Compilation SwiftUIKit normal arm64_32 com.apple.xcode.tools.swift.compiler (in target 'SwiftUIKit' from project 'SwiftUIKit')
    cd /Users/admin/builder/spi-builder-workspace/.swiftpm/xcode
    builtin-Swift-Compilation -- /Applications/Xcode-27.0.0-Release.Candidate.app/Contents/Developer/Toolchains/XcodeDefault.xctoolchain/usr/bin/swiftc -parse-as-library -module-name SwiftUIKit -Onone @/Users/admin/builder/spi-builder-workspace/.derivedData/Build/Intermediates.noindex/SwiftUIKit.build/Debug-watchos/SwiftUIKit-t.build/Objects-normal/arm64_32/SwiftUIKit.SwiftFileList -DSWIFT_PACKAGE -DDEBUG -DSWIFT_MODULE_RESOURCE_BUNDLE_AVAILABLE -DXcode -plugin-path /Applications/Xcode-27.0.0-Release.Candidate.app/Contents/Developer/Toolchains/XcodeDefault.xctoolchain/usr/lib/swift/host/plugins/testing -enable-experimental-feature DebugDescriptionMacro -sdk /Applications/Xcode-27.0.0-Release.Candidate.app/Contents/Developer/Platforms/WatchOS.platform/Developer/SDKs/WatchOS27.0.sdk -target arm64_32-apple-watchos26.0 -g -module-cache-path /Users/admin/builder/spi-builder-workspace/.derivedData/ModuleCache.noindex -Xfrontend -serialize-debugging-options -profile-coverage-mapping -profile-generate -enable-testing -suppress-warnings -index-store-path /Users/admin/builder/spi-builder-workspace/.derivedData/Index.noindex/DataStore -Xcc -D_LIBCPP_HARDENING_MODE\=_LIBCPP_HARDENING_MODE_DEBUG -swift-version 6 -I /Users/admin/builder/spi-builder-workspace/.derivedData/Build/Products/Debug-watchos -Isystem /Applications/Xcode-27.0.0-Release.Candidate.app/Contents/Developer/Platforms/WatchOS.platform/Developer/usr/lib -F /Users/admin/builder/spi-builder-workspace/.derivedData/Build/Products/Debug-watchos/PackageFrameworks -F /Users/admin/builder/spi-builder-workspace/.derivedData/Build/Products/Debug-watchos -F /Applications/Xcode-27.0.0-Release.Candidate.app/Contents/Developer/Platforms/WatchOS.platform/Developer/Library/Frameworks -F /Applications/Xcode-27.0.0-Release.Candidate.app/Contents/Developer/Platforms/WatchOS.platform/Developer/SDKs/WatchOS27.0.sdk/Developer/Library/Frameworks -c -j10 -enable-batch-mode -incremental -Xcc -ivfsstatcache -Xcc /Users/admin/builder/spi-builder-workspace/.derivedData/SDKStatCaches.noindex/watchos27.0-24R360-e829b21a6f8c9b70876ba0858053c04477534ef55a1706bf4c1112bbb242f0a2.sdkstatcache -output-file-map /Users/admin/builder/spi-builder-workspace/.derivedData/Build/Intermediates.noindex/SwiftUIKit.build/Debug-watchos/SwiftUIKit-t.build/Objects-normal/arm64_32/SwiftUIKit-OutputFileMap.json -save-temps -no-color-diagnostics -explicit-module-build -module-cache-path /Users/admin/builder/spi-builder-workspace/.derivedData/Build/Intermediates.noindex/SwiftExplicitPrecompiledModules -clang-scanner-module-cache-path /Users/admin/builder/spi-builder-workspace/.derivedData/ModuleCache.noindex -sdk-module-cache-path /Users/admin/builder/spi-builder-workspace/.derivedData/SDKExplicitPrecompiledModules -emit-dependencies -emit-module -emit-module-path /Users/admin/builder/spi-builder-workspace/.derivedData/Build/Intermediates.noindex/SwiftUIKit.build/Debug-watchos/SwiftUIKit-t.build/Objects-normal/arm64_32/SwiftUIKit.swiftmodule -serialize-diagnostics -dependency-scan-serialize-diagnostics-path /Users/admin/builder/spi-builder-workspace/.derivedData/Build/Intermediates.noindex/SwiftUIKit.build/Debug-watchos/SwiftUIKit-t.build/Objects-normal/arm64_32/SwiftUIKit-dependency-scan.dia -user-module-version 2.1.0 -validate-clang-modules-once -clang-build-session-file /Users/admin/builder/spi-builder-workspace/.derivedData/ModuleCache.noindex/Session.modulevalidation -Xcc -fmodules-prune-interval\=86400 -Xcc -fmodules-prune-after\=345600 -package-name swiftuikit -emit-const-values -const-gather-protocols-list /Users/admin/builder/spi-builder-workspace/.derivedData/Build/Intermediates.noindex/SwiftUIKit.build/Debug-watchos/SwiftUIKit-t.build/Objects-normal/arm64_32/SwiftUIKit_const_extract_protocols.json -Xcc -I/Users/admin/builder/spi-builder-workspace/.derivedData/Build/Products/Debug-watchos/include -Xcc -I/Users/admin/builder/spi-builder-workspace/.derivedData/Build/Intermediates.noindex/SwiftUIKit.build/Debug-watchos/SwiftUIKit-t.build/DerivedSources-normal/arm64_32 -Xcc -I/Users/admin/builder/spi-builder-workspace/.derivedData/Build/Intermediates.noindex/SwiftUIKit.build/Debug-watchos/SwiftUIKit-t.build/DerivedSources/arm64_32 -Xcc -I/Users/admin/builder/spi-builder-workspace/.derivedData/Build/Intermediates.noindex/SwiftUIKit.build/Debug-watchos/SwiftUIKit-t.build/DerivedSources -Xcc -DSWIFT_PACKAGE -Xcc -DDEBUG\=1 -emit-objc-header -emit-objc-header-path /Users/admin/builder/spi-builder-workspace/.derivedData/Build/Intermediates.noindex/SwiftUIKit.build/Debug-watchos/SwiftUIKit-t.build/Objects-normal/arm64_32/SwiftUIKit-Swift.h -working-directory /Users/admin/builder/spi-builder-workspace/.swiftpm/xcode -experimental-emit-module-separately -disable-cmo
Ld /Users/admin/builder/spi-builder-workspace/.derivedData/Build/Intermediates.noindex/SwiftUIKit.build/Debug-watchos/SwiftUIKit-t.build/Objects-normal/arm64/Binary/SwiftUIKit.o normal arm64 (in target 'SwiftUIKit' from project 'SwiftUIKit')
    cd /Users/admin/builder/spi-builder-workspace/.dependencies/checkouts/SwiftUIKit
    /Applications/Xcode-27.0.0-Release.Candidate.app/Contents/Developer/Toolchains/XcodeDefault.xctoolchain/usr/bin/clang -Xlinker -reproducible -target arm64-apple-watchos26.0 -r -isysroot /Applications/Xcode-27.0.0-Release.Candidate.app/Contents/Developer/Platforms/WatchOS.platform/Developer/SDKs/WatchOS27.0.sdk -O0 -w -Xlinker -no_warn_duplicate_libraries -F/Users/admin/builder/spi-builder-workspace/.derivedData/Build/Intermediates.noindex/EagerLinkingTBDs/Debug-watchos -F/Users/admin/builder/spi-builder-workspace/.derivedData/Build/Products/Debug-watchos/PackageFrameworks -F/Users/admin/builder/spi-builder-workspace/.derivedData/Build/Products/Debug-watchos -iframework /Applications/Xcode-27.0.0-Release.Candidate.app/Contents/Developer/Platforms/WatchOS.platform/Developer/Library/Frameworks -iframework /Applications/Xcode-27.0.0-Release.Candidate.app/Contents/Developer/Platforms/WatchOS.platform/Developer/SDKs/WatchOS27.0.sdk/Developer/Library/Frameworks -filelist /Users/admin/builder/spi-builder-workspace/.derivedData/Build/Intermediates.noindex/SwiftUIKit.build/Debug-watchos/SwiftUIKit-t.build/Objects-normal/arm64/SwiftUIKit.LinkFileList -nostdlib -Xlinker -object_path_lto -Xlinker /Users/admin/builder/spi-builder-workspace/.derivedData/Build/Intermediates.noindex/SwiftUIKit.build/Debug-watchos/SwiftUIKit-t.build/Objects-normal/arm64/SwiftUIKit_lto.o -Xlinker -no_deduplicate -Xlinker -debug_variant -Xlinker -dependency_info -Xlinker /Users/admin/builder/spi-builder-workspace/.derivedData/Build/Intermediates.noindex/SwiftUIKit.build/Debug-watchos/SwiftUIKit-t.build/Objects-normal/arm64/SwiftUIKit_dependency_info.dat -fobjc-link-runtime -L/Applications/Xcode-27.0.0-Release.Candidate.app/Contents/Developer/Toolchains/XcodeDefault.xctoolchain/usr/lib/swift/watchos -L/usr/lib/swift -Xlinker -add_ast_path -Xlinker /Users/admin/builder/spi-builder-workspace/.derivedData/Build/Intermediates.noindex/SwiftUIKit.build/Debug-watchos/SwiftUIKit-t.build/Objects-normal/arm64/SwiftUIKit.swiftmodule -o /Users/admin/builder/spi-builder-workspace/.derivedData/Build/Intermediates.noindex/SwiftUIKit.build/Debug-watchos/SwiftUIKit-t.build/Objects-normal/arm64/Binary/SwiftUIKit.o
Ld /Users/admin/builder/spi-builder-workspace/.derivedData/Build/Intermediates.noindex/SwiftUIKit.build/Debug-watchos/SwiftUIKit-t.build/Objects-normal/arm64_32/Binary/SwiftUIKit.o normal arm64_32 (in target 'SwiftUIKit' from project 'SwiftUIKit')
    cd /Users/admin/builder/spi-builder-workspace/.dependencies/checkouts/SwiftUIKit
    /Applications/Xcode-27.0.0-Release.Candidate.app/Contents/Developer/Toolchains/XcodeDefault.xctoolchain/usr/bin/clang -Xlinker -reproducible -target arm64_32-apple-watchos26.0 -r -isysroot /Applications/Xcode-27.0.0-Release.Candidate.app/Contents/Developer/Platforms/WatchOS.platform/Developer/SDKs/WatchOS27.0.sdk -O0 -w -Xlinker -no_warn_duplicate_libraries -F/Users/admin/builder/spi-builder-workspace/.derivedData/Build/Intermediates.noindex/EagerLinkingTBDs/Debug-watchos -F/Users/admin/builder/spi-builder-workspace/.derivedData/Build/Products/Debug-watchos/PackageFrameworks -F/Users/admin/builder/spi-builder-workspace/.derivedData/Build/Products/Debug-watchos -iframework /Applications/Xcode-27.0.0-Release.Candidate.app/Contents/Developer/Platforms/WatchOS.platform/Developer/Library/Frameworks -iframework /Applications/Xcode-27.0.0-Release.Candidate.app/Contents/Developer/Platforms/WatchOS.platform/Developer/SDKs/WatchOS27.0.sdk/Developer/Library/Frameworks -filelist /Users/admin/builder/spi-builder-workspace/.derivedData/Build/Intermediates.noindex/SwiftUIKit.build/Debug-watchos/SwiftUIKit-t.build/Objects-normal/arm64_32/SwiftUIKit.LinkFileList -nostdlib -Xlinker -object_path_lto -Xlinker /Users/admin/builder/spi-builder-workspace/.derivedData/Build/Intermediates.noindex/SwiftUIKit.build/Debug-watchos/SwiftUIKit-t.build/Objects-normal/arm64_32/SwiftUIKit_lto.o -Xlinker -no_deduplicate -Xlinker -debug_variant -Xlinker -dependency_info -Xlinker /Users/admin/builder/spi-builder-workspace/.derivedData/Build/Intermediates.noindex/SwiftUIKit.build/Debug-watchos/SwiftUIKit-t.build/Objects-normal/arm64_32/SwiftUIKit_dependency_info.dat -fobjc-link-runtime -L/Applications/Xcode-27.0.0-Release.Candidate.app/Contents/Developer/Toolchains/XcodeDefault.xctoolchain/usr/lib/swift/watchos -L/usr/lib/swift -Xlinker -add_ast_path -Xlinker /Users/admin/builder/spi-builder-workspace/.derivedData/Build/Intermediates.noindex/SwiftUIKit.build/Debug-watchos/SwiftUIKit-t.build/Objects-normal/arm64_32/SwiftUIKit.swiftmodule -o /Users/admin/builder/spi-builder-workspace/.derivedData/Build/Intermediates.noindex/SwiftUIKit.build/Debug-watchos/SwiftUIKit-t.build/Objects-normal/arm64_32/Binary/SwiftUIKit.o
CreateUniversalBinary /Users/admin/builder/spi-builder-workspace/.derivedData/Build/Products/Debug-watchos/SwiftUIKit.o normal arm64\ arm64_32 (in target 'SwiftUIKit' from project 'SwiftUIKit')
    cd /Users/admin/builder/spi-builder-workspace/.dependencies/checkouts/SwiftUIKit
    /Applications/Xcode-27.0.0-Release.Candidate.app/Contents/Developer/Toolchains/XcodeDefault.xctoolchain/usr/bin/lipo -create /Users/admin/builder/spi-builder-workspace/.derivedData/Build/Intermediates.noindex/SwiftUIKit.build/Debug-watchos/SwiftUIKit-t.build/Objects-normal/arm64/Binary/SwiftUIKit.o /Users/admin/builder/spi-builder-workspace/.derivedData/Build/Intermediates.noindex/SwiftUIKit.build/Debug-watchos/SwiftUIKit-t.build/Objects-normal/arm64_32/Binary/SwiftUIKit.o -output /Users/admin/builder/spi-builder-workspace/.derivedData/Build/Products/Debug-watchos/SwiftUIKit.o
ExtractAppIntentsMetadata (in target 'SwiftUIKit' from project 'SwiftUIKit')
    cd /Users/admin/builder/spi-builder-workspace/.dependencies/checkouts/SwiftUIKit
    /Applications/Xcode-27.0.0-Release.Candidate.app/Contents/Developer/Toolchains/XcodeDefault.xctoolchain/usr/bin/appintentsmetadataprocessor --toolchain-dir /var/run/com.apple.security.cryptexd/mnt/com.apple.MobileAsset.MetalToolchain-v27.1.266.1.ps0hDP/Metal.xctoolchain --module-name SwiftUIKit --sdk-root /Applications/Xcode-27.0.0-Release.Candidate.app/Contents/Developer/Platforms/WatchOS.platform/Developer/SDKs/WatchOS27.0.sdk --xcode-version 27A266a --platform-family watchOS --deployment-target 26.0 --bundle-identifier swiftuikit.SwiftUIKit --output /Users/admin/builder/spi-builder-workspace/.derivedData/Build/Products/Debug-watchos/SwiftUIKit.appintents --target-triple arm64-apple-watchos26.0 --target-triple arm64_32-apple-watchos26.0 --binary-file /Users/admin/builder/spi-builder-workspace/.derivedData/Build/Products/Debug-watchos/SwiftUIKit.o --dependency-file /Users/admin/builder/spi-builder-workspace/.derivedData/Build/Intermediates.noindex/SwiftUIKit.build/Debug-watchos/SwiftUIKit-t.build/Objects-normal/arm64/SwiftUIKit_dependency_info.dat --dependency-file /Users/admin/builder/spi-builder-workspace/.derivedData/Build/Intermediates.noindex/SwiftUIKit.build/Debug-watchos/SwiftUIKit-t.build/Objects-normal/arm64_32/SwiftUIKit_dependency_info.dat --stringsdata-file /Users/admin/builder/spi-builder-workspace/.derivedData/Build/Intermediates.noindex/SwiftUIKit.build/Debug-watchos/SwiftUIKit-t.build/Objects-normal/arm64/ExtractedAppShortcutsMetadata.stringsdata --stringsdata-file /Users/admin/builder/spi-builder-workspace/.derivedData/Build/Intermediates.noindex/SwiftUIKit.build/Debug-watchos/SwiftUIKit-t.build/Objects-normal/arm64_32/ExtractedAppShortcutsMetadata.stringsdata --source-file-list /Users/admin/builder/spi-builder-workspace/.derivedData/Build/Intermediates.noindex/SwiftUIKit.build/Debug-watchos/SwiftUIKit-t.build/Objects-normal/arm64/SwiftUIKit.SwiftFileList --source-file-list /Users/admin/builder/spi-builder-workspace/.derivedData/Build/Intermediates.noindex/SwiftUIKit.build/Debug-watchos/SwiftUIKit-t.build/Objects-normal/arm64_32/SwiftUIKit.SwiftFileList --metadata-file-list /Users/admin/builder/spi-builder-workspace/.derivedData/Build/Intermediates.noindex/SwiftUIKit.build/Debug-watchos/SwiftUIKit-t.build/SwiftUIKit.DependencyMetadataFileList --static-metadata-file-list /Users/admin/builder/spi-builder-workspace/.derivedData/Build/Intermediates.noindex/SwiftUIKit.build/Debug-watchos/SwiftUIKit-t.build/SwiftUIKit.DependencyStaticMetadataFileList --swift-const-vals-list /Users/admin/builder/spi-builder-workspace/.derivedData/Build/Intermediates.noindex/SwiftUIKit.build/Debug-watchos/SwiftUIKit-t.build/Objects-normal/arm64/SwiftUIKit.SwiftConstValuesFileList --swift-const-vals-list /Users/admin/builder/spi-builder-workspace/.derivedData/Build/Intermediates.noindex/SwiftUIKit.build/Debug-watchos/SwiftUIKit-t.build/Objects-normal/arm64_32/SwiftUIKit.SwiftConstValuesFileList --force --compile-time-extraction --deployment-aware-processing --no-app-shortcuts-localization
2026-09-27 11:33:23.498 appintentsmetadataprocessor[1238:7094] Starting appintentsmetadataprocessor export
2026-09-27 11:33:23.575 appintentsmetadataprocessor[1238:7094] Extracted no relevant App Intents symbols, skipping writing output
SwiftDriverJobDiscovery normal arm64 Compiling Serializer.swift (in target 'SimpleSerializer' from project 'SimpleSerializer')
SwiftDriverJobDiscovery normal arm64 Compiling Deserializer.swift (in target 'SimpleSerializer' from project 'SimpleSerializer')
SwiftDriver\ Compilation SimpleSerializer normal arm64 com.apple.xcode.tools.swift.compiler (in target 'SimpleSerializer' from project 'SimpleSerializer')
    cd /Users/admin/builder/spi-builder-workspace/.swiftpm/xcode
    builtin-Swift-Compilation -- /Applications/Xcode-27.0.0-Release.Candidate.app/Contents/Developer/Toolchains/XcodeDefault.xctoolchain/usr/bin/swiftc -parse-as-library -module-name SimpleSerializer -Onone @/Users/admin/builder/spi-builder-workspace/.derivedData/Build/Intermediates.noindex/SimpleSerializer.build/Debug-watchos/SimpleSerializer-t.build/Objects-normal/arm64/SimpleSerializer.SwiftFileList -DSWIFT_PACKAGE -DDEBUG -DSWIFT_MODULE_RESOURCE_BUNDLE_AVAILABLE -DXcode -plugin-path /Applications/Xcode-27.0.0-Release.Candidate.app/Contents/Developer/Toolchains/XcodeDefault.xctoolchain/usr/lib/swift/host/plugins/testing -enable-experimental-feature DebugDescriptionMacro -sdk /Applications/Xcode-27.0.0-Release.Candidate.app/Contents/Developer/Platforms/WatchOS.platform/Developer/SDKs/WatchOS27.0.sdk -target arm64-apple-watchos26.0 -g -module-cache-path /Users/admin/builder/spi-builder-workspace/.derivedData/ModuleCache.noindex -Xfrontend -serialize-debugging-options -profile-coverage-mapping -profile-generate -enable-testing -suppress-warnings -index-store-path /Users/admin/builder/spi-builder-workspace/.derivedData/Index.noindex/DataStore -Xcc -D_LIBCPP_HARDENING_MODE\=_LIBCPP_HARDENING_MODE_DEBUG -swift-version 6 -I /Users/admin/builder/spi-builder-workspace/.derivedData/Build/Products/Debug-watchos -Isystem /Applications/Xcode-27.0.0-Release.Candidate.app/Contents/Developer/Platforms/WatchOS.platform/Developer/usr/lib -F /Users/admin/builder/spi-builder-workspace/.derivedData/Build/Products/Debug-watchos/PackageFrameworks -F /Users/admin/builder/spi-builder-workspace/.derivedData/Build/Products/Debug-watchos -F /Applications/Xcode-27.0.0-Release.Candidate.app/Contents/Developer/Platforms/WatchOS.platform/Developer/Library/Frameworks -F /Applications/Xcode-27.0.0-Release.Candidate.app/Contents/Developer/Platforms/WatchOS.platform/Developer/SDKs/WatchOS27.0.sdk/Developer/Library/Frameworks -c -j10 -enable-batch-mode -incremental -Xcc -ivfsstatcache -Xcc /Users/admin/builder/spi-builder-workspace/.derivedData/SDKStatCaches.noindex/watchos27.0-24R360-e829b21a6f8c9b70876ba0858053c04477534ef55a1706bf4c1112bbb242f0a2.sdkstatcache -output-file-map /Users/admin/builder/spi-builder-workspace/.derivedData/Build/Intermediates.noindex/SimpleSerializer.build/Debug-watchos/SimpleSerializer-t.build/Objects-normal/arm64/SimpleSerializer-OutputFileMap.json -save-temps -no-color-diagnostics -explicit-module-build -module-cache-path /Users/admin/builder/spi-builder-workspace/.derivedData/Build/Intermediates.noindex/SwiftExplicitPrecompiledModules -clang-scanner-module-cache-path /Users/admin/builder/spi-builder-workspace/.derivedData/ModuleCache.noindex -sdk-module-cache-path /Users/admin/builder/spi-builder-workspace/.derivedData/SDKExplicitPrecompiledModules -emit-dependencies -emit-module -emit-module-path /Users/admin/builder/spi-builder-workspace/.derivedData/Build/Intermediates.noindex/SimpleSerializer.build/Debug-watchos/SimpleSerializer-t.build/Objects-normal/arm64/SimpleSerializer.swiftmodule -serialize-diagnostics -dependency-scan-serialize-diagnostics-path /Users/admin/builder/spi-builder-workspace/.derivedData/Build/Intermediates.noindex/SimpleSerializer.build/Debug-watchos/SimpleSerializer-t.build/Objects-normal/arm64/SimpleSerializer-dependency-scan.dia -user-module-version 2.5.0 -validate-clang-modules-once -clang-build-session-file /Users/admin/builder/spi-builder-workspace/.derivedData/ModuleCache.noindex/Session.modulevalidation -Xcc -fmodules-prune-interval\=86400 -Xcc -fmodules-prune-after\=345600 -package-name simpleserializer -emit-const-values -const-gather-protocols-list /Users/admin/builder/spi-builder-workspace/.derivedData/Build/Intermediates.noindex/SimpleSerializer.build/Debug-watchos/SimpleSerializer-t.build/Objects-normal/arm64/SimpleSerializer_const_extract_protocols.json -Xcc -I/Users/admin/builder/spi-builder-workspace/.derivedData/Build/Products/Debug-watchos/include -Xcc -I/Users/admin/builder/spi-builder-workspace/.derivedData/Build/Intermediates.noindex/SimpleSerializer.build/Debug-watchos/SimpleSerializer-t.build/DerivedSources-normal/arm64 -Xcc -I/Users/admin/builder/spi-builder-workspace/.derivedData/Build/Intermediates.noindex/SimpleSerializer.build/Debug-watchos/SimpleSerializer-t.build/DerivedSources/arm64 -Xcc -I/Users/admin/builder/spi-builder-workspace/.derivedData/Build/Intermediates.noindex/SimpleSerializer.build/Debug-watchos/SimpleSerializer-t.build/DerivedSources -Xcc -DSWIFT_PACKAGE -Xcc -DDEBUG\=1 -emit-objc-header -emit-objc-header-path /Users/admin/builder/spi-builder-workspace/.derivedData/Build/Intermediates.noindex/SimpleSerializer.build/Debug-watchos/SimpleSerializer-t.build/Objects-normal/arm64/SimpleSerializer-Swift.h -working-directory /Users/admin/builder/spi-builder-workspace/.swiftpm/xcode -experimental-emit-module-separately -disable-cmo
Ld /Users/admin/builder/spi-builder-workspace/.derivedData/Build/Intermediates.noindex/SimpleSerializer.build/Debug-watchos/SimpleSerializer-t.build/Objects-normal/arm64/Binary/SimpleSerializer.o normal arm64 (in target 'SimpleSerializer' from project 'SimpleSerializer')
    cd /Users/admin/builder/spi-builder-workspace/.dependencies/checkouts/SimpleSerializer
    /Applications/Xcode-27.0.0-Release.Candidate.app/Contents/Developer/Toolchains/XcodeDefault.xctoolchain/usr/bin/clang -Xlinker -reproducible -target arm64-apple-watchos26.0 -r -isysroot /Applications/Xcode-27.0.0-Release.Candidate.app/Contents/Developer/Platforms/WatchOS.platform/Developer/SDKs/WatchOS27.0.sdk -O0 -w -Xlinker -no_warn_duplicate_libraries -F/Users/admin/builder/spi-builder-workspace/.derivedData/Build/Intermediates.noindex/EagerLinkingTBDs/Debug-watchos -F/Users/admin/builder/spi-builder-workspace/.derivedData/Build/Products/Debug-watchos/PackageFrameworks -F/Users/admin/builder/spi-builder-workspace/.derivedData/Build/Products/Debug-watchos -iframework /Applications/Xcode-27.0.0-Release.Candidate.app/Contents/Developer/Platforms/WatchOS.platform/Developer/Library/Frameworks -iframework /Applications/Xcode-27.0.0-Release.Candidate.app/Contents/Developer/Platforms/WatchOS.platform/Developer/SDKs/WatchOS27.0.sdk/Developer/Library/Frameworks -filelist /Users/admin/builder/spi-builder-workspace/.derivedData/Build/Intermediates.noindex/SimpleSerializer.build/Debug-watchos/SimpleSerializer-t.build/Objects-normal/arm64/SimpleSerializer.LinkFileList -nostdlib -Xlinker -object_path_lto -Xlinker /Users/admin/builder/spi-builder-workspace/.derivedData/Build/Intermediates.noindex/SimpleSerializer.build/Debug-watchos/SimpleSerializer-t.build/Objects-normal/arm64/SimpleSerializer_lto.o -Xlinker -no_deduplicate -Xlinker -debug_variant -Xlinker -dependency_info -Xlinker /Users/admin/builder/spi-builder-workspace/.derivedData/Build/Intermediates.noindex/SimpleSerializer.build/Debug-watchos/SimpleSerializer-t.build/Objects-normal/arm64/SimpleSerializer_dependency_info.dat -fobjc-link-runtime -L/Applications/Xcode-27.0.0-Release.Candidate.app/Contents/Developer/Toolchains/XcodeDefault.xctoolchain/usr/lib/swift/watchos -L/usr/lib/swift -Xlinker -add_ast_path -Xlinker /Users/admin/builder/spi-builder-workspace/.derivedData/Build/Intermediates.noindex/SimpleSerializer.build/Debug-watchos/SimpleSerializer-t.build/Objects-normal/arm64/SimpleSerializer.swiftmodule -o /Users/admin/builder/spi-builder-workspace/.derivedData/Build/Intermediates.noindex/SimpleSerializer.build/Debug-watchos/SimpleSerializer-t.build/Objects-normal/arm64/Binary/SimpleSerializer.o
CreateUniversalBinary /Users/admin/builder/spi-builder-workspace/.derivedData/Build/Products/Debug-watchos/SimpleSerializer.o normal arm64\ arm64_32 (in target 'SimpleSerializer' from project 'SimpleSerializer')
    cd /Users/admin/builder/spi-builder-workspace/.dependencies/checkouts/SimpleSerializer
    /Applications/Xcode-27.0.0-Release.Candidate.app/Contents/Developer/Toolchains/XcodeDefault.xctoolchain/usr/bin/lipo -create /Users/admin/builder/spi-builder-workspace/.derivedData/Build/Intermediates.noindex/SimpleSerializer.build/Debug-watchos/SimpleSerializer-t.build/Objects-normal/arm64/Binary/SimpleSerializer.o /Users/admin/builder/spi-builder-workspace/.derivedData/Build/Intermediates.noindex/SimpleSerializer.build/Debug-watchos/SimpleSerializer-t.build/Objects-normal/arm64_32/Binary/SimpleSerializer.o -output /Users/admin/builder/spi-builder-workspace/.derivedData/Build/Products/Debug-watchos/SimpleSerializer.o
ExtractAppIntentsMetadata (in target 'SimpleSerializer' from project 'SimpleSerializer')
    cd /Users/admin/builder/spi-builder-workspace/.dependencies/checkouts/SimpleSerializer
    /Applications/Xcode-27.0.0-Release.Candidate.app/Contents/Developer/Toolchains/XcodeDefault.xctoolchain/usr/bin/appintentsmetadataprocessor --toolchain-dir /var/run/com.apple.security.cryptexd/mnt/com.apple.MobileAsset.MetalToolchain-v27.1.266.1.ps0hDP/Metal.xctoolchain --module-name SimpleSerializer --sdk-root /Applications/Xcode-27.0.0-Release.Candidate.app/Contents/Developer/Platforms/WatchOS.platform/Developer/SDKs/WatchOS27.0.sdk --xcode-version 27A266a --platform-family watchOS --deployment-target 26.0 --bundle-identifier simpleserializer.SimpleSerializer --output /Users/admin/builder/spi-builder-workspace/.derivedData/Build/Products/Debug-watchos/SimpleSerializer.appintents --target-triple arm64-apple-watchos26.0 --target-triple arm64_32-apple-watchos26.0 --binary-file /Users/admin/builder/spi-builder-workspace/.derivedData/Build/Products/Debug-watchos/SimpleSerializer.o --dependency-file /Users/admin/builder/spi-builder-workspace/.derivedData/Build/Intermediates.noindex/SimpleSerializer.build/Debug-watchos/SimpleSerializer-t.build/Objects-normal/arm64/SimpleSerializer_dependency_info.dat --dependency-file /Users/admin/builder/spi-builder-workspace/.derivedData/Build/Intermediates.noindex/SimpleSerializer.build/Debug-watchos/SimpleSerializer-t.build/Objects-normal/arm64_32/SimpleSerializer_dependency_info.dat --stringsdata-file /Users/admin/builder/spi-builder-workspace/.derivedData/Build/Intermediates.noindex/SimpleSerializer.build/Debug-watchos/SimpleSerializer-t.build/Objects-normal/arm64/ExtractedAppShortcutsMetadata.stringsdata --stringsdata-file /Users/admin/builder/spi-builder-workspace/.derivedData/Build/Intermediates.noindex/SimpleSerializer.build/Debug-watchos/SimpleSerializer-t.build/Objects-normal/arm64_32/ExtractedAppShortcutsMetadata.stringsdata --source-file-list /Users/admin/builder/spi-builder-workspace/.derivedData/Build/Intermediates.noindex/SimpleSerializer.build/Debug-watchos/SimpleSerializer-t.build/Objects-normal/arm64/SimpleSerializer.SwiftFileList --source-file-list /Users/admin/builder/spi-builder-workspace/.derivedData/Build/Intermediates.noindex/SimpleSerializer.build/Debug-watchos/SimpleSerializer-t.build/Objects-normal/arm64_32/SimpleSerializer.SwiftFileList --metadata-file-list /Users/admin/builder/spi-builder-workspace/.derivedData/Build/Intermediates.noindex/SimpleSerializer.build/Debug-watchos/SimpleSerializer-t.build/SimpleSerializer.DependencyMetadataFileList --static-metadata-file-list /Users/admin/builder/spi-builder-workspace/.derivedData/Build/Intermediates.noindex/SimpleSerializer.build/Debug-watchos/SimpleSerializer-t.build/SimpleSerializer.DependencyStaticMetadataFileList --swift-const-vals-list /Users/admin/builder/spi-builder-workspace/.derivedData/Build/Intermediates.noindex/SimpleSerializer.build/Debug-watchos/SimpleSerializer-t.build/Objects-normal/arm64/SimpleSerializer.SwiftConstValuesFileList --swift-const-vals-list /Users/admin/builder/spi-builder-workspace/.derivedData/Build/Intermediates.noindex/SimpleSerializer.build/Debug-watchos/SimpleSerializer-t.build/Objects-normal/arm64_32/SimpleSerializer.SwiftConstValuesFileList --force --compile-time-extraction --deployment-aware-processing --no-app-shortcuts-localization
2026-09-27 11:33:23.639 appintentsmetadataprocessor[1242:7164] Starting appintentsmetadataprocessor export
2026-09-27 11:33:23.701 appintentsmetadataprocessor[1242:7164] Extracted no relevant App Intents symbols, skipping writing output
SwiftCompile normal arm64 Compiling\ GraceVariable.swift,\ GraceCompilerError.swift,\ GraceKeywords.swift,\ GraceParseError.swift /Users/admin/builder/spi-builder-workspace/.dependencies/checkouts/GraceLanguage/Sources/GraceLanguage/DataModels/GraceVariable.swift /Users/admin/builder/spi-builder-workspace/.dependencies/checkouts/GraceLanguage/Sources/GraceLanguage/Enumerations/GraceCompilerError.swift /Users/admin/builder/spi-builder-workspace/.dependencies/checkouts/GraceLanguage/Sources/GraceLanguage/Enumerations/GraceKeywords.swift /Users/admin/builder/spi-builder-workspace/.dependencies/checkouts/GraceLanguage/Sources/GraceLanguage/Enumerations/GraceParseError.swift (in target 'GraceLanguage' from project 'GraceLanguage')
SwiftCompile normal arm64 /Users/admin/builder/spi-builder-workspace/.dependencies/checkouts/GraceLanguage/Sources/GraceLanguage/DataModels/GraceVariable.swift (in target 'GraceLanguage' from project 'GraceLanguage')
    cd /Users/admin/builder/spi-builder-workspace/.swiftpm/xcode
    builtin-SwiftPerFileCompile GraceVariable.swift
SwiftCompile normal arm64 /Users/admin/builder/spi-builder-workspace/.dependencies/checkouts/GraceLanguage/Sources/GraceLanguage/Enumerations/GraceCompilerError.swift (in target 'GraceLanguage' from project 'GraceLanguage')
    cd /Users/admin/builder/spi-builder-workspace/.swiftpm/xcode
    builtin-SwiftPerFileCompile GraceCompilerError.swift
SwiftCompile normal arm64 /Users/admin/builder/spi-builder-workspace/.dependencies/checkouts/GraceLanguage/Sources/GraceLanguage/Enumerations/GraceKeywords.swift (in target 'GraceLanguage' from project 'GraceLanguage')
    cd /Users/admin/builder/spi-builder-workspace/.swiftpm/xcode
    builtin-SwiftPerFileCompile GraceKeywords.swift
SwiftCompile normal arm64 /Users/admin/builder/spi-builder-workspace/.dependencies/checkouts/GraceLanguage/Sources/GraceLanguage/Enumerations/GraceParseError.swift (in target 'GraceLanguage' from project 'GraceLanguage')
    cd /Users/admin/builder/spi-builder-workspace/.swiftpm/xcode
    builtin-SwiftPerFileCompile GraceParseError.swift
SwiftCompile normal arm64 Compiling\ GraceRuntimeError.swift,\ StringExtensions.swift,\ GraceArrayExpression.swift,\ GraceConstantExpression.swift /Users/admin/builder/spi-builder-workspace/.dependencies/checkouts/GraceLanguage/Sources/GraceLanguage/Enumerations/GraceRuntimeError.swift /Users/admin/builder/spi-builder-workspace/.dependencies/checkouts/GraceLanguage/Sources/GraceLanguage/Extensions/StringExtensions.swift /Users/admin/builder/spi-builder-workspace/.dependencies/checkouts/GraceLanguage/Sources/GraceLanguage/GraceExpressions/GraceArrayExpression.swift /Users/admin/builder/spi-builder-workspace/.dependencies/checkouts/GraceLanguage/Sources/GraceLanguage/GraceExpressions/GraceConstantExpression.swift (in target 'GraceLanguage' from project 'GraceLanguage')
SwiftCompile normal arm64 /Users/admin/builder/spi-builder-workspace/.dependencies/checkouts/GraceLanguage/Sources/GraceLanguage/Enumerations/GraceRuntimeError.swift (in target 'GraceLanguage' from project 'GraceLanguage')
    cd /Users/admin/builder/spi-builder-workspace/.swiftpm/xcode
    builtin-SwiftPerFileCompile GraceRuntimeError.swift
SwiftCompile normal arm64 /Users/admin/builder/spi-builder-workspace/.dependencies/checkouts/GraceLanguage/Sources/GraceLanguage/Extensions/StringExtensions.swift (in target 'GraceLanguage' from project 'GraceLanguage')
    cd /Users/admin/builder/spi-builder-workspace/.swiftpm/xcode
    builtin-SwiftPerFileCompile StringExtensions.swift
SwiftCompile normal arm64 /Users/admin/builder/spi-builder-workspace/.dependencies/checkouts/GraceLanguage/Sources/GraceLanguage/GraceExpressions/GraceArrayExpression.swift (in target 'GraceLanguage' from project 'GraceLanguage')
    cd /Users/admin/builder/spi-builder-workspace/.swiftpm/xcode
    builtin-SwiftPerFileCompile GraceArrayExpression.swift
SwiftCompile normal arm64 /Users/admin/builder/spi-builder-workspace/.dependencies/checkouts/GraceLanguage/Sources/GraceLanguage/GraceExpressions/GraceConstantExpression.swift (in target 'GraceLanguage' from project 'GraceLanguage')
    cd /Users/admin/builder/spi-builder-workspace/.swiftpm/xcode
    builtin-SwiftPerFileCompile GraceConstantExpression.swift
SwiftCompile normal arm64 Compiling\ GraceNotExpression.swift,\ GraceVariableExpression.swift,\ GraceAddInstruction.swift,\ GraceCallInstruction.swift /Users/admin/builder/spi-builder-workspace/.dependencies/checkouts/GraceLanguage/Sources/GraceLanguage/GraceExpressions/GraceNotExpression.swift /Users/admin/builder/spi-builder-workspace/.dependencies/checkouts/GraceLanguage/Sources/GraceLanguage/GraceExpressions/GraceVariableExpression.swift /Users/admin/builder/spi-builder-workspace/.dependencies/checkouts/GraceLanguage/Sources/GraceLanguage/GraceInstructions/GraceAddInstruction.swift /Users/admin/builder/spi-builder-workspace/.dependencies/checkouts/GraceLanguage/Sources/GraceLanguage/GraceInstructions/GraceCallInstruction.swift (in target 'GraceLanguage' from project 'GraceLanguage')
SwiftCompile normal arm64 /Users/admin/builder/spi-builder-workspace/.dependencies/checkouts/GraceLanguage/Sources/GraceLanguage/GraceExpressions/GraceNotExpression.swift (in target 'GraceLanguage' from project 'GraceLanguage')
    cd /Users/admin/builder/spi-builder-workspace/.swiftpm/xcode
    builtin-SwiftPerFileCompile GraceNotExpression.swift
SwiftCompile normal arm64 /Users/admin/builder/spi-builder-workspace/.dependencies/checkouts/GraceLanguage/Sources/GraceLanguage/GraceExpressions/GraceVariableExpression.swift (in target 'GraceLanguage' from project 'GraceLanguage')
    cd /Users/admin/builder/spi-builder-workspace/.swiftpm/xcode
    builtin-SwiftPerFileCompile GraceVariableExpression.swift
SwiftCompile normal arm64 /Users/admin/builder/spi-builder-workspace/.dependencies/checkouts/GraceLanguage/Sources/GraceLanguage/GraceInstructions/GraceAddInstruction.swift (in target 'GraceLanguage' from project 'GraceLanguage')
    cd /Users/admin/builder/spi-builder-workspace/.swiftpm/xcode
    builtin-SwiftPerFileCompile GraceAddInstruction.swift
SwiftCompile normal arm64 /Users/admin/builder/spi-builder-workspace/.dependencies/checkouts/GraceLanguage/Sources/GraceLanguage/GraceInstructions/GraceCallInstruction.swift (in target 'GraceLanguage' from project 'GraceLanguage')
    cd /Users/admin/builder/spi-builder-workspace/.swiftpm/xcode
    builtin-SwiftPerFileCompile GraceCallInstruction.swift
SwiftEmitModule normal arm64 Emitting\ module\ for\ GraceLanguage (in target 'GraceLanguage' from project 'GraceLanguage')
SwiftCompile normal arm64 (in target 'GraceLanguage' from project 'GraceLanguage')
    cd /Users/admin/builder/spi-builder-workspace/.swiftpm/xcode

SwiftCompile normal arm64 Compiling\ GraceWhileInstruction.swift,\ GraceAbortable.swift,\ GraceExpression.swift,\ GraceInstruction.swift /Users/admin/builder/spi-builder-workspace/.dependencies/checkouts/GraceLanguage/Sources/GraceLanguage/GraceInstructions/GraceWhileInstruction.swift /Users/admin/builder/spi-builder-workspace/.dependencies/checkouts/GraceLanguage/Sources/GraceLanguage/Protocols/GraceAbortable.swift /Users/admin/builder/spi-builder-workspace/.dependencies/checkouts/GraceLanguage/Sources/GraceLanguage/Protocols/GraceExpression.swift /Users/admin/builder/spi-builder-workspace/.dependencies/checkouts/GraceLanguage/Sources/GraceLanguage/Protocols/GraceInstruction.swift (in target 'GraceLanguage' from project 'GraceLanguage')
SwiftCompile normal arm64 /Users/admin/builder/spi-builder-workspace/.dependencies/checkouts/GraceLanguage/Sources/GraceLanguage/GraceInstructions/GraceWhileInstruction.swift (in target 'GraceLanguage' from project 'GraceLanguage')
    cd /Users/admin/builder/spi-builder-workspace/.swiftpm/xcode
    builtin-SwiftPerFileCompile GraceWhileInstruction.swift
SwiftCompile normal arm64 /Users/admin/builder/spi-builder-workspace/.dependencies/checkouts/GraceLanguage/Sources/GraceLanguage/Protocols/GraceAbortable.swift (in target 'GraceLanguage' from project 'GraceLanguage')
    cd /Users/admin/builder/spi-builder-workspace/.swiftpm/xcode
    builtin-SwiftPerFileCompile GraceAbortable.swift
SwiftCompile normal arm64 /Users/admin/builder/spi-builder-workspace/.dependencies/checkouts/GraceLanguage/Sources/GraceLanguage/Protocols/GraceExpression.swift (in target 'GraceLanguage' from project 'GraceLanguage')
    cd /Users/admin/builder/spi-builder-workspace/.swiftpm/xcode
    builtin-SwiftPerFileCompile GraceExpression.swift
SwiftCompile normal arm64 /Users/admin/builder/spi-builder-workspace/.dependencies/checkouts/GraceLanguage/Sources/GraceLanguage/Protocols/GraceInstruction.swift (in target 'GraceLanguage' from project 'GraceLanguage')
    cd /Users/admin/builder/spi-builder-workspace/.swiftpm/xcode
    builtin-SwiftPerFileCompile GraceInstruction.swift
SwiftCompile normal arm64 Compiling\ GraceIfInstruction.swift,\ GraceIncrementInstruction.swift,\ GraceIterateInstruction.swift,\ GraceLetInstruction.swift /Users/admin/builder/spi-builder-workspace/.dependencies/checkouts/GraceLanguage/Sources/GraceLanguage/GraceInstructions/GraceIfInstruction.swift /Users/admin/builder/spi-builder-workspace/.dependencies/checkouts/GraceLanguage/Sources/GraceLanguage/GraceInstructions/GraceIncrementInstruction.swift /Users/admin/builder/spi-builder-workspace/.dependencies/checkouts/GraceLanguage/Sources/GraceLanguage/GraceInstructions/GraceIterateInstruction.swift /Users/admin/builder/spi-builder-workspace/.dependencies/checkouts/GraceLanguage/Sources/GraceLanguage/GraceInstructions/GraceLetInstruction.swift (in target 'GraceLanguage' from project 'GraceLanguage')
SwiftCompile normal arm64 /Users/admin/builder/spi-builder-workspace/.dependencies/checkouts/GraceLanguage/Sources/GraceLanguage/GraceInstructions/GraceIfInstruction.swift (in target 'GraceLanguage' from project 'GraceLanguage')
    cd /Users/admin/builder/spi-builder-workspace/.swiftpm/xcode
    builtin-SwiftPerFileCompile GraceIfInstruction.swift
SwiftCompile normal arm64 /Users/admin/builder/spi-builder-workspace/.dependencies/checkouts/GraceLanguage/Sources/GraceLanguage/GraceInstructions/GraceIncrementInstruction.swift (in target 'GraceLanguage' from project 'GraceLanguage')
    cd /Users/admin/builder/spi-builder-workspace/.swiftpm/xcode
    builtin-SwiftPerFileCompile GraceIncrementInstruction.swift
SwiftCompile normal arm64 /Users/admin/builder/spi-builder-workspace/.dependencies/checkouts/GraceLanguage/Sources/GraceLanguage/GraceInstructions/GraceIterateInstruction.swift (in target 'GraceLanguage' from project 'GraceLanguage')
    cd /Users/admin/builder/spi-builder-workspace/.swiftpm/xcode
    builtin-SwiftPerFileCompile GraceIterateInstruction.swift
SwiftCompile normal arm64 /Users/admin/builder/spi-builder-workspace/.dependencies/checkouts/GraceLanguage/Sources/GraceLanguage/GraceInstructions/GraceLetInstruction.swift (in target 'GraceLanguage' from project 'GraceLanguage')
    cd /Users/admin/builder/spi-builder-workspace/.swiftpm/xcode
    builtin-SwiftPerFileCompile GraceLetInstruction.swift
SwiftCompile normal arm64 Compiling\ GraceRepeatInstruction.swift,\ GraceReturnInstruction.swift,\ GraceSwitchInstruction.swift,\ GraceVarInstruction.swift /Users/admin/builder/spi-builder-workspace/.dependencies/checkouts/GraceLanguage/Sources/GraceLanguage/GraceInstructions/GraceRepeatInstruction.swift /Users/admin/builder/spi-builder-workspace/.dependencies/checkouts/GraceLanguage/Sources/GraceLanguage/GraceInstructions/GraceReturnInstruction.swift /Users/admin/builder/spi-builder-workspace/.dependencies/checkouts/GraceLanguage/Sources/GraceLanguage/GraceInstructions/GraceSwitchInstruction.swift /Users/admin/builder/spi-builder-workspace/.dependencies/checkouts/GraceLanguage/Sources/GraceLanguage/GraceInstructions/GraceVarInstruction.swift (in target 'GraceLanguage' from project 'GraceLanguage')
SwiftCompile normal arm64 /Users/admin/builder/spi-builder-workspace/.dependencies/checkouts/GraceLanguage/Sources/GraceLanguage/GraceInstructions/GraceRepeatInstruction.swift (in target 'GraceLanguage' from project 'GraceLanguage')
    cd /Users/admin/builder/spi-builder-workspace/.swiftpm/xcode
    builtin-SwiftPerFileCompile GraceRepeatInstruction.swift
SwiftCompile normal arm64 /Users/admin/builder/spi-builder-workspace/.dependencies/checkouts/GraceLanguage/Sources/GraceLanguage/GraceInstructions/GraceReturnInstruction.swift (in target 'GraceLanguage' from project 'GraceLanguage')
    cd /Users/admin/builder/spi-builder-workspace/.swiftpm/xcode
    builtin-SwiftPerFileCompile GraceReturnInstruction.swift
SwiftCompile normal arm64 /Users/admin/builder/spi-builder-workspace/.dependencies/checkouts/GraceLanguage/Sources/GraceLanguage/GraceInstructions/GraceSwitchInstruction.swift (in target 'GraceLanguage' from project 'GraceLanguage')
    cd /Users/admin/builder/spi-builder-workspace/.swiftpm/xcode
    builtin-SwiftPerFileCompile GraceSwitchInstruction.swift
SwiftCompile normal arm64 /Users/admin/builder/spi-builder-workspace/.dependencies/checkouts/GraceLanguage/Sources/GraceLanguage/GraceInstructions/GraceVarInstruction.swift (in target 'GraceLanguage' from project 'GraceLanguage')
    cd /Users/admin/builder/spi-builder-workspace/.swiftpm/xcode
    builtin-SwiftPerFileCompile GraceVarInstruction.swift
SwiftCompile normal arm64 Compiling\ GraceDecrementInstruction.swift,\ GraceDeleteInstruction.swift,\ GraceEmptyInstruction.swift,\ GraceForInstruction.swift /Users/admin/builder/spi-builder-workspace/.dependencies/checkouts/GraceLanguage/Sources/GraceLanguage/GraceInstructions/GraceDecrementInstruction.swift /Users/admin/builder/spi-builder-workspace/.dependencies/checkouts/GraceLanguage/Sources/GraceLanguage/GraceInstructions/GraceDeleteInstruction.swift /Users/admin/builder/spi-builder-workspace/.dependencies/checkouts/GraceLanguage/Sources/GraceLanguage/GraceInstructions/GraceEmptyInstruction.swift /Users/admin/builder/spi-builder-workspace/.dependencies/checkouts/GraceLanguage/Sources/GraceLanguage/GraceInstructions/GraceForInstruction.swift (in target 'GraceLanguage' from project 'GraceLanguage')
SwiftCompile normal arm64 /Users/admin/builder/spi-builder-workspace/.dependencies/checkouts/GraceLanguage/Sources/GraceLanguage/GraceInstructions/GraceDecrementInstruction.swift (in target 'GraceLanguage' from project 'GraceLanguage')
    cd /Users/admin/builder/spi-builder-workspace/.swiftpm/xcode
    builtin-SwiftPerFileCompile GraceDecrementInstruction.swift
SwiftCompile normal arm64 /Users/admin/builder/spi-builder-workspace/.dependencies/checkouts/GraceLanguage/Sources/GraceLanguage/GraceInstructions/GraceDeleteInstruction.swift (in target 'GraceLanguage' from project 'GraceLanguage')
    cd /Users/admin/builder/spi-builder-workspace/.swiftpm/xcode
    builtin-SwiftPerFileCompile GraceDeleteInstruction.swift
SwiftCompile normal arm64 /Users/admin/builder/spi-builder-workspace/.dependencies/checkouts/GraceLanguage/Sources/GraceLanguage/GraceInstructions/GraceEmptyInstruction.swift (in target 'GraceLanguage' from project 'GraceLanguage')
    cd /Users/admin/builder/spi-builder-workspace/.swiftpm/xcode
    builtin-SwiftPerFileCompile GraceEmptyInstruction.swift
SwiftCompile normal arm64 /Users/admin/builder/spi-builder-workspace/.dependencies/checkouts/GraceLanguage/Sources/GraceLanguage/GraceInstructions/GraceForInstruction.swift (in target 'GraceLanguage' from project 'GraceLanguage')
    cd /Users/admin/builder/spi-builder-workspace/.swiftpm/xcode
    builtin-SwiftPerFileCompile GraceForInstruction.swift
SwiftCompile normal arm64 Compiling\ resource_bundle_accessor.swift,\ GraceCompiler.swift,\ GraceRuntime.swift,\ GraceTokenizer.swift,\ GraceCaseStatement.swift /Users/admin/builder/spi-builder-workspace/.derivedData/Build/Intermediates.noindex/GraceLanguage.build/Debug-watchos/GraceLanguage-t.build/DerivedSources/resource_bundle_accessor.swift /Users/admin/builder/spi-builder-workspace/.dependencies/checkouts/GraceLanguage/Sources/GraceLanguage/Compiler/GraceCompiler.swift /Users/admin/builder/spi-builder-workspace/.dependencies/checkouts/GraceLanguage/Sources/GraceLanguage/Compiler/GraceRuntime.swift /Users/admin/builder/spi-builder-workspace/.dependencies/checkouts/GraceLanguage/Sources/GraceLanguage/Compiler/GraceTokenizer.swift /Users/admin/builder/spi-builder-workspace/.dependencies/checkouts/GraceLanguage/Sources/GraceLanguage/DataModels/GraceCaseStatement.swift (in target 'GraceLanguage' from project 'GraceLanguage')
SwiftCompile normal arm64 /Users/admin/builder/spi-builder-workspace/.derivedData/Build/Intermediates.noindex/GraceLanguage.build/Debug-watchos/GraceLanguage-t.build/DerivedSources/resource_bundle_accessor.swift (in target 'GraceLanguage' from project 'GraceLanguage')
    cd /Users/admin/builder/spi-builder-workspace/.swiftpm/xcode
    builtin-SwiftPerFileCompile resource_bundle_accessor.swift
SwiftCompile normal arm64 /Users/admin/builder/spi-builder-workspace/.dependencies/checkouts/GraceLanguage/Sources/GraceLanguage/Compiler/GraceCompiler.swift (in target 'GraceLanguage' from project 'GraceLanguage')
    cd /Users/admin/builder/spi-builder-workspace/.swiftpm/xcode
    builtin-SwiftPerFileCompile GraceCompiler.swift
SwiftCompile normal arm64 /Users/admin/builder/spi-builder-workspace/.dependencies/checkouts/GraceLanguage/Sources/GraceLanguage/Compiler/GraceRuntime.swift (in target 'GraceLanguage' from project 'GraceLanguage')
    cd /Users/admin/builder/spi-builder-workspace/.swiftpm/xcode
    builtin-SwiftPerFileCompile GraceRuntime.swift
SwiftCompile normal arm64 /Users/admin/builder/spi-builder-workspace/.dependencies/checkouts/GraceLanguage/Sources/GraceLanguage/Compiler/GraceTokenizer.swift (in target 'GraceLanguage' from project 'GraceLanguage')
    cd /Users/admin/builder/spi-builder-workspace/.swiftpm/xcode
    builtin-SwiftPerFileCompile GraceTokenizer.swift
SwiftCompile normal arm64 /Users/admin/builder/spi-builder-workspace/.dependencies/checkouts/GraceLanguage/Sources/GraceLanguage/DataModels/GraceCaseStatement.swift (in target 'GraceLanguage' from project 'GraceLanguage')
    cd /Users/admin/builder/spi-builder-workspace/.swiftpm/xcode
    builtin-SwiftPerFileCompile GraceCaseStatement.swift
SwiftCompile normal arm64 Compiling\ GraceEnumerationExpression.swift,\ GraceFormulaExpression.swift,\ GraceFunctionExpression.swift,\ GraceNewExpression.swift /Users/admin/builder/spi-builder-workspace/.dependencies/checkouts/GraceLanguage/Sources/GraceLanguage/GraceExpressions/GraceEnumerationExpression.swift /Users/admin/builder/spi-builder-workspace/.dependencies/checkouts/GraceLanguage/Sources/GraceLanguage/GraceExpressions/GraceFormulaExpression.swift /Users/admin/builder/spi-builder-workspace/.dependencies/checkouts/GraceLanguage/Sources/GraceLanguage/GraceExpressions/GraceFunctionExpression.swift /Users/admin/builder/spi-builder-workspace/.dependencies/checkouts/GraceLanguage/Sources/GraceLanguage/GraceExpressions/GraceNewExpression.swift (in target 'GraceLanguage' from project 'GraceLanguage')
SwiftCompile normal arm64 /Users/admin/builder/spi-builder-workspace/.dependencies/checkouts/GraceLanguage/Sources/GraceLanguage/GraceExpressions/GraceEnumerationExpression.swift (in target 'GraceLanguage' from project 'GraceLanguage')
    cd /Users/admin/builder/spi-builder-workspace/.swiftpm/xcode
    builtin-SwiftPerFileCompile GraceEnumerationExpression.swift
SwiftCompile normal arm64 /Users/admin/builder/spi-builder-workspace/.dependencies/checkouts/GraceLanguage/Sources/GraceLanguage/GraceExpressions/GraceFormulaExpression.swift (in target 'GraceLanguage' from project 'GraceLanguage')
    cd /Users/admin/builder/spi-builder-workspace/.swiftpm/xcode
    builtin-SwiftPerFileCompile GraceFormulaExpression.swift
SwiftCompile normal arm64 /Users/admin/builder/spi-builder-workspace/.dependencies/checkouts/GraceLanguage/Sources/GraceLanguage/GraceExpressions/GraceFunctionExpression.swift (in target 'GraceLanguage' from project 'GraceLanguage')
    cd /Users/admin/builder/spi-builder-workspace/.swiftpm/xcode
    builtin-SwiftPerFileCompile GraceFunctionExpression.swift
SwiftCompile normal arm64 /Users/admin/builder/spi-builder-workspace/.dependencies/checkouts/GraceLanguage/Sources/GraceLanguage/GraceExpressions/GraceNewExpression.swift (in target 'GraceLanguage' from project 'GraceLanguage')
    cd /Users/admin/builder/spi-builder-workspace/.swiftpm/xcode
    builtin-SwiftPerFileCompile GraceNewExpression.swift
SwiftEmitModule normal arm64_32 Emitting\ module\ for\ GraceLanguage (in target 'GraceLanguage' from project 'GraceLanguage')
SwiftCompile normal arm64_32 (in target 'GraceLanguage' from project 'GraceLanguage')
    cd /Users/admin/builder/spi-builder-workspace/.swiftpm/xcode

SwiftDriverJobDiscovery normal arm64 Compiling GraceWhileInstruction.swift, GraceAbortable.swift, GraceExpression.swift, GraceInstruction.swift (in target 'GraceLanguage' from project 'GraceLanguage')
SwiftCompile normal arm64_32 Compiling\ GraceDecrementInstruction.swift,\ GraceDeleteInstruction.swift,\ GraceEmptyInstruction.swift,\ GraceForInstruction.swift /Users/admin/builder/spi-builder-workspace/.dependencies/checkouts/GraceLanguage/Sources/GraceLanguage/GraceInstructions/GraceDecrementInstruction.swift /Users/admin/builder/spi-builder-workspace/.dependencies/checkouts/GraceLanguage/Sources/GraceLanguage/GraceInstructions/GraceDeleteInstruction.swift /Users/admin/builder/spi-builder-workspace/.dependencies/checkouts/GraceLanguage/Sources/GraceLanguage/GraceInstructions/GraceEmptyInstruction.swift /Users/admin/builder/spi-builder-workspace/.dependencies/checkouts/GraceLanguage/Sources/GraceLanguage/GraceInstructions/GraceForInstruction.swift (in target 'GraceLanguage' from project 'GraceLanguage')
SwiftCompile normal arm64_32 /Users/admin/builder/spi-builder-workspace/.dependencies/checkouts/GraceLanguage/Sources/GraceLanguage/GraceInstructions/GraceDecrementInstruction.swift (in target 'GraceLanguage' from project 'GraceLanguage')
    cd /Users/admin/builder/spi-builder-workspace/.swiftpm/xcode
    builtin-SwiftPerFileCompile GraceDecrementInstruction.swift
SwiftCompile normal arm64_32 /Users/admin/builder/spi-builder-workspace/.dependencies/checkouts/GraceLanguage/Sources/GraceLanguage/GraceInstructions/GraceDeleteInstruction.swift (in target 'GraceLanguage' from project 'GraceLanguage')
    cd /Users/admin/builder/spi-builder-workspace/.swiftpm/xcode
    builtin-SwiftPerFileCompile GraceDeleteInstruction.swift
SwiftCompile normal arm64_32 /Users/admin/builder/spi-builder-workspace/.dependencies/checkouts/GraceLanguage/Sources/GraceLanguage/GraceInstructions/GraceEmptyInstruction.swift (in target 'GraceLanguage' from project 'GraceLanguage')
    cd /Users/admin/builder/spi-builder-workspace/.swiftpm/xcode
    builtin-SwiftPerFileCompile GraceEmptyInstruction.swift
SwiftCompile normal arm64_32 /Users/admin/builder/spi-builder-workspace/.dependencies/checkouts/GraceLanguage/Sources/GraceLanguage/GraceInstructions/GraceForInstruction.swift (in target 'GraceLanguage' from project 'GraceLanguage')
    cd /Users/admin/builder/spi-builder-workspace/.swiftpm/xcode
    builtin-SwiftPerFileCompile GraceForInstruction.swift
SwiftDriverJobDiscovery normal arm64 Compiling GraceRuntimeError.swift, StringExtensions.swift, GraceArrayExpression.swift, GraceConstantExpression.swift (in target 'GraceLanguage' from project 'GraceLanguage')
SwiftCompile normal arm64_32 Compiling\ GraceWhileInstruction.swift,\ GraceAbortable.swift,\ GraceExpression.swift,\ GraceInstruction.swift /Users/admin/builder/spi-builder-workspace/.dependencies/checkouts/GraceLanguage/Sources/GraceLanguage/GraceInstructions/GraceWhileInstruction.swift /Users/admin/builder/spi-builder-workspace/.dependencies/checkouts/GraceLanguage/Sources/GraceLanguage/Protocols/GraceAbortable.swift /Users/admin/builder/spi-builder-workspace/.dependencies/checkouts/GraceLanguage/Sources/GraceLanguage/Protocols/GraceExpression.swift /Users/admin/builder/spi-builder-workspace/.dependencies/checkouts/GraceLanguage/Sources/GraceLanguage/Protocols/GraceInstruction.swift (in target 'GraceLanguage' from project 'GraceLanguage')
SwiftCompile normal arm64_32 /Users/admin/builder/spi-builder-workspace/.dependencies/checkouts/GraceLanguage/Sources/GraceLanguage/GraceInstructions/GraceWhileInstruction.swift (in target 'GraceLanguage' from project 'GraceLanguage')
    cd /Users/admin/builder/spi-builder-workspace/.swiftpm/xcode
    builtin-SwiftPerFileCompile GraceWhileInstruction.swift
SwiftCompile normal arm64_32 /Users/admin/builder/spi-builder-workspace/.dependencies/checkouts/GraceLanguage/Sources/GraceLanguage/Protocols/GraceAbortable.swift (in target 'GraceLanguage' from project 'GraceLanguage')
    cd /Users/admin/builder/spi-builder-workspace/.swiftpm/xcode
    builtin-SwiftPerFileCompile GraceAbortable.swift
SwiftCompile normal arm64_32 /Users/admin/builder/spi-builder-workspace/.dependencies/checkouts/GraceLanguage/Sources/GraceLanguage/Protocols/GraceExpression.swift (in target 'GraceLanguage' from project 'GraceLanguage')
    cd /Users/admin/builder/spi-builder-workspace/.swiftpm/xcode
    builtin-SwiftPerFileCompile GraceExpression.swift
SwiftCompile normal arm64_32 /Users/admin/builder/spi-builder-workspace/.dependencies/checkouts/GraceLanguage/Sources/GraceLanguage/Protocols/GraceInstruction.swift (in target 'GraceLanguage' from project 'GraceLanguage')
    cd /Users/admin/builder/spi-builder-workspace/.swiftpm/xcode
    builtin-SwiftPerFileCompile GraceInstruction.swift
SwiftDriverJobDiscovery normal arm64 Compiling GraceNotExpression.swift, GraceVariableExpression.swift, GraceAddInstruction.swift, GraceCallInstruction.swift (in target 'GraceLanguage' from project 'GraceLanguage')
SwiftCompile normal arm64_32 Compiling\ GraceEnumerationExpression.swift,\ GraceFormulaExpression.swift,\ GraceFunctionExpression.swift,\ GraceNewExpression.swift /Users/admin/builder/spi-builder-workspace/.dependencies/checkouts/GraceLanguage/Sources/GraceLanguage/GraceExpressions/GraceEnumerationExpression.swift /Users/admin/builder/spi-builder-workspace/.dependencies/checkouts/GraceLanguage/Sources/GraceLanguage/GraceExpressions/GraceFormulaExpression.swift /Users/admin/builder/spi-builder-workspace/.dependencies/checkouts/GraceLanguage/Sources/GraceLanguage/GraceExpressions/GraceFunctionExpression.swift /Users/admin/builder/spi-builder-workspace/.dependencies/checkouts/GraceLanguage/Sources/GraceLanguage/GraceExpressions/GraceNewExpression.swift (in target 'GraceLanguage' from project 'GraceLanguage')
SwiftCompile normal arm64_32 /Users/admin/builder/spi-builder-workspace/.dependencies/checkouts/GraceLanguage/Sources/GraceLanguage/GraceExpressions/GraceEnumerationExpression.swift (in target 'GraceLanguage' from project 'GraceLanguage')
    cd /Users/admin/builder/spi-builder-workspace/.swiftpm/xcode
    builtin-SwiftPerFileCompile GraceEnumerationExpression.swift
SwiftCompile normal arm64_32 /Users/admin/builder/spi-builder-workspace/.dependencies/checkouts/GraceLanguage/Sources/GraceLanguage/GraceExpressions/GraceFormulaExpression.swift (in target 'GraceLanguage' from project 'GraceLanguage')
    cd /Users/admin/builder/spi-builder-workspace/.swiftpm/xcode
    builtin-SwiftPerFileCompile GraceFormulaExpression.swift
SwiftCompile normal arm64_32 /Users/admin/builder/spi-builder-workspace/.dependencies/checkouts/GraceLanguage/Sources/GraceLanguage/GraceExpressions/GraceFunctionExpression.swift (in target 'GraceLanguage' from project 'GraceLanguage')
    cd /Users/admin/builder/spi-builder-workspace/.swiftpm/xcode
    builtin-SwiftPerFileCompile GraceFunctionExpression.swift
SwiftCompile normal arm64_32 /Users/admin/builder/spi-builder-workspace/.dependencies/checkouts/GraceLanguage/Sources/GraceLanguage/GraceExpressions/GraceNewExpression.swift (in target 'GraceLanguage' from project 'GraceLanguage')
    cd /Users/admin/builder/spi-builder-workspace/.swiftpm/xcode
    builtin-SwiftPerFileCompile GraceNewExpression.swift
SwiftDriverJobDiscovery normal arm64 Compiling GraceDecrementInstruction.swift, GraceDeleteInstruction.swift, GraceEmptyInstruction.swift, GraceForInstruction.swift (in target 'GraceLanguage' from project 'GraceLanguage')
SwiftCompile normal arm64_32 Compiling\ GraceRepeatInstruction.swift,\ GraceReturnInstruction.swift,\ GraceSwitchInstruction.swift,\ GraceVarInstruction.swift /Users/admin/builder/spi-builder-workspace/.dependencies/checkouts/GraceLanguage/Sources/GraceLanguage/GraceInstructions/GraceRepeatInstruction.swift /Users/admin/builder/spi-builder-workspace/.dependencies/checkouts/GraceLanguage/Sources/GraceLanguage/GraceInstructions/GraceReturnInstruction.swift /Users/admin/builder/spi-builder-workspace/.dependencies/checkouts/GraceLanguage/Sources/GraceLanguage/GraceInstructions/GraceSwitchInstruction.swift /Users/admin/builder/spi-builder-workspace/.dependencies/checkouts/GraceLanguage/Sources/GraceLanguage/GraceInstructions/GraceVarInstruction.swift (in target 'GraceLanguage' from project 'GraceLanguage')
SwiftCompile normal arm64_32 /Users/admin/builder/spi-builder-workspace/.dependencies/checkouts/GraceLanguage/Sources/GraceLanguage/GraceInstructions/GraceRepeatInstruction.swift (in target 'GraceLanguage' from project 'GraceLanguage')
    cd /Users/admin/builder/spi-builder-workspace/.swiftpm/xcode
    builtin-SwiftPerFileCompile GraceRepeatInstruction.swift
SwiftCompile normal arm64_32 /Users/admin/builder/spi-builder-workspace/.dependencies/checkouts/GraceLanguage/Sources/GraceLanguage/GraceInstructions/GraceReturnInstruction.swift (in target 'GraceLanguage' from project 'GraceLanguage')
    cd /Users/admin/builder/spi-builder-workspace/.swiftpm/xcode
    builtin-SwiftPerFileCompile GraceReturnInstruction.swift
SwiftCompile normal arm64_32 /Users/admin/builder/spi-builder-workspace/.dependencies/checkouts/GraceLanguage/Sources/GraceLanguage/GraceInstructions/GraceSwitchInstruction.swift (in target 'GraceLanguage' from project 'GraceLanguage')
    cd /Users/admin/builder/spi-builder-workspace/.swiftpm/xcode
    builtin-SwiftPerFileCompile GraceSwitchInstruction.swift
SwiftCompile normal arm64_32 /Users/admin/builder/spi-builder-workspace/.dependencies/checkouts/GraceLanguage/Sources/GraceLanguage/GraceInstructions/GraceVarInstruction.swift (in target 'GraceLanguage' from project 'GraceLanguage')
    cd /Users/admin/builder/spi-builder-workspace/.swiftpm/xcode
    builtin-SwiftPerFileCompile GraceVarInstruction.swift
SwiftDriverJobDiscovery normal arm64 Compiling GraceRepeatInstruction.swift, GraceReturnInstruction.swift, GraceSwitchInstruction.swift, GraceVarInstruction.swift (in target 'GraceLanguage' from project 'GraceLanguage')
SwiftCompile normal arm64_32 Compiling\ GraceVariable.swift,\ GraceCompilerError.swift,\ GraceKeywords.swift,\ GraceParseError.swift /Users/admin/builder/spi-builder-workspace/.dependencies/checkouts/GraceLanguage/Sources/GraceLanguage/DataModels/GraceVariable.swift /Users/admin/builder/spi-builder-workspace/.dependencies/checkouts/GraceLanguage/Sources/GraceLanguage/Enumerations/GraceCompilerError.swift /Users/admin/builder/spi-builder-workspace/.dependencies/checkouts/GraceLanguage/Sources/GraceLanguage/Enumerations/GraceKeywords.swift /Users/admin/builder/spi-builder-workspace/.dependencies/checkouts/GraceLanguage/Sources/GraceLanguage/Enumerations/GraceParseError.swift (in target 'GraceLanguage' from project 'GraceLanguage')
SwiftCompile normal arm64_32 /Users/admin/builder/spi-builder-workspace/.dependencies/checkouts/GraceLanguage/Sources/GraceLanguage/DataModels/GraceVariable.swift (in target 'GraceLanguage' from project 'GraceLanguage')
    cd /Users/admin/builder/spi-builder-workspace/.swiftpm/xcode
    builtin-SwiftPerFileCompile GraceVariable.swift
SwiftCompile normal arm64_32 /Users/admin/builder/spi-builder-workspace/.dependencies/checkouts/GraceLanguage/Sources/GraceLanguage/Enumerations/GraceCompilerError.swift (in target 'GraceLanguage' from project 'GraceLanguage')
    cd /Users/admin/builder/spi-builder-workspace/.swiftpm/xcode
    builtin-SwiftPerFileCompile GraceCompilerError.swift
SwiftCompile normal arm64_32 /Users/admin/builder/spi-builder-workspace/.dependencies/checkouts/GraceLanguage/Sources/GraceLanguage/Enumerations/GraceKeywords.swift (in target 'GraceLanguage' from project 'GraceLanguage')
    cd /Users/admin/builder/spi-builder-workspace/.swiftpm/xcode
    builtin-SwiftPerFileCompile GraceKeywords.swift
SwiftCompile normal arm64_32 /Users/admin/builder/spi-builder-workspace/.dependencies/checkouts/GraceLanguage/Sources/GraceLanguage/Enumerations/GraceParseError.swift (in target 'GraceLanguage' from project 'GraceLanguage')
    cd /Users/admin/builder/spi-builder-workspace/.swiftpm/xcode
    builtin-SwiftPerFileCompile GraceParseError.swift
SwiftDriverJobDiscovery normal arm64 Compiling GraceIfInstruction.swift, GraceIncrementInstruction.swift, GraceIterateInstruction.swift, GraceLetInstruction.swift (in target 'GraceLanguage' from project 'GraceLanguage')
SwiftCompile normal arm64_32 Compiling\ resource_bundle_accessor.swift,\ GraceCompiler.swift,\ GraceRuntime.swift,\ GraceTokenizer.swift,\ GraceCaseStatement.swift /Users/admin/builder/spi-builder-workspace/.derivedData/Build/Intermediates.noindex/GraceLanguage.build/Debug-watchos/GraceLanguage-t.build/DerivedSources/resource_bundle_accessor.swift /Users/admin/builder/spi-builder-workspace/.dependencies/checkouts/GraceLanguage/Sources/GraceLanguage/Compiler/GraceCompiler.swift /Users/admin/builder/spi-builder-workspace/.dependencies/checkouts/GraceLanguage/Sources/GraceLanguage/Compiler/GraceRuntime.swift /Users/admin/builder/spi-builder-workspace/.dependencies/checkouts/GraceLanguage/Sources/GraceLanguage/Compiler/GraceTokenizer.swift /Users/admin/builder/spi-builder-workspace/.dependencies/checkouts/GraceLanguage/Sources/GraceLanguage/DataModels/GraceCaseStatement.swift (in target 'GraceLanguage' from project 'GraceLanguage')
SwiftCompile normal arm64_32 /Users/admin/builder/spi-builder-workspace/.derivedData/Build/Intermediates.noindex/GraceLanguage.build/Debug-watchos/GraceLanguage-t.build/DerivedSources/resource_bundle_accessor.swift (in target 'GraceLanguage' from project 'GraceLanguage')
    cd /Users/admin/builder/spi-builder-workspace/.swiftpm/xcode
    builtin-SwiftPerFileCompile resource_bundle_accessor.swift
SwiftCompile normal arm64_32 /Users/admin/builder/spi-builder-workspace/.dependencies/checkouts/GraceLanguage/Sources/GraceLanguage/Compiler/GraceCompiler.swift (in target 'GraceLanguage' from project 'GraceLanguage')
    cd /Users/admin/builder/spi-builder-workspace/.swiftpm/xcode
    builtin-SwiftPerFileCompile GraceCompiler.swift
SwiftCompile normal arm64_32 /Users/admin/builder/spi-builder-workspace/.dependencies/checkouts/GraceLanguage/Sources/GraceLanguage/Compiler/GraceRuntime.swift (in target 'GraceLanguage' from project 'GraceLanguage')
    cd /Users/admin/builder/spi-builder-workspace/.swiftpm/xcode
    builtin-SwiftPerFileCompile GraceRuntime.swift
SwiftCompile normal arm64_32 /Users/admin/builder/spi-builder-workspace/.dependencies/checkouts/GraceLanguage/Sources/GraceLanguage/Compiler/GraceTokenizer.swift (in target 'GraceLanguage' from project 'GraceLanguage')
    cd /Users/admin/builder/spi-builder-workspace/.swiftpm/xcode
    builtin-SwiftPerFileCompile GraceTokenizer.swift
SwiftCompile normal arm64_32 /Users/admin/builder/spi-builder-workspace/.dependencies/checkouts/GraceLanguage/Sources/GraceLanguage/DataModels/GraceCaseStatement.swift (in target 'GraceLanguage' from project 'GraceLanguage')
    cd /Users/admin/builder/spi-builder-workspace/.swiftpm/xcode
    builtin-SwiftPerFileCompile GraceCaseStatement.swift
SwiftDriverJobDiscovery normal arm64 Emitting module for GraceLanguage (in target 'GraceLanguage' from project 'GraceLanguage')
SwiftDriver\ Compilation\ Requirements GraceLanguage normal arm64 com.apple.xcode.tools.swift.compiler (in target 'GraceLanguage' from project 'GraceLanguage')
    cd /Users/admin/builder/spi-builder-workspace/.swiftpm/xcode
    builtin-Swift-Compilation-Requirements -- /Applications/Xcode-27.0.0-Release.Candidate.app/Contents/Developer/Toolchains/XcodeDefault.xctoolchain/usr/bin/swiftc -parse-as-library -module-name GraceLanguage -Onone @/Users/admin/builder/spi-builder-workspace/.derivedData/Build/Intermediates.noindex/GraceLanguage.build/Debug-watchos/GraceLanguage-t.build/Objects-normal/arm64/GraceLanguage.SwiftFileList -DSWIFT_PACKAGE -DDEBUG -DSWIFT_MODULE_RESOURCE_BUNDLE_AVAILABLE -DXcode -plugin-path /Applications/Xcode-27.0.0-Release.Candidate.app/Contents/Developer/Toolchains/XcodeDefault.xctoolchain/usr/lib/swift/host/plugins/testing -enable-experimental-feature DebugDescriptionMacro -sdk /Applications/Xcode-27.0.0-Release.Candidate.app/Contents/Developer/Platforms/WatchOS.platform/Developer/SDKs/WatchOS27.0.sdk -target arm64-apple-watchos26.0 -g -module-cache-path /Users/admin/builder/spi-builder-workspace/.derivedData/ModuleCache.noindex -Xfrontend -serialize-debugging-options -profile-coverage-mapping -profile-generate -enable-testing -suppress-warnings -index-store-path /Users/admin/builder/spi-builder-workspace/.derivedData/Index.noindex/DataStore -Xcc -D_LIBCPP_HARDENING_MODE\=_LIBCPP_HARDENING_MODE_DEBUG -swift-version 6 -I /Users/admin/builder/spi-builder-workspace/.derivedData/Build/Products/Debug-watchos -Isystem /Applications/Xcode-27.0.0-Release.Candidate.app/Contents/Developer/Platforms/WatchOS.platform/Developer/usr/lib -F /Users/admin/builder/spi-builder-workspace/.derivedData/Build/Products/Debug-watchos/PackageFrameworks -F /Users/admin/builder/spi-builder-workspace/.derivedData/Build/Products/Debug-watchos -F /Applications/Xcode-27.0.0-Release.Candidate.app/Contents/Developer/Platforms/WatchOS.platform/Developer/Library/Frameworks -F /Applications/Xcode-27.0.0-Release.Candidate.app/Contents/Developer/Platforms/WatchOS.platform/Developer/SDKs/WatchOS27.0.sdk/Developer/Library/Frameworks -c -j10 -enable-batch-mode -incremental -Xcc -ivfsstatcache -Xcc /Users/admin/builder/spi-builder-workspace/.derivedData/SDKStatCaches.noindex/watchos27.0-24R360-e829b21a6f8c9b70876ba0858053c04477534ef55a1706bf4c1112bbb242f0a2.sdkstatcache -output-file-map /Users/admin/builder/spi-builder-workspace/.derivedData/Build/Intermediates.noindex/GraceLanguage.build/Debug-watchos/GraceLanguage-t.build/Objects-normal/arm64/GraceLanguage-OutputFileMap.json -save-temps -no-color-diagnostics -explicit-module-build -module-cache-path /Users/admin/builder/spi-builder-workspace/.derivedData/Build/Intermediates.noindex/SwiftExplicitPrecompiledModules -clang-scanner-module-cache-path /Users/admin/builder/spi-builder-workspace/.derivedData/ModuleCache.noindex -sdk-module-cache-path /Users/admin/builder/spi-builder-workspace/.derivedData/SDKExplicitPrecompiledModules -emit-dependencies -emit-module -emit-module-path /Users/admin/builder/spi-builder-workspace/.derivedData/Build/Intermediates.noindex/GraceLanguage.build/Debug-watchos/GraceLanguage-t.build/Objects-normal/arm64/GraceLanguage.swiftmodule -serialize-diagnostics -dependency-scan-serialize-diagnostics-path /Users/admin/builder/spi-builder-workspace/.derivedData/Build/Intermediates.noindex/GraceLanguage.build/Debug-watchos/GraceLanguage-t.build/Objects-normal/arm64/GraceLanguage-dependency-scan.dia -user-module-version 2.1.1 -validate-clang-modules-once -clang-build-session-file /Users/admin/builder/spi-builder-workspace/.derivedData/ModuleCache.noindex/Session.modulevalidation -Xcc -fmodules-prune-interval\=86400 -Xcc -fmodules-prune-after\=345600 -package-name gracelanguage -emit-const-values -const-gather-protocols-list /Users/admin/builder/spi-builder-workspace/.derivedData/Build/Intermediates.noindex/GraceLanguage.build/Debug-watchos/GraceLanguage-t.build/Objects-normal/arm64/GraceLanguage_const_extract_protocols.json -Xcc -I/Users/admin/builder/spi-builder-workspace/.derivedData/Build/Products/Debug-watchos/include -Xcc -I/Users/admin/builder/spi-builder-workspace/.derivedData/Build/Intermediates.noindex/GraceLanguage.build/Debug-watchos/GraceLanguage-t.build/DerivedSources-normal/arm64 -Xcc -I/Users/admin/builder/spi-builder-workspace/.derivedData/Build/Intermediates.noindex/GraceLanguage.build/Debug-watchos/GraceLanguage-t.build/DerivedSources/arm64 -Xcc -I/Users/admin/builder/spi-builder-workspace/.derivedData/Build/Intermediates.noindex/GraceLanguage.build/Debug-watchos/GraceLanguage-t.build/DerivedSources -Xcc -DSWIFT_PACKAGE -Xcc -DDEBUG\=1 -emit-objc-header -emit-objc-header-path /Users/admin/builder/spi-builder-workspace/.derivedData/Build/Intermediates.noindex/GraceLanguage.build/Debug-watchos/GraceLanguage-t.build/Objects-normal/arm64/GraceLanguage-Swift.h -working-directory /Users/admin/builder/spi-builder-workspace/.swiftpm/xcode -experimental-emit-module-separately -disable-cmo
SwiftDriverJobDiscovery normal arm64 Compiling GraceEnumerationExpression.swift, GraceFormulaExpression.swift, GraceFunctionExpression.swift, GraceNewExpression.swift (in target 'GraceLanguage' from project 'GraceLanguage')
SwiftCompile normal arm64_32 Compiling\ GraceIfInstruction.swift,\ GraceIncrementInstruction.swift,\ GraceIterateInstruction.swift,\ GraceLetInstruction.swift /Users/admin/builder/spi-builder-workspace/.dependencies/checkouts/GraceLanguage/Sources/GraceLanguage/GraceInstructions/GraceIfInstruction.swift /Users/admin/builder/spi-builder-workspace/.dependencies/checkouts/GraceLanguage/Sources/GraceLanguage/GraceInstructions/GraceIncrementInstruction.swift /Users/admin/builder/spi-builder-workspace/.dependencies/checkouts/GraceLanguage/Sources/GraceLanguage/GraceInstructions/GraceIterateInstruction.swift /Users/admin/builder/spi-builder-workspace/.dependencies/checkouts/GraceLanguage/Sources/GraceLanguage/GraceInstructions/GraceLetInstruction.swift (in target 'GraceLanguage' from project 'GraceLanguage')
SwiftCompile normal arm64_32 /Users/admin/builder/spi-builder-workspace/.dependencies/checkouts/GraceLanguage/Sources/GraceLanguage/GraceInstructions/GraceIfInstruction.swift (in target 'GraceLanguage' from project 'GraceLanguage')
    cd /Users/admin/builder/spi-builder-workspace/.swiftpm/xcode
    builtin-SwiftPerFileCompile GraceIfInstruction.swift
SwiftCompile normal arm64_32 /Users/admin/builder/spi-builder-workspace/.dependencies/checkouts/GraceLanguage/Sources/GraceLanguage/GraceInstructions/GraceIncrementInstruction.swift (in target 'GraceLanguage' from project 'GraceLanguage')
    cd /Users/admin/builder/spi-builder-workspace/.swiftpm/xcode
    builtin-SwiftPerFileCompile GraceIncrementInstruction.swift
SwiftCompile normal arm64_32 /Users/admin/builder/spi-builder-workspace/.dependencies/checkouts/GraceLanguage/Sources/GraceLanguage/GraceInstructions/GraceIterateInstruction.swift (in target 'GraceLanguage' from project 'GraceLanguage')
    cd /Users/admin/builder/spi-builder-workspace/.swiftpm/xcode
    builtin-SwiftPerFileCompile GraceIterateInstruction.swift
SwiftCompile normal arm64_32 /Users/admin/builder/spi-builder-workspace/.dependencies/checkouts/GraceLanguage/Sources/GraceLanguage/GraceInstructions/GraceLetInstruction.swift (in target 'GraceLanguage' from project 'GraceLanguage')
    cd /Users/admin/builder/spi-builder-workspace/.swiftpm/xcode
    builtin-SwiftPerFileCompile GraceLetInstruction.swift
SwiftDriverJobDiscovery normal arm64 Compiling GraceVariable.swift, GraceCompilerError.swift, GraceKeywords.swift, GraceParseError.swift (in target 'GraceLanguage' from project 'GraceLanguage')
Copy /Users/admin/builder/spi-builder-workspace/.derivedData/Build/Products/Debug-watchos/GraceLanguage.swiftmodule/arm64-apple-watchos.swiftmodule /Users/admin/builder/spi-builder-workspace/.derivedData/Build/Intermediates.noindex/GraceLanguage.build/Debug-watchos/GraceLanguage-t.build/Objects-normal/arm64/GraceLanguage.swiftmodule (in target 'GraceLanguage' from project 'GraceLanguage')
    cd /Users/admin/builder/spi-builder-workspace/.dependencies/checkouts/GraceLanguage
    builtin-copy -exclude .DS_Store -exclude CVS -exclude .svn -exclude .git -exclude .hg -resolve-src-symlinks -rename /Users/admin/builder/spi-builder-workspace/.derivedData/Build/Intermediates.noindex/GraceLanguage.build/Debug-watchos/GraceLanguage-t.build/Objects-normal/arm64/GraceLanguage.swiftmodule /Users/admin/builder/spi-builder-workspace/.derivedData/Build/Products/Debug-watchos/GraceLanguage.swiftmodule/arm64-apple-watchos.swiftmodule
Copy /Users/admin/builder/spi-builder-workspace/.derivedData/Build/Products/Debug-watchos/GraceLanguage.swiftmodule/arm64-apple-watchos.swiftdoc /Users/admin/builder/spi-builder-workspace/.derivedData/Build/Intermediates.noindex/GraceLanguage.build/Debug-watchos/GraceLanguage-t.build/Objects-normal/arm64/GraceLanguage.swiftdoc (in target 'GraceLanguage' from project 'GraceLanguage')
    cd /Users/admin/builder/spi-builder-workspace/.dependencies/checkouts/GraceLanguage
    builtin-copy -exclude .DS_Store -exclude CVS -exclude .svn -exclude .git -exclude .hg -resolve-src-symlinks -rename /Users/admin/builder/spi-builder-workspace/.derivedData/Build/Intermediates.noindex/GraceLanguage.build/Debug-watchos/GraceLanguage-t.build/Objects-normal/arm64/GraceLanguage.swiftdoc /Users/admin/builder/spi-builder-workspace/.derivedData/Build/Products/Debug-watchos/GraceLanguage.swiftmodule/arm64-apple-watchos.swiftdoc
Copy /Users/admin/builder/spi-builder-workspace/.derivedData/Build/Products/Debug-watchos/GraceLanguage.swiftmodule/arm64-apple-watchos.abi.json /Users/admin/builder/spi-builder-workspace/.derivedData/Build/Intermediates.noindex/GraceLanguage.build/Debug-watchos/GraceLanguage-t.build/Objects-normal/arm64/GraceLanguage.abi.json (in target 'GraceLanguage' from project 'GraceLanguage')
    cd /Users/admin/builder/spi-builder-workspace/.dependencies/checkouts/GraceLanguage
    builtin-copy -exclude .DS_Store -exclude CVS -exclude .svn -exclude .git -exclude .hg -resolve-src-symlinks -rename /Users/admin/builder/spi-builder-workspace/.derivedData/Build/Intermediates.noindex/GraceLanguage.build/Debug-watchos/GraceLanguage-t.build/Objects-normal/arm64/GraceLanguage.abi.json /Users/admin/builder/spi-builder-workspace/.derivedData/Build/Products/Debug-watchos/GraceLanguage.swiftmodule/arm64-apple-watchos.abi.json
Copy /Users/admin/builder/spi-builder-workspace/.derivedData/Build/Products/Debug-watchos/GraceLanguage.swiftmodule/Project/arm64-apple-watchos.swiftsourceinfo /Users/admin/builder/spi-builder-workspace/.derivedData/Build/Intermediates.noindex/GraceLanguage.build/Debug-watchos/GraceLanguage-t.build/Objects-normal/arm64/GraceLanguage.swiftsourceinfo (in target 'GraceLanguage' from project 'GraceLanguage')
    cd /Users/admin/builder/spi-builder-workspace/.dependencies/checkouts/GraceLanguage
    builtin-copy -exclude .DS_Store -exclude CVS -exclude .svn -exclude .git -exclude .hg -resolve-src-symlinks -rename /Users/admin/builder/spi-builder-workspace/.derivedData/Build/Intermediates.noindex/GraceLanguage.build/Debug-watchos/GraceLanguage-t.build/Objects-normal/arm64/GraceLanguage.swiftsourceinfo /Users/admin/builder/spi-builder-workspace/.derivedData/Build/Products/Debug-watchos/GraceLanguage.swiftmodule/Project/arm64-apple-watchos.swiftsourceinfo
SwiftCompile normal arm64_32 Compiling\ GraceNotExpression.swift,\ GraceVariableExpression.swift,\ GraceAddInstruction.swift,\ GraceCallInstruction.swift /Users/admin/builder/spi-builder-workspace/.dependencies/checkouts/GraceLanguage/Sources/GraceLanguage/GraceExpressions/GraceNotExpression.swift /Users/admin/builder/spi-builder-workspace/.dependencies/checkouts/GraceLanguage/Sources/GraceLanguage/GraceExpressions/GraceVariableExpression.swift /Users/admin/builder/spi-builder-workspace/.dependencies/checkouts/GraceLanguage/Sources/GraceLanguage/GraceInstructions/GraceAddInstruction.swift /Users/admin/builder/spi-builder-workspace/.dependencies/checkouts/GraceLanguage/Sources/GraceLanguage/GraceInstructions/GraceCallInstruction.swift (in target 'GraceLanguage' from project 'GraceLanguage')
SwiftCompile normal arm64_32 /Users/admin/builder/spi-builder-workspace/.dependencies/checkouts/GraceLanguage/Sources/GraceLanguage/GraceExpressions/GraceNotExpression.swift (in target 'GraceLanguage' from project 'GraceLanguage')
    cd /Users/admin/builder/spi-builder-workspace/.swiftpm/xcode
    builtin-SwiftPerFileCompile GraceNotExpression.swift
SwiftCompile normal arm64_32 /Users/admin/builder/spi-builder-workspace/.dependencies/checkouts/GraceLanguage/Sources/GraceLanguage/GraceExpressions/GraceVariableExpression.swift (in target 'GraceLanguage' from project 'GraceLanguage')
    cd /Users/admin/builder/spi-builder-workspace/.swiftpm/xcode
    builtin-SwiftPerFileCompile GraceVariableExpression.swift
SwiftCompile normal arm64_32 /Users/admin/builder/spi-builder-workspace/.dependencies/checkouts/GraceLanguage/Sources/GraceLanguage/GraceInstructions/GraceAddInstruction.swift (in target 'GraceLanguage' from project 'GraceLanguage')
    cd /Users/admin/builder/spi-builder-workspace/.swiftpm/xcode
    builtin-SwiftPerFileCompile GraceAddInstruction.swift
SwiftCompile normal arm64_32 /Users/admin/builder/spi-builder-workspace/.dependencies/checkouts/GraceLanguage/Sources/GraceLanguage/GraceInstructions/GraceCallInstruction.swift (in target 'GraceLanguage' from project 'GraceLanguage')
    cd /Users/admin/builder/spi-builder-workspace/.swiftpm/xcode
    builtin-SwiftPerFileCompile GraceCallInstruction.swift
SwiftCompile normal arm64_32 Compiling\ GraceRuntimeError.swift,\ StringExtensions.swift,\ GraceArrayExpression.swift,\ GraceConstantExpression.swift /Users/admin/builder/spi-builder-workspace/.dependencies/checkouts/GraceLanguage/Sources/GraceLanguage/Enumerations/GraceRuntimeError.swift /Users/admin/builder/spi-builder-workspace/.dependencies/checkouts/GraceLanguage/Sources/GraceLanguage/Extensions/StringExtensions.swift /Users/admin/builder/spi-builder-workspace/.dependencies/checkouts/GraceLanguage/Sources/GraceLanguage/GraceExpressions/GraceArrayExpression.swift /Users/admin/builder/spi-builder-workspace/.dependencies/checkouts/GraceLanguage/Sources/GraceLanguage/GraceExpressions/GraceConstantExpression.swift (in target 'GraceLanguage' from project 'GraceLanguage')
SwiftCompile normal arm64_32 /Users/admin/builder/spi-builder-workspace/.dependencies/checkouts/GraceLanguage/Sources/GraceLanguage/Enumerations/GraceRuntimeError.swift (in target 'GraceLanguage' from project 'GraceLanguage')
    cd /Users/admin/builder/spi-builder-workspace/.swiftpm/xcode
    builtin-SwiftPerFileCompile GraceRuntimeError.swift
SwiftCompile normal arm64_32 /Users/admin/builder/spi-builder-workspace/.dependencies/checkouts/GraceLanguage/Sources/GraceLanguage/Extensions/StringExtensions.swift (in target 'GraceLanguage' from project 'GraceLanguage')
    cd /Users/admin/builder/spi-builder-workspace/.swiftpm/xcode
    builtin-SwiftPerFileCompile StringExtensions.swift
SwiftCompile normal arm64_32 /Users/admin/builder/spi-builder-workspace/.dependencies/checkouts/GraceLanguage/Sources/GraceLanguage/GraceExpressions/GraceArrayExpression.swift (in target 'GraceLanguage' from project 'GraceLanguage')
    cd /Users/admin/builder/spi-builder-workspace/.swiftpm/xcode
    builtin-SwiftPerFileCompile GraceArrayExpression.swift
SwiftCompile normal arm64_32 /Users/admin/builder/spi-builder-workspace/.dependencies/checkouts/GraceLanguage/Sources/GraceLanguage/GraceExpressions/GraceConstantExpression.swift (in target 'GraceLanguage' from project 'GraceLanguage')
    cd /Users/admin/builder/spi-builder-workspace/.swiftpm/xcode
    builtin-SwiftPerFileCompile GraceConstantExpression.swift
SwiftDriverJobDiscovery normal arm64_32 Compiling GraceWhileInstruction.swift, GraceAbortable.swift, GraceExpression.swift, GraceInstruction.swift (in target 'GraceLanguage' from project 'GraceLanguage')
SwiftCompile normal arm64_32 Compiling\ GraceContainer.swift,\ GraceEnumeration.swift,\ GraceExecutable.swift,\ GraceFunction.swift,\ GraceToken.swift /Users/admin/builder/spi-builder-workspace/.dependencies/checkouts/GraceLanguage/Sources/GraceLanguage/DataModels/GraceContainer.swift /Users/admin/builder/spi-builder-workspace/.dependencies/checkouts/GraceLanguage/Sources/GraceLanguage/DataModels/GraceEnumeration.swift /Users/admin/builder/spi-builder-workspace/.dependencies/checkouts/GraceLanguage/Sources/GraceLanguage/DataModels/GraceExecutable.swift /Users/admin/builder/spi-builder-workspace/.dependencies/checkouts/GraceLanguage/Sources/GraceLanguage/DataModels/GraceFunction.swift /Users/admin/builder/spi-builder-workspace/.dependencies/checkouts/GraceLanguage/Sources/GraceLanguage/DataModels/GraceToken.swift (in target 'GraceLanguage' from project 'GraceLanguage')
SwiftCompile normal arm64_32 /Users/admin/builder/spi-builder-workspace/.dependencies/checkouts/GraceLanguage/Sources/GraceLanguage/DataModels/GraceContainer.swift (in target 'GraceLanguage' from project 'GraceLanguage')
    cd /Users/admin/builder/spi-builder-workspace/.swiftpm/xcode
    builtin-SwiftPerFileCompile GraceContainer.swift
SwiftCompile normal arm64_32 /Users/admin/builder/spi-builder-workspace/.dependencies/checkouts/GraceLanguage/Sources/GraceLanguage/DataModels/GraceEnumeration.swift (in target 'GraceLanguage' from project 'GraceLanguage')
    cd /Users/admin/builder/spi-builder-workspace/.swiftpm/xcode
    builtin-SwiftPerFileCompile GraceEnumeration.swift
SwiftCompile normal arm64_32 /Users/admin/builder/spi-builder-workspace/.dependencies/checkouts/GraceLanguage/Sources/GraceLanguage/DataModels/GraceExecutable.swift (in target 'GraceLanguage' from project 'GraceLanguage')
    cd /Users/admin/builder/spi-builder-workspace/.swiftpm/xcode
    builtin-SwiftPerFileCompile GraceExecutable.swift
SwiftCompile normal arm64_32 /Users/admin/builder/spi-builder-workspace/.dependencies/checkouts/GraceLanguage/Sources/GraceLanguage/DataModels/GraceFunction.swift (in target 'GraceLanguage' from project 'GraceLanguage')
    cd /Users/admin/builder/spi-builder-workspace/.swiftpm/xcode
    builtin-SwiftPerFileCompile GraceFunction.swift
SwiftCompile normal arm64_32 /Users/admin/builder/spi-builder-workspace/.dependencies/checkouts/GraceLanguage/Sources/GraceLanguage/DataModels/GraceToken.swift (in target 'GraceLanguage' from project 'GraceLanguage')
    cd /Users/admin/builder/spi-builder-workspace/.swiftpm/xcode
    builtin-SwiftPerFileCompile GraceToken.swift
SwiftDriverJobDiscovery normal arm64_32 Compiling GraceDecrementInstruction.swift, GraceDeleteInstruction.swift, GraceEmptyInstruction.swift, GraceForInstruction.swift (in target 'GraceLanguage' from project 'GraceLanguage')
SwiftCompile normal arm64 Compiling\ GraceContainer.swift,\ GraceEnumeration.swift,\ GraceExecutable.swift,\ GraceFunction.swift,\ GraceToken.swift /Users/admin/builder/spi-builder-workspace/.dependencies/checkouts/GraceLanguage/Sources/GraceLanguage/DataModels/GraceContainer.swift /Users/admin/builder/spi-builder-workspace/.dependencies/checkouts/GraceLanguage/Sources/GraceLanguage/DataModels/GraceEnumeration.swift /Users/admin/builder/spi-builder-workspace/.dependencies/checkouts/GraceLanguage/Sources/GraceLanguage/DataModels/GraceExecutable.swift /Users/admin/builder/spi-builder-workspace/.dependencies/checkouts/GraceLanguage/Sources/GraceLanguage/DataModels/GraceFunction.swift /Users/admin/builder/spi-builder-workspace/.dependencies/checkouts/GraceLanguage/Sources/GraceLanguage/DataModels/GraceToken.swift (in target 'GraceLanguage' from project 'GraceLanguage')
SwiftCompile normal arm64 /Users/admin/builder/spi-builder-workspace/.dependencies/checkouts/GraceLanguage/Sources/GraceLanguage/DataModels/GraceContainer.swift (in target 'GraceLanguage' from project 'GraceLanguage')
    cd /Users/admin/builder/spi-builder-workspace/.swiftpm/xcode
    builtin-SwiftPerFileCompile GraceContainer.swift
SwiftCompile normal arm64 /Users/admin/builder/spi-builder-workspace/.dependencies/checkouts/GraceLanguage/Sources/GraceLanguage/DataModels/GraceEnumeration.swift (in target 'GraceLanguage' from project 'GraceLanguage')
    cd /Users/admin/builder/spi-builder-workspace/.swiftpm/xcode
    builtin-SwiftPerFileCompile GraceEnumeration.swift
SwiftCompile normal arm64 /Users/admin/builder/spi-builder-workspace/.dependencies/checkouts/GraceLanguage/Sources/GraceLanguage/DataModels/GraceExecutable.swift (in target 'GraceLanguage' from project 'GraceLanguage')
    cd /Users/admin/builder/spi-builder-workspace/.swiftpm/xcode
    builtin-SwiftPerFileCompile GraceExecutable.swift
SwiftCompile normal arm64 /Users/admin/builder/spi-builder-workspace/.dependencies/checkouts/GraceLanguage/Sources/GraceLanguage/DataModels/GraceFunction.swift (in target 'GraceLanguage' from project 'GraceLanguage')
    cd /Users/admin/builder/spi-builder-workspace/.swiftpm/xcode
    builtin-SwiftPerFileCompile GraceFunction.swift
SwiftCompile normal arm64 /Users/admin/builder/spi-builder-workspace/.dependencies/checkouts/GraceLanguage/Sources/GraceLanguage/DataModels/GraceToken.swift (in target 'GraceLanguage' from project 'GraceLanguage')
    cd /Users/admin/builder/spi-builder-workspace/.swiftpm/xcode
    builtin-SwiftPerFileCompile GraceToken.swift
SwiftDriverJobDiscovery normal arm64_32 Emitting module for GraceLanguage (in target 'GraceLanguage' from project 'GraceLanguage')
SwiftDriver\ Compilation\ Requirements GraceLanguage normal arm64_32 com.apple.xcode.tools.swift.compiler (in target 'GraceLanguage' from project 'GraceLanguage')
    cd /Users/admin/builder/spi-builder-workspace/.swiftpm/xcode
    builtin-Swift-Compilation-Requirements -- /Applications/Xcode-27.0.0-Release.Candidate.app/Contents/Developer/Toolchains/XcodeDefault.xctoolchain/usr/bin/swiftc -parse-as-library -module-name GraceLanguage -Onone @/Users/admin/builder/spi-builder-workspace/.derivedData/Build/Intermediates.noindex/GraceLanguage.build/Debug-watchos/GraceLanguage-t.build/Objects-normal/arm64_32/GraceLanguage.SwiftFileList -DSWIFT_PACKAGE -DDEBUG -DSWIFT_MODULE_RESOURCE_BUNDLE_AVAILABLE -DXcode -plugin-path /Applications/Xcode-27.0.0-Release.Candidate.app/Contents/Developer/Toolchains/XcodeDefault.xctoolchain/usr/lib/swift/host/plugins/testing -enable-experimental-feature DebugDescriptionMacro -sdk /Applications/Xcode-27.0.0-Release.Candidate.app/Contents/Developer/Platforms/WatchOS.platform/Developer/SDKs/WatchOS27.0.sdk -target arm64_32-apple-watchos26.0 -g -module-cache-path /Users/admin/builder/spi-builder-workspace/.derivedData/ModuleCache.noindex -Xfrontend -serialize-debugging-options -profile-coverage-mapping -profile-generate -enable-testing -suppress-warnings -index-store-path /Users/admin/builder/spi-builder-workspace/.derivedData/Index.noindex/DataStore -Xcc -D_LIBCPP_HARDENING_MODE\=_LIBCPP_HARDENING_MODE_DEBUG -swift-version 6 -I /Users/admin/builder/spi-builder-workspace/.derivedData/Build/Products/Debug-watchos -Isystem /Applications/Xcode-27.0.0-Release.Candidate.app/Contents/Developer/Platforms/WatchOS.platform/Developer/usr/lib -F /Users/admin/builder/spi-builder-workspace/.derivedData/Build/Products/Debug-watchos/PackageFrameworks -F /Users/admin/builder/spi-builder-workspace/.derivedData/Build/Products/Debug-watchos -F /Applications/Xcode-27.0.0-Release.Candidate.app/Contents/Developer/Platforms/WatchOS.platform/Developer/Library/Frameworks -F /Applications/Xcode-27.0.0-Release.Candidate.app/Contents/Developer/Platforms/WatchOS.platform/Developer/SDKs/WatchOS27.0.sdk/Developer/Library/Frameworks -c -j10 -enable-batch-mode -incremental -Xcc -ivfsstatcache -Xcc /Users/admin/builder/spi-builder-workspace/.derivedData/SDKStatCaches.noindex/watchos27.0-24R360-e829b21a6f8c9b70876ba0858053c04477534ef55a1706bf4c1112bbb242f0a2.sdkstatcache -output-file-map /Users/admin/builder/spi-builder-workspace/.derivedData/Build/Intermediates.noindex/GraceLanguage.build/Debug-watchos/GraceLanguage-t.build/Objects-normal/arm64_32/GraceLanguage-OutputFileMap.json -save-temps -no-color-diagnostics -explicit-module-build -module-cache-path /Users/admin/builder/spi-builder-workspace/.derivedData/Build/Intermediates.noindex/SwiftExplicitPrecompiledModules -clang-scanner-module-cache-path /Users/admin/builder/spi-builder-workspace/.derivedData/ModuleCache.noindex -sdk-module-cache-path /Users/admin/builder/spi-builder-workspace/.derivedData/SDKExplicitPrecompiledModules -emit-dependencies -emit-module -emit-module-path /Users/admin/builder/spi-builder-workspace/.derivedData/Build/Intermediates.noindex/GraceLanguage.build/Debug-watchos/GraceLanguage-t.build/Objects-normal/arm64_32/GraceLanguage.swiftmodule -serialize-diagnostics -dependency-scan-serialize-diagnostics-path /Users/admin/builder/spi-builder-workspace/.derivedData/Build/Intermediates.noindex/GraceLanguage.build/Debug-watchos/GraceLanguage-t.build/Objects-normal/arm64_32/GraceLanguage-dependency-scan.dia -user-module-version 2.1.1 -validate-clang-modules-once -clang-build-session-file /Users/admin/builder/spi-builder-workspace/.derivedData/ModuleCache.noindex/Session.modulevalidation -Xcc -fmodules-prune-interval\=86400 -Xcc -fmodules-prune-after\=345600 -package-name gracelanguage -emit-const-values -const-gather-protocols-list /Users/admin/builder/spi-builder-workspace/.derivedData/Build/Intermediates.noindex/GraceLanguage.build/Debug-watchos/GraceLanguage-t.build/Objects-normal/arm64_32/GraceLanguage_const_extract_protocols.json -Xcc -I/Users/admin/builder/spi-builder-workspace/.derivedData/Build/Products/Debug-watchos/include -Xcc -I/Users/admin/builder/spi-builder-workspace/.derivedData/Build/Intermediates.noindex/GraceLanguage.build/Debug-watchos/GraceLanguage-t.build/DerivedSources-normal/arm64_32 -Xcc -I/Users/admin/builder/spi-builder-workspace/.derivedData/Build/Intermediates.noindex/GraceLanguage.build/Debug-watchos/GraceLanguage-t.build/DerivedSources/arm64_32 -Xcc -I/Users/admin/builder/spi-builder-workspace/.derivedData/Build/Intermediates.noindex/GraceLanguage.build/Debug-watchos/GraceLanguage-t.build/DerivedSources -Xcc -DSWIFT_PACKAGE -Xcc -DDEBUG\=1 -emit-objc-header -emit-objc-header-path /Users/admin/builder/spi-builder-workspace/.derivedData/Build/Intermediates.noindex/GraceLanguage.build/Debug-watchos/GraceLanguage-t.build/Objects-normal/arm64_32/GraceLanguage-Swift.h -working-directory /Users/admin/builder/spi-builder-workspace/.swiftpm/xcode -experimental-emit-module-separately -disable-cmo
SwiftDriverJobDiscovery normal arm64_32 Compiling GraceRepeatInstruction.swift, GraceReturnInstruction.swift, GraceSwitchInstruction.swift, GraceVarInstruction.swift (in target 'GraceLanguage' from project 'GraceLanguage')
SwiftMergeGeneratedHeaders /Users/admin/builder/spi-builder-workspace/.derivedData/Build/Intermediates.noindex/GeneratedModuleMaps-watchos/GraceLanguage-Swift.h /Users/admin/builder/spi-builder-workspace/.derivedData/Build/Intermediates.noindex/GraceLanguage.build/Debug-watchos/GraceLanguage-t.build/Objects-normal/arm64/GraceLanguage-Swift.h /Users/admin/builder/spi-builder-workspace/.derivedData/Build/Intermediates.noindex/GraceLanguage.build/Debug-watchos/GraceLanguage-t.build/Objects-normal/arm64_32/GraceLanguage-Swift.h (in target 'GraceLanguage' from project 'GraceLanguage')
    cd /Users/admin/builder/spi-builder-workspace/.dependencies/checkouts/GraceLanguage
    builtin-swiftHeaderTool -arch arm64 /Users/admin/builder/spi-builder-workspace/.derivedData/Build/Intermediates.noindex/GraceLanguage.build/Debug-watchos/GraceLanguage-t.build/Objects-normal/arm64/GraceLanguage-Swift.h -arch arm64_32 /Users/admin/builder/spi-builder-workspace/.derivedData/Build/Intermediates.noindex/GraceLanguage.build/Debug-watchos/GraceLanguage-t.build/Objects-normal/arm64_32/GraceLanguage-Swift.h -o /Users/admin/builder/spi-builder-workspace/.derivedData/Build/Intermediates.noindex/GeneratedModuleMaps-watchos/GraceLanguage-Swift.h
Copy /Users/admin/builder/spi-builder-workspace/.derivedData/Build/Products/Debug-watchos/GraceLanguage.swiftmodule/arm64_32-apple-watchos.swiftmodule /Users/admin/builder/spi-builder-workspace/.derivedData/Build/Intermediates.noindex/GraceLanguage.build/Debug-watchos/GraceLanguage-t.build/Objects-normal/arm64_32/GraceLanguage.swiftmodule (in target 'GraceLanguage' from project 'GraceLanguage')
    cd /Users/admin/builder/spi-builder-workspace/.dependencies/checkouts/GraceLanguage
    builtin-copy -exclude .DS_Store -exclude CVS -exclude .svn -exclude .git -exclude .hg -resolve-src-symlinks -rename /Users/admin/builder/spi-builder-workspace/.derivedData/Build/Intermediates.noindex/GraceLanguage.build/Debug-watchos/GraceLanguage-t.build/Objects-normal/arm64_32/GraceLanguage.swiftmodule /Users/admin/builder/spi-builder-workspace/.derivedData/Build/Products/Debug-watchos/GraceLanguage.swiftmodule/arm64_32-apple-watchos.swiftmodule
Copy /Users/admin/builder/spi-builder-workspace/.derivedData/Build/Products/Debug-watchos/GraceLanguage.swiftmodule/arm64_32-apple-watchos.swiftdoc /Users/admin/builder/spi-builder-workspace/.derivedData/Build/Intermediates.noindex/GraceLanguage.build/Debug-watchos/GraceLanguage-t.build/Objects-normal/arm64_32/GraceLanguage.swiftdoc (in target 'GraceLanguage' from project 'GraceLanguage')
    cd /Users/admin/builder/spi-builder-workspace/.dependencies/checkouts/GraceLanguage
    builtin-copy -exclude .DS_Store -exclude CVS -exclude .svn -exclude .git -exclude .hg -resolve-src-symlinks -rename /Users/admin/builder/spi-builder-workspace/.derivedData/Build/Intermediates.noindex/GraceLanguage.build/Debug-watchos/GraceLanguage-t.build/Objects-normal/arm64_32/GraceLanguage.swiftdoc /Users/admin/builder/spi-builder-workspace/.derivedData/Build/Products/Debug-watchos/GraceLanguage.swiftmodule/arm64_32-apple-watchos.swiftdoc
Copy /Users/admin/builder/spi-builder-workspace/.derivedData/Build/Products/Debug-watchos/GraceLanguage.swiftmodule/arm64_32-apple-watchos.abi.json /Users/admin/builder/spi-builder-workspace/.derivedData/Build/Intermediates.noindex/GraceLanguage.build/Debug-watchos/GraceLanguage-t.build/Objects-normal/arm64_32/GraceLanguage.abi.json (in target 'GraceLanguage' from project 'GraceLanguage')
    cd /Users/admin/builder/spi-builder-workspace/.dependencies/checkouts/GraceLanguage
    builtin-copy -exclude .DS_Store -exclude CVS -exclude .svn -exclude .git -exclude .hg -resolve-src-symlinks -rename /Users/admin/builder/spi-builder-workspace/.derivedData/Build/Intermediates.noindex/GraceLanguage.build/Debug-watchos/GraceLanguage-t.build/Objects-normal/arm64_32/GraceLanguage.abi.json /Users/admin/builder/spi-builder-workspace/.derivedData/Build/Products/Debug-watchos/GraceLanguage.swiftmodule/arm64_32-apple-watchos.abi.json
Copy /Users/admin/builder/spi-builder-workspace/.derivedData/Build/Products/Debug-watchos/GraceLanguage.swiftmodule/Project/arm64_32-apple-watchos.swiftsourceinfo /Users/admin/builder/spi-builder-workspace/.derivedData/Build/Intermediates.noindex/GraceLanguage.build/Debug-watchos/GraceLanguage-t.build/Objects-normal/arm64_32/GraceLanguage.swiftsourceinfo (in target 'GraceLanguage' from project 'GraceLanguage')
    cd /Users/admin/builder/spi-builder-workspace/.dependencies/checkouts/GraceLanguage
    builtin-copy -exclude .DS_Store -exclude CVS -exclude .svn -exclude .git -exclude .hg -resolve-src-symlinks -rename /Users/admin/builder/spi-builder-workspace/.derivedData/Build/Intermediates.noindex/GraceLanguage.build/Debug-watchos/GraceLanguage-t.build/Objects-normal/arm64_32/GraceLanguage.swiftsourceinfo /Users/admin/builder/spi-builder-workspace/.derivedData/Build/Products/Debug-watchos/GraceLanguage.swiftmodule/Project/arm64_32-apple-watchos.swiftsourceinfo
SwiftDriver SwiftUIGamepad normal arm64 com.apple.xcode.tools.swift.compiler (in target 'SwiftUIGamepad' from project 'SwiftUIGamepad')
    cd /Users/admin/builder/spi-builder-workspace/.swiftpm/xcode
    builtin-SwiftDriver -- /Applications/Xcode-27.0.0-Release.Candidate.app/Contents/Developer/Toolchains/XcodeDefault.xctoolchain/usr/bin/swiftc -parse-as-library -module-name SwiftUIGamepad -Onone @/Users/admin/builder/spi-builder-workspace/.derivedData/Build/Intermediates.noindex/SwiftUIGamepad.build/Debug-watchos/SwiftUIGamepad-t.build/Objects-normal/arm64/SwiftUIGamepad.SwiftFileList -DSWIFT_PACKAGE -DDEBUG -DSWIFT_MODULE_RESOURCE_BUNDLE_AVAILABLE -DXcode -plugin-path /Applications/Xcode-27.0.0-Release.Candidate.app/Contents/Developer/Toolchains/XcodeDefault.xctoolchain/usr/lib/swift/host/plugins/testing -enable-experimental-feature DebugDescriptionMacro -sdk /Applications/Xcode-27.0.0-Release.Candidate.app/Contents/Developer/Platforms/WatchOS.platform/Developer/SDKs/WatchOS27.0.sdk -target arm64-apple-watchos26.0 -g -module-cache-path /Users/admin/builder/spi-builder-workspace/.derivedData/ModuleCache.noindex -Xfrontend -serialize-debugging-options -profile-coverage-mapping -profile-generate -enable-testing -suppress-warnings -index-store-path /Users/admin/builder/spi-builder-workspace/.derivedData/Index.noindex/DataStore -Xcc -D_LIBCPP_HARDENING_MODE\=_LIBCPP_HARDENING_MODE_DEBUG -swift-version 6 -I /Users/admin/builder/spi-builder-workspace/.derivedData/Build/Products/Debug-watchos -Isystem /Applications/Xcode-27.0.0-Release.Candidate.app/Contents/Developer/Platforms/WatchOS.platform/Developer/usr/lib -F /Users/admin/builder/spi-builder-workspace/.derivedData/Build/Products/Debug-watchos/PackageFrameworks -F /Users/admin/builder/spi-builder-workspace/.derivedData/Build/Products/Debug-watchos -F /Applications/Xcode-27.0.0-Release.Candidate.app/Contents/Developer/Platforms/WatchOS.platform/Developer/Library/Frameworks -F /Applications/Xcode-27.0.0-Release.Candidate.app/Contents/Developer/Platforms/WatchOS.platform/Developer/SDKs/WatchOS27.0.sdk/Developer/Library/Frameworks -c -j10 -enable-batch-mode -incremental -Xcc -ivfsstatcache -Xcc /Users/admin/builder/spi-builder-workspace/.derivedData/SDKStatCaches.noindex/watchos27.0-24R360-e829b21a6f8c9b70876ba0858053c04477534ef55a1706bf4c1112bbb242f0a2.sdkstatcache -output-file-map /Users/admin/builder/spi-builder-workspace/.derivedData/Build/Intermediates.noindex/SwiftUIGamepad.build/Debug-watchos/SwiftUIGamepad-t.build/Objects-normal/arm64/SwiftUIGamepad-OutputFileMap.json -save-temps -no-color-diagnostics -explicit-module-build -module-cache-path /Users/admin/builder/spi-builder-workspace/.derivedData/Build/Intermediates.noindex/SwiftExplicitPrecompiledModules -clang-scanner-module-cache-path /Users/admin/builder/spi-builder-workspace/.derivedData/ModuleCache.noindex -sdk-module-cache-path /Users/admin/builder/spi-builder-workspace/.derivedData/SDKExplicitPrecompiledModules -emit-dependencies -emit-module -emit-module-path /Users/admin/builder/spi-builder-workspace/.derivedData/Build/Intermediates.noindex/SwiftUIGamepad.build/Debug-watchos/SwiftUIGamepad-t.build/Objects-normal/arm64/SwiftUIGamepad.swiftmodule -serialize-diagnostics -dependency-scan-serialize-diagnostics-path /Users/admin/builder/spi-builder-workspace/.derivedData/Build/Intermediates.noindex/SwiftUIGamepad.build/Debug-watchos/SwiftUIGamepad-t.build/Objects-normal/arm64/SwiftUIGamepad-dependency-scan.dia -user-module-version 2.1.0 -validate-clang-modules-once -clang-build-session-file /Users/admin/builder/spi-builder-workspace/.derivedData/ModuleCache.noindex/Session.modulevalidation -Xcc -fmodules-prune-interval\=86400 -Xcc -fmodules-prune-after\=345600 -package-name swiftuigamepad -emit-const-values -const-gather-protocols-list /Users/admin/builder/spi-builder-workspace/.derivedData/Build/Intermediates.noindex/SwiftUIGamepad.build/Debug-watchos/SwiftUIGamepad-t.build/Objects-normal/arm64/SwiftUIGamepad_const_extract_protocols.json -Xcc -I/Users/admin/builder/spi-builder-workspace/.derivedData/Build/Products/Debug-watchos/include -Xcc -I/Users/admin/builder/spi-builder-workspace/.derivedData/Build/Intermediates.noindex/SwiftUIGamepad.build/Debug-watchos/SwiftUIGamepad-t.build/DerivedSources-normal/arm64 -Xcc -I/Users/admin/builder/spi-builder-workspace/.derivedData/Build/Intermediates.noindex/SwiftUIGamepad.build/Debug-watchos/SwiftUIGamepad-t.build/DerivedSources/arm64 -Xcc -I/Users/admin/builder/spi-builder-workspace/.derivedData/Build/Intermediates.noindex/SwiftUIGamepad.build/Debug-watchos/SwiftUIGamepad-t.build/DerivedSources -Xcc -DSWIFT_PACKAGE -Xcc -DDEBUG\=1 -emit-objc-header -emit-objc-header-path /Users/admin/builder/spi-builder-workspace/.derivedData/Build/Intermediates.noindex/SwiftUIGamepad.build/Debug-watchos/SwiftUIGamepad-t.build/Objects-normal/arm64/SwiftUIGamepad-Swift.h -working-directory /Users/admin/builder/spi-builder-workspace/.swiftpm/xcode -experimental-emit-module-separately -disable-cmo
error: Clang dependency scanning failure:  (in target 'SwiftUIGamepad' from project 'SwiftUIGamepad')
/Users/admin/builder/spi-builder-workspace/.dependencies/checkouts/SwiftUIGamepad/Sources/SwiftUIGamepad/DataModles/GamepadEventHandlers.swift:10:8: error: Unable to resolve module dependency: 'GameController' (in target 'SwiftUIGamepad' from project 'SwiftUIGamepad')
    note: A dependency of main module 'SwiftUIGamepad'
    /Users/admin/builder/spi-builder-workspace/.dependencies/checkouts/SwiftUIGamepad/Sources/SwiftUIGamepad/DataModles/GamepadInfo.swift:10:8: note: Also imported here
    /Users/admin/builder/spi-builder-workspace/.dependencies/checkouts/SwiftUIGamepad/Sources/SwiftUIGamepad/DataModles/GamepadManager.swift:10:8: note: Also imported here
    /Users/admin/builder/spi-builder-workspace/.dependencies/checkouts/SwiftUIGamepad/Sources/SwiftUIGamepad/Enumerations/GamepadMovementDirection.swift:10:8: note: Also imported here
    /Users/admin/builder/spi-builder-workspace/.dependencies/checkouts/SwiftUIGamepad/Sources/SwiftUIGamepad/Extensions/ViewGamepadExtensions.swift:13:8: note: Also imported here
    /Users/admin/builder/spi-builder-workspace/.dependencies/checkouts/SwiftUIGamepad/Sources/SwiftUIGamepad/Gamepads/GamepadInteractionController.swift:11:8: note: Also imported here
/Users/admin/builder/spi-builder-workspace/.dependencies/checkouts/SwiftUIGamepad/Sources/SwiftUIGamepad/DataModles/GamepadEventHandlers.swift:10:8: note: A dependency of main module 'SwiftUIGamepad'
import GameController
       ^ (in target 'SwiftUIGamepad' from project 'SwiftUIGamepad')
/Users/admin/builder/spi-builder-workspace/.dependencies/checkouts/SwiftUIGamepad/Sources/SwiftUIGamepad/DataModles/GamepadInfo.swift:10:8: note: Also imported here
import GameController
       ^ (in target 'SwiftUIGamepad' from project 'SwiftUIGamepad')
/Users/admin/builder/spi-builder-workspace/.dependencies/checkouts/SwiftUIGamepad/Sources/SwiftUIGamepad/DataModles/GamepadManager.swift:10:8: note: Also imported here
import GameController
       ^ (in target 'SwiftUIGamepad' from project 'SwiftUIGamepad')
/Users/admin/builder/spi-builder-workspace/.dependencies/checkouts/SwiftUIGamepad/Sources/SwiftUIGamepad/Enumerations/GamepadMovementDirection.swift:10:8: note: Also imported here
import GameController
       ^ (in target 'SwiftUIGamepad' from project 'SwiftUIGamepad')
/Users/admin/builder/spi-builder-workspace/.dependencies/checkouts/SwiftUIGamepad/Sources/SwiftUIGamepad/Extensions/ViewGamepadExtensions.swift:13:8: note: Also imported here
import GameController
       ^ (in target 'SwiftUIGamepad' from project 'SwiftUIGamepad')
/Users/admin/builder/spi-builder-workspace/.dependencies/checkouts/SwiftUIGamepad/Sources/SwiftUIGamepad/Gamepads/GamepadInteractionController.swift:11:8: note: Also imported here
import GameController
       ^ (in target 'SwiftUIGamepad' from project 'SwiftUIGamepad')
SwiftDriver SwiftUIGamepad normal arm64_32 com.apple.xcode.tools.swift.compiler (in target 'SwiftUIGamepad' from project 'SwiftUIGamepad')
    cd /Users/admin/builder/spi-builder-workspace/.swiftpm/xcode
    builtin-SwiftDriver -- /Applications/Xcode-27.0.0-Release.Candidate.app/Contents/Developer/Toolchains/XcodeDefault.xctoolchain/usr/bin/swiftc -parse-as-library -module-name SwiftUIGamepad -Onone @/Users/admin/builder/spi-builder-workspace/.derivedData/Build/Intermediates.noindex/SwiftUIGamepad.build/Debug-watchos/SwiftUIGamepad-t.build/Objects-normal/arm64_32/SwiftUIGamepad.SwiftFileList -DSWIFT_PACKAGE -DDEBUG -DSWIFT_MODULE_RESOURCE_BUNDLE_AVAILABLE -DXcode -plugin-path /Applications/Xcode-27.0.0-Release.Candidate.app/Contents/Developer/Toolchains/XcodeDefault.xctoolchain/usr/lib/swift/host/plugins/testing -enable-experimental-feature DebugDescriptionMacro -sdk /Applications/Xcode-27.0.0-Release.Candidate.app/Contents/Developer/Platforms/WatchOS.platform/Developer/SDKs/WatchOS27.0.sdk -target arm64_32-apple-watchos26.0 -g -module-cache-path /Users/admin/builder/spi-builder-workspace/.derivedData/ModuleCache.noindex -Xfrontend -serialize-debugging-options -profile-coverage-mapping -profile-generate -enable-testing -suppress-warnings -index-store-path /Users/admin/builder/spi-builder-workspace/.derivedData/Index.noindex/DataStore -Xcc -D_LIBCPP_HARDENING_MODE\=_LIBCPP_HARDENING_MODE_DEBUG -swift-version 6 -I /Users/admin/builder/spi-builder-workspace/.derivedData/Build/Products/Debug-watchos -Isystem /Applications/Xcode-27.0.0-Release.Candidate.app/Contents/Developer/Platforms/WatchOS.platform/Developer/usr/lib -F /Users/admin/builder/spi-builder-workspace/.derivedData/Build/Products/Debug-watchos/PackageFrameworks -F /Users/admin/builder/spi-builder-workspace/.derivedData/Build/Products/Debug-watchos -F /Applications/Xcode-27.0.0-Release.Candidate.app/Contents/Developer/Platforms/WatchOS.platform/Developer/Library/Frameworks -F /Applications/Xcode-27.0.0-Release.Candidate.app/Contents/Developer/Platforms/WatchOS.platform/Developer/SDKs/WatchOS27.0.sdk/Developer/Library/Frameworks -c -j10 -enable-batch-mode -incremental -Xcc -ivfsstatcache -Xcc /Users/admin/builder/spi-builder-workspace/.derivedData/SDKStatCaches.noindex/watchos27.0-24R360-e829b21a6f8c9b70876ba0858053c04477534ef55a1706bf4c1112bbb242f0a2.sdkstatcache -output-file-map /Users/admin/builder/spi-builder-workspace/.derivedData/Build/Intermediates.noindex/SwiftUIGamepad.build/Debug-watchos/SwiftUIGamepad-t.build/Objects-normal/arm64_32/SwiftUIGamepad-OutputFileMap.json -save-temps -no-color-diagnostics -explicit-module-build -module-cache-path /Users/admin/builder/spi-builder-workspace/.derivedData/Build/Intermediates.noindex/SwiftExplicitPrecompiledModules -clang-scanner-module-cache-path /Users/admin/builder/spi-builder-workspace/.derivedData/ModuleCache.noindex -sdk-module-cache-path /Users/admin/builder/spi-builder-workspace/.derivedData/SDKExplicitPrecompiledModules -emit-dependencies -emit-module -emit-module-path /Users/admin/builder/spi-builder-workspace/.derivedData/Build/Intermediates.noindex/SwiftUIGamepad.build/Debug-watchos/SwiftUIGamepad-t.build/Objects-normal/arm64_32/SwiftUIGamepad.swiftmodule -serialize-diagnostics -dependency-scan-serialize-diagnostics-path /Users/admin/builder/spi-builder-workspace/.derivedData/Build/Intermediates.noindex/SwiftUIGamepad.build/Debug-watchos/SwiftUIGamepad-t.build/Objects-normal/arm64_32/SwiftUIGamepad-dependency-scan.dia -user-module-version 2.1.0 -validate-clang-modules-once -clang-build-session-file /Users/admin/builder/spi-builder-workspace/.derivedData/ModuleCache.noindex/Session.modulevalidation -Xcc -fmodules-prune-interval\=86400 -Xcc -fmodules-prune-after\=345600 -package-name swiftuigamepad -emit-const-values -const-gather-protocols-list /Users/admin/builder/spi-builder-workspace/.derivedData/Build/Intermediates.noindex/SwiftUIGamepad.build/Debug-watchos/SwiftUIGamepad-t.build/Objects-normal/arm64_32/SwiftUIGamepad_const_extract_protocols.json -Xcc -I/Users/admin/builder/spi-builder-workspace/.derivedData/Build/Products/Debug-watchos/include -Xcc -I/Users/admin/builder/spi-builder-workspace/.derivedData/Build/Intermediates.noindex/SwiftUIGamepad.build/Debug-watchos/SwiftUIGamepad-t.build/DerivedSources-normal/arm64_32 -Xcc -I/Users/admin/builder/spi-builder-workspace/.derivedData/Build/Intermediates.noindex/SwiftUIGamepad.build/Debug-watchos/SwiftUIGamepad-t.build/DerivedSources/arm64_32 -Xcc -I/Users/admin/builder/spi-builder-workspace/.derivedData/Build/Intermediates.noindex/SwiftUIGamepad.build/Debug-watchos/SwiftUIGamepad-t.build/DerivedSources -Xcc -DSWIFT_PACKAGE -Xcc -DDEBUG\=1 -emit-objc-header -emit-objc-header-path /Users/admin/builder/spi-builder-workspace/.derivedData/Build/Intermediates.noindex/SwiftUIGamepad.build/Debug-watchos/SwiftUIGamepad-t.build/Objects-normal/arm64_32/SwiftUIGamepad-Swift.h -working-directory /Users/admin/builder/spi-builder-workspace/.swiftpm/xcode -experimental-emit-module-separately -disable-cmo
/Users/admin/builder/spi-builder-workspace/.dependencies/checkouts/SwiftUIGamepad/Sources/SwiftUIGamepad/DataModles/GamepadEventHandlers.swift:10:8: error: Unable to resolve module dependency: 'GameController' (in target 'SwiftUIGamepad' from project 'SwiftUIGamepad')
    note: A dependency of main module 'SwiftUIGamepad'
    /Users/admin/builder/spi-builder-workspace/.dependencies/checkouts/SwiftUIGamepad/Sources/SwiftUIGamepad/DataModles/GamepadInfo.swift:10:8: note: Also imported here
    /Users/admin/builder/spi-builder-workspace/.dependencies/checkouts/SwiftUIGamepad/Sources/SwiftUIGamepad/DataModles/GamepadManager.swift:10:8: note: Also imported here
    /Users/admin/builder/spi-builder-workspace/.dependencies/checkouts/SwiftUIGamepad/Sources/SwiftUIGamepad/Enumerations/GamepadMovementDirection.swift:10:8: note: Also imported here
    /Users/admin/builder/spi-builder-workspace/.dependencies/checkouts/SwiftUIGamepad/Sources/SwiftUIGamepad/Extensions/ViewGamepadExtensions.swift:13:8: note: Also imported here
    /Users/admin/builder/spi-builder-workspace/.dependencies/checkouts/SwiftUIGamepad/Sources/SwiftUIGamepad/Gamepads/GamepadInteractionController.swift:11:8: note: Also imported here
/Users/admin/builder/spi-builder-workspace/.dependencies/checkouts/SwiftUIGamepad/Sources/SwiftUIGamepad/DataModles/GamepadEventHandlers.swift:10:8: note: A dependency of main module 'SwiftUIGamepad'
import GameController
       ^ (in target 'SwiftUIGamepad' from project 'SwiftUIGamepad')
/Users/admin/builder/spi-builder-workspace/.dependencies/checkouts/SwiftUIGamepad/Sources/SwiftUIGamepad/DataModles/GamepadInfo.swift:10:8: note: Also imported here
import GameController
       ^ (in target 'SwiftUIGamepad' from project 'SwiftUIGamepad')
/Users/admin/builder/spi-builder-workspace/.dependencies/checkouts/SwiftUIGamepad/Sources/SwiftUIGamepad/DataModles/GamepadManager.swift:10:8: note: Also imported here
import GameController
       ^ (in target 'SwiftUIGamepad' from project 'SwiftUIGamepad')
/Users/admin/builder/spi-builder-workspace/.dependencies/checkouts/SwiftUIGamepad/Sources/SwiftUIGamepad/Enumerations/GamepadMovementDirection.swift:10:8: note: Also imported here
import GameController
       ^ (in target 'SwiftUIGamepad' from project 'SwiftUIGamepad')
/Users/admin/builder/spi-builder-workspace/.dependencies/checkouts/SwiftUIGamepad/Sources/SwiftUIGamepad/Extensions/ViewGamepadExtensions.swift:13:8: note: Also imported here
import GameController
       ^ (in target 'SwiftUIGamepad' from project 'SwiftUIGamepad')
/Users/admin/builder/spi-builder-workspace/.dependencies/checkouts/SwiftUIGamepad/Sources/SwiftUIGamepad/Gamepads/GamepadInteractionController.swift:11:8: note: Also imported here
import GameController
       ^ (in target 'SwiftUIGamepad' from project 'SwiftUIGamepad')
SwiftDriverJobDiscovery normal arm64_32 Compiling GraceEnumerationExpression.swift, GraceFormulaExpression.swift, GraceFunctionExpression.swift, GraceNewExpression.swift (in target 'GraceLanguage' from project 'GraceLanguage')
SwiftDriverJobDiscovery normal arm64_32 Compiling GraceNotExpression.swift, GraceVariableExpression.swift, GraceAddInstruction.swift, GraceCallInstruction.swift (in target 'GraceLanguage' from project 'GraceLanguage')
SwiftDriverJobDiscovery normal arm64_32 Compiling GraceIfInstruction.swift, GraceIncrementInstruction.swift, GraceIterateInstruction.swift, GraceLetInstruction.swift (in target 'GraceLanguage' from project 'GraceLanguage')
SwiftDriverJobDiscovery normal arm64_32 Compiling GraceRuntimeError.swift, StringExtensions.swift, GraceArrayExpression.swift, GraceConstantExpression.swift (in target 'GraceLanguage' from project 'GraceLanguage')
SwiftDriverJobDiscovery normal arm64_32 Compiling GraceVariable.swift, GraceCompilerError.swift, GraceKeywords.swift, GraceParseError.swift (in target 'GraceLanguage' from project 'GraceLanguage')
SwiftDriverJobDiscovery normal arm64 Compiling GraceContainer.swift, GraceEnumeration.swift, GraceExecutable.swift, GraceFunction.swift, GraceToken.swift (in target 'GraceLanguage' from project 'GraceLanguage')
SwiftDriverJobDiscovery normal arm64_32 Compiling GraceContainer.swift, GraceEnumeration.swift, GraceExecutable.swift, GraceFunction.swift, GraceToken.swift (in target 'GraceLanguage' from project 'GraceLanguage')
SwiftDriverJobDiscovery normal arm64 Compiling resource_bundle_accessor.swift, GraceCompiler.swift, GraceRuntime.swift, GraceTokenizer.swift, GraceCaseStatement.swift (in target 'GraceLanguage' from project 'GraceLanguage')
SwiftDriver\ Compilation GraceLanguage normal arm64 com.apple.xcode.tools.swift.compiler (in target 'GraceLanguage' from project 'GraceLanguage')
    cd /Users/admin/builder/spi-builder-workspace/.swiftpm/xcode
    builtin-Swift-Compilation -- /Applications/Xcode-27.0.0-Release.Candidate.app/Contents/Developer/Toolchains/XcodeDefault.xctoolchain/usr/bin/swiftc -parse-as-library -module-name GraceLanguage -Onone @/Users/admin/builder/spi-builder-workspace/.derivedData/Build/Intermediates.noindex/GraceLanguage.build/Debug-watchos/GraceLanguage-t.build/Objects-normal/arm64/GraceLanguage.SwiftFileList -DSWIFT_PACKAGE -DDEBUG -DSWIFT_MODULE_RESOURCE_BUNDLE_AVAILABLE -DXcode -plugin-path /Applications/Xcode-27.0.0-Release.Candidate.app/Contents/Developer/Toolchains/XcodeDefault.xctoolchain/usr/lib/swift/host/plugins/testing -enable-experimental-feature DebugDescriptionMacro -sdk /Applications/Xcode-27.0.0-Release.Candidate.app/Contents/Developer/Platforms/WatchOS.platform/Developer/SDKs/WatchOS27.0.sdk -target arm64-apple-watchos26.0 -g -module-cache-path /Users/admin/builder/spi-builder-workspace/.derivedData/ModuleCache.noindex -Xfrontend -serialize-debugging-options -profile-coverage-mapping -profile-generate -enable-testing -suppress-warnings -index-store-path /Users/admin/builder/spi-builder-workspace/.derivedData/Index.noindex/DataStore -Xcc -D_LIBCPP_HARDENING_MODE\=_LIBCPP_HARDENING_MODE_DEBUG -swift-version 6 -I /Users/admin/builder/spi-builder-workspace/.derivedData/Build/Products/Debug-watchos -Isystem /Applications/Xcode-27.0.0-Release.Candidate.app/Contents/Developer/Platforms/WatchOS.platform/Developer/usr/lib -F /Users/admin/builder/spi-builder-workspace/.derivedData/Build/Products/Debug-watchos/PackageFrameworks -F /Users/admin/builder/spi-builder-workspace/.derivedData/Build/Products/Debug-watchos -F /Applications/Xcode-27.0.0-Release.Candidate.app/Contents/Developer/Platforms/WatchOS.platform/Developer/Library/Frameworks -F /Applications/Xcode-27.0.0-Release.Candidate.app/Contents/Developer/Platforms/WatchOS.platform/Developer/SDKs/WatchOS27.0.sdk/Developer/Library/Frameworks -c -j10 -enable-batch-mode -incremental -Xcc -ivfsstatcache -Xcc /Users/admin/builder/spi-builder-workspace/.derivedData/SDKStatCaches.noindex/watchos27.0-24R360-e829b21a6f8c9b70876ba0858053c04477534ef55a1706bf4c1112bbb242f0a2.sdkstatcache -output-file-map /Users/admin/builder/spi-builder-workspace/.derivedData/Build/Intermediates.noindex/GraceLanguage.build/Debug-watchos/GraceLanguage-t.build/Objects-normal/arm64/GraceLanguage-OutputFileMap.json -save-temps -no-color-diagnostics -explicit-module-build -module-cache-path /Users/admin/builder/spi-builder-workspace/.derivedData/Build/Intermediates.noindex/SwiftExplicitPrecompiledModules -clang-scanner-module-cache-path /Users/admin/builder/spi-builder-workspace/.derivedData/ModuleCache.noindex -sdk-module-cache-path /Users/admin/builder/spi-builder-workspace/.derivedData/SDKExplicitPrecompiledModules -emit-dependencies -emit-module -emit-module-path /Users/admin/builder/spi-builder-workspace/.derivedData/Build/Intermediates.noindex/GraceLanguage.build/Debug-watchos/GraceLanguage-t.build/Objects-normal/arm64/GraceLanguage.swiftmodule -serialize-diagnostics -dependency-scan-serialize-diagnostics-path /Users/admin/builder/spi-builder-workspace/.derivedData/Build/Intermediates.noindex/GraceLanguage.build/Debug-watchos/GraceLanguage-t.build/Objects-normal/arm64/GraceLanguage-dependency-scan.dia -user-module-version 2.1.1 -validate-clang-modules-once -clang-build-session-file /Users/admin/builder/spi-builder-workspace/.derivedData/ModuleCache.noindex/Session.modulevalidation -Xcc -fmodules-prune-interval\=86400 -Xcc -fmodules-prune-after\=345600 -package-name gracelanguage -emit-const-values -const-gather-protocols-list /Users/admin/builder/spi-builder-workspace/.derivedData/Build/Intermediates.noindex/GraceLanguage.build/Debug-watchos/GraceLanguage-t.build/Objects-normal/arm64/GraceLanguage_const_extract_protocols.json -Xcc -I/Users/admin/builder/spi-builder-workspace/.derivedData/Build/Products/Debug-watchos/include -Xcc -I/Users/admin/builder/spi-builder-workspace/.derivedData/Build/Intermediates.noindex/GraceLanguage.build/Debug-watchos/GraceLanguage-t.build/DerivedSources-normal/arm64 -Xcc -I/Users/admin/builder/spi-builder-workspace/.derivedData/Build/Intermediates.noindex/GraceLanguage.build/Debug-watchos/GraceLanguage-t.build/DerivedSources/arm64 -Xcc -I/Users/admin/builder/spi-builder-workspace/.derivedData/Build/Intermediates.noindex/GraceLanguage.build/Debug-watchos/GraceLanguage-t.build/DerivedSources -Xcc -DSWIFT_PACKAGE -Xcc -DDEBUG\=1 -emit-objc-header -emit-objc-header-path /Users/admin/builder/spi-builder-workspace/.derivedData/Build/Intermediates.noindex/GraceLanguage.build/Debug-watchos/GraceLanguage-t.build/Objects-normal/arm64/GraceLanguage-Swift.h -working-directory /Users/admin/builder/spi-builder-workspace/.swiftpm/xcode -experimental-emit-module-separately -disable-cmo
Ld /Users/admin/builder/spi-builder-workspace/.derivedData/Build/Intermediates.noindex/GraceLanguage.build/Debug-watchos/GraceLanguage-t.build/Objects-normal/arm64/Binary/GraceLanguage.o normal arm64 (in target 'GraceLanguage' from project 'GraceLanguage')
    cd /Users/admin/builder/spi-builder-workspace/.dependencies/checkouts/GraceLanguage
    /Applications/Xcode-27.0.0-Release.Candidate.app/Contents/Developer/Toolchains/XcodeDefault.xctoolchain/usr/bin/clang -Xlinker -reproducible -target arm64-apple-watchos26.0 -r -isysroot /Applications/Xcode-27.0.0-Release.Candidate.app/Contents/Developer/Platforms/WatchOS.platform/Developer/SDKs/WatchOS27.0.sdk -O0 -w -Xlinker -no_warn_duplicate_libraries -F/Users/admin/builder/spi-builder-workspace/.derivedData/Build/Intermediates.noindex/EagerLinkingTBDs/Debug-watchos -F/Users/admin/builder/spi-builder-workspace/.derivedData/Build/Products/Debug-watchos/PackageFrameworks -F/Users/admin/builder/spi-builder-workspace/.derivedData/Build/Products/Debug-watchos -iframework /Applications/Xcode-27.0.0-Release.Candidate.app/Contents/Developer/Platforms/WatchOS.platform/Developer/Library/Frameworks -iframework /Applications/Xcode-27.0.0-Release.Candidate.app/Contents/Developer/Platforms/WatchOS.platform/Developer/SDKs/WatchOS27.0.sdk/Developer/Library/Frameworks -filelist /Users/admin/builder/spi-builder-workspace/.derivedData/Build/Intermediates.noindex/GraceLanguage.build/Debug-watchos/GraceLanguage-t.build/Objects-normal/arm64/GraceLanguage.LinkFileList -nostdlib -Xlinker -object_path_lto -Xlinker /Users/admin/builder/spi-builder-workspace/.derivedData/Build/Intermediates.noindex/GraceLanguage.build/Debug-watchos/GraceLanguage-t.build/Objects-normal/arm64/GraceLanguage_lto.o -Xlinker -no_deduplicate -Xlinker -debug_variant -Xlinker -dependency_info -Xlinker /Users/admin/builder/spi-builder-workspace/.derivedData/Build/Intermediates.noindex/GraceLanguage.build/Debug-watchos/GraceLanguage-t.build/Objects-normal/arm64/GraceLanguage_dependency_info.dat -fobjc-link-runtime -L/Applications/Xcode-27.0.0-Release.Candidate.app/Contents/Developer/Toolchains/XcodeDefault.xctoolchain/usr/lib/swift/watchos -L/usr/lib/swift -Xlinker -add_ast_path -Xlinker /Users/admin/builder/spi-builder-workspace/.derivedData/Build/Intermediates.noindex/GraceLanguage.build/Debug-watchos/GraceLanguage-t.build/Objects-normal/arm64/GraceLanguage.swiftmodule -o /Users/admin/builder/spi-builder-workspace/.derivedData/Build/Intermediates.noindex/GraceLanguage.build/Debug-watchos/GraceLanguage-t.build/Objects-normal/arm64/Binary/GraceLanguage.o
PruneExplicitPrecompiledModules /Users/admin/builder/spi-builder-workspace/.derivedData/SDKExplicitPrecompiledModules
PruneExplicitPrecompiledModules /Users/admin/builder/spi-builder-workspace/.derivedData/Build/Intermediates.noindex/ExplicitPrecompiledModules
PruneExplicitPrecompiledModules /Users/admin/builder/spi-builder-workspace/.derivedData/Build/Intermediates.noindex/SwiftExplicitPrecompiledModules
2026-09-27 11:33:10.746 xcodebuild[914:5244] [MT] IDERunDestination: Supported platforms for the buildables in the current scheme is empty.
** BUILD FAILED **
The following build commands failed:
	SwiftDriver SwiftUIGamepad normal arm64 com.apple.xcode.tools.swift.compiler (in target 'SwiftUIGamepad' from project 'SwiftUIGamepad')
	SwiftDriver SwiftUIGamepad normal arm64_32 com.apple.xcode.tools.swift.compiler (in target 'SwiftUIGamepad' from project 'SwiftUIGamepad')
	Building workspace ODRManager with scheme ODRManager
(3 failures)
Command line invocation:
    /Applications/Xcode-27.0.0-Release.Candidate.app/Contents/Developer/usr/bin/xcodebuild -IDEClonedSourcePackagesDirPathOverride=/Users/admin/builder/spi-builder-workspace/.dependencies -resolvePackageDependencies
Resolve Package Graph
Resolved source packages:
  SwiftletUtilities: https://github.com/Appracatappra/SwiftletUtilities @ 2.1.4
  ODRManager: /Users/admin/builder/spi-builder-workspace
  SwiftUIGamepad: https://github.com/Appracatappra/SwiftUIGamepad.git @ 2.1.0
  LogManager: https://github.com/Appracatappra/LogManager @ 2.1.0
  SwiftUIKit: https://github.com/Appracatappra/SwiftUIKit @ 2.1.0
  SoundManager: https://github.com/Appracatappra/SoundManager @ 2.1.0
  GraceLanguage: https://github.com/Appracatappra/GraceLanguage.git @ 2.1.1
  SimpleSerializer: https://github.com/Appracatappra/SimpleSerializer @ 2.5.0
resolved source packages: SwiftletUtilities, ODRManager, SwiftUIGamepad, LogManager, SwiftUIKit, SoundManager, GraceLanguage, SimpleSerializer
2026-09-27 11:33:26.395 xcodebuild[1267:7496] [MT] IDERunDestination: Supported platforms for the buildables in the current scheme is empty.
{
  "dependencies" : [
    {
      "identity" : "logmanager",
      "requirement" : {
        "range" : [
          {
            "lower_bound" : "2.0.0",
            "upper_bound" : "3.0.0"
          }
        ]
      },
      "type" : "sourceControl",
      "url" : "https://github.com/Appracatappra/LogManager"
    },
    {
      "identity" : "swiftletutilities",
      "requirement" : {
        "range" : [
          {
            "lower_bound" : "2.0.0",
            "upper_bound" : "3.0.0"
          }
        ]
      },
      "type" : "sourceControl",
      "url" : "https://github.com/Appracatappra/SwiftletUtilities"
    },
    {
      "identity" : "soundmanager",
      "requirement" : {
        "range" : [
          {
            "lower_bound" : "2.0.0",
            "upper_bound" : "3.0.0"
          }
        ]
      },
      "type" : "sourceControl",
      "url" : "https://github.com/Appracatappra/SoundManager"
    },
    {
      "identity" : "swiftuikit",
      "requirement" : {
        "range" : [
          {
            "lower_bound" : "2.0.0",
            "upper_bound" : "3.0.0"
          }
        ]
      },
      "type" : "sourceControl",
      "url" : "https://github.com/Appracatappra/SwiftUIKit"
    },
    {
      "identity" : "simpleserializer",
      "requirement" : {
        "range" : [
          {
            "lower_bound" : "2.0.0",
            "upper_bound" : "3.0.0"
          }
        ]
      },
      "type" : "sourceControl",
      "url" : "https://github.com/Appracatappra/SimpleSerializer"
    },
    {
      "identity" : "gracelanguage",
      "requirement" : {
        "range" : [
          {
            "lower_bound" : "2.1.0",
            "upper_bound" : "3.0.0"
          }
        ]
      },
      "type" : "sourceControl",
      "url" : "https://github.com/Appracatappra/GraceLanguage.git"
    },
    {
      "identity" : "swiftuigamepad",
      "requirement" : {
        "range" : [
          {
            "lower_bound" : "2.1.0",
            "upper_bound" : "3.0.0"
          }
        ]
      },
      "type" : "sourceControl",
      "url" : "https://github.com/Appracatappra/SwiftUIGamepad.git"
    }
  ],
  "manifest_display_name" : "ODRManager",
  "name" : "ODRManager",
  "path" : "/Users/admin/builder/spi-builder-workspace",
  "platforms" : [
    {
      "name" : "ios",
      "version" : "26.0"
    },
    {
      "name" : "tvos",
      "version" : "26.0"
    }
  ],
  "products" : [
    {
      "name" : "ODRManager",
      "targets" : [
        "ODRManager"
      ],
      "type" : {
        "library" : [
          "automatic"
        ]
      }
    }
  ],
  "targets" : [
    {
      "c99name" : "ODRManagerTests",
      "module_type" : "SwiftTarget",
      "name" : "ODRManagerTests",
      "path" : "Tests/ODRManagerTests",
      "sources" : [
        "ODRManagerTests.swift"
      ],
      "target_dependencies" : [
        "ODRManager"
      ],
      "type" : "test"
    },
    {
      "c99name" : "ODRManager",
      "module_type" : "SwiftTarget",
      "name" : "ODRManager",
      "path" : "Sources/ODRManager",
      "product_dependencies" : [
        "LogManager",
        "SwiftletUtilities",
        "SoundManager",
        "SwiftUIKit",
        "SwiftUIGamepad",
        "GraceLanguage",
        "SimpleSerializer"
      ],
      "product_memberships" : [
        "ODRManager"
      ],
      "resources" : [
        {
          "path" : "/Users/admin/builder/spi-builder-workspace/Sources/ODRManager/Resources/GridBackground.png",
          "rule" : {
            "process" : {
            }
          }
        },
        {
          "path" : "/Users/admin/builder/spi-builder-workspace/Sources/ODRManager/Resources/PrivacyInfo.xcprivacy",
          "rule" : {
            "process" : {
            }
          }
        }
      ],
      "sources" : [
        "Controls/ODRManager.swift",
        "Controls/ODRRequest.swift",
        "OnDemandResources.swift",
        "Views/ODRContentLoadingOverlay.swift"
      ],
      "type" : "library"
    }
  ],
  "tools_version" : "6.4"
}
{
  "workspace" : {
    "name" : "ODRManager",
    "schemes" : [
      "ODRManager",
      "SwiftletUtilities"
    ]
  }
}
2026-09-27 11:33:27.777 xcodebuild[1275:7569] [MT] IDERunDestination: Supported platforms for the buildables in the current scheme is empty.
{
  "workspace" : {
    "name" : "ODRManager",
    "schemes" : [
      "ODRManager",
      "SwiftletUtilities"
    ]
  }
}
2026-09-27 11:33:28.873 xcodebuild[1277:7601] [MT] IDERunDestination: Supported platforms for the buildables in the current scheme is empty.
Running build ...
env DEVELOPER_DIR=/Applications/Xcode-27.0.0-Release.Candidate.app xcrun xcodebuild -IDEClonedSourcePackagesDirPathOverride=$PWD/.dependencies -skipMacroValidation -skipPackagePluginValidation -derivedDataPath $PWD/.derivedData build -scheme ODRManager -destination generic/platform=watchOS
Command line invocation:
    /Applications/Xcode-27.0.0-Release.Candidate.app/Contents/Developer/usr/bin/xcodebuild -IDEClonedSourcePackagesDirPathOverride=/Users/admin/builder/spi-builder-workspace/.dependencies -skipMacroValidation -skipPackagePluginValidation -derivedDataPath /Users/admin/builder/spi-builder-workspace/.derivedData build -scheme ODRManager -destination generic/platform=watchOS
Resolve Package Graph
Resolved source packages:
  LogManager: https://github.com/Appracatappra/LogManager @ 2.1.0
  SoundManager: https://github.com/Appracatappra/SoundManager @ 2.1.0
  SwiftletUtilities: https://github.com/Appracatappra/SwiftletUtilities @ 2.1.4
  SimpleSerializer: https://github.com/Appracatappra/SimpleSerializer @ 2.5.0
  SwiftUIKit: https://github.com/Appracatappra/SwiftUIKit @ 2.1.0
  GraceLanguage: https://github.com/Appracatappra/GraceLanguage.git @ 2.1.1
  ODRManager: /Users/admin/builder/spi-builder-workspace
  SwiftUIGamepad: https://github.com/Appracatappra/SwiftUIGamepad.git @ 2.1.0
ComputePackagePrebuildTargetDependencyGraph
Prepare packages
CreateBuildRequest
SendProjectDescription
CreateBuildOperation
ComputeTargetDependencyGraph
note: Building targets in dependency order
note: Target dependency graph (24 targets)
    Target 'ODRManager-product' in project 'ODRManager'
        ➜ Explicit dependency on target 'ODRManager' in project 'ODRManager'
        ➜ Explicit dependency on target 'ODRManager_ODRManager' in project 'ODRManager'
        ➜ Explicit dependency on target 'LogManager-product' in project 'LogManager'
        ➜ Explicit dependency on target 'SwiftletUtilities-product' in project 'SwiftletUtilities'
        ➜ Explicit dependency on target 'SoundManager-product' in project 'SoundManager'
        ➜ Explicit dependency on target 'SwiftUIKit-product' in project 'SwiftUIKit'
        ➜ Explicit dependency on target 'SwiftUIGamepad-product' in project 'SwiftUIGamepad'
        ➜ Explicit dependency on target 'GraceLanguage-product' in project 'GraceLanguage'
        ➜ Explicit dependency on target 'SimpleSerializer-product' in project 'SimpleSerializer'
    Target 'ODRManager' in project 'ODRManager'
        ➜ Explicit dependency on target 'ODRManager_ODRManager' in project 'ODRManager'
        ➜ Explicit dependency on target 'LogManager-product' in project 'LogManager'
        ➜ Explicit dependency on target 'SwiftletUtilities-product' in project 'SwiftletUtilities'
        ➜ Explicit dependency on target 'SoundManager-product' in project 'SoundManager'
        ➜ Explicit dependency on target 'SwiftUIKit-product' in project 'SwiftUIKit'
        ➜ Explicit dependency on target 'SwiftUIGamepad-product' in project 'SwiftUIGamepad'
        ➜ Explicit dependency on target 'GraceLanguage-product' in project 'GraceLanguage'
        ➜ Explicit dependency on target 'SimpleSerializer-product' in project 'SimpleSerializer'
    Target 'SwiftUIGamepad-product' in project 'SwiftUIGamepad'
        ➜ Explicit dependency on target 'SwiftUIGamepad' in project 'SwiftUIGamepad'
        ➜ Explicit dependency on target 'SwiftUIGamepad_SwiftUIGamepad' in project 'SwiftUIGamepad'
        ➜ Explicit dependency on target 'LogManager-product' in project 'LogManager'
        ➜ Explicit dependency on target 'SwiftletUtilities-product' in project 'SwiftletUtilities'
        ➜ Explicit dependency on target 'SoundManager-product' in project 'SoundManager'
        ➜ Explicit dependency on target 'SwiftUIKit-product' in project 'SwiftUIKit'
        ➜ Explicit dependency on target 'GraceLanguage-product' in project 'GraceLanguage'
    Target 'SwiftUIGamepad' in project 'SwiftUIGamepad'
        ➜ Explicit dependency on target 'SwiftUIGamepad_SwiftUIGamepad' in project 'SwiftUIGamepad'
        ➜ Explicit dependency on target 'LogManager-product' in project 'LogManager'
        ➜ Explicit dependency on target 'SwiftletUtilities-product' in project 'SwiftletUtilities'
        ➜ Explicit dependency on target 'SoundManager-product' in project 'SoundManager'
        ➜ Explicit dependency on target 'SwiftUIKit-product' in project 'SwiftUIKit'
        ➜ Explicit dependency on target 'GraceLanguage-product' in project 'GraceLanguage'
    Target 'GraceLanguage-product' in project 'GraceLanguage'
        ➜ Explicit dependency on target 'GraceLanguage' in project 'GraceLanguage'
        ➜ Explicit dependency on target 'GraceLanguage_GraceLanguage' in project 'GraceLanguage'
        ➜ Explicit dependency on target 'LogManager-product' in project 'LogManager'
        ➜ Explicit dependency on target 'SwiftletUtilities-product' in project 'SwiftletUtilities'
        ➜ Explicit dependency on target 'SimpleSerializer-product' in project 'SimpleSerializer'
    Target 'GraceLanguage' in project 'GraceLanguage'
        ➜ Explicit dependency on target 'GraceLanguage_GraceLanguage' in project 'GraceLanguage'
        ➜ Explicit dependency on target 'LogManager-product' in project 'LogManager'
        ➜ Explicit dependency on target 'SwiftletUtilities-product' in project 'SwiftletUtilities'
        ➜ Explicit dependency on target 'SimpleSerializer-product' in project 'SimpleSerializer'
    Target 'SimpleSerializer-product' in project 'SimpleSerializer'
        ➜ Explicit dependency on target 'SimpleSerializer' in project 'SimpleSerializer'
        ➜ Explicit dependency on target 'SimpleSerializer_SimpleSerializer' in project 'SimpleSerializer'
        ➜ Explicit dependency on target 'LogManager-product' in project 'LogManager'
        ➜ Explicit dependency on target 'SwiftletUtilities-product' in project 'SwiftletUtilities'
    Target 'SimpleSerializer' in project 'SimpleSerializer'
        ➜ Explicit dependency on target 'SimpleSerializer_SimpleSerializer' in project 'SimpleSerializer'
        ➜ Explicit dependency on target 'LogManager-product' in project 'LogManager'
        ➜ Explicit dependency on target 'SwiftletUtilities-product' in project 'SwiftletUtilities'
    Target 'SimpleSerializer_SimpleSerializer' in project 'SimpleSerializer' (no dependencies)
    Target 'GraceLanguage_GraceLanguage' in project 'GraceLanguage' (no dependencies)
    Target 'SwiftUIGamepad_SwiftUIGamepad' in project 'SwiftUIGamepad' (no dependencies)
    Target 'SwiftUIKit-product' in project 'SwiftUIKit'
        ➜ Explicit dependency on target 'SwiftUIKit' in project 'SwiftUIKit'
        ➜ Explicit dependency on target 'SwiftUIKit_SwiftUIKit' in project 'SwiftUIKit'
        ➜ Explicit dependency on target 'LogManager-product' in project 'LogManager'
        ➜ Explicit dependency on target 'SwiftletUtilities-product' in project 'SwiftletUtilities'
        ➜ Explicit dependency on target 'SoundManager-product' in project 'SoundManager'
    Target 'SwiftUIKit' in project 'SwiftUIKit'
        ➜ Explicit dependency on target 'SwiftUIKit_SwiftUIKit' in project 'SwiftUIKit'
        ➜ Explicit dependency on target 'LogManager-product' in project 'LogManager'
        ➜ Explicit dependency on target 'SwiftletUtilities-product' in project 'SwiftletUtilities'
        ➜ Explicit dependency on target 'SoundManager-product' in project 'SoundManager'
    Target 'SwiftUIKit_SwiftUIKit' in project 'SwiftUIKit' (no dependencies)
    Target 'SoundManager-product' in project 'SoundManager'
        ➜ Explicit dependency on target 'SoundManager' in project 'SoundManager'
        ➜ Explicit dependency on target 'SoundManager_SoundManager' in project 'SoundManager'
        ➜ Explicit dependency on target 'LogManager-product' in project 'LogManager'
    Target 'SoundManager' in project 'SoundManager'
        ➜ Explicit dependency on target 'SoundManager_SoundManager' in project 'SoundManager'
        ➜ Explicit dependency on target 'LogManager-product' in project 'LogManager'
    Target 'SoundManager_SoundManager' in project 'SoundManager' (no dependencies)
    Target 'SwiftletUtilities-product' in project 'SwiftletUtilities'
        ➜ Explicit dependency on target 'SwiftletUtilities' in project 'SwiftletUtilities'
        ➜ Explicit dependency on target 'SwiftletUtilities_SwiftletUtilities' in project 'SwiftletUtilities'
        ➜ Explicit dependency on target 'LogManager-product' in project 'LogManager'
    Target 'SwiftletUtilities' in project 'SwiftletUtilities'
        ➜ Explicit dependency on target 'SwiftletUtilities_SwiftletUtilities' in project 'SwiftletUtilities'
        ➜ Explicit dependency on target 'LogManager-product' in project 'LogManager'
    Target 'SwiftletUtilities_SwiftletUtilities' in project 'SwiftletUtilities' (no dependencies)
    Target 'LogManager-product' in project 'LogManager'
        ➜ Explicit dependency on target 'LogManager' in project 'LogManager'
        ➜ Explicit dependency on target 'LogManager_LogManager' in project 'LogManager'
    Target 'LogManager' in project 'LogManager'
        ➜ Explicit dependency on target 'LogManager_LogManager' in project 'LogManager'
    Target 'LogManager_LogManager' in project 'LogManager' (no dependencies)
    Target 'ODRManager_ODRManager' in project 'ODRManager' (no dependencies)
GatherProvisioningInputs
CreateBuildDescription
ClangStatCache /Applications/Xcode-27.0.0-Release.Candidate.app/Contents/Developer/Toolchains/XcodeDefault.xctoolchain/usr/bin/clang-stat-cache /Applications/Xcode-27.0.0-Release.Candidate.app/Contents/Developer/Platforms/WatchOS.platform/Developer/SDKs/WatchOS27.0.sdk /Users/admin/builder/spi-builder-workspace/.derivedData/SDKStatCaches.noindex/watchos27.0-24R360-e829b21a6f8c9b70876ba0858053c04477534ef55a1706bf4c1112bbb242f0a2.sdkstatcache
    cd /Users/admin/builder/spi-builder-workspace/.swiftpm/xcode
    /Applications/Xcode-27.0.0-Release.Candidate.app/Contents/Developer/Toolchains/XcodeDefault.xctoolchain/usr/bin/clang-stat-cache /Applications/Xcode-27.0.0-Release.Candidate.app/Contents/Developer/Platforms/WatchOS.platform/Developer/SDKs/WatchOS27.0.sdk -o /Users/admin/builder/spi-builder-workspace/.derivedData/SDKStatCaches.noindex/watchos27.0-24R360-e829b21a6f8c9b70876ba0858053c04477534ef55a1706bf4c1112bbb242f0a2.sdkstatcache
SwiftDriver SwiftUIGamepad normal arm64_32 com.apple.xcode.tools.swift.compiler (in target 'SwiftUIGamepad' from project 'SwiftUIGamepad')
    cd /Users/admin/builder/spi-builder-workspace/.swiftpm/xcode
    builtin-SwiftDriver -- /Applications/Xcode-27.0.0-Release.Candidate.app/Contents/Developer/Toolchains/XcodeDefault.xctoolchain/usr/bin/swiftc -parse-as-library -module-name SwiftUIGamepad -Onone @/Users/admin/builder/spi-builder-workspace/.derivedData/Build/Intermediates.noindex/SwiftUIGamepad.build/Debug-watchos/SwiftUIGamepad-t.build/Objects-normal/arm64_32/SwiftUIGamepad.SwiftFileList -DSWIFT_PACKAGE -DDEBUG -DSWIFT_MODULE_RESOURCE_BUNDLE_AVAILABLE -DXcode -plugin-path /Applications/Xcode-27.0.0-Release.Candidate.app/Contents/Developer/Toolchains/XcodeDefault.xctoolchain/usr/lib/swift/host/plugins/testing -enable-experimental-feature DebugDescriptionMacro -sdk /Applications/Xcode-27.0.0-Release.Candidate.app/Contents/Developer/Platforms/WatchOS.platform/Developer/SDKs/WatchOS27.0.sdk -target arm64_32-apple-watchos26.0 -g -module-cache-path /Users/admin/builder/spi-builder-workspace/.derivedData/ModuleCache.noindex -Xfrontend -serialize-debugging-options -profile-coverage-mapping -profile-generate -enable-testing -suppress-warnings -index-store-path /Users/admin/builder/spi-builder-workspace/.derivedData/Index.noindex/DataStore -Xcc -D_LIBCPP_HARDENING_MODE\=_LIBCPP_HARDENING_MODE_DEBUG -swift-version 6 -I /Users/admin/builder/spi-builder-workspace/.derivedData/Build/Products/Debug-watchos -Isystem /Applications/Xcode-27.0.0-Release.Candidate.app/Contents/Developer/Platforms/WatchOS.platform/Developer/usr/lib -F /Users/admin/builder/spi-builder-workspace/.derivedData/Build/Products/Debug-watchos/PackageFrameworks -F /Users/admin/builder/spi-builder-workspace/.derivedData/Build/Products/Debug-watchos -F /Applications/Xcode-27.0.0-Release.Candidate.app/Contents/Developer/Platforms/WatchOS.platform/Developer/Library/Frameworks -F /Applications/Xcode-27.0.0-Release.Candidate.app/Contents/Developer/Platforms/WatchOS.platform/Developer/SDKs/WatchOS27.0.sdk/Developer/Library/Frameworks -c -j10 -enable-batch-mode -incremental -Xcc -ivfsstatcache -Xcc /Users/admin/builder/spi-builder-workspace/.derivedData/SDKStatCaches.noindex/watchos27.0-24R360-e829b21a6f8c9b70876ba0858053c04477534ef55a1706bf4c1112bbb242f0a2.sdkstatcache -output-file-map /Users/admin/builder/spi-builder-workspace/.derivedData/Build/Intermediates.noindex/SwiftUIGamepad.build/Debug-watchos/SwiftUIGamepad-t.build/Objects-normal/arm64_32/SwiftUIGamepad-OutputFileMap.json -save-temps -no-color-diagnostics -explicit-module-build -module-cache-path /Users/admin/builder/spi-builder-workspace/.derivedData/Build/Intermediates.noindex/SwiftExplicitPrecompiledModules -clang-scanner-module-cache-path /Users/admin/builder/spi-builder-workspace/.derivedData/ModuleCache.noindex -sdk-module-cache-path /Users/admin/builder/spi-builder-workspace/.derivedData/SDKExplicitPrecompiledModules -emit-dependencies -emit-module -emit-module-path /Users/admin/builder/spi-builder-workspace/.derivedData/Build/Intermediates.noindex/SwiftUIGamepad.build/Debug-watchos/SwiftUIGamepad-t.build/Objects-normal/arm64_32/SwiftUIGamepad.swiftmodule -serialize-diagnostics -dependency-scan-serialize-diagnostics-path /Users/admin/builder/spi-builder-workspace/.derivedData/Build/Intermediates.noindex/SwiftUIGamepad.build/Debug-watchos/SwiftUIGamepad-t.build/Objects-normal/arm64_32/SwiftUIGamepad-dependency-scan.dia -user-module-version 2.1.0 -validate-clang-modules-once -clang-build-session-file /Users/admin/builder/spi-builder-workspace/.derivedData/ModuleCache.noindex/Session.modulevalidation -Xcc -fmodules-prune-interval\=86400 -Xcc -fmodules-prune-after\=345600 -package-name swiftuigamepad -emit-const-values -const-gather-protocols-list /Users/admin/builder/spi-builder-workspace/.derivedData/Build/Intermediates.noindex/SwiftUIGamepad.build/Debug-watchos/SwiftUIGamepad-t.build/Objects-normal/arm64_32/SwiftUIGamepad_const_extract_protocols.json -Xcc -I/Users/admin/builder/spi-builder-workspace/.derivedData/Build/Products/Debug-watchos/include -Xcc -I/Users/admin/builder/spi-builder-workspace/.derivedData/Build/Intermediates.noindex/SwiftUIGamepad.build/Debug-watchos/SwiftUIGamepad-t.build/DerivedSources-normal/arm64_32 -Xcc -I/Users/admin/builder/spi-builder-workspace/.derivedData/Build/Intermediates.noindex/SwiftUIGamepad.build/Debug-watchos/SwiftUIGamepad-t.build/DerivedSources/arm64_32 -Xcc -I/Users/admin/builder/spi-builder-workspace/.derivedData/Build/Intermediates.noindex/SwiftUIGamepad.build/Debug-watchos/SwiftUIGamepad-t.build/DerivedSources -Xcc -DSWIFT_PACKAGE -Xcc -DDEBUG\=1 -emit-objc-header -emit-objc-header-path /Users/admin/builder/spi-builder-workspace/.derivedData/Build/Intermediates.noindex/SwiftUIGamepad.build/Debug-watchos/SwiftUIGamepad-t.build/Objects-normal/arm64_32/SwiftUIGamepad-Swift.h -working-directory /Users/admin/builder/spi-builder-workspace/.swiftpm/xcode -experimental-emit-module-separately -disable-cmo
error: Clang dependency scanning failure:  (in target 'SwiftUIGamepad' from project 'SwiftUIGamepad')
/Users/admin/builder/spi-builder-workspace/.dependencies/checkouts/SwiftUIGamepad/Sources/SwiftUIGamepad/DataModles/GamepadEventHandlers.swift:10:8: error: Unable to resolve module dependency: 'GameController' (in target 'SwiftUIGamepad' from project 'SwiftUIGamepad')
    note: A dependency of main module 'SwiftUIGamepad'
    /Users/admin/builder/spi-builder-workspace/.dependencies/checkouts/SwiftUIGamepad/Sources/SwiftUIGamepad/DataModles/GamepadInfo.swift:10:8: note: Also imported here
    /Users/admin/builder/spi-builder-workspace/.dependencies/checkouts/SwiftUIGamepad/Sources/SwiftUIGamepad/DataModles/GamepadManager.swift:10:8: note: Also imported here
    /Users/admin/builder/spi-builder-workspace/.dependencies/checkouts/SwiftUIGamepad/Sources/SwiftUIGamepad/Enumerations/GamepadMovementDirection.swift:10:8: note: Also imported here
    /Users/admin/builder/spi-builder-workspace/.dependencies/checkouts/SwiftUIGamepad/Sources/SwiftUIGamepad/Extensions/ViewGamepadExtensions.swift:13:8: note: Also imported here
    /Users/admin/builder/spi-builder-workspace/.dependencies/checkouts/SwiftUIGamepad/Sources/SwiftUIGamepad/Gamepads/GamepadInteractionController.swift:11:8: note: Also imported here
/Users/admin/builder/spi-builder-workspace/.dependencies/checkouts/SwiftUIGamepad/Sources/SwiftUIGamepad/DataModles/GamepadEventHandlers.swift:10:8: note: A dependency of main module 'SwiftUIGamepad'
import GameController
       ^ (in target 'SwiftUIGamepad' from project 'SwiftUIGamepad')
/Users/admin/builder/spi-builder-workspace/.dependencies/checkouts/SwiftUIGamepad/Sources/SwiftUIGamepad/DataModles/GamepadInfo.swift:10:8: note: Also imported here
import GameController
       ^ (in target 'SwiftUIGamepad' from project 'SwiftUIGamepad')
/Users/admin/builder/spi-builder-workspace/.dependencies/checkouts/SwiftUIGamepad/Sources/SwiftUIGamepad/DataModles/GamepadManager.swift:10:8: note: Also imported here
import GameController
       ^ (in target 'SwiftUIGamepad' from project 'SwiftUIGamepad')
/Users/admin/builder/spi-builder-workspace/.dependencies/checkouts/SwiftUIGamepad/Sources/SwiftUIGamepad/Enumerations/GamepadMovementDirection.swift:10:8: note: Also imported here
import GameController
       ^ (in target 'SwiftUIGamepad' from project 'SwiftUIGamepad')
/Users/admin/builder/spi-builder-workspace/.dependencies/checkouts/SwiftUIGamepad/Sources/SwiftUIGamepad/Extensions/ViewGamepadExtensions.swift:13:8: note: Also imported here
import GameController
       ^ (in target 'SwiftUIGamepad' from project 'SwiftUIGamepad')
/Users/admin/builder/spi-builder-workspace/.dependencies/checkouts/SwiftUIGamepad/Sources/SwiftUIGamepad/Gamepads/GamepadInteractionController.swift:11:8: note: Also imported here
import GameController
       ^ (in target 'SwiftUIGamepad' from project 'SwiftUIGamepad')
SwiftDriver GraceLanguage normal arm64_32 com.apple.xcode.tools.swift.compiler (in target 'GraceLanguage' from project 'GraceLanguage')
    cd /Users/admin/builder/spi-builder-workspace/.swiftpm/xcode
    builtin-SwiftDriver -- /Applications/Xcode-27.0.0-Release.Candidate.app/Contents/Developer/Toolchains/XcodeDefault.xctoolchain/usr/bin/swiftc -parse-as-library -module-name GraceLanguage -Onone @/Users/admin/builder/spi-builder-workspace/.derivedData/Build/Intermediates.noindex/GraceLanguage.build/Debug-watchos/GraceLanguage-t.build/Objects-normal/arm64_32/GraceLanguage.SwiftFileList -DSWIFT_PACKAGE -DDEBUG -DSWIFT_MODULE_RESOURCE_BUNDLE_AVAILABLE -DXcode -plugin-path /Applications/Xcode-27.0.0-Release.Candidate.app/Contents/Developer/Toolchains/XcodeDefault.xctoolchain/usr/lib/swift/host/plugins/testing -enable-experimental-feature DebugDescriptionMacro -sdk /Applications/Xcode-27.0.0-Release.Candidate.app/Contents/Developer/Platforms/WatchOS.platform/Developer/SDKs/WatchOS27.0.sdk -target arm64_32-apple-watchos26.0 -g -module-cache-path /Users/admin/builder/spi-builder-workspace/.derivedData/ModuleCache.noindex -Xfrontend -serialize-debugging-options -profile-coverage-mapping -profile-generate -enable-testing -suppress-warnings -index-store-path /Users/admin/builder/spi-builder-workspace/.derivedData/Index.noindex/DataStore -Xcc -D_LIBCPP_HARDENING_MODE\=_LIBCPP_HARDENING_MODE_DEBUG -swift-version 6 -I /Users/admin/builder/spi-builder-workspace/.derivedData/Build/Products/Debug-watchos -Isystem /Applications/Xcode-27.0.0-Release.Candidate.app/Contents/Developer/Platforms/WatchOS.platform/Developer/usr/lib -F /Users/admin/builder/spi-builder-workspace/.derivedData/Build/Products/Debug-watchos/PackageFrameworks -F /Users/admin/builder/spi-builder-workspace/.derivedData/Build/Products/Debug-watchos -F /Applications/Xcode-27.0.0-Release.Candidate.app/Contents/Developer/Platforms/WatchOS.platform/Developer/Library/Frameworks -F /Applications/Xcode-27.0.0-Release.Candidate.app/Contents/Developer/Platforms/WatchOS.platform/Developer/SDKs/WatchOS27.0.sdk/Developer/Library/Frameworks -c -j10 -enable-batch-mode -incremental -Xcc -ivfsstatcache -Xcc /Users/admin/builder/spi-builder-workspace/.derivedData/SDKStatCaches.noindex/watchos27.0-24R360-e829b21a6f8c9b70876ba0858053c04477534ef55a1706bf4c1112bbb242f0a2.sdkstatcache -output-file-map /Users/admin/builder/spi-builder-workspace/.derivedData/Build/Intermediates.noindex/GraceLanguage.build/Debug-watchos/GraceLanguage-t.build/Objects-normal/arm64_32/GraceLanguage-OutputFileMap.json -save-temps -no-color-diagnostics -explicit-module-build -module-cache-path /Users/admin/builder/spi-builder-workspace/.derivedData/Build/Intermediates.noindex/SwiftExplicitPrecompiledModules -clang-scanner-module-cache-path /Users/admin/builder/spi-builder-workspace/.derivedData/ModuleCache.noindex -sdk-module-cache-path /Users/admin/builder/spi-builder-workspace/.derivedData/SDKExplicitPrecompiledModules -emit-dependencies -emit-module -emit-module-path /Users/admin/builder/spi-builder-workspace/.derivedData/Build/Intermediates.noindex/GraceLanguage.build/Debug-watchos/GraceLanguage-t.build/Objects-normal/arm64_32/GraceLanguage.swiftmodule -serialize-diagnostics -dependency-scan-serialize-diagnostics-path /Users/admin/builder/spi-builder-workspace/.derivedData/Build/Intermediates.noindex/GraceLanguage.build/Debug-watchos/GraceLanguage-t.build/Objects-normal/arm64_32/GraceLanguage-dependency-scan.dia -user-module-version 2.1.1 -validate-clang-modules-once -clang-build-session-file /Users/admin/builder/spi-builder-workspace/.derivedData/ModuleCache.noindex/Session.modulevalidation -Xcc -fmodules-prune-interval\=86400 -Xcc -fmodules-prune-after\=345600 -package-name gracelanguage -emit-const-values -const-gather-protocols-list /Users/admin/builder/spi-builder-workspace/.derivedData/Build/Intermediates.noindex/GraceLanguage.build/Debug-watchos/GraceLanguage-t.build/Objects-normal/arm64_32/GraceLanguage_const_extract_protocols.json -Xcc -I/Users/admin/builder/spi-builder-workspace/.derivedData/Build/Products/Debug-watchos/include -Xcc -I/Users/admin/builder/spi-builder-workspace/.derivedData/Build/Intermediates.noindex/GraceLanguage.build/Debug-watchos/GraceLanguage-t.build/DerivedSources-normal/arm64_32 -Xcc -I/Users/admin/builder/spi-builder-workspace/.derivedData/Build/Intermediates.noindex/GraceLanguage.build/Debug-watchos/GraceLanguage-t.build/DerivedSources/arm64_32 -Xcc -I/Users/admin/builder/spi-builder-workspace/.derivedData/Build/Intermediates.noindex/GraceLanguage.build/Debug-watchos/GraceLanguage-t.build/DerivedSources -Xcc -DSWIFT_PACKAGE -Xcc -DDEBUG\=1 -emit-objc-header -emit-objc-header-path /Users/admin/builder/spi-builder-workspace/.derivedData/Build/Intermediates.noindex/GraceLanguage.build/Debug-watchos/GraceLanguage-t.build/Objects-normal/arm64_32/GraceLanguage-Swift.h -working-directory /Users/admin/builder/spi-builder-workspace/.swiftpm/xcode -experimental-emit-module-separately -disable-cmo
SwiftDriver SwiftUIGamepad normal arm64 com.apple.xcode.tools.swift.compiler (in target 'SwiftUIGamepad' from project 'SwiftUIGamepad')
    cd /Users/admin/builder/spi-builder-workspace/.swiftpm/xcode
    builtin-SwiftDriver -- /Applications/Xcode-27.0.0-Release.Candidate.app/Contents/Developer/Toolchains/XcodeDefault.xctoolchain/usr/bin/swiftc -parse-as-library -module-name SwiftUIGamepad -Onone @/Users/admin/builder/spi-builder-workspace/.derivedData/Build/Intermediates.noindex/SwiftUIGamepad.build/Debug-watchos/SwiftUIGamepad-t.build/Objects-normal/arm64/SwiftUIGamepad.SwiftFileList -DSWIFT_PACKAGE -DDEBUG -DSWIFT_MODULE_RESOURCE_BUNDLE_AVAILABLE -DXcode -plugin-path /Applications/Xcode-27.0.0-Release.Candidate.app/Contents/Developer/Toolchains/XcodeDefault.xctoolchain/usr/lib/swift/host/plugins/testing -enable-experimental-feature DebugDescriptionMacro -sdk /Applications/Xcode-27.0.0-Release.Candidate.app/Contents/Developer/Platforms/WatchOS.platform/Developer/SDKs/WatchOS27.0.sdk -target arm64-apple-watchos26.0 -g -module-cache-path /Users/admin/builder/spi-builder-workspace/.derivedData/ModuleCache.noindex -Xfrontend -serialize-debugging-options -profile-coverage-mapping -profile-generate -enable-testing -suppress-warnings -index-store-path /Users/admin/builder/spi-builder-workspace/.derivedData/Index.noindex/DataStore -Xcc -D_LIBCPP_HARDENING_MODE\=_LIBCPP_HARDENING_MODE_DEBUG -swift-version 6 -I /Users/admin/builder/spi-builder-workspace/.derivedData/Build/Products/Debug-watchos -Isystem /Applications/Xcode-27.0.0-Release.Candidate.app/Contents/Developer/Platforms/WatchOS.platform/Developer/usr/lib -F /Users/admin/builder/spi-builder-workspace/.derivedData/Build/Products/Debug-watchos/PackageFrameworks -F /Users/admin/builder/spi-builder-workspace/.derivedData/Build/Products/Debug-watchos -F /Applications/Xcode-27.0.0-Release.Candidate.app/Contents/Developer/Platforms/WatchOS.platform/Developer/Library/Frameworks -F /Applications/Xcode-27.0.0-Release.Candidate.app/Contents/Developer/Platforms/WatchOS.platform/Developer/SDKs/WatchOS27.0.sdk/Developer/Library/Frameworks -c -j10 -enable-batch-mode -incremental -Xcc -ivfsstatcache -Xcc /Users/admin/builder/spi-builder-workspace/.derivedData/SDKStatCaches.noindex/watchos27.0-24R360-e829b21a6f8c9b70876ba0858053c04477534ef55a1706bf4c1112bbb242f0a2.sdkstatcache -output-file-map /Users/admin/builder/spi-builder-workspace/.derivedData/Build/Intermediates.noindex/SwiftUIGamepad.build/Debug-watchos/SwiftUIGamepad-t.build/Objects-normal/arm64/SwiftUIGamepad-OutputFileMap.json -save-temps -no-color-diagnostics -explicit-module-build -module-cache-path /Users/admin/builder/spi-builder-workspace/.derivedData/Build/Intermediates.noindex/SwiftExplicitPrecompiledModules -clang-scanner-module-cache-path /Users/admin/builder/spi-builder-workspace/.derivedData/ModuleCache.noindex -sdk-module-cache-path /Users/admin/builder/spi-builder-workspace/.derivedData/SDKExplicitPrecompiledModules -emit-dependencies -emit-module -emit-module-path /Users/admin/builder/spi-builder-workspace/.derivedData/Build/Intermediates.noindex/SwiftUIGamepad.build/Debug-watchos/SwiftUIGamepad-t.build/Objects-normal/arm64/SwiftUIGamepad.swiftmodule -serialize-diagnostics -dependency-scan-serialize-diagnostics-path /Users/admin/builder/spi-builder-workspace/.derivedData/Build/Intermediates.noindex/SwiftUIGamepad.build/Debug-watchos/SwiftUIGamepad-t.build/Objects-normal/arm64/SwiftUIGamepad-dependency-scan.dia -user-module-version 2.1.0 -validate-clang-modules-once -clang-build-session-file /Users/admin/builder/spi-builder-workspace/.derivedData/ModuleCache.noindex/Session.modulevalidation -Xcc -fmodules-prune-interval\=86400 -Xcc -fmodules-prune-after\=345600 -package-name swiftuigamepad -emit-const-values -const-gather-protocols-list /Users/admin/builder/spi-builder-workspace/.derivedData/Build/Intermediates.noindex/SwiftUIGamepad.build/Debug-watchos/SwiftUIGamepad-t.build/Objects-normal/arm64/SwiftUIGamepad_const_extract_protocols.json -Xcc -I/Users/admin/builder/spi-builder-workspace/.derivedData/Build/Products/Debug-watchos/include -Xcc -I/Users/admin/builder/spi-builder-workspace/.derivedData/Build/Intermediates.noindex/SwiftUIGamepad.build/Debug-watchos/SwiftUIGamepad-t.build/DerivedSources-normal/arm64 -Xcc -I/Users/admin/builder/spi-builder-workspace/.derivedData/Build/Intermediates.noindex/SwiftUIGamepad.build/Debug-watchos/SwiftUIGamepad-t.build/DerivedSources/arm64 -Xcc -I/Users/admin/builder/spi-builder-workspace/.derivedData/Build/Intermediates.noindex/SwiftUIGamepad.build/Debug-watchos/SwiftUIGamepad-t.build/DerivedSources -Xcc -DSWIFT_PACKAGE -Xcc -DDEBUG\=1 -emit-objc-header -emit-objc-header-path /Users/admin/builder/spi-builder-workspace/.derivedData/Build/Intermediates.noindex/SwiftUIGamepad.build/Debug-watchos/SwiftUIGamepad-t.build/Objects-normal/arm64/SwiftUIGamepad-Swift.h -working-directory /Users/admin/builder/spi-builder-workspace/.swiftpm/xcode -experimental-emit-module-separately -disable-cmo
error: Clang dependency scanning failure:  (in target 'SwiftUIGamepad' from project 'SwiftUIGamepad')
/Users/admin/builder/spi-builder-workspace/.dependencies/checkouts/SwiftUIGamepad/Sources/SwiftUIGamepad/DataModles/GamepadEventHandlers.swift:10:8: error: Unable to resolve module dependency: 'GameController' (in target 'SwiftUIGamepad' from project 'SwiftUIGamepad')
    note: A dependency of main module 'SwiftUIGamepad'
    /Users/admin/builder/spi-builder-workspace/.dependencies/checkouts/SwiftUIGamepad/Sources/SwiftUIGamepad/DataModles/GamepadInfo.swift:10:8: note: Also imported here
    /Users/admin/builder/spi-builder-workspace/.dependencies/checkouts/SwiftUIGamepad/Sources/SwiftUIGamepad/DataModles/GamepadManager.swift:10:8: note: Also imported here
    /Users/admin/builder/spi-builder-workspace/.dependencies/checkouts/SwiftUIGamepad/Sources/SwiftUIGamepad/Enumerations/GamepadMovementDirection.swift:10:8: note: Also imported here
    /Users/admin/builder/spi-builder-workspace/.dependencies/checkouts/SwiftUIGamepad/Sources/SwiftUIGamepad/Extensions/ViewGamepadExtensions.swift:13:8: note: Also imported here
    /Users/admin/builder/spi-builder-workspace/.dependencies/checkouts/SwiftUIGamepad/Sources/SwiftUIGamepad/Gamepads/GamepadInteractionController.swift:11:8: note: Also imported here
/Users/admin/builder/spi-builder-workspace/.dependencies/checkouts/SwiftUIGamepad/Sources/SwiftUIGamepad/DataModles/GamepadEventHandlers.swift:10:8: note: A dependency of main module 'SwiftUIGamepad'
import GameController
       ^ (in target 'SwiftUIGamepad' from project 'SwiftUIGamepad')
/Users/admin/builder/spi-builder-workspace/.dependencies/checkouts/SwiftUIGamepad/Sources/SwiftUIGamepad/DataModles/GamepadInfo.swift:10:8: note: Also imported here
import GameController
       ^ (in target 'SwiftUIGamepad' from project 'SwiftUIGamepad')
/Users/admin/builder/spi-builder-workspace/.dependencies/checkouts/SwiftUIGamepad/Sources/SwiftUIGamepad/DataModles/GamepadManager.swift:10:8: note: Also imported here
import GameController
       ^ (in target 'SwiftUIGamepad' from project 'SwiftUIGamepad')
/Users/admin/builder/spi-builder-workspace/.dependencies/checkouts/SwiftUIGamepad/Sources/SwiftUIGamepad/Enumerations/GamepadMovementDirection.swift:10:8: note: Also imported here
import GameController
       ^ (in target 'SwiftUIGamepad' from project 'SwiftUIGamepad')
/Users/admin/builder/spi-builder-workspace/.dependencies/checkouts/SwiftUIGamepad/Sources/SwiftUIGamepad/Extensions/ViewGamepadExtensions.swift:13:8: note: Also imported here
import GameController
       ^ (in target 'SwiftUIGamepad' from project 'SwiftUIGamepad')
/Users/admin/builder/spi-builder-workspace/.dependencies/checkouts/SwiftUIGamepad/Sources/SwiftUIGamepad/Gamepads/GamepadInteractionController.swift:11:8: note: Also imported here
import GameController
       ^ (in target 'SwiftUIGamepad' from project 'SwiftUIGamepad')
PruneExplicitPrecompiledModules /Users/admin/builder/spi-builder-workspace/.derivedData/Build/Intermediates.noindex/ExplicitPrecompiledModules
PruneExplicitPrecompiledModules /Users/admin/builder/spi-builder-workspace/.derivedData/Build/Intermediates.noindex/SwiftExplicitPrecompiledModules
PruneExplicitPrecompiledModules /Users/admin/builder/spi-builder-workspace/.derivedData/SDKExplicitPrecompiledModules
2026-09-27 11:33:29.940 xcodebuild[1278:7626] [MT] IDERunDestination: Supported platforms for the buildables in the current scheme is empty.
** BUILD FAILED **
The following build commands failed:
	SwiftDriver SwiftUIGamepad normal arm64_32 com.apple.xcode.tools.swift.compiler (in target 'SwiftUIGamepad' from project 'SwiftUIGamepad')
	SwiftDriver SwiftUIGamepad normal arm64 com.apple.xcode.tools.swift.compiler (in target 'SwiftUIGamepad' from project 'SwiftUIGamepad')
	Building workspace ODRManager with scheme ODRManager
(3 failures)
BUILD FAILURE 6.4 watchOS