Build Information
Failed to build Empire, reference main (b3bc06), with Swift 6.4 for watchOS using Xcode 27.0 on 23 Sep 2026 21:49:47 UTC.
Build Command
env DEVELOPER_DIR=/Applications/Xcode-27.0.0-Release.Candidate.app xcrun xcodebuild -IDEClonedSourcePackagesDirPathOverride=$PWD/.dependencies -skipMacroValidation -skipPackagePluginValidation -derivedDataPath $PWD/.derivedData build -scheme Empire-Package -destination generic/platform=watchOSBuild Log
Target 'LMDB-product' in project 'Empire'
➜ Explicit dependency on target 'LMDB' in project 'Empire'
➜ Explicit dependency on target 'CLMDB' in project 'Empire'
Target 'Empire-product' in project 'Empire'
➜ Explicit dependency on target 'Empire' in project 'Empire'
➜ Explicit dependency on target 'CLMDB' in project 'Empire'
➜ Explicit dependency on target 'LMDB' in project 'Empire'
➜ Explicit dependency on target 'EmpireMacros' in project 'Empire'
➜ Explicit dependency on target 'PackedSerialize' in project 'Empire'
Target 'Empire' in project 'Empire'
➜ Explicit dependency on target 'CLMDB' in project 'Empire'
➜ Explicit dependency on target 'LMDB' in project 'Empire'
➜ Explicit dependency on target 'EmpireMacros' in project 'Empire'
➜ Explicit dependency on target 'PackedSerialize' in project 'Empire'
Target 'PackedSerialize' in project 'Empire' (no dependencies)
Target 'EmpireMacros' in project 'Empire' (no dependencies)
Target 'LMDB' in project 'Empire'
➜ Explicit dependency on target 'CLMDB' in project 'Empire'
Target 'CLMDB' in project 'Empire' (no dependencies)
GatherProvisioningInputs
CreateBuildDescription
ExecuteExternalTool /Applications/Xcode-27.0.0-Release.Candidate.app/Contents/Developer/Toolchains/XcodeDefault.xctoolchain/usr/bin/clang -v -E -dM -arch arm64 -isysroot /Applications/Xcode-27.0.0-Release.Candidate.app/Contents/Developer/Platforms/WatchOS.platform/Developer/SDKs/WatchOS27.0.sdk -x c -c /dev/null
ExecuteExternalTool /Applications/Xcode-27.0.0-Release.Candidate.app/Contents/Developer/Toolchains/XcodeDefault.xctoolchain/usr/bin/swiftc --version
ExecuteExternalTool /Applications/Xcode-27.0.0-Release.Candidate.app/Contents/Developer/Toolchains/XcodeDefault.xctoolchain/usr/bin/clang -v -E -dM -isysroot /Applications/Xcode-27.0.0-Release.Candidate.app/Contents/Developer/Platforms/WatchOS.platform/Developer/SDKs/WatchOS27.0.sdk -x c -c /dev/null
ExecuteExternalTool /Applications/Xcode-27.0.0-Release.Candidate.app/Contents/Developer/Toolchains/XcodeDefault.xctoolchain/usr/bin/clang -v -E -dM -isysroot /Applications/Xcode-27.0.0-Release.Candidate.app/Contents/Developer/Platforms/MacOSX.platform/Developer/SDKs/MacOSX27.0.sdk -x c -c /dev/null
ExecuteExternalTool /Applications/Xcode-27.0.0-Release.Candidate.app/Contents/Developer/Toolchains/XcodeDefault.xctoolchain/usr/bin/ld -version_details
ExecuteExternalTool /Applications/Xcode-27.0.0-Release.Candidate.app/Contents/Developer/Toolchains/XcodeDefault.xctoolchain/usr/bin/clang -v -E -dM -arch arm64_32 -isysroot /Applications/Xcode-27.0.0-Release.Candidate.app/Contents/Developer/Platforms/WatchOS.platform/Developer/SDKs/WatchOS27.0.sdk -x c -c /dev/null
ReadFileContents /Applications/Xcode-27.0.0-Release.Candidate.app/Contents/Developer/Toolchains/XcodeDefault.xctoolchain/usr/share/docc/features.json
Build description signature: 2019cd5979ece0ca0ce1ac3c19cf4334
Build description path: /Users/admin/builder/spi-builder-workspace/.derivedData/Build/Intermediates.noindex/XCBuildData/2019cd5979ece0ca0ce1ac3c19cf4334.xcbuilddata
CreateBuildDirectory /Users/admin/builder/spi-builder-workspace/.derivedData/SDKExplicitPrecompiledModules
cd /Users/admin/builder/spi-builder-workspace/.swiftpm/xcode
builtin-create-build-directory /Users/admin/builder/spi-builder-workspace/.derivedData/SDKExplicitPrecompiledModules
CreateBuildDirectory /Users/admin/builder/spi-builder-workspace/.derivedData/ModuleCache.noindex
cd /Users/admin/builder/spi-builder-workspace/.swiftpm/xcode
builtin-create-build-directory /Users/admin/builder/spi-builder-workspace/.derivedData/ModuleCache.noindex
CreateBuildDirectory /Users/admin/builder/spi-builder-workspace/.derivedData/CompilationCache.noindex
cd /Users/admin/builder/spi-builder-workspace/.swiftpm/xcode
builtin-create-build-directory /Users/admin/builder/spi-builder-workspace/.derivedData/CompilationCache.noindex
CreateBuildDirectory /Users/admin/builder/spi-builder-workspace/.derivedData/Build/Products
cd /Users/admin/builder/spi-builder-workspace/.swiftpm/xcode
builtin-create-build-directory /Users/admin/builder/spi-builder-workspace/.derivedData/Build/Products
ClangStatCache /Applications/Xcode-27.0.0-Release.Candidate.app/Contents/Developer/Toolchains/XcodeDefault.xctoolchain/usr/bin/clang-stat-cache /Applications/Xcode-27.0.0-Release.Candidate.app/Contents/Developer/Platforms/MacOSX.platform/Developer/SDKs/MacOSX27.0.sdk /Users/admin/builder/spi-builder-workspace/.derivedData/SDKStatCaches.noindex/macosx27.0-26A425-e829b21a6f8c9b70876ba0858053c0446a22442a12e9d48fe1a705f55a1adfc4.sdkstatcache
cd /Users/admin/builder/spi-builder-workspace/.swiftpm/xcode
/Applications/Xcode-27.0.0-Release.Candidate.app/Contents/Developer/Toolchains/XcodeDefault.xctoolchain/usr/bin/clang-stat-cache /Applications/Xcode-27.0.0-Release.Candidate.app/Contents/Developer/Platforms/MacOSX.platform/Developer/SDKs/MacOSX27.0.sdk -o /Users/admin/builder/spi-builder-workspace/.derivedData/SDKStatCaches.noindex/macosx27.0-26A425-e829b21a6f8c9b70876ba0858053c0446a22442a12e9d48fe1a705f55a1adfc4.sdkstatcache
ClangStatCache /Applications/Xcode-27.0.0-Release.Candidate.app/Contents/Developer/Toolchains/XcodeDefault.xctoolchain/usr/bin/clang-stat-cache /Applications/Xcode-27.0.0-Release.Candidate.app/Contents/Developer/Platforms/WatchOS.platform/Developer/SDKs/WatchOS27.0.sdk /Users/admin/builder/spi-builder-workspace/.derivedData/SDKStatCaches.noindex/watchos27.0-24R360-e829b21a6f8c9b70876ba0858053c04477534ef55a1706bf4c1112bbb242f0a2.sdkstatcache
cd /Users/admin/builder/spi-builder-workspace/.swiftpm/xcode
/Applications/Xcode-27.0.0-Release.Candidate.app/Contents/Developer/Toolchains/XcodeDefault.xctoolchain/usr/bin/clang-stat-cache /Applications/Xcode-27.0.0-Release.Candidate.app/Contents/Developer/Platforms/WatchOS.platform/Developer/SDKs/WatchOS27.0.sdk -o /Users/admin/builder/spi-builder-workspace/.derivedData/SDKStatCaches.noindex/watchos27.0-24R360-e829b21a6f8c9b70876ba0858053c04477534ef55a1706bf4c1112bbb242f0a2.sdkstatcache
CreateBuildDirectory /Users/admin/builder/spi-builder-workspace/.derivedData/Build/Intermediates.noindex
cd /Users/admin/builder/spi-builder-workspace/.swiftpm/xcode
builtin-create-build-directory /Users/admin/builder/spi-builder-workspace/.derivedData/Build/Intermediates.noindex
CreateBuildDirectory /Users/admin/builder/spi-builder-workspace/.derivedData/Build/Intermediates.noindex/SwiftExplicitPrecompiledModules
cd /Users/admin/builder/spi-builder-workspace/.swiftpm/xcode
builtin-create-build-directory /Users/admin/builder/spi-builder-workspace/.derivedData/Build/Intermediates.noindex/SwiftExplicitPrecompiledModules
CreateBuildDirectory /Users/admin/builder/spi-builder-workspace/.derivedData/Build/Intermediates.noindex/PrecompiledHeaders
cd /Users/admin/builder/spi-builder-workspace/.swiftpm/xcode
builtin-create-build-directory /Users/admin/builder/spi-builder-workspace/.derivedData/Build/Intermediates.noindex/PrecompiledHeaders
CreateBuildDirectory /Users/admin/builder/spi-builder-workspace/.derivedData/Build/Intermediates.noindex/ExplicitPrecompiledModules
cd /Users/admin/builder/spi-builder-workspace/.swiftpm/xcode
builtin-create-build-directory /Users/admin/builder/spi-builder-workspace/.derivedData/Build/Intermediates.noindex/ExplicitPrecompiledModules
CreateBuildDirectory /Users/admin/builder/spi-builder-workspace/.derivedData/Build/Intermediates.noindex/EagerLinkingTBDs/Debug
cd /Users/admin/builder/spi-builder-workspace/.swiftpm/xcode
builtin-create-build-directory /Users/admin/builder/spi-builder-workspace/.derivedData/Build/Intermediates.noindex/EagerLinkingTBDs/Debug
CreateBuildDirectory /Users/admin/builder/spi-builder-workspace/.derivedData/Build/Intermediates.noindex/EagerLinkingTBDs/Debug-watchos
cd /Users/admin/builder/spi-builder-workspace/.swiftpm/xcode
builtin-create-build-directory /Users/admin/builder/spi-builder-workspace/.derivedData/Build/Intermediates.noindex/EagerLinkingTBDs/Debug-watchos
CreateBuildDirectory /Users/admin/builder/spi-builder-workspace/.derivedData/Build/Products/Debug-watchos
cd /Users/admin/builder/spi-builder-workspace/.swiftpm/xcode
builtin-create-build-directory /Users/admin/builder/spi-builder-workspace/.derivedData/Build/Products/Debug-watchos
CreateBuildDirectory /Users/admin/builder/spi-builder-workspace/.derivedData/Build/Products/Debug
cd /Users/admin/builder/spi-builder-workspace/.swiftpm/xcode
builtin-create-build-directory /Users/admin/builder/spi-builder-workspace/.derivedData/Build/Products/Debug
CreateBuildDirectory /Users/admin/builder/spi-builder-workspace/.derivedData/Build/Products/Debug/PackageFrameworks
cd /Users/admin/builder/spi-builder-workspace/.swiftpm/xcode
builtin-create-build-directory /Users/admin/builder/spi-builder-workspace/.derivedData/Build/Products/Debug/PackageFrameworks
WriteAuxiliaryFile /Users/admin/builder/spi-builder-workspace/.derivedData/Build/Intermediates.noindex/Empire.build/Debug-watchos/PackedSerialize-t.build/PackedSerialize.DependencyMetadataFileList (in target 'PackedSerialize' from project 'Empire')
cd /Users/admin/builder/spi-builder-workspace
write-file /Users/admin/builder/spi-builder-workspace/.derivedData/Build/Intermediates.noindex/Empire.build/Debug-watchos/PackedSerialize-t.build/PackedSerialize.DependencyMetadataFileList
WriteAuxiliaryFile /Users/admin/builder/spi-builder-workspace/.derivedData/Build/Intermediates.noindex/Empire.build/Debug-watchos/PackedSerialize-t.build/PackedSerialize.DependencyStaticMetadataFileList (in target 'PackedSerialize' from project 'Empire')
cd /Users/admin/builder/spi-builder-workspace
write-file /Users/admin/builder/spi-builder-workspace/.derivedData/Build/Intermediates.noindex/Empire.build/Debug-watchos/PackedSerialize-t.build/PackedSerialize.DependencyStaticMetadataFileList
WriteAuxiliaryFile /Users/admin/builder/spi-builder-workspace/.derivedData/Build/Intermediates.noindex/Empire.build/Debug-watchos/PackedSerialize-t.build/PackedSerialize.modulemap (in target 'PackedSerialize' from project 'Empire')
cd /Users/admin/builder/spi-builder-workspace
write-file /Users/admin/builder/spi-builder-workspace/.derivedData/Build/Intermediates.noindex/Empire.build/Debug-watchos/PackedSerialize-t.build/PackedSerialize.modulemap
WriteAuxiliaryFile /Users/admin/builder/spi-builder-workspace/.derivedData/Build/Intermediates.noindex/Empire.build/Debug-watchos/PackedSerialize-t.build/Objects-normal/arm64_32/PackedSerialize_const_extract_protocols.json (in target 'PackedSerialize' from project 'Empire')
cd /Users/admin/builder/spi-builder-workspace
write-file /Users/admin/builder/spi-builder-workspace/.derivedData/Build/Intermediates.noindex/Empire.build/Debug-watchos/PackedSerialize-t.build/Objects-normal/arm64_32/PackedSerialize_const_extract_protocols.json
WriteAuxiliaryFile /Users/admin/builder/spi-builder-workspace/.derivedData/Build/Intermediates.noindex/Empire.build/Debug-watchos/PackedSerialize-t.build/Objects-normal/arm64_32/PackedSerialize.SwiftFileList (in target 'PackedSerialize' from project 'Empire')
cd /Users/admin/builder/spi-builder-workspace
write-file /Users/admin/builder/spi-builder-workspace/.derivedData/Build/Intermediates.noindex/Empire.build/Debug-watchos/PackedSerialize-t.build/Objects-normal/arm64_32/PackedSerialize.SwiftFileList
WriteAuxiliaryFile /Users/admin/builder/spi-builder-workspace/.derivedData/Build/Intermediates.noindex/Empire.build/Debug-watchos/PackedSerialize-t.build/Objects-normal/arm64_32/PackedSerialize.SwiftConstValuesFileList (in target 'PackedSerialize' from project 'Empire')
cd /Users/admin/builder/spi-builder-workspace
write-file /Users/admin/builder/spi-builder-workspace/.derivedData/Build/Intermediates.noindex/Empire.build/Debug-watchos/PackedSerialize-t.build/Objects-normal/arm64_32/PackedSerialize.SwiftConstValuesFileList
WriteAuxiliaryFile /Users/admin/builder/spi-builder-workspace/.derivedData/Build/Intermediates.noindex/Empire.build/Debug/EmpireMacros-t.build/Objects-normal/arm64/EmpireMacros_const_extract_protocols.json (in target 'EmpireMacros' from project 'Empire')
cd /Users/admin/builder/spi-builder-workspace
write-file /Users/admin/builder/spi-builder-workspace/.derivedData/Build/Intermediates.noindex/Empire.build/Debug/EmpireMacros-t.build/Objects-normal/arm64/EmpireMacros_const_extract_protocols.json
WriteAuxiliaryFile /Users/admin/builder/spi-builder-workspace/.derivedData/Build/Intermediates.noindex/Empire.build/Debug/EmpireMacros-t.build/Objects-normal/arm64/EmpireMacros.SwiftFileList (in target 'EmpireMacros' from project 'Empire')
cd /Users/admin/builder/spi-builder-workspace
write-file /Users/admin/builder/spi-builder-workspace/.derivedData/Build/Intermediates.noindex/Empire.build/Debug/EmpireMacros-t.build/Objects-normal/arm64/EmpireMacros.SwiftFileList
WriteAuxiliaryFile /Users/admin/builder/spi-builder-workspace/.derivedData/Build/Intermediates.noindex/Empire.build/Debug-watchos/PackedSerialize-t.build/Objects-normal/arm64_32/PackedSerialize.LinkFileList (in target 'PackedSerialize' from project 'Empire')
cd /Users/admin/builder/spi-builder-workspace
write-file /Users/admin/builder/spi-builder-workspace/.derivedData/Build/Intermediates.noindex/Empire.build/Debug-watchos/PackedSerialize-t.build/Objects-normal/arm64_32/PackedSerialize.LinkFileList
WriteAuxiliaryFile /Users/admin/builder/spi-builder-workspace/.derivedData/Build/Intermediates.noindex/Empire.build/Debug-watchos/PackedSerialize-t.build/Objects-normal/arm64_32/PackedSerialize-OutputFileMap.json (in target 'PackedSerialize' from project 'Empire')
cd /Users/admin/builder/spi-builder-workspace
write-file /Users/admin/builder/spi-builder-workspace/.derivedData/Build/Intermediates.noindex/Empire.build/Debug-watchos/PackedSerialize-t.build/Objects-normal/arm64_32/PackedSerialize-OutputFileMap.json
WriteAuxiliaryFile /Users/admin/builder/spi-builder-workspace/.derivedData/Build/Intermediates.noindex/Empire.build/Debug-watchos/PackedSerialize-t.build/Objects-normal/arm64/PackedSerialize.SwiftFileList (in target 'PackedSerialize' from project 'Empire')
cd /Users/admin/builder/spi-builder-workspace
write-file /Users/admin/builder/spi-builder-workspace/.derivedData/Build/Intermediates.noindex/Empire.build/Debug-watchos/PackedSerialize-t.build/Objects-normal/arm64/PackedSerialize.SwiftFileList
WriteAuxiliaryFile /Users/admin/builder/spi-builder-workspace/.derivedData/Build/Intermediates.noindex/Empire.build/Debug-watchos/PackedSerialize-t.build/Objects-normal/arm64/PackedSerialize_const_extract_protocols.json (in target 'PackedSerialize' from project 'Empire')
cd /Users/admin/builder/spi-builder-workspace
write-file /Users/admin/builder/spi-builder-workspace/.derivedData/Build/Intermediates.noindex/Empire.build/Debug-watchos/PackedSerialize-t.build/Objects-normal/arm64/PackedSerialize_const_extract_protocols.json
WriteAuxiliaryFile /Users/admin/builder/spi-builder-workspace/.derivedData/Build/Intermediates.noindex/Empire.build/Debug-watchos/PackedSerialize-t.build/Objects-normal/arm64/PackedSerialize.SwiftConstValuesFileList (in target 'PackedSerialize' from project 'Empire')
cd /Users/admin/builder/spi-builder-workspace
write-file /Users/admin/builder/spi-builder-workspace/.derivedData/Build/Intermediates.noindex/Empire.build/Debug-watchos/PackedSerialize-t.build/Objects-normal/arm64/PackedSerialize.SwiftConstValuesFileList
WriteAuxiliaryFile /Users/admin/builder/spi-builder-workspace/.derivedData/Build/Intermediates.noindex/Empire.build/Debug-watchos/PackedSerialize-t.build/Objects-normal/arm64/PackedSerialize.LinkFileList (in target 'PackedSerialize' from project 'Empire')
cd /Users/admin/builder/spi-builder-workspace
write-file /Users/admin/builder/spi-builder-workspace/.derivedData/Build/Intermediates.noindex/Empire.build/Debug-watchos/PackedSerialize-t.build/Objects-normal/arm64/PackedSerialize.LinkFileList
WriteAuxiliaryFile /Users/admin/builder/spi-builder-workspace/.derivedData/Build/Intermediates.noindex/Empire.build/Debug-watchos/PackedSerialize-t.build/Objects-normal/arm64/PackedSerialize-OutputFileMap.json (in target 'PackedSerialize' from project 'Empire')
cd /Users/admin/builder/spi-builder-workspace
write-file /Users/admin/builder/spi-builder-workspace/.derivedData/Build/Intermediates.noindex/Empire.build/Debug-watchos/PackedSerialize-t.build/Objects-normal/arm64/PackedSerialize-OutputFileMap.json
Copy /Users/admin/builder/spi-builder-workspace/.derivedData/Build/Intermediates.noindex/GeneratedModuleMaps-watchos/PackedSerialize.modulemap /Users/admin/builder/spi-builder-workspace/.derivedData/Build/Intermediates.noindex/Empire.build/Debug-watchos/PackedSerialize-t.build/PackedSerialize.modulemap (in target 'PackedSerialize' from project 'Empire')
cd /Users/admin/builder/spi-builder-workspace
builtin-copy -exclude .DS_Store -exclude CVS -exclude .svn -exclude .git -exclude .hg -resolve-src-symlinks /Users/admin/builder/spi-builder-workspace/.derivedData/Build/Intermediates.noindex/Empire.build/Debug-watchos/PackedSerialize-t.build/PackedSerialize.modulemap /Users/admin/builder/spi-builder-workspace/.derivedData/Build/Intermediates.noindex/GeneratedModuleMaps-watchos
WriteAuxiliaryFile /Users/admin/builder/spi-builder-workspace/.derivedData/Build/Intermediates.noindex/Empire.build/Debug-watchos/LMDB-t.build/Objects-normal/arm64_32/LMDB_const_extract_protocols.json (in target 'LMDB' from project 'Empire')
cd /Users/admin/builder/spi-builder-workspace
write-file /Users/admin/builder/spi-builder-workspace/.derivedData/Build/Intermediates.noindex/Empire.build/Debug-watchos/LMDB-t.build/Objects-normal/arm64_32/LMDB_const_extract_protocols.json
WriteAuxiliaryFile /Users/admin/builder/spi-builder-workspace/.derivedData/Build/Intermediates.noindex/Empire.build/Debug-watchos/LMDB-t.build/Objects-normal/arm64_32/LMDB.SwiftFileList (in target 'LMDB' from project 'Empire')
cd /Users/admin/builder/spi-builder-workspace
write-file /Users/admin/builder/spi-builder-workspace/.derivedData/Build/Intermediates.noindex/Empire.build/Debug-watchos/LMDB-t.build/Objects-normal/arm64_32/LMDB.SwiftFileList
WriteAuxiliaryFile /Users/admin/builder/spi-builder-workspace/.derivedData/Build/Intermediates.noindex/Empire.build/Debug-watchos/LMDB-t.build/Objects-normal/arm64_32/LMDB.SwiftConstValuesFileList (in target 'LMDB' from project 'Empire')
cd /Users/admin/builder/spi-builder-workspace
write-file /Users/admin/builder/spi-builder-workspace/.derivedData/Build/Intermediates.noindex/Empire.build/Debug-watchos/LMDB-t.build/Objects-normal/arm64_32/LMDB.SwiftConstValuesFileList
WriteAuxiliaryFile /Users/admin/builder/spi-builder-workspace/.derivedData/Build/Intermediates.noindex/Empire.build/Debug-watchos/LMDB-t.build/Objects-normal/arm64_32/LMDB.LinkFileList (in target 'LMDB' from project 'Empire')
cd /Users/admin/builder/spi-builder-workspace
write-file /Users/admin/builder/spi-builder-workspace/.derivedData/Build/Intermediates.noindex/Empire.build/Debug-watchos/LMDB-t.build/Objects-normal/arm64_32/LMDB.LinkFileList
WriteAuxiliaryFile /Users/admin/builder/spi-builder-workspace/.derivedData/Build/Intermediates.noindex/Empire.build/Debug-watchos/LMDB-t.build/Objects-normal/arm64_32/LMDB-OutputFileMap.json (in target 'LMDB' from project 'Empire')
cd /Users/admin/builder/spi-builder-workspace
write-file /Users/admin/builder/spi-builder-workspace/.derivedData/Build/Intermediates.noindex/Empire.build/Debug-watchos/LMDB-t.build/Objects-normal/arm64_32/LMDB-OutputFileMap.json
WriteAuxiliaryFile /Users/admin/builder/spi-builder-workspace/.derivedData/Build/Intermediates.noindex/Empire.build/Debug-watchos/LMDB-t.build/Objects-normal/arm64/LMDB_const_extract_protocols.json (in target 'LMDB' from project 'Empire')
cd /Users/admin/builder/spi-builder-workspace
write-file /Users/admin/builder/spi-builder-workspace/.derivedData/Build/Intermediates.noindex/Empire.build/Debug-watchos/LMDB-t.build/Objects-normal/arm64/LMDB_const_extract_protocols.json
WriteAuxiliaryFile /Users/admin/builder/spi-builder-workspace/.derivedData/Build/Intermediates.noindex/Empire.build/Debug-watchos/LMDB-t.build/Objects-normal/arm64/LMDB.SwiftFileList (in target 'LMDB' from project 'Empire')
cd /Users/admin/builder/spi-builder-workspace
write-file /Users/admin/builder/spi-builder-workspace/.derivedData/Build/Intermediates.noindex/Empire.build/Debug-watchos/LMDB-t.build/Objects-normal/arm64/LMDB.SwiftFileList
WriteAuxiliaryFile /Users/admin/builder/spi-builder-workspace/.derivedData/Build/Intermediates.noindex/Empire.build/Debug-watchos/LMDB-t.build/Objects-normal/arm64/LMDB.SwiftConstValuesFileList (in target 'LMDB' from project 'Empire')
cd /Users/admin/builder/spi-builder-workspace
write-file /Users/admin/builder/spi-builder-workspace/.derivedData/Build/Intermediates.noindex/Empire.build/Debug-watchos/LMDB-t.build/Objects-normal/arm64/LMDB.SwiftConstValuesFileList
WriteAuxiliaryFile /Users/admin/builder/spi-builder-workspace/.derivedData/Build/Intermediates.noindex/Empire.build/Debug-watchos/LMDB-t.build/Objects-normal/arm64/LMDB.LinkFileList (in target 'LMDB' from project 'Empire')
cd /Users/admin/builder/spi-builder-workspace
write-file /Users/admin/builder/spi-builder-workspace/.derivedData/Build/Intermediates.noindex/Empire.build/Debug-watchos/LMDB-t.build/Objects-normal/arm64/LMDB.LinkFileList
WriteAuxiliaryFile /Users/admin/builder/spi-builder-workspace/.derivedData/Build/Intermediates.noindex/Empire.build/Debug-watchos/LMDB-t.build/Objects-normal/arm64/LMDB-OutputFileMap.json (in target 'LMDB' from project 'Empire')
cd /Users/admin/builder/spi-builder-workspace
write-file /Users/admin/builder/spi-builder-workspace/.derivedData/Build/Intermediates.noindex/Empire.build/Debug-watchos/LMDB-t.build/Objects-normal/arm64/LMDB-OutputFileMap.json
WriteAuxiliaryFile /Users/admin/builder/spi-builder-workspace/.derivedData/Build/Intermediates.noindex/Empire.build/Debug-watchos/LMDB-t.build/LMDB.modulemap (in target 'LMDB' from project 'Empire')
cd /Users/admin/builder/spi-builder-workspace
write-file /Users/admin/builder/spi-builder-workspace/.derivedData/Build/Intermediates.noindex/Empire.build/Debug-watchos/LMDB-t.build/LMDB.modulemap
WriteAuxiliaryFile /Users/admin/builder/spi-builder-workspace/.derivedData/Build/Intermediates.noindex/Empire.build/Debug-watchos/LMDB-t.build/LMDB.DependencyStaticMetadataFileList (in target 'LMDB' from project 'Empire')
cd /Users/admin/builder/spi-builder-workspace
write-file /Users/admin/builder/spi-builder-workspace/.derivedData/Build/Intermediates.noindex/Empire.build/Debug-watchos/LMDB-t.build/LMDB.DependencyStaticMetadataFileList
WriteAuxiliaryFile /Users/admin/builder/spi-builder-workspace/.derivedData/Build/Intermediates.noindex/Empire.build/Debug-watchos/LMDB-t.build/LMDB.DependencyMetadataFileList (in target 'LMDB' from project 'Empire')
cd /Users/admin/builder/spi-builder-workspace
write-file /Users/admin/builder/spi-builder-workspace/.derivedData/Build/Intermediates.noindex/Empire.build/Debug-watchos/LMDB-t.build/LMDB.DependencyMetadataFileList
WriteAuxiliaryFile /Users/admin/builder/spi-builder-workspace/.derivedData/Build/Intermediates.noindex/Empire.build/Debug/EmpireMacros-t.build/Objects-normal/arm64/EmpireMacros-OutputFileMap.json (in target 'EmpireMacros' from project 'Empire')
cd /Users/admin/builder/spi-builder-workspace
write-file /Users/admin/builder/spi-builder-workspace/.derivedData/Build/Intermediates.noindex/Empire.build/Debug/EmpireMacros-t.build/Objects-normal/arm64/EmpireMacros-OutputFileMap.json
WriteAuxiliaryFile /Users/admin/builder/spi-builder-workspace/.derivedData/Build/Intermediates.noindex/Empire.build/Debug/EmpireMacros-t.build/Objects-normal/arm64/EmpireMacros.LinkFileList (in target 'EmpireMacros' from project 'Empire')
cd /Users/admin/builder/spi-builder-workspace
write-file /Users/admin/builder/spi-builder-workspace/.derivedData/Build/Intermediates.noindex/Empire.build/Debug/EmpireMacros-t.build/Objects-normal/arm64/EmpireMacros.LinkFileList
WriteAuxiliaryFile /Users/admin/builder/spi-builder-workspace/.derivedData/Build/Intermediates.noindex/Empire.build/Debug/EmpireMacros-t.build/EmpireMacros.DependencyStaticMetadataFileList (in target 'EmpireMacros' from project 'Empire')
cd /Users/admin/builder/spi-builder-workspace
write-file /Users/admin/builder/spi-builder-workspace/.derivedData/Build/Intermediates.noindex/Empire.build/Debug/EmpireMacros-t.build/EmpireMacros.DependencyStaticMetadataFileList
WriteAuxiliaryFile /Users/admin/builder/spi-builder-workspace/.derivedData/Build/Intermediates.noindex/Empire.build/Debug/EmpireMacros-t.build/EmpireMacros.DependencyMetadataFileList (in target 'EmpireMacros' from project 'Empire')
cd /Users/admin/builder/spi-builder-workspace
write-file /Users/admin/builder/spi-builder-workspace/.derivedData/Build/Intermediates.noindex/Empire.build/Debug/EmpireMacros-t.build/EmpireMacros.DependencyMetadataFileList
WriteAuxiliaryFile /Users/admin/builder/spi-builder-workspace/.derivedData/Build/Intermediates.noindex/Empire.build/Debug-watchos/Empire-t.build/Objects-normal/arm64_32/Empire_const_extract_protocols.json (in target 'Empire' from project 'Empire')
cd /Users/admin/builder/spi-builder-workspace
write-file /Users/admin/builder/spi-builder-workspace/.derivedData/Build/Intermediates.noindex/Empire.build/Debug-watchos/Empire-t.build/Objects-normal/arm64_32/Empire_const_extract_protocols.json
WriteAuxiliaryFile /Users/admin/builder/spi-builder-workspace/.derivedData/Build/Intermediates.noindex/Empire.build/Debug-watchos/Empire-t.build/Objects-normal/arm64_32/Empire.SwiftFileList (in target 'Empire' from project 'Empire')
cd /Users/admin/builder/spi-builder-workspace
write-file /Users/admin/builder/spi-builder-workspace/.derivedData/Build/Intermediates.noindex/Empire.build/Debug-watchos/Empire-t.build/Objects-normal/arm64_32/Empire.SwiftFileList
Copy /Users/admin/builder/spi-builder-workspace/.derivedData/Build/Intermediates.noindex/GeneratedModuleMaps-watchos/LMDB.modulemap /Users/admin/builder/spi-builder-workspace/.derivedData/Build/Intermediates.noindex/Empire.build/Debug-watchos/LMDB-t.build/LMDB.modulemap (in target 'LMDB' from project 'Empire')
cd /Users/admin/builder/spi-builder-workspace
builtin-copy -exclude .DS_Store -exclude CVS -exclude .svn -exclude .git -exclude .hg -resolve-src-symlinks /Users/admin/builder/spi-builder-workspace/.derivedData/Build/Intermediates.noindex/Empire.build/Debug-watchos/LMDB-t.build/LMDB.modulemap /Users/admin/builder/spi-builder-workspace/.derivedData/Build/Intermediates.noindex/GeneratedModuleMaps-watchos
WriteAuxiliaryFile /Users/admin/builder/spi-builder-workspace/.derivedData/Build/Intermediates.noindex/Empire.build/Debug-watchos/Empire-t.build/Objects-normal/arm64_32/Empire.SwiftConstValuesFileList (in target 'Empire' from project 'Empire')
cd /Users/admin/builder/spi-builder-workspace
write-file /Users/admin/builder/spi-builder-workspace/.derivedData/Build/Intermediates.noindex/Empire.build/Debug-watchos/Empire-t.build/Objects-normal/arm64_32/Empire.SwiftConstValuesFileList
WriteAuxiliaryFile /Users/admin/builder/spi-builder-workspace/.derivedData/Build/Intermediates.noindex/Empire.build/Debug-watchos/Empire-t.build/Objects-normal/arm64_32/Empire.LinkFileList (in target 'Empire' from project 'Empire')
cd /Users/admin/builder/spi-builder-workspace
write-file /Users/admin/builder/spi-builder-workspace/.derivedData/Build/Intermediates.noindex/Empire.build/Debug-watchos/Empire-t.build/Objects-normal/arm64_32/Empire.LinkFileList
WriteAuxiliaryFile /Users/admin/builder/spi-builder-workspace/.derivedData/Build/Intermediates.noindex/Empire.build/Debug-watchos/Empire-t.build/Objects-normal/arm64_32/Empire-OutputFileMap.json (in target 'Empire' from project 'Empire')
cd /Users/admin/builder/spi-builder-workspace
write-file /Users/admin/builder/spi-builder-workspace/.derivedData/Build/Intermediates.noindex/Empire.build/Debug-watchos/Empire-t.build/Objects-normal/arm64_32/Empire-OutputFileMap.json
WriteAuxiliaryFile /Users/admin/builder/spi-builder-workspace/.derivedData/Build/Intermediates.noindex/Empire.build/Debug-watchos/Empire-t.build/Objects-normal/arm64/Empire.SwiftConstValuesFileList (in target 'Empire' from project 'Empire')
cd /Users/admin/builder/spi-builder-workspace
write-file /Users/admin/builder/spi-builder-workspace/.derivedData/Build/Intermediates.noindex/Empire.build/Debug-watchos/Empire-t.build/Objects-normal/arm64/Empire.SwiftConstValuesFileList
WriteAuxiliaryFile /Users/admin/builder/spi-builder-workspace/.derivedData/Build/Intermediates.noindex/Empire.build/Debug-watchos/Empire-t.build/Objects-normal/arm64/Empire_const_extract_protocols.json (in target 'Empire' from project 'Empire')
cd /Users/admin/builder/spi-builder-workspace
write-file /Users/admin/builder/spi-builder-workspace/.derivedData/Build/Intermediates.noindex/Empire.build/Debug-watchos/Empire-t.build/Objects-normal/arm64/Empire_const_extract_protocols.json
WriteAuxiliaryFile /Users/admin/builder/spi-builder-workspace/.derivedData/Build/Intermediates.noindex/Empire.build/Debug-watchos/Empire-t.build/Objects-normal/arm64/Empire.LinkFileList (in target 'Empire' from project 'Empire')
cd /Users/admin/builder/spi-builder-workspace
write-file /Users/admin/builder/spi-builder-workspace/.derivedData/Build/Intermediates.noindex/Empire.build/Debug-watchos/Empire-t.build/Objects-normal/arm64/Empire.LinkFileList
WriteAuxiliaryFile /Users/admin/builder/spi-builder-workspace/.derivedData/Build/Intermediates.noindex/Empire.build/Debug-watchos/Empire-t.build/Objects-normal/arm64/Empire.SwiftFileList (in target 'Empire' from project 'Empire')
cd /Users/admin/builder/spi-builder-workspace
write-file /Users/admin/builder/spi-builder-workspace/.derivedData/Build/Intermediates.noindex/Empire.build/Debug-watchos/Empire-t.build/Objects-normal/arm64/Empire.SwiftFileList
WriteAuxiliaryFile /Users/admin/builder/spi-builder-workspace/.derivedData/Build/Intermediates.noindex/Empire.build/Debug-watchos/Empire-t.build/Objects-normal/arm64/Empire-OutputFileMap.json (in target 'Empire' from project 'Empire')
cd /Users/admin/builder/spi-builder-workspace
write-file /Users/admin/builder/spi-builder-workspace/.derivedData/Build/Intermediates.noindex/Empire.build/Debug-watchos/Empire-t.build/Objects-normal/arm64/Empire-OutputFileMap.json
WriteAuxiliaryFile /Users/admin/builder/spi-builder-workspace/.derivedData/Build/Intermediates.noindex/Empire.build/Debug-watchos/Empire-t.build/Empire.modulemap (in target 'Empire' from project 'Empire')
cd /Users/admin/builder/spi-builder-workspace
write-file /Users/admin/builder/spi-builder-workspace/.derivedData/Build/Intermediates.noindex/Empire.build/Debug-watchos/Empire-t.build/Empire.modulemap
WriteAuxiliaryFile /Users/admin/builder/spi-builder-workspace/.derivedData/Build/Intermediates.noindex/Empire.build/Debug-watchos/Empire-t.build/Empire.DependencyMetadataFileList (in target 'Empire' from project 'Empire')
cd /Users/admin/builder/spi-builder-workspace
write-file /Users/admin/builder/spi-builder-workspace/.derivedData/Build/Intermediates.noindex/Empire.build/Debug-watchos/Empire-t.build/Empire.DependencyMetadataFileList
WriteAuxiliaryFile /Users/admin/builder/spi-builder-workspace/.derivedData/Build/Intermediates.noindex/Empire.build/Debug-watchos/Empire-t.build/Empire.DependencyStaticMetadataFileList (in target 'Empire' from project 'Empire')
cd /Users/admin/builder/spi-builder-workspace
write-file /Users/admin/builder/spi-builder-workspace/.derivedData/Build/Intermediates.noindex/Empire.build/Debug-watchos/Empire-t.build/Empire.DependencyStaticMetadataFileList
WriteAuxiliaryFile /Users/admin/builder/spi-builder-workspace/.derivedData/Build/Intermediates.noindex/Empire.build/Debug-watchos/CLMDB-t.build/CLMDB.modulemap (in target 'CLMDB' from project 'Empire')
cd /Users/admin/builder/spi-builder-workspace
write-file /Users/admin/builder/spi-builder-workspace/.derivedData/Build/Intermediates.noindex/Empire.build/Debug-watchos/CLMDB-t.build/CLMDB.modulemap
WriteAuxiliaryFile /Users/admin/builder/spi-builder-workspace/.derivedData/Build/Intermediates.noindex/Empire.build/Debug-watchos/CLMDB-t.build/Objects-normal/arm64_32/7187679823f38a2a940e0043cdf9d637-common-args.resp (in target 'CLMDB' from project 'Empire')
cd /Users/admin/builder/spi-builder-workspace
write-file /Users/admin/builder/spi-builder-workspace/.derivedData/Build/Intermediates.noindex/Empire.build/Debug-watchos/CLMDB-t.build/Objects-normal/arm64_32/7187679823f38a2a940e0043cdf9d637-common-args.resp
-fmodules -gmodules '-fmodules-cache-path=/Users/admin/builder/spi-builder-workspace/.derivedData/ModuleCache.noindex' '-fmodule-name=CLMDB' -fpascal-strings -O0 -DSWIFT_PACKAGE '-DDEBUG=1' '-DMDB_USE_POSIX_MUTEX=1' '-DMDB_USE_ROBUST=0' -g -fprofile-instr-generate -fcoverage-mapping -I/Users/admin/builder/spi-builder-workspace/.derivedData/Build/Products/Debug-watchos/include -I/Users/admin/builder/spi-builder-workspace/lmdb/libraries/liblmdb -I/Users/admin/builder/spi-builder-workspace/.derivedData/Build/Intermediates.noindex/Empire.build/Debug-watchos/CLMDB-t.build/DerivedSources-normal/arm64_32 -I/Users/admin/builder/spi-builder-workspace/.derivedData/Build/Intermediates.noindex/Empire.build/Debug-watchos/CLMDB-t.build/DerivedSources/arm64_32 -I/Users/admin/builder/spi-builder-workspace/.derivedData/Build/Intermediates.noindex/Empire.build/Debug-watchos/CLMDB-t.build/DerivedSources -F/Users/admin/builder/spi-builder-workspace/.derivedData/Build/Products/Debug-watchos -iframework /Applications/Xcode-27.0.0-Release.Candidate.app/Contents/Developer/Platforms/WatchOS.platform/Developer/Library/Frameworks -iframework /Applications/Xcode-27.0.0-Release.Candidate.app/Contents/Developer/Platforms/WatchOS.platform/Developer/SDKs/WatchOS27.0.sdk/Developer/Library/Frameworks -DXcode
WriteAuxiliaryFile /Users/admin/builder/spi-builder-workspace/.derivedData/Build/Intermediates.noindex/Empire.build/Debug-watchos/CLMDB-t.build/Objects-normal/arm64_32/CLMDB.LinkFileList (in target 'CLMDB' from project 'Empire')
cd /Users/admin/builder/spi-builder-workspace
write-file /Users/admin/builder/spi-builder-workspace/.derivedData/Build/Intermediates.noindex/Empire.build/Debug-watchos/CLMDB-t.build/Objects-normal/arm64_32/CLMDB.LinkFileList
WriteAuxiliaryFile /Users/admin/builder/spi-builder-workspace/.derivedData/Build/Intermediates.noindex/Empire.build/Debug-watchos/CLMDB-t.build/Objects-normal/arm64/7187679823f38a2a940e0043cdf9d637-common-args.resp (in target 'CLMDB' from project 'Empire')
cd /Users/admin/builder/spi-builder-workspace
write-file /Users/admin/builder/spi-builder-workspace/.derivedData/Build/Intermediates.noindex/Empire.build/Debug-watchos/CLMDB-t.build/Objects-normal/arm64/7187679823f38a2a940e0043cdf9d637-common-args.resp
-fmodules -gmodules '-fmodules-cache-path=/Users/admin/builder/spi-builder-workspace/.derivedData/ModuleCache.noindex' '-fmodule-name=CLMDB' -fpascal-strings -O0 -DSWIFT_PACKAGE '-DDEBUG=1' '-DMDB_USE_POSIX_MUTEX=1' '-DMDB_USE_ROBUST=0' -g -fprofile-instr-generate -fcoverage-mapping -I/Users/admin/builder/spi-builder-workspace/.derivedData/Build/Products/Debug-watchos/include -I/Users/admin/builder/spi-builder-workspace/lmdb/libraries/liblmdb -I/Users/admin/builder/spi-builder-workspace/.derivedData/Build/Intermediates.noindex/Empire.build/Debug-watchos/CLMDB-t.build/DerivedSources-normal/arm64 -I/Users/admin/builder/spi-builder-workspace/.derivedData/Build/Intermediates.noindex/Empire.build/Debug-watchos/CLMDB-t.build/DerivedSources/arm64 -I/Users/admin/builder/spi-builder-workspace/.derivedData/Build/Intermediates.noindex/Empire.build/Debug-watchos/CLMDB-t.build/DerivedSources -F/Users/admin/builder/spi-builder-workspace/.derivedData/Build/Products/Debug-watchos -iframework /Applications/Xcode-27.0.0-Release.Candidate.app/Contents/Developer/Platforms/WatchOS.platform/Developer/Library/Frameworks -iframework /Applications/Xcode-27.0.0-Release.Candidate.app/Contents/Developer/Platforms/WatchOS.platform/Developer/SDKs/WatchOS27.0.sdk/Developer/Library/Frameworks -DXcode
WriteAuxiliaryFile /Users/admin/builder/spi-builder-workspace/.derivedData/Build/Intermediates.noindex/Empire.build/Debug-watchos/CLMDB-t.build/Objects-normal/arm64/CLMDB.LinkFileList (in target 'CLMDB' from project 'Empire')
cd /Users/admin/builder/spi-builder-workspace
write-file /Users/admin/builder/spi-builder-workspace/.derivedData/Build/Intermediates.noindex/Empire.build/Debug-watchos/CLMDB-t.build/Objects-normal/arm64/CLMDB.LinkFileList
WriteAuxiliaryFile /Users/admin/builder/spi-builder-workspace/.derivedData/Build/Intermediates.noindex/Empire.build/Debug-watchos/CLMDB-t.build/CLMDB.DependencyStaticMetadataFileList (in target 'CLMDB' from project 'Empire')
cd /Users/admin/builder/spi-builder-workspace
write-file /Users/admin/builder/spi-builder-workspace/.derivedData/Build/Intermediates.noindex/Empire.build/Debug-watchos/CLMDB-t.build/CLMDB.DependencyStaticMetadataFileList
WriteAuxiliaryFile /Users/admin/builder/spi-builder-workspace/.derivedData/Build/Intermediates.noindex/Empire.build/Debug-watchos/CLMDB-t.build/CLMDB.DependencyMetadataFileList (in target 'CLMDB' from project 'Empire')
cd /Users/admin/builder/spi-builder-workspace
write-file /Users/admin/builder/spi-builder-workspace/.derivedData/Build/Intermediates.noindex/Empire.build/Debug-watchos/CLMDB-t.build/CLMDB.DependencyMetadataFileList
Copy /Users/admin/builder/spi-builder-workspace/.derivedData/Build/Intermediates.noindex/GeneratedModuleMaps-watchos/Empire.modulemap /Users/admin/builder/spi-builder-workspace/.derivedData/Build/Intermediates.noindex/Empire.build/Debug-watchos/Empire-t.build/Empire.modulemap (in target 'Empire' from project 'Empire')
cd /Users/admin/builder/spi-builder-workspace
builtin-copy -exclude .DS_Store -exclude CVS -exclude .svn -exclude .git -exclude .hg -resolve-src-symlinks /Users/admin/builder/spi-builder-workspace/.derivedData/Build/Intermediates.noindex/Empire.build/Debug-watchos/Empire-t.build/Empire.modulemap /Users/admin/builder/spi-builder-workspace/.derivedData/Build/Intermediates.noindex/GeneratedModuleMaps-watchos
Copy /Users/admin/builder/spi-builder-workspace/.derivedData/Build/Intermediates.noindex/GeneratedModuleMaps-watchos/CLMDB.modulemap /Users/admin/builder/spi-builder-workspace/.derivedData/Build/Intermediates.noindex/Empire.build/Debug-watchos/CLMDB-t.build/CLMDB.modulemap (in target 'CLMDB' from project 'Empire')
cd /Users/admin/builder/spi-builder-workspace
builtin-copy -exclude .DS_Store -exclude CVS -exclude .svn -exclude .git -exclude .hg -resolve-src-symlinks /Users/admin/builder/spi-builder-workspace/.derivedData/Build/Intermediates.noindex/Empire.build/Debug-watchos/CLMDB-t.build/CLMDB.modulemap /Users/admin/builder/spi-builder-workspace/.derivedData/Build/Intermediates.noindex/GeneratedModuleMaps-watchos
CreateBuildDirectory /Users/admin/builder/spi-builder-workspace/.derivedData/Build/Products/Debug-watchos/PackageFrameworks
cd /Users/admin/builder/spi-builder-workspace/.swiftpm/xcode
builtin-create-build-directory /Users/admin/builder/spi-builder-workspace/.derivedData/Build/Products/Debug-watchos/PackageFrameworks
ScanDependencies /Users/admin/builder/spi-builder-workspace/.derivedData/Build/Intermediates.noindex/Empire.build/Debug-watchos/CLMDB-t.build/Objects-normal/arm64_32/mdb.o /Users/admin/builder/spi-builder-workspace/lmdb/libraries/liblmdb/mdb.c normal arm64_32 c com.apple.compilers.llvm.clang.1_0.compiler (in target 'CLMDB' from project 'Empire')
cd /Users/admin/builder/spi-builder-workspace/.swiftpm/xcode
Using response file: /Users/admin/builder/spi-builder-workspace/.derivedData/Build/Intermediates.noindex/Empire.build/Debug-watchos/CLMDB-t.build/Objects-normal/arm64_32/7187679823f38a2a940e0043cdf9d637-common-args.resp
builtin-ScanDependencies -o /Users/admin/builder/spi-builder-workspace/.derivedData/Build/Intermediates.noindex/Empire.build/Debug-watchos/CLMDB-t.build/Objects-normal/arm64_32/mdb.o.scan -- /Applications/Xcode-27.0.0-Release.Candidate.app/Contents/Developer/Toolchains/XcodeDefault.xctoolchain/usr/bin/clang -x c -ivfsstatcache /Users/admin/builder/spi-builder-workspace/.derivedData/SDKStatCaches.noindex/watchos27.0-24R360-e829b21a6f8c9b70876ba0858053c04477534ef55a1706bf4c1112bbb242f0a2.sdkstatcache -target arm64_32-apple-watchos10.0 -fmessage-length\=0 -fdiagnostics-show-note-include-stack -fmacro-backtrace-limit\=0 -fno-color-diagnostics -fmodules-prune-interval\=86400 -fmodules-prune-after\=345600 -fbuild-session-file\=/Users/admin/builder/spi-builder-workspace/.derivedData/ModuleCache.noindex/Session.modulevalidation -fmodules-validate-once-per-build-session -Wnon-modular-include-in-framework-module -Werror\=non-modular-include-in-framework-module -Wno-trigraphs -Wno-missing-field-initializers -Wno-missing-prototypes -Wno-return-type -Wno-missing-braces -Wparentheses -Wswitch -Wno-unused-function -Wno-unused-label -Wno-unused-parameter -Wno-unused-variable -Wunused-value -Wno-empty-body -Wno-uninitialized -Wno-unknown-pragmas -Wno-shadow -Wno-four-char-constants -Wno-conversion -Wno-constant-conversion -Wno-int-conversion -Wno-bool-conversion -Wno-enum-conversion -Wno-float-conversion -Wno-non-literal-null-conversion -Wno-objc-literal-conversion -Wno-shorten-64-to-32 -Wpointer-sign -Wno-newline-eof -Wno-implicit-fallthrough -isysroot /Applications/Xcode-27.0.0-Release.Candidate.app/Contents/Developer/Platforms/WatchOS.platform/Developer/SDKs/WatchOS27.0.sdk -fstrict-aliasing -Wdeprecated-declarations -Wno-sign-conversion -Wno-infinite-recursion -Wno-comma -Wno-block-capture-autoreleasing -Wno-strict-prototypes -Wno-semicolon-before-method-body -index-store-path /Users/admin/builder/spi-builder-workspace/.derivedData/Index.noindex/DataStore @/Users/admin/builder/spi-builder-workspace/.derivedData/Build/Intermediates.noindex/Empire.build/Debug-watchos/CLMDB-t.build/Objects-normal/arm64_32/7187679823f38a2a940e0043cdf9d637-common-args.resp -MMD -MT dependencies -MF /Users/admin/builder/spi-builder-workspace/.derivedData/Build/Intermediates.noindex/Empire.build/Debug-watchos/CLMDB-t.build/Objects-normal/arm64_32/mdb.d --serialize-diagnostics /Users/admin/builder/spi-builder-workspace/.derivedData/Build/Intermediates.noindex/Empire.build/Debug-watchos/CLMDB-t.build/Objects-normal/arm64_32/mdb.dia -c /Users/admin/builder/spi-builder-workspace/lmdb/libraries/liblmdb/mdb.c -o /Users/admin/builder/spi-builder-workspace/.derivedData/Build/Intermediates.noindex/Empire.build/Debug-watchos/CLMDB-t.build/Objects-normal/arm64_32/mdb.o -index-unit-output-path /Empire.build/Debug-watchos/CLMDB-t.build/Objects-normal/arm64_32/mdb.o
ScanDependencies /Users/admin/builder/spi-builder-workspace/.derivedData/Build/Intermediates.noindex/Empire.build/Debug-watchos/CLMDB-t.build/Objects-normal/arm64/midl.o /Users/admin/builder/spi-builder-workspace/lmdb/libraries/liblmdb/midl.c normal arm64 c com.apple.compilers.llvm.clang.1_0.compiler (in target 'CLMDB' from project 'Empire')
cd /Users/admin/builder/spi-builder-workspace/.swiftpm/xcode
Using response file: /Users/admin/builder/spi-builder-workspace/.derivedData/Build/Intermediates.noindex/Empire.build/Debug-watchos/CLMDB-t.build/Objects-normal/arm64/7187679823f38a2a940e0043cdf9d637-common-args.resp
builtin-ScanDependencies -o /Users/admin/builder/spi-builder-workspace/.derivedData/Build/Intermediates.noindex/Empire.build/Debug-watchos/CLMDB-t.build/Objects-normal/arm64/midl.o.scan -- /Applications/Xcode-27.0.0-Release.Candidate.app/Contents/Developer/Toolchains/XcodeDefault.xctoolchain/usr/bin/clang -x c -ivfsstatcache /Users/admin/builder/spi-builder-workspace/.derivedData/SDKStatCaches.noindex/watchos27.0-24R360-e829b21a6f8c9b70876ba0858053c04477534ef55a1706bf4c1112bbb242f0a2.sdkstatcache -target arm64-apple-watchos10.0 -fmessage-length\=0 -fdiagnostics-show-note-include-stack -fmacro-backtrace-limit\=0 -fno-color-diagnostics -fmodules-prune-interval\=86400 -fmodules-prune-after\=345600 -fbuild-session-file\=/Users/admin/builder/spi-builder-workspace/.derivedData/ModuleCache.noindex/Session.modulevalidation -fmodules-validate-once-per-build-session -Wnon-modular-include-in-framework-module -Werror\=non-modular-include-in-framework-module -Wno-trigraphs -Wno-missing-field-initializers -Wno-missing-prototypes -Wno-return-type -Wno-missing-braces -Wparentheses -Wswitch -Wno-unused-function -Wno-unused-label -Wno-unused-parameter -Wno-unused-variable -Wunused-value -Wno-empty-body -Wno-uninitialized -Wno-unknown-pragmas -Wno-shadow -Wno-four-char-constants -Wno-conversion -Wno-constant-conversion -Wno-int-conversion -Wno-bool-conversion -Wno-enum-conversion -Wno-float-conversion -Wno-non-literal-null-conversion -Wno-objc-literal-conversion -Wshorten-64-to-32 -Wpointer-sign -Wno-newline-eof -Wno-implicit-fallthrough -isysroot /Applications/Xcode-27.0.0-Release.Candidate.app/Contents/Developer/Platforms/WatchOS.platform/Developer/SDKs/WatchOS27.0.sdk -fstrict-aliasing -Wdeprecated-declarations -Wno-sign-conversion -Wno-infinite-recursion -Wno-comma -Wno-block-capture-autoreleasing -Wno-strict-prototypes -Wno-semicolon-before-method-body -index-store-path /Users/admin/builder/spi-builder-workspace/.derivedData/Index.noindex/DataStore @/Users/admin/builder/spi-builder-workspace/.derivedData/Build/Intermediates.noindex/Empire.build/Debug-watchos/CLMDB-t.build/Objects-normal/arm64/7187679823f38a2a940e0043cdf9d637-common-args.resp -MMD -MT dependencies -MF /Users/admin/builder/spi-builder-workspace/.derivedData/Build/Intermediates.noindex/Empire.build/Debug-watchos/CLMDB-t.build/Objects-normal/arm64/midl.d --serialize-diagnostics /Users/admin/builder/spi-builder-workspace/.derivedData/Build/Intermediates.noindex/Empire.build/Debug-watchos/CLMDB-t.build/Objects-normal/arm64/midl.dia -c /Users/admin/builder/spi-builder-workspace/lmdb/libraries/liblmdb/midl.c -o /Users/admin/builder/spi-builder-workspace/.derivedData/Build/Intermediates.noindex/Empire.build/Debug-watchos/CLMDB-t.build/Objects-normal/arm64/midl.o -index-unit-output-path /Empire.build/Debug-watchos/CLMDB-t.build/Objects-normal/arm64/midl.o
ScanDependencies /Users/admin/builder/spi-builder-workspace/.derivedData/Build/Intermediates.noindex/Empire.build/Debug-watchos/CLMDB-t.build/Objects-normal/arm64/mdb.o /Users/admin/builder/spi-builder-workspace/lmdb/libraries/liblmdb/mdb.c normal arm64 c com.apple.compilers.llvm.clang.1_0.compiler (in target 'CLMDB' from project 'Empire')
cd /Users/admin/builder/spi-builder-workspace/.swiftpm/xcode
Using response file: /Users/admin/builder/spi-builder-workspace/.derivedData/Build/Intermediates.noindex/Empire.build/Debug-watchos/CLMDB-t.build/Objects-normal/arm64/7187679823f38a2a940e0043cdf9d637-common-args.resp
builtin-ScanDependencies -o /Users/admin/builder/spi-builder-workspace/.derivedData/Build/Intermediates.noindex/Empire.build/Debug-watchos/CLMDB-t.build/Objects-normal/arm64/mdb.o.scan -- /Applications/Xcode-27.0.0-Release.Candidate.app/Contents/Developer/Toolchains/XcodeDefault.xctoolchain/usr/bin/clang -x c -ivfsstatcache /Users/admin/builder/spi-builder-workspace/.derivedData/SDKStatCaches.noindex/watchos27.0-24R360-e829b21a6f8c9b70876ba0858053c04477534ef55a1706bf4c1112bbb242f0a2.sdkstatcache -target arm64-apple-watchos10.0 -fmessage-length\=0 -fdiagnostics-show-note-include-stack -fmacro-backtrace-limit\=0 -fno-color-diagnostics -fmodules-prune-interval\=86400 -fmodules-prune-after\=345600 -fbuild-session-file\=/Users/admin/builder/spi-builder-workspace/.derivedData/ModuleCache.noindex/Session.modulevalidation -fmodules-validate-once-per-build-session -Wnon-modular-include-in-framework-module -Werror\=non-modular-include-in-framework-module -Wno-trigraphs -Wno-missing-field-initializers -Wno-missing-prototypes -Wno-return-type -Wno-missing-braces -Wparentheses -Wswitch -Wno-unused-function -Wno-unused-label -Wno-unused-parameter -Wno-unused-variable -Wunused-value -Wno-empty-body -Wno-uninitialized -Wno-unknown-pragmas -Wno-shadow -Wno-four-char-constants -Wno-conversion -Wno-constant-conversion -Wno-int-conversion -Wno-bool-conversion -Wno-enum-conversion -Wno-float-conversion -Wno-non-literal-null-conversion -Wno-objc-literal-conversion -Wshorten-64-to-32 -Wpointer-sign -Wno-newline-eof -Wno-implicit-fallthrough -isysroot /Applications/Xcode-27.0.0-Release.Candidate.app/Contents/Developer/Platforms/WatchOS.platform/Developer/SDKs/WatchOS27.0.sdk -fstrict-aliasing -Wdeprecated-declarations -Wno-sign-conversion -Wno-infinite-recursion -Wno-comma -Wno-block-capture-autoreleasing -Wno-strict-prototypes -Wno-semicolon-before-method-body -index-store-path /Users/admin/builder/spi-builder-workspace/.derivedData/Index.noindex/DataStore @/Users/admin/builder/spi-builder-workspace/.derivedData/Build/Intermediates.noindex/Empire.build/Debug-watchos/CLMDB-t.build/Objects-normal/arm64/7187679823f38a2a940e0043cdf9d637-common-args.resp -MMD -MT dependencies -MF /Users/admin/builder/spi-builder-workspace/.derivedData/Build/Intermediates.noindex/Empire.build/Debug-watchos/CLMDB-t.build/Objects-normal/arm64/mdb.d --serialize-diagnostics /Users/admin/builder/spi-builder-workspace/.derivedData/Build/Intermediates.noindex/Empire.build/Debug-watchos/CLMDB-t.build/Objects-normal/arm64/mdb.dia -c /Users/admin/builder/spi-builder-workspace/lmdb/libraries/liblmdb/mdb.c -o /Users/admin/builder/spi-builder-workspace/.derivedData/Build/Intermediates.noindex/Empire.build/Debug-watchos/CLMDB-t.build/Objects-normal/arm64/mdb.o -index-unit-output-path /Empire.build/Debug-watchos/CLMDB-t.build/Objects-normal/arm64/mdb.o
ScanDependencies /Users/admin/builder/spi-builder-workspace/.derivedData/Build/Intermediates.noindex/Empire.build/Debug-watchos/CLMDB-t.build/Objects-normal/arm64_32/midl.o /Users/admin/builder/spi-builder-workspace/lmdb/libraries/liblmdb/midl.c normal arm64_32 c com.apple.compilers.llvm.clang.1_0.compiler (in target 'CLMDB' from project 'Empire')
cd /Users/admin/builder/spi-builder-workspace/.swiftpm/xcode
Using response file: /Users/admin/builder/spi-builder-workspace/.derivedData/Build/Intermediates.noindex/Empire.build/Debug-watchos/CLMDB-t.build/Objects-normal/arm64_32/7187679823f38a2a940e0043cdf9d637-common-args.resp
builtin-ScanDependencies -o /Users/admin/builder/spi-builder-workspace/.derivedData/Build/Intermediates.noindex/Empire.build/Debug-watchos/CLMDB-t.build/Objects-normal/arm64_32/midl.o.scan -- /Applications/Xcode-27.0.0-Release.Candidate.app/Contents/Developer/Toolchains/XcodeDefault.xctoolchain/usr/bin/clang -x c -ivfsstatcache /Users/admin/builder/spi-builder-workspace/.derivedData/SDKStatCaches.noindex/watchos27.0-24R360-e829b21a6f8c9b70876ba0858053c04477534ef55a1706bf4c1112bbb242f0a2.sdkstatcache -target arm64_32-apple-watchos10.0 -fmessage-length\=0 -fdiagnostics-show-note-include-stack -fmacro-backtrace-limit\=0 -fno-color-diagnostics -fmodules-prune-interval\=86400 -fmodules-prune-after\=345600 -fbuild-session-file\=/Users/admin/builder/spi-builder-workspace/.derivedData/ModuleCache.noindex/Session.modulevalidation -fmodules-validate-once-per-build-session -Wnon-modular-include-in-framework-module -Werror\=non-modular-include-in-framework-module -Wno-trigraphs -Wno-missing-field-initializers -Wno-missing-prototypes -Wno-return-type -Wno-missing-braces -Wparentheses -Wswitch -Wno-unused-function -Wno-unused-label -Wno-unused-parameter -Wno-unused-variable -Wunused-value -Wno-empty-body -Wno-uninitialized -Wno-unknown-pragmas -Wno-shadow -Wno-four-char-constants -Wno-conversion -Wno-constant-conversion -Wno-int-conversion -Wno-bool-conversion -Wno-enum-conversion -Wno-float-conversion -Wno-non-literal-null-conversion -Wno-objc-literal-conversion -Wno-shorten-64-to-32 -Wpointer-sign -Wno-newline-eof -Wno-implicit-fallthrough -isysroot /Applications/Xcode-27.0.0-Release.Candidate.app/Contents/Developer/Platforms/WatchOS.platform/Developer/SDKs/WatchOS27.0.sdk -fstrict-aliasing -Wdeprecated-declarations -Wno-sign-conversion -Wno-infinite-recursion -Wno-comma -Wno-block-capture-autoreleasing -Wno-strict-prototypes -Wno-semicolon-before-method-body -index-store-path /Users/admin/builder/spi-builder-workspace/.derivedData/Index.noindex/DataStore @/Users/admin/builder/spi-builder-workspace/.derivedData/Build/Intermediates.noindex/Empire.build/Debug-watchos/CLMDB-t.build/Objects-normal/arm64_32/7187679823f38a2a940e0043cdf9d637-common-args.resp -MMD -MT dependencies -MF /Users/admin/builder/spi-builder-workspace/.derivedData/Build/Intermediates.noindex/Empire.build/Debug-watchos/CLMDB-t.build/Objects-normal/arm64_32/midl.d --serialize-diagnostics /Users/admin/builder/spi-builder-workspace/.derivedData/Build/Intermediates.noindex/Empire.build/Debug-watchos/CLMDB-t.build/Objects-normal/arm64_32/midl.dia -c /Users/admin/builder/spi-builder-workspace/lmdb/libraries/liblmdb/midl.c -o /Users/admin/builder/spi-builder-workspace/.derivedData/Build/Intermediates.noindex/Empire.build/Debug-watchos/CLMDB-t.build/Objects-normal/arm64_32/midl.o -index-unit-output-path /Empire.build/Debug-watchos/CLMDB-t.build/Objects-normal/arm64_32/midl.o
SwiftDriver LMDB normal arm64 com.apple.xcode.tools.swift.compiler (in target 'LMDB' from project 'Empire')
cd /Users/admin/builder/spi-builder-workspace/.swiftpm/xcode
builtin-SwiftDriver -- /Applications/Xcode-27.0.0-Release.Candidate.app/Contents/Developer/Toolchains/XcodeDefault.xctoolchain/usr/bin/swiftc -parse-as-library -module-name LMDB -Onone @/Users/admin/builder/spi-builder-workspace/.derivedData/Build/Intermediates.noindex/Empire.build/Debug-watchos/LMDB-t.build/Objects-normal/arm64/LMDB.SwiftFileList -DSWIFT_PACKAGE -DDEBUG -DSWIFT_MODULE_RESOURCE_BUNDLE_UNAVAILABLE -Xcc -fmodule-map-file\=/Users/admin/builder/spi-builder-workspace/.derivedData/Build/Intermediates.noindex/GeneratedModuleMaps-watchos/CLMDB.modulemap -DXcode -enable-experimental-feature Lifetimes -plugin-path /Applications/Xcode-27.0.0-Release.Candidate.app/Contents/Developer/Toolchains/XcodeDefault.xctoolchain/usr/lib/swift/host/plugins/testing -enable-experimental-feature DebugDescriptionMacro -sdk /Applications/Xcode-27.0.0-Release.Candidate.app/Contents/Developer/Platforms/WatchOS.platform/Developer/SDKs/WatchOS27.0.sdk -target arm64-apple-watchos10.0 -g -module-cache-path /Users/admin/builder/spi-builder-workspace/.derivedData/ModuleCache.noindex -Xfrontend -serialize-debugging-options -profile-coverage-mapping -profile-generate -enable-testing -index-store-path /Users/admin/builder/spi-builder-workspace/.derivedData/Index.noindex/DataStore -Xcc -D_LIBCPP_HARDENING_MODE\=_LIBCPP_HARDENING_MODE_DEBUG -swift-version 6 -I /Users/admin/builder/spi-builder-workspace/.derivedData/Build/Products/Debug-watchos -Isystem /Applications/Xcode-27.0.0-Release.Candidate.app/Contents/Developer/Platforms/WatchOS.platform/Developer/usr/lib -F /Users/admin/builder/spi-builder-workspace/.derivedData/Build/Products/Debug-watchos/PackageFrameworks -F /Users/admin/builder/spi-builder-workspace/.derivedData/Build/Products/Debug-watchos -F /Applications/Xcode-27.0.0-Release.Candidate.app/Contents/Developer/Platforms/WatchOS.platform/Developer/Library/Frameworks -F /Applications/Xcode-27.0.0-Release.Candidate.app/Contents/Developer/Platforms/WatchOS.platform/Developer/SDKs/WatchOS27.0.sdk/Developer/Library/Frameworks -c -j10 -enable-batch-mode -incremental -Xcc -ivfsstatcache -Xcc /Users/admin/builder/spi-builder-workspace/.derivedData/SDKStatCaches.noindex/watchos27.0-24R360-e829b21a6f8c9b70876ba0858053c04477534ef55a1706bf4c1112bbb242f0a2.sdkstatcache -output-file-map /Users/admin/builder/spi-builder-workspace/.derivedData/Build/Intermediates.noindex/Empire.build/Debug-watchos/LMDB-t.build/Objects-normal/arm64/LMDB-OutputFileMap.json -save-temps -no-color-diagnostics -explicit-module-build -module-cache-path /Users/admin/builder/spi-builder-workspace/.derivedData/Build/Intermediates.noindex/SwiftExplicitPrecompiledModules -clang-scanner-module-cache-path /Users/admin/builder/spi-builder-workspace/.derivedData/ModuleCache.noindex -sdk-module-cache-path /Users/admin/builder/spi-builder-workspace/.derivedData/SDKExplicitPrecompiledModules -emit-dependencies -emit-module -emit-module-path /Users/admin/builder/spi-builder-workspace/.derivedData/Build/Intermediates.noindex/Empire.build/Debug-watchos/LMDB-t.build/Objects-normal/arm64/LMDB.swiftmodule -serialize-diagnostics -dependency-scan-serialize-diagnostics-path /Users/admin/builder/spi-builder-workspace/.derivedData/Build/Intermediates.noindex/Empire.build/Debug-watchos/LMDB-t.build/Objects-normal/arm64/LMDB-dependency-scan.dia -validate-clang-modules-once -clang-build-session-file /Users/admin/builder/spi-builder-workspace/.derivedData/ModuleCache.noindex/Session.modulevalidation -Xcc -fmodules-prune-interval\=86400 -Xcc -fmodules-prune-after\=345600 -package-name spi_builder_workspace -emit-const-values -const-gather-protocols-list /Users/admin/builder/spi-builder-workspace/.derivedData/Build/Intermediates.noindex/Empire.build/Debug-watchos/LMDB-t.build/Objects-normal/arm64/LMDB_const_extract_protocols.json -Xcc -I/Users/admin/builder/spi-builder-workspace/lmdb/libraries/liblmdb -Xcc -I/Users/admin/builder/spi-builder-workspace/.derivedData/Build/Products/Debug-watchos/include -Xcc -I/Users/admin/builder/spi-builder-workspace/.derivedData/Build/Intermediates.noindex/Empire.build/Debug-watchos/LMDB-t.build/DerivedSources-normal/arm64 -Xcc -I/Users/admin/builder/spi-builder-workspace/.derivedData/Build/Intermediates.noindex/Empire.build/Debug-watchos/LMDB-t.build/DerivedSources/arm64 -Xcc -I/Users/admin/builder/spi-builder-workspace/.derivedData/Build/Intermediates.noindex/Empire.build/Debug-watchos/LMDB-t.build/DerivedSources -Xcc -DSWIFT_PACKAGE -Xcc -DDEBUG\=1 -emit-objc-header -emit-objc-header-path /Users/admin/builder/spi-builder-workspace/.derivedData/Build/Intermediates.noindex/Empire.build/Debug-watchos/LMDB-t.build/Objects-normal/arm64/LMDB-Swift.h -working-directory /Users/admin/builder/spi-builder-workspace/.swiftpm/xcode -experimental-emit-module-separately -disable-cmo
SwiftDriver PackedSerialize normal arm64 com.apple.xcode.tools.swift.compiler (in target 'PackedSerialize' from project 'Empire')
cd /Users/admin/builder/spi-builder-workspace/.swiftpm/xcode
builtin-SwiftDriver -- /Applications/Xcode-27.0.0-Release.Candidate.app/Contents/Developer/Toolchains/XcodeDefault.xctoolchain/usr/bin/swiftc -parse-as-library -module-name PackedSerialize -Onone @/Users/admin/builder/spi-builder-workspace/.derivedData/Build/Intermediates.noindex/Empire.build/Debug-watchos/PackedSerialize-t.build/Objects-normal/arm64/PackedSerialize.SwiftFileList -DSWIFT_PACKAGE -DDEBUG -DSWIFT_MODULE_RESOURCE_BUNDLE_UNAVAILABLE -DXcode -enable-experimental-feature Lifetimes -plugin-path /Applications/Xcode-27.0.0-Release.Candidate.app/Contents/Developer/Toolchains/XcodeDefault.xctoolchain/usr/lib/swift/host/plugins/testing -enable-experimental-feature DebugDescriptionMacro -sdk /Applications/Xcode-27.0.0-Release.Candidate.app/Contents/Developer/Platforms/WatchOS.platform/Developer/SDKs/WatchOS27.0.sdk -target arm64-apple-watchos10.0 -g -module-cache-path /Users/admin/builder/spi-builder-workspace/.derivedData/ModuleCache.noindex -Xfrontend -serialize-debugging-options -profile-coverage-mapping -profile-generate -enable-testing -index-store-path /Users/admin/builder/spi-builder-workspace/.derivedData/Index.noindex/DataStore -Xcc -D_LIBCPP_HARDENING_MODE\=_LIBCPP_HARDENING_MODE_DEBUG -swift-version 6 -I /Users/admin/builder/spi-builder-workspace/.derivedData/Build/Products/Debug-watchos -Isystem /Applications/Xcode-27.0.0-Release.Candidate.app/Contents/Developer/Platforms/WatchOS.platform/Developer/usr/lib -F /Users/admin/builder/spi-builder-workspace/.derivedData/Build/Products/Debug-watchos -F /Applications/Xcode-27.0.0-Release.Candidate.app/Contents/Developer/Platforms/WatchOS.platform/Developer/Library/Frameworks -F /Applications/Xcode-27.0.0-Release.Candidate.app/Contents/Developer/Platforms/WatchOS.platform/Developer/SDKs/WatchOS27.0.sdk/Developer/Library/Frameworks -c -j10 -enable-batch-mode -incremental -Xcc -ivfsstatcache -Xcc /Users/admin/builder/spi-builder-workspace/.derivedData/SDKStatCaches.noindex/watchos27.0-24R360-e829b21a6f8c9b70876ba0858053c04477534ef55a1706bf4c1112bbb242f0a2.sdkstatcache -output-file-map /Users/admin/builder/spi-builder-workspace/.derivedData/Build/Intermediates.noindex/Empire.build/Debug-watchos/PackedSerialize-t.build/Objects-normal/arm64/PackedSerialize-OutputFileMap.json -save-temps -no-color-diagnostics -explicit-module-build -module-cache-path /Users/admin/builder/spi-builder-workspace/.derivedData/Build/Intermediates.noindex/SwiftExplicitPrecompiledModules -clang-scanner-module-cache-path /Users/admin/builder/spi-builder-workspace/.derivedData/ModuleCache.noindex -sdk-module-cache-path /Users/admin/builder/spi-builder-workspace/.derivedData/SDKExplicitPrecompiledModules -emit-dependencies -emit-module -emit-module-path /Users/admin/builder/spi-builder-workspace/.derivedData/Build/Intermediates.noindex/Empire.build/Debug-watchos/PackedSerialize-t.build/Objects-normal/arm64/PackedSerialize.swiftmodule -serialize-diagnostics -dependency-scan-serialize-diagnostics-path /Users/admin/builder/spi-builder-workspace/.derivedData/Build/Intermediates.noindex/Empire.build/Debug-watchos/PackedSerialize-t.build/Objects-normal/arm64/PackedSerialize-dependency-scan.dia -validate-clang-modules-once -clang-build-session-file /Users/admin/builder/spi-builder-workspace/.derivedData/ModuleCache.noindex/Session.modulevalidation -Xcc -fmodules-prune-interval\=86400 -Xcc -fmodules-prune-after\=345600 -package-name spi_builder_workspace -emit-const-values -const-gather-protocols-list /Users/admin/builder/spi-builder-workspace/.derivedData/Build/Intermediates.noindex/Empire.build/Debug-watchos/PackedSerialize-t.build/Objects-normal/arm64/PackedSerialize_const_extract_protocols.json -Xcc -I/Users/admin/builder/spi-builder-workspace/.derivedData/Build/Products/Debug-watchos/include -Xcc -I/Users/admin/builder/spi-builder-workspace/.derivedData/Build/Intermediates.noindex/Empire.build/Debug-watchos/PackedSerialize-t.build/DerivedSources-normal/arm64 -Xcc -I/Users/admin/builder/spi-builder-workspace/.derivedData/Build/Intermediates.noindex/Empire.build/Debug-watchos/PackedSerialize-t.build/DerivedSources/arm64 -Xcc -I/Users/admin/builder/spi-builder-workspace/.derivedData/Build/Intermediates.noindex/Empire.build/Debug-watchos/PackedSerialize-t.build/DerivedSources -Xcc -DSWIFT_PACKAGE -Xcc -DDEBUG\=1 -emit-objc-header -emit-objc-header-path /Users/admin/builder/spi-builder-workspace/.derivedData/Build/Intermediates.noindex/Empire.build/Debug-watchos/PackedSerialize-t.build/Objects-normal/arm64/PackedSerialize-Swift.h -working-directory /Users/admin/builder/spi-builder-workspace/.swiftpm/xcode -experimental-emit-module-separately -disable-cmo
SwiftDriver LMDB normal arm64_32 com.apple.xcode.tools.swift.compiler (in target 'LMDB' from project 'Empire')
cd /Users/admin/builder/spi-builder-workspace/.swiftpm/xcode
builtin-SwiftDriver -- /Applications/Xcode-27.0.0-Release.Candidate.app/Contents/Developer/Toolchains/XcodeDefault.xctoolchain/usr/bin/swiftc -parse-as-library -module-name LMDB -Onone @/Users/admin/builder/spi-builder-workspace/.derivedData/Build/Intermediates.noindex/Empire.build/Debug-watchos/LMDB-t.build/Objects-normal/arm64_32/LMDB.SwiftFileList -DSWIFT_PACKAGE -DDEBUG -DSWIFT_MODULE_RESOURCE_BUNDLE_UNAVAILABLE -Xcc -fmodule-map-file\=/Users/admin/builder/spi-builder-workspace/.derivedData/Build/Intermediates.noindex/GeneratedModuleMaps-watchos/CLMDB.modulemap -DXcode -enable-experimental-feature Lifetimes -plugin-path /Applications/Xcode-27.0.0-Release.Candidate.app/Contents/Developer/Toolchains/XcodeDefault.xctoolchain/usr/lib/swift/host/plugins/testing -enable-experimental-feature DebugDescriptionMacro -sdk /Applications/Xcode-27.0.0-Release.Candidate.app/Contents/Developer/Platforms/WatchOS.platform/Developer/SDKs/WatchOS27.0.sdk -target arm64_32-apple-watchos10.0 -g -module-cache-path /Users/admin/builder/spi-builder-workspace/.derivedData/ModuleCache.noindex -Xfrontend -serialize-debugging-options -profile-coverage-mapping -profile-generate -enable-testing -index-store-path /Users/admin/builder/spi-builder-workspace/.derivedData/Index.noindex/DataStore -Xcc -D_LIBCPP_HARDENING_MODE\=_LIBCPP_HARDENING_MODE_DEBUG -swift-version 6 -I /Users/admin/builder/spi-builder-workspace/.derivedData/Build/Products/Debug-watchos -Isystem /Applications/Xcode-27.0.0-Release.Candidate.app/Contents/Developer/Platforms/WatchOS.platform/Developer/usr/lib -F /Users/admin/builder/spi-builder-workspace/.derivedData/Build/Products/Debug-watchos/PackageFrameworks -F /Users/admin/builder/spi-builder-workspace/.derivedData/Build/Products/Debug-watchos -F /Applications/Xcode-27.0.0-Release.Candidate.app/Contents/Developer/Platforms/WatchOS.platform/Developer/Library/Frameworks -F /Applications/Xcode-27.0.0-Release.Candidate.app/Contents/Developer/Platforms/WatchOS.platform/Developer/SDKs/WatchOS27.0.sdk/Developer/Library/Frameworks -c -j10 -enable-batch-mode -incremental -Xcc -ivfsstatcache -Xcc /Users/admin/builder/spi-builder-workspace/.derivedData/SDKStatCaches.noindex/watchos27.0-24R360-e829b21a6f8c9b70876ba0858053c04477534ef55a1706bf4c1112bbb242f0a2.sdkstatcache -output-file-map /Users/admin/builder/spi-builder-workspace/.derivedData/Build/Intermediates.noindex/Empire.build/Debug-watchos/LMDB-t.build/Objects-normal/arm64_32/LMDB-OutputFileMap.json -save-temps -no-color-diagnostics -explicit-module-build -module-cache-path /Users/admin/builder/spi-builder-workspace/.derivedData/Build/Intermediates.noindex/SwiftExplicitPrecompiledModules -clang-scanner-module-cache-path /Users/admin/builder/spi-builder-workspace/.derivedData/ModuleCache.noindex -sdk-module-cache-path /Users/admin/builder/spi-builder-workspace/.derivedData/SDKExplicitPrecompiledModules -emit-dependencies -emit-module -emit-module-path /Users/admin/builder/spi-builder-workspace/.derivedData/Build/Intermediates.noindex/Empire.build/Debug-watchos/LMDB-t.build/Objects-normal/arm64_32/LMDB.swiftmodule -serialize-diagnostics -dependency-scan-serialize-diagnostics-path /Users/admin/builder/spi-builder-workspace/.derivedData/Build/Intermediates.noindex/Empire.build/Debug-watchos/LMDB-t.build/Objects-normal/arm64_32/LMDB-dependency-scan.dia -validate-clang-modules-once -clang-build-session-file /Users/admin/builder/spi-builder-workspace/.derivedData/ModuleCache.noindex/Session.modulevalidation -Xcc -fmodules-prune-interval\=86400 -Xcc -fmodules-prune-after\=345600 -package-name spi_builder_workspace -emit-const-values -const-gather-protocols-list /Users/admin/builder/spi-builder-workspace/.derivedData/Build/Intermediates.noindex/Empire.build/Debug-watchos/LMDB-t.build/Objects-normal/arm64_32/LMDB_const_extract_protocols.json -Xcc -I/Users/admin/builder/spi-builder-workspace/lmdb/libraries/liblmdb -Xcc -I/Users/admin/builder/spi-builder-workspace/.derivedData/Build/Products/Debug-watchos/include -Xcc -I/Users/admin/builder/spi-builder-workspace/.derivedData/Build/Intermediates.noindex/Empire.build/Debug-watchos/LMDB-t.build/DerivedSources-normal/arm64_32 -Xcc -I/Users/admin/builder/spi-builder-workspace/.derivedData/Build/Intermediates.noindex/Empire.build/Debug-watchos/LMDB-t.build/DerivedSources/arm64_32 -Xcc -I/Users/admin/builder/spi-builder-workspace/.derivedData/Build/Intermediates.noindex/Empire.build/Debug-watchos/LMDB-t.build/DerivedSources -Xcc -DSWIFT_PACKAGE -Xcc -DDEBUG\=1 -emit-objc-header -emit-objc-header-path /Users/admin/builder/spi-builder-workspace/.derivedData/Build/Intermediates.noindex/Empire.build/Debug-watchos/LMDB-t.build/Objects-normal/arm64_32/LMDB-Swift.h -working-directory /Users/admin/builder/spi-builder-workspace/.swiftpm/xcode -experimental-emit-module-separately -disable-cmo
SwiftDriver PackedSerialize normal arm64_32 com.apple.xcode.tools.swift.compiler (in target 'PackedSerialize' from project 'Empire')
cd /Users/admin/builder/spi-builder-workspace/.swiftpm/xcode
builtin-SwiftDriver -- /Applications/Xcode-27.0.0-Release.Candidate.app/Contents/Developer/Toolchains/XcodeDefault.xctoolchain/usr/bin/swiftc -parse-as-library -module-name PackedSerialize -Onone @/Users/admin/builder/spi-builder-workspace/.derivedData/Build/Intermediates.noindex/Empire.build/Debug-watchos/PackedSerialize-t.build/Objects-normal/arm64_32/PackedSerialize.SwiftFileList -DSWIFT_PACKAGE -DDEBUG -DSWIFT_MODULE_RESOURCE_BUNDLE_UNAVAILABLE -DXcode -enable-experimental-feature Lifetimes -plugin-path /Applications/Xcode-27.0.0-Release.Candidate.app/Contents/Developer/Toolchains/XcodeDefault.xctoolchain/usr/lib/swift/host/plugins/testing -enable-experimental-feature DebugDescriptionMacro -sdk /Applications/Xcode-27.0.0-Release.Candidate.app/Contents/Developer/Platforms/WatchOS.platform/Developer/SDKs/WatchOS27.0.sdk -target arm64_32-apple-watchos10.0 -g -module-cache-path /Users/admin/builder/spi-builder-workspace/.derivedData/ModuleCache.noindex -Xfrontend -serialize-debugging-options -profile-coverage-mapping -profile-generate -enable-testing -index-store-path /Users/admin/builder/spi-builder-workspace/.derivedData/Index.noindex/DataStore -Xcc -D_LIBCPP_HARDENING_MODE\=_LIBCPP_HARDENING_MODE_DEBUG -swift-version 6 -I /Users/admin/builder/spi-builder-workspace/.derivedData/Build/Products/Debug-watchos -Isystem /Applications/Xcode-27.0.0-Release.Candidate.app/Contents/Developer/Platforms/WatchOS.platform/Developer/usr/lib -F /Users/admin/builder/spi-builder-workspace/.derivedData/Build/Products/Debug-watchos -F /Applications/Xcode-27.0.0-Release.Candidate.app/Contents/Developer/Platforms/WatchOS.platform/Developer/Library/Frameworks -F /Applications/Xcode-27.0.0-Release.Candidate.app/Contents/Developer/Platforms/WatchOS.platform/Developer/SDKs/WatchOS27.0.sdk/Developer/Library/Frameworks -c -j10 -enable-batch-mode -incremental -Xcc -ivfsstatcache -Xcc /Users/admin/builder/spi-builder-workspace/.derivedData/SDKStatCaches.noindex/watchos27.0-24R360-e829b21a6f8c9b70876ba0858053c04477534ef55a1706bf4c1112bbb242f0a2.sdkstatcache -output-file-map /Users/admin/builder/spi-builder-workspace/.derivedData/Build/Intermediates.noindex/Empire.build/Debug-watchos/PackedSerialize-t.build/Objects-normal/arm64_32/PackedSerialize-OutputFileMap.json -save-temps -no-color-diagnostics -explicit-module-build -module-cache-path /Users/admin/builder/spi-builder-workspace/.derivedData/Build/Intermediates.noindex/SwiftExplicitPrecompiledModules -clang-scanner-module-cache-path /Users/admin/builder/spi-builder-workspace/.derivedData/ModuleCache.noindex -sdk-module-cache-path /Users/admin/builder/spi-builder-workspace/.derivedData/SDKExplicitPrecompiledModules -emit-dependencies -emit-module -emit-module-path /Users/admin/builder/spi-builder-workspace/.derivedData/Build/Intermediates.noindex/Empire.build/Debug-watchos/PackedSerialize-t.build/Objects-normal/arm64_32/PackedSerialize.swiftmodule -serialize-diagnostics -dependency-scan-serialize-diagnostics-path /Users/admin/builder/spi-builder-workspace/.derivedData/Build/Intermediates.noindex/Empire.build/Debug-watchos/PackedSerialize-t.build/Objects-normal/arm64_32/PackedSerialize-dependency-scan.dia -validate-clang-modules-once -clang-build-session-file /Users/admin/builder/spi-builder-workspace/.derivedData/ModuleCache.noindex/Session.modulevalidation -Xcc -fmodules-prune-interval\=86400 -Xcc -fmodules-prune-after\=345600 -package-name spi_builder_workspace -emit-const-values -const-gather-protocols-list /Users/admin/builder/spi-builder-workspace/.derivedData/Build/Intermediates.noindex/Empire.build/Debug-watchos/PackedSerialize-t.build/Objects-normal/arm64_32/PackedSerialize_const_extract_protocols.json -Xcc -I/Users/admin/builder/spi-builder-workspace/.derivedData/Build/Products/Debug-watchos/include -Xcc -I/Users/admin/builder/spi-builder-workspace/.derivedData/Build/Intermediates.noindex/Empire.build/Debug-watchos/PackedSerialize-t.build/DerivedSources-normal/arm64_32 -Xcc -I/Users/admin/builder/spi-builder-workspace/.derivedData/Build/Intermediates.noindex/Empire.build/Debug-watchos/PackedSerialize-t.build/DerivedSources/arm64_32 -Xcc -I/Users/admin/builder/spi-builder-workspace/.derivedData/Build/Intermediates.noindex/Empire.build/Debug-watchos/PackedSerialize-t.build/DerivedSources -Xcc -DSWIFT_PACKAGE -Xcc -DDEBUG\=1 -emit-objc-header -emit-objc-header-path /Users/admin/builder/spi-builder-workspace/.derivedData/Build/Intermediates.noindex/Empire.build/Debug-watchos/PackedSerialize-t.build/Objects-normal/arm64_32/PackedSerialize-Swift.h -working-directory /Users/admin/builder/spi-builder-workspace/.swiftpm/xcode -experimental-emit-module-separately -disable-cmo
PrecompileModule /Users/admin/builder/spi-builder-workspace/.derivedData/Build/Intermediates.noindex/ExplicitPrecompiledModules/_Builtin_stddef-7EG81K0JABP26PL5S5JL0F7JI.scan
cd /
builtin-precompileModule /Users/admin/builder/spi-builder-workspace/.derivedData/Build/Intermediates.noindex/ExplicitPrecompiledModules/_Builtin_stddef-7EG81K0JABP26PL5S5JL0F7JI.scan
PrecompileModule /Users/admin/builder/spi-builder-workspace/.derivedData/Build/Intermediates.noindex/ExplicitPrecompiledModules/ptrcheck-4KUD59CEWH32S0XKBZ45H65GK.scan
cd /
builtin-precompileModule /Users/admin/builder/spi-builder-workspace/.derivedData/Build/Intermediates.noindex/ExplicitPrecompiledModules/ptrcheck-4KUD59CEWH32S0XKBZ45H65GK.scan
PrecompileModule /Users/admin/builder/spi-builder-workspace/.derivedData/Build/Intermediates.noindex/ExplicitPrecompiledModules/_AvailabilityInternal-8F2WLBERPNETC3KWT87LE4MAE.scan
cd /
builtin-precompileModule /Users/admin/builder/spi-builder-workspace/.derivedData/Build/Intermediates.noindex/ExplicitPrecompiledModules/_AvailabilityInternal-8F2WLBERPNETC3KWT87LE4MAE.scan
PrecompileModule /Users/admin/builder/spi-builder-workspace/.derivedData/Build/Intermediates.noindex/ExplicitPrecompiledModules/ptrcheck-A8MOPXSIKHPA72ZTKFRF0PNS4.scan
cd /
builtin-precompileModule /Users/admin/builder/spi-builder-workspace/.derivedData/Build/Intermediates.noindex/ExplicitPrecompiledModules/ptrcheck-A8MOPXSIKHPA72ZTKFRF0PNS4.scan
PrecompileModule /Users/admin/builder/spi-builder-workspace/.derivedData/Build/Intermediates.noindex/ExplicitPrecompiledModules/_Builtin_stdarg-2W8OH5ZGHW27SCBFWB39HBCK0.scan
cd /
builtin-precompileModule /Users/admin/builder/spi-builder-workspace/.derivedData/Build/Intermediates.noindex/ExplicitPrecompiledModules/_Builtin_stdarg-2W8OH5ZGHW27SCBFWB39HBCK0.scan
PrecompileModule /Users/admin/builder/spi-builder-workspace/.derivedData/Build/Intermediates.noindex/ExplicitPrecompiledModules/_Builtin_float-7JA5DMZWZEU9AI99FDGG30ZX0.scan
cd /
builtin-precompileModule /Users/admin/builder/spi-builder-workspace/.derivedData/Build/Intermediates.noindex/ExplicitPrecompiledModules/_Builtin_float-7JA5DMZWZEU9AI99FDGG30ZX0.scan
PrecompileModule /Users/admin/builder/spi-builder-workspace/.derivedData/Build/Intermediates.noindex/ExplicitPrecompiledModules/_Builtin_stdarg-6XEVM4YARGS0756C8Z2N595H9.scan
cd /
builtin-precompileModule /Users/admin/builder/spi-builder-workspace/.derivedData/Build/Intermediates.noindex/ExplicitPrecompiledModules/_Builtin_stdarg-6XEVM4YARGS0756C8Z2N595H9.scan
PrecompileModule /Users/admin/builder/spi-builder-workspace/.derivedData/Build/Intermediates.noindex/ExplicitPrecompiledModules/_AvailabilityInternal-18343A4RJODS7K3VPSSVX2WAO.scan
cd /
builtin-precompileModule /Users/admin/builder/spi-builder-workspace/.derivedData/Build/Intermediates.noindex/ExplicitPrecompiledModules/_AvailabilityInternal-18343A4RJODS7K3VPSSVX2WAO.scan
PrecompileModule /Users/admin/builder/spi-builder-workspace/.derivedData/Build/Intermediates.noindex/ExplicitPrecompiledModules/_Builtin_float-EY7UKJUEE1DAUAQCL2PEH353K.scan
cd /
builtin-precompileModule /Users/admin/builder/spi-builder-workspace/.derivedData/Build/Intermediates.noindex/ExplicitPrecompiledModules/_Builtin_float-EY7UKJUEE1DAUAQCL2PEH353K.scan
PrecompileModule /Users/admin/builder/spi-builder-workspace/.derivedData/Build/Intermediates.noindex/ExplicitPrecompiledModules/_Builtin_stddef-1LBS9QU33F57IF0HVNWP4AXXJ.scan
cd /
builtin-precompileModule /Users/admin/builder/spi-builder-workspace/.derivedData/Build/Intermediates.noindex/ExplicitPrecompiledModules/_Builtin_stddef-1LBS9QU33F57IF0HVNWP4AXXJ.scan
PrecompileModule /Users/admin/builder/spi-builder-workspace/.derivedData/Build/Intermediates.noindex/ExplicitPrecompiledModules/_DarwinFoundation1-8H2G9EQTNL19F5OWVOMSM05TG.scan
cd /
builtin-precompileModule /Users/admin/builder/spi-builder-workspace/.derivedData/Build/Intermediates.noindex/ExplicitPrecompiledModules/_DarwinFoundation1-8H2G9EQTNL19F5OWVOMSM05TG.scan
PrecompileModule /Users/admin/builder/spi-builder-workspace/.derivedData/Build/Intermediates.noindex/ExplicitPrecompiledModules/_DarwinFoundation1-E3654MPNEO3JULNVOVWHAHMUB.scan
cd /
builtin-precompileModule /Users/admin/builder/spi-builder-workspace/.derivedData/Build/Intermediates.noindex/ExplicitPrecompiledModules/_DarwinFoundation1-E3654MPNEO3JULNVOVWHAHMUB.scan
PrecompileModule /Users/admin/builder/spi-builder-workspace/.derivedData/Build/Intermediates.noindex/ExplicitPrecompiledModules/_Builtin_stdbool-A2Z18KH6ML1B7SOI6NT1TEJP5.scan
cd /
builtin-precompileModule /Users/admin/builder/spi-builder-workspace/.derivedData/Build/Intermediates.noindex/ExplicitPrecompiledModules/_Builtin_stdbool-A2Z18KH6ML1B7SOI6NT1TEJP5.scan
PrecompileModule /Users/admin/builder/spi-builder-workspace/.derivedData/Build/Intermediates.noindex/ExplicitPrecompiledModules/_Builtin_stdbool-C3MXPU5H2UD2TOAMRWR0QVSN.scan
cd /
builtin-precompileModule /Users/admin/builder/spi-builder-workspace/.derivedData/Build/Intermediates.noindex/ExplicitPrecompiledModules/_Builtin_stdbool-C3MXPU5H2UD2TOAMRWR0QVSN.scan
PrecompileModule /Users/admin/builder/spi-builder-workspace/.derivedData/Build/Intermediates.noindex/ExplicitPrecompiledModules/_Builtin_limits-6P797Q6S98L5F8D873IU1XTUH.scan
cd /
builtin-precompileModule /Users/admin/builder/spi-builder-workspace/.derivedData/Build/Intermediates.noindex/ExplicitPrecompiledModules/_Builtin_limits-6P797Q6S98L5F8D873IU1XTUH.scan
PrecompileModule /Users/admin/builder/spi-builder-workspace/.derivedData/Build/Intermediates.noindex/ExplicitPrecompiledModules/_DarwinFoundation2-AECLMC0X284CQ3B6ENYX3D4CE.scan
cd /
builtin-precompileModule /Users/admin/builder/spi-builder-workspace/.derivedData/Build/Intermediates.noindex/ExplicitPrecompiledModules/_DarwinFoundation2-AECLMC0X284CQ3B6ENYX3D4CE.scan
PrecompileModule /Users/admin/builder/spi-builder-workspace/.derivedData/Build/Intermediates.noindex/ExplicitPrecompiledModules/_Builtin_limits-ZT92YZRQ4OFXLPPLHRF0W81C.scan
cd /
builtin-precompileModule /Users/admin/builder/spi-builder-workspace/.derivedData/Build/Intermediates.noindex/ExplicitPrecompiledModules/_Builtin_limits-ZT92YZRQ4OFXLPPLHRF0W81C.scan
PrecompileModule /Users/admin/builder/spi-builder-workspace/.derivedData/Build/Intermediates.noindex/ExplicitPrecompiledModules/_DarwinFoundation2-1DPN3RVOCHSD6EMWM2LJEYIQQ.scan
cd /
builtin-precompileModule /Users/admin/builder/spi-builder-workspace/.derivedData/Build/Intermediates.noindex/ExplicitPrecompiledModules/_DarwinFoundation2-1DPN3RVOCHSD6EMWM2LJEYIQQ.scan
PrecompileModule /Users/admin/builder/spi-builder-workspace/.derivedData/Build/Intermediates.noindex/ExplicitPrecompiledModules/_Builtin_stdint-8MNHQ27CORC0K4ODSMHDFNZBK.scan
cd /
builtin-precompileModule /Users/admin/builder/spi-builder-workspace/.derivedData/Build/Intermediates.noindex/ExplicitPrecompiledModules/_Builtin_stdint-8MNHQ27CORC0K4ODSMHDFNZBK.scan
PrecompileModule /Users/admin/builder/spi-builder-workspace/.derivedData/Build/Intermediates.noindex/ExplicitPrecompiledModules/_Builtin_stdint-8T0T3AGY4JNM5Y3W6GHJR2OHF.scan
cd /
builtin-precompileModule /Users/admin/builder/spi-builder-workspace/.derivedData/Build/Intermediates.noindex/ExplicitPrecompiledModules/_Builtin_stdint-8T0T3AGY4JNM5Y3W6GHJR2OHF.scan
PrecompileModule /Users/admin/builder/spi-builder-workspace/.derivedData/Build/Intermediates.noindex/ExplicitPrecompiledModules/_DarwinFoundation3-68KX1NZDHIZI11983SU380G0R.scan
cd /
builtin-precompileModule /Users/admin/builder/spi-builder-workspace/.derivedData/Build/Intermediates.noindex/ExplicitPrecompiledModules/_DarwinFoundation3-68KX1NZDHIZI11983SU380G0R.scan
PrecompileModule /Users/admin/builder/spi-builder-workspace/.derivedData/Build/Intermediates.noindex/ExplicitPrecompiledModules/_DarwinFoundation3-9T6CIW7Q87YKCR586YRMLL66Z.scan
cd /
builtin-precompileModule /Users/admin/builder/spi-builder-workspace/.derivedData/Build/Intermediates.noindex/ExplicitPrecompiledModules/_DarwinFoundation3-9T6CIW7Q87YKCR586YRMLL66Z.scan
SwiftExplicitDependencyGeneratePcm arm64 /Users/admin/builder/spi-builder-workspace/.derivedData/SDKExplicitPrecompiledModules/SwiftShims-AJ4AZYHQNC33R5RLN7AGEIOMP.pcm
SwiftExplicitDependencyGeneratePcm arm64_32 /Users/admin/builder/spi-builder-workspace/.derivedData/SDKExplicitPrecompiledModules/SwiftShims-D9VBB138U50XYYGW2C2V21N3L.pcm
SwiftExplicitDependencyGeneratePcm arm64_32 /Users/admin/builder/spi-builder-workspace/.derivedData/SDKExplicitPrecompiledModules/_Builtin_float-372PLGDQ1U3B6Z5EA5DJMDORJ.pcm
SwiftExplicitDependencyGeneratePcm arm64_32 /Users/admin/builder/spi-builder-workspace/.derivedData/SDKExplicitPrecompiledModules/_Builtin_stdarg-EYJP6DFYQL9GJLH1TJ84A8MHV.pcm
SwiftExplicitDependencyGeneratePcm arm64 /Users/admin/builder/spi-builder-workspace/.derivedData/SDKExplicitPrecompiledModules/_Builtin_stddef-5OH846KKUPSJJT7GCX9XU1TKG.pcm
SwiftExplicitDependencyGeneratePcm arm64 /Users/admin/builder/spi-builder-workspace/.derivedData/SDKExplicitPrecompiledModules/ptrcheck-8K07997SIHO7YGY7UQ3LOQ3TJ.pcm
SwiftExplicitDependencyGeneratePcm arm64 /Users/admin/builder/spi-builder-workspace/.derivedData/SDKExplicitPrecompiledModules/_AvailabilityInternal-42EVAC8Q6P1ZT6G3A168N97G4.pcm
SwiftExplicitDependencyGeneratePcm arm64 /Users/admin/builder/spi-builder-workspace/.derivedData/SDKExplicitPrecompiledModules/_Builtin_stdbool-B692L2PMR118794VVYBG37897.pcm
SwiftExplicitDependencyGeneratePcm arm64_32 /Users/admin/builder/spi-builder-workspace/.derivedData/SDKExplicitPrecompiledModules/_AvailabilityInternal-22ZP1ILSQW16KHXZS5GBZHOCS.pcm
SwiftExplicitDependencyGeneratePcm arm64_32 /Users/admin/builder/spi-builder-workspace/.derivedData/SDKExplicitPrecompiledModules/_SwiftConcurrencyShims-58G4ISYSYDV3AT1DDGEE0QCUF.pcm
SwiftExplicitDependencyGeneratePcm arm64_32 /Users/admin/builder/spi-builder-workspace/.derivedData/SDKExplicitPrecompiledModules/ptrcheck-EAZ3I917ZFA9H6ZCL6PGLG4TR.pcm
SwiftExplicitDependencyGeneratePcm arm64_32 /Users/admin/builder/spi-builder-workspace/.derivedData/SDKExplicitPrecompiledModules/_Builtin_stdbool-84ZA1VDW90AGWZ2LF5KOCM8DZ.pcm
SwiftExplicitDependencyGeneratePcm arm64 /Users/admin/builder/spi-builder-workspace/.derivedData/SDKExplicitPrecompiledModules/_SwiftConcurrencyShims-CTPSFSTDCBVSSQFHL6I305U72.pcm
SwiftExplicitDependencyGeneratePcm arm64 /Users/admin/builder/spi-builder-workspace/.derivedData/SDKExplicitPrecompiledModules/_Builtin_float-E4M4A8689VXF1T7P7BV56IKBT.pcm
SwiftExplicitDependencyGeneratePcm arm64 /Users/admin/builder/spi-builder-workspace/.derivedData/SDKExplicitPrecompiledModules/_Builtin_stdarg-3X4KLXUYEI0UGBILP4X7D0CYW.pcm
SwiftExplicitDependencyGeneratePcm arm64 /Users/admin/builder/spi-builder-workspace/.derivedData/SDKExplicitPrecompiledModules/ptrauth-C7VQASAJ967Q4Q6SRD4I3CFWZ.pcm
SwiftExplicitDependencyGeneratePcm arm64_32 /Users/admin/builder/spi-builder-workspace/.derivedData/SDKExplicitPrecompiledModules/ptrauth-EW7YZZ7LEZE1QZF2T8148IPSA.pcm
SwiftExplicitDependencyGeneratePcm arm64_32 /Users/admin/builder/spi-builder-workspace/.derivedData/SDKExplicitPrecompiledModules/_Builtin_stddef-2F9BFIPBQ5EWNSK5G7G7V4EKL.pcm
PrecompileModule /Users/admin/builder/spi-builder-workspace/.derivedData/Build/Intermediates.noindex/ExplicitPrecompiledModules/_Builtin_inttypes-5JJC1V0WLND0O7CEMDWB230W0.scan
cd /
builtin-precompileModule /Users/admin/builder/spi-builder-workspace/.derivedData/Build/Intermediates.noindex/ExplicitPrecompiledModules/_Builtin_inttypes-5JJC1V0WLND0O7CEMDWB230W0.scan
PrecompileModule /Users/admin/builder/spi-builder-workspace/.derivedData/Build/Intermediates.noindex/ExplicitPrecompiledModules/_Builtin_inttypes-115Z0YVOMOVE613M8BRJILGH9.scan
cd /
builtin-precompileModule /Users/admin/builder/spi-builder-workspace/.derivedData/Build/Intermediates.noindex/ExplicitPrecompiledModules/_Builtin_inttypes-115Z0YVOMOVE613M8BRJILGH9.scan
SwiftExplicitDependencyGeneratePcm arm64_32 /Users/admin/builder/spi-builder-workspace/.derivedData/SDKExplicitPrecompiledModules/_DarwinFoundation1-5SNIO0SFHX9KJZTLQGIPAPXUZ.pcm
SwiftExplicitDependencyGeneratePcm arm64 /Users/admin/builder/spi-builder-workspace/.derivedData/SDKExplicitPrecompiledModules/_DarwinFoundation1-7YQ9TVI7XTOGQU9OADRXP33D1.pcm
PrecompileModule /Users/admin/builder/spi-builder-workspace/.derivedData/Build/Intermediates.noindex/ExplicitPrecompiledModules/Darwin-4MX6UOC4RXPHFAF7Q4PF782MI.scan
cd /
builtin-precompileModule /Users/admin/builder/spi-builder-workspace/.derivedData/Build/Intermediates.noindex/ExplicitPrecompiledModules/Darwin-4MX6UOC4RXPHFAF7Q4PF782MI.scan
CompileC /Users/admin/builder/spi-builder-workspace/.derivedData/Build/Intermediates.noindex/Empire.build/Debug-watchos/CLMDB-t.build/Objects-normal/arm64/midl.o /Users/admin/builder/spi-builder-workspace/lmdb/libraries/liblmdb/midl.c normal arm64 c com.apple.compilers.llvm.clang.1_0.compiler (in target 'CLMDB' from project 'Empire')
cd /Users/admin/builder/spi-builder-workspace/.swiftpm/xcode
Using response file: /Users/admin/builder/spi-builder-workspace/.derivedData/Build/Intermediates.noindex/Empire.build/Debug-watchos/CLMDB-t.build/Objects-normal/arm64/7187679823f38a2a940e0043cdf9d637-common-args.resp
/Applications/Xcode-27.0.0-Release.Candidate.app/Contents/Developer/Toolchains/XcodeDefault.xctoolchain/usr/bin/clang -x c -ivfsstatcache /Users/admin/builder/spi-builder-workspace/.derivedData/SDKStatCaches.noindex/watchos27.0-24R360-e829b21a6f8c9b70876ba0858053c04477534ef55a1706bf4c1112bbb242f0a2.sdkstatcache -target arm64-apple-watchos10.0 -fmessage-length\=0 -fdiagnostics-show-note-include-stack -fmacro-backtrace-limit\=0 -fno-color-diagnostics -fmodules-prune-interval\=86400 -fmodules-prune-after\=345600 -fbuild-session-file\=/Users/admin/builder/spi-builder-workspace/.derivedData/ModuleCache.noindex/Session.modulevalidation -fmodules-validate-once-per-build-session -Wnon-modular-include-in-framework-module -Werror\=non-modular-include-in-framework-module -Wno-trigraphs -Wno-missing-field-initializers -Wno-missing-prototypes -Wno-return-type -Wno-missing-braces -Wparentheses -Wswitch -Wno-unused-function -Wno-unused-label -Wno-unused-parameter -Wno-unused-variable -Wunused-value -Wno-empty-body -Wno-uninitialized -Wno-unknown-pragmas -Wno-shadow -Wno-four-char-constants -Wno-conversion -Wno-constant-conversion -Wno-int-conversion -Wno-bool-conversion -Wno-enum-conversion -Wno-float-conversion -Wno-non-literal-null-conversion -Wno-objc-literal-conversion -Wshorten-64-to-32 -Wpointer-sign -Wno-newline-eof -Wno-implicit-fallthrough -isysroot /Applications/Xcode-27.0.0-Release.Candidate.app/Contents/Developer/Platforms/WatchOS.platform/Developer/SDKs/WatchOS27.0.sdk -fstrict-aliasing -Wdeprecated-declarations -Wno-sign-conversion -Wno-infinite-recursion -Wno-comma -Wno-block-capture-autoreleasing -Wno-strict-prototypes -Wno-semicolon-before-method-body -index-store-path /Users/admin/builder/spi-builder-workspace/.derivedData/Index.noindex/DataStore @/Users/admin/builder/spi-builder-workspace/.derivedData/Build/Intermediates.noindex/Empire.build/Debug-watchos/CLMDB-t.build/Objects-normal/arm64/7187679823f38a2a940e0043cdf9d637-common-args.resp -MMD -MT dependencies -MF /Users/admin/builder/spi-builder-workspace/.derivedData/Build/Intermediates.noindex/Empire.build/Debug-watchos/CLMDB-t.build/Objects-normal/arm64/midl.d --serialize-diagnostics /Users/admin/builder/spi-builder-workspace/.derivedData/Build/Intermediates.noindex/Empire.build/Debug-watchos/CLMDB-t.build/Objects-normal/arm64/midl.dia -c /Users/admin/builder/spi-builder-workspace/lmdb/libraries/liblmdb/midl.c -o /Users/admin/builder/spi-builder-workspace/.derivedData/Build/Intermediates.noindex/Empire.build/Debug-watchos/CLMDB-t.build/Objects-normal/arm64/midl.o -index-unit-output-path /Empire.build/Debug-watchos/CLMDB-t.build/Objects-normal/arm64/midl.o
/Users/admin/builder/spi-builder-workspace/lmdb/libraries/liblmdb/midl.c:44:15: warning: implicit conversion loses integer precision: 'MDB_ID' (aka 'unsigned long') to 'unsigned int' [-Wshorten-64-to-32]
44 | unsigned n = ids[0];
| ~ ^~~~~~
/Users/admin/builder/spi-builder-workspace/lmdb/libraries/liblmdb/midl.c:176:26: warning: implicit conversion loses integer precision: 'MDB_ID' (aka 'unsigned long') to 'int' [-Wshorten-64-to-32]
176 | if (mdb_midl_grow(idp, app[0]))
| ~~~~~~~~~~~~~ ^~~~~~
2 warnings generated.
PrecompileModule /Users/admin/builder/spi-builder-workspace/.derivedData/Build/Intermediates.noindex/ExplicitPrecompiledModules/Darwin-27AKU55BFVLSIFY2NBZC7DEVH.scan
cd /
builtin-precompileModule /Users/admin/builder/spi-builder-workspace/.derivedData/Build/Intermediates.noindex/ExplicitPrecompiledModules/Darwin-27AKU55BFVLSIFY2NBZC7DEVH.scan
CompileC /Users/admin/builder/spi-builder-workspace/.derivedData/Build/Intermediates.noindex/Empire.build/Debug-watchos/CLMDB-t.build/Objects-normal/arm64_32/midl.o /Users/admin/builder/spi-builder-workspace/lmdb/libraries/liblmdb/midl.c normal arm64_32 c com.apple.compilers.llvm.clang.1_0.compiler (in target 'CLMDB' from project 'Empire')
cd /Users/admin/builder/spi-builder-workspace/.swiftpm/xcode
Using response file: /Users/admin/builder/spi-builder-workspace/.derivedData/Build/Intermediates.noindex/Empire.build/Debug-watchos/CLMDB-t.build/Objects-normal/arm64_32/7187679823f38a2a940e0043cdf9d637-common-args.resp
/Applications/Xcode-27.0.0-Release.Candidate.app/Contents/Developer/Toolchains/XcodeDefault.xctoolchain/usr/bin/clang -x c -ivfsstatcache /Users/admin/builder/spi-builder-workspace/.derivedData/SDKStatCaches.noindex/watchos27.0-24R360-e829b21a6f8c9b70876ba0858053c04477534ef55a1706bf4c1112bbb242f0a2.sdkstatcache -target arm64_32-apple-watchos10.0 -fmessage-length\=0 -fdiagnostics-show-note-include-stack -fmacro-backtrace-limit\=0 -fno-color-diagnostics -fmodules-prune-interval\=86400 -fmodules-prune-after\=345600 -fbuild-session-file\=/Users/admin/builder/spi-builder-workspace/.derivedData/ModuleCache.noindex/Session.modulevalidation -fmodules-validate-once-per-build-session -Wnon-modular-include-in-framework-module -Werror\=non-modular-include-in-framework-module -Wno-trigraphs -Wno-missing-field-initializers -Wno-missing-prototypes -Wno-return-type -Wno-missing-braces -Wparentheses -Wswitch -Wno-unused-function -Wno-unused-label -Wno-unused-parameter -Wno-unused-variable -Wunused-value -Wno-empty-body -Wno-uninitialized -Wno-unknown-pragmas -Wno-shadow -Wno-four-char-constants -Wno-conversion -Wno-constant-conversion -Wno-int-conversion -Wno-bool-conversion -Wno-enum-conversion -Wno-float-conversion -Wno-non-literal-null-conversion -Wno-objc-literal-conversion -Wno-shorten-64-to-32 -Wpointer-sign -Wno-newline-eof -Wno-implicit-fallthrough -isysroot /Applications/Xcode-27.0.0-Release.Candidate.app/Contents/Developer/Platforms/WatchOS.platform/Developer/SDKs/WatchOS27.0.sdk -fstrict-aliasing -Wdeprecated-declarations -Wno-sign-conversion -Wno-infinite-recursion -Wno-comma -Wno-block-capture-autoreleasing -Wno-strict-prototypes -Wno-semicolon-before-method-body -index-store-path /Users/admin/builder/spi-builder-workspace/.derivedData/Index.noindex/DataStore @/Users/admin/builder/spi-builder-workspace/.derivedData/Build/Intermediates.noindex/Empire.build/Debug-watchos/CLMDB-t.build/Objects-normal/arm64_32/7187679823f38a2a940e0043cdf9d637-common-args.resp -MMD -MT dependencies -MF /Users/admin/builder/spi-builder-workspace/.derivedData/Build/Intermediates.noindex/Empire.build/Debug-watchos/CLMDB-t.build/Objects-normal/arm64_32/midl.d --serialize-diagnostics /Users/admin/builder/spi-builder-workspace/.derivedData/Build/Intermediates.noindex/Empire.build/Debug-watchos/CLMDB-t.build/Objects-normal/arm64_32/midl.dia -c /Users/admin/builder/spi-builder-workspace/lmdb/libraries/liblmdb/midl.c -o /Users/admin/builder/spi-builder-workspace/.derivedData/Build/Intermediates.noindex/Empire.build/Debug-watchos/CLMDB-t.build/Objects-normal/arm64_32/midl.o -index-unit-output-path /Empire.build/Debug-watchos/CLMDB-t.build/Objects-normal/arm64_32/midl.o
SwiftExplicitDependencyGeneratePcm arm64_32 /Users/admin/builder/spi-builder-workspace/.derivedData/SDKExplicitPrecompiledModules/_DarwinFoundation2-FP2Q8F1Q2HR151SBYKTU6Q8B.pcm
SwiftExplicitDependencyGeneratePcm arm64_32 /Users/admin/builder/spi-builder-workspace/.derivedData/SDKExplicitPrecompiledModules/_Builtin_limits-AQMEC9CLG0FZQN6TLGDQ6WF78.pcm
SwiftExplicitDependencyGeneratePcm arm64 /Users/admin/builder/spi-builder-workspace/.derivedData/SDKExplicitPrecompiledModules/_Builtin_limits-75TRA1C7IHYOFCG3KJXQVTHJ4.pcm
SwiftExplicitDependencyGeneratePcm arm64 /Users/admin/builder/spi-builder-workspace/.derivedData/SDKExplicitPrecompiledModules/_DarwinFoundation2-CUPL4FH2SA95GMALQP4M6O8UA.pcm
SwiftExplicitDependencyGeneratePcm arm64_32 /Users/admin/builder/spi-builder-workspace/.derivedData/SDKExplicitPrecompiledModules/sys_types-65NN51P1G7GN2GUAUPC53JJ7N.pcm
SwiftExplicitDependencyGeneratePcm arm64 /Users/admin/builder/spi-builder-workspace/.derivedData/SDKExplicitPrecompiledModules/string_h-4N9Z22C0HUO8GV7GFPCLZRZA2.pcm
SwiftExplicitDependencyGeneratePcm arm64 /Users/admin/builder/spi-builder-workspace/.derivedData/SDKExplicitPrecompiledModules/_Builtin_stdint-6TUACK4YPMARFT56PLIO388SJ.pcm
SwiftExplicitDependencyGeneratePcm arm64 /Users/admin/builder/spi-builder-workspace/.derivedData/SDKExplicitPrecompiledModules/sys_types-9KPVYINL86WUSHF45TU8PWZZ1.pcm
SwiftExplicitDependencyGeneratePcm arm64_32 /Users/admin/builder/spi-builder-workspace/.derivedData/SDKExplicitPrecompiledModules/_Builtin_stdint-6IWJLTRH2WB6RCG4THPA65RDS.pcm
SwiftExplicitDependencyGeneratePcm arm64_32 /Users/admin/builder/spi-builder-workspace/.derivedData/SDKExplicitPrecompiledModules/string_h-8QY7P4ZQXQAF14WVDITTM4R70.pcm
SwiftExplicitDependencyGeneratePcm arm64_32 /Users/admin/builder/spi-builder-workspace/.derivedData/SDKExplicitPrecompiledModules/_DarwinFoundation3-3YOBOPIW2MF1LRNQH7JBUBY4G.pcm
SwiftExplicitDependencyGeneratePcm arm64 /Users/admin/builder/spi-builder-workspace/.derivedData/SDKExplicitPrecompiledModules/_DarwinFoundation3-EJXZKD8LN9EYM9OWP9VLJ49PK.pcm
CompileC /Users/admin/builder/spi-builder-workspace/.derivedData/Build/Intermediates.noindex/Empire.build/Debug-watchos/CLMDB-t.build/Objects-normal/arm64_32/mdb.o /Users/admin/builder/spi-builder-workspace/lmdb/libraries/liblmdb/mdb.c normal arm64_32 c com.apple.compilers.llvm.clang.1_0.compiler (in target 'CLMDB' from project 'Empire')
cd /Users/admin/builder/spi-builder-workspace/.swiftpm/xcode
Using response file: /Users/admin/builder/spi-builder-workspace/.derivedData/Build/Intermediates.noindex/Empire.build/Debug-watchos/CLMDB-t.build/Objects-normal/arm64_32/7187679823f38a2a940e0043cdf9d637-common-args.resp
/Applications/Xcode-27.0.0-Release.Candidate.app/Contents/Developer/Toolchains/XcodeDefault.xctoolchain/usr/bin/clang -x c -ivfsstatcache /Users/admin/builder/spi-builder-workspace/.derivedData/SDKStatCaches.noindex/watchos27.0-24R360-e829b21a6f8c9b70876ba0858053c04477534ef55a1706bf4c1112bbb242f0a2.sdkstatcache -target arm64_32-apple-watchos10.0 -fmessage-length\=0 -fdiagnostics-show-note-include-stack -fmacro-backtrace-limit\=0 -fno-color-diagnostics -fmodules-prune-interval\=86400 -fmodules-prune-after\=345600 -fbuild-session-file\=/Users/admin/builder/spi-builder-workspace/.derivedData/ModuleCache.noindex/Session.modulevalidation -fmodules-validate-once-per-build-session -Wnon-modular-include-in-framework-module -Werror\=non-modular-include-in-framework-module -Wno-trigraphs -Wno-missing-field-initializers -Wno-missing-prototypes -Wno-return-type -Wno-missing-braces -Wparentheses -Wswitch -Wno-unused-function -Wno-unused-label -Wno-unused-parameter -Wno-unused-variable -Wunused-value -Wno-empty-body -Wno-uninitialized -Wno-unknown-pragmas -Wno-shadow -Wno-four-char-constants -Wno-conversion -Wno-constant-conversion -Wno-int-conversion -Wno-bool-conversion -Wno-enum-conversion -Wno-float-conversion -Wno-non-literal-null-conversion -Wno-objc-literal-conversion -Wno-shorten-64-to-32 -Wpointer-sign -Wno-newline-eof -Wno-implicit-fallthrough -isysroot /Applications/Xcode-27.0.0-Release.Candidate.app/Contents/Developer/Platforms/WatchOS.platform/Developer/SDKs/WatchOS27.0.sdk -fstrict-aliasing -Wdeprecated-declarations -Wno-sign-conversion -Wno-infinite-recursion -Wno-comma -Wno-block-capture-autoreleasing -Wno-strict-prototypes -Wno-semicolon-before-method-body -index-store-path /Users/admin/builder/spi-builder-workspace/.derivedData/Index.noindex/DataStore @/Users/admin/builder/spi-builder-workspace/.derivedData/Build/Intermediates.noindex/Empire.build/Debug-watchos/CLMDB-t.build/Objects-normal/arm64_32/7187679823f38a2a940e0043cdf9d637-common-args.resp -MMD -MT dependencies -MF /Users/admin/builder/spi-builder-workspace/.derivedData/Build/Intermediates.noindex/Empire.build/Debug-watchos/CLMDB-t.build/Objects-normal/arm64_32/mdb.d --serialize-diagnostics /Users/admin/builder/spi-builder-workspace/.derivedData/Build/Intermediates.noindex/Empire.build/Debug-watchos/CLMDB-t.build/Objects-normal/arm64_32/mdb.dia -c /Users/admin/builder/spi-builder-workspace/lmdb/libraries/liblmdb/mdb.c -o /Users/admin/builder/spi-builder-workspace/.derivedData/Build/Intermediates.noindex/Empire.build/Debug-watchos/CLMDB-t.build/Objects-normal/arm64_32/mdb.o -index-unit-output-path /Empire.build/Debug-watchos/CLMDB-t.build/Objects-normal/arm64_32/mdb.o
CompileC /Users/admin/builder/spi-builder-workspace/.derivedData/Build/Intermediates.noindex/Empire.build/Debug-watchos/CLMDB-t.build/Objects-normal/arm64/mdb.o /Users/admin/builder/spi-builder-workspace/lmdb/libraries/liblmdb/mdb.c normal arm64 c com.apple.compilers.llvm.clang.1_0.compiler (in target 'CLMDB' from project 'Empire')
cd /Users/admin/builder/spi-builder-workspace/.swiftpm/xcode
Using response file: /Users/admin/builder/spi-builder-workspace/.derivedData/Build/Intermediates.noindex/Empire.build/Debug-watchos/CLMDB-t.build/Objects-normal/arm64/7187679823f38a2a940e0043cdf9d637-common-args.resp
/Applications/Xcode-27.0.0-Release.Candidate.app/Contents/Developer/Toolchains/XcodeDefault.xctoolchain/usr/bin/clang -x c -ivfsstatcache /Users/admin/builder/spi-builder-workspace/.derivedData/SDKStatCaches.noindex/watchos27.0-24R360-e829b21a6f8c9b70876ba0858053c04477534ef55a1706bf4c1112bbb242f0a2.sdkstatcache -target arm64-apple-watchos10.0 -fmessage-length\=0 -fdiagnostics-show-note-include-stack -fmacro-backtrace-limit\=0 -fno-color-diagnostics -fmodules-prune-interval\=86400 -fmodules-prune-after\=345600 -fbuild-session-file\=/Users/admin/builder/spi-builder-workspace/.derivedData/ModuleCache.noindex/Session.modulevalidation -fmodules-validate-once-per-build-session -Wnon-modular-include-in-framework-module -Werror\=non-modular-include-in-framework-module -Wno-trigraphs -Wno-missing-field-initializers -Wno-missing-prototypes -Wno-return-type -Wno-missing-braces -Wparentheses -Wswitch -Wno-unused-function -Wno-unused-label -Wno-unused-parameter -Wno-unused-variable -Wunused-value -Wno-empty-body -Wno-uninitialized -Wno-unknown-pragmas -Wno-shadow -Wno-four-char-constants -Wno-conversion -Wno-constant-conversion -Wno-int-conversion -Wno-bool-conversion -Wno-enum-conversion -Wno-float-conversion -Wno-non-literal-null-conversion -Wno-objc-literal-conversion -Wshorten-64-to-32 -Wpointer-sign -Wno-newline-eof -Wno-implicit-fallthrough -isysroot /Applications/Xcode-27.0.0-Release.Candidate.app/Contents/Developer/Platforms/WatchOS.platform/Developer/SDKs/WatchOS27.0.sdk -fstrict-aliasing -Wdeprecated-declarations -Wno-sign-conversion -Wno-infinite-recursion -Wno-comma -Wno-block-capture-autoreleasing -Wno-strict-prototypes -Wno-semicolon-before-method-body -index-store-path /Users/admin/builder/spi-builder-workspace/.derivedData/Index.noindex/DataStore @/Users/admin/builder/spi-builder-workspace/.derivedData/Build/Intermediates.noindex/Empire.build/Debug-watchos/CLMDB-t.build/Objects-normal/arm64/7187679823f38a2a940e0043cdf9d637-common-args.resp -MMD -MT dependencies -MF /Users/admin/builder/spi-builder-workspace/.derivedData/Build/Intermediates.noindex/Empire.build/Debug-watchos/CLMDB-t.build/Objects-normal/arm64/mdb.d --serialize-diagnostics /Users/admin/builder/spi-builder-workspace/.derivedData/Build/Intermediates.noindex/Empire.build/Debug-watchos/CLMDB-t.build/Objects-normal/arm64/mdb.dia -c /Users/admin/builder/spi-builder-workspace/lmdb/libraries/liblmdb/mdb.c -o /Users/admin/builder/spi-builder-workspace/.derivedData/Build/Intermediates.noindex/Empire.build/Debug-watchos/CLMDB-t.build/Objects-normal/arm64/mdb.o -index-unit-output-path /Empire.build/Debug-watchos/CLMDB-t.build/Objects-normal/arm64/mdb.o
/Users/admin/builder/spi-builder-workspace/lmdb/libraries/liblmdb/mdb.c:2126:24: warning: implicit conversion loses integer precision: 'MDB_ID' (aka 'unsigned long') to 'unsigned int' [-Wshorten-64-to-32]
2126 | unsigned i, n = dl[0].mid;
| ~ ~~~~~~^~~
/Users/admin/builder/spi-builder-workspace/lmdb/libraries/liblmdb/mdb.c:2368:22: warning: implicit conversion loses integer precision: 'MDB_ID' (aka 'unsigned long') to 'unsigned int' [-Wshorten-64-to-32]
2368 | unsigned int num = sl[0];
| ~~~ ^~~~~
/Users/admin/builder/spi-builder-workspace/lmdb/libraries/liblmdb/mdb.c:2393:15: warning: implicit conversion loses integer precision: 'MDB_ID' (aka 'unsigned long') to 'unsigned int' [-Wshorten-64-to-32]
2393 | for (i=dl[0].mid; i && need; i--) {
| ~~~~~~~^~~
/Users/admin/builder/spi-builder-workspace/lmdb/libraries/liblmdb/mdb.c:2510:33: warning: implicit conversion loses integer precision: 'pgno_t' (aka 'unsigned long') to 'unsigned int' [-Wshorten-64-to-32]
2510 | unsigned i, j, mop_len = mop ? mop[0] : 0, n2 = num-1;
| ~~~~~~~ ^~~~~~
/Users/admin/builder/spi-builder-workspace/lmdb/libraries/liblmdb/mdb.c:2611:7: warning: implicit conversion loses integer precision: 'pgno_t' (aka 'unsigned long') to 'unsigned int' [-Wshorten-64-to-32]
2611 | i = idl[0];
| ~ ^~~~~~
/Users/admin/builder/spi-builder-workspace/lmdb/libraries/liblmdb/mdb.c:2631:13: warning: implicit conversion loses integer precision: 'pgno_t' (aka 'unsigned long') to 'unsigned int' [-Wshorten-64-to-32]
2631 | mop_len = mop[0];
| ~ ^~~~~~
/Users/admin/builder/spi-builder-workspace/lmdb/libraries/liblmdb/mdb.c:3294:11: warning: implicit conversion loses integer precision: 'unsigned long' to 'int' [-Wshorten-64-to-32]
3294 | size = MDB_IDL_SIZEOF(env->me_pghead);
| ~ ^~~~~~~~~~~~~~~~~~~~~~~~~~~~~~
In file included from /Users/admin/builder/spi-builder-workspace/lmdb/libraries/liblmdb/mdb.c:247:
/Users/admin/builder/spi-builder-workspace/lmdb/libraries/liblmdb/midl.h:68:44: note: expanded from macro 'MDB_IDL_SIZEOF'
68 | #define MDB_IDL_SIZEOF(ids) (((ids)[0]+1) * sizeof(MDB_ID))
| ~~~~~~~~~~~~~^~~~~~~~~~~~~~~~
/Users/admin/builder/spi-builder-workspace/lmdb/libraries/liblmdb/mdb.c:3295:36: warning: implicit conversion loses integer precision: 'pgno_t' (aka 'unsigned long') to 'int' [-Wshorten-64-to-32]
3295 | env->me_pghead = mdb_midl_alloc(env->me_pghead[0]);
| ~~~~~~~~~~~~~~ ^~~~~~~~~~~~~~~~~
/Users/admin/builder/spi-builder-workspace/lmdb/libraries/liblmdb/mdb.c:3739:29: warning: implicit conversion loses integer precision: 'MDB_ID' (aka 'unsigned long') to 'int' [-Wshorten-64-to-32]
3739 | int i, pagecount = dl[0].mid, rc;
| ~~~~~~~~~ ~~~~~~^~~
/Users/admin/builder/spi-builder-workspace/lmdb/libraries/liblmdb/mdb.c:4035:52: warning: implicit conversion loses integer precision: 'MDB_ID' (aka 'unsigned long') to 'unsigned int' [-Wshorten-64-to-32]
4035 | if ((pspill = parent->mt_spill_pgs) && (ps_len = pspill[0])) {
| ~ ^~~~~~~~~
/Users/admin/builder/spi-builder-workspace/lmdb/libraries/liblmdb/mdb.c:4039:25: warning: implicit conversion loses integer precision: 'MDB_ID' (aka 'unsigned long') to 'unsigned int' [-Wshorten-64-to-32]
4039 | for (i=0, len=src[0].mid; ++i <= len; ) {
| ~~~~~~~~^~~
/Users/admin/builder/spi-builder-workspace/lmdb/libraries/liblmdb/mdb.c:4075:14: warning: implicit conversion loses integer precision: 'MDB_ID' (aka 'unsigned long') to 'unsigned int' [-Wshorten-64-to-32]
4075 | x = dst[0].mid;
| ~ ~~~~~~~^~~
/Users/admin/builder/spi-builder-workspace/lmdb/libraries/liblmdb/mdb.c:4078:12: warning: implicit conversion loses integer precision: 'MDB_ID' (aka 'unsigned long') to 'unsigned int' [-Wshorten-64-to-32]
4078 | len = x + src[0].mid;
| ~ ~~^~~~~~~~~~~~
/Users/admin/builder/spi-builder-workspace/lmdb/libraries/liblmdb/mdb.c:4093:14: warning: implicit conversion loses integer precision: 'MDB_ID' (aka 'unsigned long') to 'unsigned int' [-Wshorten-64-to-32]
4093 | y = src[0].mid;
| ~ ~~~~~~~^~~
/Users/admin/builder/spi-builder-workspace/lmdb/libraries/liblmdb/mdb.c:4244:8: warning: implicit conversion loses integer precision: 'ssize_t' (aka 'long') to 'int' [-Wshorten-64-to-32]
4244 | rc = pread(env->me_fd, &pbuf, Size, off);
| ~ ^~~~~~~~~~~~~~~~~~~~~~~~~~~~~~~~~~~
/Users/admin/builder/spi-builder-workspace/lmdb/libraries/liblmdb/mdb.c:4335:2: warning: implicit conversion loses integer precision: 'ssize_t' (aka 'long') to 'int' [-Wshorten-64-to-32]
4335 | DO_PWRITE(rc, env->me_fd, p, psize * NUM_METAS, len, 0);
| ^~~~~~~~~~~~~~~~~~~~~~~~~~~~~~~~~~~~~~~~~~~~~~~~~~~~~~~
/Users/admin/builder/spi-builder-workspace/lmdb/libraries/liblmdb/mdb.c:4315:8: note: expanded from macro 'DO_PWRITE'
4315 | len = pwrite(fd, ptr, size, pos); \
| ~ ^~~~~~~~~~~~~~~~~~~~~~~~~~
/Users/admin/builder/spi-builder-workspace/lmdb/libraries/liblmdb/mdb.c:4418:25: warning: implicit conversion loses integer precision: 'unsigned long long' to 'int' [-Wshorten-64-to-32]
4418 | len = sizeof(MDB_meta) - off;
| ~ ~~~~~~~~~~~~~~~~~^~~~~
/Users/admin/builder/spi-builder-workspace/lmdb/libraries/liblmdb/mdb.c:4435:7: warning: implicit conversion loses integer precision: 'ssize_t' (aka 'long') to 'int' [-Wshorten-64-to-32]
4435 | rc = pwrite(mfd, ptr, len, off);
| ~ ^~~~~~~~~~~~~~~~~~~~~~~~~~
/Users/admin/builder/spi-builder-workspace/lmdb/libraries/liblmdb/mdb.c:4455:8: warning: implicit conversion loses integer precision: 'ssize_t' (aka 'long') to 'int' [-Wshorten-64-to-32]
4455 | r2 = pwrite(env->me_fd, ptr, len, off);
| ~ ^~~~~~~~~~~~~~~~~~~~~~~~~~~~~~~~~
/Users/admin/builder/spi-builder-workspace/lmdb/libraries/liblmdb/mdb.c:4511:2: warning: implicit conversion loses integer precision: 'long' to 'unsigned int' [-Wshorten-64-to-32]
4511 | GET_PAGESIZE(e->me_os_psize);
| ^~~~~~~~~~~~~~~~~~~~~~~~~~~~
/Users/admin/builder/spi-builder-workspace/lmdb/libraries/liblmdb/mdb.c:485:32: note: expanded from macro 'GET_PAGESIZE'
485 | #define GET_PAGESIZE(x) ((x) = sysconf(_SC_PAGE_SIZE))
| ~ ^~~~~~~~~~~~~~~~~~~~~~
/Users/admin/builder/spi-builder-workspace/lmdb/libraries/liblmdb/mdb.c:4777:18: warning: implicit conversion loses integer precision: 'unsigned long' to 'int' [-Wshorten-64-to-32]
4777 | fname->mn_len = strlen(path);
| ~ ^~~~~~~~~~~~
/Users/admin/builder/spi-builder-workspace/lmdb/libraries/liblmdb/mdb.c:5426:48: warning: implicit conversion loses integer precision: 'unsigned long long' to 'unsigned int' [-Wshorten-64-to-32]
5426 | env->me_maxreaders = size/sizeof(MDB_reader) + 1;
| ~ ~~~~~~~~~~~~~~~~~~~~~~~~^~~
/Users/admin/builder/spi-builder-workspace/lmdb/libraries/liblmdb/mdb.c:5993:11: warning: implicit conversion loses integer precision: 'const size_t' (aka 'const unsigned long') to 'unsigned int' [-Wshorten-64-to-32]
5993 | len = a->mv_size;
| ~ ~~~^~~~~~~
/Users/admin/builder/spi-builder-workspace/lmdb/libraries/liblmdb/mdb.c:5996:12: warning: implicit conversion loses integer precision: 'const size_t' (aka 'const unsigned long') to 'unsigned int' [-Wshorten-64-to-32]
5996 | len = b->mv_size;
| ~ ~~~^~~~~~~
/Users/admin/builder/spi-builder-workspace/lmdb/libraries/liblmdb/mdb.c:6001:41: warning: implicit conversion loses integer precision: 'ssize_t' (aka 'long') to 'int' [-Wshorten-64-to-32]
6001 | return diff ? diff : len_diff<0 ? -1 : len_diff;
| ~~~~~~ ^~~~~~~~
/Users/admin/builder/spi-builder-workspace/lmdb/libraries/liblmdb/mdb.c:6027:27: warning: implicit conversion loses integer precision: 'ssize_t' (aka 'long') to 'int' [-Wshorten-64-to-32]
6027 | return len_diff<0 ? -1 : len_diff;
| ~~~~~~ ^~~~~~~~
/Users/admin/builder/spi-builder-workspace/lmdb/libraries/liblmdb/mdb.c:6786:16: warning: implicit conversion loses integer precision: 'MDB_ID' (aka 'unsigned long') to 'unsigned int' [-Wshorten-64-to-32]
6786 | x = dl[0].mid--;
| ~ ~~~~~~~~~^~
/Users/admin/builder/spi-builder-workspace/lmdb/libraries/liblmdb/mdb.c:6794:9: warning: implicit conversion loses integer precision: 'MDB_ID' (aka 'unsigned long') to 'unsigned int' [-Wshorten-64-to-32]
6794 | j = ++(dl[0].mid);
| ~ ^~~~~~~~~~~~~
/Users/admin/builder/spi-builder-workspace/lmdb/libraries/liblmdb/mdb.c:6806:14: warning: implicit conversion loses integer precision: 'pgno_t' (aka 'unsigned long') to 'unsigned int' [-Wshorten-64-to-32]
6806 | j = mop[0] + ovpages;
| ~ ~~~~~~~^~~~~~~~~
/Users/admin/builder/spi-builder-workspace/lmdb/libraries/liblmdb/mdb.c:6807:12: warning: implicit conversion loses integer precision: 'pgno_t' (aka 'unsigned long') to 'unsigned int' [-Wshorten-64-to-32]
6807 | for (i = mop[0]; i && mop[i] < pg; i--)
| ~ ^~~~~~
/Users/admin/builder/spi-builder-workspace/lmdb/libraries/liblmdb/mdb.c:7664:20: warning: implicit conversion loses integer precision: 'size_t' (aka 'unsigned long') to 'unsigned int' [-Wshorten-64-to-32]
7664 | dcount = data[1].mv_size;
| ~ ~~~~~~~~^~~~~~~
/Users/admin/builder/spi-builder-workspace/lmdb/libraries/liblmdb/mdb.c:7877:16: warning: implicit conversion loses integer precision: 'unsigned long' to 'unsigned int' [-Wshorten-64-to-32]
7877 | offset = EVEN(NODESIZE + sizeof(indx_t) +
| ~ ^~~~~~~~~~~~~~~~~~~~~~~~~~~~~~~~
7878 | data->mv_size);
| ~~~~~~~~~~~~~~
/Users/admin/builder/spi-builder-workspace/lmdb/libraries/liblmdb/mdb.c:730:30: note: expanded from macro 'EVEN'
730 | #define EVEN(n) (((n) + 1U) & -2) /* sign-extending -2 to match n+1U */
| ~~~~~~~~~~~^~~~
/Users/admin/builder/spi-builder-workspace/lmdb/libraries/liblmdb/mdb.c:7921:29: warning: implicit conversion loses integer precision: 'size_t' (aka 'unsigned long') to 'unsigned int' [-Wshorten-64-to-32]
7921 | offset = env->me_psize - olddata.mv_size;
| ~ ~~~~~~~~~~~~~~^~~~~~~~~~~~~~~~~
/Users/admin/builder/spi-builder-workspace/lmdb/libraries/liblmdb/mdb.c:7957:33: warning: implicit conversion loses integer precision: 'size_t' (aka 'unsigned long') to 'int' [-Wshorten-64-to-32]
7957 | int level, ovpages, dpages = OVPAGES(data->mv_size, env->me_psize);
| ~~~~~~ ^~~~~~~~~~~~~~~~~~~~~~~~~~~~~~~~~~~~~
/Users/admin/builder/spi-builder-workspace/lmdb/libraries/liblmdb/mdb.c:1084:64: note: expanded from macro 'OVPAGES'
1084 | #define OVPAGES(size, psize) ((PAGEHDRSZ-1 + (size)) / (psize) + 1)
| ~~~~~~~~~~~~~~~~~~~~~~~~~~~~~~~~~^~~
/Users/admin/builder/spi-builder-workspace/lmdb/libraries/liblmdb/mdb.c:8133:51: warning: implicit conversion loses integer precision: 'mdb_size_t' (aka 'unsigned long') to 'int' [-Wshorten-64-to-32]
8133 | insert_data = mc->mc_xcursor->mx_db.md_entries - ecount;
| ~ ~~~~~~~~~~~~~~~~~~~~~~~~~~~~~~~~~^~~~~~~~
/Users/admin/builder/spi-builder-workspace/lmdb/libraries/liblmdb/mdb.c:8441:18: warning: implicit conversion loses integer precision: 'size_t' (aka 'unsigned long') to 'int' [-Wshorten-64-to-32]
8441 | int ovpages = OVPAGES(data->mv_size, mc->mc_txn->mt_env->me_psize);
| ~~~~~~~ ^~~~~~~~~~~~~~~~~~~~~~~~~~~~~~~~~~~~~~~~~~~~~~~~~~~~
/Users/admin/builder/spi-builder-workspace/lmdb/libraries/liblmdb/mdb.c:1084:64: note: expanded from macro 'OVPAGES'
1084 | #define OVPAGES(size, psize) ((PAGEHDRSZ-1 + (size)) / (psize) + 1)
| ~~~~~~~~~~~~~~~~~~~~~~~~~~~~~~~~~^~~
/Users/admin/builder/spi-builder-workspace/lmdb/libraries/liblmdb/mdb.c:8917:10: warning: implicit conversion loses integer precision: 'size_t' (aka 'unsigned long') to 'int' [-Wshorten-64-to-32]
8917 | ksize = EVEN(key->mv_size);
| ~ ^~~~~~~~~~~~~~~~~~
/Users/admin/builder/spi-builder-workspace/lmdb/libraries/liblmdb/mdb.c:730:30: note: expanded from macro 'EVEN'
730 | #define EVEN(n) (((n) + 1U) & -2) /* sign-extending -2 to match n+1U */
| ~~~~~~~~~~~^~~~
/Users/admin/builder/spi-builder-workspace/lmdb/libraries/liblmdb/mdb.c:9071:25: warning: implicit conversion loses integer precision: 'size_t' (aka 'unsigned long') to 'int' [-Wshorten-64-to-32]
9071 | mdb_node_del(csrc, key.mv_size);
| ~~~~~~~~~~~~ ~~~~^~~~~~~
/Users/admin/builder/spi-builder-workspace/lmdb/libraries/liblmdb/mdb.c:9867:13: warning: implicit conversion loses integer precision: 'size_t' (aka 'unsigned long') to 'int' [-Wshorten-64-to-32]
9867 | nsize = mdb_leaf_size(env, newkey, newdata);
| ~ ^~~~~~~~~~~~~~~~~~~~~~~~~~~~~~~~~~~
/Users/admin/builder/spi-builder-workspace/lmdb/libraries/liblmdb/mdb.c:9869:13: warning: implicit conversion loses integer precision: 'size_t' (aka 'unsigned long') to 'int' [-Wshorten-64-to-32]
9869 | nsize = mdb_branch_size(env, newkey);
| ~ ^~~~~~~~~~~~~~~~~~~~~~~~~~~~
/Users/admin/builder/spi-builder-workspace/lmdb/libraries/liblmdb/mdb.c:10246:4: warning: implicit conversion loses integer precision: 'ssize_t' (aka 'long') to 'int' [-Wshorten-64-to-32]
10246 | DO_WRITE(rc, my->mc_fd, ptr, wsize, len);
| ^~~~~~~~~~~~~~~~~~~~~~~~~~~~~~~~~~~~~~~~
/Users/admin/builder/spi-builder-workspace/lmdb/libraries/liblmdb/mdb.c:10225:46: note: expanded from macro 'DO_WRITE'
10225 | #define DO_WRITE(rc, fd, ptr, w2, len) len = write(fd, ptr, w2); rc = (len >= 0)
| ~ ^~~~~~~~~~~~~~~~~~
41 warnings generated.
SwiftExplicitDependencyGeneratePcm arm64_32 /Users/admin/builder/spi-builder-workspace/.derivedData/SDKExplicitPrecompiledModules/_Builtin_inttypes-BPZJ68HW1IMYWSHROAZ0IMUJP.pcm
SwiftExplicitDependencyGeneratePcm arm64 /Users/admin/builder/spi-builder-workspace/.derivedData/SDKExplicitPrecompiledModules/_Builtin_inttypes-86YTNV5YADPJXFMJ82N3R4GWQ.pcm
SwiftExplicitDependencyGeneratePcm arm64_32 /Users/admin/builder/spi-builder-workspace/.derivedData/SDKExplicitPrecompiledModules/Darwin-10D35ZJWCWG7LJAF579U7I5V7.pcm
SwiftExplicitDependencyGeneratePcm arm64_32 /Users/admin/builder/spi-builder-workspace/.derivedData/Build/Intermediates.noindex/SwiftExplicitPrecompiledModules/CLMDB-17OLJNNF8Q8JFUWUP5DQHQ76W.pcm
SwiftExplicitDependencyGeneratePcm arm64 /Users/admin/builder/spi-builder-workspace/.derivedData/Build/Intermediates.noindex/SwiftExplicitPrecompiledModules/CLMDB-KKI4PKA0XGL8CFIGSCZQ7C19.pcm
SwiftExplicitDependencyGeneratePcm arm64 /Users/admin/builder/spi-builder-workspace/.derivedData/SDKExplicitPrecompiledModules/Darwin-CSB8C43KELVSFIQVR0803IZPN.pcm
Ld /Users/admin/builder/spi-builder-workspace/.derivedData/Build/Intermediates.noindex/Empire.build/Debug-watchos/CLMDB-t.build/Objects-normal/arm64_32/Binary/CLMDB.o normal arm64_32 (in target 'CLMDB' from project 'Empire')
cd /Users/admin/builder/spi-builder-workspace
/Applications/Xcode-27.0.0-Release.Candidate.app/Contents/Developer/Toolchains/XcodeDefault.xctoolchain/usr/bin/clang -Xlinker -reproducible -target arm64_32-apple-watchos10.0 -r -isysroot /Applications/Xcode-27.0.0-Release.Candidate.app/Contents/Developer/Platforms/WatchOS.platform/Developer/SDKs/WatchOS27.0.sdk -O0 -Xlinker -no_warn_duplicate_libraries -F/Users/admin/builder/spi-builder-workspace/.derivedData/Build/Intermediates.noindex/EagerLinkingTBDs/Debug-watchos -F/Users/admin/builder/spi-builder-workspace/.derivedData/Build/Products/Debug-watchos -iframework /Applications/Xcode-27.0.0-Release.Candidate.app/Contents/Developer/Platforms/WatchOS.platform/Developer/Library/Frameworks -iframework /Applications/Xcode-27.0.0-Release.Candidate.app/Contents/Developer/Platforms/WatchOS.platform/Developer/SDKs/WatchOS27.0.sdk/Developer/Library/Frameworks -filelist /Users/admin/builder/spi-builder-workspace/.derivedData/Build/Intermediates.noindex/Empire.build/Debug-watchos/CLMDB-t.build/Objects-normal/arm64_32/CLMDB.LinkFileList -nostdlib -Xlinker -object_path_lto -Xlinker /Users/admin/builder/spi-builder-workspace/.derivedData/Build/Intermediates.noindex/Empire.build/Debug-watchos/CLMDB-t.build/Objects-normal/arm64_32/CLMDB_lto.o -Xlinker -no_deduplicate -Xlinker -debug_variant -Xlinker -dependency_info -Xlinker /Users/admin/builder/spi-builder-workspace/.derivedData/Build/Intermediates.noindex/Empire.build/Debug-watchos/CLMDB-t.build/Objects-normal/arm64_32/CLMDB_dependency_info.dat -o /Users/admin/builder/spi-builder-workspace/.derivedData/Build/Intermediates.noindex/Empire.build/Debug-watchos/CLMDB-t.build/Objects-normal/arm64_32/Binary/CLMDB.o
Ld /Users/admin/builder/spi-builder-workspace/.derivedData/Build/Intermediates.noindex/Empire.build/Debug-watchos/CLMDB-t.build/Objects-normal/arm64/Binary/CLMDB.o normal arm64 (in target 'CLMDB' from project 'Empire')
cd /Users/admin/builder/spi-builder-workspace
/Applications/Xcode-27.0.0-Release.Candidate.app/Contents/Developer/Toolchains/XcodeDefault.xctoolchain/usr/bin/clang -Xlinker -reproducible -target arm64-apple-watchos10.0 -r -isysroot /Applications/Xcode-27.0.0-Release.Candidate.app/Contents/Developer/Platforms/WatchOS.platform/Developer/SDKs/WatchOS27.0.sdk -O0 -Xlinker -no_warn_duplicate_libraries -F/Users/admin/builder/spi-builder-workspace/.derivedData/Build/Intermediates.noindex/EagerLinkingTBDs/Debug-watchos -F/Users/admin/builder/spi-builder-workspace/.derivedData/Build/Products/Debug-watchos -iframework /Applications/Xcode-27.0.0-Release.Candidate.app/Contents/Developer/Platforms/WatchOS.platform/Developer/Library/Frameworks -iframework /Applications/Xcode-27.0.0-Release.Candidate.app/Contents/Developer/Platforms/WatchOS.platform/Developer/SDKs/WatchOS27.0.sdk/Developer/Library/Frameworks -filelist /Users/admin/builder/spi-builder-workspace/.derivedData/Build/Intermediates.noindex/Empire.build/Debug-watchos/CLMDB-t.build/Objects-normal/arm64/CLMDB.LinkFileList -nostdlib -Xlinker -object_path_lto -Xlinker /Users/admin/builder/spi-builder-workspace/.derivedData/Build/Intermediates.noindex/Empire.build/Debug-watchos/CLMDB-t.build/Objects-normal/arm64/CLMDB_lto.o -Xlinker -no_deduplicate -Xlinker -debug_variant -Xlinker -dependency_info -Xlinker /Users/admin/builder/spi-builder-workspace/.derivedData/Build/Intermediates.noindex/Empire.build/Debug-watchos/CLMDB-t.build/Objects-normal/arm64/CLMDB_dependency_info.dat -o /Users/admin/builder/spi-builder-workspace/.derivedData/Build/Intermediates.noindex/Empire.build/Debug-watchos/CLMDB-t.build/Objects-normal/arm64/Binary/CLMDB.o
CreateUniversalBinary /Users/admin/builder/spi-builder-workspace/.derivedData/Build/Products/Debug-watchos/CLMDB.o normal arm64\ arm64_32 (in target 'CLMDB' from project 'Empire')
cd /Users/admin/builder/spi-builder-workspace
/Applications/Xcode-27.0.0-Release.Candidate.app/Contents/Developer/Toolchains/XcodeDefault.xctoolchain/usr/bin/lipo -create /Users/admin/builder/spi-builder-workspace/.derivedData/Build/Intermediates.noindex/Empire.build/Debug-watchos/CLMDB-t.build/Objects-normal/arm64/Binary/CLMDB.o /Users/admin/builder/spi-builder-workspace/.derivedData/Build/Intermediates.noindex/Empire.build/Debug-watchos/CLMDB-t.build/Objects-normal/arm64_32/Binary/CLMDB.o -output /Users/admin/builder/spi-builder-workspace/.derivedData/Build/Products/Debug-watchos/CLMDB.o
SwiftExplicitDependencyGeneratePcm arm64 /Users/admin/builder/spi-builder-workspace/.derivedData/SDKExplicitPrecompiledModules/ObjectiveC-22CZPC4WYQC9G8T393WT2KKLW.pcm
SwiftExplicitDependencyGeneratePcm arm64_32 /Users/admin/builder/spi-builder-workspace/.derivedData/SDKExplicitPrecompiledModules/ObjectiveC-71AGZNHLBMR2QK817EJNUN54E.pcm
SwiftExplicitDependencyGeneratePcm arm64 /Users/admin/builder/spi-builder-workspace/.derivedData/SDKExplicitPrecompiledModules/os_object-6KYGGZ4DPVZ3BBAZ6QICZN8LI.pcm
SwiftExplicitDependencyGeneratePcm arm64_32 /Users/admin/builder/spi-builder-workspace/.derivedData/SDKExplicitPrecompiledModules/os_object-CTXVQBCWDOH6JHUXIFDUOWFRL.pcm
SwiftExplicitDependencyGeneratePcm arm64_32 /Users/admin/builder/spi-builder-workspace/.derivedData/SDKExplicitPrecompiledModules/os_workgroup-9L9R05BT5LTFRZ2NM68BZTVV2.pcm
SwiftExplicitDependencyGeneratePcm arm64 /Users/admin/builder/spi-builder-workspace/.derivedData/SDKExplicitPrecompiledModules/os_workgroup-AHE7ULDQBKER38CYPIKDTZF4M.pcm
SwiftExplicitDependencyGeneratePcm arm64_32 /Users/admin/builder/spi-builder-workspace/.derivedData/SDKExplicitPrecompiledModules/Dispatch-CGIMI9KQKHNRQHR2IECIPRG14.pcm
SwiftExplicitDependencyGeneratePcm arm64 /Users/admin/builder/spi-builder-workspace/.derivedData/SDKExplicitPrecompiledModules/Dispatch-39VR0G01IUJ09PQKMFGOHXZ4L.pcm
SwiftExplicitDependencyGeneratePcm arm64_32 /Users/admin/builder/spi-builder-workspace/.derivedData/SDKExplicitPrecompiledModules/XPC-7SLKI45KYLKXH9QET2WYS3UZ4.pcm
SwiftExplicitDependencyGeneratePcm arm64_32 /Users/admin/builder/spi-builder-workspace/.derivedData/SDKExplicitPrecompiledModules/CoreFoundation-76B9WJP9MDYT33HZQVSNNZQZD.pcm
SwiftExplicitDependencyGeneratePcm arm64 /Users/admin/builder/spi-builder-workspace/.derivedData/SDKExplicitPrecompiledModules/CoreFoundation-59XKO8YNRGGYNC5U5LK8B4EM.pcm
SwiftExplicitDependencyGeneratePcm arm64 /Users/admin/builder/spi-builder-workspace/.derivedData/SDKExplicitPrecompiledModules/XPC-650JAZBTM6I0OMHYO6CKM0CWJ.pcm
SwiftExplicitDependencyGeneratePcm arm64_32 /Users/admin/builder/spi-builder-workspace/.derivedData/SDKExplicitPrecompiledModules/Security-1W411BS4UH2UNMNII2341429S.pcm
SwiftExplicitDependencyGeneratePcm arm64 /Users/admin/builder/spi-builder-workspace/.derivedData/SDKExplicitPrecompiledModules/Security-69WNGEAVQP55EDBQHP3BLE8QU.pcm
SwiftExplicitDependencyGeneratePcm arm64_32 /Users/admin/builder/spi-builder-workspace/.derivedData/SDKExplicitPrecompiledModules/Foundation-AIQ30TCDC2B0LBUU6FPQZ0HWI.pcm
SwiftExplicitDependencyGeneratePcm arm64 /Users/admin/builder/spi-builder-workspace/.derivedData/SDKExplicitPrecompiledModules/Foundation-B3IXODHI7VO4VRX2RWRXLVJZT.pcm
SwiftEmitModule normal arm64 Emitting\ module\ for\ PackedSerialize (in target 'PackedSerialize' from project 'Empire')
SwiftCompile normal arm64 (in target 'PackedSerialize' from project 'Empire')
cd /Users/admin/builder/spi-builder-workspace/.swiftpm/xcode
/Users/admin/builder/spi-builder-workspace/Sources/PackedSerialize/Deserializer.swift:22:3: error: invalid lifetime dependence on an Escapable result
20 | }
21 |
22 | @_lifetime(&self)
| `- error: invalid lifetime dependence on an Escapable result
23 | public mutating func unsafeLoad<T>(
24 | of t: T.Type,
/Users/admin/builder/spi-builder-workspace/Sources/PackedSerialize/Deserializer.swift:45:3: error: invalid lifetime dependence on an Escapable result
43 | }
44 |
45 | @_lifetime(&self)
| `- error: invalid lifetime dependence on an Escapable result
46 | public mutating func advance(by amount: Int) throws(DeserializeError) {
47 | try checkOffset(amount)
Failed frontend command:
/Applications/Xcode-27.0.0-Release.Candidate.app/Contents/Developer/Toolchains/XcodeDefault.xctoolchain/usr/bin/swift-frontend -frontend -emit-module -experimental-skip-non-inlinable-function-bodies-without-types /Users/admin/builder/spi-builder-workspace/Sources/PackedSerialize/Array+Serialization.swift /Users/admin/builder/spi-builder-workspace/Sources/PackedSerialize/Bool+Serialization.swift /Users/admin/builder/spi-builder-workspace/Sources/PackedSerialize/Data+Serialization.swift /Users/admin/builder/spi-builder-workspace/Sources/PackedSerialize/Date+Serialization.swift /Users/admin/builder/spi-builder-workspace/Sources/PackedSerialize/Deserializer.swift /Users/admin/builder/spi-builder-workspace/Sources/PackedSerialize/EmptyValue.swift /Users/admin/builder/spi-builder-workspace/Sources/PackedSerialize/FixedWidthInteger+Serialization.swift /Users/admin/builder/spi-builder-workspace/Sources/PackedSerialize/Float+Serialization.swift /Users/admin/builder/spi-builder-workspace/Sources/PackedSerialize/Int+Serialization.swift /Users/admin/builder/spi-builder-workspace/Sources/PackedSerialize/Int64+Serialization.swift /Users/admin/builder/spi-builder-workspace/Sources/PackedSerialize/Optional+Serialization.swift /Users/admin/builder/spi-builder-workspace/Sources/PackedSerialize/RawRepresentable+Serialization.swift /Users/admin/builder/spi-builder-workspace/Sources/PackedSerialize/Serializable.swift /Users/admin/builder/spi-builder-workspace/Sources/PackedSerialize/String+Serialization.swift /Users/admin/builder/spi-builder-workspace/Sources/PackedSerialize/UUID+Serialization.swift -target arm64-apple-watchos10.0 -module-can-import-version Foundation 5027.0.69 5027.0.69 -disable-cross-import-overlay-search -load-resolved-plugin /Applications/Xcode-27.0.0-Release.Candidate.app/Contents/Developer/Platforms/WatchOS.platform/Developer/usr/lib/swift/host/plugins/libFoundationMacros.dylib\#/Applications/Xcode-27.0.0-Release.Candidate.app/Contents/Developer/Platforms/WatchOS.platform/Developer/usr/bin/swift-plugin-server\#FoundationMacros -load-resolved-plugin /Applications/Xcode-27.0.0-Release.Candidate.app/Contents/Developer/Platforms/WatchOS.platform/Developer/usr/lib/swift/host/plugins/libObservationMacros.dylib\#/Applications/Xcode-27.0.0-Release.Candidate.app/Contents/Developer/Platforms/WatchOS.platform/Developer/usr/bin/swift-plugin-server\#ObservationMacros -load-resolved-plugin /Applications/Xcode-27.0.0-Release.Candidate.app/Contents/Developer/Platforms/WatchOS.platform/Developer/usr/lib/swift/host/plugins/libSwiftMacros.dylib\#/Applications/Xcode-27.0.0-Release.Candidate.app/Contents/Developer/Platforms/WatchOS.platform/Developer/usr/bin/swift-plugin-server\#SwiftMacros -disable-implicit-swift-modules -Xcc -fno-implicit-modules -Xcc -fno-implicit-module-maps -explicit-swift-module-map-file /Users/admin/builder/spi-builder-workspace/.derivedData/Build/Intermediates.noindex/Empire.build/Debug-watchos/PackedSerialize-t.build/Objects-normal/arm64/PackedSerialize-dependencies-2.json -Xllvm -aarch64-use-tbi -enable-objc-interop -stack-check -sdk /Applications/Xcode-27.0.0-Release.Candidate.app/Contents/Developer/Platforms/WatchOS.platform/Developer/SDKs/WatchOS27.0.sdk -I /Users/admin/builder/spi-builder-workspace/.derivedData/Build/Products/Debug-watchos -Isystem /Applications/Xcode-27.0.0-Release.Candidate.app/Contents/Developer/Platforms/WatchOS.platform/Developer/usr/lib -F /Users/admin/builder/spi-builder-workspace/.derivedData/Build/Products/Debug-watchos -F /Applications/Xcode-27.0.0-Release.Candidate.app/Contents/Developer/Platforms/WatchOS.platform/Developer/Library/Frameworks -F /Applications/Xcode-27.0.0-Release.Candidate.app/Contents/Developer/Platforms/WatchOS.platform/Developer/SDKs/WatchOS27.0.sdk/Developer/Library/Frameworks -module-cache-path /Users/admin/builder/spi-builder-workspace/.derivedData/Build/Intermediates.noindex/SwiftExplicitPrecompiledModules -no-color-diagnostics -Xcc -fno-color-diagnostics -enable-testing -g -debug-info-format\=dwarf -dwarf-version\=4 -profile-generate -profile-coverage-mapping -swift-version 6 -Onone -D SWIFT_PACKAGE -D DEBUG -D SWIFT_MODULE_RESOURCE_BUNDLE_UNAVAILABLE -D Xcode -serialize-debugging-options -enable-experimental-feature Lifetimes -enable-experimental-feature DebugDescriptionMacro -empty-abi-descriptor -validate-clang-modules-once -clang-build-session-file /Users/admin/builder/spi-builder-workspace/.derivedData/ModuleCache.noindex/Session.modulevalidation -Xcc -working-directory -Xcc /Users/admin/builder/spi-builder-workspace/.swiftpm/xcode -enable-anonymous-context-mangled-names -file-compilation-dir /Users/admin/builder/spi-builder-workspace/.swiftpm/xcode -Xcc -D_LIBCPP_HARDENING_MODE\=_LIBCPP_HARDENING_MODE_DEBUG -Xcc -ivfsstatcache -Xcc /Users/admin/builder/spi-builder-workspace/.derivedData/SDKStatCaches.noindex/watchos27.0-24R360-e829b21a6f8c9b70876ba0858053c04477534ef55a1706bf4c1112bbb242f0a2.sdkstatcache -Xcc -fmodules-prune-interval\=86400 -Xcc -fmodules-prune-after\=345600 -Xcc -I/Users/admin/builder/spi-builder-workspace/.derivedData/Build/Products/Debug-watchos/include -Xcc -I/Users/admin/builder/spi-builder-workspace/.derivedData/Build/Intermediates.noindex/Empire.build/Debug-watchos/PackedSerialize-t.build/DerivedSources-normal/arm64 -Xcc -I/Users/admin/builder/spi-builder-workspace/.derivedData/Build/Intermediates.noindex/Empire.build/Debug-watchos/PackedSerialize-t.build/DerivedSources/arm64 -Xcc -I/Users/admin/builder/spi-builder-workspace/.derivedData/Build/Intermediates.noindex/Empire.build/Debug-watchos/PackedSerialize-t.build/DerivedSources -Xcc -DSWIFT_PACKAGE -Xcc -DDEBUG\=1 -no-auto-bridging-header-chaining -module-name PackedSerialize -package-name spi_builder_workspace -const-gather-protocols-file /Users/admin/builder/spi-builder-workspace/.derivedData/Build/Intermediates.noindex/Empire.build/Debug-watchos/PackedSerialize-t.build/Objects-normal/arm64/PackedSerialize_const_extract_protocols.json -disable-clang-spi -clang-target arm64-apple-watchos27.0 -target-sdk-version 27.0 -target-sdk-name watchos27.0 -in-process-plugin-server-path /Applications/Xcode-27.0.0-Release.Candidate.app/Contents/Developer/Toolchains/XcodeDefault.xctoolchain/usr/lib/swift/host/libSwiftInProcPluginServer.dylib -emit-module-doc-path /Users/admin/builder/spi-builder-workspace/.derivedData/Build/Intermediates.noindex/Empire.build/Debug-watchos/PackedSerialize-t.build/Objects-normal/arm64/PackedSerialize.swiftdoc -emit-module-source-info-path /Users/admin/builder/spi-builder-workspace/.derivedData/Build/Intermediates.noindex/Empire.build/Debug-watchos/PackedSerialize-t.build/Objects-normal/arm64/PackedSerialize.swiftsourceinfo -emit-objc-header-path /Users/admin/builder/spi-builder-workspace/.derivedData/Build/Intermediates.noindex/Empire.build/Debug-watchos/PackedSerialize-t.build/Objects-normal/arm64/PackedSerialize-Swift.h -serialize-diagnostics-path /Users/admin/builder/spi-builder-workspace/.derivedData/Build/Intermediates.noindex/Empire.build/Debug-watchos/PackedSerialize-t.build/Objects-normal/arm64/PackedSerialize-primary-emit-module.dia -emit-dependencies-path /Users/admin/builder/spi-builder-workspace/.derivedData/Build/Intermediates.noindex/Empire.build/Debug-watchos/PackedSerialize-t.build/Objects-normal/arm64/PackedSerialize-primary-emit-module.d -parse-as-library -o /Users/admin/builder/spi-builder-workspace/.derivedData/Build/Intermediates.noindex/Empire.build/Debug-watchos/PackedSerialize-t.build/Objects-normal/arm64/PackedSerialize.swiftmodule -emit-abi-descriptor-path /Users/admin/builder/spi-builder-workspace/.derivedData/Build/Intermediates.noindex/Empire.build/Debug-watchos/PackedSerialize-t.build/Objects-normal/arm64/PackedSerialize.abi.json
SwiftCompile normal arm64 Compiling\ String+Serialization.swift /Users/admin/builder/spi-builder-workspace/Sources/PackedSerialize/String+Serialization.swift (in target 'PackedSerialize' from project 'Empire')
SwiftCompile normal arm64 /Users/admin/builder/spi-builder-workspace/Sources/PackedSerialize/String+Serialization.swift (in target 'PackedSerialize' from project 'Empire')
cd /Users/admin/builder/spi-builder-workspace/.swiftpm/xcode
builtin-SwiftPerFileCompile String+Serialization.swift
SwiftCompile normal arm64 Compiling\ Serializable.swift /Users/admin/builder/spi-builder-workspace/Sources/PackedSerialize/Serializable.swift (in target 'PackedSerialize' from project 'Empire')
SwiftCompile normal arm64 /Users/admin/builder/spi-builder-workspace/Sources/PackedSerialize/Serializable.swift (in target 'PackedSerialize' from project 'Empire')
cd /Users/admin/builder/spi-builder-workspace/.swiftpm/xcode
builtin-SwiftPerFileCompile Serializable.swift
SwiftCompile normal arm64 Compiling\ Int+Serialization.swift,\ Int64+Serialization.swift /Users/admin/builder/spi-builder-workspace/Sources/PackedSerialize/Int+Serialization.swift /Users/admin/builder/spi-builder-workspace/Sources/PackedSerialize/Int64+Serialization.swift (in target 'PackedSerialize' from project 'Empire')
SwiftCompile normal arm64 /Users/admin/builder/spi-builder-workspace/Sources/PackedSerialize/Int+Serialization.swift (in target 'PackedSerialize' from project 'Empire')
cd /Users/admin/builder/spi-builder-workspace/.swiftpm/xcode
builtin-SwiftPerFileCompile Int+Serialization.swift
SwiftCompile normal arm64 /Users/admin/builder/spi-builder-workspace/Sources/PackedSerialize/Int64+Serialization.swift (in target 'PackedSerialize' from project 'Empire')
cd /Users/admin/builder/spi-builder-workspace/.swiftpm/xcode
builtin-SwiftPerFileCompile Int64+Serialization.swift
SwiftCompile normal arm64 Compiling\ FixedWidthInteger+Serialization.swift,\ Float+Serialization.swift /Users/admin/builder/spi-builder-workspace/Sources/PackedSerialize/FixedWidthInteger+Serialization.swift /Users/admin/builder/spi-builder-workspace/Sources/PackedSerialize/Float+Serialization.swift (in target 'PackedSerialize' from project 'Empire')
SwiftCompile normal arm64 /Users/admin/builder/spi-builder-workspace/Sources/PackedSerialize/FixedWidthInteger+Serialization.swift (in target 'PackedSerialize' from project 'Empire')
cd /Users/admin/builder/spi-builder-workspace/.swiftpm/xcode
builtin-SwiftPerFileCompile FixedWidthInteger+Serialization.swift
SwiftCompile normal arm64 /Users/admin/builder/spi-builder-workspace/Sources/PackedSerialize/Float+Serialization.swift (in target 'PackedSerialize' from project 'Empire')
cd /Users/admin/builder/spi-builder-workspace/.swiftpm/xcode
builtin-SwiftPerFileCompile Float+Serialization.swift
SwiftCompile normal arm64 Compiling\ UUID+Serialization.swift /Users/admin/builder/spi-builder-workspace/Sources/PackedSerialize/UUID+Serialization.swift (in target 'PackedSerialize' from project 'Empire')
SwiftCompile normal arm64 /Users/admin/builder/spi-builder-workspace/Sources/PackedSerialize/UUID+Serialization.swift (in target 'PackedSerialize' from project 'Empire')
cd /Users/admin/builder/spi-builder-workspace/.swiftpm/xcode
builtin-SwiftPerFileCompile UUID+Serialization.swift
SwiftCompile normal arm64 Compiling\ Optional+Serialization.swift /Users/admin/builder/spi-builder-workspace/Sources/PackedSerialize/Optional+Serialization.swift (in target 'PackedSerialize' from project 'Empire')
SwiftCompile normal arm64 /Users/admin/builder/spi-builder-workspace/Sources/PackedSerialize/Optional+Serialization.swift (in target 'PackedSerialize' from project 'Empire')
cd /Users/admin/builder/spi-builder-workspace/.swiftpm/xcode
builtin-SwiftPerFileCompile Optional+Serialization.swift
SwiftCompile normal arm64 Compiling\ RawRepresentable+Serialization.swift /Users/admin/builder/spi-builder-workspace/Sources/PackedSerialize/RawRepresentable+Serialization.swift (in target 'PackedSerialize' from project 'Empire')
SwiftCompile normal arm64 /Users/admin/builder/spi-builder-workspace/Sources/PackedSerialize/RawRepresentable+Serialization.swift (in target 'PackedSerialize' from project 'Empire')
cd /Users/admin/builder/spi-builder-workspace/.swiftpm/xcode
builtin-SwiftPerFileCompile RawRepresentable+Serialization.swift
SwiftEmitModule normal arm64 Emitting\ module\ for\ LMDB (in target 'LMDB' from project 'Empire')
SwiftCompile normal arm64 (in target 'LMDB' from project 'Empire')
cd /Users/admin/builder/spi-builder-workspace/.swiftpm/xcode
SwiftEmitModule normal arm64_32 Emitting\ module\ for\ PackedSerialize (in target 'PackedSerialize' from project 'Empire')
/Users/admin/builder/spi-builder-workspace/Sources/PackedSerialize/Deserializer.swift:22:3: error: invalid lifetime dependence on an Escapable result
20 | }
21 |
22 | @_lifetime(&self)
| `- error: invalid lifetime dependence on an Escapable result
23 | public mutating func unsafeLoad<T>(
24 | of t: T.Type,
SwiftCompile normal arm64_32 (in target 'PackedSerialize' from project 'Empire')
cd /Users/admin/builder/spi-builder-workspace/.swiftpm/xcode
SwiftEmitModule normal arm64_32 Emitting\ module\ for\ LMDB (in target 'LMDB' from project 'Empire')
SwiftCompile normal arm64_32 (in target 'LMDB' from project 'Empire')
cd /Users/admin/builder/spi-builder-workspace/.swiftpm/xcode
PruneExplicitPrecompiledModules /Users/admin/builder/spi-builder-workspace/.derivedData/Build/Intermediates.noindex/SwiftExplicitPrecompiledModules
PruneExplicitPrecompiledModules /Users/admin/builder/spi-builder-workspace/.derivedData/SDKExplicitPrecompiledModules
PruneExplicitPrecompiledModules /Users/admin/builder/spi-builder-workspace/.derivedData/Build/Intermediates.noindex/ExplicitPrecompiledModules
2026-09-23 17:49:36.360 xcodebuild[712:4437] [MT] IDERunDestination: Supported platforms for the buildables in the current scheme is empty.
** BUILD FAILED **
The following build commands failed:
SwiftCompile normal arm64 (in target 'PackedSerialize' from project 'Empire')
SwiftEmitModule normal arm64 Emitting\ module\ for\ PackedSerialize (in target 'PackedSerialize' from project 'Empire')
Building workspace Empire with scheme Empire-Package
(3 failures)
Command line invocation:
/Applications/Xcode-27.0.0-Release.Candidate.app/Contents/Developer/usr/bin/xcodebuild -IDEClonedSourcePackagesDirPathOverride=/Users/admin/builder/spi-builder-workspace/.dependencies -resolvePackageDependencies
Resolve Package Graph
Resolved source packages:
Empire: /Users/admin/builder/spi-builder-workspace
swift-syntax: https://github.com/swiftlang/swift-syntax.git @ 602.0.0
resolved source packages: Empire, swift-syntax
2026-09-23 17:49:42.815 xcodebuild[843:4996] [MT] IDERunDestination: Supported platforms for the buildables in the current scheme is empty.
{
"dependencies" : [
{
"identity" : "swift-syntax",
"requirement" : {
"range" : [
{
"lower_bound" : "600.0.0",
"upper_bound" : "603.0.0"
}
]
},
"type" : "sourceControl",
"url" : "https://github.com/swiftlang/swift-syntax.git"
}
],
"manifest_display_name" : "Empire",
"name" : "Empire",
"path" : "/Users/admin/builder/spi-builder-workspace",
"platforms" : [
{
"name" : "macos",
"version" : "14.0"
},
{
"name" : "ios",
"version" : "17.0"
},
{
"name" : "maccatalyst",
"version" : "17.0"
},
{
"name" : "watchos",
"version" : "10.0"
},
{
"name" : "tvos",
"version" : "17.0"
},
{
"name" : "visionos",
"version" : "1.0"
}
],
"products" : [
{
"name" : "Empire",
"targets" : [
"Empire"
],
"type" : {
"library" : [
"automatic"
]
}
},
{
"name" : "LMDB",
"targets" : [
"LMDB"
],
"type" : {
"library" : [
"automatic"
]
}
},
{
"name" : "EmpireMacros",
"targets" : [
"EmpireMacros"
],
"type" : {
"macro" : null
}
}
],
"targets" : [
{
"c99name" : "PackedSerializeTests",
"module_type" : "SwiftTarget",
"name" : "PackedSerializeTests",
"path" : "Tests/PackedSerializeTests",
"sources" : [
"ComparableData.swift",
"PackedSerializeTests.swift"
],
"target_dependencies" : [
"PackedSerialize"
],
"type" : "test"
},
{
"c99name" : "PackedSerialize",
"module_type" : "SwiftTarget",
"name" : "PackedSerialize",
"path" : "Sources/PackedSerialize",
"product_memberships" : [
"Empire"
],
"sources" : [
"Array+Serialization.swift",
"Bool+Serialization.swift",
"Data+Serialization.swift",
"Date+Serialization.swift",
"Deserializer.swift",
"EmptyValue.swift",
"FixedWidthInteger+Serialization.swift",
"Float+Serialization.swift",
"Int+Serialization.swift",
"Int64+Serialization.swift",
"Optional+Serialization.swift",
"RawRepresentable+Serialization.swift",
"Serializable.swift",
"String+Serialization.swift",
"UUID+Serialization.swift"
],
"type" : "library"
},
{
"c99name" : "LMDBTests",
"module_type" : "SwiftTarget",
"name" : "LMDBTests",
"path" : "Tests/LMDBTests",
"sources" : [
"LMDBTests.swift"
],
"target_dependencies" : [
"LMDB"
],
"type" : "test"
},
{
"c99name" : "LMDB",
"module_type" : "SwiftTarget",
"name" : "LMDB",
"path" : "Sources/LMDB",
"product_memberships" : [
"Empire",
"LMDB"
],
"sources" : [
"CLMDB+Extensions.swift",
"Cursor.swift",
"Environment.swift",
"Transaction.swift",
"Types+Values.swift"
],
"target_dependencies" : [
"CLMDB"
],
"type" : "library"
},
{
"c99name" : "EmpireTests",
"module_type" : "SwiftTarget",
"name" : "EmpireTests",
"path" : "Tests/EmpireTests",
"sources" : [
"BackgroundTests.swift",
"CloudKitRecordTests.swift",
"ExampleTests.swift",
"IndexKeyRecordTests.swift",
"InsertTests.swift",
"MigrationTests.swift",
"RelationshipTests.swift",
"SelectTests.swift",
"TupleTests.swift"
],
"target_dependencies" : [
"Empire"
],
"type" : "test"
},
{
"c99name" : "EmpireSwiftDataTests",
"module_type" : "SwiftTarget",
"name" : "EmpireSwiftDataTests",
"path" : "Tests/EmpireSwiftDataTests",
"sources" : [
"DataStoreAdapterTests.swift"
],
"target_dependencies" : [
"EmpireSwiftData"
],
"type" : "test"
},
{
"c99name" : "EmpireSwiftData",
"module_type" : "SwiftTarget",
"name" : "EmpireSwiftData",
"path" : "Sources/EmpireSwiftData",
"sources" : [
"DataStoreAdapter.swift"
],
"target_dependencies" : [
"Empire"
],
"type" : "library"
},
{
"c99name" : "EmpireMacrosTests",
"module_type" : "SwiftTarget",
"name" : "EmpireMacrosTests",
"path" : "Tests/EmpireMacrosTests",
"product_dependencies" : [
"SwiftSyntaxMacrosTestSupport"
],
"sources" : [
"CloudKitRecordMacroTests.swift",
"FailureHandler.swift",
"IndexKeyRecordMacroTests.swift"
],
"target_dependencies" : [
"EmpireMacros"
],
"type" : "test"
},
{
"c99name" : "EmpireMacros",
"module_type" : "SwiftTarget",
"name" : "EmpireMacros",
"path" : "Sources/EmpireMacros",
"product_dependencies" : [
"SwiftSyntaxMacros",
"SwiftCompilerPlugin"
],
"product_memberships" : [
"Empire",
"EmpireMacros"
],
"sources" : [
"Array+ReplaceLast.swift",
"CloudKitRecordMacro.swift",
"IndexKeyRecordMacro.swift",
"Plugin.swift",
"RecordMacroArguments.swift",
"String+hash.swift"
],
"type" : "macro"
},
{
"c99name" : "Empire",
"module_type" : "SwiftTarget",
"name" : "Empire",
"path" : "Sources/Empire",
"product_memberships" : [
"Empire"
],
"sources" : [
"BackgroundStore.swift",
"Buffers.swift",
"CloudKitRecord.swift",
"IndexKeyRecord.swift",
"LMDB+Extensions.swift",
"Macros.swift",
"Query+LDMBQuery.swift",
"Query.swift",
"Store.swift",
"TransactionContext.swift",
"Tuple.swift",
"UnsafeRawBufferPointer+Extensions.swift"
],
"target_dependencies" : [
"LMDB",
"EmpireMacros",
"PackedSerialize"
],
"type" : "library"
},
{
"c99name" : "CLMDB",
"module_type" : "ClangTarget",
"name" : "CLMDB",
"path" : "lmdb/libraries/liblmdb",
"product_memberships" : [
"Empire",
"LMDB"
],
"sources" : [
"mdb.c",
"midl.c"
],
"type" : "library"
}
],
"tools_version" : "6.2"
}
{
"workspace" : {
"name" : "Empire",
"schemes" : [
"Empire",
"Empire-Package",
"LMDB"
]
}
}
2026-09-23 17:49:44.651 xcodebuild[852:5069] [MT] IDERunDestination: Supported platforms for the buildables in the current scheme is empty.
Running build ...
env DEVELOPER_DIR=/Applications/Xcode-27.0.0-Release.Candidate.app xcrun xcodebuild -IDEClonedSourcePackagesDirPathOverride=$PWD/.dependencies -skipMacroValidation -skipPackagePluginValidation -derivedDataPath $PWD/.derivedData build -scheme Empire-Package -destination generic/platform=watchOS
Command line invocation:
/Applications/Xcode-27.0.0-Release.Candidate.app/Contents/Developer/usr/bin/xcodebuild -IDEClonedSourcePackagesDirPathOverride=/Users/admin/builder/spi-builder-workspace/.dependencies -skipMacroValidation -skipPackagePluginValidation -derivedDataPath /Users/admin/builder/spi-builder-workspace/.derivedData build -scheme Empire-Package -destination generic/platform=watchOS
Resolve Package Graph
Resolved source packages:
swift-syntax: https://github.com/swiftlang/swift-syntax.git @ 602.0.0
Empire: /Users/admin/builder/spi-builder-workspace
ComputePackagePrebuildTargetDependencyGraph
Prepare packages
CreateBuildRequest
SendProjectDescription
CreateBuildOperation
ComputeTargetDependencyGraph
note: Building targets in dependency order
note: Target dependency graph (7 targets)
Target 'LMDB-product' in project 'Empire'
➜ Explicit dependency on target 'LMDB' in project 'Empire'
➜ Explicit dependency on target 'CLMDB' in project 'Empire'
Target 'Empire-product' in project 'Empire'
➜ Explicit dependency on target 'Empire' in project 'Empire'
➜ Explicit dependency on target 'CLMDB' in project 'Empire'
➜ Explicit dependency on target 'LMDB' in project 'Empire'
➜ Explicit dependency on target 'EmpireMacros' in project 'Empire'
➜ Explicit dependency on target 'PackedSerialize' in project 'Empire'
Target 'Empire' in project 'Empire'
➜ Explicit dependency on target 'CLMDB' in project 'Empire'
➜ Explicit dependency on target 'LMDB' in project 'Empire'
➜ Explicit dependency on target 'EmpireMacros' in project 'Empire'
➜ Explicit dependency on target 'PackedSerialize' in project 'Empire'
Target 'PackedSerialize' in project 'Empire' (no dependencies)
Target 'EmpireMacros' in project 'Empire' (no dependencies)
Target 'LMDB' in project 'Empire'
➜ Explicit dependency on target 'CLMDB' in project 'Empire'
Target 'CLMDB' in project 'Empire' (no dependencies)
GatherProvisioningInputs
CreateBuildDescription
ClangStatCache /Applications/Xcode-27.0.0-Release.Candidate.app/Contents/Developer/Toolchains/XcodeDefault.xctoolchain/usr/bin/clang-stat-cache /Applications/Xcode-27.0.0-Release.Candidate.app/Contents/Developer/Platforms/WatchOS.platform/Developer/SDKs/WatchOS27.0.sdk /Users/admin/builder/spi-builder-workspace/.derivedData/SDKStatCaches.noindex/watchos27.0-24R360-e829b21a6f8c9b70876ba0858053c04477534ef55a1706bf4c1112bbb242f0a2.sdkstatcache
cd /Users/admin/builder/spi-builder-workspace/.swiftpm/xcode
/Applications/Xcode-27.0.0-Release.Candidate.app/Contents/Developer/Toolchains/XcodeDefault.xctoolchain/usr/bin/clang-stat-cache /Applications/Xcode-27.0.0-Release.Candidate.app/Contents/Developer/Platforms/WatchOS.platform/Developer/SDKs/WatchOS27.0.sdk -o /Users/admin/builder/spi-builder-workspace/.derivedData/SDKStatCaches.noindex/watchos27.0-24R360-e829b21a6f8c9b70876ba0858053c04477534ef55a1706bf4c1112bbb242f0a2.sdkstatcache
ClangStatCache /Applications/Xcode-27.0.0-Release.Candidate.app/Contents/Developer/Toolchains/XcodeDefault.xctoolchain/usr/bin/clang-stat-cache /Applications/Xcode-27.0.0-Release.Candidate.app/Contents/Developer/Platforms/MacOSX.platform/Developer/SDKs/MacOSX27.0.sdk /Users/admin/builder/spi-builder-workspace/.derivedData/SDKStatCaches.noindex/macosx27.0-26A425-e829b21a6f8c9b70876ba0858053c0446a22442a12e9d48fe1a705f55a1adfc4.sdkstatcache
cd /Users/admin/builder/spi-builder-workspace/.swiftpm/xcode
/Applications/Xcode-27.0.0-Release.Candidate.app/Contents/Developer/Toolchains/XcodeDefault.xctoolchain/usr/bin/clang-stat-cache /Applications/Xcode-27.0.0-Release.Candidate.app/Contents/Developer/Platforms/MacOSX.platform/Developer/SDKs/MacOSX27.0.sdk -o /Users/admin/builder/spi-builder-workspace/.derivedData/SDKStatCaches.noindex/macosx27.0-26A425-e829b21a6f8c9b70876ba0858053c0446a22442a12e9d48fe1a705f55a1adfc4.sdkstatcache
SwiftDriver PackedSerialize normal arm64_32 com.apple.xcode.tools.swift.compiler (in target 'PackedSerialize' from project 'Empire')
cd /Users/admin/builder/spi-builder-workspace/.swiftpm/xcode
builtin-SwiftDriver -- /Applications/Xcode-27.0.0-Release.Candidate.app/Contents/Developer/Toolchains/XcodeDefault.xctoolchain/usr/bin/swiftc -parse-as-library -module-name PackedSerialize -Onone @/Users/admin/builder/spi-builder-workspace/.derivedData/Build/Intermediates.noindex/Empire.build/Debug-watchos/PackedSerialize-t.build/Objects-normal/arm64_32/PackedSerialize.SwiftFileList -DSWIFT_PACKAGE -DDEBUG -DSWIFT_MODULE_RESOURCE_BUNDLE_UNAVAILABLE -DXcode -enable-experimental-feature Lifetimes -plugin-path /Applications/Xcode-27.0.0-Release.Candidate.app/Contents/Developer/Toolchains/XcodeDefault.xctoolchain/usr/lib/swift/host/plugins/testing -enable-experimental-feature DebugDescriptionMacro -sdk /Applications/Xcode-27.0.0-Release.Candidate.app/Contents/Developer/Platforms/WatchOS.platform/Developer/SDKs/WatchOS27.0.sdk -target arm64_32-apple-watchos10.0 -g -module-cache-path /Users/admin/builder/spi-builder-workspace/.derivedData/ModuleCache.noindex -Xfrontend -serialize-debugging-options -profile-coverage-mapping -profile-generate -enable-testing -index-store-path /Users/admin/builder/spi-builder-workspace/.derivedData/Index.noindex/DataStore -Xcc -D_LIBCPP_HARDENING_MODE\=_LIBCPP_HARDENING_MODE_DEBUG -swift-version 6 -I /Users/admin/builder/spi-builder-workspace/.derivedData/Build/Products/Debug-watchos -Isystem /Applications/Xcode-27.0.0-Release.Candidate.app/Contents/Developer/Platforms/WatchOS.platform/Developer/usr/lib -F /Users/admin/builder/spi-builder-workspace/.derivedData/Build/Products/Debug-watchos -F /Applications/Xcode-27.0.0-Release.Candidate.app/Contents/Developer/Platforms/WatchOS.platform/Developer/Library/Frameworks -F /Applications/Xcode-27.0.0-Release.Candidate.app/Contents/Developer/Platforms/WatchOS.platform/Developer/SDKs/WatchOS27.0.sdk/Developer/Library/Frameworks -c -j10 -enable-batch-mode -incremental -Xcc -ivfsstatcache -Xcc /Users/admin/builder/spi-builder-workspace/.derivedData/SDKStatCaches.noindex/watchos27.0-24R360-e829b21a6f8c9b70876ba0858053c04477534ef55a1706bf4c1112bbb242f0a2.sdkstatcache -output-file-map /Users/admin/builder/spi-builder-workspace/.derivedData/Build/Intermediates.noindex/Empire.build/Debug-watchos/PackedSerialize-t.build/Objects-normal/arm64_32/PackedSerialize-OutputFileMap.json -save-temps -no-color-diagnostics -explicit-module-build -module-cache-path /Users/admin/builder/spi-builder-workspace/.derivedData/Build/Intermediates.noindex/SwiftExplicitPrecompiledModules -clang-scanner-module-cache-path /Users/admin/builder/spi-builder-workspace/.derivedData/ModuleCache.noindex -sdk-module-cache-path /Users/admin/builder/spi-builder-workspace/.derivedData/SDKExplicitPrecompiledModules -emit-dependencies -emit-module -emit-module-path /Users/admin/builder/spi-builder-workspace/.derivedData/Build/Intermediates.noindex/Empire.build/Debug-watchos/PackedSerialize-t.build/Objects-normal/arm64_32/PackedSerialize.swiftmodule -serialize-diagnostics -dependency-scan-serialize-diagnostics-path /Users/admin/builder/spi-builder-workspace/.derivedData/Build/Intermediates.noindex/Empire.build/Debug-watchos/PackedSerialize-t.build/Objects-normal/arm64_32/PackedSerialize-dependency-scan.dia -validate-clang-modules-once -clang-build-session-file /Users/admin/builder/spi-builder-workspace/.derivedData/ModuleCache.noindex/Session.modulevalidation -Xcc -fmodules-prune-interval\=86400 -Xcc -fmodules-prune-after\=345600 -package-name spi_builder_workspace -emit-const-values -const-gather-protocols-list /Users/admin/builder/spi-builder-workspace/.derivedData/Build/Intermediates.noindex/Empire.build/Debug-watchos/PackedSerialize-t.build/Objects-normal/arm64_32/PackedSerialize_const_extract_protocols.json -Xcc -I/Users/admin/builder/spi-builder-workspace/.derivedData/Build/Products/Debug-watchos/include -Xcc -I/Users/admin/builder/spi-builder-workspace/.derivedData/Build/Intermediates.noindex/Empire.build/Debug-watchos/PackedSerialize-t.build/DerivedSources-normal/arm64_32 -Xcc -I/Users/admin/builder/spi-builder-workspace/.derivedData/Build/Intermediates.noindex/Empire.build/Debug-watchos/PackedSerialize-t.build/DerivedSources/arm64_32 -Xcc -I/Users/admin/builder/spi-builder-workspace/.derivedData/Build/Intermediates.noindex/Empire.build/Debug-watchos/PackedSerialize-t.build/DerivedSources -Xcc -DSWIFT_PACKAGE -Xcc -DDEBUG\=1 -emit-objc-header -emit-objc-header-path /Users/admin/builder/spi-builder-workspace/.derivedData/Build/Intermediates.noindex/Empire.build/Debug-watchos/PackedSerialize-t.build/Objects-normal/arm64_32/PackedSerialize-Swift.h -working-directory /Users/admin/builder/spi-builder-workspace/.swiftpm/xcode -experimental-emit-module-separately -disable-cmo
SwiftDriver LMDB normal arm64_32 com.apple.xcode.tools.swift.compiler (in target 'LMDB' from project 'Empire')
cd /Users/admin/builder/spi-builder-workspace/.swiftpm/xcode
builtin-SwiftDriver -- /Applications/Xcode-27.0.0-Release.Candidate.app/Contents/Developer/Toolchains/XcodeDefault.xctoolchain/usr/bin/swiftc -parse-as-library -module-name LMDB -Onone @/Users/admin/builder/spi-builder-workspace/.derivedData/Build/Intermediates.noindex/Empire.build/Debug-watchos/LMDB-t.build/Objects-normal/arm64_32/LMDB.SwiftFileList -DSWIFT_PACKAGE -DDEBUG -DSWIFT_MODULE_RESOURCE_BUNDLE_UNAVAILABLE -Xcc -fmodule-map-file\=/Users/admin/builder/spi-builder-workspace/.derivedData/Build/Intermediates.noindex/GeneratedModuleMaps-watchos/CLMDB.modulemap -DXcode -enable-experimental-feature Lifetimes -plugin-path /Applications/Xcode-27.0.0-Release.Candidate.app/Contents/Developer/Toolchains/XcodeDefault.xctoolchain/usr/lib/swift/host/plugins/testing -enable-experimental-feature DebugDescriptionMacro -sdk /Applications/Xcode-27.0.0-Release.Candidate.app/Contents/Developer/Platforms/WatchOS.platform/Developer/SDKs/WatchOS27.0.sdk -target arm64_32-apple-watchos10.0 -g -module-cache-path /Users/admin/builder/spi-builder-workspace/.derivedData/ModuleCache.noindex -Xfrontend -serialize-debugging-options -profile-coverage-mapping -profile-generate -enable-testing -index-store-path /Users/admin/builder/spi-builder-workspace/.derivedData/Index.noindex/DataStore -Xcc -D_LIBCPP_HARDENING_MODE\=_LIBCPP_HARDENING_MODE_DEBUG -swift-version 6 -I /Users/admin/builder/spi-builder-workspace/.derivedData/Build/Products/Debug-watchos -Isystem /Applications/Xcode-27.0.0-Release.Candidate.app/Contents/Developer/Platforms/WatchOS.platform/Developer/usr/lib -F /Users/admin/builder/spi-builder-workspace/.derivedData/Build/Products/Debug-watchos/PackageFrameworks -F /Users/admin/builder/spi-builder-workspace/.derivedData/Build/Products/Debug-watchos -F /Applications/Xcode-27.0.0-Release.Candidate.app/Contents/Developer/Platforms/WatchOS.platform/Developer/Library/Frameworks -F /Applications/Xcode-27.0.0-Release.Candidate.app/Contents/Developer/Platforms/WatchOS.platform/Developer/SDKs/WatchOS27.0.sdk/Developer/Library/Frameworks -c -j10 -enable-batch-mode -incremental -Xcc -ivfsstatcache -Xcc /Users/admin/builder/spi-builder-workspace/.derivedData/SDKStatCaches.noindex/watchos27.0-24R360-e829b21a6f8c9b70876ba0858053c04477534ef55a1706bf4c1112bbb242f0a2.sdkstatcache -output-file-map /Users/admin/builder/spi-builder-workspace/.derivedData/Build/Intermediates.noindex/Empire.build/Debug-watchos/LMDB-t.build/Objects-normal/arm64_32/LMDB-OutputFileMap.json -save-temps -no-color-diagnostics -explicit-module-build -module-cache-path /Users/admin/builder/spi-builder-workspace/.derivedData/Build/Intermediates.noindex/SwiftExplicitPrecompiledModules -clang-scanner-module-cache-path /Users/admin/builder/spi-builder-workspace/.derivedData/ModuleCache.noindex -sdk-module-cache-path /Users/admin/builder/spi-builder-workspace/.derivedData/SDKExplicitPrecompiledModules -emit-dependencies -emit-module -emit-module-path /Users/admin/builder/spi-builder-workspace/.derivedData/Build/Intermediates.noindex/Empire.build/Debug-watchos/LMDB-t.build/Objects-normal/arm64_32/LMDB.swiftmodule -serialize-diagnostics -dependency-scan-serialize-diagnostics-path /Users/admin/builder/spi-builder-workspace/.derivedData/Build/Intermediates.noindex/Empire.build/Debug-watchos/LMDB-t.build/Objects-normal/arm64_32/LMDB-dependency-scan.dia -validate-clang-modules-once -clang-build-session-file /Users/admin/builder/spi-builder-workspace/.derivedData/ModuleCache.noindex/Session.modulevalidation -Xcc -fmodules-prune-interval\=86400 -Xcc -fmodules-prune-after\=345600 -package-name spi_builder_workspace -emit-const-values -const-gather-protocols-list /Users/admin/builder/spi-builder-workspace/.derivedData/Build/Intermediates.noindex/Empire.build/Debug-watchos/LMDB-t.build/Objects-normal/arm64_32/LMDB_const_extract_protocols.json -Xcc -I/Users/admin/builder/spi-builder-workspace/lmdb/libraries/liblmdb -Xcc -I/Users/admin/builder/spi-builder-workspace/.derivedData/Build/Products/Debug-watchos/include -Xcc -I/Users/admin/builder/spi-builder-workspace/.derivedData/Build/Intermediates.noindex/Empire.build/Debug-watchos/LMDB-t.build/DerivedSources-normal/arm64_32 -Xcc -I/Users/admin/builder/spi-builder-workspace/.derivedData/Build/Intermediates.noindex/Empire.build/Debug-watchos/LMDB-t.build/DerivedSources/arm64_32 -Xcc -I/Users/admin/builder/spi-builder-workspace/.derivedData/Build/Intermediates.noindex/Empire.build/Debug-watchos/LMDB-t.build/DerivedSources -Xcc -DSWIFT_PACKAGE -Xcc -DDEBUG\=1 -emit-objc-header -emit-objc-header-path /Users/admin/builder/spi-builder-workspace/.derivedData/Build/Intermediates.noindex/Empire.build/Debug-watchos/LMDB-t.build/Objects-normal/arm64_32/LMDB-Swift.h -working-directory /Users/admin/builder/spi-builder-workspace/.swiftpm/xcode -experimental-emit-module-separately -disable-cmo
SwiftDriver PackedSerialize normal arm64 com.apple.xcode.tools.swift.compiler (in target 'PackedSerialize' from project 'Empire')
cd /Users/admin/builder/spi-builder-workspace/.swiftpm/xcode
builtin-SwiftDriver -- /Applications/Xcode-27.0.0-Release.Candidate.app/Contents/Developer/Toolchains/XcodeDefault.xctoolchain/usr/bin/swiftc -parse-as-library -module-name PackedSerialize -Onone @/Users/admin/builder/spi-builder-workspace/.derivedData/Build/Intermediates.noindex/Empire.build/Debug-watchos/PackedSerialize-t.build/Objects-normal/arm64/PackedSerialize.SwiftFileList -DSWIFT_PACKAGE -DDEBUG -DSWIFT_MODULE_RESOURCE_BUNDLE_UNAVAILABLE -DXcode -enable-experimental-feature Lifetimes -plugin-path /Applications/Xcode-27.0.0-Release.Candidate.app/Contents/Developer/Toolchains/XcodeDefault.xctoolchain/usr/lib/swift/host/plugins/testing -enable-experimental-feature DebugDescriptionMacro -sdk /Applications/Xcode-27.0.0-Release.Candidate.app/Contents/Developer/Platforms/WatchOS.platform/Developer/SDKs/WatchOS27.0.sdk -target arm64-apple-watchos10.0 -g -module-cache-path /Users/admin/builder/spi-builder-workspace/.derivedData/ModuleCache.noindex -Xfrontend -serialize-debugging-options -profile-coverage-mapping -profile-generate -enable-testing -index-store-path /Users/admin/builder/spi-builder-workspace/.derivedData/Index.noindex/DataStore -Xcc -D_LIBCPP_HARDENING_MODE\=_LIBCPP_HARDENING_MODE_DEBUG -swift-version 6 -I /Users/admin/builder/spi-builder-workspace/.derivedData/Build/Products/Debug-watchos -Isystem /Applications/Xcode-27.0.0-Release.Candidate.app/Contents/Developer/Platforms/WatchOS.platform/Developer/usr/lib -F /Users/admin/builder/spi-builder-workspace/.derivedData/Build/Products/Debug-watchos -F /Applications/Xcode-27.0.0-Release.Candidate.app/Contents/Developer/Platforms/WatchOS.platform/Developer/Library/Frameworks -F /Applications/Xcode-27.0.0-Release.Candidate.app/Contents/Developer/Platforms/WatchOS.platform/Developer/SDKs/WatchOS27.0.sdk/Developer/Library/Frameworks -c -j10 -enable-batch-mode -incremental -Xcc -ivfsstatcache -Xcc /Users/admin/builder/spi-builder-workspace/.derivedData/SDKStatCaches.noindex/watchos27.0-24R360-e829b21a6f8c9b70876ba0858053c04477534ef55a1706bf4c1112bbb242f0a2.sdkstatcache -output-file-map /Users/admin/builder/spi-builder-workspace/.derivedData/Build/Intermediates.noindex/Empire.build/Debug-watchos/PackedSerialize-t.build/Objects-normal/arm64/PackedSerialize-OutputFileMap.json -save-temps -no-color-diagnostics -explicit-module-build -module-cache-path /Users/admin/builder/spi-builder-workspace/.derivedData/Build/Intermediates.noindex/SwiftExplicitPrecompiledModules -clang-scanner-module-cache-path /Users/admin/builder/spi-builder-workspace/.derivedData/ModuleCache.noindex -sdk-module-cache-path /Users/admin/builder/spi-builder-workspace/.derivedData/SDKExplicitPrecompiledModules -emit-dependencies -emit-module -emit-module-path /Users/admin/builder/spi-builder-workspace/.derivedData/Build/Intermediates.noindex/Empire.build/Debug-watchos/PackedSerialize-t.build/Objects-normal/arm64/PackedSerialize.swiftmodule -serialize-diagnostics -dependency-scan-serialize-diagnostics-path /Users/admin/builder/spi-builder-workspace/.derivedData/Build/Intermediates.noindex/Empire.build/Debug-watchos/PackedSerialize-t.build/Objects-normal/arm64/PackedSerialize-dependency-scan.dia -validate-clang-modules-once -clang-build-session-file /Users/admin/builder/spi-builder-workspace/.derivedData/ModuleCache.noindex/Session.modulevalidation -Xcc -fmodules-prune-interval\=86400 -Xcc -fmodules-prune-after\=345600 -package-name spi_builder_workspace -emit-const-values -const-gather-protocols-list /Users/admin/builder/spi-builder-workspace/.derivedData/Build/Intermediates.noindex/Empire.build/Debug-watchos/PackedSerialize-t.build/Objects-normal/arm64/PackedSerialize_const_extract_protocols.json -Xcc -I/Users/admin/builder/spi-builder-workspace/.derivedData/Build/Products/Debug-watchos/include -Xcc -I/Users/admin/builder/spi-builder-workspace/.derivedData/Build/Intermediates.noindex/Empire.build/Debug-watchos/PackedSerialize-t.build/DerivedSources-normal/arm64 -Xcc -I/Users/admin/builder/spi-builder-workspace/.derivedData/Build/Intermediates.noindex/Empire.build/Debug-watchos/PackedSerialize-t.build/DerivedSources/arm64 -Xcc -I/Users/admin/builder/spi-builder-workspace/.derivedData/Build/Intermediates.noindex/Empire.build/Debug-watchos/PackedSerialize-t.build/DerivedSources -Xcc -DSWIFT_PACKAGE -Xcc -DDEBUG\=1 -emit-objc-header -emit-objc-header-path /Users/admin/builder/spi-builder-workspace/.derivedData/Build/Intermediates.noindex/Empire.build/Debug-watchos/PackedSerialize-t.build/Objects-normal/arm64/PackedSerialize-Swift.h -working-directory /Users/admin/builder/spi-builder-workspace/.swiftpm/xcode -experimental-emit-module-separately -disable-cmo
SwiftDriver EmpireMacros normal arm64 com.apple.xcode.tools.swift.compiler (in target 'EmpireMacros' from project 'Empire')
cd /Users/admin/builder/spi-builder-workspace/.swiftpm/xcode
builtin-SwiftDriver -- /Applications/Xcode-27.0.0-Release.Candidate.app/Contents/Developer/Toolchains/XcodeDefault.xctoolchain/usr/bin/swiftc -parse-as-library -module-name EmpireMacros -Onone @/Users/admin/builder/spi-builder-workspace/.derivedData/Build/Intermediates.noindex/Empire.build/Debug/EmpireMacros-t.build/Objects-normal/arm64/EmpireMacros.SwiftFileList -DSWIFT_PACKAGE -DDEBUG -DXcode -I /Users/admin/builder/spi-builder-workspace/.dependencies/prebuilts/swift-syntax/602.0.0/swiftlang-6.4.0.34.1-macosx27.0-MacroSupport/Modules -I /Users/admin/builder/spi-builder-workspace/.dependencies/checkouts/swift-syntax/Sources/_SwiftLibraryPluginProviderCShims/include -I /Users/admin/builder/spi-builder-workspace/.dependencies/checkouts/swift-syntax/Sources/_SwiftSyntaxCShims/include -plugin-path /Applications/Xcode-27.0.0-Release.Candidate.app/Contents/Developer/Toolchains/XcodeDefault.xctoolchain/usr/lib/swift/host/plugins/testing -enable-experimental-feature DebugDescriptionMacro -sdk /Applications/Xcode-27.0.0-Release.Candidate.app/Contents/Developer/Platforms/MacOSX.platform/Developer/SDKs/MacOSX27.0.sdk -target arm64-apple-macos14.0 -g -module-cache-path /Users/admin/builder/spi-builder-workspace/.derivedData/ModuleCache.noindex -Xfrontend -serialize-debugging-options -profile-coverage-mapping -profile-generate -enable-testing -index-store-path /Users/admin/builder/spi-builder-workspace/.derivedData/Index.noindex/DataStore -Xcc -D_LIBCPP_HARDENING_MODE\=_LIBCPP_HARDENING_MODE_DEBUG -swift-version 6 -I /Users/admin/builder/spi-builder-workspace/.derivedData/Build/Products/Debug -Isystem /Applications/Xcode-27.0.0-Release.Candidate.app/Contents/Developer/Platforms/MacOSX.platform/Developer/usr/lib -F /Users/admin/builder/spi-builder-workspace/.derivedData/Build/Products/Debug -F /Applications/Xcode-27.0.0-Release.Candidate.app/Contents/Developer/Platforms/MacOSX.platform/Developer/Library/Frameworks -c -j10 -enable-batch-mode -incremental -Xcc -ivfsstatcache -Xcc /Users/admin/builder/spi-builder-workspace/.derivedData/SDKStatCaches.noindex/macosx27.0-26A425-e829b21a6f8c9b70876ba0858053c0446a22442a12e9d48fe1a705f55a1adfc4.sdkstatcache -output-file-map /Users/admin/builder/spi-builder-workspace/.derivedData/Build/Intermediates.noindex/Empire.build/Debug/EmpireMacros-t.build/Objects-normal/arm64/EmpireMacros-OutputFileMap.json -save-temps -no-color-diagnostics -explicit-module-build -module-cache-path /Users/admin/builder/spi-builder-workspace/.derivedData/Build/Intermediates.noindex/SwiftExplicitPrecompiledModules -clang-scanner-module-cache-path /Users/admin/builder/spi-builder-workspace/.derivedData/ModuleCache.noindex -sdk-module-cache-path /Users/admin/builder/spi-builder-workspace/.derivedData/SDKExplicitPrecompiledModules -emit-dependencies -emit-module -emit-module-path /Users/admin/builder/spi-builder-workspace/.derivedData/Build/Intermediates.noindex/Empire.build/Debug/EmpireMacros-t.build/Objects-normal/arm64/EmpireMacros.swiftmodule -serialize-diagnostics -dependency-scan-serialize-diagnostics-path /Users/admin/builder/spi-builder-workspace/.derivedData/Build/Intermediates.noindex/Empire.build/Debug/EmpireMacros-t.build/Objects-normal/arm64/EmpireMacros-dependency-scan.dia -validate-clang-modules-once -clang-build-session-file /Users/admin/builder/spi-builder-workspace/.derivedData/ModuleCache.noindex/Session.modulevalidation -Xcc -fmodules-prune-interval\=86400 -Xcc -fmodules-prune-after\=345600 -package-name spi_builder_workspace -emit-const-values -const-gather-protocols-list /Users/admin/builder/spi-builder-workspace/.derivedData/Build/Intermediates.noindex/Empire.build/Debug/EmpireMacros-t.build/Objects-normal/arm64/EmpireMacros_const_extract_protocols.json -Xcc -I/Users/admin/builder/spi-builder-workspace/.derivedData/Build/Products/Debug/include -Xcc -I/Users/admin/builder/spi-builder-workspace/.derivedData/Build/Intermediates.noindex/Empire.build/Debug/EmpireMacros-t.build/DerivedSources-normal/arm64 -Xcc -I/Users/admin/builder/spi-builder-workspace/.derivedData/Build/Intermediates.noindex/Empire.build/Debug/EmpireMacros-t.build/DerivedSources/arm64 -Xcc -I/Users/admin/builder/spi-builder-workspace/.derivedData/Build/Intermediates.noindex/Empire.build/Debug/EmpireMacros-t.build/DerivedSources -Xcc -DSWIFT_PACKAGE -Xcc -DDEBUG\=1 -working-directory /Users/admin/builder/spi-builder-workspace/.swiftpm/xcode -experimental-emit-module-separately -disable-cmo
SwiftDriver LMDB normal arm64 com.apple.xcode.tools.swift.compiler (in target 'LMDB' from project 'Empire')
cd /Users/admin/builder/spi-builder-workspace/.swiftpm/xcode
builtin-SwiftDriver -- /Applications/Xcode-27.0.0-Release.Candidate.app/Contents/Developer/Toolchains/XcodeDefault.xctoolchain/usr/bin/swiftc -parse-as-library -module-name LMDB -Onone @/Users/admin/builder/spi-builder-workspace/.derivedData/Build/Intermediates.noindex/Empire.build/Debug-watchos/LMDB-t.build/Objects-normal/arm64/LMDB.SwiftFileList -DSWIFT_PACKAGE -DDEBUG -DSWIFT_MODULE_RESOURCE_BUNDLE_UNAVAILABLE -Xcc -fmodule-map-file\=/Users/admin/builder/spi-builder-workspace/.derivedData/Build/Intermediates.noindex/GeneratedModuleMaps-watchos/CLMDB.modulemap -DXcode -enable-experimental-feature Lifetimes -plugin-path /Applications/Xcode-27.0.0-Release.Candidate.app/Contents/Developer/Toolchains/XcodeDefault.xctoolchain/usr/lib/swift/host/plugins/testing -enable-experimental-feature DebugDescriptionMacro -sdk /Applications/Xcode-27.0.0-Release.Candidate.app/Contents/Developer/Platforms/WatchOS.platform/Developer/SDKs/WatchOS27.0.sdk -target arm64-apple-watchos10.0 -g -module-cache-path /Users/admin/builder/spi-builder-workspace/.derivedData/ModuleCache.noindex -Xfrontend -serialize-debugging-options -profile-coverage-mapping -profile-generate -enable-testing -index-store-path /Users/admin/builder/spi-builder-workspace/.derivedData/Index.noindex/DataStore -Xcc -D_LIBCPP_HARDENING_MODE\=_LIBCPP_HARDENING_MODE_DEBUG -swift-version 6 -I /Users/admin/builder/spi-builder-workspace/.derivedData/Build/Products/Debug-watchos -Isystem /Applications/Xcode-27.0.0-Release.Candidate.app/Contents/Developer/Platforms/WatchOS.platform/Developer/usr/lib -F /Users/admin/builder/spi-builder-workspace/.derivedData/Build/Products/Debug-watchos/PackageFrameworks -F /Users/admin/builder/spi-builder-workspace/.derivedData/Build/Products/Debug-watchos -F /Applications/Xcode-27.0.0-Release.Candidate.app/Contents/Developer/Platforms/WatchOS.platform/Developer/Library/Frameworks -F /Applications/Xcode-27.0.0-Release.Candidate.app/Contents/Developer/Platforms/WatchOS.platform/Developer/SDKs/WatchOS27.0.sdk/Developer/Library/Frameworks -c -j10 -enable-batch-mode -incremental -Xcc -ivfsstatcache -Xcc /Users/admin/builder/spi-builder-workspace/.derivedData/SDKStatCaches.noindex/watchos27.0-24R360-e829b21a6f8c9b70876ba0858053c04477534ef55a1706bf4c1112bbb242f0a2.sdkstatcache -output-file-map /Users/admin/builder/spi-builder-workspace/.derivedData/Build/Intermediates.noindex/Empire.build/Debug-watchos/LMDB-t.build/Objects-normal/arm64/LMDB-OutputFileMap.json -save-temps -no-color-diagnostics -explicit-module-build -module-cache-path /Users/admin/builder/spi-builder-workspace/.derivedData/Build/Intermediates.noindex/SwiftExplicitPrecompiledModules -clang-scanner-module-cache-path /Users/admin/builder/spi-builder-workspace/.derivedData/ModuleCache.noindex -sdk-module-cache-path /Users/admin/builder/spi-builder-workspace/.derivedData/SDKExplicitPrecompiledModules -emit-dependencies -emit-module -emit-module-path /Users/admin/builder/spi-builder-workspace/.derivedData/Build/Intermediates.noindex/Empire.build/Debug-watchos/LMDB-t.build/Objects-normal/arm64/LMDB.swiftmodule -serialize-diagnostics -dependency-scan-serialize-diagnostics-path /Users/admin/builder/spi-builder-workspace/.derivedData/Build/Intermediates.noindex/Empire.build/Debug-watchos/LMDB-t.build/Objects-normal/arm64/LMDB-dependency-scan.dia -validate-clang-modules-once -clang-build-session-file /Users/admin/builder/spi-builder-workspace/.derivedData/ModuleCache.noindex/Session.modulevalidation -Xcc -fmodules-prune-interval\=86400 -Xcc -fmodules-prune-after\=345600 -package-name spi_builder_workspace -emit-const-values -const-gather-protocols-list /Users/admin/builder/spi-builder-workspace/.derivedData/Build/Intermediates.noindex/Empire.build/Debug-watchos/LMDB-t.build/Objects-normal/arm64/LMDB_const_extract_protocols.json -Xcc -I/Users/admin/builder/spi-builder-workspace/lmdb/libraries/liblmdb -Xcc -I/Users/admin/builder/spi-builder-workspace/.derivedData/Build/Products/Debug-watchos/include -Xcc -I/Users/admin/builder/spi-builder-workspace/.derivedData/Build/Intermediates.noindex/Empire.build/Debug-watchos/LMDB-t.build/DerivedSources-normal/arm64 -Xcc -I/Users/admin/builder/spi-builder-workspace/.derivedData/Build/Intermediates.noindex/Empire.build/Debug-watchos/LMDB-t.build/DerivedSources/arm64 -Xcc -I/Users/admin/builder/spi-builder-workspace/.derivedData/Build/Intermediates.noindex/Empire.build/Debug-watchos/LMDB-t.build/DerivedSources -Xcc -DSWIFT_PACKAGE -Xcc -DDEBUG\=1 -emit-objc-header -emit-objc-header-path /Users/admin/builder/spi-builder-workspace/.derivedData/Build/Intermediates.noindex/Empire.build/Debug-watchos/LMDB-t.build/Objects-normal/arm64/LMDB-Swift.h -working-directory /Users/admin/builder/spi-builder-workspace/.swiftpm/xcode -experimental-emit-module-separately -disable-cmo
SwiftCompile normal arm64_32 Compiling\ Transaction.swift /Users/admin/builder/spi-builder-workspace/Sources/LMDB/Transaction.swift (in target 'LMDB' from project 'Empire')
SwiftCompile normal arm64_32 /Users/admin/builder/spi-builder-workspace/Sources/LMDB/Transaction.swift (in target 'LMDB' from project 'Empire')
cd /Users/admin/builder/spi-builder-workspace/.swiftpm/xcode
builtin-SwiftPerFileCompile Transaction.swift
SwiftCompile normal arm64_32 Compiling\ Types+Values.swift /Users/admin/builder/spi-builder-workspace/Sources/LMDB/Types+Values.swift (in target 'LMDB' from project 'Empire')
SwiftCompile normal arm64_32 /Users/admin/builder/spi-builder-workspace/Sources/LMDB/Types+Values.swift (in target 'LMDB' from project 'Empire')
cd /Users/admin/builder/spi-builder-workspace/.swiftpm/xcode
builtin-SwiftPerFileCompile Types+Values.swift
SwiftCompile normal arm64_32 Compiling\ Environment.swift /Users/admin/builder/spi-builder-workspace/Sources/LMDB/Environment.swift (in target 'LMDB' from project 'Empire')
SwiftCompile normal arm64_32 /Users/admin/builder/spi-builder-workspace/Sources/LMDB/Environment.swift (in target 'LMDB' from project 'Empire')
cd /Users/admin/builder/spi-builder-workspace/.swiftpm/xcode
builtin-SwiftPerFileCompile Environment.swift
SwiftEmitModule normal arm64_32 Emitting\ module\ for\ LMDB (in target 'LMDB' from project 'Empire')
/Users/admin/builder/spi-builder-workspace/Sources/LMDB/CLMDB+Extensions.swift:38:3: error: invalid lifetime dependence on an Escapable result
36 | }
37 |
38 | @_lifetime(borrow span)
| `- error: invalid lifetime dependence on an Escapable result
39 | init(_ span: RawSpan) {
40 | let val = span.withUnsafeBytes { buffer in
Failed frontend command:
/Applications/Xcode-27.0.0-Release.Candidate.app/Contents/Developer/Toolchains/XcodeDefault.xctoolchain/usr/bin/swift-frontend -frontend -emit-module -experimental-skip-non-inlinable-function-bodies-without-types /Users/admin/builder/spi-builder-workspace/Sources/LMDB/CLMDB+Extensions.swift /Users/admin/builder/spi-builder-workspace/Sources/LMDB/Cursor.swift /Users/admin/builder/spi-builder-workspace/Sources/LMDB/Environment.swift /Users/admin/builder/spi-builder-workspace/Sources/LMDB/Transaction.swift /Users/admin/builder/spi-builder-workspace/Sources/LMDB/Types+Values.swift -target arm64_32-apple-watchos10.0 -module-can-import-version Foundation 5027.0.69 5027.0.69 -disable-cross-import-overlay-search -load-resolved-plugin /Applications/Xcode-27.0.0-Release.Candidate.app/Contents/Developer/Platforms/WatchOS.platform/Developer/usr/lib/swift/host/plugins/libFoundationMacros.dylib\#/Applications/Xcode-27.0.0-Release.Candidate.app/Contents/Developer/Platforms/WatchOS.platform/Developer/usr/bin/swift-plugin-server\#FoundationMacros -load-resolved-plugin /Applications/Xcode-27.0.0-Release.Candidate.app/Contents/Developer/Platforms/WatchOS.platform/Developer/usr/lib/swift/host/plugins/libObservationMacros.dylib\#/Applications/Xcode-27.0.0-Release.Candidate.app/Contents/Developer/Platforms/WatchOS.platform/Developer/usr/bin/swift-plugin-server\#ObservationMacros -load-resolved-plugin /Applications/Xcode-27.0.0-Release.Candidate.app/Contents/Developer/Platforms/WatchOS.platform/Developer/usr/lib/swift/host/plugins/libSwiftMacros.dylib\#/Applications/Xcode-27.0.0-Release.Candidate.app/Contents/Developer/Platforms/WatchOS.platform/Developer/usr/bin/swift-plugin-server\#SwiftMacros -disable-implicit-swift-modules -Xcc -fno-implicit-modules -Xcc -fno-implicit-module-maps -explicit-swift-module-map-file /Users/admin/builder/spi-builder-workspace/.derivedData/Build/Intermediates.noindex/Empire.build/Debug-watchos/LMDB-t.build/Objects-normal/arm64_32/LMDB-dependencies-1.json -enable-objc-interop -sdk /Applications/Xcode-27.0.0-Release.Candidate.app/Contents/Developer/Platforms/WatchOS.platform/Developer/SDKs/WatchOS27.0.sdk -I /Users/admin/builder/spi-builder-workspace/.derivedData/Build/Products/Debug-watchos -Isystem /Applications/Xcode-27.0.0-Release.Candidate.app/Contents/Developer/Platforms/WatchOS.platform/Developer/usr/lib -F /Users/admin/builder/spi-builder-workspace/.derivedData/Build/Products/Debug-watchos/PackageFrameworks -F /Users/admin/builder/spi-builder-workspace/.derivedData/Build/Products/Debug-watchos -F /Applications/Xcode-27.0.0-Release.Candidate.app/Contents/Developer/Platforms/WatchOS.platform/Developer/Library/Frameworks -F /Applications/Xcode-27.0.0-Release.Candidate.app/Contents/Developer/Platforms/WatchOS.platform/Developer/SDKs/WatchOS27.0.sdk/Developer/Library/Frameworks -module-cache-path /Users/admin/builder/spi-builder-workspace/.derivedData/Build/Intermediates.noindex/SwiftExplicitPrecompiledModules -no-color-diagnostics -Xcc -fno-color-diagnostics -enable-testing -g -debug-info-format\=dwarf -dwarf-version\=4 -profile-generate -profile-coverage-mapping -swift-version 6 -Onone -D SWIFT_PACKAGE -D DEBUG -D SWIFT_MODULE_RESOURCE_BUNDLE_UNAVAILABLE -D Xcode -serialize-debugging-options -enable-experimental-feature Lifetimes -enable-experimental-feature DebugDescriptionMacro -empty-abi-descriptor -validate-clang-modules-once -clang-build-session-file /Users/admin/builder/spi-builder-workspace/.derivedData/ModuleCache.noindex/Session.modulevalidation -Xcc -working-directory -Xcc /Users/admin/builder/spi-builder-workspace/.swiftpm/xcode -enable-anonymous-context-mangled-names -file-compilation-dir /Users/admin/builder/spi-builder-workspace/.swiftpm/xcode -Xcc -fmodule-map-file\=/Users/admin/builder/spi-builder-workspace/.derivedData/Build/Intermediates.noindex/GeneratedModuleMaps-watchos/CLMDB.modulemap -Xcc -D_LIBCPP_HARDENING_MODE\=_LIBCPP_HARDENING_MODE_DEBUG -Xcc -ivfsstatcache -Xcc /Users/admin/builder/spi-builder-workspace/.derivedData/SDKStatCaches.noindex/watchos27.0-24R360-e829b21a6f8c9b70876ba0858053c04477534ef55a1706bf4c1112bbb242f0a2.sdkstatcache -Xcc -fmodules-prune-interval\=86400 -Xcc -fmodules-prune-after\=345600 -Xcc -I/Users/admin/builder/spi-builder-workspace/lmdb/libraries/liblmdb -Xcc -I/Users/admin/builder/spi-builder-workspace/.derivedData/Build/Products/Debug-watchos/include -Xcc -I/Users/admin/builder/spi-builder-workspace/.derivedData/Build/Intermediates.noindex/Empire.build/Debug-watchos/LMDB-t.build/DerivedSources-normal/arm64_32 -Xcc -I/Users/admin/builder/spi-builder-workspace/.derivedData/Build/Intermediates.noindex/Empire.build/Debug-watchos/LMDB-t.build/DerivedSources/arm64_32 -Xcc -I/Users/admin/builder/spi-builder-workspace/.derivedData/Build/Intermediates.noindex/Empire.build/Debug-watchos/LMDB-t.build/DerivedSources -Xcc -DSWIFT_PACKAGE -Xcc -DDEBUG\=1 -no-auto-bridging-header-chaining -module-name LMDB -package-name spi_builder_workspace -const-gather-protocols-file /Users/admin/builder/spi-builder-workspace/.derivedData/Build/Intermediates.noindex/Empire.build/Debug-watchos/LMDB-t.build/Objects-normal/arm64_32/LMDB_const_extract_protocols.json -disable-clang-spi -clang-target arm64_32-apple-watchos27.0 -target-sdk-version 27.0 -target-sdk-name watchos27.0 -in-process-plugin-server-path /Applications/Xcode-27.0.0-Release.Candidate.app/Contents/Developer/Toolchains/XcodeDefault.xctoolchain/usr/lib/swift/host/libSwiftInProcPluginServer.dylib -emit-module-doc-path /Users/admin/builder/spi-builder-workspace/.derivedData/Build/Intermediates.noindex/Empire.build/Debug-watchos/LMDB-t.build/Objects-normal/arm64_32/LMDB.swiftdoc -emit-module-source-info-path /Users/admin/builder/spi-builder-workspace/.derivedData/Build/Intermediates.noindex/Empire.build/Debug-watchos/LMDB-t.build/Objects-normal/arm64_32/LMDB.swiftsourceinfo -emit-objc-header-path /Users/admin/builder/spi-builder-workspace/.derivedData/Build/Intermediates.noindex/Empire.build/Debug-watchos/LMDB-t.build/Objects-normal/arm64_32/LMDB-Swift.h -serialize-diagnostics-path /Users/admin/builder/spi-builder-workspace/.derivedData/Build/Intermediates.noindex/Empire.build/Debug-watchos/LMDB-t.build/Objects-normal/arm64_32/LMDB-primary-emit-module.dia -emit-dependencies-path /Users/admin/builder/spi-builder-workspace/.derivedData/Build/Intermediates.noindex/Empire.build/Debug-watchos/LMDB-t.build/Objects-normal/arm64_32/LMDB-primary-emit-module.d -parse-as-library -o /Users/admin/builder/spi-builder-workspace/.derivedData/Build/Intermediates.noindex/Empire.build/Debug-watchos/LMDB-t.build/Objects-normal/arm64_32/LMDB.swiftmodule -emit-abi-descriptor-path /Users/admin/builder/spi-builder-workspace/.derivedData/Build/Intermediates.noindex/Empire.build/Debug-watchos/LMDB-t.build/Objects-normal/arm64_32/LMDB.abi.json
SwiftCompile normal arm64_32 (in target 'LMDB' from project 'Empire')
cd /Users/admin/builder/spi-builder-workspace/.swiftpm/xcode
SwiftCompile normal arm64_32 Compiling\ CLMDB+Extensions.swift /Users/admin/builder/spi-builder-workspace/Sources/LMDB/CLMDB+Extensions.swift (in target 'LMDB' from project 'Empire')
SwiftCompile normal arm64_32 /Users/admin/builder/spi-builder-workspace/Sources/LMDB/CLMDB+Extensions.swift (in target 'LMDB' from project 'Empire')
cd /Users/admin/builder/spi-builder-workspace/.swiftpm/xcode
builtin-SwiftPerFileCompile CLMDB+Extensions.swift
SwiftCompile normal arm64_32 Compiling\ Cursor.swift /Users/admin/builder/spi-builder-workspace/Sources/LMDB/Cursor.swift (in target 'LMDB' from project 'Empire')
SwiftCompile normal arm64_32 /Users/admin/builder/spi-builder-workspace/Sources/LMDB/Cursor.swift (in target 'LMDB' from project 'Empire')
cd /Users/admin/builder/spi-builder-workspace/.swiftpm/xcode
builtin-SwiftPerFileCompile Cursor.swift
SwiftCompile normal arm64 Compiling\ Array+Serialization.swift,\ Bool+Serialization.swift /Users/admin/builder/spi-builder-workspace/Sources/PackedSerialize/Array+Serialization.swift /Users/admin/builder/spi-builder-workspace/Sources/PackedSerialize/Bool+Serialization.swift (in target 'PackedSerialize' from project 'Empire')
SwiftCompile normal arm64 /Users/admin/builder/spi-builder-workspace/Sources/PackedSerialize/Array+Serialization.swift (in target 'PackedSerialize' from project 'Empire')
cd /Users/admin/builder/spi-builder-workspace/.swiftpm/xcode
builtin-SwiftPerFileCompile Array+Serialization.swift
SwiftCompile normal arm64 /Users/admin/builder/spi-builder-workspace/Sources/PackedSerialize/Bool+Serialization.swift (in target 'PackedSerialize' from project 'Empire')
cd /Users/admin/builder/spi-builder-workspace/.swiftpm/xcode
builtin-SwiftPerFileCompile Bool+Serialization.swift
SwiftEmitModule normal arm64 Emitting\ module\ for\ PackedSerialize (in target 'PackedSerialize' from project 'Empire')
/Users/admin/builder/spi-builder-workspace/Sources/PackedSerialize/Deserializer.swift:22:3: error: invalid lifetime dependence on an Escapable result
20 | }
21 |
22 | @_lifetime(&self)
| `- error: invalid lifetime dependence on an Escapable result
23 | public mutating func unsafeLoad<T>(
24 | of t: T.Type,
/Users/admin/builder/spi-builder-workspace/Sources/PackedSerialize/Deserializer.swift:45:3: error: invalid lifetime dependence on an Escapable result
43 | }
44 |
45 | @_lifetime(&self)
| `- error: invalid lifetime dependence on an Escapable result
46 | public mutating func advance(by amount: Int) throws(DeserializeError) {
47 | try checkOffset(amount)
Failed frontend command:
/Applications/Xcode-27.0.0-Release.Candidate.app/Contents/Developer/Toolchains/XcodeDefault.xctoolchain/usr/bin/swift-frontend -frontend -emit-module -experimental-skip-non-inlinable-function-bodies-without-types /Users/admin/builder/spi-builder-workspace/Sources/PackedSerialize/Array+Serialization.swift /Users/admin/builder/spi-builder-workspace/Sources/PackedSerialize/Bool+Serialization.swift /Users/admin/builder/spi-builder-workspace/Sources/PackedSerialize/Data+Serialization.swift /Users/admin/builder/spi-builder-workspace/Sources/PackedSerialize/Date+Serialization.swift /Users/admin/builder/spi-builder-workspace/Sources/PackedSerialize/Deserializer.swift /Users/admin/builder/spi-builder-workspace/Sources/PackedSerialize/EmptyValue.swift /Users/admin/builder/spi-builder-workspace/Sources/PackedSerialize/FixedWidthInteger+Serialization.swift /Users/admin/builder/spi-builder-workspace/Sources/PackedSerialize/Float+Serialization.swift /Users/admin/builder/spi-builder-workspace/Sources/PackedSerialize/Int+Serialization.swift /Users/admin/builder/spi-builder-workspace/Sources/PackedSerialize/Int64+Serialization.swift /Users/admin/builder/spi-builder-workspace/Sources/PackedSerialize/Optional+Serialization.swift /Users/admin/builder/spi-builder-workspace/Sources/PackedSerialize/RawRepresentable+Serialization.swift /Users/admin/builder/spi-builder-workspace/Sources/PackedSerialize/Serializable.swift /Users/admin/builder/spi-builder-workspace/Sources/PackedSerialize/String+Serialization.swift /Users/admin/builder/spi-builder-workspace/Sources/PackedSerialize/UUID+Serialization.swift -target arm64-apple-watchos10.0 -module-can-import-version Foundation 5027.0.69 5027.0.69 -disable-cross-import-overlay-search -load-resolved-plugin /Applications/Xcode-27.0.0-Release.Candidate.app/Contents/Developer/Platforms/WatchOS.platform/Developer/usr/lib/swift/host/plugins/libFoundationMacros.dylib\#/Applications/Xcode-27.0.0-Release.Candidate.app/Contents/Developer/Platforms/WatchOS.platform/Developer/usr/bin/swift-plugin-server\#FoundationMacros -load-resolved-plugin /Applications/Xcode-27.0.0-Release.Candidate.app/Contents/Developer/Platforms/WatchOS.platform/Developer/usr/lib/swift/host/plugins/libObservationMacros.dylib\#/Applications/Xcode-27.0.0-Release.Candidate.app/Contents/Developer/Platforms/WatchOS.platform/Developer/usr/bin/swift-plugin-server\#ObservationMacros -load-resolved-plugin /Applications/Xcode-27.0.0-Release.Candidate.app/Contents/Developer/Platforms/WatchOS.platform/Developer/usr/lib/swift/host/plugins/libSwiftMacros.dylib\#/Applications/Xcode-27.0.0-Release.Candidate.app/Contents/Developer/Platforms/WatchOS.platform/Developer/usr/bin/swift-plugin-server\#SwiftMacros -disable-implicit-swift-modules -Xcc -fno-implicit-modules -Xcc -fno-implicit-module-maps -explicit-swift-module-map-file /Users/admin/builder/spi-builder-workspace/.derivedData/Build/Intermediates.noindex/Empire.build/Debug-watchos/PackedSerialize-t.build/Objects-normal/arm64/PackedSerialize-dependencies-1.json -Xllvm -aarch64-use-tbi -enable-objc-interop -stack-check -sdk /Applications/Xcode-27.0.0-Release.Candidate.app/Contents/Developer/Platforms/WatchOS.platform/Developer/SDKs/WatchOS27.0.sdk -I /Users/admin/builder/spi-builder-workspace/.derivedData/Build/Products/Debug-watchos -Isystem /Applications/Xcode-27.0.0-Release.Candidate.app/Contents/Developer/Platforms/WatchOS.platform/Developer/usr/lib -F /Users/admin/builder/spi-builder-workspace/.derivedData/Build/Products/Debug-watchos -F /Applications/Xcode-27.0.0-Release.Candidate.app/Contents/Developer/Platforms/WatchOS.platform/Developer/Library/Frameworks -F /Applications/Xcode-27.0.0-Release.Candidate.app/Contents/Developer/Platforms/WatchOS.platform/Developer/SDKs/WatchOS27.0.sdk/Developer/Library/Frameworks -module-cache-path /Users/admin/builder/spi-builder-workspace/.derivedData/Build/Intermediates.noindex/SwiftExplicitPrecompiledModules -no-color-diagnostics -Xcc -fno-color-diagnostics -enable-testing -g -debug-info-format\=dwarf -dwarf-version\=4 -profile-generate -profile-coverage-mapping -swift-version 6 -Onone -D SWIFT_PACKAGE -D DEBUG -D SWIFT_MODULE_RESOURCE_BUNDLE_UNAVAILABLE -D Xcode -serialize-debugging-options -enable-experimental-feature Lifetimes -enable-experimental-feature DebugDescriptionMacro -empty-abi-descriptor -validate-clang-modules-once -clang-build-session-file /Users/admin/builder/spi-builder-workspace/.derivedData/ModuleCache.noindex/Session.modulevalidation -Xcc -working-directory -Xcc /Users/admin/builder/spi-builder-workspace/.swiftpm/xcode -enable-anonymous-context-mangled-names -file-compilation-dir /Users/admin/builder/spi-builder-workspace/.swiftpm/xcode -Xcc -D_LIBCPP_HARDENING_MODE\=_LIBCPP_HARDENING_MODE_DEBUG -Xcc -ivfsstatcache -Xcc /Users/admin/builder/spi-builder-workspace/.derivedData/SDKStatCaches.noindex/watchos27.0-24R360-e829b21a6f8c9b70876ba0858053c04477534ef55a1706bf4c1112bbb242f0a2.sdkstatcache -Xcc -fmodules-prune-interval\=86400 -Xcc -fmodules-prune-after\=345600 -Xcc -I/Users/admin/builder/spi-builder-workspace/.derivedData/Build/Products/Debug-watchos/include -Xcc -I/Users/admin/builder/spi-builder-workspace/.derivedData/Build/Intermediates.noindex/Empire.build/Debug-watchos/PackedSerialize-t.build/DerivedSources-normal/arm64 -Xcc -I/Users/admin/builder/spi-builder-workspace/.derivedData/Build/Intermediates.noindex/Empire.build/Debug-watchos/PackedSerialize-t.build/DerivedSources/arm64 -Xcc -I/Users/admin/builder/spi-builder-workspace/.derivedData/Build/Intermediates.noindex/Empire.build/Debug-watchos/PackedSerialize-t.build/DerivedSources -Xcc -DSWIFT_PACKAGE -Xcc -DDEBUG\=1 -no-auto-bridging-header-chaining -module-name PackedSerialize -package-name spi_builder_workspace -const-gather-protocols-file /Users/admin/builder/spi-builder-workspace/.derivedData/Build/Intermediates.noindex/Empire.build/Debug-watchos/PackedSerialize-t.build/Objects-normal/arm64/PackedSerialize_const_extract_protocols.json -disable-clang-spi -clang-target arm64-apple-watchos27.0 -target-sdk-version 27.0 -target-sdk-name watchos27.0 -in-process-plugin-server-path /Applications/Xcode-27.0.0-Release.Candidate.app/Contents/Developer/Toolchains/XcodeDefault.xctoolchain/usr/lib/swift/host/libSwiftInProcPluginServer.dylib -emit-module-doc-path /Users/admin/builder/spi-builder-workspace/.derivedData/Build/Intermediates.noindex/Empire.build/Debug-watchos/PackedSerialize-t.build/Objects-normal/arm64/PackedSerialize.swiftdoc -emit-module-source-info-path /Users/admin/builder/spi-builder-workspace/.derivedData/Build/Intermediates.noindex/Empire.build/Debug-watchos/PackedSerialize-t.build/Objects-normal/arm64/PackedSerialize.swiftsourceinfo -emit-objc-header-path /Users/admin/builder/spi-builder-workspace/.derivedData/Build/Intermediates.noindex/Empire.build/Debug-watchos/PackedSerialize-t.build/Objects-normal/arm64/PackedSerialize-Swift.h -serialize-diagnostics-path /Users/admin/builder/spi-builder-workspace/.derivedData/Build/Intermediates.noindex/Empire.build/Debug-watchos/PackedSerialize-t.build/Objects-normal/arm64/PackedSerialize-primary-emit-module.dia -emit-dependencies-path /Users/admin/builder/spi-builder-workspace/.derivedData/Build/Intermediates.noindex/Empire.build/Debug-watchos/PackedSerialize-t.build/Objects-normal/arm64/PackedSerialize-primary-emit-module.d -parse-as-library -o /Users/admin/builder/spi-builder-workspace/.derivedData/Build/Intermediates.noindex/Empire.build/Debug-watchos/PackedSerialize-t.build/Objects-normal/arm64/PackedSerialize.swiftmodule -emit-abi-descriptor-path /Users/admin/builder/spi-builder-workspace/.derivedData/Build/Intermediates.noindex/Empire.build/Debug-watchos/PackedSerialize-t.build/Objects-normal/arm64/PackedSerialize.abi.json
SwiftCompile normal arm64 (in target 'PackedSerialize' from project 'Empire')
cd /Users/admin/builder/spi-builder-workspace/.swiftpm/xcode
SwiftCompile normal arm64 Compiling\ Deserializer.swift,\ EmptyValue.swift /Users/admin/builder/spi-builder-workspace/Sources/PackedSerialize/Deserializer.swift /Users/admin/builder/spi-builder-workspace/Sources/PackedSerialize/EmptyValue.swift (in target 'PackedSerialize' from project 'Empire')
/Users/admin/builder/spi-builder-workspace/Sources/PackedSerialize/Deserializer.swift:22:3: error: invalid lifetime dependence on an Escapable result
20 | }
21 |
22 | @_lifetime(&self)
| `- error: invalid lifetime dependence on an Escapable result
23 | public mutating func unsafeLoad<T>(
24 | of t: T.Type,
SwiftCompile normal arm64 /Users/admin/builder/spi-builder-workspace/Sources/PackedSerialize/Deserializer.swift (in target 'PackedSerialize' from project 'Empire')
cd /Users/admin/builder/spi-builder-workspace/.swiftpm/xcode
builtin-SwiftPerFileCompile Deserializer.swift
SwiftCompile normal arm64 /Users/admin/builder/spi-builder-workspace/Sources/PackedSerialize/EmptyValue.swift (in target 'PackedSerialize' from project 'Empire')
cd /Users/admin/builder/spi-builder-workspace/.swiftpm/xcode
builtin-SwiftPerFileCompile EmptyValue.swift
SwiftEmitModule normal arm64_32 Emitting\ module\ for\ PackedSerialize (in target 'PackedSerialize' from project 'Empire')
/Users/admin/builder/spi-builder-workspace/Sources/PackedSerialize/Deserializer.swift:22:3: error: invalid lifetime dependence on an Escapable result
20 | }
21 |
22 | @_lifetime(&self)
| `- error: invalid lifetime dependence on an Escapable result
23 | public mutating func unsafeLoad<T>(
24 | of t: T.Type,
SwiftCompile normal arm64_32 (in target 'PackedSerialize' from project 'Empire')
cd /Users/admin/builder/spi-builder-workspace/.swiftpm/xcode
SwiftEmitModule normal arm64 Emitting\ module\ for\ LMDB (in target 'LMDB' from project 'Empire')
SwiftCompile normal arm64 (in target 'LMDB' from project 'Empire')
cd /Users/admin/builder/spi-builder-workspace/.swiftpm/xcode
PruneExplicitPrecompiledModules /Users/admin/builder/spi-builder-workspace/.derivedData/Build/Intermediates.noindex/ExplicitPrecompiledModules
PruneExplicitPrecompiledModules /Users/admin/builder/spi-builder-workspace/.derivedData/Build/Intermediates.noindex/SwiftExplicitPrecompiledModules
PruneExplicitPrecompiledModules /Users/admin/builder/spi-builder-workspace/.derivedData/SDKExplicitPrecompiledModules
2026-09-23 17:49:46.265 xcodebuild[854:5100] [MT] IDERunDestination: Supported platforms for the buildables in the current scheme is empty.
** BUILD FAILED **
The following build commands failed:
SwiftEmitModule normal arm64_32 Emitting\ module\ for\ LMDB (in target 'LMDB' from project 'Empire')
SwiftCompile normal arm64_32 (in target 'LMDB' from project 'Empire')
SwiftEmitModule normal arm64 Emitting\ module\ for\ PackedSerialize (in target 'PackedSerialize' from project 'Empire')
SwiftCompile normal arm64 (in target 'PackedSerialize' from project 'Empire')
Building workspace Empire with scheme Empire-Package
(5 failures)
BUILD FAILURE 6.4 watchOS