The Swift Package Index logo.Swift Package Index

Build Information

Failed to build LazyArray, reference 1.1.0 (d4a88c), with Swift 6.4 for tvOS using Xcode 27.0 on 16 Sep 2026 12:35:23 UTC.

Build Command

env DEVELOPER_DIR=/Applications/Xcode-27.0.0-Release.Candidate.app xcrun xcodebuild -IDEClonedSourcePackagesDirPathOverride=$PWD/.dependencies -skipMacroValidation -skipPackagePluginValidation -derivedDataPath $PWD/.derivedData build -scheme LazyArray -destination generic/platform=tvOS

Build Log

========================================
RunAll
========================================
Builder version: 5.1.0
Interrupt handler set up.
========================================
Checkout
========================================
Clone URL: https://github.com/lucas34/LazyArray.git
Reference: 1.1.0
Initialized empty Git repository in /Users/admin/builder/spi-builder-workspace/.git/
From https://github.com/lucas34/LazyArray
 * tag               1.1.0      -> FETCH_HEAD
HEAD is now at d4a88c7 Release 1.1.0
Cloned https://github.com/lucas34/LazyArray.git
Revision (git rev-parse @):
d4a88c74376a47e25231d039349cdae907ffcc4a
SUCCESS checkout https://github.com/lucas34/LazyArray.git at 1.1.0
========================================
Build
========================================
Selected platform:         tvOS
Swift version:             6.4
Building package at path:  $PWD
https://github.com/lucas34/LazyArray.git
Command line invocation:
    /Applications/Xcode-27.0.0-Release.Candidate.app/Contents/Developer/usr/bin/xcodebuild -IDEClonedSourcePackagesDirPathOverride=/Users/admin/builder/spi-builder-workspace/.dependencies -resolvePackageDependencies
resolved source packages:
{
  "dependencies" : [
  ],
  "manifest_display_name" : "LazyArray",
  "name" : "LazyArray",
  "path" : "/Users/admin/builder/spi-builder-workspace",
  "platforms" : [
  ],
  "products" : [
    {
      "name" : "LazyArray",
      "targets" : [
        "LazyArray"
      ],
      "type" : {
        "library" : [
          "automatic"
        ]
      }
    }
  ],
  "swift_languages_versions" : [
    "3",
    "4"
  ],
  "targets" : [
    {
      "c99name" : "LazyArrayTests",
      "module_type" : "SwiftTarget",
      "name" : "LazyArrayTests",
      "path" : "Tests/LazyArrayTests",
      "sources" : [
        "LazyArrayTests.swift"
      ],
      "target_dependencies" : [
        "LazyArray"
      ],
      "type" : "test"
    },
    {
      "c99name" : "LazyArray",
      "module_type" : "SwiftTarget",
      "name" : "LazyArray",
      "path" : "Sources/LazyArray",
      "product_memberships" : [
        "LazyArray"
      ],
      "sources" : [
        "LazyArray+Any.swift",
        "LazyArray+Array.swift",
        "LazyArray+Cache.swift",
        "LazyArray+CoutableRange.swift",
        "LazyArray+Linear.swift",
        "LazyArray+Map.swift",
        "LazyArray+Range.swift",
        "LazyArray+Sequence.swift",
        "LazyArray.swift",
        "LazyMutableList.swift"
      ],
      "type" : "library"
    }
  ],
  "tools_version" : "4.0"
}
{
  "project" : {
    "configurations" : [
      "Debug",
      "Release"
    ],
    "name" : "LazyArray",
    "schemes" : [
      "LazyArray"
    ],
    "targets" : [
      "LazyArray",
      "LazyArrayTests"
    ]
  }
}
Running build ...
env DEVELOPER_DIR=/Applications/Xcode-27.0.0-Release.Candidate.app xcrun xcodebuild -IDEClonedSourcePackagesDirPathOverride=$PWD/.dependencies -skipMacroValidation -skipPackagePluginValidation -derivedDataPath $PWD/.derivedData build -scheme LazyArray -destination generic/platform=tvOS
Command line invocation:
    /Applications/Xcode-27.0.0-Release.Candidate.app/Contents/Developer/usr/bin/xcodebuild -IDEClonedSourcePackagesDirPathOverride=/Users/admin/builder/spi-builder-workspace/.dependencies -skipMacroValidation -skipPackagePluginValidation -derivedDataPath /Users/admin/builder/spi-builder-workspace/.derivedData build -scheme LazyArray -destination generic/platform=tvOS
ComputePackagePrebuildTargetDependencyGraph
Prepare packages
CreateBuildRequest
SendProjectDescription
CreateBuildOperation
ComputeTargetDependencyGraph
note: Building targets in dependency order
note: Target dependency graph (1 target)
    Target 'LazyArray' in project 'LazyArray' (no dependencies)
GatherProvisioningInputs
CreateBuildDescription
ExecuteExternalTool /Applications/Xcode-27.0.0-Release.Candidate.app/Contents/Developer/Toolchains/XcodeDefault.xctoolchain/usr/bin/clang -v -E -dM -isysroot /Applications/Xcode-27.0.0-Release.Candidate.app/Contents/Developer/Platforms/AppleTVOS.platform/Developer/SDKs/AppleTVOS27.0.sdk -x c -c /dev/null
ExecuteExternalTool /Applications/Xcode-27.0.0-Release.Candidate.app/Contents/Developer/Toolchains/XcodeDefault.xctoolchain/usr/bin/swiftc --version
ExecuteExternalTool /Applications/Xcode-27.0.0-Release.Candidate.app/Contents/Developer/Toolchains/XcodeDefault.xctoolchain/usr/bin/ld -version_details
Build description signature: b6b367dc125e4d7f2506791bd52d5778
Build description path: /Users/admin/builder/spi-builder-workspace/.derivedData/Build/Intermediates.noindex/XCBuildData/b6b367dc125e4d7f2506791bd52d5778.xcbuilddata
/Users/admin/builder/spi-builder-workspace/LazyArray.xcodeproj: error: The tvOS deployment target 'TVOS_DEPLOYMENT_TARGET' is set to 9.0, but the range of supported deployment target versions is 15.0 to 27.0.x. (in target 'LazyArray' from project 'LazyArray')
** BUILD FAILED **
The following build commands failed:
	Building project LazyArray with scheme LazyArray
(1 failure)
Command line invocation:
    /Applications/Xcode-27.0.0-Release.Candidate.app/Contents/Developer/usr/bin/xcodebuild -IDEClonedSourcePackagesDirPathOverride=/Users/admin/builder/spi-builder-workspace/.dependencies -resolvePackageDependencies
resolved source packages:
{
  "dependencies" : [
  ],
  "manifest_display_name" : "LazyArray",
  "name" : "LazyArray",
  "path" : "/Users/admin/builder/spi-builder-workspace",
  "platforms" : [
  ],
  "products" : [
    {
      "name" : "LazyArray",
      "targets" : [
        "LazyArray"
      ],
      "type" : {
        "library" : [
          "automatic"
        ]
      }
    }
  ],
  "swift_languages_versions" : [
    "3",
    "4"
  ],
  "targets" : [
    {
      "c99name" : "LazyArrayTests",
      "module_type" : "SwiftTarget",
      "name" : "LazyArrayTests",
      "path" : "Tests/LazyArrayTests",
      "sources" : [
        "LazyArrayTests.swift"
      ],
      "target_dependencies" : [
        "LazyArray"
      ],
      "type" : "test"
    },
    {
      "c99name" : "LazyArray",
      "module_type" : "SwiftTarget",
      "name" : "LazyArray",
      "path" : "Sources/LazyArray",
      "product_memberships" : [
        "LazyArray"
      ],
      "sources" : [
        "LazyArray+Any.swift",
        "LazyArray+Array.swift",
        "LazyArray+Cache.swift",
        "LazyArray+CoutableRange.swift",
        "LazyArray+Linear.swift",
        "LazyArray+Map.swift",
        "LazyArray+Range.swift",
        "LazyArray+Sequence.swift",
        "LazyArray.swift",
        "LazyMutableList.swift"
      ],
      "type" : "library"
    }
  ],
  "tools_version" : "4.0"
}
{
  "project" : {
    "configurations" : [
      "Debug",
      "Release"
    ],
    "name" : "LazyArray",
    "schemes" : [
      "LazyArray"
    ],
    "targets" : [
      "LazyArray",
      "LazyArrayTests"
    ]
  }
}
Running build ...
env DEVELOPER_DIR=/Applications/Xcode-27.0.0-Release.Candidate.app xcrun xcodebuild -IDEClonedSourcePackagesDirPathOverride=$PWD/.dependencies -skipMacroValidation -skipPackagePluginValidation -derivedDataPath $PWD/.derivedData build -scheme LazyArray -destination generic/platform=tvOS
Command line invocation:
    /Applications/Xcode-27.0.0-Release.Candidate.app/Contents/Developer/usr/bin/xcodebuild -IDEClonedSourcePackagesDirPathOverride=/Users/admin/builder/spi-builder-workspace/.dependencies -skipMacroValidation -skipPackagePluginValidation -derivedDataPath /Users/admin/builder/spi-builder-workspace/.derivedData build -scheme LazyArray -destination generic/platform=tvOS
ComputePackagePrebuildTargetDependencyGraph
Prepare packages
CreateBuildRequest
SendProjectDescription
CreateBuildOperation
ComputeTargetDependencyGraph
note: Building targets in dependency order
note: Target dependency graph (1 target)
    Target 'LazyArray' in project 'LazyArray' (no dependencies)
GatherProvisioningInputs
CreateBuildDescription
/Users/admin/builder/spi-builder-workspace/LazyArray.xcodeproj: error: The tvOS deployment target 'TVOS_DEPLOYMENT_TARGET' is set to 9.0, but the range of supported deployment target versions is 15.0 to 27.0.x. (in target 'LazyArray' from project 'LazyArray')
** BUILD FAILED **
The following build commands failed:
	Building project LazyArray with scheme LazyArray
(1 failure)
BUILD FAILURE 6.4 tvOS