Build Information
Failed to build SGLMath, reference master (8bdd2e), with Swift 6.4 for watchOS using Xcode 27.0 on 15 Sep 2026 20:04:10 UTC.
Build Command
env DEVELOPER_DIR=/Applications/Xcode-27.0.0-Release.Candidate.app xcrun xcodebuild -IDEClonedSourcePackagesDirPathOverride=$PWD/.dependencies -skipMacroValidation -skipPackagePluginValidation -derivedDataPath $PWD/.derivedData build -scheme SGLMath-Package -destination generic/platform=watchOSBuild Log
========================================
RunAll
========================================
Builder version: 5.1.0
Interrupt handler set up.
========================================
Checkout
========================================
Clone URL: https://github.com/SwiftGL/Math.git
Reference: master
Initialized empty Git repository in /Users/admin/builder/spi-builder-workspace/.git/
From https://github.com/SwiftGL/Math
* branch master -> FETCH_HEAD
* [new branch] master -> origin/master
HEAD is now at 8bdd2e5 Merge pull request #4 from ctreffs/master
Cloned https://github.com/SwiftGL/Math.git
Revision (git rev-parse @):
8bdd2e542f28828d0c224c1ea8e046c6f652ec40
SUCCESS checkout https://github.com/SwiftGL/Math.git at master
========================================
Build
========================================
Selected platform: watchOS
Swift version: 6.4
Building package at path: $PWD
https://github.com/SwiftGL/Math.git
Command line invocation:
/Applications/Xcode-27.0.0-Release.Candidate.app/Contents/Developer/usr/bin/xcodebuild -IDEClonedSourcePackagesDirPathOverride=/Users/admin/builder/spi-builder-workspace/.dependencies -resolvePackageDependencies
Resolve Package Graph
Resolve Package Graph
Resolve Package Graph
Resolved source packages:
SGLMath: /Users/admin/builder/spi-builder-workspace
resolved source packages: SGLMath
2026-09-15 16:03:17.044 xcodebuild[529:3012] [MT] IDERunDestination: Supported platforms for the buildables in the current scheme is empty.
{
"dependencies" : [
],
"manifest_display_name" : "SGLMath",
"name" : "SGLMath",
"path" : "/Users/admin/builder/spi-builder-workspace",
"platforms" : [
],
"products" : [
{
"name" : "SGLMath",
"targets" : [
"SGLMath"
],
"type" : {
"library" : [
"automatic"
]
}
},
{
"name" : "swizgen",
"targets" : [
"Tools"
],
"type" : {
"executable" : null
}
}
],
"targets" : [
{
"c99name" : "Tools",
"module_type" : "SwiftTarget",
"name" : "Tools",
"path" : "Sources/Tools",
"product_memberships" : [
"swizgen"
],
"sources" : [
"main.swift"
],
"type" : "executable"
},
{
"c99name" : "SGLMathTests",
"module_type" : "SwiftTarget",
"name" : "SGLMathTests",
"path" : "Tests/SGLMathTests",
"sources" : [
"EqualWithAccuracy.swift",
"FunctionsTests.swift",
"Matrix2x2Tests.swift",
"Matrix3x3Tests.swift",
"Matrix4x4Tests.swift",
"SwizzleTests.swift",
"Vector2Tests.swift",
"Vector4Tests.swift",
"XCTestManifests.swift",
"glmMatrixTests.swift"
],
"target_dependencies" : [
"SGLMath"
],
"type" : "test"
},
{
"c99name" : "SGLMath",
"module_type" : "SwiftTarget",
"name" : "SGLMath",
"path" : "Sources/SGLMath",
"product_memberships" : [
"SGLMath"
],
"sources" : [
"Complex.swift",
"Internal.swift",
"Matrix2x2.swift",
"Matrix2x3.swift",
"Matrix2x4.swift",
"Matrix3x2.swift",
"Matrix3x3.swift",
"Matrix3x4.swift",
"Matrix4x2.swift",
"Matrix4x3.swift",
"Matrix4x4.swift",
"Operators.swift",
"Protocols.swift",
"Quaternion.swift",
"Swizzle.swift",
"Vector2.swift",
"Vector2b.swift",
"Vector3.swift",
"Vector3b.swift",
"Vector4.swift",
"Vector4b.swift",
"glm.swift",
"glsl.swift"
],
"type" : "library"
}
],
"tools_version" : "4.0"
}
{
"workspace" : {
"name" : "SGLMath",
"schemes" : [
"SGLMath",
"SGLMath-Package",
"swizgen"
]
}
}
2026-09-15 16:03:58.779 xcodebuild[647:4111] [MT] IDERunDestination: Supported platforms for the buildables in the current scheme is empty.
Running build ...
env DEVELOPER_DIR=/Applications/Xcode-27.0.0-Release.Candidate.app xcrun xcodebuild -IDEClonedSourcePackagesDirPathOverride=$PWD/.dependencies -skipMacroValidation -skipPackagePluginValidation -derivedDataPath $PWD/.derivedData build -scheme SGLMath-Package -destination generic/platform=watchOS
Command line invocation:
/Applications/Xcode-27.0.0-Release.Candidate.app/Contents/Developer/usr/bin/xcodebuild -IDEClonedSourcePackagesDirPathOverride=/Users/admin/builder/spi-builder-workspace/.dependencies -skipMacroValidation -skipPackagePluginValidation -derivedDataPath /Users/admin/builder/spi-builder-workspace/.derivedData build -scheme SGLMath-Package -destination generic/platform=watchOS
Resolve Package Graph
Resolved source packages:
SGLMath: /Users/admin/builder/spi-builder-workspace
ComputePackagePrebuildTargetDependencyGraph
Prepare packages
CreateBuildRequest
SendProjectDescription
CreateBuildOperation
ComputeTargetDependencyGraph
note: Building targets in dependency order
note: Target dependency graph (3 targets)
Target 'swizgen-product' in project 'SGLMath' (no dependencies)
Target 'SGLMath-product' in project 'SGLMath'
➜ Explicit dependency on target 'SGLMath' in project 'SGLMath'
Target 'SGLMath' in project 'SGLMath' (no dependencies)
GatherProvisioningInputs
CreateBuildDescription
ExecuteExternalTool /Applications/Xcode-27.0.0-Release.Candidate.app/Contents/Developer/Toolchains/XcodeDefault.xctoolchain/usr/bin/clang -v -E -dM -isysroot /Applications/Xcode-27.0.0-Release.Candidate.app/Contents/Developer/Platforms/WatchOS.platform/Developer/SDKs/WatchOS27.0.sdk -x c -c /dev/null
ExecuteExternalTool /Applications/Xcode-27.0.0-Release.Candidate.app/Contents/Developer/Toolchains/XcodeDefault.xctoolchain/usr/bin/swiftc --version
ExecuteExternalTool /Applications/Xcode-27.0.0-Release.Candidate.app/Contents/Developer/Toolchains/XcodeDefault.xctoolchain/usr/bin/ld -version_details
Build description signature: 56bd7229c256e3cb8354d4a126728fd8
Build description path: /Users/admin/builder/spi-builder-workspace/.derivedData/Build/Intermediates.noindex/XCBuildData/56bd7229c256e3cb8354d4a126728fd8.xcbuilddata
CreateBuildDirectory /Users/admin/builder/spi-builder-workspace/.derivedData/SDKExplicitPrecompiledModules
cd /Users/admin/builder/spi-builder-workspace/.swiftpm/xcode
builtin-create-build-directory /Users/admin/builder/spi-builder-workspace/.derivedData/SDKExplicitPrecompiledModules
CreateBuildDirectory /Users/admin/builder/spi-builder-workspace/.derivedData/CompilationCache.noindex
cd /Users/admin/builder/spi-builder-workspace/.swiftpm/xcode
builtin-create-build-directory /Users/admin/builder/spi-builder-workspace/.derivedData/CompilationCache.noindex
CreateBuildDirectory /Users/admin/builder/spi-builder-workspace/.derivedData/ModuleCache.noindex
cd /Users/admin/builder/spi-builder-workspace/.swiftpm/xcode
builtin-create-build-directory /Users/admin/builder/spi-builder-workspace/.derivedData/ModuleCache.noindex
ClangStatCache /Applications/Xcode-27.0.0-Release.Candidate.app/Contents/Developer/Toolchains/XcodeDefault.xctoolchain/usr/bin/clang-stat-cache /Applications/Xcode-27.0.0-Release.Candidate.app/Contents/Developer/Platforms/WatchOS.platform/Developer/SDKs/WatchOS27.0.sdk /Users/admin/builder/spi-builder-workspace/.derivedData/SDKStatCaches.noindex/watchos27.0-24R360-e829b21a6f8c9b70876ba0858053c04477534ef55a1706bf4c1112bbb242f0a2.sdkstatcache
cd /Users/admin/builder/spi-builder-workspace/.swiftpm/xcode
/Applications/Xcode-27.0.0-Release.Candidate.app/Contents/Developer/Toolchains/XcodeDefault.xctoolchain/usr/bin/clang-stat-cache /Applications/Xcode-27.0.0-Release.Candidate.app/Contents/Developer/Platforms/WatchOS.platform/Developer/SDKs/WatchOS27.0.sdk -o /Users/admin/builder/spi-builder-workspace/.derivedData/SDKStatCaches.noindex/watchos27.0-24R360-e829b21a6f8c9b70876ba0858053c04477534ef55a1706bf4c1112bbb242f0a2.sdkstatcache
CreateBuildDirectory /Users/admin/builder/spi-builder-workspace/.derivedData/Build/Intermediates.noindex
cd /Users/admin/builder/spi-builder-workspace/.swiftpm/xcode
builtin-create-build-directory /Users/admin/builder/spi-builder-workspace/.derivedData/Build/Intermediates.noindex
CreateBuildDirectory /Users/admin/builder/spi-builder-workspace/.derivedData/Build/Products
cd /Users/admin/builder/spi-builder-workspace/.swiftpm/xcode
builtin-create-build-directory /Users/admin/builder/spi-builder-workspace/.derivedData/Build/Products
CreateBuildDirectory /Users/admin/builder/spi-builder-workspace/.derivedData/Build/Intermediates.noindex/SwiftExplicitPrecompiledModules
cd /Users/admin/builder/spi-builder-workspace/.swiftpm/xcode
builtin-create-build-directory /Users/admin/builder/spi-builder-workspace/.derivedData/Build/Intermediates.noindex/SwiftExplicitPrecompiledModules
CreateBuildDirectory /Users/admin/builder/spi-builder-workspace/.derivedData/Build/Intermediates.noindex/ExplicitPrecompiledModules
cd /Users/admin/builder/spi-builder-workspace/.swiftpm/xcode
builtin-create-build-directory /Users/admin/builder/spi-builder-workspace/.derivedData/Build/Intermediates.noindex/ExplicitPrecompiledModules
CreateBuildDirectory /Users/admin/builder/spi-builder-workspace/.derivedData/Build/Intermediates.noindex/PrecompiledHeaders
cd /Users/admin/builder/spi-builder-workspace/.swiftpm/xcode
builtin-create-build-directory /Users/admin/builder/spi-builder-workspace/.derivedData/Build/Intermediates.noindex/PrecompiledHeaders
CreateBuildDirectory /Users/admin/builder/spi-builder-workspace/.derivedData/Build/Intermediates.noindex/EagerLinkingTBDs/Debug-watchos
cd /Users/admin/builder/spi-builder-workspace/.swiftpm/xcode
builtin-create-build-directory /Users/admin/builder/spi-builder-workspace/.derivedData/Build/Intermediates.noindex/EagerLinkingTBDs/Debug-watchos
CreateBuildDirectory /Users/admin/builder/spi-builder-workspace/.derivedData/Build/Products/Debug-watchos
cd /Users/admin/builder/spi-builder-workspace/.swiftpm/xcode
builtin-create-build-directory /Users/admin/builder/spi-builder-workspace/.derivedData/Build/Products/Debug-watchos
CreateBuildDirectory /Users/admin/builder/spi-builder-workspace/.derivedData/Build/Products/Debug-watchos/PackageFrameworks
cd /Users/admin/builder/spi-builder-workspace/.swiftpm/xcode
builtin-create-build-directory /Users/admin/builder/spi-builder-workspace/.derivedData/Build/Products/Debug-watchos/PackageFrameworks
WriteAuxiliaryFile /Users/admin/builder/spi-builder-workspace/.derivedData/Build/Intermediates.noindex/SGLMath.build/Debug-watchos/swizgen-p.build/swizgen.DependencyMetadataFileList (in target 'swizgen-product' from project 'SGLMath')
cd /Users/admin/builder/spi-builder-workspace
write-file /Users/admin/builder/spi-builder-workspace/.derivedData/Build/Intermediates.noindex/SGLMath.build/Debug-watchos/swizgen-p.build/swizgen.DependencyMetadataFileList
WriteAuxiliaryFile /Users/admin/builder/spi-builder-workspace/.derivedData/Build/Intermediates.noindex/SGLMath.build/Debug-watchos/swizgen-p.build/swizgen.DependencyStaticMetadataFileList (in target 'swizgen-product' from project 'SGLMath')
cd /Users/admin/builder/spi-builder-workspace
write-file /Users/admin/builder/spi-builder-workspace/.derivedData/Build/Intermediates.noindex/SGLMath.build/Debug-watchos/swizgen-p.build/swizgen.DependencyStaticMetadataFileList
WriteAuxiliaryFile /Users/admin/builder/spi-builder-workspace/.derivedData/Build/Intermediates.noindex/SGLMath.build/Debug-watchos/swizgen-p.build/Objects-normal/arm64_32/swizgen.SwiftFileList (in target 'swizgen-product' from project 'SGLMath')
cd /Users/admin/builder/spi-builder-workspace
write-file /Users/admin/builder/spi-builder-workspace/.derivedData/Build/Intermediates.noindex/SGLMath.build/Debug-watchos/swizgen-p.build/Objects-normal/arm64_32/swizgen.SwiftFileList
WriteAuxiliaryFile /Users/admin/builder/spi-builder-workspace/.derivedData/Build/Intermediates.noindex/SGLMath.build/Debug-watchos/swizgen-p.build/Objects-normal/arm64_32/swizgen_const_extract_protocols.json (in target 'swizgen-product' from project 'SGLMath')
cd /Users/admin/builder/spi-builder-workspace
write-file /Users/admin/builder/spi-builder-workspace/.derivedData/Build/Intermediates.noindex/SGLMath.build/Debug-watchos/swizgen-p.build/Objects-normal/arm64_32/swizgen_const_extract_protocols.json
WriteAuxiliaryFile /Users/admin/builder/spi-builder-workspace/.derivedData/Build/Intermediates.noindex/SGLMath.build/Debug-watchos/swizgen-p.build/Objects-normal/arm64/swizgen.SwiftFileList (in target 'swizgen-product' from project 'SGLMath')
cd /Users/admin/builder/spi-builder-workspace
write-file /Users/admin/builder/spi-builder-workspace/.derivedData/Build/Intermediates.noindex/SGLMath.build/Debug-watchos/swizgen-p.build/Objects-normal/arm64/swizgen.SwiftFileList
WriteAuxiliaryFile /Users/admin/builder/spi-builder-workspace/.derivedData/Build/Intermediates.noindex/SGLMath.build/Debug-watchos/swizgen-p.build/Objects-normal/arm64_32/swizgen.LinkFileList (in target 'swizgen-product' from project 'SGLMath')
cd /Users/admin/builder/spi-builder-workspace
write-file /Users/admin/builder/spi-builder-workspace/.derivedData/Build/Intermediates.noindex/SGLMath.build/Debug-watchos/swizgen-p.build/Objects-normal/arm64_32/swizgen.LinkFileList
WriteAuxiliaryFile /Users/admin/builder/spi-builder-workspace/.derivedData/Build/Intermediates.noindex/SGLMath.build/Debug-watchos/swizgen-p.build/Objects-normal/arm64/swizgen_const_extract_protocols.json (in target 'swizgen-product' from project 'SGLMath')
cd /Users/admin/builder/spi-builder-workspace
write-file /Users/admin/builder/spi-builder-workspace/.derivedData/Build/Intermediates.noindex/SGLMath.build/Debug-watchos/swizgen-p.build/Objects-normal/arm64/swizgen_const_extract_protocols.json
WriteAuxiliaryFile /Users/admin/builder/spi-builder-workspace/.derivedData/Build/Intermediates.noindex/SGLMath.build/Debug-watchos/swizgen-p.build/Objects-normal/arm64_32/swizgen-OutputFileMap.json (in target 'swizgen-product' from project 'SGLMath')
cd /Users/admin/builder/spi-builder-workspace
write-file /Users/admin/builder/spi-builder-workspace/.derivedData/Build/Intermediates.noindex/SGLMath.build/Debug-watchos/swizgen-p.build/Objects-normal/arm64_32/swizgen-OutputFileMap.json
WriteAuxiliaryFile /Users/admin/builder/spi-builder-workspace/.derivedData/Build/Intermediates.noindex/SGLMath.build/Debug-watchos/swizgen-p.build/Objects-normal/arm64/swizgen.LinkFileList (in target 'swizgen-product' from project 'SGLMath')
cd /Users/admin/builder/spi-builder-workspace
write-file /Users/admin/builder/spi-builder-workspace/.derivedData/Build/Intermediates.noindex/SGLMath.build/Debug-watchos/swizgen-p.build/Objects-normal/arm64/swizgen.LinkFileList
WriteAuxiliaryFile /Users/admin/builder/spi-builder-workspace/.derivedData/Build/Intermediates.noindex/SGLMath.build/Debug-watchos/swizgen-p.build/Objects-normal/arm64/swizgen-OutputFileMap.json (in target 'swizgen-product' from project 'SGLMath')
cd /Users/admin/builder/spi-builder-workspace
write-file /Users/admin/builder/spi-builder-workspace/.derivedData/Build/Intermediates.noindex/SGLMath.build/Debug-watchos/swizgen-p.build/Objects-normal/arm64/swizgen-OutputFileMap.json
WriteAuxiliaryFile /Users/admin/builder/spi-builder-workspace/.derivedData/Build/Intermediates.noindex/SGLMath.build/Debug-watchos/SGLMath-t.build/SGLMath.modulemap (in target 'SGLMath' from project 'SGLMath')
cd /Users/admin/builder/spi-builder-workspace
write-file /Users/admin/builder/spi-builder-workspace/.derivedData/Build/Intermediates.noindex/SGLMath.build/Debug-watchos/SGLMath-t.build/SGLMath.modulemap
WriteAuxiliaryFile /Users/admin/builder/spi-builder-workspace/.derivedData/Build/Intermediates.noindex/SGLMath.build/Debug-watchos/SGLMath-t.build/SGLMath.DependencyStaticMetadataFileList (in target 'SGLMath' from project 'SGLMath')
cd /Users/admin/builder/spi-builder-workspace
write-file /Users/admin/builder/spi-builder-workspace/.derivedData/Build/Intermediates.noindex/SGLMath.build/Debug-watchos/SGLMath-t.build/SGLMath.DependencyStaticMetadataFileList
WriteAuxiliaryFile /Users/admin/builder/spi-builder-workspace/.derivedData/Build/Intermediates.noindex/SGLMath.build/Debug-watchos/SGLMath-t.build/SGLMath.DependencyMetadataFileList (in target 'SGLMath' from project 'SGLMath')
cd /Users/admin/builder/spi-builder-workspace
write-file /Users/admin/builder/spi-builder-workspace/.derivedData/Build/Intermediates.noindex/SGLMath.build/Debug-watchos/SGLMath-t.build/SGLMath.DependencyMetadataFileList
WriteAuxiliaryFile /Users/admin/builder/spi-builder-workspace/.derivedData/Build/Intermediates.noindex/SGLMath.build/Debug-watchos/SGLMath-t.build/Objects-normal/arm64_32/SGLMath_const_extract_protocols.json (in target 'SGLMath' from project 'SGLMath')
cd /Users/admin/builder/spi-builder-workspace
write-file /Users/admin/builder/spi-builder-workspace/.derivedData/Build/Intermediates.noindex/SGLMath.build/Debug-watchos/SGLMath-t.build/Objects-normal/arm64_32/SGLMath_const_extract_protocols.json
WriteAuxiliaryFile /Users/admin/builder/spi-builder-workspace/.derivedData/Build/Intermediates.noindex/SGLMath.build/Debug-watchos/SGLMath-t.build/Objects-normal/arm64_32/SGLMath.LinkFileList (in target 'SGLMath' from project 'SGLMath')
cd /Users/admin/builder/spi-builder-workspace
write-file /Users/admin/builder/spi-builder-workspace/.derivedData/Build/Intermediates.noindex/SGLMath.build/Debug-watchos/SGLMath-t.build/Objects-normal/arm64_32/SGLMath.LinkFileList
WriteAuxiliaryFile /Users/admin/builder/spi-builder-workspace/.derivedData/Build/Intermediates.noindex/SGLMath.build/Debug-watchos/SGLMath-t.build/Objects-normal/arm64_32/SGLMath.SwiftFileList (in target 'SGLMath' from project 'SGLMath')
cd /Users/admin/builder/spi-builder-workspace
write-file /Users/admin/builder/spi-builder-workspace/.derivedData/Build/Intermediates.noindex/SGLMath.build/Debug-watchos/SGLMath-t.build/Objects-normal/arm64_32/SGLMath.SwiftFileList
WriteAuxiliaryFile /Users/admin/builder/spi-builder-workspace/.derivedData/Build/Intermediates.noindex/SGLMath.build/Debug-watchos/SGLMath-t.build/Objects-normal/arm64_32/SGLMath.SwiftConstValuesFileList (in target 'SGLMath' from project 'SGLMath')
cd /Users/admin/builder/spi-builder-workspace
write-file /Users/admin/builder/spi-builder-workspace/.derivedData/Build/Intermediates.noindex/SGLMath.build/Debug-watchos/SGLMath-t.build/Objects-normal/arm64_32/SGLMath.SwiftConstValuesFileList
WriteAuxiliaryFile /Users/admin/builder/spi-builder-workspace/.derivedData/Build/Intermediates.noindex/SGLMath.build/Debug-watchos/SGLMath-t.build/Objects-normal/arm64_32/SGLMath-OutputFileMap.json (in target 'SGLMath' from project 'SGLMath')
cd /Users/admin/builder/spi-builder-workspace
write-file /Users/admin/builder/spi-builder-workspace/.derivedData/Build/Intermediates.noindex/SGLMath.build/Debug-watchos/SGLMath-t.build/Objects-normal/arm64_32/SGLMath-OutputFileMap.json
WriteAuxiliaryFile /Users/admin/builder/spi-builder-workspace/.derivedData/Build/Intermediates.noindex/SGLMath.build/Debug-watchos/SGLMath-t.build/Objects-normal/arm64/SGLMath.SwiftFileList (in target 'SGLMath' from project 'SGLMath')
cd /Users/admin/builder/spi-builder-workspace
write-file /Users/admin/builder/spi-builder-workspace/.derivedData/Build/Intermediates.noindex/SGLMath.build/Debug-watchos/SGLMath-t.build/Objects-normal/arm64/SGLMath.SwiftFileList
WriteAuxiliaryFile /Users/admin/builder/spi-builder-workspace/.derivedData/Build/Intermediates.noindex/SGLMath.build/Debug-watchos/SGLMath-t.build/Objects-normal/arm64/SGLMath_const_extract_protocols.json (in target 'SGLMath' from project 'SGLMath')
cd /Users/admin/builder/spi-builder-workspace
write-file /Users/admin/builder/spi-builder-workspace/.derivedData/Build/Intermediates.noindex/SGLMath.build/Debug-watchos/SGLMath-t.build/Objects-normal/arm64/SGLMath_const_extract_protocols.json
WriteAuxiliaryFile /Users/admin/builder/spi-builder-workspace/.derivedData/Build/Intermediates.noindex/SGLMath.build/Debug-watchos/SGLMath-t.build/Objects-normal/arm64/SGLMath.SwiftConstValuesFileList (in target 'SGLMath' from project 'SGLMath')
cd /Users/admin/builder/spi-builder-workspace
write-file /Users/admin/builder/spi-builder-workspace/.derivedData/Build/Intermediates.noindex/SGLMath.build/Debug-watchos/SGLMath-t.build/Objects-normal/arm64/SGLMath.SwiftConstValuesFileList
WriteAuxiliaryFile /Users/admin/builder/spi-builder-workspace/.derivedData/Build/Intermediates.noindex/SGLMath.build/Debug-watchos/SGLMath-t.build/Objects-normal/arm64/SGLMath.LinkFileList (in target 'SGLMath' from project 'SGLMath')
cd /Users/admin/builder/spi-builder-workspace
write-file /Users/admin/builder/spi-builder-workspace/.derivedData/Build/Intermediates.noindex/SGLMath.build/Debug-watchos/SGLMath-t.build/Objects-normal/arm64/SGLMath.LinkFileList
WriteAuxiliaryFile /Users/admin/builder/spi-builder-workspace/.derivedData/Build/Intermediates.noindex/SGLMath.build/Debug-watchos/SGLMath-t.build/Objects-normal/arm64/SGLMath-OutputFileMap.json (in target 'SGLMath' from project 'SGLMath')
cd /Users/admin/builder/spi-builder-workspace
write-file /Users/admin/builder/spi-builder-workspace/.derivedData/Build/Intermediates.noindex/SGLMath.build/Debug-watchos/SGLMath-t.build/Objects-normal/arm64/SGLMath-OutputFileMap.json
Copy /Users/admin/builder/spi-builder-workspace/.derivedData/Build/Intermediates.noindex/GeneratedModuleMaps-watchos/SGLMath.modulemap /Users/admin/builder/spi-builder-workspace/.derivedData/Build/Intermediates.noindex/SGLMath.build/Debug-watchos/SGLMath-t.build/SGLMath.modulemap (in target 'SGLMath' from project 'SGLMath')
cd /Users/admin/builder/spi-builder-workspace
builtin-copy -exclude .DS_Store -exclude CVS -exclude .svn -exclude .git -exclude .hg -resolve-src-symlinks /Users/admin/builder/spi-builder-workspace/.derivedData/Build/Intermediates.noindex/SGLMath.build/Debug-watchos/SGLMath-t.build/SGLMath.modulemap /Users/admin/builder/spi-builder-workspace/.derivedData/Build/Intermediates.noindex/GeneratedModuleMaps-watchos
SwiftDriver swizgen normal arm64 com.apple.xcode.tools.swift.compiler (in target 'swizgen-product' from project 'SGLMath')
cd /Users/admin/builder/spi-builder-workspace/.swiftpm/xcode
builtin-SwiftDriver -- /Applications/Xcode-27.0.0-Release.Candidate.app/Contents/Developer/Toolchains/XcodeDefault.xctoolchain/usr/bin/swiftc -module-name Tools -Onone @/Users/admin/builder/spi-builder-workspace/.derivedData/Build/Intermediates.noindex/SGLMath.build/Debug-watchos/swizgen-p.build/Objects-normal/arm64/swizgen.SwiftFileList -DSWIFT_PACKAGE -DDEBUG -DXcode -plugin-path /Applications/Xcode-27.0.0-Release.Candidate.app/Contents/Developer/Toolchains/XcodeDefault.xctoolchain/usr/lib/swift/host/plugins/testing -enable-experimental-feature DebugDescriptionMacro -sdk /Applications/Xcode-27.0.0-Release.Candidate.app/Contents/Developer/Platforms/WatchOS.platform/Developer/SDKs/WatchOS27.0.sdk -target arm64-apple-watchos9.0 -g -module-cache-path /Users/admin/builder/spi-builder-workspace/.derivedData/ModuleCache.noindex -Xfrontend -serialize-debugging-options -profile-coverage-mapping -profile-generate -enable-testing -index-store-path /Users/admin/builder/spi-builder-workspace/.derivedData/Index.noindex/DataStore -Xcc -D_LIBCPP_HARDENING_MODE\=_LIBCPP_HARDENING_MODE_DEBUG -swift-version 4 -I /Users/admin/builder/spi-builder-workspace/.derivedData/Build/Products/Debug-watchos -Isystem /Applications/Xcode-27.0.0-Release.Candidate.app/Contents/Developer/Platforms/WatchOS.platform/Developer/usr/lib -F /Users/admin/builder/spi-builder-workspace/.derivedData/Build/Products/Debug-watchos -F /Applications/Xcode-27.0.0-Release.Candidate.app/Contents/Developer/Platforms/WatchOS.platform/Developer/Library/Frameworks -F /Applications/Xcode-27.0.0-Release.Candidate.app/Contents/Developer/Platforms/WatchOS.platform/Developer/SDKs/WatchOS27.0.sdk/Developer/Library/Frameworks -c -j10 -enable-batch-mode -incremental -Xcc -ivfsstatcache -Xcc /Users/admin/builder/spi-builder-workspace/.derivedData/SDKStatCaches.noindex/watchos27.0-24R360-e829b21a6f8c9b70876ba0858053c04477534ef55a1706bf4c1112bbb242f0a2.sdkstatcache -output-file-map /Users/admin/builder/spi-builder-workspace/.derivedData/Build/Intermediates.noindex/SGLMath.build/Debug-watchos/swizgen-p.build/Objects-normal/arm64/swizgen-OutputFileMap.json -save-temps -no-color-diagnostics -emit-dependencies -emit-module -emit-module-path /Users/admin/builder/spi-builder-workspace/.derivedData/Build/Intermediates.noindex/SGLMath.build/Debug-watchos/swizgen-p.build/Objects-normal/arm64/Tools.swiftmodule -serialize-diagnostics -validate-clang-modules-once -clang-build-session-file /Users/admin/builder/spi-builder-workspace/.derivedData/ModuleCache.noindex/Session.modulevalidation -Xcc -fmodules-prune-interval\=86400 -Xcc -fmodules-prune-after\=345600 -emit-const-values -const-gather-protocols-list /Users/admin/builder/spi-builder-workspace/.derivedData/Build/Intermediates.noindex/SGLMath.build/Debug-watchos/swizgen-p.build/Objects-normal/arm64/swizgen_const_extract_protocols.json -Xcc -I/Users/admin/builder/spi-builder-workspace/.derivedData/Build/Products/Debug-watchos/include -Xcc -I/Users/admin/builder/spi-builder-workspace/.derivedData/Build/Intermediates.noindex/SGLMath.build/Debug-watchos/swizgen-p.build/DerivedSources-normal/arm64 -Xcc -I/Users/admin/builder/spi-builder-workspace/.derivedData/Build/Intermediates.noindex/SGLMath.build/Debug-watchos/swizgen-p.build/DerivedSources/arm64 -Xcc -I/Users/admin/builder/spi-builder-workspace/.derivedData/Build/Intermediates.noindex/SGLMath.build/Debug-watchos/swizgen-p.build/DerivedSources -Xcc -DSWIFT_PACKAGE -Xcc -DDEBUG\=1 -working-directory /Users/admin/builder/spi-builder-workspace/.swiftpm/xcode -experimental-emit-module-separately -disable-cmo
SwiftDriver swizgen normal arm64_32 com.apple.xcode.tools.swift.compiler (in target 'swizgen-product' from project 'SGLMath')
cd /Users/admin/builder/spi-builder-workspace/.swiftpm/xcode
builtin-SwiftDriver -- /Applications/Xcode-27.0.0-Release.Candidate.app/Contents/Developer/Toolchains/XcodeDefault.xctoolchain/usr/bin/swiftc -module-name Tools -Onone @/Users/admin/builder/spi-builder-workspace/.derivedData/Build/Intermediates.noindex/SGLMath.build/Debug-watchos/swizgen-p.build/Objects-normal/arm64_32/swizgen.SwiftFileList -DSWIFT_PACKAGE -DDEBUG -DXcode -plugin-path /Applications/Xcode-27.0.0-Release.Candidate.app/Contents/Developer/Toolchains/XcodeDefault.xctoolchain/usr/lib/swift/host/plugins/testing -enable-experimental-feature DebugDescriptionMacro -sdk /Applications/Xcode-27.0.0-Release.Candidate.app/Contents/Developer/Platforms/WatchOS.platform/Developer/SDKs/WatchOS27.0.sdk -target arm64_32-apple-watchos9.0 -g -module-cache-path /Users/admin/builder/spi-builder-workspace/.derivedData/ModuleCache.noindex -Xfrontend -serialize-debugging-options -profile-coverage-mapping -profile-generate -enable-testing -index-store-path /Users/admin/builder/spi-builder-workspace/.derivedData/Index.noindex/DataStore -Xcc -D_LIBCPP_HARDENING_MODE\=_LIBCPP_HARDENING_MODE_DEBUG -swift-version 4 -I /Users/admin/builder/spi-builder-workspace/.derivedData/Build/Products/Debug-watchos -Isystem /Applications/Xcode-27.0.0-Release.Candidate.app/Contents/Developer/Platforms/WatchOS.platform/Developer/usr/lib -F /Users/admin/builder/spi-builder-workspace/.derivedData/Build/Products/Debug-watchos -F /Applications/Xcode-27.0.0-Release.Candidate.app/Contents/Developer/Platforms/WatchOS.platform/Developer/Library/Frameworks -F /Applications/Xcode-27.0.0-Release.Candidate.app/Contents/Developer/Platforms/WatchOS.platform/Developer/SDKs/WatchOS27.0.sdk/Developer/Library/Frameworks -c -j10 -enable-batch-mode -incremental -Xcc -ivfsstatcache -Xcc /Users/admin/builder/spi-builder-workspace/.derivedData/SDKStatCaches.noindex/watchos27.0-24R360-e829b21a6f8c9b70876ba0858053c04477534ef55a1706bf4c1112bbb242f0a2.sdkstatcache -output-file-map /Users/admin/builder/spi-builder-workspace/.derivedData/Build/Intermediates.noindex/SGLMath.build/Debug-watchos/swizgen-p.build/Objects-normal/arm64_32/swizgen-OutputFileMap.json -save-temps -no-color-diagnostics -emit-dependencies -emit-module -emit-module-path /Users/admin/builder/spi-builder-workspace/.derivedData/Build/Intermediates.noindex/SGLMath.build/Debug-watchos/swizgen-p.build/Objects-normal/arm64_32/Tools.swiftmodule -serialize-diagnostics -validate-clang-modules-once -clang-build-session-file /Users/admin/builder/spi-builder-workspace/.derivedData/ModuleCache.noindex/Session.modulevalidation -Xcc -fmodules-prune-interval\=86400 -Xcc -fmodules-prune-after\=345600 -emit-const-values -const-gather-protocols-list /Users/admin/builder/spi-builder-workspace/.derivedData/Build/Intermediates.noindex/SGLMath.build/Debug-watchos/swizgen-p.build/Objects-normal/arm64_32/swizgen_const_extract_protocols.json -Xcc -I/Users/admin/builder/spi-builder-workspace/.derivedData/Build/Products/Debug-watchos/include -Xcc -I/Users/admin/builder/spi-builder-workspace/.derivedData/Build/Intermediates.noindex/SGLMath.build/Debug-watchos/swizgen-p.build/DerivedSources-normal/arm64_32 -Xcc -I/Users/admin/builder/spi-builder-workspace/.derivedData/Build/Intermediates.noindex/SGLMath.build/Debug-watchos/swizgen-p.build/DerivedSources/arm64_32 -Xcc -I/Users/admin/builder/spi-builder-workspace/.derivedData/Build/Intermediates.noindex/SGLMath.build/Debug-watchos/swizgen-p.build/DerivedSources -Xcc -DSWIFT_PACKAGE -Xcc -DDEBUG\=1 -working-directory /Users/admin/builder/spi-builder-workspace/.swiftpm/xcode -experimental-emit-module-separately -disable-cmo
SwiftDriver SGLMath normal arm64_32 com.apple.xcode.tools.swift.compiler (in target 'SGLMath' from project 'SGLMath')
cd /Users/admin/builder/spi-builder-workspace/.swiftpm/xcode
builtin-SwiftDriver -- /Applications/Xcode-27.0.0-Release.Candidate.app/Contents/Developer/Toolchains/XcodeDefault.xctoolchain/usr/bin/swiftc -parse-as-library -module-name SGLMath -Onone @/Users/admin/builder/spi-builder-workspace/.derivedData/Build/Intermediates.noindex/SGLMath.build/Debug-watchos/SGLMath-t.build/Objects-normal/arm64_32/SGLMath.SwiftFileList -DSWIFT_PACKAGE -DDEBUG -DSWIFT_MODULE_RESOURCE_BUNDLE_UNAVAILABLE -DXcode -plugin-path /Applications/Xcode-27.0.0-Release.Candidate.app/Contents/Developer/Toolchains/XcodeDefault.xctoolchain/usr/lib/swift/host/plugins/testing -enable-experimental-feature DebugDescriptionMacro -sdk /Applications/Xcode-27.0.0-Release.Candidate.app/Contents/Developer/Platforms/WatchOS.platform/Developer/SDKs/WatchOS27.0.sdk -target arm64_32-apple-watchos9.0 -g -module-cache-path /Users/admin/builder/spi-builder-workspace/.derivedData/ModuleCache.noindex -Xfrontend -serialize-debugging-options -profile-coverage-mapping -profile-generate -enable-testing -index-store-path /Users/admin/builder/spi-builder-workspace/.derivedData/Index.noindex/DataStore -Xcc -D_LIBCPP_HARDENING_MODE\=_LIBCPP_HARDENING_MODE_DEBUG -swift-version 4 -I /Users/admin/builder/spi-builder-workspace/.derivedData/Build/Products/Debug-watchos -Isystem /Applications/Xcode-27.0.0-Release.Candidate.app/Contents/Developer/Platforms/WatchOS.platform/Developer/usr/lib -F /Users/admin/builder/spi-builder-workspace/.derivedData/Build/Products/Debug-watchos -F /Applications/Xcode-27.0.0-Release.Candidate.app/Contents/Developer/Platforms/WatchOS.platform/Developer/Library/Frameworks -F /Applications/Xcode-27.0.0-Release.Candidate.app/Contents/Developer/Platforms/WatchOS.platform/Developer/SDKs/WatchOS27.0.sdk/Developer/Library/Frameworks -c -j10 -enable-batch-mode -incremental -Xcc -ivfsstatcache -Xcc /Users/admin/builder/spi-builder-workspace/.derivedData/SDKStatCaches.noindex/watchos27.0-24R360-e829b21a6f8c9b70876ba0858053c04477534ef55a1706bf4c1112bbb242f0a2.sdkstatcache -output-file-map /Users/admin/builder/spi-builder-workspace/.derivedData/Build/Intermediates.noindex/SGLMath.build/Debug-watchos/SGLMath-t.build/Objects-normal/arm64_32/SGLMath-OutputFileMap.json -save-temps -no-color-diagnostics -emit-dependencies -emit-module -emit-module-path /Users/admin/builder/spi-builder-workspace/.derivedData/Build/Intermediates.noindex/SGLMath.build/Debug-watchos/SGLMath-t.build/Objects-normal/arm64_32/SGLMath.swiftmodule -serialize-diagnostics -validate-clang-modules-once -clang-build-session-file /Users/admin/builder/spi-builder-workspace/.derivedData/ModuleCache.noindex/Session.modulevalidation -Xcc -fmodules-prune-interval\=86400 -Xcc -fmodules-prune-after\=345600 -emit-const-values -const-gather-protocols-list /Users/admin/builder/spi-builder-workspace/.derivedData/Build/Intermediates.noindex/SGLMath.build/Debug-watchos/SGLMath-t.build/Objects-normal/arm64_32/SGLMath_const_extract_protocols.json -Xcc -I/Users/admin/builder/spi-builder-workspace/.derivedData/Build/Products/Debug-watchos/include -Xcc -I/Users/admin/builder/spi-builder-workspace/.derivedData/Build/Intermediates.noindex/SGLMath.build/Debug-watchos/SGLMath-t.build/DerivedSources-normal/arm64_32 -Xcc -I/Users/admin/builder/spi-builder-workspace/.derivedData/Build/Intermediates.noindex/SGLMath.build/Debug-watchos/SGLMath-t.build/DerivedSources/arm64_32 -Xcc -I/Users/admin/builder/spi-builder-workspace/.derivedData/Build/Intermediates.noindex/SGLMath.build/Debug-watchos/SGLMath-t.build/DerivedSources -Xcc -DSWIFT_PACKAGE -Xcc -DDEBUG\=1 -emit-objc-header -emit-objc-header-path /Users/admin/builder/spi-builder-workspace/.derivedData/Build/Intermediates.noindex/SGLMath.build/Debug-watchos/SGLMath-t.build/Objects-normal/arm64_32/SGLMath-Swift.h -working-directory /Users/admin/builder/spi-builder-workspace/.swiftpm/xcode -experimental-emit-module-separately -disable-cmo
SwiftDriver SGLMath normal arm64 com.apple.xcode.tools.swift.compiler (in target 'SGLMath' from project 'SGLMath')
cd /Users/admin/builder/spi-builder-workspace/.swiftpm/xcode
builtin-SwiftDriver -- /Applications/Xcode-27.0.0-Release.Candidate.app/Contents/Developer/Toolchains/XcodeDefault.xctoolchain/usr/bin/swiftc -parse-as-library -module-name SGLMath -Onone @/Users/admin/builder/spi-builder-workspace/.derivedData/Build/Intermediates.noindex/SGLMath.build/Debug-watchos/SGLMath-t.build/Objects-normal/arm64/SGLMath.SwiftFileList -DSWIFT_PACKAGE -DDEBUG -DSWIFT_MODULE_RESOURCE_BUNDLE_UNAVAILABLE -DXcode -plugin-path /Applications/Xcode-27.0.0-Release.Candidate.app/Contents/Developer/Toolchains/XcodeDefault.xctoolchain/usr/lib/swift/host/plugins/testing -enable-experimental-feature DebugDescriptionMacro -sdk /Applications/Xcode-27.0.0-Release.Candidate.app/Contents/Developer/Platforms/WatchOS.platform/Developer/SDKs/WatchOS27.0.sdk -target arm64-apple-watchos9.0 -g -module-cache-path /Users/admin/builder/spi-builder-workspace/.derivedData/ModuleCache.noindex -Xfrontend -serialize-debugging-options -profile-coverage-mapping -profile-generate -enable-testing -index-store-path /Users/admin/builder/spi-builder-workspace/.derivedData/Index.noindex/DataStore -Xcc -D_LIBCPP_HARDENING_MODE\=_LIBCPP_HARDENING_MODE_DEBUG -swift-version 4 -I /Users/admin/builder/spi-builder-workspace/.derivedData/Build/Products/Debug-watchos -Isystem /Applications/Xcode-27.0.0-Release.Candidate.app/Contents/Developer/Platforms/WatchOS.platform/Developer/usr/lib -F /Users/admin/builder/spi-builder-workspace/.derivedData/Build/Products/Debug-watchos -F /Applications/Xcode-27.0.0-Release.Candidate.app/Contents/Developer/Platforms/WatchOS.platform/Developer/Library/Frameworks -F /Applications/Xcode-27.0.0-Release.Candidate.app/Contents/Developer/Platforms/WatchOS.platform/Developer/SDKs/WatchOS27.0.sdk/Developer/Library/Frameworks -c -j10 -enable-batch-mode -incremental -Xcc -ivfsstatcache -Xcc /Users/admin/builder/spi-builder-workspace/.derivedData/SDKStatCaches.noindex/watchos27.0-24R360-e829b21a6f8c9b70876ba0858053c04477534ef55a1706bf4c1112bbb242f0a2.sdkstatcache -output-file-map /Users/admin/builder/spi-builder-workspace/.derivedData/Build/Intermediates.noindex/SGLMath.build/Debug-watchos/SGLMath-t.build/Objects-normal/arm64/SGLMath-OutputFileMap.json -save-temps -no-color-diagnostics -emit-dependencies -emit-module -emit-module-path /Users/admin/builder/spi-builder-workspace/.derivedData/Build/Intermediates.noindex/SGLMath.build/Debug-watchos/SGLMath-t.build/Objects-normal/arm64/SGLMath.swiftmodule -serialize-diagnostics -validate-clang-modules-once -clang-build-session-file /Users/admin/builder/spi-builder-workspace/.derivedData/ModuleCache.noindex/Session.modulevalidation -Xcc -fmodules-prune-interval\=86400 -Xcc -fmodules-prune-after\=345600 -emit-const-values -const-gather-protocols-list /Users/admin/builder/spi-builder-workspace/.derivedData/Build/Intermediates.noindex/SGLMath.build/Debug-watchos/SGLMath-t.build/Objects-normal/arm64/SGLMath_const_extract_protocols.json -Xcc -I/Users/admin/builder/spi-builder-workspace/.derivedData/Build/Products/Debug-watchos/include -Xcc -I/Users/admin/builder/spi-builder-workspace/.derivedData/Build/Intermediates.noindex/SGLMath.build/Debug-watchos/SGLMath-t.build/DerivedSources-normal/arm64 -Xcc -I/Users/admin/builder/spi-builder-workspace/.derivedData/Build/Intermediates.noindex/SGLMath.build/Debug-watchos/SGLMath-t.build/DerivedSources/arm64 -Xcc -I/Users/admin/builder/spi-builder-workspace/.derivedData/Build/Intermediates.noindex/SGLMath.build/Debug-watchos/SGLMath-t.build/DerivedSources -Xcc -DSWIFT_PACKAGE -Xcc -DDEBUG\=1 -emit-objc-header -emit-objc-header-path /Users/admin/builder/spi-builder-workspace/.derivedData/Build/Intermediates.noindex/SGLMath.build/Debug-watchos/SGLMath-t.build/Objects-normal/arm64/SGLMath-Swift.h -working-directory /Users/admin/builder/spi-builder-workspace/.swiftpm/xcode -experimental-emit-module-separately -disable-cmo
SwiftEmitModule normal arm64 Emitting\ module\ for\ Tools (in target 'swizgen-product' from project 'SGLMath')
SwiftCompile normal arm64 (in target 'swizgen-product' from project 'SGLMath')
cd /Users/admin/builder/spi-builder-workspace/.swiftpm/xcode
SwiftEmitModule normal arm64_32 Emitting\ module\ for\ Tools (in target 'swizgen-product' from project 'SGLMath')
SwiftCompile normal arm64_32 (in target 'swizgen-product' from project 'SGLMath')
cd /Users/admin/builder/spi-builder-workspace/.swiftpm/xcode
SwiftCompile normal arm64_32 Compiling\ main.swift /Users/admin/builder/spi-builder-workspace/Sources/Tools/main.swift (in target 'swizgen-product' from project 'SGLMath')
SwiftCompile normal arm64_32 /Users/admin/builder/spi-builder-workspace/Sources/Tools/main.swift (in target 'swizgen-product' from project 'SGLMath')
cd /Users/admin/builder/spi-builder-workspace/.swiftpm/xcode
builtin-SwiftPerFileCompile main.swift
SwiftCompile normal arm64 Compiling\ main.swift /Users/admin/builder/spi-builder-workspace/Sources/Tools/main.swift (in target 'swizgen-product' from project 'SGLMath')
SwiftCompile normal arm64 /Users/admin/builder/spi-builder-workspace/Sources/Tools/main.swift (in target 'swizgen-product' from project 'SGLMath')
cd /Users/admin/builder/spi-builder-workspace/.swiftpm/xcode
builtin-SwiftPerFileCompile main.swift
SwiftCompile normal arm64 Compiling\ Complex.swift,\ Internal.swift,\ Matrix2x2.swift /Users/admin/builder/spi-builder-workspace/Sources/SGLMath/Complex.swift /Users/admin/builder/spi-builder-workspace/Sources/SGLMath/Internal.swift /Users/admin/builder/spi-builder-workspace/Sources/SGLMath/Matrix2x2.swift (in target 'SGLMath' from project 'SGLMath')
SwiftCompile normal arm64 /Users/admin/builder/spi-builder-workspace/Sources/SGLMath/Complex.swift (in target 'SGLMath' from project 'SGLMath')
cd /Users/admin/builder/spi-builder-workspace/.swiftpm/xcode
builtin-SwiftPerFileCompile Complex.swift
SwiftCompile normal arm64 /Users/admin/builder/spi-builder-workspace/Sources/SGLMath/Internal.swift (in target 'SGLMath' from project 'SGLMath')
cd /Users/admin/builder/spi-builder-workspace/.swiftpm/xcode
builtin-SwiftPerFileCompile Internal.swift
SwiftCompile normal arm64 /Users/admin/builder/spi-builder-workspace/Sources/SGLMath/Matrix2x2.swift (in target 'SGLMath' from project 'SGLMath')
cd /Users/admin/builder/spi-builder-workspace/.swiftpm/xcode
builtin-SwiftPerFileCompile Matrix2x2.swift
SwiftCompile normal arm64 Compiling\ Matrix2x3.swift,\ Matrix2x4.swift,\ Matrix3x2.swift /Users/admin/builder/spi-builder-workspace/Sources/SGLMath/Matrix2x3.swift /Users/admin/builder/spi-builder-workspace/Sources/SGLMath/Matrix2x4.swift /Users/admin/builder/spi-builder-workspace/Sources/SGLMath/Matrix3x2.swift (in target 'SGLMath' from project 'SGLMath')
SwiftCompile normal arm64 /Users/admin/builder/spi-builder-workspace/Sources/SGLMath/Matrix2x3.swift (in target 'SGLMath' from project 'SGLMath')
cd /Users/admin/builder/spi-builder-workspace/.swiftpm/xcode
builtin-SwiftPerFileCompile Matrix2x3.swift
SwiftCompile normal arm64 /Users/admin/builder/spi-builder-workspace/Sources/SGLMath/Matrix2x4.swift (in target 'SGLMath' from project 'SGLMath')
cd /Users/admin/builder/spi-builder-workspace/.swiftpm/xcode
builtin-SwiftPerFileCompile Matrix2x4.swift
SwiftCompile normal arm64 /Users/admin/builder/spi-builder-workspace/Sources/SGLMath/Matrix3x2.swift (in target 'SGLMath' from project 'SGLMath')
cd /Users/admin/builder/spi-builder-workspace/.swiftpm/xcode
builtin-SwiftPerFileCompile Matrix3x2.swift
SwiftCompile normal arm64 Compiling\ Matrix3x3.swift,\ Matrix3x4.swift,\ Matrix4x2.swift /Users/admin/builder/spi-builder-workspace/Sources/SGLMath/Matrix3x3.swift /Users/admin/builder/spi-builder-workspace/Sources/SGLMath/Matrix3x4.swift /Users/admin/builder/spi-builder-workspace/Sources/SGLMath/Matrix4x2.swift (in target 'SGLMath' from project 'SGLMath')
SwiftCompile normal arm64 /Users/admin/builder/spi-builder-workspace/Sources/SGLMath/Matrix3x3.swift (in target 'SGLMath' from project 'SGLMath')
cd /Users/admin/builder/spi-builder-workspace/.swiftpm/xcode
builtin-SwiftPerFileCompile Matrix3x3.swift
SwiftCompile normal arm64 /Users/admin/builder/spi-builder-workspace/Sources/SGLMath/Matrix3x4.swift (in target 'SGLMath' from project 'SGLMath')
cd /Users/admin/builder/spi-builder-workspace/.swiftpm/xcode
builtin-SwiftPerFileCompile Matrix3x4.swift
SwiftCompile normal arm64 /Users/admin/builder/spi-builder-workspace/Sources/SGLMath/Matrix4x2.swift (in target 'SGLMath' from project 'SGLMath')
cd /Users/admin/builder/spi-builder-workspace/.swiftpm/xcode
builtin-SwiftPerFileCompile Matrix4x2.swift
SwiftCompile normal arm64 Compiling\ Matrix4x3.swift,\ Matrix4x4.swift /Users/admin/builder/spi-builder-workspace/Sources/SGLMath/Matrix4x3.swift /Users/admin/builder/spi-builder-workspace/Sources/SGLMath/Matrix4x4.swift (in target 'SGLMath' from project 'SGLMath')
SwiftCompile normal arm64 /Users/admin/builder/spi-builder-workspace/Sources/SGLMath/Matrix4x3.swift (in target 'SGLMath' from project 'SGLMath')
cd /Users/admin/builder/spi-builder-workspace/.swiftpm/xcode
builtin-SwiftPerFileCompile Matrix4x3.swift
SwiftCompile normal arm64 /Users/admin/builder/spi-builder-workspace/Sources/SGLMath/Matrix4x4.swift (in target 'SGLMath' from project 'SGLMath')
cd /Users/admin/builder/spi-builder-workspace/.swiftpm/xcode
builtin-SwiftPerFileCompile Matrix4x4.swift
SwiftCompile normal arm64 Compiling\ Operators.swift,\ Protocols.swift /Users/admin/builder/spi-builder-workspace/Sources/SGLMath/Operators.swift /Users/admin/builder/spi-builder-workspace/Sources/SGLMath/Protocols.swift (in target 'SGLMath' from project 'SGLMath')
SwiftCompile normal arm64 /Users/admin/builder/spi-builder-workspace/Sources/SGLMath/Operators.swift (in target 'SGLMath' from project 'SGLMath')
cd /Users/admin/builder/spi-builder-workspace/.swiftpm/xcode
builtin-SwiftPerFileCompile Operators.swift
SwiftCompile normal arm64 /Users/admin/builder/spi-builder-workspace/Sources/SGLMath/Protocols.swift (in target 'SGLMath' from project 'SGLMath')
cd /Users/admin/builder/spi-builder-workspace/.swiftpm/xcode
builtin-SwiftPerFileCompile Protocols.swift
SwiftCompile normal arm64 Compiling\ Vector3.swift,\ Vector3b.swift /Users/admin/builder/spi-builder-workspace/Sources/SGLMath/Vector3.swift /Users/admin/builder/spi-builder-workspace/Sources/SGLMath/Vector3b.swift (in target 'SGLMath' from project 'SGLMath')
/Users/admin/builder/spi-builder-workspace/Sources/SGLMath/Vector3.swift:230:17: warning: generic parameter 'T' shadows generic parameter from outer scope with the same name; this is an error in the Swift 6 language mode
20 | // MATERIALS OR THE USE OR OTHER DEALINGS IN THE MATERIALS.
21 |
22 | public struct Vector3<T: ArithmeticType>: VectorType {
| `- note: 'T' previously declared here
23 | public typealias Element = T
24 | public typealias FloatVector = Vector3<Float>
:
228 | }
229 |
230 | public init<T: VectorType>(_ v: T, _ op:(_:T.Element) -> Element) where T.BooleanVector == BooleanVector {
| `- warning: generic parameter 'T' shadows generic parameter from outer scope with the same name; this is an error in the Swift 6 language mode
231 | self.x = op(v[0])
232 | self.y = op(v[1])
SwiftCompile normal arm64 /Users/admin/builder/spi-builder-workspace/Sources/SGLMath/Vector3.swift (in target 'SGLMath' from project 'SGLMath')
cd /Users/admin/builder/spi-builder-workspace/.swiftpm/xcode
builtin-SwiftPerFileCompile Vector3.swift
SwiftCompile normal arm64 /Users/admin/builder/spi-builder-workspace/Sources/SGLMath/Vector3b.swift (in target 'SGLMath' from project 'SGLMath')
cd /Users/admin/builder/spi-builder-workspace/.swiftpm/xcode
builtin-SwiftPerFileCompile Vector3b.swift
SwiftEmitModule normal arm64 Emitting\ module\ for\ SGLMath (in target 'SGLMath' from project 'SGLMath')
/Users/admin/builder/spi-builder-workspace/Sources/SGLMath/Vector2.swift:196:17: warning: generic parameter 'T' shadows generic parameter from outer scope with the same name; this is an error in the Swift 6 language mode
20 | // MATERIALS OR THE USE OR OTHER DEALINGS IN THE MATERIALS.
21 |
22 | public struct Vector2<T: ArithmeticType>: VectorType {
| `- note: 'T' previously declared here
23 | public typealias Element = T
24 | public typealias FloatVector = Vector2<Float>
:
194 | }
195 |
196 | public init<T: VectorType>(_ v: T, _ op:(_:T.Element) -> Element) where T.BooleanVector == BooleanVector {
| `- warning: generic parameter 'T' shadows generic parameter from outer scope with the same name; this is an error in the Swift 6 language mode
197 | self.x = op(v[0])
198 | self.y = op(v[1])
/Users/admin/builder/spi-builder-workspace/Sources/SGLMath/Vector3.swift:230:17: warning: generic parameter 'T' shadows generic parameter from outer scope with the same name; this is an error in the Swift 6 language mode
20 | // MATERIALS OR THE USE OR OTHER DEALINGS IN THE MATERIALS.
21 |
22 | public struct Vector3<T: ArithmeticType>: VectorType {
| `- note: 'T' previously declared here
23 | public typealias Element = T
24 | public typealias FloatVector = Vector3<Float>
:
228 | }
229 |
230 | public init<T: VectorType>(_ v: T, _ op:(_:T.Element) -> Element) where T.BooleanVector == BooleanVector {
| `- warning: generic parameter 'T' shadows generic parameter from outer scope with the same name; this is an error in the Swift 6 language mode
231 | self.x = op(v[0])
232 | self.y = op(v[1])
/Users/admin/builder/spi-builder-workspace/Sources/SGLMath/Vector4.swift:280:17: warning: generic parameter 'T' shadows generic parameter from outer scope with the same name; this is an error in the Swift 6 language mode
20 | // MATERIALS OR THE USE OR OTHER DEALINGS IN THE MATERIALS.
21 |
22 | public struct Vector4<T: ArithmeticType>: VectorType {
| `- note: 'T' previously declared here
23 | public typealias Element = T
24 | public typealias FloatVector = Vector4<Float>
:
278 | }
279 |
280 | public init<T: VectorType>(_ v: T, _ op:(_:T.Element) -> Element) where T.BooleanVector == BooleanVector {
| `- warning: generic parameter 'T' shadows generic parameter from outer scope with the same name; this is an error in the Swift 6 language mode
281 | self.x = op(v[0])
282 | self.y = op(v[1])
SwiftCompile normal arm64 (in target 'SGLMath' from project 'SGLMath')
cd /Users/admin/builder/spi-builder-workspace/.swiftpm/xcode
SwiftDriverJobDiscovery normal arm64 Emitting module for Tools (in target 'swizgen-product' from project 'SGLMath')
SwiftDriver\ Compilation\ Requirements swizgen normal arm64 com.apple.xcode.tools.swift.compiler (in target 'swizgen-product' from project 'SGLMath')
cd /Users/admin/builder/spi-builder-workspace/.swiftpm/xcode
builtin-Swift-Compilation-Requirements -- /Applications/Xcode-27.0.0-Release.Candidate.app/Contents/Developer/Toolchains/XcodeDefault.xctoolchain/usr/bin/swiftc -module-name Tools -Onone @/Users/admin/builder/spi-builder-workspace/.derivedData/Build/Intermediates.noindex/SGLMath.build/Debug-watchos/swizgen-p.build/Objects-normal/arm64/swizgen.SwiftFileList -DSWIFT_PACKAGE -DDEBUG -DXcode -plugin-path /Applications/Xcode-27.0.0-Release.Candidate.app/Contents/Developer/Toolchains/XcodeDefault.xctoolchain/usr/lib/swift/host/plugins/testing -enable-experimental-feature DebugDescriptionMacro -sdk /Applications/Xcode-27.0.0-Release.Candidate.app/Contents/Developer/Platforms/WatchOS.platform/Developer/SDKs/WatchOS27.0.sdk -target arm64-apple-watchos9.0 -g -module-cache-path /Users/admin/builder/spi-builder-workspace/.derivedData/ModuleCache.noindex -Xfrontend -serialize-debugging-options -profile-coverage-mapping -profile-generate -enable-testing -index-store-path /Users/admin/builder/spi-builder-workspace/.derivedData/Index.noindex/DataStore -Xcc -D_LIBCPP_HARDENING_MODE\=_LIBCPP_HARDENING_MODE_DEBUG -swift-version 4 -I /Users/admin/builder/spi-builder-workspace/.derivedData/Build/Products/Debug-watchos -Isystem /Applications/Xcode-27.0.0-Release.Candidate.app/Contents/Developer/Platforms/WatchOS.platform/Developer/usr/lib -F /Users/admin/builder/spi-builder-workspace/.derivedData/Build/Products/Debug-watchos -F /Applications/Xcode-27.0.0-Release.Candidate.app/Contents/Developer/Platforms/WatchOS.platform/Developer/Library/Frameworks -F /Applications/Xcode-27.0.0-Release.Candidate.app/Contents/Developer/Platforms/WatchOS.platform/Developer/SDKs/WatchOS27.0.sdk/Developer/Library/Frameworks -c -j10 -enable-batch-mode -incremental -Xcc -ivfsstatcache -Xcc /Users/admin/builder/spi-builder-workspace/.derivedData/SDKStatCaches.noindex/watchos27.0-24R360-e829b21a6f8c9b70876ba0858053c04477534ef55a1706bf4c1112bbb242f0a2.sdkstatcache -output-file-map /Users/admin/builder/spi-builder-workspace/.derivedData/Build/Intermediates.noindex/SGLMath.build/Debug-watchos/swizgen-p.build/Objects-normal/arm64/swizgen-OutputFileMap.json -save-temps -no-color-diagnostics -emit-dependencies -emit-module -emit-module-path /Users/admin/builder/spi-builder-workspace/.derivedData/Build/Intermediates.noindex/SGLMath.build/Debug-watchos/swizgen-p.build/Objects-normal/arm64/Tools.swiftmodule -serialize-diagnostics -validate-clang-modules-once -clang-build-session-file /Users/admin/builder/spi-builder-workspace/.derivedData/ModuleCache.noindex/Session.modulevalidation -Xcc -fmodules-prune-interval\=86400 -Xcc -fmodules-prune-after\=345600 -emit-const-values -const-gather-protocols-list /Users/admin/builder/spi-builder-workspace/.derivedData/Build/Intermediates.noindex/SGLMath.build/Debug-watchos/swizgen-p.build/Objects-normal/arm64/swizgen_const_extract_protocols.json -Xcc -I/Users/admin/builder/spi-builder-workspace/.derivedData/Build/Products/Debug-watchos/include -Xcc -I/Users/admin/builder/spi-builder-workspace/.derivedData/Build/Intermediates.noindex/SGLMath.build/Debug-watchos/swizgen-p.build/DerivedSources-normal/arm64 -Xcc -I/Users/admin/builder/spi-builder-workspace/.derivedData/Build/Intermediates.noindex/SGLMath.build/Debug-watchos/swizgen-p.build/DerivedSources/arm64 -Xcc -I/Users/admin/builder/spi-builder-workspace/.derivedData/Build/Intermediates.noindex/SGLMath.build/Debug-watchos/swizgen-p.build/DerivedSources -Xcc -DSWIFT_PACKAGE -Xcc -DDEBUG\=1 -working-directory /Users/admin/builder/spi-builder-workspace/.swiftpm/xcode -experimental-emit-module-separately -disable-cmo
SwiftDriverJobDiscovery normal arm64_32 Emitting module for Tools (in target 'swizgen-product' from project 'SGLMath')
SwiftDriver\ Compilation\ Requirements swizgen normal arm64_32 com.apple.xcode.tools.swift.compiler (in target 'swizgen-product' from project 'SGLMath')
cd /Users/admin/builder/spi-builder-workspace/.swiftpm/xcode
builtin-Swift-Compilation-Requirements -- /Applications/Xcode-27.0.0-Release.Candidate.app/Contents/Developer/Toolchains/XcodeDefault.xctoolchain/usr/bin/swiftc -module-name Tools -Onone @/Users/admin/builder/spi-builder-workspace/.derivedData/Build/Intermediates.noindex/SGLMath.build/Debug-watchos/swizgen-p.build/Objects-normal/arm64_32/swizgen.SwiftFileList -DSWIFT_PACKAGE -DDEBUG -DXcode -plugin-path /Applications/Xcode-27.0.0-Release.Candidate.app/Contents/Developer/Toolchains/XcodeDefault.xctoolchain/usr/lib/swift/host/plugins/testing -enable-experimental-feature DebugDescriptionMacro -sdk /Applications/Xcode-27.0.0-Release.Candidate.app/Contents/Developer/Platforms/WatchOS.platform/Developer/SDKs/WatchOS27.0.sdk -target arm64_32-apple-watchos9.0 -g -module-cache-path /Users/admin/builder/spi-builder-workspace/.derivedData/ModuleCache.noindex -Xfrontend -serialize-debugging-options -profile-coverage-mapping -profile-generate -enable-testing -index-store-path /Users/admin/builder/spi-builder-workspace/.derivedData/Index.noindex/DataStore -Xcc -D_LIBCPP_HARDENING_MODE\=_LIBCPP_HARDENING_MODE_DEBUG -swift-version 4 -I /Users/admin/builder/spi-builder-workspace/.derivedData/Build/Products/Debug-watchos -Isystem /Applications/Xcode-27.0.0-Release.Candidate.app/Contents/Developer/Platforms/WatchOS.platform/Developer/usr/lib -F /Users/admin/builder/spi-builder-workspace/.derivedData/Build/Products/Debug-watchos -F /Applications/Xcode-27.0.0-Release.Candidate.app/Contents/Developer/Platforms/WatchOS.platform/Developer/Library/Frameworks -F /Applications/Xcode-27.0.0-Release.Candidate.app/Contents/Developer/Platforms/WatchOS.platform/Developer/SDKs/WatchOS27.0.sdk/Developer/Library/Frameworks -c -j10 -enable-batch-mode -incremental -Xcc -ivfsstatcache -Xcc /Users/admin/builder/spi-builder-workspace/.derivedData/SDKStatCaches.noindex/watchos27.0-24R360-e829b21a6f8c9b70876ba0858053c04477534ef55a1706bf4c1112bbb242f0a2.sdkstatcache -output-file-map /Users/admin/builder/spi-builder-workspace/.derivedData/Build/Intermediates.noindex/SGLMath.build/Debug-watchos/swizgen-p.build/Objects-normal/arm64_32/swizgen-OutputFileMap.json -save-temps -no-color-diagnostics -emit-dependencies -emit-module -emit-module-path /Users/admin/builder/spi-builder-workspace/.derivedData/Build/Intermediates.noindex/SGLMath.build/Debug-watchos/swizgen-p.build/Objects-normal/arm64_32/Tools.swiftmodule -serialize-diagnostics -validate-clang-modules-once -clang-build-session-file /Users/admin/builder/spi-builder-workspace/.derivedData/ModuleCache.noindex/Session.modulevalidation -Xcc -fmodules-prune-interval\=86400 -Xcc -fmodules-prune-after\=345600 -emit-const-values -const-gather-protocols-list /Users/admin/builder/spi-builder-workspace/.derivedData/Build/Intermediates.noindex/SGLMath.build/Debug-watchos/swizgen-p.build/Objects-normal/arm64_32/swizgen_const_extract_protocols.json -Xcc -I/Users/admin/builder/spi-builder-workspace/.derivedData/Build/Products/Debug-watchos/include -Xcc -I/Users/admin/builder/spi-builder-workspace/.derivedData/Build/Intermediates.noindex/SGLMath.build/Debug-watchos/swizgen-p.build/DerivedSources-normal/arm64_32 -Xcc -I/Users/admin/builder/spi-builder-workspace/.derivedData/Build/Intermediates.noindex/SGLMath.build/Debug-watchos/swizgen-p.build/DerivedSources/arm64_32 -Xcc -I/Users/admin/builder/spi-builder-workspace/.derivedData/Build/Intermediates.noindex/SGLMath.build/Debug-watchos/swizgen-p.build/DerivedSources -Xcc -DSWIFT_PACKAGE -Xcc -DDEBUG\=1 -working-directory /Users/admin/builder/spi-builder-workspace/.swiftpm/xcode -experimental-emit-module-separately -disable-cmo
SwiftEmitModule normal arm64_32 Emitting\ module\ for\ SGLMath (in target 'SGLMath' from project 'SGLMath')
SwiftCompile normal arm64_32 (in target 'SGLMath' from project 'SGLMath')
cd /Users/admin/builder/spi-builder-workspace/.swiftpm/xcode
/Users/admin/builder/spi-builder-workspace/Sources/SGLMath/Vector2.swift:196:17: warning: generic parameter 'T' shadows generic parameter from outer scope with the same name; this is an error in the Swift 6 language mode
20 | // MATERIALS OR THE USE OR OTHER DEALINGS IN THE MATERIALS.
21 |
22 | public struct Vector2<T: ArithmeticType>: VectorType {
| `- note: 'T' previously declared here
23 | public typealias Element = T
24 | public typealias FloatVector = Vector2<Float>
:
194 | }
195 |
196 | public init<T: VectorType>(_ v: T, _ op:(_:T.Element) -> Element) where T.BooleanVector == BooleanVector {
| `- warning: generic parameter 'T' shadows generic parameter from outer scope with the same name; this is an error in the Swift 6 language mode
197 | self.x = op(v[0])
198 | self.y = op(v[1])
/Users/admin/builder/spi-builder-workspace/Sources/SGLMath/Vector3.swift:230:17: warning: generic parameter 'T' shadows generic parameter from outer scope with the same name; this is an error in the Swift 6 language mode
20 | // MATERIALS OR THE USE OR OTHER DEALINGS IN THE MATERIALS.
21 |
22 | public struct Vector3<T: ArithmeticType>: VectorType {
| `- note: 'T' previously declared here
23 | public typealias Element = T
24 | public typealias FloatVector = Vector3<Float>
:
228 | }
229 |
230 | public init<T: VectorType>(_ v: T, _ op:(_:T.Element) -> Element) where T.BooleanVector == BooleanVector {
| `- warning: generic parameter 'T' shadows generic parameter from outer scope with the same name; this is an error in the Swift 6 language mode
231 | self.x = op(v[0])
232 | self.y = op(v[1])
/Users/admin/builder/spi-builder-workspace/Sources/SGLMath/Vector4.swift:280:17: warning: generic parameter 'T' shadows generic parameter from outer scope with the same name; this is an error in the Swift 6 language mode
20 | // MATERIALS OR THE USE OR OTHER DEALINGS IN THE MATERIALS.
21 |
22 | public struct Vector4<T: ArithmeticType>: VectorType {
| `- note: 'T' previously declared here
23 | public typealias Element = T
24 | public typealias FloatVector = Vector4<Float>
:
278 | }
279 |
280 | public init<T: VectorType>(_ v: T, _ op:(_:T.Element) -> Element) where T.BooleanVector == BooleanVector {
| `- warning: generic parameter 'T' shadows generic parameter from outer scope with the same name; this is an error in the Swift 6 language mode
281 | self.x = op(v[0])
282 | self.y = op(v[1])
SwiftDriverJobDiscovery normal arm64 Compiling Vector3.swift, Vector3b.swift (in target 'SGLMath' from project 'SGLMath')
SwiftCompile normal arm64_32 Compiling\ glm.swift,\ glsl.swift /Users/admin/builder/spi-builder-workspace/Sources/SGLMath/glm.swift /Users/admin/builder/spi-builder-workspace/Sources/SGLMath/glsl.swift (in target 'SGLMath' from project 'SGLMath')
SwiftCompile normal arm64_32 /Users/admin/builder/spi-builder-workspace/Sources/SGLMath/glm.swift (in target 'SGLMath' from project 'SGLMath')
cd /Users/admin/builder/spi-builder-workspace/.swiftpm/xcode
builtin-SwiftPerFileCompile glm.swift
SwiftCompile normal arm64_32 /Users/admin/builder/spi-builder-workspace/Sources/SGLMath/glsl.swift (in target 'SGLMath' from project 'SGLMath')
cd /Users/admin/builder/spi-builder-workspace/.swiftpm/xcode
builtin-SwiftPerFileCompile glsl.swift
SwiftCompile normal arm64_32 Compiling\ Quaternion.swift,\ Swizzle.swift /Users/admin/builder/spi-builder-workspace/Sources/SGLMath/Quaternion.swift /Users/admin/builder/spi-builder-workspace/Sources/SGLMath/Swizzle.swift (in target 'SGLMath' from project 'SGLMath')
SwiftCompile normal arm64_32 /Users/admin/builder/spi-builder-workspace/Sources/SGLMath/Quaternion.swift (in target 'SGLMath' from project 'SGLMath')
cd /Users/admin/builder/spi-builder-workspace/.swiftpm/xcode
builtin-SwiftPerFileCompile Quaternion.swift
SwiftCompile normal arm64_32 /Users/admin/builder/spi-builder-workspace/Sources/SGLMath/Swizzle.swift (in target 'SGLMath' from project 'SGLMath')
cd /Users/admin/builder/spi-builder-workspace/.swiftpm/xcode
builtin-SwiftPerFileCompile Swizzle.swift
SwiftDriverJobDiscovery normal arm64 Emitting module for SGLMath (in target 'SGLMath' from project 'SGLMath')
SwiftDriver\ Compilation\ Requirements SGLMath normal arm64 com.apple.xcode.tools.swift.compiler (in target 'SGLMath' from project 'SGLMath')
cd /Users/admin/builder/spi-builder-workspace/.swiftpm/xcode
builtin-Swift-Compilation-Requirements -- /Applications/Xcode-27.0.0-Release.Candidate.app/Contents/Developer/Toolchains/XcodeDefault.xctoolchain/usr/bin/swiftc -parse-as-library -module-name SGLMath -Onone @/Users/admin/builder/spi-builder-workspace/.derivedData/Build/Intermediates.noindex/SGLMath.build/Debug-watchos/SGLMath-t.build/Objects-normal/arm64/SGLMath.SwiftFileList -DSWIFT_PACKAGE -DDEBUG -DSWIFT_MODULE_RESOURCE_BUNDLE_UNAVAILABLE -DXcode -plugin-path /Applications/Xcode-27.0.0-Release.Candidate.app/Contents/Developer/Toolchains/XcodeDefault.xctoolchain/usr/lib/swift/host/plugins/testing -enable-experimental-feature DebugDescriptionMacro -sdk /Applications/Xcode-27.0.0-Release.Candidate.app/Contents/Developer/Platforms/WatchOS.platform/Developer/SDKs/WatchOS27.0.sdk -target arm64-apple-watchos9.0 -g -module-cache-path /Users/admin/builder/spi-builder-workspace/.derivedData/ModuleCache.noindex -Xfrontend -serialize-debugging-options -profile-coverage-mapping -profile-generate -enable-testing -index-store-path /Users/admin/builder/spi-builder-workspace/.derivedData/Index.noindex/DataStore -Xcc -D_LIBCPP_HARDENING_MODE\=_LIBCPP_HARDENING_MODE_DEBUG -swift-version 4 -I /Users/admin/builder/spi-builder-workspace/.derivedData/Build/Products/Debug-watchos -Isystem /Applications/Xcode-27.0.0-Release.Candidate.app/Contents/Developer/Platforms/WatchOS.platform/Developer/usr/lib -F /Users/admin/builder/spi-builder-workspace/.derivedData/Build/Products/Debug-watchos -F /Applications/Xcode-27.0.0-Release.Candidate.app/Contents/Developer/Platforms/WatchOS.platform/Developer/Library/Frameworks -F /Applications/Xcode-27.0.0-Release.Candidate.app/Contents/Developer/Platforms/WatchOS.platform/Developer/SDKs/WatchOS27.0.sdk/Developer/Library/Frameworks -c -j10 -enable-batch-mode -incremental -Xcc -ivfsstatcache -Xcc /Users/admin/builder/spi-builder-workspace/.derivedData/SDKStatCaches.noindex/watchos27.0-24R360-e829b21a6f8c9b70876ba0858053c04477534ef55a1706bf4c1112bbb242f0a2.sdkstatcache -output-file-map /Users/admin/builder/spi-builder-workspace/.derivedData/Build/Intermediates.noindex/SGLMath.build/Debug-watchos/SGLMath-t.build/Objects-normal/arm64/SGLMath-OutputFileMap.json -save-temps -no-color-diagnostics -emit-dependencies -emit-module -emit-module-path /Users/admin/builder/spi-builder-workspace/.derivedData/Build/Intermediates.noindex/SGLMath.build/Debug-watchos/SGLMath-t.build/Objects-normal/arm64/SGLMath.swiftmodule -serialize-diagnostics -validate-clang-modules-once -clang-build-session-file /Users/admin/builder/spi-builder-workspace/.derivedData/ModuleCache.noindex/Session.modulevalidation -Xcc -fmodules-prune-interval\=86400 -Xcc -fmodules-prune-after\=345600 -emit-const-values -const-gather-protocols-list /Users/admin/builder/spi-builder-workspace/.derivedData/Build/Intermediates.noindex/SGLMath.build/Debug-watchos/SGLMath-t.build/Objects-normal/arm64/SGLMath_const_extract_protocols.json -Xcc -I/Users/admin/builder/spi-builder-workspace/.derivedData/Build/Products/Debug-watchos/include -Xcc -I/Users/admin/builder/spi-builder-workspace/.derivedData/Build/Intermediates.noindex/SGLMath.build/Debug-watchos/SGLMath-t.build/DerivedSources-normal/arm64 -Xcc -I/Users/admin/builder/spi-builder-workspace/.derivedData/Build/Intermediates.noindex/SGLMath.build/Debug-watchos/SGLMath-t.build/DerivedSources/arm64 -Xcc -I/Users/admin/builder/spi-builder-workspace/.derivedData/Build/Intermediates.noindex/SGLMath.build/Debug-watchos/SGLMath-t.build/DerivedSources -Xcc -DSWIFT_PACKAGE -Xcc -DDEBUG\=1 -emit-objc-header -emit-objc-header-path /Users/admin/builder/spi-builder-workspace/.derivedData/Build/Intermediates.noindex/SGLMath.build/Debug-watchos/SGLMath-t.build/Objects-normal/arm64/SGLMath-Swift.h -working-directory /Users/admin/builder/spi-builder-workspace/.swiftpm/xcode -experimental-emit-module-separately -disable-cmo
SwiftDriverJobDiscovery normal arm64 Compiling Operators.swift, Protocols.swift (in target 'SGLMath' from project 'SGLMath')
SwiftCompile normal arm64 Compiling\ Vector4.swift,\ Vector4b.swift /Users/admin/builder/spi-builder-workspace/Sources/SGLMath/Vector4.swift /Users/admin/builder/spi-builder-workspace/Sources/SGLMath/Vector4b.swift (in target 'SGLMath' from project 'SGLMath')
/Users/admin/builder/spi-builder-workspace/Sources/SGLMath/Vector4.swift:280:17: warning: generic parameter 'T' shadows generic parameter from outer scope with the same name; this is an error in the Swift 6 language mode
20 | // MATERIALS OR THE USE OR OTHER DEALINGS IN THE MATERIALS.
21 |
22 | public struct Vector4<T: ArithmeticType>: VectorType {
| `- note: 'T' previously declared here
23 | public typealias Element = T
24 | public typealias FloatVector = Vector4<Float>
:
278 | }
279 |
280 | public init<T: VectorType>(_ v: T, _ op:(_:T.Element) -> Element) where T.BooleanVector == BooleanVector {
| `- warning: generic parameter 'T' shadows generic parameter from outer scope with the same name; this is an error in the Swift 6 language mode
281 | self.x = op(v[0])
282 | self.y = op(v[1])
SwiftCompile normal arm64 /Users/admin/builder/spi-builder-workspace/Sources/SGLMath/Vector4.swift (in target 'SGLMath' from project 'SGLMath')
cd /Users/admin/builder/spi-builder-workspace/.swiftpm/xcode
builtin-SwiftPerFileCompile Vector4.swift
SwiftCompile normal arm64 /Users/admin/builder/spi-builder-workspace/Sources/SGLMath/Vector4b.swift (in target 'SGLMath' from project 'SGLMath')
cd /Users/admin/builder/spi-builder-workspace/.swiftpm/xcode
builtin-SwiftPerFileCompile Vector4b.swift
Copy /Users/admin/builder/spi-builder-workspace/.derivedData/Build/Products/Debug-watchos/SGLMath.swiftmodule/arm64-apple-watchos.swiftmodule /Users/admin/builder/spi-builder-workspace/.derivedData/Build/Intermediates.noindex/SGLMath.build/Debug-watchos/SGLMath-t.build/Objects-normal/arm64/SGLMath.swiftmodule (in target 'SGLMath' from project 'SGLMath')
cd /Users/admin/builder/spi-builder-workspace
builtin-copy -exclude .DS_Store -exclude CVS -exclude .svn -exclude .git -exclude .hg -resolve-src-symlinks -rename /Users/admin/builder/spi-builder-workspace/.derivedData/Build/Intermediates.noindex/SGLMath.build/Debug-watchos/SGLMath-t.build/Objects-normal/arm64/SGLMath.swiftmodule /Users/admin/builder/spi-builder-workspace/.derivedData/Build/Products/Debug-watchos/SGLMath.swiftmodule/arm64-apple-watchos.swiftmodule
SwiftDriverJobDiscovery normal arm64 Compiling Matrix2x3.swift, Matrix2x4.swift, Matrix3x2.swift (in target 'SGLMath' from project 'SGLMath')
Copy /Users/admin/builder/spi-builder-workspace/.derivedData/Build/Products/Debug-watchos/SGLMath.swiftmodule/arm64-apple-watchos.swiftdoc /Users/admin/builder/spi-builder-workspace/.derivedData/Build/Intermediates.noindex/SGLMath.build/Debug-watchos/SGLMath-t.build/Objects-normal/arm64/SGLMath.swiftdoc (in target 'SGLMath' from project 'SGLMath')
cd /Users/admin/builder/spi-builder-workspace
builtin-copy -exclude .DS_Store -exclude CVS -exclude .svn -exclude .git -exclude .hg -resolve-src-symlinks -rename /Users/admin/builder/spi-builder-workspace/.derivedData/Build/Intermediates.noindex/SGLMath.build/Debug-watchos/SGLMath-t.build/Objects-normal/arm64/SGLMath.swiftdoc /Users/admin/builder/spi-builder-workspace/.derivedData/Build/Products/Debug-watchos/SGLMath.swiftmodule/arm64-apple-watchos.swiftdoc
Copy /Users/admin/builder/spi-builder-workspace/.derivedData/Build/Products/Debug-watchos/SGLMath.swiftmodule/arm64-apple-watchos.abi.json /Users/admin/builder/spi-builder-workspace/.derivedData/Build/Intermediates.noindex/SGLMath.build/Debug-watchos/SGLMath-t.build/Objects-normal/arm64/SGLMath.abi.json (in target 'SGLMath' from project 'SGLMath')
cd /Users/admin/builder/spi-builder-workspace
builtin-copy -exclude .DS_Store -exclude CVS -exclude .svn -exclude .git -exclude .hg -resolve-src-symlinks -rename /Users/admin/builder/spi-builder-workspace/.derivedData/Build/Intermediates.noindex/SGLMath.build/Debug-watchos/SGLMath-t.build/Objects-normal/arm64/SGLMath.abi.json /Users/admin/builder/spi-builder-workspace/.derivedData/Build/Products/Debug-watchos/SGLMath.swiftmodule/arm64-apple-watchos.abi.json
SwiftDriverJobDiscovery normal arm64 Compiling Complex.swift, Internal.swift, Matrix2x2.swift (in target 'SGLMath' from project 'SGLMath')
Copy /Users/admin/builder/spi-builder-workspace/.derivedData/Build/Products/Debug-watchos/SGLMath.swiftmodule/Project/arm64-apple-watchos.swiftsourceinfo /Users/admin/builder/spi-builder-workspace/.derivedData/Build/Intermediates.noindex/SGLMath.build/Debug-watchos/SGLMath-t.build/Objects-normal/arm64/SGLMath.swiftsourceinfo (in target 'SGLMath' from project 'SGLMath')
cd /Users/admin/builder/spi-builder-workspace
builtin-copy -exclude .DS_Store -exclude CVS -exclude .svn -exclude .git -exclude .hg -resolve-src-symlinks -rename /Users/admin/builder/spi-builder-workspace/.derivedData/Build/Intermediates.noindex/SGLMath.build/Debug-watchos/SGLMath-t.build/Objects-normal/arm64/SGLMath.swiftsourceinfo /Users/admin/builder/spi-builder-workspace/.derivedData/Build/Products/Debug-watchos/SGLMath.swiftmodule/Project/arm64-apple-watchos.swiftsourceinfo
SwiftCompile normal arm64_32 Compiling\ Vector2.swift,\ Vector2b.swift /Users/admin/builder/spi-builder-workspace/Sources/SGLMath/Vector2.swift /Users/admin/builder/spi-builder-workspace/Sources/SGLMath/Vector2b.swift (in target 'SGLMath' from project 'SGLMath')
/Users/admin/builder/spi-builder-workspace/Sources/SGLMath/Vector2.swift:196:17: warning: generic parameter 'T' shadows generic parameter from outer scope with the same name; this is an error in the Swift 6 language mode
20 | // MATERIALS OR THE USE OR OTHER DEALINGS IN THE MATERIALS.
21 |
22 | public struct Vector2<T: ArithmeticType>: VectorType {
| `- note: 'T' previously declared here
23 | public typealias Element = T
24 | public typealias FloatVector = Vector2<Float>
:
194 | }
195 |
196 | public init<T: VectorType>(_ v: T, _ op:(_:T.Element) -> Element) where T.BooleanVector == BooleanVector {
| `- warning: generic parameter 'T' shadows generic parameter from outer scope with the same name; this is an error in the Swift 6 language mode
197 | self.x = op(v[0])
198 | self.y = op(v[1])
SwiftCompile normal arm64_32 /Users/admin/builder/spi-builder-workspace/Sources/SGLMath/Vector2.swift (in target 'SGLMath' from project 'SGLMath')
cd /Users/admin/builder/spi-builder-workspace/.swiftpm/xcode
builtin-SwiftPerFileCompile Vector2.swift
SwiftCompile normal arm64_32 /Users/admin/builder/spi-builder-workspace/Sources/SGLMath/Vector2b.swift (in target 'SGLMath' from project 'SGLMath')
cd /Users/admin/builder/spi-builder-workspace/.swiftpm/xcode
builtin-SwiftPerFileCompile Vector2b.swift
SwiftCompile normal arm64_32 Compiling\ Vector3.swift,\ Vector3b.swift /Users/admin/builder/spi-builder-workspace/Sources/SGLMath/Vector3.swift /Users/admin/builder/spi-builder-workspace/Sources/SGLMath/Vector3b.swift (in target 'SGLMath' from project 'SGLMath')
/Users/admin/builder/spi-builder-workspace/Sources/SGLMath/Vector3.swift:230:17: warning: generic parameter 'T' shadows generic parameter from outer scope with the same name; this is an error in the Swift 6 language mode
20 | // MATERIALS OR THE USE OR OTHER DEALINGS IN THE MATERIALS.
21 |
22 | public struct Vector3<T: ArithmeticType>: VectorType {
| `- note: 'T' previously declared here
23 | public typealias Element = T
24 | public typealias FloatVector = Vector3<Float>
:
228 | }
229 |
230 | public init<T: VectorType>(_ v: T, _ op:(_:T.Element) -> Element) where T.BooleanVector == BooleanVector {
| `- warning: generic parameter 'T' shadows generic parameter from outer scope with the same name; this is an error in the Swift 6 language mode
231 | self.x = op(v[0])
232 | self.y = op(v[1])
SwiftCompile normal arm64_32 /Users/admin/builder/spi-builder-workspace/Sources/SGLMath/Vector3.swift (in target 'SGLMath' from project 'SGLMath')
cd /Users/admin/builder/spi-builder-workspace/.swiftpm/xcode
builtin-SwiftPerFileCompile Vector3.swift
SwiftCompile normal arm64_32 /Users/admin/builder/spi-builder-workspace/Sources/SGLMath/Vector3b.swift (in target 'SGLMath' from project 'SGLMath')
cd /Users/admin/builder/spi-builder-workspace/.swiftpm/xcode
builtin-SwiftPerFileCompile Vector3b.swift
SwiftCompile normal arm64_32 Compiling\ Operators.swift,\ Protocols.swift /Users/admin/builder/spi-builder-workspace/Sources/SGLMath/Operators.swift /Users/admin/builder/spi-builder-workspace/Sources/SGLMath/Protocols.swift (in target 'SGLMath' from project 'SGLMath')
SwiftCompile normal arm64_32 /Users/admin/builder/spi-builder-workspace/Sources/SGLMath/Operators.swift (in target 'SGLMath' from project 'SGLMath')
cd /Users/admin/builder/spi-builder-workspace/.swiftpm/xcode
builtin-SwiftPerFileCompile Operators.swift
SwiftCompile normal arm64_32 /Users/admin/builder/spi-builder-workspace/Sources/SGLMath/Protocols.swift (in target 'SGLMath' from project 'SGLMath')
cd /Users/admin/builder/spi-builder-workspace/.swiftpm/xcode
builtin-SwiftPerFileCompile Protocols.swift
SwiftDriverJobDiscovery normal arm64 Compiling Matrix4x3.swift, Matrix4x4.swift (in target 'SGLMath' from project 'SGLMath')
SwiftCompile normal arm64 Compiling\ glm.swift,\ glsl.swift /Users/admin/builder/spi-builder-workspace/Sources/SGLMath/glm.swift /Users/admin/builder/spi-builder-workspace/Sources/SGLMath/glsl.swift (in target 'SGLMath' from project 'SGLMath')
SwiftCompile normal arm64 /Users/admin/builder/spi-builder-workspace/Sources/SGLMath/glm.swift (in target 'SGLMath' from project 'SGLMath')
cd /Users/admin/builder/spi-builder-workspace/.swiftpm/xcode
builtin-SwiftPerFileCompile glm.swift
SwiftCompile normal arm64 /Users/admin/builder/spi-builder-workspace/Sources/SGLMath/glsl.swift (in target 'SGLMath' from project 'SGLMath')
cd /Users/admin/builder/spi-builder-workspace/.swiftpm/xcode
builtin-SwiftPerFileCompile glsl.swift
SwiftDriverJobDiscovery normal arm64 Compiling Matrix3x3.swift, Matrix3x4.swift, Matrix4x2.swift (in target 'SGLMath' from project 'SGLMath')
SwiftCompile normal arm64_32 Compiling\ Matrix2x3.swift,\ Matrix2x4.swift,\ Matrix3x2.swift /Users/admin/builder/spi-builder-workspace/Sources/SGLMath/Matrix2x3.swift /Users/admin/builder/spi-builder-workspace/Sources/SGLMath/Matrix2x4.swift /Users/admin/builder/spi-builder-workspace/Sources/SGLMath/Matrix3x2.swift (in target 'SGLMath' from project 'SGLMath')
SwiftCompile normal arm64_32 /Users/admin/builder/spi-builder-workspace/Sources/SGLMath/Matrix2x3.swift (in target 'SGLMath' from project 'SGLMath')
cd /Users/admin/builder/spi-builder-workspace/.swiftpm/xcode
builtin-SwiftPerFileCompile Matrix2x3.swift
SwiftCompile normal arm64_32 /Users/admin/builder/spi-builder-workspace/Sources/SGLMath/Matrix2x4.swift (in target 'SGLMath' from project 'SGLMath')
cd /Users/admin/builder/spi-builder-workspace/.swiftpm/xcode
builtin-SwiftPerFileCompile Matrix2x4.swift
SwiftCompile normal arm64_32 /Users/admin/builder/spi-builder-workspace/Sources/SGLMath/Matrix3x2.swift (in target 'SGLMath' from project 'SGLMath')
cd /Users/admin/builder/spi-builder-workspace/.swiftpm/xcode
builtin-SwiftPerFileCompile Matrix3x2.swift
SwiftDriverJobDiscovery normal arm64 Compiling main.swift (in target 'swizgen-product' from project 'SGLMath')
SwiftDriver\ Compilation swizgen normal arm64 com.apple.xcode.tools.swift.compiler (in target 'swizgen-product' from project 'SGLMath')
cd /Users/admin/builder/spi-builder-workspace/.swiftpm/xcode
builtin-Swift-Compilation -- /Applications/Xcode-27.0.0-Release.Candidate.app/Contents/Developer/Toolchains/XcodeDefault.xctoolchain/usr/bin/swiftc -module-name Tools -Onone @/Users/admin/builder/spi-builder-workspace/.derivedData/Build/Intermediates.noindex/SGLMath.build/Debug-watchos/swizgen-p.build/Objects-normal/arm64/swizgen.SwiftFileList -DSWIFT_PACKAGE -DDEBUG -DXcode -plugin-path /Applications/Xcode-27.0.0-Release.Candidate.app/Contents/Developer/Toolchains/XcodeDefault.xctoolchain/usr/lib/swift/host/plugins/testing -enable-experimental-feature DebugDescriptionMacro -sdk /Applications/Xcode-27.0.0-Release.Candidate.app/Contents/Developer/Platforms/WatchOS.platform/Developer/SDKs/WatchOS27.0.sdk -target arm64-apple-watchos9.0 -g -module-cache-path /Users/admin/builder/spi-builder-workspace/.derivedData/ModuleCache.noindex -Xfrontend -serialize-debugging-options -profile-coverage-mapping -profile-generate -enable-testing -index-store-path /Users/admin/builder/spi-builder-workspace/.derivedData/Index.noindex/DataStore -Xcc -D_LIBCPP_HARDENING_MODE\=_LIBCPP_HARDENING_MODE_DEBUG -swift-version 4 -I /Users/admin/builder/spi-builder-workspace/.derivedData/Build/Products/Debug-watchos -Isystem /Applications/Xcode-27.0.0-Release.Candidate.app/Contents/Developer/Platforms/WatchOS.platform/Developer/usr/lib -F /Users/admin/builder/spi-builder-workspace/.derivedData/Build/Products/Debug-watchos -F /Applications/Xcode-27.0.0-Release.Candidate.app/Contents/Developer/Platforms/WatchOS.platform/Developer/Library/Frameworks -F /Applications/Xcode-27.0.0-Release.Candidate.app/Contents/Developer/Platforms/WatchOS.platform/Developer/SDKs/WatchOS27.0.sdk/Developer/Library/Frameworks -c -j10 -enable-batch-mode -incremental -Xcc -ivfsstatcache -Xcc /Users/admin/builder/spi-builder-workspace/.derivedData/SDKStatCaches.noindex/watchos27.0-24R360-e829b21a6f8c9b70876ba0858053c04477534ef55a1706bf4c1112bbb242f0a2.sdkstatcache -output-file-map /Users/admin/builder/spi-builder-workspace/.derivedData/Build/Intermediates.noindex/SGLMath.build/Debug-watchos/swizgen-p.build/Objects-normal/arm64/swizgen-OutputFileMap.json -save-temps -no-color-diagnostics -emit-dependencies -emit-module -emit-module-path /Users/admin/builder/spi-builder-workspace/.derivedData/Build/Intermediates.noindex/SGLMath.build/Debug-watchos/swizgen-p.build/Objects-normal/arm64/Tools.swiftmodule -serialize-diagnostics -validate-clang-modules-once -clang-build-session-file /Users/admin/builder/spi-builder-workspace/.derivedData/ModuleCache.noindex/Session.modulevalidation -Xcc -fmodules-prune-interval\=86400 -Xcc -fmodules-prune-after\=345600 -emit-const-values -const-gather-protocols-list /Users/admin/builder/spi-builder-workspace/.derivedData/Build/Intermediates.noindex/SGLMath.build/Debug-watchos/swizgen-p.build/Objects-normal/arm64/swizgen_const_extract_protocols.json -Xcc -I/Users/admin/builder/spi-builder-workspace/.derivedData/Build/Products/Debug-watchos/include -Xcc -I/Users/admin/builder/spi-builder-workspace/.derivedData/Build/Intermediates.noindex/SGLMath.build/Debug-watchos/swizgen-p.build/DerivedSources-normal/arm64 -Xcc -I/Users/admin/builder/spi-builder-workspace/.derivedData/Build/Intermediates.noindex/SGLMath.build/Debug-watchos/swizgen-p.build/DerivedSources/arm64 -Xcc -I/Users/admin/builder/spi-builder-workspace/.derivedData/Build/Intermediates.noindex/SGLMath.build/Debug-watchos/swizgen-p.build/DerivedSources -Xcc -DSWIFT_PACKAGE -Xcc -DDEBUG\=1 -working-directory /Users/admin/builder/spi-builder-workspace/.swiftpm/xcode -experimental-emit-module-separately -disable-cmo
SwiftDriverJobDiscovery normal arm64_32 Compiling main.swift (in target 'swizgen-product' from project 'SGLMath')
SwiftCompile normal arm64 Compiling\ Vector2.swift,\ Vector2b.swift /Users/admin/builder/spi-builder-workspace/Sources/SGLMath/Vector2.swift /Users/admin/builder/spi-builder-workspace/Sources/SGLMath/Vector2b.swift (in target 'SGLMath' from project 'SGLMath')
/Users/admin/builder/spi-builder-workspace/Sources/SGLMath/Vector2.swift:196:17: warning: generic parameter 'T' shadows generic parameter from outer scope with the same name; this is an error in the Swift 6 language mode
20 | // MATERIALS OR THE USE OR OTHER DEALINGS IN THE MATERIALS.
21 |
22 | public struct Vector2<T: ArithmeticType>: VectorType {
| `- note: 'T' previously declared here
23 | public typealias Element = T
24 | public typealias FloatVector = Vector2<Float>
:
194 | }
195 |
196 | public init<T: VectorType>(_ v: T, _ op:(_:T.Element) -> Element) where T.BooleanVector == BooleanVector {
| `- warning: generic parameter 'T' shadows generic parameter from outer scope with the same name; this is an error in the Swift 6 language mode
197 | self.x = op(v[0])
198 | self.y = op(v[1])
SwiftCompile normal arm64 /Users/admin/builder/spi-builder-workspace/Sources/SGLMath/Vector2.swift (in target 'SGLMath' from project 'SGLMath')
cd /Users/admin/builder/spi-builder-workspace/.swiftpm/xcode
builtin-SwiftPerFileCompile Vector2.swift
SwiftCompile normal arm64 /Users/admin/builder/spi-builder-workspace/Sources/SGLMath/Vector2b.swift (in target 'SGLMath' from project 'SGLMath')
cd /Users/admin/builder/spi-builder-workspace/.swiftpm/xcode
builtin-SwiftPerFileCompile Vector2b.swift
Ld /Users/admin/builder/spi-builder-workspace/.derivedData/Build/Intermediates.noindex/SGLMath.build/Debug-watchos/swizgen-p.build/Objects-normal/arm64/Binary/swizgen normal arm64 (in target 'swizgen-product' from project 'SGLMath')
cd /Users/admin/builder/spi-builder-workspace
/Applications/Xcode-27.0.0-Release.Candidate.app/Contents/Developer/Toolchains/XcodeDefault.xctoolchain/usr/bin/swiftc -Xlinker -reproducible -target arm64-apple-watchos9.0 -emit-executable -sdk /Applications/Xcode-27.0.0-Release.Candidate.app/Contents/Developer/Platforms/WatchOS.platform/Developer/SDKs/WatchOS27.0.sdk -Xlinker -no_warn_duplicate_libraries -L/Users/admin/builder/spi-builder-workspace/.derivedData/Build/Intermediates.noindex/EagerLinkingTBDs/Debug-watchos -L/Users/admin/builder/spi-builder-workspace/.derivedData/Build/Products/Debug-watchos -L/Applications/Xcode-27.0.0-Release.Candidate.app/Contents/Developer/Platforms/WatchOS.platform/Developer/usr/lib -F/Users/admin/builder/spi-builder-workspace/.derivedData/Build/Intermediates.noindex/EagerLinkingTBDs/Debug-watchos -F/Users/admin/builder/spi-builder-workspace/.derivedData/Build/Products/Debug-watchos -Fsystem /Applications/Xcode-27.0.0-Release.Candidate.app/Contents/Developer/Platforms/WatchOS.platform/Developer/Library/Frameworks -Fsystem /Applications/Xcode-27.0.0-Release.Candidate.app/Contents/Developer/Platforms/WatchOS.platform/Developer/SDKs/WatchOS27.0.sdk/Developer/Library/Frameworks @/Users/admin/builder/spi-builder-workspace/.derivedData/Build/Intermediates.noindex/SGLMath.build/Debug-watchos/swizgen-p.build/Objects-normal/arm64/swizgen.LinkFileList -Xlinker -rpath -Xlinker /usr/lib/swift -Xlinker -rpath -Xlinker @executable_path/../lib -Xlinker -dead_strip -Xlinker -object_path_lto -Xlinker /Users/admin/builder/spi-builder-workspace/.derivedData/Build/Intermediates.noindex/SGLMath.build/Debug-watchos/swizgen-p.build/Objects-normal/arm64/swizgen_lto.o -Xclang-linker -rdynamic -Xlinker -no_deduplicate -Xlinker -debug_variant -Xlinker -dependency_info -Xlinker /Users/admin/builder/spi-builder-workspace/.derivedData/Build/Intermediates.noindex/SGLMath.build/Debug-watchos/swizgen-p.build/Objects-normal/arm64/swizgen_dependency_info.dat -link-objc-runtime -profile-generate -L/Applications/Xcode-27.0.0-Release.Candidate.app/Contents/Developer/Toolchains/XcodeDefault.xctoolchain/usr/lib/swift/watchos -L/usr/lib/swift -Xlinker -add_ast_path -Xlinker /Users/admin/builder/spi-builder-workspace/.derivedData/Build/Intermediates.noindex/SGLMath.build/Debug-watchos/swizgen-p.build/Objects-normal/arm64/Tools.swiftmodule -o /Users/admin/builder/spi-builder-workspace/.derivedData/Build/Intermediates.noindex/SGLMath.build/Debug-watchos/swizgen-p.build/Objects-normal/arm64/Binary/swizgen -no-stdlib-rpath
SwiftDriverJobDiscovery normal arm64_32 Compiling Vector2.swift, Vector2b.swift (in target 'SGLMath' from project 'SGLMath')
SwiftDriver\ Compilation swizgen normal arm64_32 com.apple.xcode.tools.swift.compiler (in target 'swizgen-product' from project 'SGLMath')
cd /Users/admin/builder/spi-builder-workspace/.swiftpm/xcode
builtin-Swift-Compilation -- /Applications/Xcode-27.0.0-Release.Candidate.app/Contents/Developer/Toolchains/XcodeDefault.xctoolchain/usr/bin/swiftc -module-name Tools -Onone @/Users/admin/builder/spi-builder-workspace/.derivedData/Build/Intermediates.noindex/SGLMath.build/Debug-watchos/swizgen-p.build/Objects-normal/arm64_32/swizgen.SwiftFileList -DSWIFT_PACKAGE -DDEBUG -DXcode -plugin-path /Applications/Xcode-27.0.0-Release.Candidate.app/Contents/Developer/Toolchains/XcodeDefault.xctoolchain/usr/lib/swift/host/plugins/testing -enable-experimental-feature DebugDescriptionMacro -sdk /Applications/Xcode-27.0.0-Release.Candidate.app/Contents/Developer/Platforms/WatchOS.platform/Developer/SDKs/WatchOS27.0.sdk -target arm64_32-apple-watchos9.0 -g -module-cache-path /Users/admin/builder/spi-builder-workspace/.derivedData/ModuleCache.noindex -Xfrontend -serialize-debugging-options -profile-coverage-mapping -profile-generate -enable-testing -index-store-path /Users/admin/builder/spi-builder-workspace/.derivedData/Index.noindex/DataStore -Xcc -D_LIBCPP_HARDENING_MODE\=_LIBCPP_HARDENING_MODE_DEBUG -swift-version 4 -I /Users/admin/builder/spi-builder-workspace/.derivedData/Build/Products/Debug-watchos -Isystem /Applications/Xcode-27.0.0-Release.Candidate.app/Contents/Developer/Platforms/WatchOS.platform/Developer/usr/lib -F /Users/admin/builder/spi-builder-workspace/.derivedData/Build/Products/Debug-watchos -F /Applications/Xcode-27.0.0-Release.Candidate.app/Contents/Developer/Platforms/WatchOS.platform/Developer/Library/Frameworks -F /Applications/Xcode-27.0.0-Release.Candidate.app/Contents/Developer/Platforms/WatchOS.platform/Developer/SDKs/WatchOS27.0.sdk/Developer/Library/Frameworks -c -j10 -enable-batch-mode -incremental -Xcc -ivfsstatcache -Xcc /Users/admin/builder/spi-builder-workspace/.derivedData/SDKStatCaches.noindex/watchos27.0-24R360-e829b21a6f8c9b70876ba0858053c04477534ef55a1706bf4c1112bbb242f0a2.sdkstatcache -output-file-map /Users/admin/builder/spi-builder-workspace/.derivedData/Build/Intermediates.noindex/SGLMath.build/Debug-watchos/swizgen-p.build/Objects-normal/arm64_32/swizgen-OutputFileMap.json -save-temps -no-color-diagnostics -emit-dependencies -emit-module -emit-module-path /Users/admin/builder/spi-builder-workspace/.derivedData/Build/Intermediates.noindex/SGLMath.build/Debug-watchos/swizgen-p.build/Objects-normal/arm64_32/Tools.swiftmodule -serialize-diagnostics -validate-clang-modules-once -clang-build-session-file /Users/admin/builder/spi-builder-workspace/.derivedData/ModuleCache.noindex/Session.modulevalidation -Xcc -fmodules-prune-interval\=86400 -Xcc -fmodules-prune-after\=345600 -emit-const-values -const-gather-protocols-list /Users/admin/builder/spi-builder-workspace/.derivedData/Build/Intermediates.noindex/SGLMath.build/Debug-watchos/swizgen-p.build/Objects-normal/arm64_32/swizgen_const_extract_protocols.json -Xcc -I/Users/admin/builder/spi-builder-workspace/.derivedData/Build/Products/Debug-watchos/include -Xcc -I/Users/admin/builder/spi-builder-workspace/.derivedData/Build/Intermediates.noindex/SGLMath.build/Debug-watchos/swizgen-p.build/DerivedSources-normal/arm64_32 -Xcc -I/Users/admin/builder/spi-builder-workspace/.derivedData/Build/Intermediates.noindex/SGLMath.build/Debug-watchos/swizgen-p.build/DerivedSources/arm64_32 -Xcc -I/Users/admin/builder/spi-builder-workspace/.derivedData/Build/Intermediates.noindex/SGLMath.build/Debug-watchos/swizgen-p.build/DerivedSources -Xcc -DSWIFT_PACKAGE -Xcc -DDEBUG\=1 -working-directory /Users/admin/builder/spi-builder-workspace/.swiftpm/xcode -experimental-emit-module-separately -disable-cmo
SwiftDriverJobDiscovery normal arm64_32 Compiling Vector3.swift, Vector3b.swift (in target 'SGLMath' from project 'SGLMath')
SwiftCompile normal arm64 Compiling\ Quaternion.swift,\ Swizzle.swift /Users/admin/builder/spi-builder-workspace/Sources/SGLMath/Quaternion.swift /Users/admin/builder/spi-builder-workspace/Sources/SGLMath/Swizzle.swift (in target 'SGLMath' from project 'SGLMath')
SwiftCompile normal arm64 /Users/admin/builder/spi-builder-workspace/Sources/SGLMath/Quaternion.swift (in target 'SGLMath' from project 'SGLMath')
cd /Users/admin/builder/spi-builder-workspace/.swiftpm/xcode
builtin-SwiftPerFileCompile Quaternion.swift
SwiftCompile normal arm64 /Users/admin/builder/spi-builder-workspace/Sources/SGLMath/Swizzle.swift (in target 'SGLMath' from project 'SGLMath')
cd /Users/admin/builder/spi-builder-workspace/.swiftpm/xcode
builtin-SwiftPerFileCompile Swizzle.swift
Ld /Users/admin/builder/spi-builder-workspace/.derivedData/Build/Intermediates.noindex/SGLMath.build/Debug-watchos/swizgen-p.build/Objects-normal/arm64_32/Binary/swizgen normal arm64_32 (in target 'swizgen-product' from project 'SGLMath')
cd /Users/admin/builder/spi-builder-workspace
/Applications/Xcode-27.0.0-Release.Candidate.app/Contents/Developer/Toolchains/XcodeDefault.xctoolchain/usr/bin/swiftc -Xlinker -reproducible -target arm64_32-apple-watchos9.0 -emit-executable -sdk /Applications/Xcode-27.0.0-Release.Candidate.app/Contents/Developer/Platforms/WatchOS.platform/Developer/SDKs/WatchOS27.0.sdk -Xlinker -no_warn_duplicate_libraries -L/Users/admin/builder/spi-builder-workspace/.derivedData/Build/Intermediates.noindex/EagerLinkingTBDs/Debug-watchos -L/Users/admin/builder/spi-builder-workspace/.derivedData/Build/Products/Debug-watchos -L/Applications/Xcode-27.0.0-Release.Candidate.app/Contents/Developer/Platforms/WatchOS.platform/Developer/usr/lib -F/Users/admin/builder/spi-builder-workspace/.derivedData/Build/Intermediates.noindex/EagerLinkingTBDs/Debug-watchos -F/Users/admin/builder/spi-builder-workspace/.derivedData/Build/Products/Debug-watchos -Fsystem /Applications/Xcode-27.0.0-Release.Candidate.app/Contents/Developer/Platforms/WatchOS.platform/Developer/Library/Frameworks -Fsystem /Applications/Xcode-27.0.0-Release.Candidate.app/Contents/Developer/Platforms/WatchOS.platform/Developer/SDKs/WatchOS27.0.sdk/Developer/Library/Frameworks @/Users/admin/builder/spi-builder-workspace/.derivedData/Build/Intermediates.noindex/SGLMath.build/Debug-watchos/swizgen-p.build/Objects-normal/arm64_32/swizgen.LinkFileList -Xlinker -rpath -Xlinker /usr/lib/swift -Xlinker -rpath -Xlinker @executable_path/../lib -Xlinker -dead_strip -Xlinker -object_path_lto -Xlinker /Users/admin/builder/spi-builder-workspace/.derivedData/Build/Intermediates.noindex/SGLMath.build/Debug-watchos/swizgen-p.build/Objects-normal/arm64_32/swizgen_lto.o -Xclang-linker -rdynamic -Xlinker -no_deduplicate -Xlinker -debug_variant -Xlinker -dependency_info -Xlinker /Users/admin/builder/spi-builder-workspace/.derivedData/Build/Intermediates.noindex/SGLMath.build/Debug-watchos/swizgen-p.build/Objects-normal/arm64_32/swizgen_dependency_info.dat -link-objc-runtime -profile-generate -L/Applications/Xcode-27.0.0-Release.Candidate.app/Contents/Developer/Toolchains/XcodeDefault.xctoolchain/usr/lib/swift/watchos -L/usr/lib/swift -Xlinker -add_ast_path -Xlinker /Users/admin/builder/spi-builder-workspace/.derivedData/Build/Intermediates.noindex/SGLMath.build/Debug-watchos/swizgen-p.build/Objects-normal/arm64_32/Tools.swiftmodule -o /Users/admin/builder/spi-builder-workspace/.derivedData/Build/Intermediates.noindex/SGLMath.build/Debug-watchos/swizgen-p.build/Objects-normal/arm64_32/Binary/swizgen -no-stdlib-rpath
SwiftDriverJobDiscovery normal arm64 Compiling Vector4.swift, Vector4b.swift (in target 'SGLMath' from project 'SGLMath')
SwiftCompile normal arm64_32 Compiling\ Vector4.swift,\ Vector4b.swift /Users/admin/builder/spi-builder-workspace/Sources/SGLMath/Vector4.swift /Users/admin/builder/spi-builder-workspace/Sources/SGLMath/Vector4b.swift (in target 'SGLMath' from project 'SGLMath')
/Users/admin/builder/spi-builder-workspace/Sources/SGLMath/Vector4.swift:280:17: warning: generic parameter 'T' shadows generic parameter from outer scope with the same name; this is an error in the Swift 6 language mode
20 | // MATERIALS OR THE USE OR OTHER DEALINGS IN THE MATERIALS.
21 |
22 | public struct Vector4<T: ArithmeticType>: VectorType {
| `- note: 'T' previously declared here
23 | public typealias Element = T
24 | public typealias FloatVector = Vector4<Float>
:
278 | }
279 |
280 | public init<T: VectorType>(_ v: T, _ op:(_:T.Element) -> Element) where T.BooleanVector == BooleanVector {
| `- warning: generic parameter 'T' shadows generic parameter from outer scope with the same name; this is an error in the Swift 6 language mode
281 | self.x = op(v[0])
282 | self.y = op(v[1])
SwiftCompile normal arm64_32 /Users/admin/builder/spi-builder-workspace/Sources/SGLMath/Vector4.swift (in target 'SGLMath' from project 'SGLMath')
cd /Users/admin/builder/spi-builder-workspace/.swiftpm/xcode
builtin-SwiftPerFileCompile Vector4.swift
SwiftCompile normal arm64_32 /Users/admin/builder/spi-builder-workspace/Sources/SGLMath/Vector4b.swift (in target 'SGLMath' from project 'SGLMath')
cd /Users/admin/builder/spi-builder-workspace/.swiftpm/xcode
builtin-SwiftPerFileCompile Vector4b.swift
SwiftDriverJobDiscovery normal arm64_32 Emitting module for SGLMath (in target 'SGLMath' from project 'SGLMath')
SwiftDriver\ Compilation\ Requirements SGLMath normal arm64_32 com.apple.xcode.tools.swift.compiler (in target 'SGLMath' from project 'SGLMath')
cd /Users/admin/builder/spi-builder-workspace/.swiftpm/xcode
builtin-Swift-Compilation-Requirements -- /Applications/Xcode-27.0.0-Release.Candidate.app/Contents/Developer/Toolchains/XcodeDefault.xctoolchain/usr/bin/swiftc -parse-as-library -module-name SGLMath -Onone @/Users/admin/builder/spi-builder-workspace/.derivedData/Build/Intermediates.noindex/SGLMath.build/Debug-watchos/SGLMath-t.build/Objects-normal/arm64_32/SGLMath.SwiftFileList -DSWIFT_PACKAGE -DDEBUG -DSWIFT_MODULE_RESOURCE_BUNDLE_UNAVAILABLE -DXcode -plugin-path /Applications/Xcode-27.0.0-Release.Candidate.app/Contents/Developer/Toolchains/XcodeDefault.xctoolchain/usr/lib/swift/host/plugins/testing -enable-experimental-feature DebugDescriptionMacro -sdk /Applications/Xcode-27.0.0-Release.Candidate.app/Contents/Developer/Platforms/WatchOS.platform/Developer/SDKs/WatchOS27.0.sdk -target arm64_32-apple-watchos9.0 -g -module-cache-path /Users/admin/builder/spi-builder-workspace/.derivedData/ModuleCache.noindex -Xfrontend -serialize-debugging-options -profile-coverage-mapping -profile-generate -enable-testing -index-store-path /Users/admin/builder/spi-builder-workspace/.derivedData/Index.noindex/DataStore -Xcc -D_LIBCPP_HARDENING_MODE\=_LIBCPP_HARDENING_MODE_DEBUG -swift-version 4 -I /Users/admin/builder/spi-builder-workspace/.derivedData/Build/Products/Debug-watchos -Isystem /Applications/Xcode-27.0.0-Release.Candidate.app/Contents/Developer/Platforms/WatchOS.platform/Developer/usr/lib -F /Users/admin/builder/spi-builder-workspace/.derivedData/Build/Products/Debug-watchos -F /Applications/Xcode-27.0.0-Release.Candidate.app/Contents/Developer/Platforms/WatchOS.platform/Developer/Library/Frameworks -F /Applications/Xcode-27.0.0-Release.Candidate.app/Contents/Developer/Platforms/WatchOS.platform/Developer/SDKs/WatchOS27.0.sdk/Developer/Library/Frameworks -c -j10 -enable-batch-mode -incremental -Xcc -ivfsstatcache -Xcc /Users/admin/builder/spi-builder-workspace/.derivedData/SDKStatCaches.noindex/watchos27.0-24R360-e829b21a6f8c9b70876ba0858053c04477534ef55a1706bf4c1112bbb242f0a2.sdkstatcache -output-file-map /Users/admin/builder/spi-builder-workspace/.derivedData/Build/Intermediates.noindex/SGLMath.build/Debug-watchos/SGLMath-t.build/Objects-normal/arm64_32/SGLMath-OutputFileMap.json -save-temps -no-color-diagnostics -emit-dependencies -emit-module -emit-module-path /Users/admin/builder/spi-builder-workspace/.derivedData/Build/Intermediates.noindex/SGLMath.build/Debug-watchos/SGLMath-t.build/Objects-normal/arm64_32/SGLMath.swiftmodule -serialize-diagnostics -validate-clang-modules-once -clang-build-session-file /Users/admin/builder/spi-builder-workspace/.derivedData/ModuleCache.noindex/Session.modulevalidation -Xcc -fmodules-prune-interval\=86400 -Xcc -fmodules-prune-after\=345600 -emit-const-values -const-gather-protocols-list /Users/admin/builder/spi-builder-workspace/.derivedData/Build/Intermediates.noindex/SGLMath.build/Debug-watchos/SGLMath-t.build/Objects-normal/arm64_32/SGLMath_const_extract_protocols.json -Xcc -I/Users/admin/builder/spi-builder-workspace/.derivedData/Build/Products/Debug-watchos/include -Xcc -I/Users/admin/builder/spi-builder-workspace/.derivedData/Build/Intermediates.noindex/SGLMath.build/Debug-watchos/SGLMath-t.build/DerivedSources-normal/arm64_32 -Xcc -I/Users/admin/builder/spi-builder-workspace/.derivedData/Build/Intermediates.noindex/SGLMath.build/Debug-watchos/SGLMath-t.build/DerivedSources/arm64_32 -Xcc -I/Users/admin/builder/spi-builder-workspace/.derivedData/Build/Intermediates.noindex/SGLMath.build/Debug-watchos/SGLMath-t.build/DerivedSources -Xcc -DSWIFT_PACKAGE -Xcc -DDEBUG\=1 -emit-objc-header -emit-objc-header-path /Users/admin/builder/spi-builder-workspace/.derivedData/Build/Intermediates.noindex/SGLMath.build/Debug-watchos/SGLMath-t.build/Objects-normal/arm64_32/SGLMath-Swift.h -working-directory /Users/admin/builder/spi-builder-workspace/.swiftpm/xcode -experimental-emit-module-separately -disable-cmo
SwiftDriverJobDiscovery normal arm64 Compiling Vector2.swift, Vector2b.swift (in target 'SGLMath' from project 'SGLMath')
SwiftCompile normal arm64_32 Compiling\ Complex.swift,\ Internal.swift,\ Matrix2x2.swift /Users/admin/builder/spi-builder-workspace/Sources/SGLMath/Complex.swift /Users/admin/builder/spi-builder-workspace/Sources/SGLMath/Internal.swift /Users/admin/builder/spi-builder-workspace/Sources/SGLMath/Matrix2x2.swift (in target 'SGLMath' from project 'SGLMath')
/Users/admin/builder/spi-builder-workspace/Sources/SGLMath/Internal.swift:46:26: error: integer literal '14181476777654086739' overflows when stored into 'UInt'
44 | k = k &* 0xff51afd7ed558ccd
45 | k ^= k >> 33
46 | k = k &* 0xc4ceb9fe1a85ec53
| `- error: integer literal '14181476777654086739' overflows when stored into 'UInt'
47 | k ^= k >> 33
48 | return k
/Users/admin/builder/spi-builder-workspace/Sources/SGLMath/Internal.swift:44:26: error: integer literal '18397679294719823053' overflows when stored into 'UInt'
42 | var k = kk
43 | k ^= k >> 33
44 | k = k &* 0xff51afd7ed558ccd
| `- error: integer literal '18397679294719823053' overflows when stored into 'UInt'
45 | k ^= k >> 33
46 | k = k &* 0xc4ceb9fe1a85ec53
/Users/admin/builder/spi-builder-workspace/Sources/SGLMath/Internal.swift:51:28: error: integer literal '5545529020109919103' overflows when stored into 'UInt'
49 | }
50 | let c1: UInt = 0x87c37b91114253d5
51 | let c2: UInt = 0x4cf5ad432745937f
| `- error: integer literal '5545529020109919103' overflows when stored into 'UInt'
52 | var h1: UInt = c1 ^ UInt(nums.count)
53 | var h2: UInt = c2 ^ UInt(nums.count)
/Users/admin/builder/spi-builder-workspace/Sources/SGLMath/Internal.swift:50:28: error: integer literal '9782798678568883157' overflows when stored into 'UInt'
48 | return k
49 | }
50 | let c1: UInt = 0x87c37b91114253d5
| `- error: integer literal '9782798678568883157' overflows when stored into 'UInt'
51 | let c2: UInt = 0x4cf5ad432745937f
52 | var h1: UInt = c1 ^ UInt(nums.count)
Failed frontend command:
/Applications/Xcode-27.0.0-Release.Candidate.app/Contents/Developer/Toolchains/XcodeDefault.xctoolchain/usr/bin/swift-frontend -frontend -c -primary-file /Users/admin/builder/spi-builder-workspace/Sources/SGLMath/Complex.swift -primary-file /Users/admin/builder/spi-builder-workspace/Sources/SGLMath/Internal.swift -primary-file /Users/admin/builder/spi-builder-workspace/Sources/SGLMath/Matrix2x2.swift /Users/admin/builder/spi-builder-workspace/Sources/SGLMath/Matrix2x3.swift /Users/admin/builder/spi-builder-workspace/Sources/SGLMath/Matrix2x4.swift /Users/admin/builder/spi-builder-workspace/Sources/SGLMath/Matrix3x2.swift /Users/admin/builder/spi-builder-workspace/Sources/SGLMath/Matrix3x3.swift /Users/admin/builder/spi-builder-workspace/Sources/SGLMath/Matrix3x4.swift /Users/admin/builder/spi-builder-workspace/Sources/SGLMath/Matrix4x2.swift /Users/admin/builder/spi-builder-workspace/Sources/SGLMath/Matrix4x3.swift /Users/admin/builder/spi-builder-workspace/Sources/SGLMath/Matrix4x4.swift /Users/admin/builder/spi-builder-workspace/Sources/SGLMath/Operators.swift /Users/admin/builder/spi-builder-workspace/Sources/SGLMath/Protocols.swift /Users/admin/builder/spi-builder-workspace/Sources/SGLMath/Quaternion.swift /Users/admin/builder/spi-builder-workspace/Sources/SGLMath/Swizzle.swift /Users/admin/builder/spi-builder-workspace/Sources/SGLMath/Vector2.swift /Users/admin/builder/spi-builder-workspace/Sources/SGLMath/Vector2b.swift /Users/admin/builder/spi-builder-workspace/Sources/SGLMath/Vector3.swift /Users/admin/builder/spi-builder-workspace/Sources/SGLMath/Vector3b.swift /Users/admin/builder/spi-builder-workspace/Sources/SGLMath/Vector4.swift /Users/admin/builder/spi-builder-workspace/Sources/SGLMath/Vector4b.swift /Users/admin/builder/spi-builder-workspace/Sources/SGLMath/glm.swift /Users/admin/builder/spi-builder-workspace/Sources/SGLMath/glsl.swift -supplementary-output-file-map /Users/admin/builder/spi-builder-workspace/.derivedData/Build/Intermediates.noindex/SGLMath.build/Debug-watchos/SGLMath-t.build/Objects-normal/arm64_32/supplementaryOutputs-2 -target arm64_32-apple-watchos9.0 -enable-objc-interop -sdk /Applications/Xcode-27.0.0-Release.Candidate.app/Contents/Developer/Platforms/WatchOS.platform/Developer/SDKs/WatchOS27.0.sdk -I /Users/admin/builder/spi-builder-workspace/.derivedData/Build/Products/Debug-watchos -Isystem /Applications/Xcode-27.0.0-Release.Candidate.app/Contents/Developer/Platforms/WatchOS.platform/Developer/usr/lib -F /Users/admin/builder/spi-builder-workspace/.derivedData/Build/Products/Debug-watchos -F /Applications/Xcode-27.0.0-Release.Candidate.app/Contents/Developer/Platforms/WatchOS.platform/Developer/Library/Frameworks -F /Applications/Xcode-27.0.0-Release.Candidate.app/Contents/Developer/Platforms/WatchOS.platform/Developer/SDKs/WatchOS27.0.sdk/Developer/Library/Frameworks -module-cache-path /Users/admin/builder/spi-builder-workspace/.derivedData/ModuleCache.noindex -no-color-diagnostics -Xcc -fno-color-diagnostics -enable-testing -g -debug-info-format\=dwarf -dwarf-version\=4 -profile-generate -profile-coverage-mapping -swift-version 4 -Onone -D SWIFT_PACKAGE -D DEBUG -D SWIFT_MODULE_RESOURCE_BUNDLE_UNAVAILABLE -D Xcode -serialize-debugging-options -enable-experimental-feature DebugDescriptionMacro -empty-abi-descriptor -plugin-path /Applications/Xcode-27.0.0-Release.Candidate.app/Contents/Developer/Toolchains/XcodeDefault.xctoolchain/usr/lib/swift/host/plugins/testing -validate-clang-modules-once -clang-build-session-file /Users/admin/builder/spi-builder-workspace/.derivedData/ModuleCache.noindex/Session.modulevalidation -Xcc -working-directory -Xcc /Users/admin/builder/spi-builder-workspace/.swiftpm/xcode -enable-anonymous-context-mangled-names -file-compilation-dir /Users/admin/builder/spi-builder-workspace/.swiftpm/xcode -Xcc -D_LIBCPP_HARDENING_MODE\=_LIBCPP_HARDENING_MODE_DEBUG -Xcc -ivfsstatcache -Xcc /Users/admin/builder/spi-builder-workspace/.derivedData/SDKStatCaches.noindex/watchos27.0-24R360-e829b21a6f8c9b70876ba0858053c04477534ef55a1706bf4c1112bbb242f0a2.sdkstatcache -Xcc -fmodules-prune-interval\=86400 -Xcc -fmodules-prune-after\=345600 -Xcc -I/Users/admin/builder/spi-builder-workspace/.derivedData/Build/Products/Debug-watchos/include -Xcc -I/Users/admin/builder/spi-builder-workspace/.derivedData/Build/Intermediates.noindex/SGLMath.build/Debug-watchos/SGLMath-t.build/DerivedSources-normal/arm64_32 -Xcc -I/Users/admin/builder/spi-builder-workspace/.derivedData/Build/Intermediates.noindex/SGLMath.build/Debug-watchos/SGLMath-t.build/DerivedSources/arm64_32 -Xcc -I/Users/admin/builder/spi-builder-workspace/.derivedData/Build/Intermediates.noindex/SGLMath.build/Debug-watchos/SGLMath-t.build/DerivedSources -Xcc -DSWIFT_PACKAGE -Xcc -DDEBUG\=1 -no-auto-bridging-header-chaining -module-name SGLMath -const-gather-protocols-file /Users/admin/builder/spi-builder-workspace/.derivedData/Build/Intermediates.noindex/SGLMath.build/Debug-watchos/SGLMath-t.build/Objects-normal/arm64_32/SGLMath_const_extract_protocols.json -disable-clang-spi -target-sdk-version 27.0 -target-sdk-name watchos27.0 -external-plugin-path /Applications/Xcode-27.0.0-Release.Candidate.app/Contents/Developer/Platforms/WatchOS.platform/Developer/usr/lib/swift/host/plugins\#/Applications/Xcode-27.0.0-Release.Candidate.app/Contents/Developer/Platforms/WatchOS.platform/Developer/usr/bin/swift-plugin-server -external-plugin-path /Applications/Xcode-27.0.0-Release.Candidate.app/Contents/Developer/Platforms/WatchOS.platform/Developer/usr/local/lib/swift/host/plugins\#/Applications/Xcode-27.0.0-Release.Candidate.app/Contents/Developer/Platforms/WatchOS.platform/Developer/usr/bin/swift-plugin-server -in-process-plugin-server-path /Applications/Xcode-27.0.0-Release.Candidate.app/Contents/Developer/Toolchains/XcodeDefault.xctoolchain/usr/lib/swift/host/libSwiftInProcPluginServer.dylib -plugin-path /Applications/Xcode-27.0.0-Release.Candidate.app/Contents/Developer/Toolchains/XcodeDefault.xctoolchain/usr/lib/swift/host/plugins -plugin-path /Applications/Xcode-27.0.0-Release.Candidate.app/Contents/Developer/Toolchains/XcodeDefault.xctoolchain/usr/local/lib/swift/host/plugins -parse-as-library -o /Users/admin/builder/spi-builder-workspace/.derivedData/Build/Intermediates.noindex/SGLMath.build/Debug-watchos/SGLMath-t.build/Objects-normal/arm64_32/Complex.o -o /Users/admin/builder/spi-builder-workspace/.derivedData/Build/Intermediates.noindex/SGLMath.build/Debug-watchos/SGLMath-t.build/Objects-normal/arm64_32/Internal.o -o /Users/admin/builder/spi-builder-workspace/.derivedData/Build/Intermediates.noindex/SGLMath.build/Debug-watchos/SGLMath-t.build/Objects-normal/arm64_32/Matrix2x2.o -index-unit-output-path /SGLMath.build/Debug-watchos/SGLMath-t.build/Objects-normal/arm64_32/Complex.o -index-unit-output-path /SGLMath.build/Debug-watchos/SGLMath-t.build/Objects-normal/arm64_32/Internal.o -index-unit-output-path /SGLMath.build/Debug-watchos/SGLMath-t.build/Objects-normal/arm64_32/Matrix2x2.o -index-store-path /Users/admin/builder/spi-builder-workspace/.derivedData/Index.noindex/DataStore -index-system-modules
SwiftCompile normal arm64_32 /Users/admin/builder/spi-builder-workspace/Sources/SGLMath/Complex.swift (in target 'SGLMath' from project 'SGLMath')
cd /Users/admin/builder/spi-builder-workspace/.swiftpm/xcode
builtin-SwiftPerFileCompile Complex.swift
SwiftCompile normal arm64_32 /Users/admin/builder/spi-builder-workspace/Sources/SGLMath/Internal.swift (in target 'SGLMath' from project 'SGLMath')
cd /Users/admin/builder/spi-builder-workspace/.swiftpm/xcode
builtin-SwiftPerFileCompile Internal.swift
SwiftCompile normal arm64_32 /Users/admin/builder/spi-builder-workspace/Sources/SGLMath/Matrix2x2.swift (in target 'SGLMath' from project 'SGLMath')
cd /Users/admin/builder/spi-builder-workspace/.swiftpm/xcode
builtin-SwiftPerFileCompile Matrix2x2.swift
SwiftMergeGeneratedHeaders /Users/admin/builder/spi-builder-workspace/.derivedData/Build/Intermediates.noindex/GeneratedModuleMaps-watchos/SGLMath-Swift.h /Users/admin/builder/spi-builder-workspace/.derivedData/Build/Intermediates.noindex/SGLMath.build/Debug-watchos/SGLMath-t.build/Objects-normal/arm64/SGLMath-Swift.h /Users/admin/builder/spi-builder-workspace/.derivedData/Build/Intermediates.noindex/SGLMath.build/Debug-watchos/SGLMath-t.build/Objects-normal/arm64_32/SGLMath-Swift.h (in target 'SGLMath' from project 'SGLMath')
cd /Users/admin/builder/spi-builder-workspace
builtin-swiftHeaderTool -arch arm64 /Users/admin/builder/spi-builder-workspace/.derivedData/Build/Intermediates.noindex/SGLMath.build/Debug-watchos/SGLMath-t.build/Objects-normal/arm64/SGLMath-Swift.h -arch arm64_32 /Users/admin/builder/spi-builder-workspace/.derivedData/Build/Intermediates.noindex/SGLMath.build/Debug-watchos/SGLMath-t.build/Objects-normal/arm64_32/SGLMath-Swift.h -o /Users/admin/builder/spi-builder-workspace/.derivedData/Build/Intermediates.noindex/GeneratedModuleMaps-watchos/SGLMath-Swift.h
SwiftDriverJobDiscovery normal arm64_32 Compiling Vector4.swift, Vector4b.swift (in target 'SGLMath' from project 'SGLMath')
Copy /Users/admin/builder/spi-builder-workspace/.derivedData/Build/Products/Debug-watchos/SGLMath.swiftmodule/arm64_32-apple-watchos.swiftmodule /Users/admin/builder/spi-builder-workspace/.derivedData/Build/Intermediates.noindex/SGLMath.build/Debug-watchos/SGLMath-t.build/Objects-normal/arm64_32/SGLMath.swiftmodule (in target 'SGLMath' from project 'SGLMath')
cd /Users/admin/builder/spi-builder-workspace
builtin-copy -exclude .DS_Store -exclude CVS -exclude .svn -exclude .git -exclude .hg -resolve-src-symlinks -rename /Users/admin/builder/spi-builder-workspace/.derivedData/Build/Intermediates.noindex/SGLMath.build/Debug-watchos/SGLMath-t.build/Objects-normal/arm64_32/SGLMath.swiftmodule /Users/admin/builder/spi-builder-workspace/.derivedData/Build/Products/Debug-watchos/SGLMath.swiftmodule/arm64_32-apple-watchos.swiftmodule
Copy /Users/admin/builder/spi-builder-workspace/.derivedData/Build/Products/Debug-watchos/SGLMath.swiftmodule/arm64_32-apple-watchos.swiftdoc /Users/admin/builder/spi-builder-workspace/.derivedData/Build/Intermediates.noindex/SGLMath.build/Debug-watchos/SGLMath-t.build/Objects-normal/arm64_32/SGLMath.swiftdoc (in target 'SGLMath' from project 'SGLMath')
cd /Users/admin/builder/spi-builder-workspace
builtin-copy -exclude .DS_Store -exclude CVS -exclude .svn -exclude .git -exclude .hg -resolve-src-symlinks -rename /Users/admin/builder/spi-builder-workspace/.derivedData/Build/Intermediates.noindex/SGLMath.build/Debug-watchos/SGLMath-t.build/Objects-normal/arm64_32/SGLMath.swiftdoc /Users/admin/builder/spi-builder-workspace/.derivedData/Build/Products/Debug-watchos/SGLMath.swiftmodule/arm64_32-apple-watchos.swiftdoc
Copy /Users/admin/builder/spi-builder-workspace/.derivedData/Build/Products/Debug-watchos/SGLMath.swiftmodule/arm64_32-apple-watchos.abi.json /Users/admin/builder/spi-builder-workspace/.derivedData/Build/Intermediates.noindex/SGLMath.build/Debug-watchos/SGLMath-t.build/Objects-normal/arm64_32/SGLMath.abi.json (in target 'SGLMath' from project 'SGLMath')
cd /Users/admin/builder/spi-builder-workspace
builtin-copy -exclude .DS_Store -exclude CVS -exclude .svn -exclude .git -exclude .hg -resolve-src-symlinks -rename /Users/admin/builder/spi-builder-workspace/.derivedData/Build/Intermediates.noindex/SGLMath.build/Debug-watchos/SGLMath-t.build/Objects-normal/arm64_32/SGLMath.abi.json /Users/admin/builder/spi-builder-workspace/.derivedData/Build/Products/Debug-watchos/SGLMath.swiftmodule/arm64_32-apple-watchos.abi.json
Copy /Users/admin/builder/spi-builder-workspace/.derivedData/Build/Products/Debug-watchos/SGLMath.swiftmodule/Project/arm64_32-apple-watchos.swiftsourceinfo /Users/admin/builder/spi-builder-workspace/.derivedData/Build/Intermediates.noindex/SGLMath.build/Debug-watchos/SGLMath-t.build/Objects-normal/arm64_32/SGLMath.swiftsourceinfo (in target 'SGLMath' from project 'SGLMath')
cd /Users/admin/builder/spi-builder-workspace
builtin-copy -exclude .DS_Store -exclude CVS -exclude .svn -exclude .git -exclude .hg -resolve-src-symlinks -rename /Users/admin/builder/spi-builder-workspace/.derivedData/Build/Intermediates.noindex/SGLMath.build/Debug-watchos/SGLMath-t.build/Objects-normal/arm64_32/SGLMath.swiftsourceinfo /Users/admin/builder/spi-builder-workspace/.derivedData/Build/Products/Debug-watchos/SGLMath.swiftmodule/Project/arm64_32-apple-watchos.swiftsourceinfo
SwiftCompile normal arm64_32 Compiling\ Matrix3x3.swift,\ Matrix3x4.swift,\ Matrix4x2.swift /Users/admin/builder/spi-builder-workspace/Sources/SGLMath/Matrix3x3.swift /Users/admin/builder/spi-builder-workspace/Sources/SGLMath/Matrix3x4.swift /Users/admin/builder/spi-builder-workspace/Sources/SGLMath/Matrix4x2.swift (in target 'SGLMath' from project 'SGLMath')
SwiftCompile normal arm64_32 /Users/admin/builder/spi-builder-workspace/Sources/SGLMath/Matrix3x3.swift (in target 'SGLMath' from project 'SGLMath')
cd /Users/admin/builder/spi-builder-workspace/.swiftpm/xcode
builtin-SwiftPerFileCompile Matrix3x3.swift
SwiftCompile normal arm64_32 /Users/admin/builder/spi-builder-workspace/Sources/SGLMath/Matrix3x4.swift (in target 'SGLMath' from project 'SGLMath')
cd /Users/admin/builder/spi-builder-workspace/.swiftpm/xcode
builtin-SwiftPerFileCompile Matrix3x4.swift
SwiftCompile normal arm64_32 /Users/admin/builder/spi-builder-workspace/Sources/SGLMath/Matrix4x2.swift (in target 'SGLMath' from project 'SGLMath')
cd /Users/admin/builder/spi-builder-workspace/.swiftpm/xcode
builtin-SwiftPerFileCompile Matrix4x2.swift
SwiftDriverJobDiscovery normal arm64_32 Compiling Operators.swift, Protocols.swift (in target 'SGLMath' from project 'SGLMath')
SwiftCompile normal arm64_32 Compiling\ Matrix4x3.swift,\ Matrix4x4.swift /Users/admin/builder/spi-builder-workspace/Sources/SGLMath/Matrix4x3.swift /Users/admin/builder/spi-builder-workspace/Sources/SGLMath/Matrix4x4.swift (in target 'SGLMath' from project 'SGLMath')
SwiftCompile normal arm64_32 /Users/admin/builder/spi-builder-workspace/Sources/SGLMath/Matrix4x3.swift (in target 'SGLMath' from project 'SGLMath')
cd /Users/admin/builder/spi-builder-workspace/.swiftpm/xcode
builtin-SwiftPerFileCompile Matrix4x3.swift
SwiftCompile normal arm64_32 /Users/admin/builder/spi-builder-workspace/Sources/SGLMath/Matrix4x4.swift (in target 'SGLMath' from project 'SGLMath')
cd /Users/admin/builder/spi-builder-workspace/.swiftpm/xcode
builtin-SwiftPerFileCompile Matrix4x4.swift
SwiftDriverJobDiscovery normal arm64_32 Compiling glm.swift, glsl.swift (in target 'SGLMath' from project 'SGLMath')
SwiftDriverJobDiscovery normal arm64_32 Compiling Matrix2x3.swift, Matrix2x4.swift, Matrix3x2.swift (in target 'SGLMath' from project 'SGLMath')
SwiftDriverJobDiscovery normal arm64 Compiling glm.swift, glsl.swift (in target 'SGLMath' from project 'SGLMath')
SwiftDriverJobDiscovery normal arm64_32 Compiling Quaternion.swift, Swizzle.swift (in target 'SGLMath' from project 'SGLMath')
PruneExplicitPrecompiledModules /Users/admin/builder/spi-builder-workspace/.derivedData/Build/Intermediates.noindex/ExplicitPrecompiledModules
PruneExplicitPrecompiledModules /Users/admin/builder/spi-builder-workspace/.derivedData/Build/Intermediates.noindex/SwiftExplicitPrecompiledModules
PruneExplicitPrecompiledModules /Users/admin/builder/spi-builder-workspace/.derivedData/SDKExplicitPrecompiledModules
2026-09-15 16:04:00.365 xcodebuild[648:4155] [MT] IDERunDestination: Supported platforms for the buildables in the current scheme is empty.
** BUILD FAILED **
The following build commands failed:
SwiftCompile normal arm64_32 Compiling\ Complex.swift,\ Internal.swift,\ Matrix2x2.swift /Users/admin/builder/spi-builder-workspace/Sources/SGLMath/Complex.swift /Users/admin/builder/spi-builder-workspace/Sources/SGLMath/Internal.swift /Users/admin/builder/spi-builder-workspace/Sources/SGLMath/Matrix2x2.swift (in target 'SGLMath' from project 'SGLMath')
SwiftCompile normal arm64_32 /Users/admin/builder/spi-builder-workspace/Sources/SGLMath/Internal.swift (in target 'SGLMath' from project 'SGLMath')
Building workspace SGLMath with scheme SGLMath-Package
(3 failures)
Command line invocation:
/Applications/Xcode-27.0.0-Release.Candidate.app/Contents/Developer/usr/bin/xcodebuild -IDEClonedSourcePackagesDirPathOverride=/Users/admin/builder/spi-builder-workspace/.dependencies -resolvePackageDependencies
Resolve Package Graph
Resolved source packages:
SGLMath: /Users/admin/builder/spi-builder-workspace
resolved source packages: SGLMath
2026-09-15 16:04:06.896 xcodebuild[733:4542] [MT] IDERunDestination: Supported platforms for the buildables in the current scheme is empty.
{
"dependencies" : [
],
"manifest_display_name" : "SGLMath",
"name" : "SGLMath",
"path" : "/Users/admin/builder/spi-builder-workspace",
"platforms" : [
],
"products" : [
{
"name" : "SGLMath",
"targets" : [
"SGLMath"
],
"type" : {
"library" : [
"automatic"
]
}
},
{
"name" : "swizgen",
"targets" : [
"Tools"
],
"type" : {
"executable" : null
}
}
],
"targets" : [
{
"c99name" : "Tools",
"module_type" : "SwiftTarget",
"name" : "Tools",
"path" : "Sources/Tools",
"product_memberships" : [
"swizgen"
],
"sources" : [
"main.swift"
],
"type" : "executable"
},
{
"c99name" : "SGLMathTests",
"module_type" : "SwiftTarget",
"name" : "SGLMathTests",
"path" : "Tests/SGLMathTests",
"sources" : [
"EqualWithAccuracy.swift",
"FunctionsTests.swift",
"Matrix2x2Tests.swift",
"Matrix3x3Tests.swift",
"Matrix4x4Tests.swift",
"SwizzleTests.swift",
"Vector2Tests.swift",
"Vector4Tests.swift",
"XCTestManifests.swift",
"glmMatrixTests.swift"
],
"target_dependencies" : [
"SGLMath"
],
"type" : "test"
},
{
"c99name" : "SGLMath",
"module_type" : "SwiftTarget",
"name" : "SGLMath",
"path" : "Sources/SGLMath",
"product_memberships" : [
"SGLMath"
],
"sources" : [
"Complex.swift",
"Internal.swift",
"Matrix2x2.swift",
"Matrix2x3.swift",
"Matrix2x4.swift",
"Matrix3x2.swift",
"Matrix3x3.swift",
"Matrix3x4.swift",
"Matrix4x2.swift",
"Matrix4x3.swift",
"Matrix4x4.swift",
"Operators.swift",
"Protocols.swift",
"Quaternion.swift",
"Swizzle.swift",
"Vector2.swift",
"Vector2b.swift",
"Vector3.swift",
"Vector3b.swift",
"Vector4.swift",
"Vector4b.swift",
"glm.swift",
"glsl.swift"
],
"type" : "library"
}
],
"tools_version" : "4.0"
}
{
"workspace" : {
"name" : "SGLMath",
"schemes" : [
"SGLMath",
"SGLMath-Package",
"swizgen"
]
}
}
2026-09-15 16:04:08.116 xcodebuild[741:4607] [MT] IDERunDestination: Supported platforms for the buildables in the current scheme is empty.
Running build ...
env DEVELOPER_DIR=/Applications/Xcode-27.0.0-Release.Candidate.app xcrun xcodebuild -IDEClonedSourcePackagesDirPathOverride=$PWD/.dependencies -skipMacroValidation -skipPackagePluginValidation -derivedDataPath $PWD/.derivedData build -scheme SGLMath-Package -destination generic/platform=watchOS
Command line invocation:
/Applications/Xcode-27.0.0-Release.Candidate.app/Contents/Developer/usr/bin/xcodebuild -IDEClonedSourcePackagesDirPathOverride=/Users/admin/builder/spi-builder-workspace/.dependencies -skipMacroValidation -skipPackagePluginValidation -derivedDataPath /Users/admin/builder/spi-builder-workspace/.derivedData build -scheme SGLMath-Package -destination generic/platform=watchOS
Resolve Package Graph
Resolved source packages:
SGLMath: /Users/admin/builder/spi-builder-workspace
ComputePackagePrebuildTargetDependencyGraph
Prepare packages
CreateBuildRequest
SendProjectDescription
CreateBuildOperation
ComputeTargetDependencyGraph
note: Building targets in dependency order
note: Target dependency graph (3 targets)
Target 'swizgen-product' in project 'SGLMath' (no dependencies)
Target 'SGLMath-product' in project 'SGLMath'
➜ Explicit dependency on target 'SGLMath' in project 'SGLMath'
Target 'SGLMath' in project 'SGLMath' (no dependencies)
GatherProvisioningInputs
CreateBuildDescription
ClangStatCache /Applications/Xcode-27.0.0-Release.Candidate.app/Contents/Developer/Toolchains/XcodeDefault.xctoolchain/usr/bin/clang-stat-cache /Applications/Xcode-27.0.0-Release.Candidate.app/Contents/Developer/Platforms/WatchOS.platform/Developer/SDKs/WatchOS27.0.sdk /Users/admin/builder/spi-builder-workspace/.derivedData/SDKStatCaches.noindex/watchos27.0-24R360-e829b21a6f8c9b70876ba0858053c04477534ef55a1706bf4c1112bbb242f0a2.sdkstatcache
cd /Users/admin/builder/spi-builder-workspace/.swiftpm/xcode
/Applications/Xcode-27.0.0-Release.Candidate.app/Contents/Developer/Toolchains/XcodeDefault.xctoolchain/usr/bin/clang-stat-cache /Applications/Xcode-27.0.0-Release.Candidate.app/Contents/Developer/Platforms/WatchOS.platform/Developer/SDKs/WatchOS27.0.sdk -o /Users/admin/builder/spi-builder-workspace/.derivedData/SDKStatCaches.noindex/watchos27.0-24R360-e829b21a6f8c9b70876ba0858053c04477534ef55a1706bf4c1112bbb242f0a2.sdkstatcache
SwiftDriver SGLMath normal arm64 com.apple.xcode.tools.swift.compiler (in target 'SGLMath' from project 'SGLMath')
cd /Users/admin/builder/spi-builder-workspace/.swiftpm/xcode
builtin-SwiftDriver -- /Applications/Xcode-27.0.0-Release.Candidate.app/Contents/Developer/Toolchains/XcodeDefault.xctoolchain/usr/bin/swiftc -parse-as-library -module-name SGLMath -Onone @/Users/admin/builder/spi-builder-workspace/.derivedData/Build/Intermediates.noindex/SGLMath.build/Debug-watchos/SGLMath-t.build/Objects-normal/arm64/SGLMath.SwiftFileList -DSWIFT_PACKAGE -DDEBUG -DSWIFT_MODULE_RESOURCE_BUNDLE_UNAVAILABLE -DXcode -plugin-path /Applications/Xcode-27.0.0-Release.Candidate.app/Contents/Developer/Toolchains/XcodeDefault.xctoolchain/usr/lib/swift/host/plugins/testing -enable-experimental-feature DebugDescriptionMacro -sdk /Applications/Xcode-27.0.0-Release.Candidate.app/Contents/Developer/Platforms/WatchOS.platform/Developer/SDKs/WatchOS27.0.sdk -target arm64-apple-watchos9.0 -g -module-cache-path /Users/admin/builder/spi-builder-workspace/.derivedData/ModuleCache.noindex -Xfrontend -serialize-debugging-options -profile-coverage-mapping -profile-generate -enable-testing -index-store-path /Users/admin/builder/spi-builder-workspace/.derivedData/Index.noindex/DataStore -Xcc -D_LIBCPP_HARDENING_MODE\=_LIBCPP_HARDENING_MODE_DEBUG -swift-version 4 -I /Users/admin/builder/spi-builder-workspace/.derivedData/Build/Products/Debug-watchos -Isystem /Applications/Xcode-27.0.0-Release.Candidate.app/Contents/Developer/Platforms/WatchOS.platform/Developer/usr/lib -F /Users/admin/builder/spi-builder-workspace/.derivedData/Build/Products/Debug-watchos -F /Applications/Xcode-27.0.0-Release.Candidate.app/Contents/Developer/Platforms/WatchOS.platform/Developer/Library/Frameworks -F /Applications/Xcode-27.0.0-Release.Candidate.app/Contents/Developer/Platforms/WatchOS.platform/Developer/SDKs/WatchOS27.0.sdk/Developer/Library/Frameworks -c -j10 -enable-batch-mode -incremental -Xcc -ivfsstatcache -Xcc /Users/admin/builder/spi-builder-workspace/.derivedData/SDKStatCaches.noindex/watchos27.0-24R360-e829b21a6f8c9b70876ba0858053c04477534ef55a1706bf4c1112bbb242f0a2.sdkstatcache -output-file-map /Users/admin/builder/spi-builder-workspace/.derivedData/Build/Intermediates.noindex/SGLMath.build/Debug-watchos/SGLMath-t.build/Objects-normal/arm64/SGLMath-OutputFileMap.json -save-temps -no-color-diagnostics -emit-dependencies -emit-module -emit-module-path /Users/admin/builder/spi-builder-workspace/.derivedData/Build/Intermediates.noindex/SGLMath.build/Debug-watchos/SGLMath-t.build/Objects-normal/arm64/SGLMath.swiftmodule -serialize-diagnostics -validate-clang-modules-once -clang-build-session-file /Users/admin/builder/spi-builder-workspace/.derivedData/ModuleCache.noindex/Session.modulevalidation -Xcc -fmodules-prune-interval\=86400 -Xcc -fmodules-prune-after\=345600 -emit-const-values -const-gather-protocols-list /Users/admin/builder/spi-builder-workspace/.derivedData/Build/Intermediates.noindex/SGLMath.build/Debug-watchos/SGLMath-t.build/Objects-normal/arm64/SGLMath_const_extract_protocols.json -Xcc -I/Users/admin/builder/spi-builder-workspace/.derivedData/Build/Products/Debug-watchos/include -Xcc -I/Users/admin/builder/spi-builder-workspace/.derivedData/Build/Intermediates.noindex/SGLMath.build/Debug-watchos/SGLMath-t.build/DerivedSources-normal/arm64 -Xcc -I/Users/admin/builder/spi-builder-workspace/.derivedData/Build/Intermediates.noindex/SGLMath.build/Debug-watchos/SGLMath-t.build/DerivedSources/arm64 -Xcc -I/Users/admin/builder/spi-builder-workspace/.derivedData/Build/Intermediates.noindex/SGLMath.build/Debug-watchos/SGLMath-t.build/DerivedSources -Xcc -DSWIFT_PACKAGE -Xcc -DDEBUG\=1 -emit-objc-header -emit-objc-header-path /Users/admin/builder/spi-builder-workspace/.derivedData/Build/Intermediates.noindex/SGLMath.build/Debug-watchos/SGLMath-t.build/Objects-normal/arm64/SGLMath-Swift.h -working-directory /Users/admin/builder/spi-builder-workspace/.swiftpm/xcode -experimental-emit-module-separately -disable-cmo
Ld /Users/admin/builder/spi-builder-workspace/.derivedData/Build/Intermediates.noindex/SGLMath.build/Debug-watchos/swizgen-p.build/Objects-normal/arm64_32/Binary/swizgen normal arm64_32 (in target 'swizgen-product' from project 'SGLMath')
cd /Users/admin/builder/spi-builder-workspace
/Applications/Xcode-27.0.0-Release.Candidate.app/Contents/Developer/Toolchains/XcodeDefault.xctoolchain/usr/bin/swiftc -Xlinker -reproducible -target arm64_32-apple-watchos9.0 -emit-executable -sdk /Applications/Xcode-27.0.0-Release.Candidate.app/Contents/Developer/Platforms/WatchOS.platform/Developer/SDKs/WatchOS27.0.sdk -Xlinker -no_warn_duplicate_libraries -L/Users/admin/builder/spi-builder-workspace/.derivedData/Build/Intermediates.noindex/EagerLinkingTBDs/Debug-watchos -L/Users/admin/builder/spi-builder-workspace/.derivedData/Build/Products/Debug-watchos -L/Applications/Xcode-27.0.0-Release.Candidate.app/Contents/Developer/Platforms/WatchOS.platform/Developer/usr/lib -F/Users/admin/builder/spi-builder-workspace/.derivedData/Build/Intermediates.noindex/EagerLinkingTBDs/Debug-watchos -F/Users/admin/builder/spi-builder-workspace/.derivedData/Build/Products/Debug-watchos -Fsystem /Applications/Xcode-27.0.0-Release.Candidate.app/Contents/Developer/Platforms/WatchOS.platform/Developer/Library/Frameworks -Fsystem /Applications/Xcode-27.0.0-Release.Candidate.app/Contents/Developer/Platforms/WatchOS.platform/Developer/SDKs/WatchOS27.0.sdk/Developer/Library/Frameworks @/Users/admin/builder/spi-builder-workspace/.derivedData/Build/Intermediates.noindex/SGLMath.build/Debug-watchos/swizgen-p.build/Objects-normal/arm64_32/swizgen.LinkFileList -Xlinker -rpath -Xlinker /usr/lib/swift -Xlinker -rpath -Xlinker @executable_path/../lib -Xlinker -dead_strip -Xlinker -object_path_lto -Xlinker /Users/admin/builder/spi-builder-workspace/.derivedData/Build/Intermediates.noindex/SGLMath.build/Debug-watchos/swizgen-p.build/Objects-normal/arm64_32/swizgen_lto.o -Xclang-linker -rdynamic -Xlinker -no_deduplicate -Xlinker -debug_variant -Xlinker -dependency_info -Xlinker /Users/admin/builder/spi-builder-workspace/.derivedData/Build/Intermediates.noindex/SGLMath.build/Debug-watchos/swizgen-p.build/Objects-normal/arm64_32/swizgen_dependency_info.dat -link-objc-runtime -profile-generate -L/Applications/Xcode-27.0.0-Release.Candidate.app/Contents/Developer/Toolchains/XcodeDefault.xctoolchain/usr/lib/swift/watchos -L/usr/lib/swift -Xlinker -add_ast_path -Xlinker /Users/admin/builder/spi-builder-workspace/.derivedData/Build/Intermediates.noindex/SGLMath.build/Debug-watchos/swizgen-p.build/Objects-normal/arm64_32/Tools.swiftmodule -o /Users/admin/builder/spi-builder-workspace/.derivedData/Build/Intermediates.noindex/SGLMath.build/Debug-watchos/swizgen-p.build/Objects-normal/arm64_32/Binary/swizgen -no-stdlib-rpath
SwiftDriver SGLMath normal arm64_32 com.apple.xcode.tools.swift.compiler (in target 'SGLMath' from project 'SGLMath')
cd /Users/admin/builder/spi-builder-workspace/.swiftpm/xcode
builtin-SwiftDriver -- /Applications/Xcode-27.0.0-Release.Candidate.app/Contents/Developer/Toolchains/XcodeDefault.xctoolchain/usr/bin/swiftc -parse-as-library -module-name SGLMath -Onone @/Users/admin/builder/spi-builder-workspace/.derivedData/Build/Intermediates.noindex/SGLMath.build/Debug-watchos/SGLMath-t.build/Objects-normal/arm64_32/SGLMath.SwiftFileList -DSWIFT_PACKAGE -DDEBUG -DSWIFT_MODULE_RESOURCE_BUNDLE_UNAVAILABLE -DXcode -plugin-path /Applications/Xcode-27.0.0-Release.Candidate.app/Contents/Developer/Toolchains/XcodeDefault.xctoolchain/usr/lib/swift/host/plugins/testing -enable-experimental-feature DebugDescriptionMacro -sdk /Applications/Xcode-27.0.0-Release.Candidate.app/Contents/Developer/Platforms/WatchOS.platform/Developer/SDKs/WatchOS27.0.sdk -target arm64_32-apple-watchos9.0 -g -module-cache-path /Users/admin/builder/spi-builder-workspace/.derivedData/ModuleCache.noindex -Xfrontend -serialize-debugging-options -profile-coverage-mapping -profile-generate -enable-testing -index-store-path /Users/admin/builder/spi-builder-workspace/.derivedData/Index.noindex/DataStore -Xcc -D_LIBCPP_HARDENING_MODE\=_LIBCPP_HARDENING_MODE_DEBUG -swift-version 4 -I /Users/admin/builder/spi-builder-workspace/.derivedData/Build/Products/Debug-watchos -Isystem /Applications/Xcode-27.0.0-Release.Candidate.app/Contents/Developer/Platforms/WatchOS.platform/Developer/usr/lib -F /Users/admin/builder/spi-builder-workspace/.derivedData/Build/Products/Debug-watchos -F /Applications/Xcode-27.0.0-Release.Candidate.app/Contents/Developer/Platforms/WatchOS.platform/Developer/Library/Frameworks -F /Applications/Xcode-27.0.0-Release.Candidate.app/Contents/Developer/Platforms/WatchOS.platform/Developer/SDKs/WatchOS27.0.sdk/Developer/Library/Frameworks -c -j10 -enable-batch-mode -incremental -Xcc -ivfsstatcache -Xcc /Users/admin/builder/spi-builder-workspace/.derivedData/SDKStatCaches.noindex/watchos27.0-24R360-e829b21a6f8c9b70876ba0858053c04477534ef55a1706bf4c1112bbb242f0a2.sdkstatcache -output-file-map /Users/admin/builder/spi-builder-workspace/.derivedData/Build/Intermediates.noindex/SGLMath.build/Debug-watchos/SGLMath-t.build/Objects-normal/arm64_32/SGLMath-OutputFileMap.json -save-temps -no-color-diagnostics -emit-dependencies -emit-module -emit-module-path /Users/admin/builder/spi-builder-workspace/.derivedData/Build/Intermediates.noindex/SGLMath.build/Debug-watchos/SGLMath-t.build/Objects-normal/arm64_32/SGLMath.swiftmodule -serialize-diagnostics -validate-clang-modules-once -clang-build-session-file /Users/admin/builder/spi-builder-workspace/.derivedData/ModuleCache.noindex/Session.modulevalidation -Xcc -fmodules-prune-interval\=86400 -Xcc -fmodules-prune-after\=345600 -emit-const-values -const-gather-protocols-list /Users/admin/builder/spi-builder-workspace/.derivedData/Build/Intermediates.noindex/SGLMath.build/Debug-watchos/SGLMath-t.build/Objects-normal/arm64_32/SGLMath_const_extract_protocols.json -Xcc -I/Users/admin/builder/spi-builder-workspace/.derivedData/Build/Products/Debug-watchos/include -Xcc -I/Users/admin/builder/spi-builder-workspace/.derivedData/Build/Intermediates.noindex/SGLMath.build/Debug-watchos/SGLMath-t.build/DerivedSources-normal/arm64_32 -Xcc -I/Users/admin/builder/spi-builder-workspace/.derivedData/Build/Intermediates.noindex/SGLMath.build/Debug-watchos/SGLMath-t.build/DerivedSources/arm64_32 -Xcc -I/Users/admin/builder/spi-builder-workspace/.derivedData/Build/Intermediates.noindex/SGLMath.build/Debug-watchos/SGLMath-t.build/DerivedSources -Xcc -DSWIFT_PACKAGE -Xcc -DDEBUG\=1 -emit-objc-header -emit-objc-header-path /Users/admin/builder/spi-builder-workspace/.derivedData/Build/Intermediates.noindex/SGLMath.build/Debug-watchos/SGLMath-t.build/Objects-normal/arm64_32/SGLMath-Swift.h -working-directory /Users/admin/builder/spi-builder-workspace/.swiftpm/xcode -experimental-emit-module-separately -disable-cmo
Ld /Users/admin/builder/spi-builder-workspace/.derivedData/Build/Intermediates.noindex/SGLMath.build/Debug-watchos/swizgen-p.build/Objects-normal/arm64/Binary/swizgen normal arm64 (in target 'swizgen-product' from project 'SGLMath')
cd /Users/admin/builder/spi-builder-workspace
/Applications/Xcode-27.0.0-Release.Candidate.app/Contents/Developer/Toolchains/XcodeDefault.xctoolchain/usr/bin/swiftc -Xlinker -reproducible -target arm64-apple-watchos9.0 -emit-executable -sdk /Applications/Xcode-27.0.0-Release.Candidate.app/Contents/Developer/Platforms/WatchOS.platform/Developer/SDKs/WatchOS27.0.sdk -Xlinker -no_warn_duplicate_libraries -L/Users/admin/builder/spi-builder-workspace/.derivedData/Build/Intermediates.noindex/EagerLinkingTBDs/Debug-watchos -L/Users/admin/builder/spi-builder-workspace/.derivedData/Build/Products/Debug-watchos -L/Applications/Xcode-27.0.0-Release.Candidate.app/Contents/Developer/Platforms/WatchOS.platform/Developer/usr/lib -F/Users/admin/builder/spi-builder-workspace/.derivedData/Build/Intermediates.noindex/EagerLinkingTBDs/Debug-watchos -F/Users/admin/builder/spi-builder-workspace/.derivedData/Build/Products/Debug-watchos -Fsystem /Applications/Xcode-27.0.0-Release.Candidate.app/Contents/Developer/Platforms/WatchOS.platform/Developer/Library/Frameworks -Fsystem /Applications/Xcode-27.0.0-Release.Candidate.app/Contents/Developer/Platforms/WatchOS.platform/Developer/SDKs/WatchOS27.0.sdk/Developer/Library/Frameworks @/Users/admin/builder/spi-builder-workspace/.derivedData/Build/Intermediates.noindex/SGLMath.build/Debug-watchos/swizgen-p.build/Objects-normal/arm64/swizgen.LinkFileList -Xlinker -rpath -Xlinker /usr/lib/swift -Xlinker -rpath -Xlinker @executable_path/../lib -Xlinker -dead_strip -Xlinker -object_path_lto -Xlinker /Users/admin/builder/spi-builder-workspace/.derivedData/Build/Intermediates.noindex/SGLMath.build/Debug-watchos/swizgen-p.build/Objects-normal/arm64/swizgen_lto.o -Xclang-linker -rdynamic -Xlinker -no_deduplicate -Xlinker -debug_variant -Xlinker -dependency_info -Xlinker /Users/admin/builder/spi-builder-workspace/.derivedData/Build/Intermediates.noindex/SGLMath.build/Debug-watchos/swizgen-p.build/Objects-normal/arm64/swizgen_dependency_info.dat -link-objc-runtime -profile-generate -L/Applications/Xcode-27.0.0-Release.Candidate.app/Contents/Developer/Toolchains/XcodeDefault.xctoolchain/usr/lib/swift/watchos -L/usr/lib/swift -Xlinker -add_ast_path -Xlinker /Users/admin/builder/spi-builder-workspace/.derivedData/Build/Intermediates.noindex/SGLMath.build/Debug-watchos/swizgen-p.build/Objects-normal/arm64/Tools.swiftmodule -o /Users/admin/builder/spi-builder-workspace/.derivedData/Build/Intermediates.noindex/SGLMath.build/Debug-watchos/swizgen-p.build/Objects-normal/arm64/Binary/swizgen -no-stdlib-rpath
SwiftCompile normal arm64_32 Compiling\ Matrix2x2.swift /Users/admin/builder/spi-builder-workspace/Sources/SGLMath/Matrix2x2.swift (in target 'SGLMath' from project 'SGLMath')
SwiftCompile normal arm64_32 /Users/admin/builder/spi-builder-workspace/Sources/SGLMath/Matrix2x2.swift (in target 'SGLMath' from project 'SGLMath')
cd /Users/admin/builder/spi-builder-workspace/.swiftpm/xcode
builtin-SwiftPerFileCompile Matrix2x2.swift
SwiftCompile normal arm64_32 Compiling\ Internal.swift /Users/admin/builder/spi-builder-workspace/Sources/SGLMath/Internal.swift (in target 'SGLMath' from project 'SGLMath')
/Users/admin/builder/spi-builder-workspace/Sources/SGLMath/Internal.swift:46:26: error: integer literal '14181476777654086739' overflows when stored into 'UInt'
44 | k = k &* 0xff51afd7ed558ccd
45 | k ^= k >> 33
46 | k = k &* 0xc4ceb9fe1a85ec53
| `- error: integer literal '14181476777654086739' overflows when stored into 'UInt'
47 | k ^= k >> 33
48 | return k
/Users/admin/builder/spi-builder-workspace/Sources/SGLMath/Internal.swift:44:26: error: integer literal '18397679294719823053' overflows when stored into 'UInt'
42 | var k = kk
43 | k ^= k >> 33
44 | k = k &* 0xff51afd7ed558ccd
| `- error: integer literal '18397679294719823053' overflows when stored into 'UInt'
45 | k ^= k >> 33
46 | k = k &* 0xc4ceb9fe1a85ec53
/Users/admin/builder/spi-builder-workspace/Sources/SGLMath/Internal.swift:51:28: error: integer literal '5545529020109919103' overflows when stored into 'UInt'
49 | }
50 | let c1: UInt = 0x87c37b91114253d5
51 | let c2: UInt = 0x4cf5ad432745937f
| `- error: integer literal '5545529020109919103' overflows when stored into 'UInt'
52 | var h1: UInt = c1 ^ UInt(nums.count)
53 | var h2: UInt = c2 ^ UInt(nums.count)
/Users/admin/builder/spi-builder-workspace/Sources/SGLMath/Internal.swift:50:28: error: integer literal '9782798678568883157' overflows when stored into 'UInt'
48 | return k
49 | }
50 | let c1: UInt = 0x87c37b91114253d5
| `- error: integer literal '9782798678568883157' overflows when stored into 'UInt'
51 | let c2: UInt = 0x4cf5ad432745937f
52 | var h1: UInt = c1 ^ UInt(nums.count)
Failed frontend command:
/Applications/Xcode-27.0.0-Release.Candidate.app/Contents/Developer/Toolchains/XcodeDefault.xctoolchain/usr/bin/swift-frontend -frontend -c /Users/admin/builder/spi-builder-workspace/Sources/SGLMath/Complex.swift -primary-file /Users/admin/builder/spi-builder-workspace/Sources/SGLMath/Internal.swift /Users/admin/builder/spi-builder-workspace/Sources/SGLMath/Matrix2x2.swift /Users/admin/builder/spi-builder-workspace/Sources/SGLMath/Matrix2x3.swift /Users/admin/builder/spi-builder-workspace/Sources/SGLMath/Matrix2x4.swift /Users/admin/builder/spi-builder-workspace/Sources/SGLMath/Matrix3x2.swift /Users/admin/builder/spi-builder-workspace/Sources/SGLMath/Matrix3x3.swift /Users/admin/builder/spi-builder-workspace/Sources/SGLMath/Matrix3x4.swift /Users/admin/builder/spi-builder-workspace/Sources/SGLMath/Matrix4x2.swift /Users/admin/builder/spi-builder-workspace/Sources/SGLMath/Matrix4x3.swift /Users/admin/builder/spi-builder-workspace/Sources/SGLMath/Matrix4x4.swift /Users/admin/builder/spi-builder-workspace/Sources/SGLMath/Operators.swift /Users/admin/builder/spi-builder-workspace/Sources/SGLMath/Protocols.swift /Users/admin/builder/spi-builder-workspace/Sources/SGLMath/Quaternion.swift /Users/admin/builder/spi-builder-workspace/Sources/SGLMath/Swizzle.swift /Users/admin/builder/spi-builder-workspace/Sources/SGLMath/Vector2.swift /Users/admin/builder/spi-builder-workspace/Sources/SGLMath/Vector2b.swift /Users/admin/builder/spi-builder-workspace/Sources/SGLMath/Vector3.swift /Users/admin/builder/spi-builder-workspace/Sources/SGLMath/Vector3b.swift /Users/admin/builder/spi-builder-workspace/Sources/SGLMath/Vector4.swift /Users/admin/builder/spi-builder-workspace/Sources/SGLMath/Vector4b.swift /Users/admin/builder/spi-builder-workspace/Sources/SGLMath/glm.swift /Users/admin/builder/spi-builder-workspace/Sources/SGLMath/glsl.swift -emit-dependencies-path /Users/admin/builder/spi-builder-workspace/.derivedData/Build/Intermediates.noindex/SGLMath.build/Debug-watchos/SGLMath-t.build/Objects-normal/arm64_32/Internal.d -emit-const-values-path /Users/admin/builder/spi-builder-workspace/.derivedData/Build/Intermediates.noindex/SGLMath.build/Debug-watchos/SGLMath-t.build/Objects-normal/arm64_32/Internal.swiftconstvalues -emit-reference-dependencies-path /Users/admin/builder/spi-builder-workspace/.derivedData/Build/Intermediates.noindex/SGLMath.build/Debug-watchos/SGLMath-t.build/Objects-normal/arm64_32/Internal.swiftdeps -serialize-diagnostics-path /Users/admin/builder/spi-builder-workspace/.derivedData/Build/Intermediates.noindex/SGLMath.build/Debug-watchos/SGLMath-t.build/Objects-normal/arm64_32/Internal.dia -target arm64_32-apple-watchos9.0 -enable-objc-interop -sdk /Applications/Xcode-27.0.0-Release.Candidate.app/Contents/Developer/Platforms/WatchOS.platform/Developer/SDKs/WatchOS27.0.sdk -I /Users/admin/builder/spi-builder-workspace/.derivedData/Build/Products/Debug-watchos -Isystem /Applications/Xcode-27.0.0-Release.Candidate.app/Contents/Developer/Platforms/WatchOS.platform/Developer/usr/lib -F /Users/admin/builder/spi-builder-workspace/.derivedData/Build/Products/Debug-watchos -F /Applications/Xcode-27.0.0-Release.Candidate.app/Contents/Developer/Platforms/WatchOS.platform/Developer/Library/Frameworks -F /Applications/Xcode-27.0.0-Release.Candidate.app/Contents/Developer/Platforms/WatchOS.platform/Developer/SDKs/WatchOS27.0.sdk/Developer/Library/Frameworks -module-cache-path /Users/admin/builder/spi-builder-workspace/.derivedData/ModuleCache.noindex -no-color-diagnostics -Xcc -fno-color-diagnostics -enable-testing -g -debug-info-format\=dwarf -dwarf-version\=4 -profile-generate -profile-coverage-mapping -swift-version 4 -Onone -D SWIFT_PACKAGE -D DEBUG -D SWIFT_MODULE_RESOURCE_BUNDLE_UNAVAILABLE -D Xcode -serialize-debugging-options -enable-experimental-feature DebugDescriptionMacro -empty-abi-descriptor -plugin-path /Applications/Xcode-27.0.0-Release.Candidate.app/Contents/Developer/Toolchains/XcodeDefault.xctoolchain/usr/lib/swift/host/plugins/testing -validate-clang-modules-once -clang-build-session-file /Users/admin/builder/spi-builder-workspace/.derivedData/ModuleCache.noindex/Session.modulevalidation -Xcc -working-directory -Xcc /Users/admin/builder/spi-builder-workspace/.swiftpm/xcode -enable-anonymous-context-mangled-names -file-compilation-dir /Users/admin/builder/spi-builder-workspace/.swiftpm/xcode -Xcc -D_LIBCPP_HARDENING_MODE\=_LIBCPP_HARDENING_MODE_DEBUG -Xcc -ivfsstatcache -Xcc /Users/admin/builder/spi-builder-workspace/.derivedData/SDKStatCaches.noindex/watchos27.0-24R360-e829b21a6f8c9b70876ba0858053c04477534ef55a1706bf4c1112bbb242f0a2.sdkstatcache -Xcc -fmodules-prune-interval\=86400 -Xcc -fmodules-prune-after\=345600 -Xcc -I/Users/admin/builder/spi-builder-workspace/.derivedData/Build/Products/Debug-watchos/include -Xcc -I/Users/admin/builder/spi-builder-workspace/.derivedData/Build/Intermediates.noindex/SGLMath.build/Debug-watchos/SGLMath-t.build/DerivedSources-normal/arm64_32 -Xcc -I/Users/admin/builder/spi-builder-workspace/.derivedData/Build/Intermediates.noindex/SGLMath.build/Debug-watchos/SGLMath-t.build/DerivedSources/arm64_32 -Xcc -I/Users/admin/builder/spi-builder-workspace/.derivedData/Build/Intermediates.noindex/SGLMath.build/Debug-watchos/SGLMath-t.build/DerivedSources -Xcc -DSWIFT_PACKAGE -Xcc -DDEBUG\=1 -no-auto-bridging-header-chaining -module-name SGLMath -const-gather-protocols-file /Users/admin/builder/spi-builder-workspace/.derivedData/Build/Intermediates.noindex/SGLMath.build/Debug-watchos/SGLMath-t.build/Objects-normal/arm64_32/SGLMath_const_extract_protocols.json -disable-clang-spi -target-sdk-version 27.0 -target-sdk-name watchos27.0 -external-plugin-path /Applications/Xcode-27.0.0-Release.Candidate.app/Contents/Developer/Platforms/WatchOS.platform/Developer/usr/lib/swift/host/plugins\#/Applications/Xcode-27.0.0-Release.Candidate.app/Contents/Developer/Platforms/WatchOS.platform/Developer/usr/bin/swift-plugin-server -external-plugin-path /Applications/Xcode-27.0.0-Release.Candidate.app/Contents/Developer/Platforms/WatchOS.platform/Developer/usr/local/lib/swift/host/plugins\#/Applications/Xcode-27.0.0-Release.Candidate.app/Contents/Developer/Platforms/WatchOS.platform/Developer/usr/bin/swift-plugin-server -in-process-plugin-server-path /Applications/Xcode-27.0.0-Release.Candidate.app/Contents/Developer/Toolchains/XcodeDefault.xctoolchain/usr/lib/swift/host/libSwiftInProcPluginServer.dylib -plugin-path /Applications/Xcode-27.0.0-Release.Candidate.app/Contents/Developer/Toolchains/XcodeDefault.xctoolchain/usr/lib/swift/host/plugins -plugin-path /Applications/Xcode-27.0.0-Release.Candidate.app/Contents/Developer/Toolchains/XcodeDefault.xctoolchain/usr/local/lib/swift/host/plugins -parse-as-library -o /Users/admin/builder/spi-builder-workspace/.derivedData/Build/Intermediates.noindex/SGLMath.build/Debug-watchos/SGLMath-t.build/Objects-normal/arm64_32/Internal.o -index-unit-output-path /SGLMath.build/Debug-watchos/SGLMath-t.build/Objects-normal/arm64_32/Internal.o -index-store-path /Users/admin/builder/spi-builder-workspace/.derivedData/Index.noindex/DataStore -index-system-modules
SwiftCompile normal arm64_32 /Users/admin/builder/spi-builder-workspace/Sources/SGLMath/Internal.swift (in target 'SGLMath' from project 'SGLMath')
cd /Users/admin/builder/spi-builder-workspace/.swiftpm/xcode
builtin-SwiftPerFileCompile Internal.swift
SwiftCompile normal arm64_32 Compiling\ Matrix3x4.swift /Users/admin/builder/spi-builder-workspace/Sources/SGLMath/Matrix3x4.swift (in target 'SGLMath' from project 'SGLMath')
SwiftCompile normal arm64_32 /Users/admin/builder/spi-builder-workspace/Sources/SGLMath/Matrix3x4.swift (in target 'SGLMath' from project 'SGLMath')
cd /Users/admin/builder/spi-builder-workspace/.swiftpm/xcode
builtin-SwiftPerFileCompile Matrix3x4.swift
SwiftCompile normal arm64_32 Compiling\ Complex.swift /Users/admin/builder/spi-builder-workspace/Sources/SGLMath/Complex.swift (in target 'SGLMath' from project 'SGLMath')
SwiftCompile normal arm64_32 /Users/admin/builder/spi-builder-workspace/Sources/SGLMath/Complex.swift (in target 'SGLMath' from project 'SGLMath')
cd /Users/admin/builder/spi-builder-workspace/.swiftpm/xcode
builtin-SwiftPerFileCompile Complex.swift
SwiftCompile normal arm64_32 Compiling\ Matrix4x3.swift /Users/admin/builder/spi-builder-workspace/Sources/SGLMath/Matrix4x3.swift (in target 'SGLMath' from project 'SGLMath')
SwiftCompile normal arm64_32 /Users/admin/builder/spi-builder-workspace/Sources/SGLMath/Matrix4x3.swift (in target 'SGLMath' from project 'SGLMath')
cd /Users/admin/builder/spi-builder-workspace/.swiftpm/xcode
builtin-SwiftPerFileCompile Matrix4x3.swift
SwiftCompile normal arm64_32 Compiling\ Matrix3x3.swift /Users/admin/builder/spi-builder-workspace/Sources/SGLMath/Matrix3x3.swift (in target 'SGLMath' from project 'SGLMath')
SwiftCompile normal arm64_32 /Users/admin/builder/spi-builder-workspace/Sources/SGLMath/Matrix3x3.swift (in target 'SGLMath' from project 'SGLMath')
cd /Users/admin/builder/spi-builder-workspace/.swiftpm/xcode
builtin-SwiftPerFileCompile Matrix3x3.swift
SwiftEmitModule normal arm64_32 Emitting\ module\ for\ SGLMath (in target 'SGLMath' from project 'SGLMath')
/Users/admin/builder/spi-builder-workspace/Sources/SGLMath/Vector2.swift:196:17: warning: generic parameter 'T' shadows generic parameter from outer scope with the same name; this is an error in the Swift 6 language mode
20 | // MATERIALS OR THE USE OR OTHER DEALINGS IN THE MATERIALS.
21 |
22 | public struct Vector2<T: ArithmeticType>: VectorType {
| `- note: 'T' previously declared here
23 | public typealias Element = T
24 | public typealias FloatVector = Vector2<Float>
:
194 | }
195 |
196 | public init<T: VectorType>(_ v: T, _ op:(_:T.Element) -> Element) where T.BooleanVector == BooleanVector {
| `- warning: generic parameter 'T' shadows generic parameter from outer scope with the same name; this is an error in the Swift 6 language mode
197 | self.x = op(v[0])
198 | self.y = op(v[1])
SwiftCompile normal arm64_32 (in target 'SGLMath' from project 'SGLMath')
cd /Users/admin/builder/spi-builder-workspace/.swiftpm/xcode
SwiftCompile normal arm64_32 Compiling\ Matrix4x4.swift /Users/admin/builder/spi-builder-workspace/Sources/SGLMath/Matrix4x4.swift (in target 'SGLMath' from project 'SGLMath')
SwiftCompile normal arm64_32 /Users/admin/builder/spi-builder-workspace/Sources/SGLMath/Matrix4x4.swift (in target 'SGLMath' from project 'SGLMath')
cd /Users/admin/builder/spi-builder-workspace/.swiftpm/xcode
builtin-SwiftPerFileCompile Matrix4x4.swift
SwiftEmitModule normal arm64 Emitting\ module\ for\ SGLMath (in target 'SGLMath' from project 'SGLMath')
SwiftCompile normal arm64 (in target 'SGLMath' from project 'SGLMath')
cd /Users/admin/builder/spi-builder-workspace/.swiftpm/xcode
SwiftCompile normal arm64 Compiling\ Swizzle.swift /Users/admin/builder/spi-builder-workspace/Sources/SGLMath/Swizzle.swift (in target 'SGLMath' from project 'SGLMath')
SwiftCompile normal arm64 /Users/admin/builder/spi-builder-workspace/Sources/SGLMath/Swizzle.swift (in target 'SGLMath' from project 'SGLMath')
cd /Users/admin/builder/spi-builder-workspace/.swiftpm/xcode
builtin-SwiftPerFileCompile Swizzle.swift
CreateUniversalBinary /Users/admin/builder/spi-builder-workspace/.derivedData/Build/Products/Debug-watchos/swizgen normal arm64\ arm64_32 (in target 'swizgen-product' from project 'SGLMath')
cd /Users/admin/builder/spi-builder-workspace
/Applications/Xcode-27.0.0-Release.Candidate.app/Contents/Developer/Toolchains/XcodeDefault.xctoolchain/usr/bin/lipo -create /Users/admin/builder/spi-builder-workspace/.derivedData/Build/Intermediates.noindex/SGLMath.build/Debug-watchos/swizgen-p.build/Objects-normal/arm64/Binary/swizgen /Users/admin/builder/spi-builder-workspace/.derivedData/Build/Intermediates.noindex/SGLMath.build/Debug-watchos/swizgen-p.build/Objects-normal/arm64_32/Binary/swizgen -output /Users/admin/builder/spi-builder-workspace/.derivedData/Build/Products/Debug-watchos/swizgen
SwiftDriverJobDiscovery normal arm64_32 Compiling Complex.swift (in target 'SGLMath' from project 'SGLMath')
SwiftCompile normal arm64 Compiling\ Quaternion.swift /Users/admin/builder/spi-builder-workspace/Sources/SGLMath/Quaternion.swift (in target 'SGLMath' from project 'SGLMath')
SwiftCompile normal arm64 /Users/admin/builder/spi-builder-workspace/Sources/SGLMath/Quaternion.swift (in target 'SGLMath' from project 'SGLMath')
cd /Users/admin/builder/spi-builder-workspace/.swiftpm/xcode
builtin-SwiftPerFileCompile Quaternion.swift
PruneExplicitPrecompiledModules /Users/admin/builder/spi-builder-workspace/.derivedData/Build/Intermediates.noindex/ExplicitPrecompiledModules
PruneExplicitPrecompiledModules /Users/admin/builder/spi-builder-workspace/.derivedData/Build/Intermediates.noindex/SwiftExplicitPrecompiledModules
PruneExplicitPrecompiledModules /Users/admin/builder/spi-builder-workspace/.derivedData/SDKExplicitPrecompiledModules
2026-09-15 16:04:09.049 xcodebuild[742:4638] [MT] IDERunDestination: Supported platforms for the buildables in the current scheme is empty.
** BUILD FAILED **
The following build commands failed:
SwiftCompile normal arm64_32 Compiling\ Internal.swift /Users/admin/builder/spi-builder-workspace/Sources/SGLMath/Internal.swift (in target 'SGLMath' from project 'SGLMath')
SwiftCompile normal arm64_32 /Users/admin/builder/spi-builder-workspace/Sources/SGLMath/Internal.swift (in target 'SGLMath' from project 'SGLMath')
Building workspace SGLMath with scheme SGLMath-Package
(3 failures)
BUILD FAILURE 6.4 watchOS