Build Information
Failed to build ProgressIndicatorView, reference main (460c89), with Swift 6.1 for Wasm on 17 Jul 2026 06:28:27 UTC.
Build Command
bash -c docker run --pull=always --rm -v "checkouts-54344844-0":/host -w "$PWD" -e JAVA_HOME="/root/.sdkman/candidates/java/current" -e SPI_BUILD="1" -e SPI_PROCESSING="1" registry.gitlab.com/saguaro1/spi-images:wasm-6.1-latest swift build --swift-sdk wasm32-unknown-wasi 2>&1Build Log
========================================
RunAll
========================================
Builder version: 333316120c8b89ed7d21f1b34865290794301d91
Interrupt handler set up.
========================================
Checkout
========================================
Clone URL: https://github.com/exyte/ProgressIndicatorView.git
Reference: main
Initialized empty Git repository in /host/spi-builder-workspace/.git/
hint: Using 'master' as the name for the initial branch. This default branch name
hint: is subject to change. To configure the initial branch name to use in all
hint: of your new repositories, which will suppress this warning, call:
hint:
hint: git config --global init.defaultBranch <name>
hint:
hint: Names commonly chosen instead of 'master' are 'main', 'trunk' and
hint: 'development'. The just-created branch can be renamed via this command:
hint:
hint: git branch -m <name>
From https://github.com/exyte/ProgressIndicatorView
* branch main -> FETCH_HEAD
* [new branch] main -> origin/main
HEAD is now at 460c893 Update README.md
Cloned https://github.com/exyte/ProgressIndicatorView.git
Revision (git rev-parse @):
460c893d66df9301e63b3955a1ec5c9a52942623
SUCCESS checkout https://github.com/exyte/ProgressIndicatorView.git at main
========================================
Build
========================================
Selected platform: wasm
Swift version: 6.1
Building package at path: $PWD
https://github.com/exyte/ProgressIndicatorView.git
https://github.com/exyte/ProgressIndicatorView.git
WARNING: environment variable SUPPRESS_SWIFT_6_FLAGS is not set
Running build ...
bash -c docker run --pull=always --rm -v "checkouts-54344844-0":/host -w "$PWD" -e JAVA_HOME="/root/.sdkman/candidates/java/current" -e SPI_BUILD="1" -e SPI_PROCESSING="1" registry.gitlab.com/saguaro1/spi-images:wasm-6.1-latest swift build --swift-sdk wasm32-unknown-wasi -Xswiftc -Xfrontend -Xswiftc -stats-output-dir -Xswiftc -Xfrontend -Xswiftc .stats -Xswiftc -strict-concurrency=complete -Xswiftc -enable-upcoming-feature -Xswiftc StrictConcurrency -Xswiftc -enable-upcoming-feature -Xswiftc DisableOutwardActorInference -Xswiftc -enable-upcoming-feature -Xswiftc GlobalActorIsolatedTypesUsability -Xswiftc -enable-upcoming-feature -Xswiftc InferSendableFromCaptures 2>&1
wasm-6.1-latest: Pulling from saguaro1/spi-images
Digest: sha256:1ad245dad3d2ae0004e1afbc92334bd39884ed9ca587cf04d0a8d5f640fb02e9
Status: Image is up to date for registry.gitlab.com/saguaro1/spi-images:wasm-6.1-latest
Building for debugging...
[0/2] Write sources
[1/2] Write swift-version-24593BA9C3E375BF.txt
[3/10] Compiling ProgressIndicatorView ImpulseBarView.swift
/host/spi-builder-workspace/Sources/Extensions/SizeGetter.swift:6:8: error: no such module 'SwiftUI'
4 |
5 | import Foundation
6 | import SwiftUI
| `- error: no such module 'SwiftUI'
7 |
8 | struct SizeGetter: ViewModifier {
[4/10] Compiling ProgressIndicatorView ProgressIndicatorView.swift
/host/spi-builder-workspace/Sources/Extensions/SizeGetter.swift:6:8: error: no such module 'SwiftUI'
4 |
5 | import Foundation
6 | import SwiftUI
| `- error: no such module 'SwiftUI'
7 |
8 | struct SizeGetter: ViewModifier {
error: emit-module command failed with exit code 1 (use -v to see invocation)
[5/10] Emitting module ProgressIndicatorView
/host/spi-builder-workspace/Sources/Extensions/SizeGetter.swift:6:8: error: no such module 'SwiftUI'
4 |
5 | import Foundation
6 | import SwiftUI
| `- error: no such module 'SwiftUI'
7 |
8 | struct SizeGetter: ViewModifier {
[6/10] Compiling ProgressIndicatorView DashBarView.swift
/host/spi-builder-workspace/Sources/Extensions/SizeGetter.swift:6:8: error: no such module 'SwiftUI'
4 |
5 | import Foundation
6 | import SwiftUI
| `- error: no such module 'SwiftUI'
7 |
8 | struct SizeGetter: ViewModifier {
[7/10] Compiling ProgressIndicatorView BarView.swift
/host/spi-builder-workspace/Sources/Extensions/SizeGetter.swift:6:8: error: no such module 'SwiftUI'
4 |
5 | import Foundation
6 | import SwiftUI
| `- error: no such module 'SwiftUI'
7 |
8 | struct SizeGetter: ViewModifier {
[8/10] Compiling ProgressIndicatorView CircleView.swift
/host/spi-builder-workspace/Sources/Extensions/SizeGetter.swift:6:8: error: no such module 'SwiftUI'
4 |
5 | import Foundation
6 | import SwiftUI
| `- error: no such module 'SwiftUI'
7 |
8 | struct SizeGetter: ViewModifier {
[9/10] Compiling ProgressIndicatorView DefaultSectorView.swift
/host/spi-builder-workspace/Sources/Extensions/SizeGetter.swift:6:8: error: no such module 'SwiftUI'
4 |
5 | import Foundation
6 | import SwiftUI
| `- error: no such module 'SwiftUI'
7 |
8 | struct SizeGetter: ViewModifier {
[10/10] Compiling ProgressIndicatorView SizeGetter.swift
/host/spi-builder-workspace/Sources/Extensions/SizeGetter.swift:6:8: error: no such module 'SwiftUI'
4 |
5 | import Foundation
6 | import SwiftUI
| `- error: no such module 'SwiftUI'
7 |
8 | struct SizeGetter: ViewModifier {
Running build ...
bash -c docker run --pull=always --rm -v "checkouts-54344844-0":/host -w "$PWD" -e JAVA_HOME="/root/.sdkman/candidates/java/current" -e SPI_BUILD="1" -e SPI_PROCESSING="1" registry.gitlab.com/saguaro1/spi-images:wasm-6.1-latest swift build --swift-sdk wasm32-unknown-wasi 2>&1
wasm-6.1-latest: Pulling from saguaro1/spi-images
Digest: sha256:1ad245dad3d2ae0004e1afbc92334bd39884ed9ca587cf04d0a8d5f640fb02e9
Status: Image is up to date for registry.gitlab.com/saguaro1/spi-images:wasm-6.1-latest
[0/1] Planning build
Building for debugging...
[0/1] Write swift-version-24593BA9C3E375BF.txt
[2/9] Compiling ProgressIndicatorView CircleView.swift
/host/spi-builder-workspace/Sources/Extensions/SizeGetter.swift:6:8: error: no such module 'SwiftUI'
4 |
5 | import Foundation
6 | import SwiftUI
| `- error: no such module 'SwiftUI'
7 |
8 | struct SizeGetter: ViewModifier {
[3/9] Compiling ProgressIndicatorView BarView.swift
/host/spi-builder-workspace/Sources/Extensions/SizeGetter.swift:6:8: error: no such module 'SwiftUI'
4 |
5 | import Foundation
6 | import SwiftUI
| `- error: no such module 'SwiftUI'
7 |
8 | struct SizeGetter: ViewModifier {
[4/9] Compiling ProgressIndicatorView ProgressIndicatorView.swift
/host/spi-builder-workspace/Sources/Extensions/SizeGetter.swift:6:8: error: no such module 'SwiftUI'
4 |
5 | import Foundation
6 | import SwiftUI
| `- error: no such module 'SwiftUI'
7 |
8 | struct SizeGetter: ViewModifier {
[5/9] Compiling ProgressIndicatorView ImpulseBarView.swift
/host/spi-builder-workspace/Sources/Extensions/SizeGetter.swift:6:8: error: no such module 'SwiftUI'
4 |
5 | import Foundation
6 | import SwiftUI
| `- error: no such module 'SwiftUI'
7 |
8 | struct SizeGetter: ViewModifier {
[6/9] Compiling ProgressIndicatorView SizeGetter.swift
/host/spi-builder-workspace/Sources/Extensions/SizeGetter.swift:6:8: error: no such module 'SwiftUI'
4 |
5 | import Foundation
6 | import SwiftUI
| `- error: no such module 'SwiftUI'
7 |
8 | struct SizeGetter: ViewModifier {
error: emit-module command failed with exit code 1 (use -v to see invocation)
[7/9] Emitting module ProgressIndicatorView
/host/spi-builder-workspace/Sources/Extensions/SizeGetter.swift:6:8: error: no such module 'SwiftUI'
4 |
5 | import Foundation
6 | import SwiftUI
| `- error: no such module 'SwiftUI'
7 |
8 | struct SizeGetter: ViewModifier {
[8/9] Compiling ProgressIndicatorView DefaultSectorView.swift
/host/spi-builder-workspace/Sources/Extensions/SizeGetter.swift:6:8: error: no such module 'SwiftUI'
4 |
5 | import Foundation
6 | import SwiftUI
| `- error: no such module 'SwiftUI'
7 |
8 | struct SizeGetter: ViewModifier {
[9/9] Compiling ProgressIndicatorView DashBarView.swift
/host/spi-builder-workspace/Sources/Extensions/SizeGetter.swift:6:8: error: no such module 'SwiftUI'
4 |
5 | import Foundation
6 | import SwiftUI
| `- error: no such module 'SwiftUI'
7 |
8 | struct SizeGetter: ViewModifier {
BUILD FAILURE 6.1 wasm