Build Information
Failed to build CGLFW3, reference main (91e7f0), with Swift 6.4 for macOS (Xcode) using Xcode 27.0 on 19 Sep 2026 06:26:14 UTC.
Build Command
No build command. This typically means the build failed at an early stage where we determine the build command.Build Log
========================================
RunAll
========================================
Builder version: 5.1.0
Interrupt handler set up.
========================================
Checkout
========================================
Clone URL: https://github.com/thepotatoking55/CGLFW3.git
Reference: main
Initialized empty Git repository in /Users/admin/builder/spi-builder-workspace/.git/
From https://github.com/thepotatoking55/CGLFW3
* branch main -> FETCH_HEAD
* [new branch] main -> origin/main
HEAD is now at 91e7f0d rename glfw to glfw3 because that works??
Submodule path 'Sources/glfw3': checked out 'b35641f4a3c62aa86a0b3c983d163bc0fe36026d'
Submodule 'Sources/glfw3' (https://github.com/glfw/glfw.git) registered for path 'Sources/glfw3'
Cloning into '/Users/admin/builder/spi-builder-workspace/Sources/glfw3'...
Cloned https://github.com/thepotatoking55/CGLFW3.git
Revision (git rev-parse @):
91e7f0dabc03ab14f433bfa5de8c5a77e295958a
SUCCESS checkout https://github.com/thepotatoking55/CGLFW3.git at main
========================================
Build
========================================
Selected platform: macosXcodebuild
Swift version: 6.4
Building package at path: $PWD
https://github.com/thepotatoking55/CGLFW3.git
Command line invocation:
/Applications/Xcode-27.0.0-Release.Candidate.app/Contents/Developer/usr/bin/xcodebuild -IDEClonedSourcePackagesDirPathOverride=/Users/admin/builder/spi-builder-workspace/.dependencies -resolvePackageDependencies
Resolve Package Graph
Resolve Package Graph
Resolved source packages:
CGLFW3: /Users/admin/builder/spi-builder-workspace
resolved source packages: CGLFW3
2026-09-19 02:25:35.109 xcodebuild[539:3063] [MT] IDERunDestination: Supported platforms for the buildables in the current scheme is empty.
error: 'spi-builder-workspace': Invalid manifest (compiled with: ["/Library/Developer/CommandLineTools/usr/bin/swiftc", "-vfsoverlay", "/var/folders/xq/y_g06wb113726d38xsyx71_h0000gn/T/TemporaryDirectory.kFaB1p/vfs.yaml", "-L", "/Library/Developer/CommandLineTools/usr/lib/swift/pm/ManifestAPI", "-lPackageDescription", "-Xlinker", "-rpath", "-Xlinker", "/Library/Developer/CommandLineTools/usr/lib/swift/pm/ManifestAPI", "-target", "arm64-apple-macosx14.0", "-I", "/Library/Developer/CommandLineTools/Library/Developer/Frameworks", "-L", "/Library/Developer/CommandLineTools/Library/Developer/Frameworks", "-plugin-path", "/Library/Developer/CommandLineTools/usr/lib/swift/host/plugins/testing", "-sdk", "/Library/Developer/CommandLineTools/SDKs/MacOSX.sdk", "-swift-version", "5", "-I", "/Library/Developer/CommandLineTools/usr/lib/swift/pm/ManifestAPI", "-sdk", "/Library/Developer/CommandLineTools/SDKs/MacOSX.sdk", "-package-description-version", "5.10.0", "/Users/admin/builder/spi-builder-workspace/Package.swift", "-o", "/var/folders/xq/y_g06wb113726d38xsyx71_h0000gn/T/TemporaryDirectory.FspV7K/spi-builder-workspace-manifest"])
/Users/admin/builder/spi-builder-workspace/Package.swift:52:15: error: the compiler is unable to type-check this expression in reasonable time; try breaking up the expression into distinct sub-expressions
50 | #endif
51 |
52 | let package = Package(
| `- error: the compiler is unable to type-check this expression in reasonable time; try breaking up the expression into distinct sub-expressions
53 | name: "CGLFW3",
54 | products: [
error: fatalError
Command line invocation:
/Applications/Xcode-27.0.0-Release.Candidate.app/Contents/Developer/usr/bin/xcodebuild -IDEClonedSourcePackagesDirPathOverride=/Users/admin/builder/spi-builder-workspace/.dependencies -resolvePackageDependencies
Resolve Package Graph
Resolved source packages:
CGLFW3: /Users/admin/builder/spi-builder-workspace
resolved source packages: CGLFW3
2026-09-19 02:26:08.957 xcodebuild[620:3880] [MT] IDERunDestination: Supported platforms for the buildables in the current scheme is empty.
error: 'spi-builder-workspace': Invalid manifest (compiled with: ["/Library/Developer/CommandLineTools/usr/bin/swiftc", "-vfsoverlay", "/var/folders/xq/y_g06wb113726d38xsyx71_h0000gn/T/TemporaryDirectory.pCXC0d/vfs.yaml", "-L", "/Library/Developer/CommandLineTools/usr/lib/swift/pm/ManifestAPI", "-lPackageDescription", "-Xlinker", "-rpath", "-Xlinker", "/Library/Developer/CommandLineTools/usr/lib/swift/pm/ManifestAPI", "-target", "arm64-apple-macosx14.0", "-I", "/Library/Developer/CommandLineTools/Library/Developer/Frameworks", "-L", "/Library/Developer/CommandLineTools/Library/Developer/Frameworks", "-plugin-path", "/Library/Developer/CommandLineTools/usr/lib/swift/host/plugins/testing", "-sdk", "/Library/Developer/CommandLineTools/SDKs/MacOSX.sdk", "-swift-version", "5", "-I", "/Library/Developer/CommandLineTools/usr/lib/swift/pm/ManifestAPI", "-sdk", "/Library/Developer/CommandLineTools/SDKs/MacOSX.sdk", "-package-description-version", "5.10.0", "/Users/admin/builder/spi-builder-workspace/Package.swift", "-o", "/var/folders/xq/y_g06wb113726d38xsyx71_h0000gn/T/TemporaryDirectory.Qgvfmd/spi-builder-workspace-manifest"])
/Users/admin/builder/spi-builder-workspace/Package.swift:52:15: error: the compiler is unable to type-check this expression in reasonable time; try breaking up the expression into distinct sub-expressions
50 | #endif
51 |
52 | let package = Package(
| `- error: the compiler is unable to type-check this expression in reasonable time; try breaking up the expression into distinct sub-expressions
53 | name: "CGLFW3",
54 | products: [
error: fatalError
BUILD FAILURE 6.4 macosXcodebuild