Build Information
Failed to build BoundarySlider, reference 0.1.1 (b8c513), with Swift 6.4 for watchOS using Xcode 27.0 on 21 Sep 2026 02:18:18 UTC.
Build Command
env DEVELOPER_DIR=/Applications/Xcode-27.0.0-Release.Candidate.app xcrun xcodebuild -IDEClonedSourcePackagesDirPathOverride=$PWD/.dependencies -skipMacroValidation -skipPackagePluginValidation -derivedDataPath $PWD/.derivedData build -scheme BoundarySlider -destination generic/platform=watchOSBuild Log
========================================
RunAll
========================================
Builder version: 5.1.0
Interrupt handler set up.
========================================
Checkout
========================================
Clone URL: https://github.com/AnbalaganD/BoundarySlider.git
Reference: 0.1.1
Initialized empty Git repository in /Users/admin/builder/spi-builder-workspace/.git/
From https://github.com/AnbalaganD/BoundarySlider
* tag 0.1.1 -> FETCH_HEAD
HEAD is now at b8c5132 update new pod version
Cloned https://github.com/AnbalaganD/BoundarySlider.git
Revision (git rev-parse @):
b8c513278eeb50d57a6f09c6234ce8f6d71c3a31
SUCCESS checkout https://github.com/AnbalaganD/BoundarySlider.git at 0.1.1
========================================
Build
========================================
Selected platform: watchOS
Swift version: 6.4
Building package at path: $PWD
https://github.com/AnbalaganD/BoundarySlider.git
Command line invocation:
/Applications/Xcode-27.0.0-Release.Candidate.app/Contents/Developer/usr/bin/xcodebuild -IDEClonedSourcePackagesDirPathOverride=/Users/admin/builder/spi-builder-workspace/.dependencies -resolvePackageDependencies
Resolve Package Graph
Resolve Package Graph
Resolved source packages:
BoundarySlider: /Users/admin/builder/spi-builder-workspace
resolved source packages: BoundarySlider
2026-09-20 22:17:35.772 xcodebuild[529:3021] [MT] IDERunDestination: Supported platforms for the buildables in the current scheme is empty.
{
"dependencies" : [
],
"manifest_display_name" : "BoundarySlider",
"name" : "BoundarySlider",
"path" : "/Users/admin/builder/spi-builder-workspace",
"platforms" : [
{
"name" : "ios",
"version" : "15.0"
}
],
"products" : [
{
"name" : "BoundarySlider",
"targets" : [
"BoundarySlider"
],
"type" : {
"library" : [
"automatic"
]
}
}
],
"swift_languages_versions" : [
"5"
],
"targets" : [
{
"c99name" : "BoundarySlider",
"module_type" : "SwiftTarget",
"name" : "BoundarySlider",
"path" : "Sources/BoundarySlider",
"product_memberships" : [
"BoundarySlider"
],
"sources" : [
"BoundarySlider.swift"
],
"type" : "library"
}
],
"tools_version" : "5.10"
}
{
"workspace" : {
"name" : "BoundarySlider",
"schemes" : [
"BoundarySlider"
]
}
}
2026-09-20 22:18:07.993 xcodebuild[626:3840] [MT] IDERunDestination: Supported platforms for the buildables in the current scheme is empty.
Running build ...
env DEVELOPER_DIR=/Applications/Xcode-27.0.0-Release.Candidate.app xcrun xcodebuild -IDEClonedSourcePackagesDirPathOverride=$PWD/.dependencies -skipMacroValidation -skipPackagePluginValidation -derivedDataPath $PWD/.derivedData build -scheme BoundarySlider -destination generic/platform=watchOS
Command line invocation:
/Applications/Xcode-27.0.0-Release.Candidate.app/Contents/Developer/usr/bin/xcodebuild -IDEClonedSourcePackagesDirPathOverride=/Users/admin/builder/spi-builder-workspace/.dependencies -skipMacroValidation -skipPackagePluginValidation -derivedDataPath /Users/admin/builder/spi-builder-workspace/.derivedData build -scheme BoundarySlider -destination generic/platform=watchOS
Resolve Package Graph
Resolved source packages:
BoundarySlider: /Users/admin/builder/spi-builder-workspace
ComputePackagePrebuildTargetDependencyGraph
Prepare packages
CreateBuildRequest
SendProjectDescription
CreateBuildOperation
ComputeTargetDependencyGraph
note: Building targets in dependency order
note: Target dependency graph (2 targets)
Target 'BoundarySlider-product' in project 'BoundarySlider'
➜ Explicit dependency on target 'BoundarySlider' in project 'BoundarySlider'
Target 'BoundarySlider' in project 'BoundarySlider' (no dependencies)
GatherProvisioningInputs
CreateBuildDescription
ExecuteExternalTool /Applications/Xcode-27.0.0-Release.Candidate.app/Contents/Developer/Toolchains/XcodeDefault.xctoolchain/usr/bin/clang -v -E -dM -isysroot /Applications/Xcode-27.0.0-Release.Candidate.app/Contents/Developer/Platforms/WatchOS.platform/Developer/SDKs/WatchOS27.0.sdk -x c -c /dev/null
ExecuteExternalTool /Applications/Xcode-27.0.0-Release.Candidate.app/Contents/Developer/Toolchains/XcodeDefault.xctoolchain/usr/bin/swiftc --version
ExecuteExternalTool /Applications/Xcode-27.0.0-Release.Candidate.app/Contents/Developer/Toolchains/XcodeDefault.xctoolchain/usr/bin/ld -version_details
Build description signature: 520af0c1ce9d3542945974ca26aadc64
Build description path: /Users/admin/builder/spi-builder-workspace/.derivedData/Build/Intermediates.noindex/XCBuildData/520af0c1ce9d3542945974ca26aadc64.xcbuilddata
CreateBuildDirectory /Users/admin/builder/spi-builder-workspace/.derivedData/SDKExplicitPrecompiledModules
cd /Users/admin/builder/spi-builder-workspace/.swiftpm/xcode
builtin-create-build-directory /Users/admin/builder/spi-builder-workspace/.derivedData/SDKExplicitPrecompiledModules
CreateBuildDirectory /Users/admin/builder/spi-builder-workspace/.derivedData/ModuleCache.noindex
cd /Users/admin/builder/spi-builder-workspace/.swiftpm/xcode
builtin-create-build-directory /Users/admin/builder/spi-builder-workspace/.derivedData/ModuleCache.noindex
CreateBuildDirectory /Users/admin/builder/spi-builder-workspace/.derivedData/CompilationCache.noindex
cd /Users/admin/builder/spi-builder-workspace/.swiftpm/xcode
builtin-create-build-directory /Users/admin/builder/spi-builder-workspace/.derivedData/CompilationCache.noindex
CreateBuildDirectory /Users/admin/builder/spi-builder-workspace/.derivedData/Build/Intermediates.noindex
cd /Users/admin/builder/spi-builder-workspace/.swiftpm/xcode
builtin-create-build-directory /Users/admin/builder/spi-builder-workspace/.derivedData/Build/Intermediates.noindex
CreateBuildDirectory /Users/admin/builder/spi-builder-workspace/.derivedData/Build/Products
cd /Users/admin/builder/spi-builder-workspace/.swiftpm/xcode
builtin-create-build-directory /Users/admin/builder/spi-builder-workspace/.derivedData/Build/Products
ClangStatCache /Applications/Xcode-27.0.0-Release.Candidate.app/Contents/Developer/Toolchains/XcodeDefault.xctoolchain/usr/bin/clang-stat-cache /Applications/Xcode-27.0.0-Release.Candidate.app/Contents/Developer/Platforms/WatchOS.platform/Developer/SDKs/WatchOS27.0.sdk /Users/admin/builder/spi-builder-workspace/.derivedData/SDKStatCaches.noindex/watchos27.0-24R360-e829b21a6f8c9b70876ba0858053c04477534ef55a1706bf4c1112bbb242f0a2.sdkstatcache
cd /Users/admin/builder/spi-builder-workspace/.swiftpm/xcode
/Applications/Xcode-27.0.0-Release.Candidate.app/Contents/Developer/Toolchains/XcodeDefault.xctoolchain/usr/bin/clang-stat-cache /Applications/Xcode-27.0.0-Release.Candidate.app/Contents/Developer/Platforms/WatchOS.platform/Developer/SDKs/WatchOS27.0.sdk -o /Users/admin/builder/spi-builder-workspace/.derivedData/SDKStatCaches.noindex/watchos27.0-24R360-e829b21a6f8c9b70876ba0858053c04477534ef55a1706bf4c1112bbb242f0a2.sdkstatcache
CreateBuildDirectory /Users/admin/builder/spi-builder-workspace/.derivedData/Build/Intermediates.noindex/PrecompiledHeaders
cd /Users/admin/builder/spi-builder-workspace/.swiftpm/xcode
builtin-create-build-directory /Users/admin/builder/spi-builder-workspace/.derivedData/Build/Intermediates.noindex/PrecompiledHeaders
CreateBuildDirectory /Users/admin/builder/spi-builder-workspace/.derivedData/Build/Intermediates.noindex/SwiftExplicitPrecompiledModules
cd /Users/admin/builder/spi-builder-workspace/.swiftpm/xcode
builtin-create-build-directory /Users/admin/builder/spi-builder-workspace/.derivedData/Build/Intermediates.noindex/SwiftExplicitPrecompiledModules
CreateBuildDirectory /Users/admin/builder/spi-builder-workspace/.derivedData/Build/Intermediates.noindex/ExplicitPrecompiledModules
cd /Users/admin/builder/spi-builder-workspace/.swiftpm/xcode
builtin-create-build-directory /Users/admin/builder/spi-builder-workspace/.derivedData/Build/Intermediates.noindex/ExplicitPrecompiledModules
CreateBuildDirectory /Users/admin/builder/spi-builder-workspace/.derivedData/Build/Products/Debug-watchos
cd /Users/admin/builder/spi-builder-workspace/.swiftpm/xcode
builtin-create-build-directory /Users/admin/builder/spi-builder-workspace/.derivedData/Build/Products/Debug-watchos
CreateBuildDirectory /Users/admin/builder/spi-builder-workspace/.derivedData/Build/Intermediates.noindex/EagerLinkingTBDs/Debug-watchos
cd /Users/admin/builder/spi-builder-workspace/.swiftpm/xcode
builtin-create-build-directory /Users/admin/builder/spi-builder-workspace/.derivedData/Build/Intermediates.noindex/EagerLinkingTBDs/Debug-watchos
CreateBuildDirectory /Users/admin/builder/spi-builder-workspace/.derivedData/Build/Products/Debug-watchos/PackageFrameworks
cd /Users/admin/builder/spi-builder-workspace/.swiftpm/xcode
builtin-create-build-directory /Users/admin/builder/spi-builder-workspace/.derivedData/Build/Products/Debug-watchos/PackageFrameworks
WriteAuxiliaryFile /Users/admin/builder/spi-builder-workspace/.derivedData/Build/Intermediates.noindex/BoundarySlider.build/Debug-watchos/BoundarySlider-t.build/BoundarySlider.modulemap (in target 'BoundarySlider' from project 'BoundarySlider')
cd /Users/admin/builder/spi-builder-workspace
write-file /Users/admin/builder/spi-builder-workspace/.derivedData/Build/Intermediates.noindex/BoundarySlider.build/Debug-watchos/BoundarySlider-t.build/BoundarySlider.modulemap
WriteAuxiliaryFile /Users/admin/builder/spi-builder-workspace/.derivedData/Build/Intermediates.noindex/BoundarySlider.build/Debug-watchos/BoundarySlider-t.build/Objects-normal/arm64_32/BoundarySlider.LinkFileList (in target 'BoundarySlider' from project 'BoundarySlider')
cd /Users/admin/builder/spi-builder-workspace
write-file /Users/admin/builder/spi-builder-workspace/.derivedData/Build/Intermediates.noindex/BoundarySlider.build/Debug-watchos/BoundarySlider-t.build/Objects-normal/arm64_32/BoundarySlider.LinkFileList
WriteAuxiliaryFile /Users/admin/builder/spi-builder-workspace/.derivedData/Build/Intermediates.noindex/BoundarySlider.build/Debug-watchos/BoundarySlider-t.build/Objects-normal/arm64_32/BoundarySlider.SwiftConstValuesFileList (in target 'BoundarySlider' from project 'BoundarySlider')
cd /Users/admin/builder/spi-builder-workspace
write-file /Users/admin/builder/spi-builder-workspace/.derivedData/Build/Intermediates.noindex/BoundarySlider.build/Debug-watchos/BoundarySlider-t.build/Objects-normal/arm64_32/BoundarySlider.SwiftConstValuesFileList
WriteAuxiliaryFile /Users/admin/builder/spi-builder-workspace/.derivedData/Build/Intermediates.noindex/BoundarySlider.build/Debug-watchos/BoundarySlider-t.build/Objects-normal/arm64_32/BoundarySlider_const_extract_protocols.json (in target 'BoundarySlider' from project 'BoundarySlider')
cd /Users/admin/builder/spi-builder-workspace
write-file /Users/admin/builder/spi-builder-workspace/.derivedData/Build/Intermediates.noindex/BoundarySlider.build/Debug-watchos/BoundarySlider-t.build/Objects-normal/arm64_32/BoundarySlider_const_extract_protocols.json
WriteAuxiliaryFile /Users/admin/builder/spi-builder-workspace/.derivedData/Build/Intermediates.noindex/BoundarySlider.build/Debug-watchos/BoundarySlider-t.build/Objects-normal/arm64_32/BoundarySlider-OutputFileMap.json (in target 'BoundarySlider' from project 'BoundarySlider')
cd /Users/admin/builder/spi-builder-workspace
write-file /Users/admin/builder/spi-builder-workspace/.derivedData/Build/Intermediates.noindex/BoundarySlider.build/Debug-watchos/BoundarySlider-t.build/Objects-normal/arm64_32/BoundarySlider-OutputFileMap.json
WriteAuxiliaryFile /Users/admin/builder/spi-builder-workspace/.derivedData/Build/Intermediates.noindex/BoundarySlider.build/Debug-watchos/BoundarySlider-t.build/Objects-normal/arm64_32/BoundarySlider.SwiftFileList (in target 'BoundarySlider' from project 'BoundarySlider')
cd /Users/admin/builder/spi-builder-workspace
write-file /Users/admin/builder/spi-builder-workspace/.derivedData/Build/Intermediates.noindex/BoundarySlider.build/Debug-watchos/BoundarySlider-t.build/Objects-normal/arm64_32/BoundarySlider.SwiftFileList
WriteAuxiliaryFile /Users/admin/builder/spi-builder-workspace/.derivedData/Build/Intermediates.noindex/BoundarySlider.build/Debug-watchos/BoundarySlider-t.build/Objects-normal/arm64/BoundarySlider.SwiftFileList (in target 'BoundarySlider' from project 'BoundarySlider')
cd /Users/admin/builder/spi-builder-workspace
write-file /Users/admin/builder/spi-builder-workspace/.derivedData/Build/Intermediates.noindex/BoundarySlider.build/Debug-watchos/BoundarySlider-t.build/Objects-normal/arm64/BoundarySlider.SwiftFileList
WriteAuxiliaryFile /Users/admin/builder/spi-builder-workspace/.derivedData/Build/Intermediates.noindex/BoundarySlider.build/Debug-watchos/BoundarySlider-t.build/Objects-normal/arm64/BoundarySlider_const_extract_protocols.json (in target 'BoundarySlider' from project 'BoundarySlider')
cd /Users/admin/builder/spi-builder-workspace
write-file /Users/admin/builder/spi-builder-workspace/.derivedData/Build/Intermediates.noindex/BoundarySlider.build/Debug-watchos/BoundarySlider-t.build/Objects-normal/arm64/BoundarySlider_const_extract_protocols.json
WriteAuxiliaryFile /Users/admin/builder/spi-builder-workspace/.derivedData/Build/Intermediates.noindex/BoundarySlider.build/Debug-watchos/BoundarySlider-t.build/Objects-normal/arm64/BoundarySlider.SwiftConstValuesFileList (in target 'BoundarySlider' from project 'BoundarySlider')
cd /Users/admin/builder/spi-builder-workspace
write-file /Users/admin/builder/spi-builder-workspace/.derivedData/Build/Intermediates.noindex/BoundarySlider.build/Debug-watchos/BoundarySlider-t.build/Objects-normal/arm64/BoundarySlider.SwiftConstValuesFileList
WriteAuxiliaryFile /Users/admin/builder/spi-builder-workspace/.derivedData/Build/Intermediates.noindex/BoundarySlider.build/Debug-watchos/BoundarySlider-t.build/Objects-normal/arm64/BoundarySlider.LinkFileList (in target 'BoundarySlider' from project 'BoundarySlider')
cd /Users/admin/builder/spi-builder-workspace
write-file /Users/admin/builder/spi-builder-workspace/.derivedData/Build/Intermediates.noindex/BoundarySlider.build/Debug-watchos/BoundarySlider-t.build/Objects-normal/arm64/BoundarySlider.LinkFileList
WriteAuxiliaryFile /Users/admin/builder/spi-builder-workspace/.derivedData/Build/Intermediates.noindex/BoundarySlider.build/Debug-watchos/BoundarySlider-t.build/BoundarySlider.DependencyStaticMetadataFileList (in target 'BoundarySlider' from project 'BoundarySlider')
cd /Users/admin/builder/spi-builder-workspace
write-file /Users/admin/builder/spi-builder-workspace/.derivedData/Build/Intermediates.noindex/BoundarySlider.build/Debug-watchos/BoundarySlider-t.build/BoundarySlider.DependencyStaticMetadataFileList
WriteAuxiliaryFile /Users/admin/builder/spi-builder-workspace/.derivedData/Build/Intermediates.noindex/BoundarySlider.build/Debug-watchos/BoundarySlider-t.build/Objects-normal/arm64/BoundarySlider-OutputFileMap.json (in target 'BoundarySlider' from project 'BoundarySlider')
cd /Users/admin/builder/spi-builder-workspace
write-file /Users/admin/builder/spi-builder-workspace/.derivedData/Build/Intermediates.noindex/BoundarySlider.build/Debug-watchos/BoundarySlider-t.build/Objects-normal/arm64/BoundarySlider-OutputFileMap.json
WriteAuxiliaryFile /Users/admin/builder/spi-builder-workspace/.derivedData/Build/Intermediates.noindex/BoundarySlider.build/Debug-watchos/BoundarySlider-t.build/BoundarySlider.DependencyMetadataFileList (in target 'BoundarySlider' from project 'BoundarySlider')
cd /Users/admin/builder/spi-builder-workspace
write-file /Users/admin/builder/spi-builder-workspace/.derivedData/Build/Intermediates.noindex/BoundarySlider.build/Debug-watchos/BoundarySlider-t.build/BoundarySlider.DependencyMetadataFileList
Copy /Users/admin/builder/spi-builder-workspace/.derivedData/Build/Intermediates.noindex/GeneratedModuleMaps-watchos/BoundarySlider.modulemap /Users/admin/builder/spi-builder-workspace/.derivedData/Build/Intermediates.noindex/BoundarySlider.build/Debug-watchos/BoundarySlider-t.build/BoundarySlider.modulemap (in target 'BoundarySlider' from project 'BoundarySlider')
cd /Users/admin/builder/spi-builder-workspace
builtin-copy -exclude .DS_Store -exclude CVS -exclude .svn -exclude .git -exclude .hg -resolve-src-symlinks /Users/admin/builder/spi-builder-workspace/.derivedData/Build/Intermediates.noindex/BoundarySlider.build/Debug-watchos/BoundarySlider-t.build/BoundarySlider.modulemap /Users/admin/builder/spi-builder-workspace/.derivedData/Build/Intermediates.noindex/GeneratedModuleMaps-watchos
SwiftDriver BoundarySlider normal arm64 com.apple.xcode.tools.swift.compiler (in target 'BoundarySlider' from project 'BoundarySlider')
cd /Users/admin/builder/spi-builder-workspace/.swiftpm/xcode
builtin-SwiftDriver -- /Applications/Xcode-27.0.0-Release.Candidate.app/Contents/Developer/Toolchains/XcodeDefault.xctoolchain/usr/bin/swiftc -parse-as-library -module-name BoundarySlider -Onone @/Users/admin/builder/spi-builder-workspace/.derivedData/Build/Intermediates.noindex/BoundarySlider.build/Debug-watchos/BoundarySlider-t.build/Objects-normal/arm64/BoundarySlider.SwiftFileList -DSWIFT_PACKAGE -DDEBUG -DSWIFT_MODULE_RESOURCE_BUNDLE_UNAVAILABLE -DXcode -plugin-path /Applications/Xcode-27.0.0-Release.Candidate.app/Contents/Developer/Toolchains/XcodeDefault.xctoolchain/usr/lib/swift/host/plugins/testing -enable-experimental-feature DebugDescriptionMacro -sdk /Applications/Xcode-27.0.0-Release.Candidate.app/Contents/Developer/Platforms/WatchOS.platform/Developer/SDKs/WatchOS27.0.sdk -target arm64-apple-watchos9.0 -g -module-cache-path /Users/admin/builder/spi-builder-workspace/.derivedData/ModuleCache.noindex -Xfrontend -serialize-debugging-options -enable-testing -index-store-path /Users/admin/builder/spi-builder-workspace/.derivedData/Index.noindex/DataStore -Xcc -D_LIBCPP_HARDENING_MODE\=_LIBCPP_HARDENING_MODE_DEBUG -swift-version 5 -I /Users/admin/builder/spi-builder-workspace/.derivedData/Build/Products/Debug-watchos -Isystem /Applications/Xcode-27.0.0-Release.Candidate.app/Contents/Developer/Platforms/WatchOS.platform/Developer/usr/lib -F /Users/admin/builder/spi-builder-workspace/.derivedData/Build/Products/Debug-watchos -F /Applications/Xcode-27.0.0-Release.Candidate.app/Contents/Developer/Platforms/WatchOS.platform/Developer/Library/Frameworks -F /Applications/Xcode-27.0.0-Release.Candidate.app/Contents/Developer/Platforms/WatchOS.platform/Developer/SDKs/WatchOS27.0.sdk/Developer/Library/Frameworks -c -j10 -enable-batch-mode -incremental -Xcc -ivfsstatcache -Xcc /Users/admin/builder/spi-builder-workspace/.derivedData/SDKStatCaches.noindex/watchos27.0-24R360-e829b21a6f8c9b70876ba0858053c04477534ef55a1706bf4c1112bbb242f0a2.sdkstatcache -output-file-map /Users/admin/builder/spi-builder-workspace/.derivedData/Build/Intermediates.noindex/BoundarySlider.build/Debug-watchos/BoundarySlider-t.build/Objects-normal/arm64/BoundarySlider-OutputFileMap.json -save-temps -no-color-diagnostics -explicit-module-build -module-cache-path /Users/admin/builder/spi-builder-workspace/.derivedData/Build/Intermediates.noindex/SwiftExplicitPrecompiledModules -clang-scanner-module-cache-path /Users/admin/builder/spi-builder-workspace/.derivedData/ModuleCache.noindex -sdk-module-cache-path /Users/admin/builder/spi-builder-workspace/.derivedData/SDKExplicitPrecompiledModules -emit-dependencies -emit-module -emit-module-path /Users/admin/builder/spi-builder-workspace/.derivedData/Build/Intermediates.noindex/BoundarySlider.build/Debug-watchos/BoundarySlider-t.build/Objects-normal/arm64/BoundarySlider.swiftmodule -serialize-diagnostics -dependency-scan-serialize-diagnostics-path /Users/admin/builder/spi-builder-workspace/.derivedData/Build/Intermediates.noindex/BoundarySlider.build/Debug-watchos/BoundarySlider-t.build/Objects-normal/arm64/BoundarySlider-dependency-scan.dia -validate-clang-modules-once -clang-build-session-file /Users/admin/builder/spi-builder-workspace/.derivedData/ModuleCache.noindex/Session.modulevalidation -Xcc -fmodules-prune-interval\=86400 -Xcc -fmodules-prune-after\=345600 -package-name spi_builder_workspace -emit-const-values -const-gather-protocols-list /Users/admin/builder/spi-builder-workspace/.derivedData/Build/Intermediates.noindex/BoundarySlider.build/Debug-watchos/BoundarySlider-t.build/Objects-normal/arm64/BoundarySlider_const_extract_protocols.json -Xcc -I/Users/admin/builder/spi-builder-workspace/.derivedData/Build/Products/Debug-watchos/include -Xcc -I/Users/admin/builder/spi-builder-workspace/.derivedData/Build/Intermediates.noindex/BoundarySlider.build/Debug-watchos/BoundarySlider-t.build/DerivedSources-normal/arm64 -Xcc -I/Users/admin/builder/spi-builder-workspace/.derivedData/Build/Intermediates.noindex/BoundarySlider.build/Debug-watchos/BoundarySlider-t.build/DerivedSources/arm64 -Xcc -I/Users/admin/builder/spi-builder-workspace/.derivedData/Build/Intermediates.noindex/BoundarySlider.build/Debug-watchos/BoundarySlider-t.build/DerivedSources -Xcc -DSWIFT_PACKAGE -Xcc -DDEBUG\=1 -emit-objc-header -emit-objc-header-path /Users/admin/builder/spi-builder-workspace/.derivedData/Build/Intermediates.noindex/BoundarySlider.build/Debug-watchos/BoundarySlider-t.build/Objects-normal/arm64/BoundarySlider-Swift.h -working-directory /Users/admin/builder/spi-builder-workspace/.swiftpm/xcode -experimental-emit-module-separately -disable-cmo
SwiftDriver BoundarySlider normal arm64_32 com.apple.xcode.tools.swift.compiler (in target 'BoundarySlider' from project 'BoundarySlider')
cd /Users/admin/builder/spi-builder-workspace/.swiftpm/xcode
builtin-SwiftDriver -- /Applications/Xcode-27.0.0-Release.Candidate.app/Contents/Developer/Toolchains/XcodeDefault.xctoolchain/usr/bin/swiftc -parse-as-library -module-name BoundarySlider -Onone @/Users/admin/builder/spi-builder-workspace/.derivedData/Build/Intermediates.noindex/BoundarySlider.build/Debug-watchos/BoundarySlider-t.build/Objects-normal/arm64_32/BoundarySlider.SwiftFileList -DSWIFT_PACKAGE -DDEBUG -DSWIFT_MODULE_RESOURCE_BUNDLE_UNAVAILABLE -DXcode -plugin-path /Applications/Xcode-27.0.0-Release.Candidate.app/Contents/Developer/Toolchains/XcodeDefault.xctoolchain/usr/lib/swift/host/plugins/testing -enable-experimental-feature DebugDescriptionMacro -sdk /Applications/Xcode-27.0.0-Release.Candidate.app/Contents/Developer/Platforms/WatchOS.platform/Developer/SDKs/WatchOS27.0.sdk -target arm64_32-apple-watchos9.0 -g -module-cache-path /Users/admin/builder/spi-builder-workspace/.derivedData/ModuleCache.noindex -Xfrontend -serialize-debugging-options -enable-testing -index-store-path /Users/admin/builder/spi-builder-workspace/.derivedData/Index.noindex/DataStore -Xcc -D_LIBCPP_HARDENING_MODE\=_LIBCPP_HARDENING_MODE_DEBUG -swift-version 5 -I /Users/admin/builder/spi-builder-workspace/.derivedData/Build/Products/Debug-watchos -Isystem /Applications/Xcode-27.0.0-Release.Candidate.app/Contents/Developer/Platforms/WatchOS.platform/Developer/usr/lib -F /Users/admin/builder/spi-builder-workspace/.derivedData/Build/Products/Debug-watchos -F /Applications/Xcode-27.0.0-Release.Candidate.app/Contents/Developer/Platforms/WatchOS.platform/Developer/Library/Frameworks -F /Applications/Xcode-27.0.0-Release.Candidate.app/Contents/Developer/Platforms/WatchOS.platform/Developer/SDKs/WatchOS27.0.sdk/Developer/Library/Frameworks -c -j10 -enable-batch-mode -incremental -Xcc -ivfsstatcache -Xcc /Users/admin/builder/spi-builder-workspace/.derivedData/SDKStatCaches.noindex/watchos27.0-24R360-e829b21a6f8c9b70876ba0858053c04477534ef55a1706bf4c1112bbb242f0a2.sdkstatcache -output-file-map /Users/admin/builder/spi-builder-workspace/.derivedData/Build/Intermediates.noindex/BoundarySlider.build/Debug-watchos/BoundarySlider-t.build/Objects-normal/arm64_32/BoundarySlider-OutputFileMap.json -save-temps -no-color-diagnostics -explicit-module-build -module-cache-path /Users/admin/builder/spi-builder-workspace/.derivedData/Build/Intermediates.noindex/SwiftExplicitPrecompiledModules -clang-scanner-module-cache-path /Users/admin/builder/spi-builder-workspace/.derivedData/ModuleCache.noindex -sdk-module-cache-path /Users/admin/builder/spi-builder-workspace/.derivedData/SDKExplicitPrecompiledModules -emit-dependencies -emit-module -emit-module-path /Users/admin/builder/spi-builder-workspace/.derivedData/Build/Intermediates.noindex/BoundarySlider.build/Debug-watchos/BoundarySlider-t.build/Objects-normal/arm64_32/BoundarySlider.swiftmodule -serialize-diagnostics -dependency-scan-serialize-diagnostics-path /Users/admin/builder/spi-builder-workspace/.derivedData/Build/Intermediates.noindex/BoundarySlider.build/Debug-watchos/BoundarySlider-t.build/Objects-normal/arm64_32/BoundarySlider-dependency-scan.dia -validate-clang-modules-once -clang-build-session-file /Users/admin/builder/spi-builder-workspace/.derivedData/ModuleCache.noindex/Session.modulevalidation -Xcc -fmodules-prune-interval\=86400 -Xcc -fmodules-prune-after\=345600 -package-name spi_builder_workspace -emit-const-values -const-gather-protocols-list /Users/admin/builder/spi-builder-workspace/.derivedData/Build/Intermediates.noindex/BoundarySlider.build/Debug-watchos/BoundarySlider-t.build/Objects-normal/arm64_32/BoundarySlider_const_extract_protocols.json -Xcc -I/Users/admin/builder/spi-builder-workspace/.derivedData/Build/Products/Debug-watchos/include -Xcc -I/Users/admin/builder/spi-builder-workspace/.derivedData/Build/Intermediates.noindex/BoundarySlider.build/Debug-watchos/BoundarySlider-t.build/DerivedSources-normal/arm64_32 -Xcc -I/Users/admin/builder/spi-builder-workspace/.derivedData/Build/Intermediates.noindex/BoundarySlider.build/Debug-watchos/BoundarySlider-t.build/DerivedSources/arm64_32 -Xcc -I/Users/admin/builder/spi-builder-workspace/.derivedData/Build/Intermediates.noindex/BoundarySlider.build/Debug-watchos/BoundarySlider-t.build/DerivedSources -Xcc -DSWIFT_PACKAGE -Xcc -DDEBUG\=1 -emit-objc-header -emit-objc-header-path /Users/admin/builder/spi-builder-workspace/.derivedData/Build/Intermediates.noindex/BoundarySlider.build/Debug-watchos/BoundarySlider-t.build/Objects-normal/arm64_32/BoundarySlider-Swift.h -working-directory /Users/admin/builder/spi-builder-workspace/.swiftpm/xcode -experimental-emit-module-separately -disable-cmo
SwiftExplicitDependencyGeneratePcm arm64_32 /Users/admin/builder/spi-builder-workspace/.derivedData/SDKExplicitPrecompiledModules/_AvailabilityInternal-244WAN3Z1QBT7PIA64EZEFY1R.pcm
SwiftExplicitDependencyGeneratePcm arm64_32 /Users/admin/builder/spi-builder-workspace/.derivedData/SDKExplicitPrecompiledModules/ptrcheck-7ELIH9BTIGVKX3UBITM9N72WD.pcm
SwiftExplicitDependencyGeneratePcm arm64_32 /Users/admin/builder/spi-builder-workspace/.derivedData/SDKExplicitPrecompiledModules/_Builtin_stddef-H44EFHQX6XSS5MZ7QP6YJZ76.pcm
SwiftExplicitDependencyGeneratePcm arm64_32 /Users/admin/builder/spi-builder-workspace/.derivedData/SDKExplicitPrecompiledModules/_Builtin_float-6KO8O3PEWRCA4WC6PPLOYO6WJ.pcm
SwiftExplicitDependencyGeneratePcm arm64_32 /Users/admin/builder/spi-builder-workspace/.derivedData/SDKExplicitPrecompiledModules/DeveloperToolsSupport-DZU5G1OCMNWU0AQRULIFHUJ1Z.pcm
SwiftExplicitDependencyGeneratePcm arm64_32 /Users/admin/builder/spi-builder-workspace/.derivedData/SDKExplicitPrecompiledModules/_Builtin_stdbool-A967K8W8YUYEC9SN52KJ7OO88.pcm
SwiftExplicitDependencyGeneratePcm arm64_32 /Users/admin/builder/spi-builder-workspace/.derivedData/SDKExplicitPrecompiledModules/ptrauth-BFXF358ME5AK535N5A9Z766WU.pcm
SwiftExplicitDependencyGeneratePcm arm64_32 /Users/admin/builder/spi-builder-workspace/.derivedData/SDKExplicitPrecompiledModules/SwiftShims-9CQQGWTSNTN9EB5NSHDWUJICH.pcm
SwiftExplicitDependencyGeneratePcm arm64_32 /Users/admin/builder/spi-builder-workspace/.derivedData/SDKExplicitPrecompiledModules/_Builtin_stdarg-D305JG44A2WPI6CJY37X3QJE8.pcm
SwiftExplicitDependencyGeneratePcm arm64_32 /Users/admin/builder/spi-builder-workspace/.derivedData/SDKExplicitPrecompiledModules/_SwiftConcurrencyShims-6RTBPQ03V7BM9SPRK8SUE055H.pcm
SwiftExplicitDependencyGeneratePcm arm64 /Users/admin/builder/spi-builder-workspace/.derivedData/SDKExplicitPrecompiledModules/_Builtin_stddef-1FU30Y8SWFB7OUUHMJQH5J6FM.pcm
SwiftExplicitDependencyGeneratePcm arm64 /Users/admin/builder/spi-builder-workspace/.derivedData/SDKExplicitPrecompiledModules/SwiftShims-4MXFZPV6FEB0XBYXCGPWAMQGL.pcm
SwiftExplicitDependencyGeneratePcm arm64 /Users/admin/builder/spi-builder-workspace/.derivedData/SDKExplicitPrecompiledModules/_Builtin_float-C0CW5Q4HGBQYKE77TC42IAFB5.pcm
SwiftExplicitDependencyGeneratePcm arm64 /Users/admin/builder/spi-builder-workspace/.derivedData/SDKExplicitPrecompiledModules/_Builtin_stdarg-A7UU8LE6MP85SM26YO7PBZNUQ.pcm
SwiftExplicitDependencyGeneratePcm arm64 /Users/admin/builder/spi-builder-workspace/.derivedData/SDKExplicitPrecompiledModules/ptrcheck-AIF0NDOYZ8ORBNHQAQR5NNB8M.pcm
SwiftExplicitDependencyGeneratePcm arm64 /Users/admin/builder/spi-builder-workspace/.derivedData/SDKExplicitPrecompiledModules/_Builtin_stdbool-83J96QSOFE9VX04AAS6310UAE.pcm
SwiftExplicitDependencyGeneratePcm arm64 /Users/admin/builder/spi-builder-workspace/.derivedData/SDKExplicitPrecompiledModules/_SwiftConcurrencyShims-659N52XSKR5F0QSB880BH2FJR.pcm
SwiftExplicitDependencyGeneratePcm arm64 /Users/admin/builder/spi-builder-workspace/.derivedData/SDKExplicitPrecompiledModules/ptrauth-3TZ9WJCGLYD25HQPWH4968ONX.pcm
SwiftExplicitDependencyGeneratePcm arm64 /Users/admin/builder/spi-builder-workspace/.derivedData/SDKExplicitPrecompiledModules/DeveloperToolsSupport-E7CNISCB36UE8XQ9IOHK9XDX1.pcm
SwiftExplicitDependencyGeneratePcm arm64_32 /Users/admin/builder/spi-builder-workspace/.derivedData/SDKExplicitPrecompiledModules/_DarwinFoundation1-2GWF9RFMPLQW4PDHS3NARVI3G.pcm
SwiftExplicitDependencyGeneratePcm arm64 /Users/admin/builder/spi-builder-workspace/.derivedData/SDKExplicitPrecompiledModules/_AvailabilityInternal-BUNV3UXM65NT37THI4W1AM0SF.pcm
SwiftExplicitDependencyGeneratePcm arm64_32 /Users/admin/builder/spi-builder-workspace/.derivedData/SDKExplicitPrecompiledModules/_DarwinFoundation2-9MY8GOSYRO0M9MKNXF6D3MBNK.pcm
SwiftExplicitDependencyGeneratePcm arm64_32 /Users/admin/builder/spi-builder-workspace/.derivedData/SDKExplicitPrecompiledModules/_Builtin_limits-3VKBU2AFTD65PAJZ5CJ3LHFM2.pcm
SwiftExplicitDependencyGeneratePcm arm64 /Users/admin/builder/spi-builder-workspace/.derivedData/SDKExplicitPrecompiledModules/_DarwinFoundation1-7SPX3MD0HMP55E4OLNCPNDQ53.pcm
SwiftExplicitDependencyGeneratePcm arm64_32 /Users/admin/builder/spi-builder-workspace/.derivedData/SDKExplicitPrecompiledModules/_Builtin_tgmath-23PGCKURCQILXMK0MYZRYDCOU.pcm
SwiftExplicitDependencyGeneratePcm arm64_32 /Users/admin/builder/spi-builder-workspace/.derivedData/SDKExplicitPrecompiledModules/sys_types-8TLLMW08ZJWDGIIPKOYFGHHZW.pcm
SwiftExplicitDependencyGeneratePcm arm64_32 /Users/admin/builder/spi-builder-workspace/.derivedData/SDKExplicitPrecompiledModules/string_h-BFVLUQUSBZWYMLCU9QI7VZALW.pcm
SwiftExplicitDependencyGeneratePcm arm64_32 /Users/admin/builder/spi-builder-workspace/.derivedData/SDKExplicitPrecompiledModules/_Builtin_stdint-1HMXWI3V0V4TXHRWZOMZGZ80Y.pcm
SwiftExplicitDependencyGeneratePcm arm64 /Users/admin/builder/spi-builder-workspace/.derivedData/SDKExplicitPrecompiledModules/_Builtin_limits-9GWPA2B0H20DYUNYHYCWKABJG.pcm
SwiftExplicitDependencyGeneratePcm arm64 /Users/admin/builder/spi-builder-workspace/.derivedData/SDKExplicitPrecompiledModules/_DarwinFoundation2-D0XAPJU49S5E9XMKYOFGSTB1Q.pcm
SwiftExplicitDependencyGeneratePcm arm64_32 /Users/admin/builder/spi-builder-workspace/.derivedData/SDKExplicitPrecompiledModules/_Builtin_intrinsics-196IIAKDQVU42DLOZP9OQCV76.pcm
SwiftExplicitDependencyGeneratePcm arm64_32 /Users/admin/builder/spi-builder-workspace/.derivedData/SDKExplicitPrecompiledModules/_Builtin_stdatomic-1TY035TURL76BF2U98PZPPZRX.pcm
SwiftExplicitDependencyGeneratePcm arm64_32 /Users/admin/builder/spi-builder-workspace/.derivedData/SDKExplicitPrecompiledModules/_DarwinFoundation3-3DUTYQDQSD9HUAAVY947NMWOI.pcm
SwiftExplicitDependencyGeneratePcm arm64 /Users/admin/builder/spi-builder-workspace/.derivedData/SDKExplicitPrecompiledModules/sys_types-2KXQLI78OUCDP779AE68GZJ2.pcm
SwiftExplicitDependencyGeneratePcm arm64 /Users/admin/builder/spi-builder-workspace/.derivedData/SDKExplicitPrecompiledModules/string_h-E6PRXK75PHIPCZFWOFCQ3QBMK.pcm
SwiftExplicitDependencyGeneratePcm arm64 /Users/admin/builder/spi-builder-workspace/.derivedData/SDKExplicitPrecompiledModules/_Builtin_tgmath-8NQ96OZ0YHXEC24JI95P01UF8.pcm
SwiftExplicitDependencyGeneratePcm arm64 /Users/admin/builder/spi-builder-workspace/.derivedData/SDKExplicitPrecompiledModules/_Builtin_stdint-8XMILLJZEGRN2XG7XZUXZ5RLX.pcm
SwiftExplicitDependencyGeneratePcm arm64_32 /Users/admin/builder/spi-builder-workspace/.derivedData/SDKExplicitPrecompiledModules/_Builtin_inttypes-D2KPCR4PEX9AQA33NGLUT5SBR.pcm
SwiftExplicitDependencyGeneratePcm arm64 /Users/admin/builder/spi-builder-workspace/.derivedData/SDKExplicitPrecompiledModules/_DarwinFoundation3-B97LRG0E9GON2NUE65TVG81HU.pcm
SwiftExplicitDependencyGeneratePcm arm64 /Users/admin/builder/spi-builder-workspace/.derivedData/SDKExplicitPrecompiledModules/_Builtin_intrinsics-75960HIPCIYA06IUW8FIIPQT.pcm
SwiftExplicitDependencyGeneratePcm arm64 /Users/admin/builder/spi-builder-workspace/.derivedData/SDKExplicitPrecompiledModules/_Builtin_stdatomic-7JEFA3KBJJJN6TKJWY3OG1VG5.pcm
SwiftExplicitDependencyGeneratePcm arm64_32 /Users/admin/builder/spi-builder-workspace/.derivedData/SDKExplicitPrecompiledModules/Darwin-3FVT1SKLN2ZQ5RVOABMTQBB34.pcm
SwiftExplicitDependencyGeneratePcm arm64 /Users/admin/builder/spi-builder-workspace/.derivedData/SDKExplicitPrecompiledModules/_Builtin_inttypes-3UQSCM7WNM9EK4HZML8TY5J3D.pcm
SwiftExplicitDependencyGeneratePcm arm64_32 /Users/admin/builder/spi-builder-workspace/.derivedData/SDKExplicitPrecompiledModules/simd-21UNWYOBUZI1LVSQ99S1XBLMO.pcm
SwiftExplicitDependencyGeneratePcm arm64 /Users/admin/builder/spi-builder-workspace/.derivedData/SDKExplicitPrecompiledModules/Darwin-3984OXKFNSPE77NT743WK8SEX.pcm
SwiftExplicitDependencyGeneratePcm arm64 /Users/admin/builder/spi-builder-workspace/.derivedData/SDKExplicitPrecompiledModules/simd-EH08NODU6574T74ZKU61VP9BW.pcm
SwiftExplicitDependencyGeneratePcm arm64_32 /Users/admin/builder/spi-builder-workspace/.derivedData/SDKExplicitPrecompiledModules/ObjectiveC-6IJNELR2E80E7LUKESVCP2KET.pcm
SwiftExplicitDependencyGeneratePcm arm64_32 /Users/admin/builder/spi-builder-workspace/.derivedData/SDKExplicitPrecompiledModules/MachO-56838ZJ0NC1EBAJ0O6O8QMPDX.pcm
SwiftExplicitDependencyGeneratePcm arm64_32 /Users/admin/builder/spi-builder-workspace/.derivedData/SDKExplicitPrecompiledModules/os_object-5YWTC6L4756IWSTPGXS5NM0D0.pcm
SwiftExplicitDependencyGeneratePcm arm64 /Users/admin/builder/spi-builder-workspace/.derivedData/SDKExplicitPrecompiledModules/MachO-2U90NNSAQILBNBPS1SA4F8TYP.pcm
SwiftExplicitDependencyGeneratePcm arm64 /Users/admin/builder/spi-builder-workspace/.derivedData/SDKExplicitPrecompiledModules/ObjectiveC-72IVD3VS2RS8Q28D9PIMY0KQP.pcm
SwiftExplicitDependencyGeneratePcm arm64_32 /Users/admin/builder/spi-builder-workspace/.derivedData/SDKExplicitPrecompiledModules/os_workgroup-5JHTPDMNBUNHLJI8LPHKQK1JK.pcm
SwiftExplicitDependencyGeneratePcm arm64 /Users/admin/builder/spi-builder-workspace/.derivedData/SDKExplicitPrecompiledModules/os_object-3SDKD7F87FTZ26OON37DRYT6O.pcm
SwiftExplicitDependencyGeneratePcm arm64_32 /Users/admin/builder/spi-builder-workspace/.derivedData/SDKExplicitPrecompiledModules/Spatial-CWVWNML3T0NXVHZDKVLD3X1YZ.pcm
SwiftExplicitDependencyGeneratePcm arm64_32 /Users/admin/builder/spi-builder-workspace/.derivedData/SDKExplicitPrecompiledModules/Dispatch-2P62F1T4XV63S4P99TUDTOK2Q.pcm
SwiftExplicitDependencyGeneratePcm arm64 /Users/admin/builder/spi-builder-workspace/.derivedData/SDKExplicitPrecompiledModules/os_workgroup-89GG5G7YC2D0ZTK6AZXXQ20DH.pcm
SwiftExplicitDependencyGeneratePcm arm64_32 /Users/admin/builder/spi-builder-workspace/.derivedData/SDKExplicitPrecompiledModules/CoreFoundation-8E6Y4BA3EXYKUGJ24GT9LGV3N.pcm
SwiftExplicitDependencyGeneratePcm arm64_32 /Users/admin/builder/spi-builder-workspace/.derivedData/SDKExplicitPrecompiledModules/XPC-81Y45QFY96XYYFCW2GT6FY8S4.pcm
SwiftExplicitDependencyGeneratePcm arm64 /Users/admin/builder/spi-builder-workspace/.derivedData/SDKExplicitPrecompiledModules/Dispatch-1NLJOVAK60XP0DUB05XA59EIM.pcm
SwiftExplicitDependencyGeneratePcm arm64 /Users/admin/builder/spi-builder-workspace/.derivedData/SDKExplicitPrecompiledModules/Spatial-44FJGYXFAT2AQAW9Z6T7YS02U.pcm
SwiftExplicitDependencyGeneratePcm arm64_32 /Users/admin/builder/spi-builder-workspace/.derivedData/SDKExplicitPrecompiledModules/os-E5IGB442IA6SBB25TTCOLK2OC.pcm
SwiftExplicitDependencyGeneratePcm arm64 /Users/admin/builder/spi-builder-workspace/.derivedData/SDKExplicitPrecompiledModules/CoreFoundation-8T2L24YC5NU7WO6WQJWRY7W08.pcm
SwiftExplicitDependencyGeneratePcm arm64 /Users/admin/builder/spi-builder-workspace/.derivedData/SDKExplicitPrecompiledModules/XPC-40DR0X1DHKGCV4J1IOLFS8MOU.pcm
SwiftExplicitDependencyGeneratePcm arm64_32 /Users/admin/builder/spi-builder-workspace/.derivedData/SDKExplicitPrecompiledModules/Security-D7TOWF88VWF67TB9HAFP5UWB1.pcm
SwiftExplicitDependencyGeneratePcm arm64_32 /Users/admin/builder/spi-builder-workspace/.derivedData/SDKExplicitPrecompiledModules/CoreGraphics-9FDXYX6BKBUT6TJ2VF819E7T5.pcm
SwiftExplicitDependencyGeneratePcm arm64 /Users/admin/builder/spi-builder-workspace/.derivedData/SDKExplicitPrecompiledModules/os-5DIL6Z9LFIGLMZAHM7X2T5435.pcm
SwiftExplicitDependencyGeneratePcm arm64_32 /Users/admin/builder/spi-builder-workspace/.derivedData/SDKExplicitPrecompiledModules/Foundation-BJ2VQGI3OGR34500MEQ1VKHPH.pcm
SwiftExplicitDependencyGeneratePcm arm64_32 /Users/admin/builder/spi-builder-workspace/.derivedData/SDKExplicitPrecompiledModules/CoreVideo-2P8HI0403J99LBDPKNFJ5D4DL.pcm
SwiftExplicitDependencyGeneratePcm arm64_32 /Users/admin/builder/spi-builder-workspace/.derivedData/SDKExplicitPrecompiledModules/CoreText-C9X2REPZN2V5BSU4G80FCETDR.pcm
SwiftExplicitDependencyGeneratePcm arm64 /Users/admin/builder/spi-builder-workspace/.derivedData/SDKExplicitPrecompiledModules/CoreGraphics-DWNZ73GEH98SBJXZ7DEXB420K.pcm
SwiftExplicitDependencyGeneratePcm arm64 /Users/admin/builder/spi-builder-workspace/.derivedData/SDKExplicitPrecompiledModules/Security-6RZ6YBRU8WCUHRFFRVUK5WKMM.pcm
SwiftExplicitDependencyGeneratePcm arm64 /Users/admin/builder/spi-builder-workspace/.derivedData/SDKExplicitPrecompiledModules/Foundation-DLBKUSGXN8QHAT8W0OARR9S8A.pcm
SwiftExplicitDependencyGeneratePcm arm64 /Users/admin/builder/spi-builder-workspace/.derivedData/SDKExplicitPrecompiledModules/CoreText-970YJN6NIYGK1316L35Z0O8QT.pcm
SwiftExplicitDependencyGeneratePcm arm64 /Users/admin/builder/spi-builder-workspace/.derivedData/SDKExplicitPrecompiledModules/CoreVideo-8MRR5MNWUOAW2DBPGUQ8FKK4.pcm
SwiftExplicitDependencyGeneratePcm arm64_32 /Users/admin/builder/spi-builder-workspace/.derivedData/SDKExplicitPrecompiledModules/DataDetection-U9BF7WHFVA6BZGFXXXP272PS.pcm
SwiftExplicitDependencyGeneratePcm arm64_32 /Users/admin/builder/spi-builder-workspace/.derivedData/SDKExplicitPrecompiledModules/Symbols-1H97WMG76HU94F5VGJR19PXFY.pcm
SwiftExplicitDependencyGeneratePcm arm64_32 /Users/admin/builder/spi-builder-workspace/.derivedData/SDKExplicitPrecompiledModules/QuartzCore-6375NPYACK5NYVHPMC1QQ8MC2.pcm
SwiftExplicitDependencyGeneratePcm arm64_32 /Users/admin/builder/spi-builder-workspace/.derivedData/SDKExplicitPrecompiledModules/_LocationEssentials-AQ1OL9QKC3LQLY5CNSRM1HB53.pcm
SwiftExplicitDependencyGeneratePcm arm64_32 /Users/admin/builder/spi-builder-workspace/.derivedData/SDKExplicitPrecompiledModules/UniformTypeIdentifiers-CJZ3NTHPSBH4XWX5EVOG56UZS.pcm
SwiftExplicitDependencyGeneratePcm arm64_32 /Users/admin/builder/spi-builder-workspace/.derivedData/SDKExplicitPrecompiledModules/UserNotifications-6TBN8TEAKO014N1T2QD926XED.pcm
SwiftExplicitDependencyGeneratePcm arm64_32 /Users/admin/builder/spi-builder-workspace/.derivedData/SDKExplicitPrecompiledModules/CoreTransferable-5D4IR6X37682FPHJ5CBPTKQV6.pcm
SwiftExplicitDependencyGeneratePcm arm64_32 /Users/admin/builder/spi-builder-workspace/.derivedData/SDKExplicitPrecompiledModules/OSLog-D9AVFY0KWO7RVBIQ73CBIJVCN.pcm
SwiftExplicitDependencyGeneratePcm arm64_32 /Users/admin/builder/spi-builder-workspace/.derivedData/SDKExplicitPrecompiledModules/Accessibility-F385OMZ5GYBUY5O4QAJB4NRII.pcm
SwiftExplicitDependencyGeneratePcm arm64_32 /Users/admin/builder/spi-builder-workspace/.derivedData/SDKExplicitPrecompiledModules/UIUtilities-9YFVNIMRC5HRVOIARNWHP1E3H.pcm
SwiftExplicitDependencyGeneratePcm arm64_32 /Users/admin/builder/spi-builder-workspace/.derivedData/SDKExplicitPrecompiledModules/CoreLocation-8XU5YMYM4P11RQMYCQAG65ITK.pcm
SwiftExplicitDependencyGeneratePcm arm64_32 /Users/admin/builder/spi-builder-workspace/.derivedData/SDKExplicitPrecompiledModules/SwiftUICore-3Q7WLRD8MR9R3NGIPUBQCP6F6.pcm
SwiftExplicitDependencyGeneratePcm arm64 /Users/admin/builder/spi-builder-workspace/.derivedData/SDKExplicitPrecompiledModules/QuartzCore-94KFMWNOU7ZLUZNB4T5DLZC9D.pcm
SwiftExplicitDependencyGeneratePcm arm64 /Users/admin/builder/spi-builder-workspace/.derivedData/SDKExplicitPrecompiledModules/Symbols-3EFABTJ9L5PQDJ7RQCYQWEJMM.pcm
SwiftExplicitDependencyGeneratePcm arm64 /Users/admin/builder/spi-builder-workspace/.derivedData/SDKExplicitPrecompiledModules/UniformTypeIdentifiers-8L08Q8DQJV8C4AW84YVGFGTRN.pcm
SwiftExplicitDependencyGeneratePcm arm64 /Users/admin/builder/spi-builder-workspace/.derivedData/SDKExplicitPrecompiledModules/UIUtilities-IR7RNW23VAUKYI9MLCS9NL9A.pcm
SwiftExplicitDependencyGeneratePcm arm64 /Users/admin/builder/spi-builder-workspace/.derivedData/SDKExplicitPrecompiledModules/_LocationEssentials-5ZZDGDXB6HLQUC72SJW7YJ7MK.pcm
SwiftExplicitDependencyGeneratePcm arm64 /Users/admin/builder/spi-builder-workspace/.derivedData/SDKExplicitPrecompiledModules/DataDetection-7BNVI1SZW5ISQL5SX4WL2X7I5.pcm
SwiftExplicitDependencyGeneratePcm arm64 /Users/admin/builder/spi-builder-workspace/.derivedData/SDKExplicitPrecompiledModules/UserNotifications-ARAH8MEQ0C2L0FBO39HITJMAO.pcm
SwiftExplicitDependencyGeneratePcm arm64 /Users/admin/builder/spi-builder-workspace/.derivedData/SDKExplicitPrecompiledModules/Accessibility-27QMG6ZQ1NKYTNBYFPM1XKNFC.pcm
SwiftExplicitDependencyGeneratePcm arm64 /Users/admin/builder/spi-builder-workspace/.derivedData/SDKExplicitPrecompiledModules/CoreTransferable-9PPG3SLJ55T4LITIFYX2M0NOZ.pcm
SwiftExplicitDependencyGeneratePcm arm64_32 /Users/admin/builder/spi-builder-workspace/.derivedData/SDKExplicitPrecompiledModules/CoreMotion-1XGTVTE5PP32UHME8AC63TL6.pcm
SwiftExplicitDependencyGeneratePcm arm64 /Users/admin/builder/spi-builder-workspace/.derivedData/SDKExplicitPrecompiledModules/OSLog-B7VGO357Y3GJG35TST7DKDSI3.pcm
SwiftExplicitDependencyGeneratePcm arm64 /Users/admin/builder/spi-builder-workspace/.derivedData/SDKExplicitPrecompiledModules/CoreLocation-ACKJ9K7ABI14F97Y46Y6SRR17.pcm
SwiftExplicitDependencyGeneratePcm arm64 /Users/admin/builder/spi-builder-workspace/.derivedData/SDKExplicitPrecompiledModules/SwiftUICore-C1DST1IX2Z0PTH5SJJZ1IULRB.pcm
SwiftExplicitDependencyGeneratePcm arm64_32 /Users/admin/builder/spi-builder-workspace/.derivedData/SDKExplicitPrecompiledModules/UIKit-6PPV7YPZ89CZPHYAP072QH8B6.pcm
SwiftExplicitDependencyGeneratePcm arm64 /Users/admin/builder/spi-builder-workspace/.derivedData/SDKExplicitPrecompiledModules/CoreMotion-6RD5K48QT1F4L9CATNFD2O7YB.pcm
SwiftExplicitDependencyGeneratePcm arm64 /Users/admin/builder/spi-builder-workspace/.derivedData/SDKExplicitPrecompiledModules/UIKit-27R3P1YMV4C6JLDT661G3MRIA.pcm
SwiftEmitModule normal arm64_32 Emitting\ module\ for\ BoundarySlider (in target 'BoundarySlider' from project 'BoundarySlider')
/Users/admin/builder/spi-builder-workspace/Sources/BoundarySlider/BoundarySlider.swift:13:29: error: 'CALayer' is unavailable in watchOS
11 | /// If slide reach that boundary will invoke callback to gitve option to execute custom logic
12 | public final class BoundarySlider: UIControl {
13 | private var trackLayer: CALayer!
| `- error: 'CALayer' is unavailable in watchOS
14 | private var fillTrackerLayer: CALayer!
15 | private var bufferLayer: CALayer!
/Applications/Xcode-27.0.0-Release.Candidate.app/Contents/Developer/Platforms/WatchOS.platform/Developer/SDKs/WatchOS27.0.sdk/System/Library/Frameworks/QuartzCore.framework/Headers/CALayer.h:117:12: note: 'CALayer' has been explicitly marked unavailable here
115 |
116 | API_AVAILABLE(macos(10.5), ios(2.0), tvos(9.0)) API_UNAVAILABLE(watchos)
117 | @interface CALayer : NSObject <NSSecureCoding, CAMediaTiming>
| `- note: 'CALayer' has been explicitly marked unavailable here
118 |
119 | /** Layer creation and initialization. **/
/Users/admin/builder/spi-builder-workspace/Sources/BoundarySlider/BoundarySlider.swift:14:35: error: 'CALayer' is unavailable in watchOS
12 | public final class BoundarySlider: UIControl {
13 | private var trackLayer: CALayer!
14 | private var fillTrackerLayer: CALayer!
| `- error: 'CALayer' is unavailable in watchOS
15 | private var bufferLayer: CALayer!
16 | private var boundaryLayerDictionary = [Float: CALayer]()
/Applications/Xcode-27.0.0-Release.Candidate.app/Contents/Developer/Platforms/WatchOS.platform/Developer/SDKs/WatchOS27.0.sdk/System/Library/Frameworks/QuartzCore.framework/Headers/CALayer.h:117:12: note: 'CALayer' has been explicitly marked unavailable here
115 |
116 | API_AVAILABLE(macos(10.5), ios(2.0), tvos(9.0)) API_UNAVAILABLE(watchos)
117 | @interface CALayer : NSObject <NSSecureCoding, CAMediaTiming>
| `- note: 'CALayer' has been explicitly marked unavailable here
118 |
119 | /** Layer creation and initialization. **/
/Users/admin/builder/spi-builder-workspace/Sources/BoundarySlider/BoundarySlider.swift:15:30: error: 'CALayer' is unavailable in watchOS
13 | private var trackLayer: CALayer!
14 | private var fillTrackerLayer: CALayer!
15 | private var bufferLayer: CALayer!
| `- error: 'CALayer' is unavailable in watchOS
16 | private var boundaryLayerDictionary = [Float: CALayer]()
17 | private var thumbInitialXPosition: Float = 0.0
/Applications/Xcode-27.0.0-Release.Candidate.app/Contents/Developer/Platforms/WatchOS.platform/Developer/SDKs/WatchOS27.0.sdk/System/Library/Frameworks/QuartzCore.framework/Headers/CALayer.h:117:12: note: 'CALayer' has been explicitly marked unavailable here
115 |
116 | API_AVAILABLE(macos(10.5), ios(2.0), tvos(9.0)) API_UNAVAILABLE(watchos)
117 | @interface CALayer : NSObject <NSSecureCoding, CAMediaTiming>
| `- note: 'CALayer' has been explicitly marked unavailable here
118 |
119 | /** Layer creation and initialization. **/
/Users/admin/builder/spi-builder-workspace/Sources/BoundarySlider/BoundarySlider.swift:16:51: error: 'CALayer' is unavailable in watchOS
14 | private var fillTrackerLayer: CALayer!
15 | private var bufferLayer: CALayer!
16 | private var boundaryLayerDictionary = [Float: CALayer]()
| `- error: 'CALayer' is unavailable in watchOS
17 | private var thumbInitialXPosition: Float = 0.0
18 |
/Applications/Xcode-27.0.0-Release.Candidate.app/Contents/Developer/Platforms/WatchOS.platform/Developer/SDKs/WatchOS27.0.sdk/System/Library/Frameworks/QuartzCore.framework/Headers/CALayer.h:117:12: note: 'CALayer' has been explicitly marked unavailable here
115 |
116 | API_AVAILABLE(macos(10.5), ios(2.0), tvos(9.0)) API_UNAVAILABLE(watchos)
117 | @interface CALayer : NSObject <NSSecureCoding, CAMediaTiming>
| `- note: 'CALayer' has been explicitly marked unavailable here
118 |
119 | /** Layer creation and initialization. **/
/Users/admin/builder/spi-builder-workspace/Sources/BoundarySlider/BoundarySlider.swift:22:42: error: 'systemYellow' is unavailable in watchOS
20 | public var fillTrackColor: UIColor = .red
21 | public var bufferTrackColor: UIColor = .init(white: 1.0, alpha: 0.6)
22 | public var boundaryColor: UIColor = .systemYellow
| `- error: 'systemYellow' is unavailable in watchOS
23 |
24 | public var minimumValue: Float = 0.0
/Applications/Xcode-27.0.0-Release.Candidate.app/Contents/Developer/Platforms/WatchOS.platform/Developer/SDKs/WatchOS27.0.sdk/System/Library/Frameworks/UIKit.framework/Headers/UIInterface.h:125:49: note: 'systemYellow' has been explicitly marked unavailable here
123 | @property (class, nonatomic, readonly) UIColor *systemBlueColor API_AVAILABLE(ios(7.0), tvos(9.0)) API_UNAVAILABLE(watchos);
124 | @property (class, nonatomic, readonly) UIColor *systemOrangeColor API_AVAILABLE(ios(7.0), tvos(9.0)) API_UNAVAILABLE(watchos);
125 | @property (class, nonatomic, readonly) UIColor *systemYellowColor API_AVAILABLE(ios(7.0), tvos(9.0)) API_UNAVAILABLE(watchos);
| `- note: 'systemYellow' has been explicitly marked unavailable here
126 | @property (class, nonatomic, readonly) UIColor *systemPinkColor API_AVAILABLE(ios(7.0), tvos(9.0)) API_UNAVAILABLE(watchos);
127 | @property (class, nonatomic, readonly) UIColor *systemPurpleColor API_AVAILABLE(ios(9.0), tvos(9.0)) API_UNAVAILABLE(watchos);
/Users/admin/builder/spi-builder-workspace/Sources/BoundarySlider/BoundarySlider.swift:63:52: error: 'CALayer' is unavailable in watchOS
61 | }
62 |
63 | public override func layoutSublayers(of layer: CALayer) {
| `- error: 'CALayer' is unavailable in watchOS
64 | super.layoutSublayers(of: layer)
65 | updateBasicPropertyOfLayer()
/Applications/Xcode-27.0.0-Release.Candidate.app/Contents/Developer/Platforms/WatchOS.platform/Developer/SDKs/WatchOS27.0.sdk/System/Library/Frameworks/QuartzCore.framework/Headers/CALayer.h:117:12: note: 'CALayer' has been explicitly marked unavailable here
115 |
116 | API_AVAILABLE(macos(10.5), ios(2.0), tvos(9.0)) API_UNAVAILABLE(watchos)
117 | @interface CALayer : NSObject <NSSecureCoding, CAMediaTiming>
| `- note: 'CALayer' has been explicitly marked unavailable here
118 |
119 | /** Layer creation and initialization. **/
/Users/admin/builder/spi-builder-workspace/Sources/BoundarySlider/BoundarySlider.swift:76:49: error: 'UIPanGestureRecognizer' is unavailable in watchOS
74 | }
75 |
76 | @objc private func handleGesture(_ gesture: UIPanGestureRecognizer) {
| `- error: 'UIPanGestureRecognizer' is unavailable in watchOS
77 | let translationX = gesture.translation(in: self).x
78 | switch gesture.state {
/Applications/Xcode-27.0.0-Release.Candidate.app/Contents/Developer/Platforms/WatchOS.platform/Developer/SDKs/WatchOS27.0.sdk/System/Library/Frameworks/UIKit.framework/Headers/UIPanGestureRecognizer.h:31:12: note: 'UIPanGestureRecognizer' has been explicitly marked unavailable here
29 |
30 | UIKIT_EXTERN API_AVAILABLE(ios(3.2)) API_UNAVAILABLE(watchos) NS_SWIFT_UI_ACTOR
31 | @interface UIPanGestureRecognizer : UIGestureRecognizer
| `- note: 'UIPanGestureRecognizer' has been explicitly marked unavailable here
32 |
33 | @property (nonatomic) NSUInteger minimumNumberOfTouches API_UNAVAILABLE(tvos); // default is 1. the minimum number of touches required to match
/Users/admin/builder/spi-builder-workspace/Sources/BoundarySlider/BoundarySlider.swift:170:64: error: 'UIEvent' is unavailable in watchOS
168 | }
169 |
170 | public override func hitTest(_ point: CGPoint, with event: UIEvent?) -> UIView? {
| `- error: 'UIEvent' is unavailable in watchOS
171 | guard !self.isHidden, self.isUserInteractionEnabled, self.alpha > 0 else { return nil }
172 | let expandedBounds = bounds.insetBy(dx: min(bounds.width - 10, 0), dy: min(bounds.height - 10, 0))
/Applications/Xcode-27.0.0-Release.Candidate.app/Contents/Developer/Platforms/WatchOS.platform/Developer/SDKs/WatchOS27.0.sdk/System/Library/Frameworks/UIKit.framework/Headers/UIEvent.h:62:12: note: 'UIEvent' has been explicitly marked unavailable here
60 |
61 | UIKIT_EXTERN API_AVAILABLE(ios(2.0)) API_UNAVAILABLE(watchos) NS_SWIFT_UI_ACTOR
62 | @interface UIEvent : NSObject
| `- note: 'UIEvent' has been explicitly marked unavailable here
63 |
64 | @property(nonatomic,readonly) UIEventType type API_AVAILABLE(ios(3.0));
SwiftCompile normal arm64_32 (in target 'BoundarySlider' from project 'BoundarySlider')
cd /Users/admin/builder/spi-builder-workspace/.swiftpm/xcode
/Users/admin/builder/spi-builder-workspace/Sources/BoundarySlider/BoundarySlider.swift:170:77: error: 'UIView' is unavailable in watchOS
168 | }
169 |
170 | public override func hitTest(_ point: CGPoint, with event: UIEvent?) -> UIView? {
| `- error: 'UIView' is unavailable in watchOS
171 | guard !self.isHidden, self.isUserInteractionEnabled, self.alpha > 0 else { return nil }
172 | let expandedBounds = bounds.insetBy(dx: min(bounds.width - 10, 0), dy: min(bounds.height - 10, 0))
/Applications/Xcode-27.0.0-Release.Candidate.app/Contents/Developer/Platforms/WatchOS.platform/Developer/SDKs/WatchOS27.0.sdk/System/Library/Frameworks/UIKit.framework/Headers/UIView.h:152:12: note: 'UIView' has been explicitly marked unavailable here
150 |
151 | UIKIT_EXTERN API_AVAILABLE(ios(2.0)) API_UNAVAILABLE(watchos) NS_SWIFT_UI_ACTOR
152 | @interface UIView : UIResponder <NSCoding, UIAppearance, UIAppearanceContainer, UIDynamicItem, UITraitEnvironment, UICoordinateSpace, UIFocusItem, UIFocusItemContainer, CALayerDelegate>
| `- note: 'UIView' has been explicitly marked unavailable here
153 |
154 | @property(class, nonatomic, readonly) Class layerClass; // default is [CALayer class]. Used when creating the underlying layer for the view.
/Users/admin/builder/spi-builder-workspace/Sources/BoundarySlider/BoundarySlider.swift:12:36: error: 'UIControl' is unavailable in watchOS
10 | /// This view will show the boundary with in slide.
11 | /// If slide reach that boundary will invoke callback to gitve option to execute custom logic
12 | public final class BoundarySlider: UIControl {
| `- error: 'UIControl' is unavailable in watchOS
13 | private var trackLayer: CALayer!
14 | private var fillTrackerLayer: CALayer!
/Applications/Xcode-27.0.0-Release.Candidate.app/Contents/Developer/Platforms/WatchOS.platform/Developer/SDKs/WatchOS27.0.sdk/System/Library/Frameworks/UIKit.framework/Headers/UIControl.h:76:12: note: 'UIControl' has been explicitly marked unavailable here
74 |
75 | UIKIT_EXTERN API_AVAILABLE(ios(2.0)) API_UNAVAILABLE(watchos) NS_SWIFT_UI_ACTOR
76 | @interface UIControl : UIView
| `- note: 'UIControl' has been explicitly marked unavailable here
77 |
78 | - (instancetype)initWithFrame:(CGRect)frame NS_DESIGNATED_INITIALIZER;
Failed frontend command:
/Applications/Xcode-27.0.0-Release.Candidate.app/Contents/Developer/Toolchains/XcodeDefault.xctoolchain/usr/bin/swift-frontend -frontend -emit-module -experimental-skip-non-inlinable-function-bodies-without-types /Users/admin/builder/spi-builder-workspace/Sources/BoundarySlider/BoundarySlider.swift -target arm64_32-apple-watchos9.0 -disable-cross-import-overlay-search -load-resolved-plugin /Applications/Xcode-27.0.0-Release.Candidate.app/Contents/Developer/Platforms/WatchOS.platform/Developer/usr/lib/swift/host/plugins/libFoundationMacros.dylib\#/Applications/Xcode-27.0.0-Release.Candidate.app/Contents/Developer/Platforms/WatchOS.platform/Developer/usr/bin/swift-plugin-server\#FoundationMacros -load-resolved-plugin /Applications/Xcode-27.0.0-Release.Candidate.app/Contents/Developer/Platforms/WatchOS.platform/Developer/usr/lib/swift/host/plugins/libObservationMacros.dylib\#/Applications/Xcode-27.0.0-Release.Candidate.app/Contents/Developer/Platforms/WatchOS.platform/Developer/usr/bin/swift-plugin-server\#ObservationMacros -load-resolved-plugin /Applications/Xcode-27.0.0-Release.Candidate.app/Contents/Developer/Platforms/WatchOS.platform/Developer/usr/lib/swift/host/plugins/libSwiftMacros.dylib\#/Applications/Xcode-27.0.0-Release.Candidate.app/Contents/Developer/Platforms/WatchOS.platform/Developer/usr/bin/swift-plugin-server\#SwiftMacros -load-resolved-plugin /Applications/Xcode-27.0.0-Release.Candidate.app/Contents/Developer/Platforms/WatchOS.platform/Developer/usr/lib/swift/host/plugins/libSwiftUIMacros.dylib\#/Applications/Xcode-27.0.0-Release.Candidate.app/Contents/Developer/Platforms/WatchOS.platform/Developer/usr/bin/swift-plugin-server\#SwiftUIMacros -disable-implicit-swift-modules -Xcc -fno-implicit-modules -Xcc -fno-implicit-module-maps -explicit-swift-module-map-file /Users/admin/builder/spi-builder-workspace/.derivedData/Build/Intermediates.noindex/BoundarySlider.build/Debug-watchos/BoundarySlider-t.build/Objects-normal/arm64_32/BoundarySlider-dependencies-2.json -enable-objc-interop -sdk /Applications/Xcode-27.0.0-Release.Candidate.app/Contents/Developer/Platforms/WatchOS.platform/Developer/SDKs/WatchOS27.0.sdk -I /Users/admin/builder/spi-builder-workspace/.derivedData/Build/Products/Debug-watchos -Isystem /Applications/Xcode-27.0.0-Release.Candidate.app/Contents/Developer/Platforms/WatchOS.platform/Developer/usr/lib -F /Users/admin/builder/spi-builder-workspace/.derivedData/Build/Products/Debug-watchos -F /Applications/Xcode-27.0.0-Release.Candidate.app/Contents/Developer/Platforms/WatchOS.platform/Developer/Library/Frameworks -F /Applications/Xcode-27.0.0-Release.Candidate.app/Contents/Developer/Platforms/WatchOS.platform/Developer/SDKs/WatchOS27.0.sdk/Developer/Library/Frameworks -module-cache-path /Users/admin/builder/spi-builder-workspace/.derivedData/Build/Intermediates.noindex/SwiftExplicitPrecompiledModules -no-color-diagnostics -Xcc -fno-color-diagnostics -enable-testing -g -debug-info-format\=dwarf -dwarf-version\=4 -swift-version 5 -Onone -D SWIFT_PACKAGE -D DEBUG -D SWIFT_MODULE_RESOURCE_BUNDLE_UNAVAILABLE -D Xcode -serialize-debugging-options -enable-experimental-feature DebugDescriptionMacro -empty-abi-descriptor -validate-clang-modules-once -clang-build-session-file /Users/admin/builder/spi-builder-workspace/.derivedData/ModuleCache.noindex/Session.modulevalidation -Xcc -working-directory -Xcc /Users/admin/builder/spi-builder-workspace/.swiftpm/xcode -enable-anonymous-context-mangled-names -file-compilation-dir /Users/admin/builder/spi-builder-workspace/.swiftpm/xcode -Xcc -D_LIBCPP_HARDENING_MODE\=_LIBCPP_HARDENING_MODE_DEBUG -Xcc -ivfsstatcache -Xcc /Users/admin/builder/spi-builder-workspace/.derivedData/SDKStatCaches.noindex/watchos27.0-24R360-e829b21a6f8c9b70876ba0858053c04477534ef55a1706bf4c1112bbb242f0a2.sdkstatcache -Xcc -fmodules-prune-interval\=86400 -Xcc -fmodules-prune-after\=345600 -Xcc -I/Users/admin/builder/spi-builder-workspace/.derivedData/Build/Products/Debug-watchos/include -Xcc -I/Users/admin/builder/spi-builder-workspace/.derivedData/Build/Intermediates.noindex/BoundarySlider.build/Debug-watchos/BoundarySlider-t.build/DerivedSources-normal/arm64_32 -Xcc -I/Users/admin/builder/spi-builder-workspace/.derivedData/Build/Intermediates.noindex/BoundarySlider.build/Debug-watchos/BoundarySlider-t.build/DerivedSources/arm64_32 -Xcc -I/Users/admin/builder/spi-builder-workspace/.derivedData/Build/Intermediates.noindex/BoundarySlider.build/Debug-watchos/BoundarySlider-t.build/DerivedSources -Xcc -DSWIFT_PACKAGE -Xcc -DDEBUG\=1 -no-auto-bridging-header-chaining -module-name BoundarySlider -package-name spi_builder_workspace -const-gather-protocols-file /Users/admin/builder/spi-builder-workspace/.derivedData/Build/Intermediates.noindex/BoundarySlider.build/Debug-watchos/BoundarySlider-t.build/Objects-normal/arm64_32/BoundarySlider_const_extract_protocols.json -disable-clang-spi -clang-target arm64_32-apple-watchos27.0 -target-sdk-version 27.0 -target-sdk-name watchos27.0 -in-process-plugin-server-path /Applications/Xcode-27.0.0-Release.Candidate.app/Contents/Developer/Toolchains/XcodeDefault.xctoolchain/usr/lib/swift/host/libSwiftInProcPluginServer.dylib -emit-module-doc-path /Users/admin/builder/spi-builder-workspace/.derivedData/Build/Intermediates.noindex/BoundarySlider.build/Debug-watchos/BoundarySlider-t.build/Objects-normal/arm64_32/BoundarySlider.swiftdoc -emit-module-source-info-path /Users/admin/builder/spi-builder-workspace/.derivedData/Build/Intermediates.noindex/BoundarySlider.build/Debug-watchos/BoundarySlider-t.build/Objects-normal/arm64_32/BoundarySlider.swiftsourceinfo -emit-objc-header-path /Users/admin/builder/spi-builder-workspace/.derivedData/Build/Intermediates.noindex/BoundarySlider.build/Debug-watchos/BoundarySlider-t.build/Objects-normal/arm64_32/BoundarySlider-Swift.h -serialize-diagnostics-path /Users/admin/builder/spi-builder-workspace/.derivedData/Build/Intermediates.noindex/BoundarySlider.build/Debug-watchos/BoundarySlider-t.build/Objects-normal/arm64_32/BoundarySlider-primary-emit-module.dia -emit-dependencies-path /Users/admin/builder/spi-builder-workspace/.derivedData/Build/Intermediates.noindex/BoundarySlider.build/Debug-watchos/BoundarySlider-t.build/Objects-normal/arm64_32/BoundarySlider-primary-emit-module.d -parse-as-library -o /Users/admin/builder/spi-builder-workspace/.derivedData/Build/Intermediates.noindex/BoundarySlider.build/Debug-watchos/BoundarySlider-t.build/Objects-normal/arm64_32/BoundarySlider.swiftmodule -emit-abi-descriptor-path /Users/admin/builder/spi-builder-workspace/.derivedData/Build/Intermediates.noindex/BoundarySlider.build/Debug-watchos/BoundarySlider-t.build/Objects-normal/arm64_32/BoundarySlider.abi.json
SwiftCompile normal arm64_32 Compiling\ BoundarySlider.swift /Users/admin/builder/spi-builder-workspace/Sources/BoundarySlider/BoundarySlider.swift (in target 'BoundarySlider' from project 'BoundarySlider')
/Users/admin/builder/spi-builder-workspace/Sources/BoundarySlider/BoundarySlider.swift:13:29: error: 'CALayer' is unavailable in watchOS
11 | /// If slide reach that boundary will invoke callback to gitve option to execute custom logic
12 | public final class BoundarySlider: UIControl {
13 | private var trackLayer: CALayer!
| `- error: 'CALayer' is unavailable in watchOS
14 | private var fillTrackerLayer: CALayer!
15 | private var bufferLayer: CALayer!
/Applications/Xcode-27.0.0-Release.Candidate.app/Contents/Developer/Platforms/WatchOS.platform/Developer/SDKs/WatchOS27.0.sdk/System/Library/Frameworks/QuartzCore.framework/Headers/CALayer.h:117:12: note: 'CALayer' has been explicitly marked unavailable here
115 |
116 | API_AVAILABLE(macos(10.5), ios(2.0), tvos(9.0)) API_UNAVAILABLE(watchos)
117 | @interface CALayer : NSObject <NSSecureCoding, CAMediaTiming>
| `- note: 'CALayer' has been explicitly marked unavailable here
118 |
119 | /** Layer creation and initialization. **/
/Users/admin/builder/spi-builder-workspace/Sources/BoundarySlider/BoundarySlider.swift:14:35: error: 'CALayer' is unavailable in watchOS
12 | public final class BoundarySlider: UIControl {
13 | private var trackLayer: CALayer!
14 | private var fillTrackerLayer: CALayer!
| `- error: 'CALayer' is unavailable in watchOS
15 | private var bufferLayer: CALayer!
16 | private var boundaryLayerDictionary = [Float: CALayer]()
/Applications/Xcode-27.0.0-Release.Candidate.app/Contents/Developer/Platforms/WatchOS.platform/Developer/SDKs/WatchOS27.0.sdk/System/Library/Frameworks/QuartzCore.framework/Headers/CALayer.h:117:12: note: 'CALayer' has been explicitly marked unavailable here
115 |
116 | API_AVAILABLE(macos(10.5), ios(2.0), tvos(9.0)) API_UNAVAILABLE(watchos)
117 | @interface CALayer : NSObject <NSSecureCoding, CAMediaTiming>
| `- note: 'CALayer' has been explicitly marked unavailable here
118 |
119 | /** Layer creation and initialization. **/
/Users/admin/builder/spi-builder-workspace/Sources/BoundarySlider/BoundarySlider.swift:15:30: error: 'CALayer' is unavailable in watchOS
13 | private var trackLayer: CALayer!
14 | private var fillTrackerLayer: CALayer!
15 | private var bufferLayer: CALayer!
| `- error: 'CALayer' is unavailable in watchOS
16 | private var boundaryLayerDictionary = [Float: CALayer]()
17 | private var thumbInitialXPosition: Float = 0.0
/Applications/Xcode-27.0.0-Release.Candidate.app/Contents/Developer/Platforms/WatchOS.platform/Developer/SDKs/WatchOS27.0.sdk/System/Library/Frameworks/QuartzCore.framework/Headers/CALayer.h:117:12: note: 'CALayer' has been explicitly marked unavailable here
115 |
116 | API_AVAILABLE(macos(10.5), ios(2.0), tvos(9.0)) API_UNAVAILABLE(watchos)
117 | @interface CALayer : NSObject <NSSecureCoding, CAMediaTiming>
| `- note: 'CALayer' has been explicitly marked unavailable here
118 |
119 | /** Layer creation and initialization. **/
/Users/admin/builder/spi-builder-workspace/Sources/BoundarySlider/BoundarySlider.swift:16:51: error: 'CALayer' is unavailable in watchOS
14 | private var fillTrackerLayer: CALayer!
15 | private var bufferLayer: CALayer!
16 | private var boundaryLayerDictionary = [Float: CALayer]()
| `- error: 'CALayer' is unavailable in watchOS
17 | private var thumbInitialXPosition: Float = 0.0
18 |
/Applications/Xcode-27.0.0-Release.Candidate.app/Contents/Developer/Platforms/WatchOS.platform/Developer/SDKs/WatchOS27.0.sdk/System/Library/Frameworks/QuartzCore.framework/Headers/CALayer.h:117:12: note: 'CALayer' has been explicitly marked unavailable here
115 |
116 | API_AVAILABLE(macos(10.5), ios(2.0), tvos(9.0)) API_UNAVAILABLE(watchos)
117 | @interface CALayer : NSObject <NSSecureCoding, CAMediaTiming>
| `- note: 'CALayer' has been explicitly marked unavailable here
118 |
119 | /** Layer creation and initialization. **/
/Users/admin/builder/spi-builder-workspace/Sources/BoundarySlider/BoundarySlider.swift:22:42: error: 'systemYellow' is unavailable in watchOS
20 | public var fillTrackColor: UIColor = .red
21 | public var bufferTrackColor: UIColor = .init(white: 1.0, alpha: 0.6)
22 | public var boundaryColor: UIColor = .systemYellow
| `- error: 'systemYellow' is unavailable in watchOS
23 |
24 | public var minimumValue: Float = 0.0
/Applications/Xcode-27.0.0-Release.Candidate.app/Contents/Developer/Platforms/WatchOS.platform/Developer/SDKs/WatchOS27.0.sdk/System/Library/Frameworks/UIKit.framework/Headers/UIInterface.h:125:49: note: 'systemYellow' has been explicitly marked unavailable here
123 | @property (class, nonatomic, readonly) UIColor *systemBlueColor API_AVAILABLE(ios(7.0), tvos(9.0)) API_UNAVAILABLE(watchos);
124 | @property (class, nonatomic, readonly) UIColor *systemOrangeColor API_AVAILABLE(ios(7.0), tvos(9.0)) API_UNAVAILABLE(watchos);
125 | @property (class, nonatomic, readonly) UIColor *systemYellowColor API_AVAILABLE(ios(7.0), tvos(9.0)) API_UNAVAILABLE(watchos);
| `- note: 'systemYellow' has been explicitly marked unavailable here
126 | @property (class, nonatomic, readonly) UIColor *systemPinkColor API_AVAILABLE(ios(7.0), tvos(9.0)) API_UNAVAILABLE(watchos);
127 | @property (class, nonatomic, readonly) UIColor *systemPurpleColor API_AVAILABLE(ios(9.0), tvos(9.0)) API_UNAVAILABLE(watchos);
/Users/admin/builder/spi-builder-workspace/Sources/BoundarySlider/BoundarySlider.swift:63:52: error: 'CALayer' is unavailable in watchOS
61 | }
62 |
63 | public override func layoutSublayers(of layer: CALayer) {
| `- error: 'CALayer' is unavailable in watchOS
64 | super.layoutSublayers(of: layer)
65 | updateBasicPropertyOfLayer()
/Applications/Xcode-27.0.0-Release.Candidate.app/Contents/Developer/Platforms/WatchOS.platform/Developer/SDKs/WatchOS27.0.sdk/System/Library/Frameworks/QuartzCore.framework/Headers/CALayer.h:117:12: note: 'CALayer' has been explicitly marked unavailable here
115 |
116 | API_AVAILABLE(macos(10.5), ios(2.0), tvos(9.0)) API_UNAVAILABLE(watchos)
117 | @interface CALayer : NSObject <NSSecureCoding, CAMediaTiming>
| `- note: 'CALayer' has been explicitly marked unavailable here
118 |
119 | /** Layer creation and initialization. **/
/Users/admin/builder/spi-builder-workspace/Sources/BoundarySlider/BoundarySlider.swift:76:49: error: 'UIPanGestureRecognizer' is unavailable in watchOS
74 | }
75 |
76 | @objc private func handleGesture(_ gesture: UIPanGestureRecognizer) {
| `- error: 'UIPanGestureRecognizer' is unavailable in watchOS
77 | let translationX = gesture.translation(in: self).x
78 | switch gesture.state {
/Applications/Xcode-27.0.0-Release.Candidate.app/Contents/Developer/Platforms/WatchOS.platform/Developer/SDKs/WatchOS27.0.sdk/System/Library/Frameworks/UIKit.framework/Headers/UIPanGestureRecognizer.h:31:12: note: 'UIPanGestureRecognizer' has been explicitly marked unavailable here
29 |
30 | UIKIT_EXTERN API_AVAILABLE(ios(3.2)) API_UNAVAILABLE(watchos) NS_SWIFT_UI_ACTOR
31 | @interface UIPanGestureRecognizer : UIGestureRecognizer
| `- note: 'UIPanGestureRecognizer' has been explicitly marked unavailable here
32 |
33 | @property (nonatomic) NSUInteger minimumNumberOfTouches API_UNAVAILABLE(tvos); // default is 1. the minimum number of touches required to match
/Users/admin/builder/spi-builder-workspace/Sources/BoundarySlider/BoundarySlider.swift:170:64: error: 'UIEvent' is unavailable in watchOS
168 | }
169 |
170 | public override func hitTest(_ point: CGPoint, with event: UIEvent?) -> UIView? {
| `- error: 'UIEvent' is unavailable in watchOS
171 | guard !self.isHidden, self.isUserInteractionEnabled, self.alpha > 0 else { return nil }
172 | let expandedBounds = bounds.insetBy(dx: min(bounds.width - 10, 0), dy: min(bounds.height - 10, 0))
/Applications/Xcode-27.0.0-Release.Candidate.app/Contents/Developer/Platforms/WatchOS.platform/Developer/SDKs/WatchOS27.0.sdk/System/Library/Frameworks/UIKit.framework/Headers/UIEvent.h:62:12: note: 'UIEvent' has been explicitly marked unavailable here
60 |
61 | UIKIT_EXTERN API_AVAILABLE(ios(2.0)) API_UNAVAILABLE(watchos) NS_SWIFT_UI_ACTOR
62 | @interface UIEvent : NSObject
| `- note: 'UIEvent' has been explicitly marked unavailable here
63 |
64 | @property(nonatomic,readonly) UIEventType type API_AVAILABLE(ios(3.0));
SwiftCompile normal arm64_32 /Users/admin/builder/spi-builder-workspace/Sources/BoundarySlider/BoundarySlider.swift (in target 'BoundarySlider' from project 'BoundarySlider')
cd /Users/admin/builder/spi-builder-workspace/.swiftpm/xcode
builtin-SwiftPerFileCompile BoundarySlider.swift
/Users/admin/builder/spi-builder-workspace/Sources/BoundarySlider/BoundarySlider.swift:170:77: error: 'UIView' is unavailable in watchOS
168 | }
169 |
170 | public override func hitTest(_ point: CGPoint, with event: UIEvent?) -> UIView? {
| `- error: 'UIView' is unavailable in watchOS
171 | guard !self.isHidden, self.isUserInteractionEnabled, self.alpha > 0 else { return nil }
172 | let expandedBounds = bounds.insetBy(dx: min(bounds.width - 10, 0), dy: min(bounds.height - 10, 0))
/Applications/Xcode-27.0.0-Release.Candidate.app/Contents/Developer/Platforms/WatchOS.platform/Developer/SDKs/WatchOS27.0.sdk/System/Library/Frameworks/UIKit.framework/Headers/UIView.h:152:12: note: 'UIView' has been explicitly marked unavailable here
150 |
151 | UIKIT_EXTERN API_AVAILABLE(ios(2.0)) API_UNAVAILABLE(watchos) NS_SWIFT_UI_ACTOR
152 | @interface UIView : UIResponder <NSCoding, UIAppearance, UIAppearanceContainer, UIDynamicItem, UITraitEnvironment, UICoordinateSpace, UIFocusItem, UIFocusItemContainer, CALayerDelegate>
| `- note: 'UIView' has been explicitly marked unavailable here
153 |
154 | @property(class, nonatomic, readonly) Class layerClass; // default is [CALayer class]. Used when creating the underlying layer for the view.
/Users/admin/builder/spi-builder-workspace/Sources/BoundarySlider/BoundarySlider.swift:12:36: error: 'UIControl' is unavailable in watchOS
10 | /// This view will show the boundary with in slide.
11 | /// If slide reach that boundary will invoke callback to gitve option to execute custom logic
12 | public final class BoundarySlider: UIControl {
| `- error: 'UIControl' is unavailable in watchOS
13 | private var trackLayer: CALayer!
14 | private var fillTrackerLayer: CALayer!
/Applications/Xcode-27.0.0-Release.Candidate.app/Contents/Developer/Platforms/WatchOS.platform/Developer/SDKs/WatchOS27.0.sdk/System/Library/Frameworks/UIKit.framework/Headers/UIControl.h:76:12: note: 'UIControl' has been explicitly marked unavailable here
74 |
75 | UIKIT_EXTERN API_AVAILABLE(ios(2.0)) API_UNAVAILABLE(watchos) NS_SWIFT_UI_ACTOR
76 | @interface UIControl : UIView
| `- note: 'UIControl' has been explicitly marked unavailable here
77 |
78 | - (instancetype)initWithFrame:(CGRect)frame NS_DESIGNATED_INITIALIZER;
SwiftEmitModule normal arm64 Emitting\ module\ for\ BoundarySlider (in target 'BoundarySlider' from project 'BoundarySlider')
SwiftCompile normal arm64 (in target 'BoundarySlider' from project 'BoundarySlider')
cd /Users/admin/builder/spi-builder-workspace/.swiftpm/xcode
SwiftCompile normal arm64 Compiling\ BoundarySlider.swift /Users/admin/builder/spi-builder-workspace/Sources/BoundarySlider/BoundarySlider.swift (in target 'BoundarySlider' from project 'BoundarySlider')
SwiftCompile normal arm64 /Users/admin/builder/spi-builder-workspace/Sources/BoundarySlider/BoundarySlider.swift (in target 'BoundarySlider' from project 'BoundarySlider')
cd /Users/admin/builder/spi-builder-workspace/.swiftpm/xcode
builtin-SwiftPerFileCompile BoundarySlider.swift
PruneExplicitPrecompiledModules /Users/admin/builder/spi-builder-workspace/.derivedData/Build/Intermediates.noindex/SwiftExplicitPrecompiledModules
PruneExplicitPrecompiledModules /Users/admin/builder/spi-builder-workspace/.derivedData/Build/Intermediates.noindex/ExplicitPrecompiledModules
PruneExplicitPrecompiledModules /Users/admin/builder/spi-builder-workspace/.derivedData/SDKExplicitPrecompiledModules
2026-09-20 22:18:09.554 xcodebuild[627:3884] [MT] IDERunDestination: Supported platforms for the buildables in the current scheme is empty.
** BUILD FAILED **
The following build commands failed:
SwiftCompile normal arm64_32 (in target 'BoundarySlider' from project 'BoundarySlider')
SwiftEmitModule normal arm64_32 Emitting\ module\ for\ BoundarySlider (in target 'BoundarySlider' from project 'BoundarySlider')
Building workspace BoundarySlider with scheme BoundarySlider
(3 failures)
Command line invocation:
/Applications/Xcode-27.0.0-Release.Candidate.app/Contents/Developer/usr/bin/xcodebuild -IDEClonedSourcePackagesDirPathOverride=/Users/admin/builder/spi-builder-workspace/.dependencies -resolvePackageDependencies
Resolve Package Graph
Resolved source packages:
BoundarySlider: /Users/admin/builder/spi-builder-workspace
resolved source packages: BoundarySlider
2026-09-20 22:18:15.433 xcodebuild[782:4583] [MT] IDERunDestination: Supported platforms for the buildables in the current scheme is empty.
{
"dependencies" : [
],
"manifest_display_name" : "BoundarySlider",
"name" : "BoundarySlider",
"path" : "/Users/admin/builder/spi-builder-workspace",
"platforms" : [
{
"name" : "ios",
"version" : "15.0"
}
],
"products" : [
{
"name" : "BoundarySlider",
"targets" : [
"BoundarySlider"
],
"type" : {
"library" : [
"automatic"
]
}
}
],
"swift_languages_versions" : [
"5"
],
"targets" : [
{
"c99name" : "BoundarySlider",
"module_type" : "SwiftTarget",
"name" : "BoundarySlider",
"path" : "Sources/BoundarySlider",
"product_memberships" : [
"BoundarySlider"
],
"sources" : [
"BoundarySlider.swift"
],
"type" : "library"
}
],
"tools_version" : "5.10"
}
{
"workspace" : {
"name" : "BoundarySlider",
"schemes" : [
"BoundarySlider"
]
}
}
2026-09-20 22:18:16.623 xcodebuild[790:4653] [MT] IDERunDestination: Supported platforms for the buildables in the current scheme is empty.
Running build ...
env DEVELOPER_DIR=/Applications/Xcode-27.0.0-Release.Candidate.app xcrun xcodebuild -IDEClonedSourcePackagesDirPathOverride=$PWD/.dependencies -skipMacroValidation -skipPackagePluginValidation -derivedDataPath $PWD/.derivedData build -scheme BoundarySlider -destination generic/platform=watchOS
Command line invocation:
/Applications/Xcode-27.0.0-Release.Candidate.app/Contents/Developer/usr/bin/xcodebuild -IDEClonedSourcePackagesDirPathOverride=/Users/admin/builder/spi-builder-workspace/.dependencies -skipMacroValidation -skipPackagePluginValidation -derivedDataPath /Users/admin/builder/spi-builder-workspace/.derivedData build -scheme BoundarySlider -destination generic/platform=watchOS
Resolve Package Graph
Resolved source packages:
BoundarySlider: /Users/admin/builder/spi-builder-workspace
ComputePackagePrebuildTargetDependencyGraph
Prepare packages
CreateBuildRequest
SendProjectDescription
CreateBuildOperation
ComputeTargetDependencyGraph
note: Building targets in dependency order
note: Target dependency graph (2 targets)
Target 'BoundarySlider-product' in project 'BoundarySlider'
➜ Explicit dependency on target 'BoundarySlider' in project 'BoundarySlider'
Target 'BoundarySlider' in project 'BoundarySlider' (no dependencies)
GatherProvisioningInputs
CreateBuildDescription
ClangStatCache /Applications/Xcode-27.0.0-Release.Candidate.app/Contents/Developer/Toolchains/XcodeDefault.xctoolchain/usr/bin/clang-stat-cache /Applications/Xcode-27.0.0-Release.Candidate.app/Contents/Developer/Platforms/WatchOS.platform/Developer/SDKs/WatchOS27.0.sdk /Users/admin/builder/spi-builder-workspace/.derivedData/SDKStatCaches.noindex/watchos27.0-24R360-e829b21a6f8c9b70876ba0858053c04477534ef55a1706bf4c1112bbb242f0a2.sdkstatcache
cd /Users/admin/builder/spi-builder-workspace/.swiftpm/xcode
/Applications/Xcode-27.0.0-Release.Candidate.app/Contents/Developer/Toolchains/XcodeDefault.xctoolchain/usr/bin/clang-stat-cache /Applications/Xcode-27.0.0-Release.Candidate.app/Contents/Developer/Platforms/WatchOS.platform/Developer/SDKs/WatchOS27.0.sdk -o /Users/admin/builder/spi-builder-workspace/.derivedData/SDKStatCaches.noindex/watchos27.0-24R360-e829b21a6f8c9b70876ba0858053c04477534ef55a1706bf4c1112bbb242f0a2.sdkstatcache
SwiftDriver BoundarySlider normal arm64 com.apple.xcode.tools.swift.compiler (in target 'BoundarySlider' from project 'BoundarySlider')
cd /Users/admin/builder/spi-builder-workspace/.swiftpm/xcode
builtin-SwiftDriver -- /Applications/Xcode-27.0.0-Release.Candidate.app/Contents/Developer/Toolchains/XcodeDefault.xctoolchain/usr/bin/swiftc -parse-as-library -module-name BoundarySlider -Onone @/Users/admin/builder/spi-builder-workspace/.derivedData/Build/Intermediates.noindex/BoundarySlider.build/Debug-watchos/BoundarySlider-t.build/Objects-normal/arm64/BoundarySlider.SwiftFileList -DSWIFT_PACKAGE -DDEBUG -DSWIFT_MODULE_RESOURCE_BUNDLE_UNAVAILABLE -DXcode -plugin-path /Applications/Xcode-27.0.0-Release.Candidate.app/Contents/Developer/Toolchains/XcodeDefault.xctoolchain/usr/lib/swift/host/plugins/testing -enable-experimental-feature DebugDescriptionMacro -sdk /Applications/Xcode-27.0.0-Release.Candidate.app/Contents/Developer/Platforms/WatchOS.platform/Developer/SDKs/WatchOS27.0.sdk -target arm64-apple-watchos9.0 -g -module-cache-path /Users/admin/builder/spi-builder-workspace/.derivedData/ModuleCache.noindex -Xfrontend -serialize-debugging-options -enable-testing -index-store-path /Users/admin/builder/spi-builder-workspace/.derivedData/Index.noindex/DataStore -Xcc -D_LIBCPP_HARDENING_MODE\=_LIBCPP_HARDENING_MODE_DEBUG -swift-version 5 -I /Users/admin/builder/spi-builder-workspace/.derivedData/Build/Products/Debug-watchos -Isystem /Applications/Xcode-27.0.0-Release.Candidate.app/Contents/Developer/Platforms/WatchOS.platform/Developer/usr/lib -F /Users/admin/builder/spi-builder-workspace/.derivedData/Build/Products/Debug-watchos -F /Applications/Xcode-27.0.0-Release.Candidate.app/Contents/Developer/Platforms/WatchOS.platform/Developer/Library/Frameworks -F /Applications/Xcode-27.0.0-Release.Candidate.app/Contents/Developer/Platforms/WatchOS.platform/Developer/SDKs/WatchOS27.0.sdk/Developer/Library/Frameworks -c -j10 -enable-batch-mode -incremental -Xcc -ivfsstatcache -Xcc /Users/admin/builder/spi-builder-workspace/.derivedData/SDKStatCaches.noindex/watchos27.0-24R360-e829b21a6f8c9b70876ba0858053c04477534ef55a1706bf4c1112bbb242f0a2.sdkstatcache -output-file-map /Users/admin/builder/spi-builder-workspace/.derivedData/Build/Intermediates.noindex/BoundarySlider.build/Debug-watchos/BoundarySlider-t.build/Objects-normal/arm64/BoundarySlider-OutputFileMap.json -save-temps -no-color-diagnostics -explicit-module-build -module-cache-path /Users/admin/builder/spi-builder-workspace/.derivedData/Build/Intermediates.noindex/SwiftExplicitPrecompiledModules -clang-scanner-module-cache-path /Users/admin/builder/spi-builder-workspace/.derivedData/ModuleCache.noindex -sdk-module-cache-path /Users/admin/builder/spi-builder-workspace/.derivedData/SDKExplicitPrecompiledModules -emit-dependencies -emit-module -emit-module-path /Users/admin/builder/spi-builder-workspace/.derivedData/Build/Intermediates.noindex/BoundarySlider.build/Debug-watchos/BoundarySlider-t.build/Objects-normal/arm64/BoundarySlider.swiftmodule -serialize-diagnostics -dependency-scan-serialize-diagnostics-path /Users/admin/builder/spi-builder-workspace/.derivedData/Build/Intermediates.noindex/BoundarySlider.build/Debug-watchos/BoundarySlider-t.build/Objects-normal/arm64/BoundarySlider-dependency-scan.dia -validate-clang-modules-once -clang-build-session-file /Users/admin/builder/spi-builder-workspace/.derivedData/ModuleCache.noindex/Session.modulevalidation -Xcc -fmodules-prune-interval\=86400 -Xcc -fmodules-prune-after\=345600 -package-name spi_builder_workspace -emit-const-values -const-gather-protocols-list /Users/admin/builder/spi-builder-workspace/.derivedData/Build/Intermediates.noindex/BoundarySlider.build/Debug-watchos/BoundarySlider-t.build/Objects-normal/arm64/BoundarySlider_const_extract_protocols.json -Xcc -I/Users/admin/builder/spi-builder-workspace/.derivedData/Build/Products/Debug-watchos/include -Xcc -I/Users/admin/builder/spi-builder-workspace/.derivedData/Build/Intermediates.noindex/BoundarySlider.build/Debug-watchos/BoundarySlider-t.build/DerivedSources-normal/arm64 -Xcc -I/Users/admin/builder/spi-builder-workspace/.derivedData/Build/Intermediates.noindex/BoundarySlider.build/Debug-watchos/BoundarySlider-t.build/DerivedSources/arm64 -Xcc -I/Users/admin/builder/spi-builder-workspace/.derivedData/Build/Intermediates.noindex/BoundarySlider.build/Debug-watchos/BoundarySlider-t.build/DerivedSources -Xcc -DSWIFT_PACKAGE -Xcc -DDEBUG\=1 -emit-objc-header -emit-objc-header-path /Users/admin/builder/spi-builder-workspace/.derivedData/Build/Intermediates.noindex/BoundarySlider.build/Debug-watchos/BoundarySlider-t.build/Objects-normal/arm64/BoundarySlider-Swift.h -working-directory /Users/admin/builder/spi-builder-workspace/.swiftpm/xcode -experimental-emit-module-separately -disable-cmo
SwiftDriver BoundarySlider normal arm64_32 com.apple.xcode.tools.swift.compiler (in target 'BoundarySlider' from project 'BoundarySlider')
cd /Users/admin/builder/spi-builder-workspace/.swiftpm/xcode
builtin-SwiftDriver -- /Applications/Xcode-27.0.0-Release.Candidate.app/Contents/Developer/Toolchains/XcodeDefault.xctoolchain/usr/bin/swiftc -parse-as-library -module-name BoundarySlider -Onone @/Users/admin/builder/spi-builder-workspace/.derivedData/Build/Intermediates.noindex/BoundarySlider.build/Debug-watchos/BoundarySlider-t.build/Objects-normal/arm64_32/BoundarySlider.SwiftFileList -DSWIFT_PACKAGE -DDEBUG -DSWIFT_MODULE_RESOURCE_BUNDLE_UNAVAILABLE -DXcode -plugin-path /Applications/Xcode-27.0.0-Release.Candidate.app/Contents/Developer/Toolchains/XcodeDefault.xctoolchain/usr/lib/swift/host/plugins/testing -enable-experimental-feature DebugDescriptionMacro -sdk /Applications/Xcode-27.0.0-Release.Candidate.app/Contents/Developer/Platforms/WatchOS.platform/Developer/SDKs/WatchOS27.0.sdk -target arm64_32-apple-watchos9.0 -g -module-cache-path /Users/admin/builder/spi-builder-workspace/.derivedData/ModuleCache.noindex -Xfrontend -serialize-debugging-options -enable-testing -index-store-path /Users/admin/builder/spi-builder-workspace/.derivedData/Index.noindex/DataStore -Xcc -D_LIBCPP_HARDENING_MODE\=_LIBCPP_HARDENING_MODE_DEBUG -swift-version 5 -I /Users/admin/builder/spi-builder-workspace/.derivedData/Build/Products/Debug-watchos -Isystem /Applications/Xcode-27.0.0-Release.Candidate.app/Contents/Developer/Platforms/WatchOS.platform/Developer/usr/lib -F /Users/admin/builder/spi-builder-workspace/.derivedData/Build/Products/Debug-watchos -F /Applications/Xcode-27.0.0-Release.Candidate.app/Contents/Developer/Platforms/WatchOS.platform/Developer/Library/Frameworks -F /Applications/Xcode-27.0.0-Release.Candidate.app/Contents/Developer/Platforms/WatchOS.platform/Developer/SDKs/WatchOS27.0.sdk/Developer/Library/Frameworks -c -j10 -enable-batch-mode -incremental -Xcc -ivfsstatcache -Xcc /Users/admin/builder/spi-builder-workspace/.derivedData/SDKStatCaches.noindex/watchos27.0-24R360-e829b21a6f8c9b70876ba0858053c04477534ef55a1706bf4c1112bbb242f0a2.sdkstatcache -output-file-map /Users/admin/builder/spi-builder-workspace/.derivedData/Build/Intermediates.noindex/BoundarySlider.build/Debug-watchos/BoundarySlider-t.build/Objects-normal/arm64_32/BoundarySlider-OutputFileMap.json -save-temps -no-color-diagnostics -explicit-module-build -module-cache-path /Users/admin/builder/spi-builder-workspace/.derivedData/Build/Intermediates.noindex/SwiftExplicitPrecompiledModules -clang-scanner-module-cache-path /Users/admin/builder/spi-builder-workspace/.derivedData/ModuleCache.noindex -sdk-module-cache-path /Users/admin/builder/spi-builder-workspace/.derivedData/SDKExplicitPrecompiledModules -emit-dependencies -emit-module -emit-module-path /Users/admin/builder/spi-builder-workspace/.derivedData/Build/Intermediates.noindex/BoundarySlider.build/Debug-watchos/BoundarySlider-t.build/Objects-normal/arm64_32/BoundarySlider.swiftmodule -serialize-diagnostics -dependency-scan-serialize-diagnostics-path /Users/admin/builder/spi-builder-workspace/.derivedData/Build/Intermediates.noindex/BoundarySlider.build/Debug-watchos/BoundarySlider-t.build/Objects-normal/arm64_32/BoundarySlider-dependency-scan.dia -validate-clang-modules-once -clang-build-session-file /Users/admin/builder/spi-builder-workspace/.derivedData/ModuleCache.noindex/Session.modulevalidation -Xcc -fmodules-prune-interval\=86400 -Xcc -fmodules-prune-after\=345600 -package-name spi_builder_workspace -emit-const-values -const-gather-protocols-list /Users/admin/builder/spi-builder-workspace/.derivedData/Build/Intermediates.noindex/BoundarySlider.build/Debug-watchos/BoundarySlider-t.build/Objects-normal/arm64_32/BoundarySlider_const_extract_protocols.json -Xcc -I/Users/admin/builder/spi-builder-workspace/.derivedData/Build/Products/Debug-watchos/include -Xcc -I/Users/admin/builder/spi-builder-workspace/.derivedData/Build/Intermediates.noindex/BoundarySlider.build/Debug-watchos/BoundarySlider-t.build/DerivedSources-normal/arm64_32 -Xcc -I/Users/admin/builder/spi-builder-workspace/.derivedData/Build/Intermediates.noindex/BoundarySlider.build/Debug-watchos/BoundarySlider-t.build/DerivedSources/arm64_32 -Xcc -I/Users/admin/builder/spi-builder-workspace/.derivedData/Build/Intermediates.noindex/BoundarySlider.build/Debug-watchos/BoundarySlider-t.build/DerivedSources -Xcc -DSWIFT_PACKAGE -Xcc -DDEBUG\=1 -emit-objc-header -emit-objc-header-path /Users/admin/builder/spi-builder-workspace/.derivedData/Build/Intermediates.noindex/BoundarySlider.build/Debug-watchos/BoundarySlider-t.build/Objects-normal/arm64_32/BoundarySlider-Swift.h -working-directory /Users/admin/builder/spi-builder-workspace/.swiftpm/xcode -experimental-emit-module-separately -disable-cmo
SwiftEmitModule normal arm64_32 Emitting\ module\ for\ BoundarySlider (in target 'BoundarySlider' from project 'BoundarySlider')
/Users/admin/builder/spi-builder-workspace/Sources/BoundarySlider/BoundarySlider.swift:13:29: error: 'CALayer' is unavailable in watchOS
11 | /// If slide reach that boundary will invoke callback to gitve option to execute custom logic
12 | public final class BoundarySlider: UIControl {
13 | private var trackLayer: CALayer!
| `- error: 'CALayer' is unavailable in watchOS
14 | private var fillTrackerLayer: CALayer!
15 | private var bufferLayer: CALayer!
/Applications/Xcode-27.0.0-Release.Candidate.app/Contents/Developer/Platforms/WatchOS.platform/Developer/SDKs/WatchOS27.0.sdk/System/Library/Frameworks/QuartzCore.framework/Headers/CALayer.h:117:12: note: 'CALayer' has been explicitly marked unavailable here
115 |
116 | API_AVAILABLE(macos(10.5), ios(2.0), tvos(9.0)) API_UNAVAILABLE(watchos)
117 | @interface CALayer : NSObject <NSSecureCoding, CAMediaTiming>
| `- note: 'CALayer' has been explicitly marked unavailable here
118 |
119 | /** Layer creation and initialization. **/
/Users/admin/builder/spi-builder-workspace/Sources/BoundarySlider/BoundarySlider.swift:14:35: error: 'CALayer' is unavailable in watchOS
12 | public final class BoundarySlider: UIControl {
13 | private var trackLayer: CALayer!
14 | private var fillTrackerLayer: CALayer!
| `- error: 'CALayer' is unavailable in watchOS
15 | private var bufferLayer: CALayer!
16 | private var boundaryLayerDictionary = [Float: CALayer]()
/Applications/Xcode-27.0.0-Release.Candidate.app/Contents/Developer/Platforms/WatchOS.platform/Developer/SDKs/WatchOS27.0.sdk/System/Library/Frameworks/QuartzCore.framework/Headers/CALayer.h:117:12: note: 'CALayer' has been explicitly marked unavailable here
115 |
116 | API_AVAILABLE(macos(10.5), ios(2.0), tvos(9.0)) API_UNAVAILABLE(watchos)
117 | @interface CALayer : NSObject <NSSecureCoding, CAMediaTiming>
| `- note: 'CALayer' has been explicitly marked unavailable here
118 |
119 | /** Layer creation and initialization. **/
/Users/admin/builder/spi-builder-workspace/Sources/BoundarySlider/BoundarySlider.swift:15:30: error: 'CALayer' is unavailable in watchOS
13 | private var trackLayer: CALayer!
14 | private var fillTrackerLayer: CALayer!
15 | private var bufferLayer: CALayer!
| `- error: 'CALayer' is unavailable in watchOS
16 | private var boundaryLayerDictionary = [Float: CALayer]()
17 | private var thumbInitialXPosition: Float = 0.0
/Applications/Xcode-27.0.0-Release.Candidate.app/Contents/Developer/Platforms/WatchOS.platform/Developer/SDKs/WatchOS27.0.sdk/System/Library/Frameworks/QuartzCore.framework/Headers/CALayer.h:117:12: note: 'CALayer' has been explicitly marked unavailable here
115 |
116 | API_AVAILABLE(macos(10.5), ios(2.0), tvos(9.0)) API_UNAVAILABLE(watchos)
117 | @interface CALayer : NSObject <NSSecureCoding, CAMediaTiming>
| `- note: 'CALayer' has been explicitly marked unavailable here
118 |
119 | /** Layer creation and initialization. **/
/Users/admin/builder/spi-builder-workspace/Sources/BoundarySlider/BoundarySlider.swift:16:51: error: 'CALayer' is unavailable in watchOS
14 | private var fillTrackerLayer: CALayer!
15 | private var bufferLayer: CALayer!
16 | private var boundaryLayerDictionary = [Float: CALayer]()
| `- error: 'CALayer' is unavailable in watchOS
17 | private var thumbInitialXPosition: Float = 0.0
18 |
/Applications/Xcode-27.0.0-Release.Candidate.app/Contents/Developer/Platforms/WatchOS.platform/Developer/SDKs/WatchOS27.0.sdk/System/Library/Frameworks/QuartzCore.framework/Headers/CALayer.h:117:12: note: 'CALayer' has been explicitly marked unavailable here
115 |
116 | API_AVAILABLE(macos(10.5), ios(2.0), tvos(9.0)) API_UNAVAILABLE(watchos)
117 | @interface CALayer : NSObject <NSSecureCoding, CAMediaTiming>
| `- note: 'CALayer' has been explicitly marked unavailable here
118 |
119 | /** Layer creation and initialization. **/
/Users/admin/builder/spi-builder-workspace/Sources/BoundarySlider/BoundarySlider.swift:22:42: error: 'systemYellow' is unavailable in watchOS
20 | public var fillTrackColor: UIColor = .red
21 | public var bufferTrackColor: UIColor = .init(white: 1.0, alpha: 0.6)
22 | public var boundaryColor: UIColor = .systemYellow
| `- error: 'systemYellow' is unavailable in watchOS
23 |
24 | public var minimumValue: Float = 0.0
/Applications/Xcode-27.0.0-Release.Candidate.app/Contents/Developer/Platforms/WatchOS.platform/Developer/SDKs/WatchOS27.0.sdk/System/Library/Frameworks/UIKit.framework/Headers/UIInterface.h:125:49: note: 'systemYellow' has been explicitly marked unavailable here
123 | @property (class, nonatomic, readonly) UIColor *systemBlueColor API_AVAILABLE(ios(7.0), tvos(9.0)) API_UNAVAILABLE(watchos);
124 | @property (class, nonatomic, readonly) UIColor *systemOrangeColor API_AVAILABLE(ios(7.0), tvos(9.0)) API_UNAVAILABLE(watchos);
125 | @property (class, nonatomic, readonly) UIColor *systemYellowColor API_AVAILABLE(ios(7.0), tvos(9.0)) API_UNAVAILABLE(watchos);
| `- note: 'systemYellow' has been explicitly marked unavailable here
126 | @property (class, nonatomic, readonly) UIColor *systemPinkColor API_AVAILABLE(ios(7.0), tvos(9.0)) API_UNAVAILABLE(watchos);
127 | @property (class, nonatomic, readonly) UIColor *systemPurpleColor API_AVAILABLE(ios(9.0), tvos(9.0)) API_UNAVAILABLE(watchos);
/Users/admin/builder/spi-builder-workspace/Sources/BoundarySlider/BoundarySlider.swift:63:52: error: 'CALayer' is unavailable in watchOS
61 | }
62 |
63 | public override func layoutSublayers(of layer: CALayer) {
| `- error: 'CALayer' is unavailable in watchOS
64 | super.layoutSublayers(of: layer)
65 | updateBasicPropertyOfLayer()
/Applications/Xcode-27.0.0-Release.Candidate.app/Contents/Developer/Platforms/WatchOS.platform/Developer/SDKs/WatchOS27.0.sdk/System/Library/Frameworks/QuartzCore.framework/Headers/CALayer.h:117:12: note: 'CALayer' has been explicitly marked unavailable here
115 |
116 | API_AVAILABLE(macos(10.5), ios(2.0), tvos(9.0)) API_UNAVAILABLE(watchos)
117 | @interface CALayer : NSObject <NSSecureCoding, CAMediaTiming>
| `- note: 'CALayer' has been explicitly marked unavailable here
118 |
119 | /** Layer creation and initialization. **/
/Users/admin/builder/spi-builder-workspace/Sources/BoundarySlider/BoundarySlider.swift:76:49: error: 'UIPanGestureRecognizer' is unavailable in watchOS
74 | }
75 |
76 | @objc private func handleGesture(_ gesture: UIPanGestureRecognizer) {
| `- error: 'UIPanGestureRecognizer' is unavailable in watchOS
77 | let translationX = gesture.translation(in: self).x
78 | switch gesture.state {
/Applications/Xcode-27.0.0-Release.Candidate.app/Contents/Developer/Platforms/WatchOS.platform/Developer/SDKs/WatchOS27.0.sdk/System/Library/Frameworks/UIKit.framework/Headers/UIPanGestureRecognizer.h:31:12: note: 'UIPanGestureRecognizer' has been explicitly marked unavailable here
29 |
30 | UIKIT_EXTERN API_AVAILABLE(ios(3.2)) API_UNAVAILABLE(watchos) NS_SWIFT_UI_ACTOR
31 | @interface UIPanGestureRecognizer : UIGestureRecognizer
| `- note: 'UIPanGestureRecognizer' has been explicitly marked unavailable here
32 |
33 | @property (nonatomic) NSUInteger minimumNumberOfTouches API_UNAVAILABLE(tvos); // default is 1. the minimum number of touches required to match
/Users/admin/builder/spi-builder-workspace/Sources/BoundarySlider/BoundarySlider.swift:170:64: error: 'UIEvent' is unavailable in watchOS
168 | }
169 |
170 | public override func hitTest(_ point: CGPoint, with event: UIEvent?) -> UIView? {
| `- error: 'UIEvent' is unavailable in watchOS
171 | guard !self.isHidden, self.isUserInteractionEnabled, self.alpha > 0 else { return nil }
172 | let expandedBounds = bounds.insetBy(dx: min(bounds.width - 10, 0), dy: min(bounds.height - 10, 0))
/Applications/Xcode-27.0.0-Release.Candidate.app/Contents/Developer/Platforms/WatchOS.platform/Developer/SDKs/WatchOS27.0.sdk/System/Library/Frameworks/UIKit.framework/Headers/UIEvent.h:62:12: note: 'UIEvent' has been explicitly marked unavailable here
60 |
61 | UIKIT_EXTERN API_AVAILABLE(ios(2.0)) API_UNAVAILABLE(watchos) NS_SWIFT_UI_ACTOR
62 | @interface UIEvent : NSObject
| `- note: 'UIEvent' has been explicitly marked unavailable here
63 |
64 | @property(nonatomic,readonly) UIEventType type API_AVAILABLE(ios(3.0));
SwiftCompile normal arm64_32 (in target 'BoundarySlider' from project 'BoundarySlider')
cd /Users/admin/builder/spi-builder-workspace/.swiftpm/xcode
/Users/admin/builder/spi-builder-workspace/Sources/BoundarySlider/BoundarySlider.swift:170:77: error: 'UIView' is unavailable in watchOS
168 | }
169 |
170 | public override func hitTest(_ point: CGPoint, with event: UIEvent?) -> UIView? {
| `- error: 'UIView' is unavailable in watchOS
171 | guard !self.isHidden, self.isUserInteractionEnabled, self.alpha > 0 else { return nil }
172 | let expandedBounds = bounds.insetBy(dx: min(bounds.width - 10, 0), dy: min(bounds.height - 10, 0))
/Applications/Xcode-27.0.0-Release.Candidate.app/Contents/Developer/Platforms/WatchOS.platform/Developer/SDKs/WatchOS27.0.sdk/System/Library/Frameworks/UIKit.framework/Headers/UIView.h:152:12: note: 'UIView' has been explicitly marked unavailable here
150 |
151 | UIKIT_EXTERN API_AVAILABLE(ios(2.0)) API_UNAVAILABLE(watchos) NS_SWIFT_UI_ACTOR
152 | @interface UIView : UIResponder <NSCoding, UIAppearance, UIAppearanceContainer, UIDynamicItem, UITraitEnvironment, UICoordinateSpace, UIFocusItem, UIFocusItemContainer, CALayerDelegate>
| `- note: 'UIView' has been explicitly marked unavailable here
153 |
154 | @property(class, nonatomic, readonly) Class layerClass; // default is [CALayer class]. Used when creating the underlying layer for the view.
/Users/admin/builder/spi-builder-workspace/Sources/BoundarySlider/BoundarySlider.swift:12:36: error: 'UIControl' is unavailable in watchOS
10 | /// This view will show the boundary with in slide.
11 | /// If slide reach that boundary will invoke callback to gitve option to execute custom logic
12 | public final class BoundarySlider: UIControl {
| `- error: 'UIControl' is unavailable in watchOS
13 | private var trackLayer: CALayer!
14 | private var fillTrackerLayer: CALayer!
/Applications/Xcode-27.0.0-Release.Candidate.app/Contents/Developer/Platforms/WatchOS.platform/Developer/SDKs/WatchOS27.0.sdk/System/Library/Frameworks/UIKit.framework/Headers/UIControl.h:76:12: note: 'UIControl' has been explicitly marked unavailable here
74 |
75 | UIKIT_EXTERN API_AVAILABLE(ios(2.0)) API_UNAVAILABLE(watchos) NS_SWIFT_UI_ACTOR
76 | @interface UIControl : UIView
| `- note: 'UIControl' has been explicitly marked unavailable here
77 |
78 | - (instancetype)initWithFrame:(CGRect)frame NS_DESIGNATED_INITIALIZER;
Failed frontend command:
/Applications/Xcode-27.0.0-Release.Candidate.app/Contents/Developer/Toolchains/XcodeDefault.xctoolchain/usr/bin/swift-frontend -frontend -emit-module -experimental-skip-non-inlinable-function-bodies-without-types /Users/admin/builder/spi-builder-workspace/Sources/BoundarySlider/BoundarySlider.swift -target arm64_32-apple-watchos9.0 -disable-cross-import-overlay-search -load-resolved-plugin /Applications/Xcode-27.0.0-Release.Candidate.app/Contents/Developer/Platforms/WatchOS.platform/Developer/usr/lib/swift/host/plugins/libFoundationMacros.dylib\#/Applications/Xcode-27.0.0-Release.Candidate.app/Contents/Developer/Platforms/WatchOS.platform/Developer/usr/bin/swift-plugin-server\#FoundationMacros -load-resolved-plugin /Applications/Xcode-27.0.0-Release.Candidate.app/Contents/Developer/Platforms/WatchOS.platform/Developer/usr/lib/swift/host/plugins/libObservationMacros.dylib\#/Applications/Xcode-27.0.0-Release.Candidate.app/Contents/Developer/Platforms/WatchOS.platform/Developer/usr/bin/swift-plugin-server\#ObservationMacros -load-resolved-plugin /Applications/Xcode-27.0.0-Release.Candidate.app/Contents/Developer/Platforms/WatchOS.platform/Developer/usr/lib/swift/host/plugins/libSwiftMacros.dylib\#/Applications/Xcode-27.0.0-Release.Candidate.app/Contents/Developer/Platforms/WatchOS.platform/Developer/usr/bin/swift-plugin-server\#SwiftMacros -load-resolved-plugin /Applications/Xcode-27.0.0-Release.Candidate.app/Contents/Developer/Platforms/WatchOS.platform/Developer/usr/lib/swift/host/plugins/libSwiftUIMacros.dylib\#/Applications/Xcode-27.0.0-Release.Candidate.app/Contents/Developer/Platforms/WatchOS.platform/Developer/usr/bin/swift-plugin-server\#SwiftUIMacros -disable-implicit-swift-modules -Xcc -fno-implicit-modules -Xcc -fno-implicit-module-maps -explicit-swift-module-map-file /Users/admin/builder/spi-builder-workspace/.derivedData/Build/Intermediates.noindex/BoundarySlider.build/Debug-watchos/BoundarySlider-t.build/Objects-normal/arm64_32/BoundarySlider-dependencies-1.json -enable-objc-interop -sdk /Applications/Xcode-27.0.0-Release.Candidate.app/Contents/Developer/Platforms/WatchOS.platform/Developer/SDKs/WatchOS27.0.sdk -I /Users/admin/builder/spi-builder-workspace/.derivedData/Build/Products/Debug-watchos -Isystem /Applications/Xcode-27.0.0-Release.Candidate.app/Contents/Developer/Platforms/WatchOS.platform/Developer/usr/lib -F /Users/admin/builder/spi-builder-workspace/.derivedData/Build/Products/Debug-watchos -F /Applications/Xcode-27.0.0-Release.Candidate.app/Contents/Developer/Platforms/WatchOS.platform/Developer/Library/Frameworks -F /Applications/Xcode-27.0.0-Release.Candidate.app/Contents/Developer/Platforms/WatchOS.platform/Developer/SDKs/WatchOS27.0.sdk/Developer/Library/Frameworks -module-cache-path /Users/admin/builder/spi-builder-workspace/.derivedData/Build/Intermediates.noindex/SwiftExplicitPrecompiledModules -no-color-diagnostics -Xcc -fno-color-diagnostics -enable-testing -g -debug-info-format\=dwarf -dwarf-version\=4 -swift-version 5 -Onone -D SWIFT_PACKAGE -D DEBUG -D SWIFT_MODULE_RESOURCE_BUNDLE_UNAVAILABLE -D Xcode -serialize-debugging-options -enable-experimental-feature DebugDescriptionMacro -empty-abi-descriptor -validate-clang-modules-once -clang-build-session-file /Users/admin/builder/spi-builder-workspace/.derivedData/ModuleCache.noindex/Session.modulevalidation -Xcc -working-directory -Xcc /Users/admin/builder/spi-builder-workspace/.swiftpm/xcode -enable-anonymous-context-mangled-names -file-compilation-dir /Users/admin/builder/spi-builder-workspace/.swiftpm/xcode -Xcc -D_LIBCPP_HARDENING_MODE\=_LIBCPP_HARDENING_MODE_DEBUG -Xcc -ivfsstatcache -Xcc /Users/admin/builder/spi-builder-workspace/.derivedData/SDKStatCaches.noindex/watchos27.0-24R360-e829b21a6f8c9b70876ba0858053c04477534ef55a1706bf4c1112bbb242f0a2.sdkstatcache -Xcc -fmodules-prune-interval\=86400 -Xcc -fmodules-prune-after\=345600 -Xcc -I/Users/admin/builder/spi-builder-workspace/.derivedData/Build/Products/Debug-watchos/include -Xcc -I/Users/admin/builder/spi-builder-workspace/.derivedData/Build/Intermediates.noindex/BoundarySlider.build/Debug-watchos/BoundarySlider-t.build/DerivedSources-normal/arm64_32 -Xcc -I/Users/admin/builder/spi-builder-workspace/.derivedData/Build/Intermediates.noindex/BoundarySlider.build/Debug-watchos/BoundarySlider-t.build/DerivedSources/arm64_32 -Xcc -I/Users/admin/builder/spi-builder-workspace/.derivedData/Build/Intermediates.noindex/BoundarySlider.build/Debug-watchos/BoundarySlider-t.build/DerivedSources -Xcc -DSWIFT_PACKAGE -Xcc -DDEBUG\=1 -no-auto-bridging-header-chaining -module-name BoundarySlider -package-name spi_builder_workspace -const-gather-protocols-file /Users/admin/builder/spi-builder-workspace/.derivedData/Build/Intermediates.noindex/BoundarySlider.build/Debug-watchos/BoundarySlider-t.build/Objects-normal/arm64_32/BoundarySlider_const_extract_protocols.json -disable-clang-spi -clang-target arm64_32-apple-watchos27.0 -target-sdk-version 27.0 -target-sdk-name watchos27.0 -in-process-plugin-server-path /Applications/Xcode-27.0.0-Release.Candidate.app/Contents/Developer/Toolchains/XcodeDefault.xctoolchain/usr/lib/swift/host/libSwiftInProcPluginServer.dylib -emit-module-doc-path /Users/admin/builder/spi-builder-workspace/.derivedData/Build/Intermediates.noindex/BoundarySlider.build/Debug-watchos/BoundarySlider-t.build/Objects-normal/arm64_32/BoundarySlider.swiftdoc -emit-module-source-info-path /Users/admin/builder/spi-builder-workspace/.derivedData/Build/Intermediates.noindex/BoundarySlider.build/Debug-watchos/BoundarySlider-t.build/Objects-normal/arm64_32/BoundarySlider.swiftsourceinfo -emit-objc-header-path /Users/admin/builder/spi-builder-workspace/.derivedData/Build/Intermediates.noindex/BoundarySlider.build/Debug-watchos/BoundarySlider-t.build/Objects-normal/arm64_32/BoundarySlider-Swift.h -serialize-diagnostics-path /Users/admin/builder/spi-builder-workspace/.derivedData/Build/Intermediates.noindex/BoundarySlider.build/Debug-watchos/BoundarySlider-t.build/Objects-normal/arm64_32/BoundarySlider-primary-emit-module.dia -emit-dependencies-path /Users/admin/builder/spi-builder-workspace/.derivedData/Build/Intermediates.noindex/BoundarySlider.build/Debug-watchos/BoundarySlider-t.build/Objects-normal/arm64_32/BoundarySlider-primary-emit-module.d -parse-as-library -o /Users/admin/builder/spi-builder-workspace/.derivedData/Build/Intermediates.noindex/BoundarySlider.build/Debug-watchos/BoundarySlider-t.build/Objects-normal/arm64_32/BoundarySlider.swiftmodule -emit-abi-descriptor-path /Users/admin/builder/spi-builder-workspace/.derivedData/Build/Intermediates.noindex/BoundarySlider.build/Debug-watchos/BoundarySlider-t.build/Objects-normal/arm64_32/BoundarySlider.abi.json
SwiftCompile normal arm64_32 Compiling\ BoundarySlider.swift /Users/admin/builder/spi-builder-workspace/Sources/BoundarySlider/BoundarySlider.swift (in target 'BoundarySlider' from project 'BoundarySlider')
/Users/admin/builder/spi-builder-workspace/Sources/BoundarySlider/BoundarySlider.swift:13:29: error: 'CALayer' is unavailable in watchOS
11 | /// If slide reach that boundary will invoke callback to gitve option to execute custom logic
12 | public final class BoundarySlider: UIControl {
13 | private var trackLayer: CALayer!
| `- error: 'CALayer' is unavailable in watchOS
14 | private var fillTrackerLayer: CALayer!
15 | private var bufferLayer: CALayer!
/Applications/Xcode-27.0.0-Release.Candidate.app/Contents/Developer/Platforms/WatchOS.platform/Developer/SDKs/WatchOS27.0.sdk/System/Library/Frameworks/QuartzCore.framework/Headers/CALayer.h:117:12: note: 'CALayer' has been explicitly marked unavailable here
115 |
116 | API_AVAILABLE(macos(10.5), ios(2.0), tvos(9.0)) API_UNAVAILABLE(watchos)
117 | @interface CALayer : NSObject <NSSecureCoding, CAMediaTiming>
| `- note: 'CALayer' has been explicitly marked unavailable here
118 |
119 | /** Layer creation and initialization. **/
/Users/admin/builder/spi-builder-workspace/Sources/BoundarySlider/BoundarySlider.swift:14:35: error: 'CALayer' is unavailable in watchOS
12 | public final class BoundarySlider: UIControl {
13 | private var trackLayer: CALayer!
14 | private var fillTrackerLayer: CALayer!
| `- error: 'CALayer' is unavailable in watchOS
15 | private var bufferLayer: CALayer!
16 | private var boundaryLayerDictionary = [Float: CALayer]()
/Applications/Xcode-27.0.0-Release.Candidate.app/Contents/Developer/Platforms/WatchOS.platform/Developer/SDKs/WatchOS27.0.sdk/System/Library/Frameworks/QuartzCore.framework/Headers/CALayer.h:117:12: note: 'CALayer' has been explicitly marked unavailable here
115 |
116 | API_AVAILABLE(macos(10.5), ios(2.0), tvos(9.0)) API_UNAVAILABLE(watchos)
117 | @interface CALayer : NSObject <NSSecureCoding, CAMediaTiming>
| `- note: 'CALayer' has been explicitly marked unavailable here
118 |
119 | /** Layer creation and initialization. **/
/Users/admin/builder/spi-builder-workspace/Sources/BoundarySlider/BoundarySlider.swift:15:30: error: 'CALayer' is unavailable in watchOS
13 | private var trackLayer: CALayer!
14 | private var fillTrackerLayer: CALayer!
15 | private var bufferLayer: CALayer!
| `- error: 'CALayer' is unavailable in watchOS
16 | private var boundaryLayerDictionary = [Float: CALayer]()
17 | private var thumbInitialXPosition: Float = 0.0
/Applications/Xcode-27.0.0-Release.Candidate.app/Contents/Developer/Platforms/WatchOS.platform/Developer/SDKs/WatchOS27.0.sdk/System/Library/Frameworks/QuartzCore.framework/Headers/CALayer.h:117:12: note: 'CALayer' has been explicitly marked unavailable here
115 |
116 | API_AVAILABLE(macos(10.5), ios(2.0), tvos(9.0)) API_UNAVAILABLE(watchos)
117 | @interface CALayer : NSObject <NSSecureCoding, CAMediaTiming>
| `- note: 'CALayer' has been explicitly marked unavailable here
118 |
119 | /** Layer creation and initialization. **/
/Users/admin/builder/spi-builder-workspace/Sources/BoundarySlider/BoundarySlider.swift:16:51: error: 'CALayer' is unavailable in watchOS
14 | private var fillTrackerLayer: CALayer!
15 | private var bufferLayer: CALayer!
16 | private var boundaryLayerDictionary = [Float: CALayer]()
| `- error: 'CALayer' is unavailable in watchOS
17 | private var thumbInitialXPosition: Float = 0.0
18 |
/Applications/Xcode-27.0.0-Release.Candidate.app/Contents/Developer/Platforms/WatchOS.platform/Developer/SDKs/WatchOS27.0.sdk/System/Library/Frameworks/QuartzCore.framework/Headers/CALayer.h:117:12: note: 'CALayer' has been explicitly marked unavailable here
115 |
116 | API_AVAILABLE(macos(10.5), ios(2.0), tvos(9.0)) API_UNAVAILABLE(watchos)
117 | @interface CALayer : NSObject <NSSecureCoding, CAMediaTiming>
| `- note: 'CALayer' has been explicitly marked unavailable here
118 |
119 | /** Layer creation and initialization. **/
/Users/admin/builder/spi-builder-workspace/Sources/BoundarySlider/BoundarySlider.swift:22:42: error: 'systemYellow' is unavailable in watchOS
20 | public var fillTrackColor: UIColor = .red
21 | public var bufferTrackColor: UIColor = .init(white: 1.0, alpha: 0.6)
22 | public var boundaryColor: UIColor = .systemYellow
| `- error: 'systemYellow' is unavailable in watchOS
23 |
24 | public var minimumValue: Float = 0.0
/Applications/Xcode-27.0.0-Release.Candidate.app/Contents/Developer/Platforms/WatchOS.platform/Developer/SDKs/WatchOS27.0.sdk/System/Library/Frameworks/UIKit.framework/Headers/UIInterface.h:125:49: note: 'systemYellow' has been explicitly marked unavailable here
123 | @property (class, nonatomic, readonly) UIColor *systemBlueColor API_AVAILABLE(ios(7.0), tvos(9.0)) API_UNAVAILABLE(watchos);
124 | @property (class, nonatomic, readonly) UIColor *systemOrangeColor API_AVAILABLE(ios(7.0), tvos(9.0)) API_UNAVAILABLE(watchos);
125 | @property (class, nonatomic, readonly) UIColor *systemYellowColor API_AVAILABLE(ios(7.0), tvos(9.0)) API_UNAVAILABLE(watchos);
| `- note: 'systemYellow' has been explicitly marked unavailable here
126 | @property (class, nonatomic, readonly) UIColor *systemPinkColor API_AVAILABLE(ios(7.0), tvos(9.0)) API_UNAVAILABLE(watchos);
127 | @property (class, nonatomic, readonly) UIColor *systemPurpleColor API_AVAILABLE(ios(9.0), tvos(9.0)) API_UNAVAILABLE(watchos);
/Users/admin/builder/spi-builder-workspace/Sources/BoundarySlider/BoundarySlider.swift:63:52: error: 'CALayer' is unavailable in watchOS
61 | }
62 |
63 | public override func layoutSublayers(of layer: CALayer) {
| `- error: 'CALayer' is unavailable in watchOS
64 | super.layoutSublayers(of: layer)
65 | updateBasicPropertyOfLayer()
/Applications/Xcode-27.0.0-Release.Candidate.app/Contents/Developer/Platforms/WatchOS.platform/Developer/SDKs/WatchOS27.0.sdk/System/Library/Frameworks/QuartzCore.framework/Headers/CALayer.h:117:12: note: 'CALayer' has been explicitly marked unavailable here
115 |
116 | API_AVAILABLE(macos(10.5), ios(2.0), tvos(9.0)) API_UNAVAILABLE(watchos)
117 | @interface CALayer : NSObject <NSSecureCoding, CAMediaTiming>
| `- note: 'CALayer' has been explicitly marked unavailable here
118 |
119 | /** Layer creation and initialization. **/
/Users/admin/builder/spi-builder-workspace/Sources/BoundarySlider/BoundarySlider.swift:76:49: error: 'UIPanGestureRecognizer' is unavailable in watchOS
74 | }
75 |
76 | @objc private func handleGesture(_ gesture: UIPanGestureRecognizer) {
| `- error: 'UIPanGestureRecognizer' is unavailable in watchOS
77 | let translationX = gesture.translation(in: self).x
78 | switch gesture.state {
/Applications/Xcode-27.0.0-Release.Candidate.app/Contents/Developer/Platforms/WatchOS.platform/Developer/SDKs/WatchOS27.0.sdk/System/Library/Frameworks/UIKit.framework/Headers/UIPanGestureRecognizer.h:31:12: note: 'UIPanGestureRecognizer' has been explicitly marked unavailable here
29 |
30 | UIKIT_EXTERN API_AVAILABLE(ios(3.2)) API_UNAVAILABLE(watchos) NS_SWIFT_UI_ACTOR
31 | @interface UIPanGestureRecognizer : UIGestureRecognizer
| `- note: 'UIPanGestureRecognizer' has been explicitly marked unavailable here
32 |
33 | @property (nonatomic) NSUInteger minimumNumberOfTouches API_UNAVAILABLE(tvos); // default is 1. the minimum number of touches required to match
/Users/admin/builder/spi-builder-workspace/Sources/BoundarySlider/BoundarySlider.swift:170:64: error: 'UIEvent' is unavailable in watchOS
168 | }
169 |
170 | public override func hitTest(_ point: CGPoint, with event: UIEvent?) -> UIView? {
| `- error: 'UIEvent' is unavailable in watchOS
171 | guard !self.isHidden, self.isUserInteractionEnabled, self.alpha > 0 else { return nil }
172 | let expandedBounds = bounds.insetBy(dx: min(bounds.width - 10, 0), dy: min(bounds.height - 10, 0))
/Applications/Xcode-27.0.0-Release.Candidate.app/Contents/Developer/Platforms/WatchOS.platform/Developer/SDKs/WatchOS27.0.sdk/System/Library/Frameworks/UIKit.framework/Headers/UIEvent.h:62:12: note: 'UIEvent' has been explicitly marked unavailable here
60 |
61 | UIKIT_EXTERN API_AVAILABLE(ios(2.0)) API_UNAVAILABLE(watchos) NS_SWIFT_UI_ACTOR
62 | @interface UIEvent : NSObject
| `- note: 'UIEvent' has been explicitly marked unavailable here
63 |
64 | @property(nonatomic,readonly) UIEventType type API_AVAILABLE(ios(3.0));
SwiftCompile normal arm64_32 /Users/admin/builder/spi-builder-workspace/Sources/BoundarySlider/BoundarySlider.swift (in target 'BoundarySlider' from project 'BoundarySlider')
cd /Users/admin/builder/spi-builder-workspace/.swiftpm/xcode
builtin-SwiftPerFileCompile BoundarySlider.swift
/Users/admin/builder/spi-builder-workspace/Sources/BoundarySlider/BoundarySlider.swift:170:77: error: 'UIView' is unavailable in watchOS
168 | }
169 |
170 | public override func hitTest(_ point: CGPoint, with event: UIEvent?) -> UIView? {
| `- error: 'UIView' is unavailable in watchOS
171 | guard !self.isHidden, self.isUserInteractionEnabled, self.alpha > 0 else { return nil }
172 | let expandedBounds = bounds.insetBy(dx: min(bounds.width - 10, 0), dy: min(bounds.height - 10, 0))
/Applications/Xcode-27.0.0-Release.Candidate.app/Contents/Developer/Platforms/WatchOS.platform/Developer/SDKs/WatchOS27.0.sdk/System/Library/Frameworks/UIKit.framework/Headers/UIView.h:152:12: note: 'UIView' has been explicitly marked unavailable here
150 |
151 | UIKIT_EXTERN API_AVAILABLE(ios(2.0)) API_UNAVAILABLE(watchos) NS_SWIFT_UI_ACTOR
152 | @interface UIView : UIResponder <NSCoding, UIAppearance, UIAppearanceContainer, UIDynamicItem, UITraitEnvironment, UICoordinateSpace, UIFocusItem, UIFocusItemContainer, CALayerDelegate>
| `- note: 'UIView' has been explicitly marked unavailable here
153 |
154 | @property(class, nonatomic, readonly) Class layerClass; // default is [CALayer class]. Used when creating the underlying layer for the view.
/Users/admin/builder/spi-builder-workspace/Sources/BoundarySlider/BoundarySlider.swift:12:36: error: 'UIControl' is unavailable in watchOS
10 | /// This view will show the boundary with in slide.
11 | /// If slide reach that boundary will invoke callback to gitve option to execute custom logic
12 | public final class BoundarySlider: UIControl {
| `- error: 'UIControl' is unavailable in watchOS
13 | private var trackLayer: CALayer!
14 | private var fillTrackerLayer: CALayer!
/Applications/Xcode-27.0.0-Release.Candidate.app/Contents/Developer/Platforms/WatchOS.platform/Developer/SDKs/WatchOS27.0.sdk/System/Library/Frameworks/UIKit.framework/Headers/UIControl.h:76:12: note: 'UIControl' has been explicitly marked unavailable here
74 |
75 | UIKIT_EXTERN API_AVAILABLE(ios(2.0)) API_UNAVAILABLE(watchos) NS_SWIFT_UI_ACTOR
76 | @interface UIControl : UIView
| `- note: 'UIControl' has been explicitly marked unavailable here
77 |
78 | - (instancetype)initWithFrame:(CGRect)frame NS_DESIGNATED_INITIALIZER;
SwiftEmitModule normal arm64 Emitting\ module\ for\ BoundarySlider (in target 'BoundarySlider' from project 'BoundarySlider')
/Users/admin/builder/spi-builder-workspace/Sources/BoundarySlider/BoundarySlider.swift:13:29: error: 'CALayer' is unavailable in watchOS
11 | /// If slide reach that boundary will invoke callback to gitve option to execute custom logic
12 | public final class BoundarySlider: UIControl {
13 | private var trackLayer: CALayer!
| `- error: 'CALayer' is unavailable in watchOS
14 | private var fillTrackerLayer: CALayer!
15 | private var bufferLayer: CALayer!
/Applications/Xcode-27.0.0-Release.Candidate.app/Contents/Developer/Platforms/WatchOS.platform/Developer/SDKs/WatchOS27.0.sdk/System/Library/Frameworks/QuartzCore.framework/Headers/CALayer.h:117:12: note: 'CALayer' has been explicitly marked unavailable here
115 |
116 | API_AVAILABLE(macos(10.5), ios(2.0), tvos(9.0)) API_UNAVAILABLE(watchos)
117 | @interface CALayer : NSObject <NSSecureCoding, CAMediaTiming>
| `- note: 'CALayer' has been explicitly marked unavailable here
118 |
119 | /** Layer creation and initialization. **/
/Users/admin/builder/spi-builder-workspace/Sources/BoundarySlider/BoundarySlider.swift:14:35: error: 'CALayer' is unavailable in watchOS
12 | public final class BoundarySlider: UIControl {
13 | private var trackLayer: CALayer!
14 | private var fillTrackerLayer: CALayer!
| `- error: 'CALayer' is unavailable in watchOS
15 | private var bufferLayer: CALayer!
16 | private var boundaryLayerDictionary = [Float: CALayer]()
/Applications/Xcode-27.0.0-Release.Candidate.app/Contents/Developer/Platforms/WatchOS.platform/Developer/SDKs/WatchOS27.0.sdk/System/Library/Frameworks/QuartzCore.framework/Headers/CALayer.h:117:12: note: 'CALayer' has been explicitly marked unavailable here
115 |
116 | API_AVAILABLE(macos(10.5), ios(2.0), tvos(9.0)) API_UNAVAILABLE(watchos)
117 | @interface CALayer : NSObject <NSSecureCoding, CAMediaTiming>
| `- note: 'CALayer' has been explicitly marked unavailable here
118 |
119 | /** Layer creation and initialization. **/
/Users/admin/builder/spi-builder-workspace/Sources/BoundarySlider/BoundarySlider.swift:15:30: error: 'CALayer' is unavailable in watchOS
13 | private var trackLayer: CALayer!
14 | private var fillTrackerLayer: CALayer!
15 | private var bufferLayer: CALayer!
| `- error: 'CALayer' is unavailable in watchOS
16 | private var boundaryLayerDictionary = [Float: CALayer]()
17 | private var thumbInitialXPosition: Float = 0.0
/Applications/Xcode-27.0.0-Release.Candidate.app/Contents/Developer/Platforms/WatchOS.platform/Developer/SDKs/WatchOS27.0.sdk/System/Library/Frameworks/QuartzCore.framework/Headers/CALayer.h:117:12: note: 'CALayer' has been explicitly marked unavailable here
115 |
116 | API_AVAILABLE(macos(10.5), ios(2.0), tvos(9.0)) API_UNAVAILABLE(watchos)
117 | @interface CALayer : NSObject <NSSecureCoding, CAMediaTiming>
| `- note: 'CALayer' has been explicitly marked unavailable here
118 |
119 | /** Layer creation and initialization. **/
/Users/admin/builder/spi-builder-workspace/Sources/BoundarySlider/BoundarySlider.swift:16:51: error: 'CALayer' is unavailable in watchOS
14 | private var fillTrackerLayer: CALayer!
15 | private var bufferLayer: CALayer!
16 | private var boundaryLayerDictionary = [Float: CALayer]()
| `- error: 'CALayer' is unavailable in watchOS
17 | private var thumbInitialXPosition: Float = 0.0
18 |
/Applications/Xcode-27.0.0-Release.Candidate.app/Contents/Developer/Platforms/WatchOS.platform/Developer/SDKs/WatchOS27.0.sdk/System/Library/Frameworks/QuartzCore.framework/Headers/CALayer.h:117:12: note: 'CALayer' has been explicitly marked unavailable here
115 |
116 | API_AVAILABLE(macos(10.5), ios(2.0), tvos(9.0)) API_UNAVAILABLE(watchos)
117 | @interface CALayer : NSObject <NSSecureCoding, CAMediaTiming>
| `- note: 'CALayer' has been explicitly marked unavailable here
118 |
119 | /** Layer creation and initialization. **/
/Users/admin/builder/spi-builder-workspace/Sources/BoundarySlider/BoundarySlider.swift:22:42: error: 'systemYellow' is unavailable in watchOS
20 | public var fillTrackColor: UIColor = .red
21 | public var bufferTrackColor: UIColor = .init(white: 1.0, alpha: 0.6)
22 | public var boundaryColor: UIColor = .systemYellow
| `- error: 'systemYellow' is unavailable in watchOS
23 |
24 | public var minimumValue: Float = 0.0
/Applications/Xcode-27.0.0-Release.Candidate.app/Contents/Developer/Platforms/WatchOS.platform/Developer/SDKs/WatchOS27.0.sdk/System/Library/Frameworks/UIKit.framework/Headers/UIInterface.h:125:49: note: 'systemYellow' has been explicitly marked unavailable here
123 | @property (class, nonatomic, readonly) UIColor *systemBlueColor API_AVAILABLE(ios(7.0), tvos(9.0)) API_UNAVAILABLE(watchos);
124 | @property (class, nonatomic, readonly) UIColor *systemOrangeColor API_AVAILABLE(ios(7.0), tvos(9.0)) API_UNAVAILABLE(watchos);
125 | @property (class, nonatomic, readonly) UIColor *systemYellowColor API_AVAILABLE(ios(7.0), tvos(9.0)) API_UNAVAILABLE(watchos);
| `- note: 'systemYellow' has been explicitly marked unavailable here
126 | @property (class, nonatomic, readonly) UIColor *systemPinkColor API_AVAILABLE(ios(7.0), tvos(9.0)) API_UNAVAILABLE(watchos);
127 | @property (class, nonatomic, readonly) UIColor *systemPurpleColor API_AVAILABLE(ios(9.0), tvos(9.0)) API_UNAVAILABLE(watchos);
/Users/admin/builder/spi-builder-workspace/Sources/BoundarySlider/BoundarySlider.swift:63:52: error: 'CALayer' is unavailable in watchOS
61 | }
62 |
63 | public override func layoutSublayers(of layer: CALayer) {
| `- error: 'CALayer' is unavailable in watchOS
64 | super.layoutSublayers(of: layer)
65 | updateBasicPropertyOfLayer()
/Applications/Xcode-27.0.0-Release.Candidate.app/Contents/Developer/Platforms/WatchOS.platform/Developer/SDKs/WatchOS27.0.sdk/System/Library/Frameworks/QuartzCore.framework/Headers/CALayer.h:117:12: note: 'CALayer' has been explicitly marked unavailable here
115 |
116 | API_AVAILABLE(macos(10.5), ios(2.0), tvos(9.0)) API_UNAVAILABLE(watchos)
117 | @interface CALayer : NSObject <NSSecureCoding, CAMediaTiming>
| `- note: 'CALayer' has been explicitly marked unavailable here
118 |
119 | /** Layer creation and initialization. **/
/Users/admin/builder/spi-builder-workspace/Sources/BoundarySlider/BoundarySlider.swift:76:49: error: 'UIPanGestureRecognizer' is unavailable in watchOS
74 | }
75 |
76 | @objc private func handleGesture(_ gesture: UIPanGestureRecognizer) {
| `- error: 'UIPanGestureRecognizer' is unavailable in watchOS
77 | let translationX = gesture.translation(in: self).x
78 | switch gesture.state {
/Applications/Xcode-27.0.0-Release.Candidate.app/Contents/Developer/Platforms/WatchOS.platform/Developer/SDKs/WatchOS27.0.sdk/System/Library/Frameworks/UIKit.framework/Headers/UIPanGestureRecognizer.h:31:12: note: 'UIPanGestureRecognizer' has been explicitly marked unavailable here
29 |
30 | UIKIT_EXTERN API_AVAILABLE(ios(3.2)) API_UNAVAILABLE(watchos) NS_SWIFT_UI_ACTOR
31 | @interface UIPanGestureRecognizer : UIGestureRecognizer
| `- note: 'UIPanGestureRecognizer' has been explicitly marked unavailable here
32 |
33 | @property (nonatomic) NSUInteger minimumNumberOfTouches API_UNAVAILABLE(tvos); // default is 1. the minimum number of touches required to match
/Users/admin/builder/spi-builder-workspace/Sources/BoundarySlider/BoundarySlider.swift:170:64: error: 'UIEvent' is unavailable in watchOS
168 | }
169 |
170 | public override func hitTest(_ point: CGPoint, with event: UIEvent?) -> UIView? {
| `- error: 'UIEvent' is unavailable in watchOS
171 | guard !self.isHidden, self.isUserInteractionEnabled, self.alpha > 0 else { return nil }
172 | let expandedBounds = bounds.insetBy(dx: min(bounds.width - 10, 0), dy: min(bounds.height - 10, 0))
/Applications/Xcode-27.0.0-Release.Candidate.app/Contents/Developer/Platforms/WatchOS.platform/Developer/SDKs/WatchOS27.0.sdk/System/Library/Frameworks/UIKit.framework/Headers/UIEvent.h:62:12: note: 'UIEvent' has been explicitly marked unavailable here
60 |
61 | UIKIT_EXTERN API_AVAILABLE(ios(2.0)) API_UNAVAILABLE(watchos) NS_SWIFT_UI_ACTOR
62 | @interface UIEvent : NSObject
| `- note: 'UIEvent' has been explicitly marked unavailable here
63 |
64 | @property(nonatomic,readonly) UIEventType type API_AVAILABLE(ios(3.0));
/Users/admin/builder/spi-builder-workspace/Sources/BoundarySlider/BoundarySlider.swift:170:77: error: 'UIView' is unavailable in watchOS
168 | }
169 |
170 | public override func hitTest(_ point: CGPoint, with event: UIEvent?) -> UIView? {
| `- error: 'UIView' is unavailable in watchOS
171 | guard !self.isHidden, self.isUserInteractionEnabled, self.alpha > 0 else { return nil }
172 | let expandedBounds = bounds.insetBy(dx: min(bounds.width - 10, 0), dy: min(bounds.height - 10, 0))
/Applications/Xcode-27.0.0-Release.Candidate.app/Contents/Developer/Platforms/WatchOS.platform/Developer/SDKs/WatchOS27.0.sdk/System/Library/Frameworks/UIKit.framework/Headers/UIView.h:152:12: note: 'UIView' has been explicitly marked unavailable here
150 |
151 | UIKIT_EXTERN API_AVAILABLE(ios(2.0)) API_UNAVAILABLE(watchos) NS_SWIFT_UI_ACTOR
152 | @interface UIView : UIResponder <NSCoding, UIAppearance, UIAppearanceContainer, UIDynamicItem, UITraitEnvironment, UICoordinateSpace, UIFocusItem, UIFocusItemContainer, CALayerDelegate>
| `- note: 'UIView' has been explicitly marked unavailable here
153 |
154 | @property(class, nonatomic, readonly) Class layerClass; // default is [CALayer class]. Used when creating the underlying layer for the view.
/Users/admin/builder/spi-builder-workspace/Sources/BoundarySlider/BoundarySlider.swift:12:36: error: 'UIControl' is unavailable in watchOS
10 | /// This view will show the boundary with in slide.
11 | /// If slide reach that boundary will invoke callback to gitve option to execute custom logic
12 | public final class BoundarySlider: UIControl {
| `- error: 'UIControl' is unavailable in watchOS
13 | private var trackLayer: CALayer!
14 | private var fillTrackerLayer: CALayer!
/Applications/Xcode-27.0.0-Release.Candidate.app/Contents/Developer/Platforms/WatchOS.platform/Developer/SDKs/WatchOS27.0.sdk/System/Library/Frameworks/UIKit.framework/Headers/UIControl.h:76:12: note: 'UIControl' has been explicitly marked unavailable here
74 |
75 | UIKIT_EXTERN API_AVAILABLE(ios(2.0)) API_UNAVAILABLE(watchos) NS_SWIFT_UI_ACTOR
76 | @interface UIControl : UIView
| `- note: 'UIControl' has been explicitly marked unavailable here
77 |
78 | - (instancetype)initWithFrame:(CGRect)frame NS_DESIGNATED_INITIALIZER;
Failed frontend command:
/Applications/Xcode-27.0.0-Release.Candidate.app/Contents/Developer/Toolchains/XcodeDefault.xctoolchain/usr/bin/swift-frontend -frontend -emit-module -experimental-skip-non-inlinable-function-bodies-without-types /Users/admin/builder/spi-builder-workspace/Sources/BoundarySlider/BoundarySlider.swift -target arm64-apple-watchos9.0 -disable-cross-import-overlay-search -load-resolved-plugin /Applications/Xcode-27.0.0-Release.Candidate.app/Contents/Developer/Platforms/WatchOS.platform/Developer/usr/lib/swift/host/plugins/libFoundationMacros.dylib\#/Applications/Xcode-27.0.0-Release.Candidate.app/Contents/Developer/Platforms/WatchOS.platform/Developer/usr/bin/swift-plugin-server\#FoundationMacros -load-resolved-plugin /Applications/Xcode-27.0.0-Release.Candidate.app/Contents/Developer/Platforms/WatchOS.platform/Developer/usr/lib/swift/host/plugins/libObservationMacros.dylib\#/Applications/Xcode-27.0.0-Release.Candidate.app/Contents/Developer/Platforms/WatchOS.platform/Developer/usr/bin/swift-plugin-server\#ObservationMacros -load-resolved-plugin /Applications/Xcode-27.0.0-Release.Candidate.app/Contents/Developer/Platforms/WatchOS.platform/Developer/usr/lib/swift/host/plugins/libSwiftMacros.dylib\#/Applications/Xcode-27.0.0-Release.Candidate.app/Contents/Developer/Platforms/WatchOS.platform/Developer/usr/bin/swift-plugin-server\#SwiftMacros -load-resolved-plugin /Applications/Xcode-27.0.0-Release.Candidate.app/Contents/Developer/Platforms/WatchOS.platform/Developer/usr/lib/swift/host/plugins/libSwiftUIMacros.dylib\#/Applications/Xcode-27.0.0-Release.Candidate.app/Contents/Developer/Platforms/WatchOS.platform/Developer/usr/bin/swift-plugin-server\#SwiftUIMacros -disable-implicit-swift-modules -Xcc -fno-implicit-modules -Xcc -fno-implicit-module-maps -explicit-swift-module-map-file /Users/admin/builder/spi-builder-workspace/.derivedData/Build/Intermediates.noindex/BoundarySlider.build/Debug-watchos/BoundarySlider-t.build/Objects-normal/arm64/BoundarySlider-dependencies-2.json -Xllvm -aarch64-use-tbi -enable-objc-interop -stack-check -sdk /Applications/Xcode-27.0.0-Release.Candidate.app/Contents/Developer/Platforms/WatchOS.platform/Developer/SDKs/WatchOS27.0.sdk -I /Users/admin/builder/spi-builder-workspace/.derivedData/Build/Products/Debug-watchos -Isystem /Applications/Xcode-27.0.0-Release.Candidate.app/Contents/Developer/Platforms/WatchOS.platform/Developer/usr/lib -F /Users/admin/builder/spi-builder-workspace/.derivedData/Build/Products/Debug-watchos -F /Applications/Xcode-27.0.0-Release.Candidate.app/Contents/Developer/Platforms/WatchOS.platform/Developer/Library/Frameworks -F /Applications/Xcode-27.0.0-Release.Candidate.app/Contents/Developer/Platforms/WatchOS.platform/Developer/SDKs/WatchOS27.0.sdk/Developer/Library/Frameworks -module-cache-path /Users/admin/builder/spi-builder-workspace/.derivedData/Build/Intermediates.noindex/SwiftExplicitPrecompiledModules -no-color-diagnostics -Xcc -fno-color-diagnostics -enable-testing -g -debug-info-format\=dwarf -dwarf-version\=4 -swift-version 5 -Onone -D SWIFT_PACKAGE -D DEBUG -D SWIFT_MODULE_RESOURCE_BUNDLE_UNAVAILABLE -D Xcode -serialize-debugging-options -enable-experimental-feature DebugDescriptionMacro -empty-abi-descriptor -validate-clang-modules-once -clang-build-session-file /Users/admin/builder/spi-builder-workspace/.derivedData/ModuleCache.noindex/Session.modulevalidation -Xcc -working-directory -Xcc /Users/admin/builder/spi-builder-workspace/.swiftpm/xcode -enable-anonymous-context-mangled-names -file-compilation-dir /Users/admin/builder/spi-builder-workspace/.swiftpm/xcode -Xcc -D_LIBCPP_HARDENING_MODE\=_LIBCPP_HARDENING_MODE_DEBUG -Xcc -ivfsstatcache -Xcc /Users/admin/builder/spi-builder-workspace/.derivedData/SDKStatCaches.noindex/watchos27.0-24R360-e829b21a6f8c9b70876ba0858053c04477534ef55a1706bf4c1112bbb242f0a2.sdkstatcache -Xcc -fmodules-prune-interval\=86400 -Xcc -fmodules-prune-after\=345600 -Xcc -I/Users/admin/builder/spi-builder-workspace/.derivedData/Build/Products/Debug-watchos/include -Xcc -I/Users/admin/builder/spi-builder-workspace/.derivedData/Build/Intermediates.noindex/BoundarySlider.build/Debug-watchos/BoundarySlider-t.build/DerivedSources-normal/arm64 -Xcc -I/Users/admin/builder/spi-builder-workspace/.derivedData/Build/Intermediates.noindex/BoundarySlider.build/Debug-watchos/BoundarySlider-t.build/DerivedSources/arm64 -Xcc -I/Users/admin/builder/spi-builder-workspace/.derivedData/Build/Intermediates.noindex/BoundarySlider.build/Debug-watchos/BoundarySlider-t.build/DerivedSources -Xcc -DSWIFT_PACKAGE -Xcc -DDEBUG\=1 -no-auto-bridging-header-chaining -module-name BoundarySlider -package-name spi_builder_workspace -const-gather-protocols-file /Users/admin/builder/spi-builder-workspace/.derivedData/Build/Intermediates.noindex/BoundarySlider.build/Debug-watchos/BoundarySlider-t.build/Objects-normal/arm64/BoundarySlider_const_extract_protocols.json -disable-clang-spi -clang-target arm64-apple-watchos27.0 -target-sdk-version 27.0 -target-sdk-name watchos27.0 -in-process-plugin-server-path /Applications/Xcode-27.0.0-Release.Candidate.app/Contents/Developer/Toolchains/XcodeDefault.xctoolchain/usr/lib/swift/host/libSwiftInProcPluginServer.dylib -emit-module-doc-path /Users/admin/builder/spi-builder-workspace/.derivedData/Build/Intermediates.noindex/BoundarySlider.build/Debug-watchos/BoundarySlider-t.build/Objects-normal/arm64/BoundarySlider.swiftdoc -emit-module-source-info-path /Users/admin/builder/spi-builder-workspace/.derivedData/Build/Intermediates.noindex/BoundarySlider.build/Debug-watchos/BoundarySlider-t.build/Objects-normal/arm64/BoundarySlider.swiftsourceinfo -emit-objc-header-path /Users/admin/builder/spi-builder-workspace/.derivedData/Build/Intermediates.noindex/BoundarySlider.build/Debug-watchos/BoundarySlider-t.build/Objects-normal/arm64/BoundarySlider-Swift.h -serialize-diagnostics-path /Users/admin/builder/spi-builder-workspace/.derivedData/Build/Intermediates.noindex/BoundarySlider.build/Debug-watchos/BoundarySlider-t.build/Objects-normal/arm64/BoundarySlider-primary-emit-module.dia -emit-dependencies-path /Users/admin/builder/spi-builder-workspace/.derivedData/Build/Intermediates.noindex/BoundarySlider.build/Debug-watchos/BoundarySlider-t.build/Objects-normal/arm64/BoundarySlider-primary-emit-module.d -parse-as-library -o /Users/admin/builder/spi-builder-workspace/.derivedData/Build/Intermediates.noindex/BoundarySlider.build/Debug-watchos/BoundarySlider-t.build/Objects-normal/arm64/BoundarySlider.swiftmodule -emit-abi-descriptor-path /Users/admin/builder/spi-builder-workspace/.derivedData/Build/Intermediates.noindex/BoundarySlider.build/Debug-watchos/BoundarySlider-t.build/Objects-normal/arm64/BoundarySlider.abi.json
SwiftCompile normal arm64 (in target 'BoundarySlider' from project 'BoundarySlider')
cd /Users/admin/builder/spi-builder-workspace/.swiftpm/xcode
SwiftCompile normal arm64 Compiling\ BoundarySlider.swift /Users/admin/builder/spi-builder-workspace/Sources/BoundarySlider/BoundarySlider.swift (in target 'BoundarySlider' from project 'BoundarySlider')
/Users/admin/builder/spi-builder-workspace/Sources/BoundarySlider/BoundarySlider.swift:13:29: error: 'CALayer' is unavailable in watchOS
11 | /// If slide reach that boundary will invoke callback to gitve option to execute custom logic
12 | public final class BoundarySlider: UIControl {
13 | private var trackLayer: CALayer!
| `- error: 'CALayer' is unavailable in watchOS
14 | private var fillTrackerLayer: CALayer!
15 | private var bufferLayer: CALayer!
/Applications/Xcode-27.0.0-Release.Candidate.app/Contents/Developer/Platforms/WatchOS.platform/Developer/SDKs/WatchOS27.0.sdk/System/Library/Frameworks/QuartzCore.framework/Headers/CALayer.h:117:12: note: 'CALayer' has been explicitly marked unavailable here
115 |
116 | API_AVAILABLE(macos(10.5), ios(2.0), tvos(9.0)) API_UNAVAILABLE(watchos)
117 | @interface CALayer : NSObject <NSSecureCoding, CAMediaTiming>
| `- note: 'CALayer' has been explicitly marked unavailable here
118 |
119 | /** Layer creation and initialization. **/
/Users/admin/builder/spi-builder-workspace/Sources/BoundarySlider/BoundarySlider.swift:14:35: error: 'CALayer' is unavailable in watchOS
12 | public final class BoundarySlider: UIControl {
13 | private var trackLayer: CALayer!
14 | private var fillTrackerLayer: CALayer!
| `- error: 'CALayer' is unavailable in watchOS
15 | private var bufferLayer: CALayer!
16 | private var boundaryLayerDictionary = [Float: CALayer]()
/Applications/Xcode-27.0.0-Release.Candidate.app/Contents/Developer/Platforms/WatchOS.platform/Developer/SDKs/WatchOS27.0.sdk/System/Library/Frameworks/QuartzCore.framework/Headers/CALayer.h:117:12: note: 'CALayer' has been explicitly marked unavailable here
115 |
116 | API_AVAILABLE(macos(10.5), ios(2.0), tvos(9.0)) API_UNAVAILABLE(watchos)
117 | @interface CALayer : NSObject <NSSecureCoding, CAMediaTiming>
| `- note: 'CALayer' has been explicitly marked unavailable here
118 |
119 | /** Layer creation and initialization. **/
/Users/admin/builder/spi-builder-workspace/Sources/BoundarySlider/BoundarySlider.swift:15:30: error: 'CALayer' is unavailable in watchOS
13 | private var trackLayer: CALayer!
14 | private var fillTrackerLayer: CALayer!
15 | private var bufferLayer: CALayer!
| `- error: 'CALayer' is unavailable in watchOS
16 | private var boundaryLayerDictionary = [Float: CALayer]()
17 | private var thumbInitialXPosition: Float = 0.0
/Applications/Xcode-27.0.0-Release.Candidate.app/Contents/Developer/Platforms/WatchOS.platform/Developer/SDKs/WatchOS27.0.sdk/System/Library/Frameworks/QuartzCore.framework/Headers/CALayer.h:117:12: note: 'CALayer' has been explicitly marked unavailable here
115 |
116 | API_AVAILABLE(macos(10.5), ios(2.0), tvos(9.0)) API_UNAVAILABLE(watchos)
117 | @interface CALayer : NSObject <NSSecureCoding, CAMediaTiming>
| `- note: 'CALayer' has been explicitly marked unavailable here
118 |
119 | /** Layer creation and initialization. **/
/Users/admin/builder/spi-builder-workspace/Sources/BoundarySlider/BoundarySlider.swift:16:51: error: 'CALayer' is unavailable in watchOS
14 | private var fillTrackerLayer: CALayer!
15 | private var bufferLayer: CALayer!
16 | private var boundaryLayerDictionary = [Float: CALayer]()
| `- error: 'CALayer' is unavailable in watchOS
17 | private var thumbInitialXPosition: Float = 0.0
18 |
/Applications/Xcode-27.0.0-Release.Candidate.app/Contents/Developer/Platforms/WatchOS.platform/Developer/SDKs/WatchOS27.0.sdk/System/Library/Frameworks/QuartzCore.framework/Headers/CALayer.h:117:12: note: 'CALayer' has been explicitly marked unavailable here
115 |
116 | API_AVAILABLE(macos(10.5), ios(2.0), tvos(9.0)) API_UNAVAILABLE(watchos)
117 | @interface CALayer : NSObject <NSSecureCoding, CAMediaTiming>
| `- note: 'CALayer' has been explicitly marked unavailable here
118 |
119 | /** Layer creation and initialization. **/
/Users/admin/builder/spi-builder-workspace/Sources/BoundarySlider/BoundarySlider.swift:22:42: error: 'systemYellow' is unavailable in watchOS
20 | public var fillTrackColor: UIColor = .red
21 | public var bufferTrackColor: UIColor = .init(white: 1.0, alpha: 0.6)
22 | public var boundaryColor: UIColor = .systemYellow
| `- error: 'systemYellow' is unavailable in watchOS
23 |
24 | public var minimumValue: Float = 0.0
/Applications/Xcode-27.0.0-Release.Candidate.app/Contents/Developer/Platforms/WatchOS.platform/Developer/SDKs/WatchOS27.0.sdk/System/Library/Frameworks/UIKit.framework/Headers/UIInterface.h:125:49: note: 'systemYellow' has been explicitly marked unavailable here
123 | @property (class, nonatomic, readonly) UIColor *systemBlueColor API_AVAILABLE(ios(7.0), tvos(9.0)) API_UNAVAILABLE(watchos);
124 | @property (class, nonatomic, readonly) UIColor *systemOrangeColor API_AVAILABLE(ios(7.0), tvos(9.0)) API_UNAVAILABLE(watchos);
125 | @property (class, nonatomic, readonly) UIColor *systemYellowColor API_AVAILABLE(ios(7.0), tvos(9.0)) API_UNAVAILABLE(watchos);
| `- note: 'systemYellow' has been explicitly marked unavailable here
126 | @property (class, nonatomic, readonly) UIColor *systemPinkColor API_AVAILABLE(ios(7.0), tvos(9.0)) API_UNAVAILABLE(watchos);
127 | @property (class, nonatomic, readonly) UIColor *systemPurpleColor API_AVAILABLE(ios(9.0), tvos(9.0)) API_UNAVAILABLE(watchos);
/Users/admin/builder/spi-builder-workspace/Sources/BoundarySlider/BoundarySlider.swift:63:52: error: 'CALayer' is unavailable in watchOS
61 | }
62 |
63 | public override func layoutSublayers(of layer: CALayer) {
| `- error: 'CALayer' is unavailable in watchOS
64 | super.layoutSublayers(of: layer)
65 | updateBasicPropertyOfLayer()
/Applications/Xcode-27.0.0-Release.Candidate.app/Contents/Developer/Platforms/WatchOS.platform/Developer/SDKs/WatchOS27.0.sdk/System/Library/Frameworks/QuartzCore.framework/Headers/CALayer.h:117:12: note: 'CALayer' has been explicitly marked unavailable here
115 |
116 | API_AVAILABLE(macos(10.5), ios(2.0), tvos(9.0)) API_UNAVAILABLE(watchos)
117 | @interface CALayer : NSObject <NSSecureCoding, CAMediaTiming>
| `- note: 'CALayer' has been explicitly marked unavailable here
118 |
119 | /** Layer creation and initialization. **/
/Users/admin/builder/spi-builder-workspace/Sources/BoundarySlider/BoundarySlider.swift:76:49: error: 'UIPanGestureRecognizer' is unavailable in watchOS
74 | }
75 |
76 | @objc private func handleGesture(_ gesture: UIPanGestureRecognizer) {
| `- error: 'UIPanGestureRecognizer' is unavailable in watchOS
77 | let translationX = gesture.translation(in: self).x
78 | switch gesture.state {
/Applications/Xcode-27.0.0-Release.Candidate.app/Contents/Developer/Platforms/WatchOS.platform/Developer/SDKs/WatchOS27.0.sdk/System/Library/Frameworks/UIKit.framework/Headers/UIPanGestureRecognizer.h:31:12: note: 'UIPanGestureRecognizer' has been explicitly marked unavailable here
29 |
30 | UIKIT_EXTERN API_AVAILABLE(ios(3.2)) API_UNAVAILABLE(watchos) NS_SWIFT_UI_ACTOR
31 | @interface UIPanGestureRecognizer : UIGestureRecognizer
| `- note: 'UIPanGestureRecognizer' has been explicitly marked unavailable here
32 |
33 | @property (nonatomic) NSUInteger minimumNumberOfTouches API_UNAVAILABLE(tvos); // default is 1. the minimum number of touches required to match
/Users/admin/builder/spi-builder-workspace/Sources/BoundarySlider/BoundarySlider.swift:170:64: error: 'UIEvent' is unavailable in watchOS
168 | }
169 |
170 | public override func hitTest(_ point: CGPoint, with event: UIEvent?) -> UIView? {
| `- error: 'UIEvent' is unavailable in watchOS
171 | guard !self.isHidden, self.isUserInteractionEnabled, self.alpha > 0 else { return nil }
172 | let expandedBounds = bounds.insetBy(dx: min(bounds.width - 10, 0), dy: min(bounds.height - 10, 0))
/Applications/Xcode-27.0.0-Release.Candidate.app/Contents/Developer/Platforms/WatchOS.platform/Developer/SDKs/WatchOS27.0.sdk/System/Library/Frameworks/UIKit.framework/Headers/UIEvent.h:62:12: note: 'UIEvent' has been explicitly marked unavailable here
60 |
61 | UIKIT_EXTERN API_AVAILABLE(ios(2.0)) API_UNAVAILABLE(watchos) NS_SWIFT_UI_ACTOR
62 | @interface UIEvent : NSObject
| `- note: 'UIEvent' has been explicitly marked unavailable here
63 |
64 | @property(nonatomic,readonly) UIEventType type API_AVAILABLE(ios(3.0));
SwiftCompile normal arm64 /Users/admin/builder/spi-builder-workspace/Sources/BoundarySlider/BoundarySlider.swift (in target 'BoundarySlider' from project 'BoundarySlider')
cd /Users/admin/builder/spi-builder-workspace/.swiftpm/xcode
builtin-SwiftPerFileCompile BoundarySlider.swift
/Users/admin/builder/spi-builder-workspace/Sources/BoundarySlider/BoundarySlider.swift:170:77: error: 'UIView' is unavailable in watchOS
168 | }
169 |
170 | public override func hitTest(_ point: CGPoint, with event: UIEvent?) -> UIView? {
| `- error: 'UIView' is unavailable in watchOS
171 | guard !self.isHidden, self.isUserInteractionEnabled, self.alpha > 0 else { return nil }
172 | let expandedBounds = bounds.insetBy(dx: min(bounds.width - 10, 0), dy: min(bounds.height - 10, 0))
/Applications/Xcode-27.0.0-Release.Candidate.app/Contents/Developer/Platforms/WatchOS.platform/Developer/SDKs/WatchOS27.0.sdk/System/Library/Frameworks/UIKit.framework/Headers/UIView.h:152:12: note: 'UIView' has been explicitly marked unavailable here
150 |
151 | UIKIT_EXTERN API_AVAILABLE(ios(2.0)) API_UNAVAILABLE(watchos) NS_SWIFT_UI_ACTOR
152 | @interface UIView : UIResponder <NSCoding, UIAppearance, UIAppearanceContainer, UIDynamicItem, UITraitEnvironment, UICoordinateSpace, UIFocusItem, UIFocusItemContainer, CALayerDelegate>
| `- note: 'UIView' has been explicitly marked unavailable here
153 |
154 | @property(class, nonatomic, readonly) Class layerClass; // default is [CALayer class]. Used when creating the underlying layer for the view.
PruneExplicitPrecompiledModules /Users/admin/builder/spi-builder-workspace/.derivedData/Build/Intermediates.noindex/ExplicitPrecompiledModules
PruneExplicitPrecompiledModules /Users/admin/builder/spi-builder-workspace/.derivedData/SDKExplicitPrecompiledModules
PruneExplicitPrecompiledModules /Users/admin/builder/spi-builder-workspace/.derivedData/Build/Intermediates.noindex/SwiftExplicitPrecompiledModules
2026-09-20 22:18:17.599 xcodebuild[791:4678] [MT] IDERunDestination: Supported platforms for the buildables in the current scheme is empty.
** BUILD FAILED **
The following build commands failed:
SwiftCompile normal arm64_32 (in target 'BoundarySlider' from project 'BoundarySlider')
SwiftEmitModule normal arm64_32 Emitting\ module\ for\ BoundarySlider (in target 'BoundarySlider' from project 'BoundarySlider')
SwiftEmitModule normal arm64 Emitting\ module\ for\ BoundarySlider (in target 'BoundarySlider' from project 'BoundarySlider')
SwiftCompile normal arm64 (in target 'BoundarySlider' from project 'BoundarySlider')
Building workspace BoundarySlider with scheme BoundarySlider
(5 failures)
BUILD FAILURE 6.4 watchOS