The Swift Package Index logo.Swift Package Index

Build Information

Failed to build MijickNavigationView, reference 1.1.3 (f9e78d), with Swift 6.4 for tvOS using Xcode 27.0 on 20 Sep 2026 23:35:52 UTC.

Build Command

env DEVELOPER_DIR=/Applications/Xcode-27.0.0-Release.Candidate.app xcrun xcodebuild -IDEClonedSourcePackagesDirPathOverride=$PWD/.dependencies -skipMacroValidation -skipPackagePluginValidation -derivedDataPath $PWD/.derivedData build -scheme MijickNavigationView -destination generic/platform=tvOS

Build Log

========================================
RunAll
========================================
Builder version: 5.1.0
Interrupt handler set up.
========================================
Checkout
========================================
Clone URL: https://github.com/Mijick/NavigationView.git
Reference: 1.1.3
Initialized empty Git repository in /Users/admin/builder/spi-builder-workspace/.git/
From https://github.com/Mijick/NavigationView
 * tag               1.1.3      -> FETCH_HEAD
HEAD is now at f9e78da Patch 1.1.3
Cloned https://github.com/Mijick/NavigationView.git
Revision (git rev-parse @):
f9e78da74871bd862db320b9a27cbf0e20e85a93
SUCCESS checkout https://github.com/Mijick/NavigationView.git at 1.1.3
========================================
Build
========================================
Selected platform:         tvOS
Swift version:             6.4
Building package at path:  $PWD
https://github.com/Mijick/NavigationView.git
Command line invocation:
    /Applications/Xcode-27.0.0-Release.Candidate.app/Contents/Developer/usr/bin/xcodebuild -IDEClonedSourcePackagesDirPathOverride=/Users/admin/builder/spi-builder-workspace/.dependencies -resolvePackageDependencies
Resolve Package Graph
Resolve Package Graph
Resolved source packages:
  MijickNavigationView: /Users/admin/builder/spi-builder-workspace
resolved source packages: MijickNavigationView
2026-09-20 19:35:03.558 xcodebuild[529:3031] [MT] IDERunDestination: Supported platforms for the buildables in the current scheme is empty.
{
  "dependencies" : [
  ],
  "manifest_display_name" : "MijickNavigationView",
  "name" : "MijickNavigationView",
  "path" : "/Users/admin/builder/spi-builder-workspace",
  "platforms" : [
    {
      "name" : "ios",
      "version" : "15.0"
    }
  ],
  "products" : [
    {
      "name" : "MijickNavigationView",
      "targets" : [
        "MijickNavigationView"
      ],
      "type" : {
        "library" : [
          "automatic"
        ]
      }
    }
  ],
  "targets" : [
    {
      "c99name" : "MijickNavigationView",
      "module_type" : "SwiftTarget",
      "name" : "MijickNavigationView",
      "path" : "Sources",
      "product_memberships" : [
        "MijickNavigationView"
      ],
      "sources" : [
        "Internal/Extensions/Animation++.swift",
        "Internal/Extensions/Array++.swift",
        "Internal/Extensions/Equatable++.swift",
        "Internal/Managers/KeyboardManager.swift",
        "Internal/Managers/NavigationManager.swift",
        "Internal/Managers/ScreenManager.swift",
        "Internal/Protocols/Configurable.swift",
        "Internal/Protocols/NavigatableView.swift",
        "Internal/Type Erasers/AnyNavigatableView.swift",
        "Internal/View Modifiers/AnimationCompletionModifier.swift",
        "Internal/Views/NavigationView.swift",
        "Public/Public+NavigatableView.swift",
        "Public/Public+NavigationBackGesture.swift",
        "Public/Public+NavigationConfig.swift",
        "Public/Public+NavigationGlobalConfig.swift",
        "Public/Public+NavigationManager.swift",
        "Public/Public+SafeAreaEdges.swift",
        "Public/Public+TransitionAnimation.swift",
        "Public/Public+View.swift"
      ],
      "type" : "library"
    }
  ],
  "tools_version" : "5.8"
}
{
  "workspace" : {
    "name" : "MijickNavigationView",
    "schemes" : [
      "MijickNavigationView"
    ]
  }
}
2026-09-20 19:35:36.405 xcodebuild[626:3846] [MT] IDERunDestination: Supported platforms for the buildables in the current scheme is empty.
Running build ...
env DEVELOPER_DIR=/Applications/Xcode-27.0.0-Release.Candidate.app xcrun xcodebuild -IDEClonedSourcePackagesDirPathOverride=$PWD/.dependencies -skipMacroValidation -skipPackagePluginValidation -derivedDataPath $PWD/.derivedData build -scheme MijickNavigationView -destination generic/platform=tvOS
Command line invocation:
    /Applications/Xcode-27.0.0-Release.Candidate.app/Contents/Developer/usr/bin/xcodebuild -IDEClonedSourcePackagesDirPathOverride=/Users/admin/builder/spi-builder-workspace/.dependencies -skipMacroValidation -skipPackagePluginValidation -derivedDataPath /Users/admin/builder/spi-builder-workspace/.derivedData build -scheme MijickNavigationView -destination generic/platform=tvOS
Resolve Package Graph
Resolved source packages:
  MijickNavigationView: /Users/admin/builder/spi-builder-workspace
ComputePackagePrebuildTargetDependencyGraph
Prepare packages
CreateBuildRequest
SendProjectDescription
CreateBuildOperation
ComputeTargetDependencyGraph
note: Building targets in dependency order
note: Target dependency graph (2 targets)
    Target 'MijickNavigationView-product' in project 'MijickNavigationView'
        ➜ Explicit dependency on target 'MijickNavigationView' in project 'MijickNavigationView'
    Target 'MijickNavigationView' in project 'MijickNavigationView' (no dependencies)
GatherProvisioningInputs
CreateBuildDescription
ExecuteExternalTool /Applications/Xcode-27.0.0-Release.Candidate.app/Contents/Developer/Toolchains/XcodeDefault.xctoolchain/usr/bin/clang -v -E -dM -isysroot /Applications/Xcode-27.0.0-Release.Candidate.app/Contents/Developer/Platforms/AppleTVOS.platform/Developer/SDKs/AppleTVOS27.0.sdk -x c -c /dev/null
ExecuteExternalTool /Applications/Xcode-27.0.0-Release.Candidate.app/Contents/Developer/Toolchains/XcodeDefault.xctoolchain/usr/bin/swiftc --version
ExecuteExternalTool /Applications/Xcode-27.0.0-Release.Candidate.app/Contents/Developer/Toolchains/XcodeDefault.xctoolchain/usr/bin/ld -version_details
Build description signature: 8aa3cc2146c5297c88cd0beefc670e07
Build description path: /Users/admin/builder/spi-builder-workspace/.derivedData/Build/Intermediates.noindex/XCBuildData/8aa3cc2146c5297c88cd0beefc670e07.xcbuilddata
CreateBuildDirectory /Users/admin/builder/spi-builder-workspace/.derivedData/SDKExplicitPrecompiledModules
    cd /Users/admin/builder/spi-builder-workspace/.swiftpm/xcode
    builtin-create-build-directory /Users/admin/builder/spi-builder-workspace/.derivedData/SDKExplicitPrecompiledModules
CreateBuildDirectory /Users/admin/builder/spi-builder-workspace/.derivedData/ModuleCache.noindex
    cd /Users/admin/builder/spi-builder-workspace/.swiftpm/xcode
    builtin-create-build-directory /Users/admin/builder/spi-builder-workspace/.derivedData/ModuleCache.noindex
CreateBuildDirectory /Users/admin/builder/spi-builder-workspace/.derivedData/CompilationCache.noindex
    cd /Users/admin/builder/spi-builder-workspace/.swiftpm/xcode
    builtin-create-build-directory /Users/admin/builder/spi-builder-workspace/.derivedData/CompilationCache.noindex
CreateBuildDirectory /Users/admin/builder/spi-builder-workspace/.derivedData/Build/Intermediates.noindex
    cd /Users/admin/builder/spi-builder-workspace/.swiftpm/xcode
    builtin-create-build-directory /Users/admin/builder/spi-builder-workspace/.derivedData/Build/Intermediates.noindex
ClangStatCache /Applications/Xcode-27.0.0-Release.Candidate.app/Contents/Developer/Toolchains/XcodeDefault.xctoolchain/usr/bin/clang-stat-cache /Applications/Xcode-27.0.0-Release.Candidate.app/Contents/Developer/Platforms/AppleTVOS.platform/Developer/SDKs/AppleTVOS27.0.sdk /Users/admin/builder/spi-builder-workspace/.derivedData/SDKStatCaches.noindex/appletvos27.0-24J360-e829b21a6f8c9b70876ba0858053c044b32bfd8d43560033f8d89884cdb90028.sdkstatcache
    cd /Users/admin/builder/spi-builder-workspace/.swiftpm/xcode
    /Applications/Xcode-27.0.0-Release.Candidate.app/Contents/Developer/Toolchains/XcodeDefault.xctoolchain/usr/bin/clang-stat-cache /Applications/Xcode-27.0.0-Release.Candidate.app/Contents/Developer/Platforms/AppleTVOS.platform/Developer/SDKs/AppleTVOS27.0.sdk -o /Users/admin/builder/spi-builder-workspace/.derivedData/SDKStatCaches.noindex/appletvos27.0-24J360-e829b21a6f8c9b70876ba0858053c044b32bfd8d43560033f8d89884cdb90028.sdkstatcache
CreateBuildDirectory /Users/admin/builder/spi-builder-workspace/.derivedData/Build/Products
    cd /Users/admin/builder/spi-builder-workspace/.swiftpm/xcode
    builtin-create-build-directory /Users/admin/builder/spi-builder-workspace/.derivedData/Build/Products
CreateBuildDirectory /Users/admin/builder/spi-builder-workspace/.derivedData/Build/Intermediates.noindex/SwiftExplicitPrecompiledModules
    cd /Users/admin/builder/spi-builder-workspace/.swiftpm/xcode
    builtin-create-build-directory /Users/admin/builder/spi-builder-workspace/.derivedData/Build/Intermediates.noindex/SwiftExplicitPrecompiledModules
CreateBuildDirectory /Users/admin/builder/spi-builder-workspace/.derivedData/Build/Intermediates.noindex/PrecompiledHeaders
    cd /Users/admin/builder/spi-builder-workspace/.swiftpm/xcode
    builtin-create-build-directory /Users/admin/builder/spi-builder-workspace/.derivedData/Build/Intermediates.noindex/PrecompiledHeaders
CreateBuildDirectory /Users/admin/builder/spi-builder-workspace/.derivedData/Build/Products/Debug-appletvos
    cd /Users/admin/builder/spi-builder-workspace/.swiftpm/xcode
    builtin-create-build-directory /Users/admin/builder/spi-builder-workspace/.derivedData/Build/Products/Debug-appletvos
CreateBuildDirectory /Users/admin/builder/spi-builder-workspace/.derivedData/Build/Intermediates.noindex/ExplicitPrecompiledModules
    cd /Users/admin/builder/spi-builder-workspace/.swiftpm/xcode
    builtin-create-build-directory /Users/admin/builder/spi-builder-workspace/.derivedData/Build/Intermediates.noindex/ExplicitPrecompiledModules
CreateBuildDirectory /Users/admin/builder/spi-builder-workspace/.derivedData/Build/Intermediates.noindex/EagerLinkingTBDs/Debug-appletvos
    cd /Users/admin/builder/spi-builder-workspace/.swiftpm/xcode
    builtin-create-build-directory /Users/admin/builder/spi-builder-workspace/.derivedData/Build/Intermediates.noindex/EagerLinkingTBDs/Debug-appletvos
CreateBuildDirectory /Users/admin/builder/spi-builder-workspace/.derivedData/Build/Products/Debug-appletvos/PackageFrameworks
    cd /Users/admin/builder/spi-builder-workspace/.swiftpm/xcode
    builtin-create-build-directory /Users/admin/builder/spi-builder-workspace/.derivedData/Build/Products/Debug-appletvos/PackageFrameworks
WriteAuxiliaryFile /Users/admin/builder/spi-builder-workspace/.derivedData/Build/Intermediates.noindex/MijickNavigationView.build/Debug-appletvos/MijickNavigationView-t.build/MijickNavigationView.DependencyStaticMetadataFileList (in target 'MijickNavigationView' from project 'MijickNavigationView')
    cd /Users/admin/builder/spi-builder-workspace
    write-file /Users/admin/builder/spi-builder-workspace/.derivedData/Build/Intermediates.noindex/MijickNavigationView.build/Debug-appletvos/MijickNavigationView-t.build/MijickNavigationView.DependencyStaticMetadataFileList
WriteAuxiliaryFile /Users/admin/builder/spi-builder-workspace/.derivedData/Build/Intermediates.noindex/MijickNavigationView.build/Debug-appletvos/MijickNavigationView-t.build/MijickNavigationView.DependencyMetadataFileList (in target 'MijickNavigationView' from project 'MijickNavigationView')
    cd /Users/admin/builder/spi-builder-workspace
    write-file /Users/admin/builder/spi-builder-workspace/.derivedData/Build/Intermediates.noindex/MijickNavigationView.build/Debug-appletvos/MijickNavigationView-t.build/MijickNavigationView.DependencyMetadataFileList
WriteAuxiliaryFile /Users/admin/builder/spi-builder-workspace/.derivedData/Build/Intermediates.noindex/MijickNavigationView.build/Debug-appletvos/MijickNavigationView-t.build/MijickNavigationView.modulemap (in target 'MijickNavigationView' from project 'MijickNavigationView')
    cd /Users/admin/builder/spi-builder-workspace
    write-file /Users/admin/builder/spi-builder-workspace/.derivedData/Build/Intermediates.noindex/MijickNavigationView.build/Debug-appletvos/MijickNavigationView-t.build/MijickNavigationView.modulemap
WriteAuxiliaryFile /Users/admin/builder/spi-builder-workspace/.derivedData/Build/Intermediates.noindex/MijickNavigationView.build/Debug-appletvos/MijickNavigationView-t.build/Objects-normal/arm64/MijickNavigationView.LinkFileList (in target 'MijickNavigationView' from project 'MijickNavigationView')
    cd /Users/admin/builder/spi-builder-workspace
    write-file /Users/admin/builder/spi-builder-workspace/.derivedData/Build/Intermediates.noindex/MijickNavigationView.build/Debug-appletvos/MijickNavigationView-t.build/Objects-normal/arm64/MijickNavigationView.LinkFileList
WriteAuxiliaryFile /Users/admin/builder/spi-builder-workspace/.derivedData/Build/Intermediates.noindex/MijickNavigationView.build/Debug-appletvos/MijickNavigationView-t.build/Objects-normal/arm64/MijickNavigationView.SwiftFileList (in target 'MijickNavigationView' from project 'MijickNavigationView')
    cd /Users/admin/builder/spi-builder-workspace
    write-file /Users/admin/builder/spi-builder-workspace/.derivedData/Build/Intermediates.noindex/MijickNavigationView.build/Debug-appletvos/MijickNavigationView-t.build/Objects-normal/arm64/MijickNavigationView.SwiftFileList
WriteAuxiliaryFile /Users/admin/builder/spi-builder-workspace/.derivedData/Build/Intermediates.noindex/MijickNavigationView.build/Debug-appletvos/MijickNavigationView-t.build/Objects-normal/arm64/MijickNavigationView_const_extract_protocols.json (in target 'MijickNavigationView' from project 'MijickNavigationView')
    cd /Users/admin/builder/spi-builder-workspace
    write-file /Users/admin/builder/spi-builder-workspace/.derivedData/Build/Intermediates.noindex/MijickNavigationView.build/Debug-appletvos/MijickNavigationView-t.build/Objects-normal/arm64/MijickNavigationView_const_extract_protocols.json
WriteAuxiliaryFile /Users/admin/builder/spi-builder-workspace/.derivedData/Build/Intermediates.noindex/MijickNavigationView.build/Debug-appletvos/MijickNavigationView-t.build/Objects-normal/arm64/MijickNavigationView-OutputFileMap.json (in target 'MijickNavigationView' from project 'MijickNavigationView')
    cd /Users/admin/builder/spi-builder-workspace
    write-file /Users/admin/builder/spi-builder-workspace/.derivedData/Build/Intermediates.noindex/MijickNavigationView.build/Debug-appletvos/MijickNavigationView-t.build/Objects-normal/arm64/MijickNavigationView-OutputFileMap.json
WriteAuxiliaryFile /Users/admin/builder/spi-builder-workspace/.derivedData/Build/Intermediates.noindex/MijickNavigationView.build/Debug-appletvos/MijickNavigationView-t.build/Objects-normal/arm64/MijickNavigationView.SwiftConstValuesFileList (in target 'MijickNavigationView' from project 'MijickNavigationView')
    cd /Users/admin/builder/spi-builder-workspace
    write-file /Users/admin/builder/spi-builder-workspace/.derivedData/Build/Intermediates.noindex/MijickNavigationView.build/Debug-appletvos/MijickNavigationView-t.build/Objects-normal/arm64/MijickNavigationView.SwiftConstValuesFileList
Copy /Users/admin/builder/spi-builder-workspace/.derivedData/Build/Intermediates.noindex/GeneratedModuleMaps-appletvos/MijickNavigationView.modulemap /Users/admin/builder/spi-builder-workspace/.derivedData/Build/Intermediates.noindex/MijickNavigationView.build/Debug-appletvos/MijickNavigationView-t.build/MijickNavigationView.modulemap (in target 'MijickNavigationView' from project 'MijickNavigationView')
    cd /Users/admin/builder/spi-builder-workspace
    builtin-copy -exclude .DS_Store -exclude CVS -exclude .svn -exclude .git -exclude .hg -resolve-src-symlinks /Users/admin/builder/spi-builder-workspace/.derivedData/Build/Intermediates.noindex/MijickNavigationView.build/Debug-appletvos/MijickNavigationView-t.build/MijickNavigationView.modulemap /Users/admin/builder/spi-builder-workspace/.derivedData/Build/Intermediates.noindex/GeneratedModuleMaps-appletvos
SwiftDriver MijickNavigationView normal arm64 com.apple.xcode.tools.swift.compiler (in target 'MijickNavigationView' from project 'MijickNavigationView')
    cd /Users/admin/builder/spi-builder-workspace/.swiftpm/xcode
    builtin-SwiftDriver -- /Applications/Xcode-27.0.0-Release.Candidate.app/Contents/Developer/Toolchains/XcodeDefault.xctoolchain/usr/bin/swiftc -parse-as-library -module-name MijickNavigationView -Onone @/Users/admin/builder/spi-builder-workspace/.derivedData/Build/Intermediates.noindex/MijickNavigationView.build/Debug-appletvos/MijickNavigationView-t.build/Objects-normal/arm64/MijickNavigationView.SwiftFileList -DSWIFT_PACKAGE -DDEBUG -DSWIFT_MODULE_RESOURCE_BUNDLE_UNAVAILABLE -DXcode -plugin-path /Applications/Xcode-27.0.0-Release.Candidate.app/Contents/Developer/Toolchains/XcodeDefault.xctoolchain/usr/lib/swift/host/plugins/testing -enable-experimental-feature DebugDescriptionMacro -sdk /Applications/Xcode-27.0.0-Release.Candidate.app/Contents/Developer/Platforms/AppleTVOS.platform/Developer/SDKs/AppleTVOS27.0.sdk -target arm64-apple-tvos15.0 -g -module-cache-path /Users/admin/builder/spi-builder-workspace/.derivedData/ModuleCache.noindex -Xfrontend -serialize-debugging-options -enable-testing -index-store-path /Users/admin/builder/spi-builder-workspace/.derivedData/Index.noindex/DataStore -Xcc -D_LIBCPP_HARDENING_MODE\=_LIBCPP_HARDENING_MODE_DEBUG -swift-version 5 -I /Users/admin/builder/spi-builder-workspace/.derivedData/Build/Products/Debug-appletvos -Isystem /Applications/Xcode-27.0.0-Release.Candidate.app/Contents/Developer/Platforms/AppleTVOS.platform/Developer/usr/lib -F /Users/admin/builder/spi-builder-workspace/.derivedData/Build/Products/Debug-appletvos -F /Applications/Xcode-27.0.0-Release.Candidate.app/Contents/Developer/Platforms/AppleTVOS.platform/Developer/Library/Frameworks -F /Applications/Xcode-27.0.0-Release.Candidate.app/Contents/Developer/Platforms/AppleTVOS.platform/Developer/SDKs/AppleTVOS27.0.sdk/Developer/Library/Frameworks -c -j10 -enable-batch-mode -incremental -Xcc -ivfsstatcache -Xcc /Users/admin/builder/spi-builder-workspace/.derivedData/SDKStatCaches.noindex/appletvos27.0-24J360-e829b21a6f8c9b70876ba0858053c044b32bfd8d43560033f8d89884cdb90028.sdkstatcache -output-file-map /Users/admin/builder/spi-builder-workspace/.derivedData/Build/Intermediates.noindex/MijickNavigationView.build/Debug-appletvos/MijickNavigationView-t.build/Objects-normal/arm64/MijickNavigationView-OutputFileMap.json -save-temps -no-color-diagnostics -explicit-module-build -module-cache-path /Users/admin/builder/spi-builder-workspace/.derivedData/Build/Intermediates.noindex/SwiftExplicitPrecompiledModules -clang-scanner-module-cache-path /Users/admin/builder/spi-builder-workspace/.derivedData/ModuleCache.noindex -sdk-module-cache-path /Users/admin/builder/spi-builder-workspace/.derivedData/SDKExplicitPrecompiledModules -emit-dependencies -emit-module -emit-module-path /Users/admin/builder/spi-builder-workspace/.derivedData/Build/Intermediates.noindex/MijickNavigationView.build/Debug-appletvos/MijickNavigationView-t.build/Objects-normal/arm64/MijickNavigationView.swiftmodule -serialize-diagnostics -dependency-scan-serialize-diagnostics-path /Users/admin/builder/spi-builder-workspace/.derivedData/Build/Intermediates.noindex/MijickNavigationView.build/Debug-appletvos/MijickNavigationView-t.build/Objects-normal/arm64/MijickNavigationView-dependency-scan.dia -validate-clang-modules-once -clang-build-session-file /Users/admin/builder/spi-builder-workspace/.derivedData/ModuleCache.noindex/Session.modulevalidation -Xcc -fmodules-prune-interval\=86400 -Xcc -fmodules-prune-after\=345600 -emit-const-values -const-gather-protocols-list /Users/admin/builder/spi-builder-workspace/.derivedData/Build/Intermediates.noindex/MijickNavigationView.build/Debug-appletvos/MijickNavigationView-t.build/Objects-normal/arm64/MijickNavigationView_const_extract_protocols.json -Xcc -I/Users/admin/builder/spi-builder-workspace/.derivedData/Build/Products/Debug-appletvos/include -Xcc -I/Users/admin/builder/spi-builder-workspace/.derivedData/Build/Intermediates.noindex/MijickNavigationView.build/Debug-appletvos/MijickNavigationView-t.build/DerivedSources-normal/arm64 -Xcc -I/Users/admin/builder/spi-builder-workspace/.derivedData/Build/Intermediates.noindex/MijickNavigationView.build/Debug-appletvos/MijickNavigationView-t.build/DerivedSources/arm64 -Xcc -I/Users/admin/builder/spi-builder-workspace/.derivedData/Build/Intermediates.noindex/MijickNavigationView.build/Debug-appletvos/MijickNavigationView-t.build/DerivedSources -Xcc -DSWIFT_PACKAGE -Xcc -DDEBUG\=1 -emit-objc-header -emit-objc-header-path /Users/admin/builder/spi-builder-workspace/.derivedData/Build/Intermediates.noindex/MijickNavigationView.build/Debug-appletvos/MijickNavigationView-t.build/Objects-normal/arm64/MijickNavigationView-Swift.h -working-directory /Users/admin/builder/spi-builder-workspace/.swiftpm/xcode -experimental-emit-module-separately -disable-cmo
SwiftExplicitDependencyGeneratePcm arm64 /Users/admin/builder/spi-builder-workspace/.derivedData/SDKExplicitPrecompiledModules/_Builtin_stddef-9ZJZ6FDEZNKTZU8YLPMFT9RAQ.pcm
SwiftExplicitDependencyGeneratePcm arm64 /Users/admin/builder/spi-builder-workspace/.derivedData/SDKExplicitPrecompiledModules/SwiftShims-8N4EXJ4RUJTR8K9OO3CMOH1EP.pcm
SwiftExplicitDependencyGeneratePcm arm64 /Users/admin/builder/spi-builder-workspace/.derivedData/SDKExplicitPrecompiledModules/_Builtin_stdbool-AHRDH5EKLY6D04C5E42F3VCQI.pcm
SwiftExplicitDependencyGeneratePcm arm64 /Users/admin/builder/spi-builder-workspace/.derivedData/SDKExplicitPrecompiledModules/_Builtin_stdarg-BO2OCAUYVAXDRVQWQ8ISKGNUQ.pcm
SwiftExplicitDependencyGeneratePcm arm64 /Users/admin/builder/spi-builder-workspace/.derivedData/SDKExplicitPrecompiledModules/DeveloperToolsSupport-B1X8RI63V48AJRTH2RK6JAARV.pcm
SwiftExplicitDependencyGeneratePcm arm64 /Users/admin/builder/spi-builder-workspace/.derivedData/SDKExplicitPrecompiledModules/_AvailabilityInternal-BV2EDDP0MI5QJDDPEEV4D9D3V.pcm
SwiftExplicitDependencyGeneratePcm arm64 /Users/admin/builder/spi-builder-workspace/.derivedData/SDKExplicitPrecompiledModules/ptrauth-8X2KEPL7CTRPS40TUB9APHPK6.pcm
SwiftExplicitDependencyGeneratePcm arm64 /Users/admin/builder/spi-builder-workspace/.derivedData/SDKExplicitPrecompiledModules/_SwiftConcurrencyShims-BY5PD8KF1L5KF6F4Q69HE3TJ4.pcm
SwiftExplicitDependencyGeneratePcm arm64 /Users/admin/builder/spi-builder-workspace/.derivedData/SDKExplicitPrecompiledModules/_Builtin_float-8ZJAYZ85YBOAOP52Y9H6IUNP3.pcm
SwiftExplicitDependencyGeneratePcm arm64 /Users/admin/builder/spi-builder-workspace/.derivedData/SDKExplicitPrecompiledModules/ptrcheck-2AZ6B5IBYD3RRRTFWN2ONASY3.pcm
SwiftExplicitDependencyGeneratePcm arm64 /Users/admin/builder/spi-builder-workspace/.derivedData/SDKExplicitPrecompiledModules/_DarwinFoundation1-JOTYMOA1YZCIJ2NON6FQ848O.pcm
SwiftExplicitDependencyGeneratePcm arm64 /Users/admin/builder/spi-builder-workspace/.derivedData/SDKExplicitPrecompiledModules/_Builtin_limits-7JU2HP127LIT1X9E2V3D8WZ1.pcm
SwiftExplicitDependencyGeneratePcm arm64 /Users/admin/builder/spi-builder-workspace/.derivedData/SDKExplicitPrecompiledModules/_DarwinFoundation2-AOGAN1O02NKXRJN5V73AV3V3M.pcm
SwiftExplicitDependencyGeneratePcm arm64 /Users/admin/builder/spi-builder-workspace/.derivedData/SDKExplicitPrecompiledModules/string_h-6EVHP7A717OUS5DMC78F79HWO.pcm
SwiftExplicitDependencyGeneratePcm arm64 /Users/admin/builder/spi-builder-workspace/.derivedData/SDKExplicitPrecompiledModules/_Builtin_tgmath-7ULT1EUHDHW4OZPSTT33H6QGE.pcm
SwiftExplicitDependencyGeneratePcm arm64 /Users/admin/builder/spi-builder-workspace/.derivedData/SDKExplicitPrecompiledModules/_Builtin_stdint-6NFTB6IBKS143IVPGT1EKB7HO.pcm
SwiftExplicitDependencyGeneratePcm arm64 /Users/admin/builder/spi-builder-workspace/.derivedData/SDKExplicitPrecompiledModules/sys_types-8GCAV1YMG5UUGHUID3CA20TCH.pcm
SwiftExplicitDependencyGeneratePcm arm64 /Users/admin/builder/spi-builder-workspace/.derivedData/SDKExplicitPrecompiledModules/_DarwinFoundation3-8SR3855WDFHQPR6G9GHOI2C07.pcm
SwiftExplicitDependencyGeneratePcm arm64 /Users/admin/builder/spi-builder-workspace/.derivedData/SDKExplicitPrecompiledModules/_Builtin_stdatomic-3YXHN678NGYM3NL9POJ2HVEIF.pcm
SwiftExplicitDependencyGeneratePcm arm64 /Users/admin/builder/spi-builder-workspace/.derivedData/SDKExplicitPrecompiledModules/_Builtin_intrinsics-437O2R2NID4WAQVENR63GR82C.pcm
SwiftExplicitDependencyGeneratePcm arm64 /Users/admin/builder/spi-builder-workspace/.derivedData/SDKExplicitPrecompiledModules/_Builtin_inttypes-6X1IQ3QK9KEVKXOK9Y79EW7J3.pcm
SwiftExplicitDependencyGeneratePcm arm64 /Users/admin/builder/spi-builder-workspace/.derivedData/SDKExplicitPrecompiledModules/Darwin-DBSQAVBBPC3D2OMU5ZI2RXMST.pcm
SwiftExplicitDependencyGeneratePcm arm64 /Users/admin/builder/spi-builder-workspace/.derivedData/SDKExplicitPrecompiledModules/simd-117QUXEUT3Z7UQCUYWV2UA228.pcm
SwiftExplicitDependencyGeneratePcm arm64 /Users/admin/builder/spi-builder-workspace/.derivedData/SDKExplicitPrecompiledModules/MachO-EH3F5PJCIZG05NO51CEFSZYPW.pcm
SwiftExplicitDependencyGeneratePcm arm64 /Users/admin/builder/spi-builder-workspace/.derivedData/SDKExplicitPrecompiledModules/ObjectiveC-5250FDCE56N8508OR6XUYDKZM.pcm
SwiftExplicitDependencyGeneratePcm arm64 /Users/admin/builder/spi-builder-workspace/.derivedData/SDKExplicitPrecompiledModules/os_object-E2DGZ0SX0TULQHULZRPO6OKNW.pcm
SwiftExplicitDependencyGeneratePcm arm64 /Users/admin/builder/spi-builder-workspace/.derivedData/SDKExplicitPrecompiledModules/os_workgroup-DBUFF7811DKMX7VPBOJPGGF1U.pcm
SwiftExplicitDependencyGeneratePcm arm64 /Users/admin/builder/spi-builder-workspace/.derivedData/SDKExplicitPrecompiledModules/Dispatch-1QL58A0V50C39KVAIC6C38SHL.pcm
SwiftExplicitDependencyGeneratePcm arm64 /Users/admin/builder/spi-builder-workspace/.derivedData/SDKExplicitPrecompiledModules/Spatial-7U8NLEFXSB8BR7PJQGVMF5A4Q.pcm
SwiftExplicitDependencyGeneratePcm arm64 /Users/admin/builder/spi-builder-workspace/.derivedData/SDKExplicitPrecompiledModules/CoreFoundation-7TPJ7ENDC4L1A1ESHYI9TXS0D.pcm
SwiftExplicitDependencyGeneratePcm arm64 /Users/admin/builder/spi-builder-workspace/.derivedData/SDKExplicitPrecompiledModules/XPC-6O2DJFT3QUJ7QKTD3SNUB6PCR.pcm
SwiftExplicitDependencyGeneratePcm arm64 /Users/admin/builder/spi-builder-workspace/.derivedData/SDKExplicitPrecompiledModules/os-3GJI8H0BNAEZPQPQ1V0VVY3FY.pcm
SwiftExplicitDependencyGeneratePcm arm64 /Users/admin/builder/spi-builder-workspace/.derivedData/SDKExplicitPrecompiledModules/Security-8VMXEKVDA3MHUH9AOTP905DID.pcm
SwiftExplicitDependencyGeneratePcm arm64 /Users/admin/builder/spi-builder-workspace/.derivedData/SDKExplicitPrecompiledModules/CoreAudioTypes-E7EH96HAL3G83QSWLT7VWYIP4.pcm
SwiftExplicitDependencyGeneratePcm arm64 /Users/admin/builder/spi-builder-workspace/.derivedData/SDKExplicitPrecompiledModules/CoreGraphics-CWSP3J98S2658BYCVL6RP99T3.pcm
SwiftExplicitDependencyGeneratePcm arm64 /Users/admin/builder/spi-builder-workspace/.derivedData/SDKExplicitPrecompiledModules/CFNetwork-2CUR2VK9S3S3WPFXPNXNUWYGN.pcm
SwiftExplicitDependencyGeneratePcm arm64 /Users/admin/builder/spi-builder-workspace/.derivedData/SDKExplicitPrecompiledModules/CoreAudio-6IR1XRM0Q9YQZMFW89F3H4V3X.pcm
SwiftExplicitDependencyGeneratePcm arm64 /Users/admin/builder/spi-builder-workspace/.derivedData/SDKExplicitPrecompiledModules/Foundation-BSSIP64DIGUKMAYJOG1WPQ78X.pcm
SwiftExplicitDependencyGeneratePcm arm64 /Users/admin/builder/spi-builder-workspace/.derivedData/SDKExplicitPrecompiledModules/CoreText-59NY7PABM0I4V978161FOC04A.pcm
SwiftExplicitDependencyGeneratePcm arm64 /Users/admin/builder/spi-builder-workspace/.derivedData/SDKExplicitPrecompiledModules/ImageIO-88D4CLEBD4CLWQKT78PZ6H1O8.pcm
SwiftExplicitDependencyGeneratePcm arm64 /Users/admin/builder/spi-builder-workspace/.derivedData/SDKExplicitPrecompiledModules/CoreTransferable-7V4O8DATEQ9F7SDNTCW8YWLG3.pcm
SwiftExplicitDependencyGeneratePcm arm64 /Users/admin/builder/spi-builder-workspace/.derivedData/SDKExplicitPrecompiledModules/Accessibility-B6BODGZ4MQQTY0PBC4SHRP009.pcm
SwiftExplicitDependencyGeneratePcm arm64 /Users/admin/builder/spi-builder-workspace/.derivedData/SDKExplicitPrecompiledModules/OSLog-7OT6HHTMY0ZFEQJ095LJZ6NLC.pcm
SwiftExplicitDependencyGeneratePcm arm64 /Users/admin/builder/spi-builder-workspace/.derivedData/SDKExplicitPrecompiledModules/CoreData-DYMPHH3PH8AX9I1FHA4VFJ675.pcm
SwiftExplicitDependencyGeneratePcm arm64 /Users/admin/builder/spi-builder-workspace/.derivedData/SDKExplicitPrecompiledModules/DataDetection-37JIYZ2GWDA1L166PP1D9JKAF.pcm
SwiftExplicitDependencyGeneratePcm arm64 /Users/admin/builder/spi-builder-workspace/.derivedData/SDKExplicitPrecompiledModules/IOSurface-38FJ1CKX9FV2RD97O64Z7QB17.pcm
SwiftExplicitDependencyGeneratePcm arm64 /Users/admin/builder/spi-builder-workspace/.derivedData/SDKExplicitPrecompiledModules/UniformTypeIdentifiers-95CC8U42ZA9STP5K6GP9ZVJS5.pcm
SwiftExplicitDependencyGeneratePcm arm64 /Users/admin/builder/spi-builder-workspace/.derivedData/SDKExplicitPrecompiledModules/UserNotifications-E9ZW5TH066WIJWH9080RC5NG4.pcm
SwiftExplicitDependencyGeneratePcm arm64 /Users/admin/builder/spi-builder-workspace/.derivedData/SDKExplicitPrecompiledModules/Symbols-B5AU9VM9Y7NU79RLMH13Z4IFM.pcm
SwiftExplicitDependencyGeneratePcm arm64 /Users/admin/builder/spi-builder-workspace/.derivedData/SDKExplicitPrecompiledModules/UIUtilities-6ZFJ1AK4H8IBGEBMYQBWGBYLK.pcm
SwiftExplicitDependencyGeneratePcm arm64 /Users/admin/builder/spi-builder-workspace/.derivedData/SDKExplicitPrecompiledModules/_LocationEssentials-ETSJ65FELPWR8WH8G49R1DF2E.pcm
SwiftExplicitDependencyGeneratePcm arm64 /Users/admin/builder/spi-builder-workspace/.derivedData/SDKExplicitPrecompiledModules/OpenGLES-4NY99CNDU9WUNUYEIXSS1QFGE.pcm
SwiftExplicitDependencyGeneratePcm arm64 /Users/admin/builder/spi-builder-workspace/.derivedData/SDKExplicitPrecompiledModules/Metal-2KYBS7IML1SD788M91YV7Q0CC.pcm
SwiftExplicitDependencyGeneratePcm arm64 /Users/admin/builder/spi-builder-workspace/.derivedData/SDKExplicitPrecompiledModules/CoreLocation-YVXXAOMVX0JH2KO1XTTKTY51.pcm
SwiftExplicitDependencyGeneratePcm arm64 /Users/admin/builder/spi-builder-workspace/.derivedData/SDKExplicitPrecompiledModules/CoreVideo-DPU0PB5X0XLSVA2ETRGI6FJBM.pcm
SwiftExplicitDependencyGeneratePcm arm64 /Users/admin/builder/spi-builder-workspace/.derivedData/SDKExplicitPrecompiledModules/CoreMedia-4OUKVT03LV547KZJDPPJRJ4F8.pcm
SwiftExplicitDependencyGeneratePcm arm64 /Users/admin/builder/spi-builder-workspace/.derivedData/SDKExplicitPrecompiledModules/CoreImage-7S2AFJ8EIY3DUFYLEAX1JR1QV.pcm
SwiftExplicitDependencyGeneratePcm arm64 /Users/admin/builder/spi-builder-workspace/.derivedData/SDKExplicitPrecompiledModules/QuartzCore-DJSYAWKXFGVSAK5CQMOB3JSR.pcm
SwiftExplicitDependencyGeneratePcm arm64 /Users/admin/builder/spi-builder-workspace/.derivedData/SDKExplicitPrecompiledModules/SwiftUICore-543QU5V2NHKUFCYFJDKUJ7NYG.pcm
SwiftExplicitDependencyGeneratePcm arm64 /Users/admin/builder/spi-builder-workspace/.derivedData/SDKExplicitPrecompiledModules/UIKit-1TKWN7VC2X6N3ITMRVA2G0EB2.pcm
SwiftExplicitDependencyGeneratePcm arm64 /Users/admin/builder/spi-builder-workspace/.derivedData/SDKExplicitPrecompiledModules/SwiftUI-7BV1YDT6IZWW6B8OC6ENV0Y0F.pcm
SwiftCompile normal arm64 Compiling\ Public+NavigationBackGesture.swift,\ Public+NavigationConfig.swift /Users/admin/builder/spi-builder-workspace/Sources/Public/Public+NavigationBackGesture.swift /Users/admin/builder/spi-builder-workspace/Sources/Public/Public+NavigationConfig.swift (in target 'MijickNavigationView' from project 'MijickNavigationView')
SwiftCompile normal arm64 /Users/admin/builder/spi-builder-workspace/Sources/Public/Public+NavigationBackGesture.swift (in target 'MijickNavigationView' from project 'MijickNavigationView')
    cd /Users/admin/builder/spi-builder-workspace/.swiftpm/xcode
    builtin-SwiftPerFileCompile Public+NavigationBackGesture.swift
SwiftCompile normal arm64 /Users/admin/builder/spi-builder-workspace/Sources/Public/Public+NavigationConfig.swift (in target 'MijickNavigationView' from project 'MijickNavigationView')
    cd /Users/admin/builder/spi-builder-workspace/.swiftpm/xcode
    builtin-SwiftPerFileCompile Public+NavigationConfig.swift
SwiftEmitModule normal arm64 Emitting\ module\ for\ MijickNavigationView (in target 'MijickNavigationView' from project 'MijickNavigationView')
/Users/admin/builder/spi-builder-workspace/Sources/Internal/Views/NavigationView.swift:62:40: error: 'DragGesture' is unavailable in tvOS
 60 | }
 61 | private extension NavigationView {
 62 |     func onDragGestureChanged(_ value: DragGesture.Value) { guard canUseDragGesture(), canUseDragGesturePosition(value) else { return }
    |                                        `- error: 'DragGesture' is unavailable in tvOS
 63 |         updateAttributesOnDragGestureStarted()
 64 |         gestureData.translation = calculateNewDragGestureDataTranslation(value)
SwiftUI.DragGesture:3:42: note: 'DragGesture' has been explicitly marked unavailable here
 1 | @available(iOS 13.0, macOS 10.15, watchOS 6.0, *)
 2 | @available(tvOS, unavailable)
 3 | @MainActor @preconcurrency public struct DragGesture : Gesture, ~Sendable {
   |                                          `- note: 'DragGesture' has been explicitly marked unavailable here
 4 |     public struct Value : Equatable, Sendable {
 5 |         public var time: Date
/Users/admin/builder/spi-builder-workspace/Sources/Internal/Views/NavigationView.swift:80:45: error: 'DragGesture' is unavailable in tvOS
 78 |         return true
 79 |     }
 80 |     func canUseDragGesturePosition(_ value: DragGesture.Value) -> Bool { if config.backGesturePosition == .anywhere { return true }
    |                                             `- error: 'DragGesture' is unavailable in tvOS
 81 |         let startPosition = stack.transitionAnimation == .verticalSlide ? value.startLocation.y : value.startLocation.x
 82 |         return startPosition < 50
SwiftUI.DragGesture:3:42: note: 'DragGesture' has been explicitly marked unavailable here
 1 | @available(iOS 13.0, macOS 10.15, watchOS 6.0, *)
 2 | @available(tvOS, unavailable)
 3 | @MainActor @preconcurrency public struct DragGesture : Gesture, ~Sendable {
   |                                          `- note: 'DragGesture' has been explicitly marked unavailable here
 4 |     public struct Value : Equatable, Sendable {
 5 |         public var time: Date
/Users/admin/builder/spi-builder-workspace/Sources/Internal/Views/NavigationView.swift:88:58: error: 'DragGesture' is unavailable in tvOS
 86 |         gestureData.isActive = true
 87 |     }
 88 |     func calculateNewDragGestureDataTranslation(_ value: DragGesture.Value) -> CGFloat { switch stack.transitionAnimation {
    |                                                          `- error: 'DragGesture' is unavailable in tvOS
 89 |         case .horizontalSlide, .cubeRotation, .scale: max(value.translation.width, 0)
 90 |         case .verticalSlide: max(value.translation.height, 0)
SwiftUI.DragGesture:3:42: note: 'DragGesture' has been explicitly marked unavailable here
 1 | @available(iOS 13.0, macOS 10.15, watchOS 6.0, *)
 2 | @available(tvOS, unavailable)
 3 | @MainActor @preconcurrency public struct DragGesture : Gesture, ~Sendable {
   |                                          `- note: 'DragGesture' has been explicitly marked unavailable here
 4 |     public struct Value : Equatable, Sendable {
 5 |         public var time: Date
Failed frontend command:
/Applications/Xcode-27.0.0-Release.Candidate.app/Contents/Developer/Toolchains/XcodeDefault.xctoolchain/usr/bin/swift-frontend -frontend -emit-module -experimental-skip-non-inlinable-function-bodies-without-types /Users/admin/builder/spi-builder-workspace/Sources/Internal/Extensions/Animation++.swift /Users/admin/builder/spi-builder-workspace/Sources/Internal/Extensions/Array++.swift /Users/admin/builder/spi-builder-workspace/Sources/Internal/Extensions/Equatable++.swift /Users/admin/builder/spi-builder-workspace/Sources/Internal/Managers/KeyboardManager.swift /Users/admin/builder/spi-builder-workspace/Sources/Internal/Managers/NavigationManager.swift /Users/admin/builder/spi-builder-workspace/Sources/Internal/Managers/ScreenManager.swift /Users/admin/builder/spi-builder-workspace/Sources/Internal/Protocols/Configurable.swift /Users/admin/builder/spi-builder-workspace/Sources/Internal/Protocols/NavigatableView.swift /Users/admin/builder/spi-builder-workspace/Sources/Internal/Type\ Erasers/AnyNavigatableView.swift /Users/admin/builder/spi-builder-workspace/Sources/Internal/View\ Modifiers/AnimationCompletionModifier.swift /Users/admin/builder/spi-builder-workspace/Sources/Internal/Views/NavigationView.swift /Users/admin/builder/spi-builder-workspace/Sources/Public/Public+NavigatableView.swift /Users/admin/builder/spi-builder-workspace/Sources/Public/Public+NavigationBackGesture.swift /Users/admin/builder/spi-builder-workspace/Sources/Public/Public+NavigationConfig.swift /Users/admin/builder/spi-builder-workspace/Sources/Public/Public+NavigationGlobalConfig.swift /Users/admin/builder/spi-builder-workspace/Sources/Public/Public+NavigationManager.swift /Users/admin/builder/spi-builder-workspace/Sources/Public/Public+SafeAreaEdges.swift /Users/admin/builder/spi-builder-workspace/Sources/Public/Public+TransitionAnimation.swift /Users/admin/builder/spi-builder-workspace/Sources/Public/Public+View.swift -target arm64-apple-tvos15.0 -disable-cross-import-overlay-search -load-resolved-plugin /Applications/Xcode-27.0.0-Release.Candidate.app/Contents/Developer/Platforms/AppleTVOS.platform/Developer/usr/lib/swift/host/plugins/libFoundationMacros.dylib\#/Applications/Xcode-27.0.0-Release.Candidate.app/Contents/Developer/Platforms/AppleTVOS.platform/Developer/usr/bin/swift-plugin-server\#FoundationMacros -load-resolved-plugin /Applications/Xcode-27.0.0-Release.Candidate.app/Contents/Developer/Platforms/AppleTVOS.platform/Developer/usr/lib/swift/host/plugins/libObservationMacros.dylib\#/Applications/Xcode-27.0.0-Release.Candidate.app/Contents/Developer/Platforms/AppleTVOS.platform/Developer/usr/bin/swift-plugin-server\#ObservationMacros -load-resolved-plugin /Applications/Xcode-27.0.0-Release.Candidate.app/Contents/Developer/Platforms/AppleTVOS.platform/Developer/usr/lib/swift/host/plugins/libPreviewsMacros.dylib\#/Applications/Xcode-27.0.0-Release.Candidate.app/Contents/Developer/Platforms/AppleTVOS.platform/Developer/usr/bin/swift-plugin-server\#PreviewsMacros -load-resolved-plugin /Applications/Xcode-27.0.0-Release.Candidate.app/Contents/Developer/Platforms/AppleTVOS.platform/Developer/usr/lib/swift/host/plugins/libSwiftMacros.dylib\#/Applications/Xcode-27.0.0-Release.Candidate.app/Contents/Developer/Platforms/AppleTVOS.platform/Developer/usr/bin/swift-plugin-server\#SwiftMacros -load-resolved-plugin /Applications/Xcode-27.0.0-Release.Candidate.app/Contents/Developer/Platforms/AppleTVOS.platform/Developer/usr/lib/swift/host/plugins/libSwiftUIMacros.dylib\#/Applications/Xcode-27.0.0-Release.Candidate.app/Contents/Developer/Platforms/AppleTVOS.platform/Developer/usr/bin/swift-plugin-server\#SwiftUIMacros -disable-implicit-swift-modules -Xcc -fno-implicit-modules -Xcc -fno-implicit-module-maps -explicit-swift-module-map-file /Users/admin/builder/spi-builder-workspace/.derivedData/Build/Intermediates.noindex/MijickNavigationView.build/Debug-appletvos/MijickNavigationView-t.build/Objects-normal/arm64/MijickNavigationView-dependencies-1.json -Xllvm -aarch64-use-tbi -enable-objc-interop -stack-check -sdk /Applications/Xcode-27.0.0-Release.Candidate.app/Contents/Developer/Platforms/AppleTVOS.platform/Developer/SDKs/AppleTVOS27.0.sdk -I /Users/admin/builder/spi-builder-workspace/.derivedData/Build/Products/Debug-appletvos -Isystem /Applications/Xcode-27.0.0-Release.Candidate.app/Contents/Developer/Platforms/AppleTVOS.platform/Developer/usr/lib -F /Users/admin/builder/spi-builder-workspace/.derivedData/Build/Products/Debug-appletvos -F /Applications/Xcode-27.0.0-Release.Candidate.app/Contents/Developer/Platforms/AppleTVOS.platform/Developer/Library/Frameworks -F /Applications/Xcode-27.0.0-Release.Candidate.app/Contents/Developer/Platforms/AppleTVOS.platform/Developer/SDKs/AppleTVOS27.0.sdk/Developer/Library/Frameworks -module-cache-path /Users/admin/builder/spi-builder-workspace/.derivedData/Build/Intermediates.noindex/SwiftExplicitPrecompiledModules -no-color-diagnostics -Xcc -fno-color-diagnostics -enable-testing -g -debug-info-format\=dwarf -dwarf-version\=4 -swift-version 5 -Onone -D SWIFT_PACKAGE -D DEBUG -D SWIFT_MODULE_RESOURCE_BUNDLE_UNAVAILABLE -D Xcode -serialize-debugging-options -enable-experimental-feature DebugDescriptionMacro -empty-abi-descriptor -validate-clang-modules-once -clang-build-session-file /Users/admin/builder/spi-builder-workspace/.derivedData/ModuleCache.noindex/Session.modulevalidation -Xcc -working-directory -Xcc /Users/admin/builder/spi-builder-workspace/.swiftpm/xcode -enable-anonymous-context-mangled-names -file-compilation-dir /Users/admin/builder/spi-builder-workspace/.swiftpm/xcode -Xcc -D_LIBCPP_HARDENING_MODE\=_LIBCPP_HARDENING_MODE_DEBUG -Xcc -ivfsstatcache -Xcc /Users/admin/builder/spi-builder-workspace/.derivedData/SDKStatCaches.noindex/appletvos27.0-24J360-e829b21a6f8c9b70876ba0858053c044b32bfd8d43560033f8d89884cdb90028.sdkstatcache -Xcc -fmodules-prune-interval\=86400 -Xcc -fmodules-prune-after\=345600 -Xcc -I/Users/admin/builder/spi-builder-workspace/.derivedData/Build/Products/Debug-appletvos/include -Xcc -I/Users/admin/builder/spi-builder-workspace/.derivedData/Build/Intermediates.noindex/MijickNavigationView.build/Debug-appletvos/MijickNavigationView-t.build/DerivedSources-normal/arm64 -Xcc -I/Users/admin/builder/spi-builder-workspace/.derivedData/Build/Intermediates.noindex/MijickNavigationView.build/Debug-appletvos/MijickNavigationView-t.build/DerivedSources/arm64 -Xcc -I/Users/admin/builder/spi-builder-workspace/.derivedData/Build/Intermediates.noindex/MijickNavigationView.build/Debug-appletvos/MijickNavigationView-t.build/DerivedSources -Xcc -DSWIFT_PACKAGE -Xcc -DDEBUG\=1 -no-auto-bridging-header-chaining -module-name MijickNavigationView -const-gather-protocols-file /Users/admin/builder/spi-builder-workspace/.derivedData/Build/Intermediates.noindex/MijickNavigationView.build/Debug-appletvos/MijickNavigationView-t.build/Objects-normal/arm64/MijickNavigationView_const_extract_protocols.json -disable-clang-spi -clang-target arm64-apple-tvos27.0 -target-sdk-version 27.0 -target-sdk-name appletvos27.0 -in-process-plugin-server-path /Applications/Xcode-27.0.0-Release.Candidate.app/Contents/Developer/Toolchains/XcodeDefault.xctoolchain/usr/lib/swift/host/libSwiftInProcPluginServer.dylib -emit-module-doc-path /Users/admin/builder/spi-builder-workspace/.derivedData/Build/Intermediates.noindex/MijickNavigationView.build/Debug-appletvos/MijickNavigationView-t.build/Objects-normal/arm64/MijickNavigationView.swiftdoc -emit-module-source-info-path /Users/admin/builder/spi-builder-workspace/.derivedData/Build/Intermediates.noindex/MijickNavigationView.build/Debug-appletvos/MijickNavigationView-t.build/Objects-normal/arm64/MijickNavigationView.swiftsourceinfo -emit-objc-header-path /Users/admin/builder/spi-builder-workspace/.derivedData/Build/Intermediates.noindex/MijickNavigationView.build/Debug-appletvos/MijickNavigationView-t.build/Objects-normal/arm64/MijickNavigationView-Swift.h -serialize-diagnostics-path /Users/admin/builder/spi-builder-workspace/.derivedData/Build/Intermediates.noindex/MijickNavigationView.build/Debug-appletvos/MijickNavigationView-t.build/Objects-normal/arm64/MijickNavigationView-primary-emit-module.dia -emit-dependencies-path /Users/admin/builder/spi-builder-workspace/.derivedData/Build/Intermediates.noindex/MijickNavigationView.build/Debug-appletvos/MijickNavigationView-t.build/Objects-normal/arm64/MijickNavigationView-primary-emit-module.d -parse-as-library -o /Users/admin/builder/spi-builder-workspace/.derivedData/Build/Intermediates.noindex/MijickNavigationView.build/Debug-appletvos/MijickNavigationView-t.build/Objects-normal/arm64/MijickNavigationView.swiftmodule -emit-abi-descriptor-path /Users/admin/builder/spi-builder-workspace/.derivedData/Build/Intermediates.noindex/MijickNavigationView.build/Debug-appletvos/MijickNavigationView-t.build/Objects-normal/arm64/MijickNavigationView.abi.json
SwiftCompile normal arm64 (in target 'MijickNavigationView' from project 'MijickNavigationView')
    cd /Users/admin/builder/spi-builder-workspace/.swiftpm/xcode

SwiftCompile normal arm64 Compiling\ Public+SafeAreaEdges.swift,\ Public+TransitionAnimation.swift /Users/admin/builder/spi-builder-workspace/Sources/Public/Public+SafeAreaEdges.swift /Users/admin/builder/spi-builder-workspace/Sources/Public/Public+TransitionAnimation.swift (in target 'MijickNavigationView' from project 'MijickNavigationView')
SwiftCompile normal arm64 /Users/admin/builder/spi-builder-workspace/Sources/Public/Public+SafeAreaEdges.swift (in target 'MijickNavigationView' from project 'MijickNavigationView')
    cd /Users/admin/builder/spi-builder-workspace/.swiftpm/xcode
    builtin-SwiftPerFileCompile Public+SafeAreaEdges.swift
SwiftCompile normal arm64 /Users/admin/builder/spi-builder-workspace/Sources/Public/Public+TransitionAnimation.swift (in target 'MijickNavigationView' from project 'MijickNavigationView')
    cd /Users/admin/builder/spi-builder-workspace/.swiftpm/xcode
    builtin-SwiftPerFileCompile Public+TransitionAnimation.swift
SwiftCompile normal arm64 Compiling\ NavigationView.swift,\ Public+NavigatableView.swift /Users/admin/builder/spi-builder-workspace/Sources/Internal/Views/NavigationView.swift /Users/admin/builder/spi-builder-workspace/Sources/Public/Public+NavigatableView.swift (in target 'MijickNavigationView' from project 'MijickNavigationView')
/Users/admin/builder/spi-builder-workspace/Sources/Internal/Views/NavigationView.swift:62:40: error: 'DragGesture' is unavailable in tvOS
 60 | }
 61 | private extension NavigationView {
 62 |     func onDragGestureChanged(_ value: DragGesture.Value) { guard canUseDragGesture(), canUseDragGesturePosition(value) else { return }
    |                                        `- error: 'DragGesture' is unavailable in tvOS
 63 |         updateAttributesOnDragGestureStarted()
 64 |         gestureData.translation = calculateNewDragGestureDataTranslation(value)
SwiftUI.DragGesture:3:42: note: 'DragGesture' has been explicitly marked unavailable here
 1 | @available(iOS 13.0, macOS 10.15, watchOS 6.0, *)
 2 | @available(tvOS, unavailable)
 3 | @MainActor @preconcurrency public struct DragGesture : Gesture, ~Sendable {
   |                                          `- note: 'DragGesture' has been explicitly marked unavailable here
 4 |     public struct Value : Equatable, Sendable {
 5 |         public var time: Date
/Users/admin/builder/spi-builder-workspace/Sources/Internal/Views/NavigationView.swift:80:45: error: 'DragGesture' is unavailable in tvOS
 78 |         return true
 79 |     }
 80 |     func canUseDragGesturePosition(_ value: DragGesture.Value) -> Bool { if config.backGesturePosition == .anywhere { return true }
    |                                             `- error: 'DragGesture' is unavailable in tvOS
 81 |         let startPosition = stack.transitionAnimation == .verticalSlide ? value.startLocation.y : value.startLocation.x
 82 |         return startPosition < 50
SwiftUI.DragGesture:3:42: note: 'DragGesture' has been explicitly marked unavailable here
 1 | @available(iOS 13.0, macOS 10.15, watchOS 6.0, *)
 2 | @available(tvOS, unavailable)
 3 | @MainActor @preconcurrency public struct DragGesture : Gesture, ~Sendable {
   |                                          `- note: 'DragGesture' has been explicitly marked unavailable here
 4 |     public struct Value : Equatable, Sendable {
 5 |         public var time: Date
SwiftCompile normal arm64 /Users/admin/builder/spi-builder-workspace/Sources/Internal/Views/NavigationView.swift (in target 'MijickNavigationView' from project 'MijickNavigationView')
    cd /Users/admin/builder/spi-builder-workspace/.swiftpm/xcode
    builtin-SwiftPerFileCompile NavigationView.swift
SwiftCompile normal arm64 /Users/admin/builder/spi-builder-workspace/Sources/Public/Public+NavigatableView.swift (in target 'MijickNavigationView' from project 'MijickNavigationView')
    cd /Users/admin/builder/spi-builder-workspace/.swiftpm/xcode
    builtin-SwiftPerFileCompile Public+NavigatableView.swift
SwiftCompile normal arm64 Compiling\ Public+NavigationGlobalConfig.swift,\ Public+NavigationManager.swift /Users/admin/builder/spi-builder-workspace/Sources/Public/Public+NavigationGlobalConfig.swift /Users/admin/builder/spi-builder-workspace/Sources/Public/Public+NavigationManager.swift (in target 'MijickNavigationView' from project 'MijickNavigationView')
SwiftCompile normal arm64 /Users/admin/builder/spi-builder-workspace/Sources/Public/Public+NavigationGlobalConfig.swift (in target 'MijickNavigationView' from project 'MijickNavigationView')
    cd /Users/admin/builder/spi-builder-workspace/.swiftpm/xcode
    builtin-SwiftPerFileCompile Public+NavigationGlobalConfig.swift
SwiftCompile normal arm64 /Users/admin/builder/spi-builder-workspace/Sources/Public/Public+NavigationManager.swift (in target 'MijickNavigationView' from project 'MijickNavigationView')
    cd /Users/admin/builder/spi-builder-workspace/.swiftpm/xcode
    builtin-SwiftPerFileCompile Public+NavigationManager.swift
SwiftCompile normal arm64 Compiling\ Equatable++.swift,\ KeyboardManager.swift /Users/admin/builder/spi-builder-workspace/Sources/Internal/Extensions/Equatable++.swift /Users/admin/builder/spi-builder-workspace/Sources/Internal/Managers/KeyboardManager.swift (in target 'MijickNavigationView' from project 'MijickNavigationView')
/Users/admin/builder/spi-builder-workspace/Sources/Internal/Managers/KeyboardManager.swift:37:37: error: 'keyboardWillShowNotification' is unavailable in tvOS
35 | private extension KeyboardManager {
36 |     var keyboardWillOpenPublisher: Publishers.CompactMap<NotificationCenter.Publisher, CGFloat> { NotificationCenter.default
37 |         .publisher(for: UIResponder.keyboardWillShowNotification)
   |                                     `- error: 'keyboardWillShowNotification' is unavailable in tvOS
38 |         .compactMap { $0.userInfo?[UIResponder.keyboardFrameEndUserInfoKey] as? CGRect }
39 |         .map { $0.height }
/Applications/Xcode-27.0.0-Release.Candidate.app/Contents/Developer/Platforms/AppleTVOS.platform/Developer/SDKs/AppleTVOS27.0.sdk/System/Library/Frameworks/UIKit.framework/Headers/UIWindow.h:132:39: note: 'keyboardWillShowNotification' has been explicitly marked unavailable here
130 | // Use the various UICoordinateSpace convertRect facilities to get the frame in the desired coordinate system.
131 | // Animation key/value pairs are only available for the "will" family of notification.
132 | UIKIT_EXTERN NSNotificationName const UIKeyboardWillShowNotification API_UNAVAILABLE(tvos, watchos) NS_SWIFT_NONISOLATED;
    |                                       `- note: 'keyboardWillShowNotification' has been explicitly marked unavailable here
133 | UIKIT_EXTERN NSNotificationName const UIKeyboardDidShowNotification API_UNAVAILABLE(tvos, watchos) NS_SWIFT_NONISOLATED;
134 | UIKIT_EXTERN NSNotificationName const UIKeyboardWillHideNotification API_UNAVAILABLE(tvos, watchos) NS_SWIFT_NONISOLATED;
/Users/admin/builder/spi-builder-workspace/Sources/Internal/Managers/KeyboardManager.swift:38:48: error: 'keyboardFrameEndUserInfoKey' is unavailable in tvOS
36 |     var keyboardWillOpenPublisher: Publishers.CompactMap<NotificationCenter.Publisher, CGFloat> { NotificationCenter.default
37 |         .publisher(for: UIResponder.keyboardWillShowNotification)
38 |         .compactMap { $0.userInfo?[UIResponder.keyboardFrameEndUserInfoKey] as? CGRect }
   |                                                `- error: 'keyboardFrameEndUserInfoKey' is unavailable in tvOS
39 |         .map { $0.height }
40 |     }
/Applications/Xcode-27.0.0-Release.Candidate.app/Contents/Developer/Platforms/AppleTVOS.platform/Developer/SDKs/AppleTVOS27.0.sdk/System/Library/Frameworks/UIKit.framework/Headers/UIWindow.h:138:30: note: 'keyboardFrameEndUserInfoKey' has been explicitly marked unavailable here
136 |
137 | UIKIT_EXTERN NSString *const UIKeyboardFrameBeginUserInfoKey        API_AVAILABLE(ios(3.2)) API_UNAVAILABLE(tvos, watchos) NS_SWIFT_NONISOLATED; // NSValue of CGRect
138 | UIKIT_EXTERN NSString *const UIKeyboardFrameEndUserInfoKey          API_AVAILABLE(ios(3.2)) API_UNAVAILABLE(tvos, watchos) NS_SWIFT_NONISOLATED; // NSValue of CGRect
    |                              `- note: 'keyboardFrameEndUserInfoKey' has been explicitly marked unavailable here
139 | UIKIT_EXTERN NSString *const UIKeyboardAnimationDurationUserInfoKey API_AVAILABLE(ios(3.0)) API_UNAVAILABLE(tvos, watchos) NS_SWIFT_NONISOLATED; // NSNumber of double
140 | UIKIT_EXTERN NSString *const UIKeyboardAnimationCurveUserInfoKey    API_AVAILABLE(ios(3.0)) API_UNAVAILABLE(tvos, watchos) NS_SWIFT_NONISOLATED; // NSNumber of NSUInteger (UIViewAnimationCurve)
SwiftCompile normal arm64 /Users/admin/builder/spi-builder-workspace/Sources/Internal/Extensions/Equatable++.swift (in target 'MijickNavigationView' from project 'MijickNavigationView')
    cd /Users/admin/builder/spi-builder-workspace/.swiftpm/xcode
    builtin-SwiftPerFileCompile Equatable++.swift
SwiftCompile normal arm64 /Users/admin/builder/spi-builder-workspace/Sources/Internal/Managers/KeyboardManager.swift (in target 'MijickNavigationView' from project 'MijickNavigationView')
    cd /Users/admin/builder/spi-builder-workspace/.swiftpm/xcode
    builtin-SwiftPerFileCompile KeyboardManager.swift
SwiftCompile normal arm64 Compiling\ Animation++.swift,\ Array++.swift /Users/admin/builder/spi-builder-workspace/Sources/Internal/Extensions/Animation++.swift /Users/admin/builder/spi-builder-workspace/Sources/Internal/Extensions/Array++.swift (in target 'MijickNavigationView' from project 'MijickNavigationView')
SwiftCompile normal arm64 /Users/admin/builder/spi-builder-workspace/Sources/Internal/Extensions/Animation++.swift (in target 'MijickNavigationView' from project 'MijickNavigationView')
    cd /Users/admin/builder/spi-builder-workspace/.swiftpm/xcode
    builtin-SwiftPerFileCompile Animation++.swift
SwiftCompile normal arm64 /Users/admin/builder/spi-builder-workspace/Sources/Internal/Extensions/Array++.swift (in target 'MijickNavigationView' from project 'MijickNavigationView')
    cd /Users/admin/builder/spi-builder-workspace/.swiftpm/xcode
    builtin-SwiftPerFileCompile Array++.swift
SwiftCompile normal arm64 Compiling\ AnyNavigatableView.swift,\ AnimationCompletionModifier.swift /Users/admin/builder/spi-builder-workspace/Sources/Internal/Type\ Erasers/AnyNavigatableView.swift /Users/admin/builder/spi-builder-workspace/Sources/Internal/View\ Modifiers/AnimationCompletionModifier.swift (in target 'MijickNavigationView' from project 'MijickNavigationView')
SwiftCompile normal arm64 /Users/admin/builder/spi-builder-workspace/Sources/Internal/Type\ Erasers/AnyNavigatableView.swift (in target 'MijickNavigationView' from project 'MijickNavigationView')
    cd /Users/admin/builder/spi-builder-workspace/.swiftpm/xcode
    builtin-SwiftPerFileCompile AnyNavigatableView.swift
SwiftCompile normal arm64 /Users/admin/builder/spi-builder-workspace/Sources/Internal/View\ Modifiers/AnimationCompletionModifier.swift (in target 'MijickNavigationView' from project 'MijickNavigationView')
    cd /Users/admin/builder/spi-builder-workspace/.swiftpm/xcode
    builtin-SwiftPerFileCompile AnimationCompletionModifier.swift
SwiftCompile normal arm64 Compiling\ Configurable.swift,\ NavigatableView.swift /Users/admin/builder/spi-builder-workspace/Sources/Internal/Protocols/Configurable.swift /Users/admin/builder/spi-builder-workspace/Sources/Internal/Protocols/NavigatableView.swift (in target 'MijickNavigationView' from project 'MijickNavigationView')
SwiftCompile normal arm64 /Users/admin/builder/spi-builder-workspace/Sources/Internal/Protocols/Configurable.swift (in target 'MijickNavigationView' from project 'MijickNavigationView')
    cd /Users/admin/builder/spi-builder-workspace/.swiftpm/xcode
    builtin-SwiftPerFileCompile Configurable.swift
SwiftCompile normal arm64 /Users/admin/builder/spi-builder-workspace/Sources/Internal/Protocols/NavigatableView.swift (in target 'MijickNavigationView' from project 'MijickNavigationView')
    cd /Users/admin/builder/spi-builder-workspace/.swiftpm/xcode
    builtin-SwiftPerFileCompile NavigatableView.swift
SwiftCompile normal arm64 Compiling\ NavigationManager.swift,\ ScreenManager.swift /Users/admin/builder/spi-builder-workspace/Sources/Internal/Managers/NavigationManager.swift /Users/admin/builder/spi-builder-workspace/Sources/Internal/Managers/ScreenManager.swift (in target 'MijickNavigationView' from project 'MijickNavigationView')
SwiftCompile normal arm64 /Users/admin/builder/spi-builder-workspace/Sources/Internal/Managers/NavigationManager.swift (in target 'MijickNavigationView' from project 'MijickNavigationView')
    cd /Users/admin/builder/spi-builder-workspace/.swiftpm/xcode
    builtin-SwiftPerFileCompile NavigationManager.swift
SwiftCompile normal arm64 /Users/admin/builder/spi-builder-workspace/Sources/Internal/Managers/ScreenManager.swift (in target 'MijickNavigationView' from project 'MijickNavigationView')
    cd /Users/admin/builder/spi-builder-workspace/.swiftpm/xcode
    builtin-SwiftPerFileCompile ScreenManager.swift
SwiftCompile normal arm64 Compiling\ Public+View.swift /Users/admin/builder/spi-builder-workspace/Sources/Public/Public+View.swift (in target 'MijickNavigationView' from project 'MijickNavigationView')
SwiftCompile normal arm64 /Users/admin/builder/spi-builder-workspace/Sources/Public/Public+View.swift (in target 'MijickNavigationView' from project 'MijickNavigationView')
    cd /Users/admin/builder/spi-builder-workspace/.swiftpm/xcode
    builtin-SwiftPerFileCompile Public+View.swift
PruneExplicitPrecompiledModules /Users/admin/builder/spi-builder-workspace/.derivedData/Build/Intermediates.noindex/SwiftExplicitPrecompiledModules
PruneExplicitPrecompiledModules /Users/admin/builder/spi-builder-workspace/.derivedData/Build/Intermediates.noindex/ExplicitPrecompiledModules
PruneExplicitPrecompiledModules /Users/admin/builder/spi-builder-workspace/.derivedData/SDKExplicitPrecompiledModules
2026-09-20 19:35:37.959 xcodebuild[627:3892] [MT] IDERunDestination: Supported platforms for the buildables in the current scheme is empty.
** BUILD FAILED **
The following build commands failed:
	SwiftEmitModule normal arm64 Emitting\ module\ for\ MijickNavigationView (in target 'MijickNavigationView' from project 'MijickNavigationView')
	SwiftCompile normal arm64 (in target 'MijickNavigationView' from project 'MijickNavigationView')
	Building workspace MijickNavigationView with scheme MijickNavigationView
(3 failures)
Command line invocation:
    /Applications/Xcode-27.0.0-Release.Candidate.app/Contents/Developer/usr/bin/xcodebuild -IDEClonedSourcePackagesDirPathOverride=/Users/admin/builder/spi-builder-workspace/.dependencies -resolvePackageDependencies
Resolve Package Graph
Resolved source packages:
  MijickNavigationView: /Users/admin/builder/spi-builder-workspace
resolved source packages: MijickNavigationView
2026-09-20 19:35:44.392 xcodebuild[738:4447] [MT] IDERunDestination: Supported platforms for the buildables in the current scheme is empty.
{
  "dependencies" : [
  ],
  "manifest_display_name" : "MijickNavigationView",
  "name" : "MijickNavigationView",
  "path" : "/Users/admin/builder/spi-builder-workspace",
  "platforms" : [
    {
      "name" : "ios",
      "version" : "15.0"
    }
  ],
  "products" : [
    {
      "name" : "MijickNavigationView",
      "targets" : [
        "MijickNavigationView"
      ],
      "type" : {
        "library" : [
          "automatic"
        ]
      }
    }
  ],
  "targets" : [
    {
      "c99name" : "MijickNavigationView",
      "module_type" : "SwiftTarget",
      "name" : "MijickNavigationView",
      "path" : "Sources",
      "product_memberships" : [
        "MijickNavigationView"
      ],
      "sources" : [
        "Internal/Extensions/Animation++.swift",
        "Internal/Extensions/Array++.swift",
        "Internal/Extensions/Equatable++.swift",
        "Internal/Managers/KeyboardManager.swift",
        "Internal/Managers/NavigationManager.swift",
        "Internal/Managers/ScreenManager.swift",
        "Internal/Protocols/Configurable.swift",
        "Internal/Protocols/NavigatableView.swift",
        "Internal/Type Erasers/AnyNavigatableView.swift",
        "Internal/View Modifiers/AnimationCompletionModifier.swift",
        "Internal/Views/NavigationView.swift",
        "Public/Public+NavigatableView.swift",
        "Public/Public+NavigationBackGesture.swift",
        "Public/Public+NavigationConfig.swift",
        "Public/Public+NavigationGlobalConfig.swift",
        "Public/Public+NavigationManager.swift",
        "Public/Public+SafeAreaEdges.swift",
        "Public/Public+TransitionAnimation.swift",
        "Public/Public+View.swift"
      ],
      "type" : "library"
    }
  ],
  "tools_version" : "5.8"
}
{
  "workspace" : {
    "name" : "MijickNavigationView",
    "schemes" : [
      "MijickNavigationView"
    ]
  }
}
2026-09-20 19:35:45.608 xcodebuild[746:4515] [MT] IDERunDestination: Supported platforms for the buildables in the current scheme is empty.
Running build ...
env DEVELOPER_DIR=/Applications/Xcode-27.0.0-Release.Candidate.app xcrun xcodebuild -IDEClonedSourcePackagesDirPathOverride=$PWD/.dependencies -skipMacroValidation -skipPackagePluginValidation -derivedDataPath $PWD/.derivedData build -scheme MijickNavigationView -destination generic/platform=tvOS
Command line invocation:
    /Applications/Xcode-27.0.0-Release.Candidate.app/Contents/Developer/usr/bin/xcodebuild -IDEClonedSourcePackagesDirPathOverride=/Users/admin/builder/spi-builder-workspace/.dependencies -skipMacroValidation -skipPackagePluginValidation -derivedDataPath /Users/admin/builder/spi-builder-workspace/.derivedData build -scheme MijickNavigationView -destination generic/platform=tvOS
Resolve Package Graph
Resolved source packages:
  MijickNavigationView: /Users/admin/builder/spi-builder-workspace
ComputePackagePrebuildTargetDependencyGraph
Prepare packages
CreateBuildRequest
SendProjectDescription
CreateBuildOperation
ComputeTargetDependencyGraph
note: Building targets in dependency order
note: Target dependency graph (2 targets)
    Target 'MijickNavigationView-product' in project 'MijickNavigationView'
        ➜ Explicit dependency on target 'MijickNavigationView' in project 'MijickNavigationView'
    Target 'MijickNavigationView' in project 'MijickNavigationView' (no dependencies)
GatherProvisioningInputs
CreateBuildDescription
ClangStatCache /Applications/Xcode-27.0.0-Release.Candidate.app/Contents/Developer/Toolchains/XcodeDefault.xctoolchain/usr/bin/clang-stat-cache /Applications/Xcode-27.0.0-Release.Candidate.app/Contents/Developer/Platforms/AppleTVOS.platform/Developer/SDKs/AppleTVOS27.0.sdk /Users/admin/builder/spi-builder-workspace/.derivedData/SDKStatCaches.noindex/appletvos27.0-24J360-e829b21a6f8c9b70876ba0858053c044b32bfd8d43560033f8d89884cdb90028.sdkstatcache
    cd /Users/admin/builder/spi-builder-workspace/.swiftpm/xcode
    /Applications/Xcode-27.0.0-Release.Candidate.app/Contents/Developer/Toolchains/XcodeDefault.xctoolchain/usr/bin/clang-stat-cache /Applications/Xcode-27.0.0-Release.Candidate.app/Contents/Developer/Platforms/AppleTVOS.platform/Developer/SDKs/AppleTVOS27.0.sdk -o /Users/admin/builder/spi-builder-workspace/.derivedData/SDKStatCaches.noindex/appletvos27.0-24J360-e829b21a6f8c9b70876ba0858053c044b32bfd8d43560033f8d89884cdb90028.sdkstatcache
SwiftDriver MijickNavigationView normal arm64 com.apple.xcode.tools.swift.compiler (in target 'MijickNavigationView' from project 'MijickNavigationView')
    cd /Users/admin/builder/spi-builder-workspace/.swiftpm/xcode
    builtin-SwiftDriver -- /Applications/Xcode-27.0.0-Release.Candidate.app/Contents/Developer/Toolchains/XcodeDefault.xctoolchain/usr/bin/swiftc -parse-as-library -module-name MijickNavigationView -Onone @/Users/admin/builder/spi-builder-workspace/.derivedData/Build/Intermediates.noindex/MijickNavigationView.build/Debug-appletvos/MijickNavigationView-t.build/Objects-normal/arm64/MijickNavigationView.SwiftFileList -DSWIFT_PACKAGE -DDEBUG -DSWIFT_MODULE_RESOURCE_BUNDLE_UNAVAILABLE -DXcode -plugin-path /Applications/Xcode-27.0.0-Release.Candidate.app/Contents/Developer/Toolchains/XcodeDefault.xctoolchain/usr/lib/swift/host/plugins/testing -enable-experimental-feature DebugDescriptionMacro -sdk /Applications/Xcode-27.0.0-Release.Candidate.app/Contents/Developer/Platforms/AppleTVOS.platform/Developer/SDKs/AppleTVOS27.0.sdk -target arm64-apple-tvos15.0 -g -module-cache-path /Users/admin/builder/spi-builder-workspace/.derivedData/ModuleCache.noindex -Xfrontend -serialize-debugging-options -enable-testing -index-store-path /Users/admin/builder/spi-builder-workspace/.derivedData/Index.noindex/DataStore -Xcc -D_LIBCPP_HARDENING_MODE\=_LIBCPP_HARDENING_MODE_DEBUG -swift-version 5 -I /Users/admin/builder/spi-builder-workspace/.derivedData/Build/Products/Debug-appletvos -Isystem /Applications/Xcode-27.0.0-Release.Candidate.app/Contents/Developer/Platforms/AppleTVOS.platform/Developer/usr/lib -F /Users/admin/builder/spi-builder-workspace/.derivedData/Build/Products/Debug-appletvos -F /Applications/Xcode-27.0.0-Release.Candidate.app/Contents/Developer/Platforms/AppleTVOS.platform/Developer/Library/Frameworks -F /Applications/Xcode-27.0.0-Release.Candidate.app/Contents/Developer/Platforms/AppleTVOS.platform/Developer/SDKs/AppleTVOS27.0.sdk/Developer/Library/Frameworks -c -j10 -enable-batch-mode -incremental -Xcc -ivfsstatcache -Xcc /Users/admin/builder/spi-builder-workspace/.derivedData/SDKStatCaches.noindex/appletvos27.0-24J360-e829b21a6f8c9b70876ba0858053c044b32bfd8d43560033f8d89884cdb90028.sdkstatcache -output-file-map /Users/admin/builder/spi-builder-workspace/.derivedData/Build/Intermediates.noindex/MijickNavigationView.build/Debug-appletvos/MijickNavigationView-t.build/Objects-normal/arm64/MijickNavigationView-OutputFileMap.json -save-temps -no-color-diagnostics -explicit-module-build -module-cache-path /Users/admin/builder/spi-builder-workspace/.derivedData/Build/Intermediates.noindex/SwiftExplicitPrecompiledModules -clang-scanner-module-cache-path /Users/admin/builder/spi-builder-workspace/.derivedData/ModuleCache.noindex -sdk-module-cache-path /Users/admin/builder/spi-builder-workspace/.derivedData/SDKExplicitPrecompiledModules -emit-dependencies -emit-module -emit-module-path /Users/admin/builder/spi-builder-workspace/.derivedData/Build/Intermediates.noindex/MijickNavigationView.build/Debug-appletvos/MijickNavigationView-t.build/Objects-normal/arm64/MijickNavigationView.swiftmodule -serialize-diagnostics -dependency-scan-serialize-diagnostics-path /Users/admin/builder/spi-builder-workspace/.derivedData/Build/Intermediates.noindex/MijickNavigationView.build/Debug-appletvos/MijickNavigationView-t.build/Objects-normal/arm64/MijickNavigationView-dependency-scan.dia -validate-clang-modules-once -clang-build-session-file /Users/admin/builder/spi-builder-workspace/.derivedData/ModuleCache.noindex/Session.modulevalidation -Xcc -fmodules-prune-interval\=86400 -Xcc -fmodules-prune-after\=345600 -emit-const-values -const-gather-protocols-list /Users/admin/builder/spi-builder-workspace/.derivedData/Build/Intermediates.noindex/MijickNavigationView.build/Debug-appletvos/MijickNavigationView-t.build/Objects-normal/arm64/MijickNavigationView_const_extract_protocols.json -Xcc -I/Users/admin/builder/spi-builder-workspace/.derivedData/Build/Products/Debug-appletvos/include -Xcc -I/Users/admin/builder/spi-builder-workspace/.derivedData/Build/Intermediates.noindex/MijickNavigationView.build/Debug-appletvos/MijickNavigationView-t.build/DerivedSources-normal/arm64 -Xcc -I/Users/admin/builder/spi-builder-workspace/.derivedData/Build/Intermediates.noindex/MijickNavigationView.build/Debug-appletvos/MijickNavigationView-t.build/DerivedSources/arm64 -Xcc -I/Users/admin/builder/spi-builder-workspace/.derivedData/Build/Intermediates.noindex/MijickNavigationView.build/Debug-appletvos/MijickNavigationView-t.build/DerivedSources -Xcc -DSWIFT_PACKAGE -Xcc -DDEBUG\=1 -emit-objc-header -emit-objc-header-path /Users/admin/builder/spi-builder-workspace/.derivedData/Build/Intermediates.noindex/MijickNavigationView.build/Debug-appletvos/MijickNavigationView-t.build/Objects-normal/arm64/MijickNavigationView-Swift.h -working-directory /Users/admin/builder/spi-builder-workspace/.swiftpm/xcode -experimental-emit-module-separately -disable-cmo
SwiftCompile normal arm64 Compiling\ Equatable++.swift,\ KeyboardManager.swift /Users/admin/builder/spi-builder-workspace/Sources/Internal/Extensions/Equatable++.swift /Users/admin/builder/spi-builder-workspace/Sources/Internal/Managers/KeyboardManager.swift (in target 'MijickNavigationView' from project 'MijickNavigationView')
/Users/admin/builder/spi-builder-workspace/Sources/Internal/Managers/KeyboardManager.swift:37:37: error: 'keyboardWillShowNotification' is unavailable in tvOS
35 | private extension KeyboardManager {
36 |     var keyboardWillOpenPublisher: Publishers.CompactMap<NotificationCenter.Publisher, CGFloat> { NotificationCenter.default
37 |         .publisher(for: UIResponder.keyboardWillShowNotification)
   |                                     `- error: 'keyboardWillShowNotification' is unavailable in tvOS
38 |         .compactMap { $0.userInfo?[UIResponder.keyboardFrameEndUserInfoKey] as? CGRect }
39 |         .map { $0.height }
/Applications/Xcode-27.0.0-Release.Candidate.app/Contents/Developer/Platforms/AppleTVOS.platform/Developer/SDKs/AppleTVOS27.0.sdk/System/Library/Frameworks/UIKit.framework/Headers/UIWindow.h:132:39: note: 'keyboardWillShowNotification' has been explicitly marked unavailable here
130 | // Use the various UICoordinateSpace convertRect facilities to get the frame in the desired coordinate system.
131 | // Animation key/value pairs are only available for the "will" family of notification.
132 | UIKIT_EXTERN NSNotificationName const UIKeyboardWillShowNotification API_UNAVAILABLE(tvos, watchos) NS_SWIFT_NONISOLATED;
    |                                       `- note: 'keyboardWillShowNotification' has been explicitly marked unavailable here
133 | UIKIT_EXTERN NSNotificationName const UIKeyboardDidShowNotification API_UNAVAILABLE(tvos, watchos) NS_SWIFT_NONISOLATED;
134 | UIKIT_EXTERN NSNotificationName const UIKeyboardWillHideNotification API_UNAVAILABLE(tvos, watchos) NS_SWIFT_NONISOLATED;
/Users/admin/builder/spi-builder-workspace/Sources/Internal/Managers/KeyboardManager.swift:38:48: error: 'keyboardFrameEndUserInfoKey' is unavailable in tvOS
36 |     var keyboardWillOpenPublisher: Publishers.CompactMap<NotificationCenter.Publisher, CGFloat> { NotificationCenter.default
37 |         .publisher(for: UIResponder.keyboardWillShowNotification)
38 |         .compactMap { $0.userInfo?[UIResponder.keyboardFrameEndUserInfoKey] as? CGRect }
   |                                                `- error: 'keyboardFrameEndUserInfoKey' is unavailable in tvOS
39 |         .map { $0.height }
40 |     }
/Applications/Xcode-27.0.0-Release.Candidate.app/Contents/Developer/Platforms/AppleTVOS.platform/Developer/SDKs/AppleTVOS27.0.sdk/System/Library/Frameworks/UIKit.framework/Headers/UIWindow.h:138:30: note: 'keyboardFrameEndUserInfoKey' has been explicitly marked unavailable here
136 |
137 | UIKIT_EXTERN NSString *const UIKeyboardFrameBeginUserInfoKey        API_AVAILABLE(ios(3.2)) API_UNAVAILABLE(tvos, watchos) NS_SWIFT_NONISOLATED; // NSValue of CGRect
138 | UIKIT_EXTERN NSString *const UIKeyboardFrameEndUserInfoKey          API_AVAILABLE(ios(3.2)) API_UNAVAILABLE(tvos, watchos) NS_SWIFT_NONISOLATED; // NSValue of CGRect
    |                              `- note: 'keyboardFrameEndUserInfoKey' has been explicitly marked unavailable here
139 | UIKIT_EXTERN NSString *const UIKeyboardAnimationDurationUserInfoKey API_AVAILABLE(ios(3.0)) API_UNAVAILABLE(tvos, watchos) NS_SWIFT_NONISOLATED; // NSNumber of double
140 | UIKIT_EXTERN NSString *const UIKeyboardAnimationCurveUserInfoKey    API_AVAILABLE(ios(3.0)) API_UNAVAILABLE(tvos, watchos) NS_SWIFT_NONISOLATED; // NSNumber of NSUInteger (UIViewAnimationCurve)
/Users/admin/builder/spi-builder-workspace/Sources/Internal/Managers/KeyboardManager.swift:42:37: error: 'keyboardWillHideNotification' is unavailable in tvOS
40 |     }
41 |     var keyboardWillHidePublisher: Publishers.Map<NotificationCenter.Publisher, CGFloat> { NotificationCenter.default
42 |         .publisher(for: UIResponder.keyboardWillHideNotification)
   |                                     `- error: 'keyboardWillHideNotification' is unavailable in tvOS
43 |         .map { _ in .zero }
44 |     }
/Applications/Xcode-27.0.0-Release.Candidate.app/Contents/Developer/Platforms/AppleTVOS.platform/Developer/SDKs/AppleTVOS27.0.sdk/System/Library/Frameworks/UIKit.framework/Headers/UIWindow.h:134:39: note: 'keyboardWillHideNotification' has been explicitly marked unavailable here
132 | UIKIT_EXTERN NSNotificationName const UIKeyboardWillShowNotification API_UNAVAILABLE(tvos, watchos) NS_SWIFT_NONISOLATED;
133 | UIKIT_EXTERN NSNotificationName const UIKeyboardDidShowNotification API_UNAVAILABLE(tvos, watchos) NS_SWIFT_NONISOLATED;
134 | UIKIT_EXTERN NSNotificationName const UIKeyboardWillHideNotification API_UNAVAILABLE(tvos, watchos) NS_SWIFT_NONISOLATED;
    |                                       `- note: 'keyboardWillHideNotification' has been explicitly marked unavailable here
135 | UIKIT_EXTERN NSNotificationName const UIKeyboardDidHideNotification API_UNAVAILABLE(tvos, watchos) NS_SWIFT_NONISOLATED;
136 |
Failed frontend command:
SwiftCompile normal arm64 /Users/admin/builder/spi-builder-workspace/Sources/Internal/Extensions/Equatable++.swift (in target 'MijickNavigationView' from project 'MijickNavigationView')
    cd /Users/admin/builder/spi-builder-workspace/.swiftpm/xcode
    builtin-SwiftPerFileCompile Equatable++.swift
SwiftCompile normal arm64 /Users/admin/builder/spi-builder-workspace/Sources/Internal/Managers/KeyboardManager.swift (in target 'MijickNavigationView' from project 'MijickNavigationView')
    cd /Users/admin/builder/spi-builder-workspace/.swiftpm/xcode
    builtin-SwiftPerFileCompile KeyboardManager.swift
/Applications/Xcode-27.0.0-Release.Candidate.app/Contents/Developer/Toolchains/XcodeDefault.xctoolchain/usr/bin/swift-frontend -frontend -c /Users/admin/builder/spi-builder-workspace/Sources/Internal/Extensions/Animation++.swift /Users/admin/builder/spi-builder-workspace/Sources/Internal/Extensions/Array++.swift -primary-file /Users/admin/builder/spi-builder-workspace/Sources/Internal/Extensions/Equatable++.swift -primary-file /Users/admin/builder/spi-builder-workspace/Sources/Internal/Managers/KeyboardManager.swift /Users/admin/builder/spi-builder-workspace/Sources/Internal/Managers/NavigationManager.swift /Users/admin/builder/spi-builder-workspace/Sources/Internal/Managers/ScreenManager.swift /Users/admin/builder/spi-builder-workspace/Sources/Internal/Protocols/Configurable.swift /Users/admin/builder/spi-builder-workspace/Sources/Internal/Protocols/NavigatableView.swift /Users/admin/builder/spi-builder-workspace/Sources/Internal/Type\ Erasers/AnyNavigatableView.swift /Users/admin/builder/spi-builder-workspace/Sources/Internal/View\ Modifiers/AnimationCompletionModifier.swift /Users/admin/builder/spi-builder-workspace/Sources/Internal/Views/NavigationView.swift /Users/admin/builder/spi-builder-workspace/Sources/Public/Public+NavigatableView.swift /Users/admin/builder/spi-builder-workspace/Sources/Public/Public+NavigationBackGesture.swift /Users/admin/builder/spi-builder-workspace/Sources/Public/Public+NavigationConfig.swift /Users/admin/builder/spi-builder-workspace/Sources/Public/Public+NavigationGlobalConfig.swift /Users/admin/builder/spi-builder-workspace/Sources/Public/Public+NavigationManager.swift /Users/admin/builder/spi-builder-workspace/Sources/Public/Public+SafeAreaEdges.swift /Users/admin/builder/spi-builder-workspace/Sources/Public/Public+TransitionAnimation.swift /Users/admin/builder/spi-builder-workspace/Sources/Public/Public+View.swift -emit-dependencies-path /Users/admin/builder/spi-builder-workspace/.derivedData/Build/Intermediates.noindex/MijickNavigationView.build/Debug-appletvos/MijickNavigationView-t.build/Objects-normal/arm64/Equatable++.d -emit-const-values-path /Users/admin/builder/spi-builder-workspace/.derivedData/Build/Intermediates.noindex/MijickNavigationView.build/Debug-appletvos/MijickNavigationView-t.build/Objects-normal/arm64/Equatable++.swiftconstvalues -emit-reference-dependencies-path /Users/admin/builder/spi-builder-workspace/.derivedData/Build/Intermediates.noindex/MijickNavigationView.build/Debug-appletvos/MijickNavigationView-t.build/Objects-normal/arm64/Equatable++.swiftdeps -serialize-diagnostics-path /Users/admin/builder/spi-builder-workspace/.derivedData/Build/Intermediates.noindex/MijickNavigationView.build/Debug-appletvos/MijickNavigationView-t.build/Objects-normal/arm64/Equatable++.dia -emit-dependencies-path /Users/admin/builder/spi-builder-workspace/.derivedData/Build/Intermediates.noindex/MijickNavigationView.build/Debug-appletvos/MijickNavigationView-t.build/Objects-normal/arm64/KeyboardManager.d -emit-const-values-path /Users/admin/builder/spi-builder-workspace/.derivedData/Build/Intermediates.noindex/MijickNavigationView.build/Debug-appletvos/MijickNavigationView-t.build/Objects-normal/arm64/KeyboardManager.swiftconstvalues -emit-reference-dependencies-path /Users/admin/builder/spi-builder-workspace/.derivedData/Build/Intermediates.noindex/MijickNavigationView.build/Debug-appletvos/MijickNavigationView-t.build/Objects-normal/arm64/KeyboardManager.swiftdeps -serialize-diagnostics-path /Users/admin/builder/spi-builder-workspace/.derivedData/Build/Intermediates.noindex/MijickNavigationView.build/Debug-appletvos/MijickNavigationView-t.build/Objects-normal/arm64/KeyboardManager.dia -target arm64-apple-tvos15.0 -disable-cross-import-overlay-search -load-resolved-plugin /Applications/Xcode-27.0.0-Release.Candidate.app/Contents/Developer/Platforms/AppleTVOS.platform/Developer/usr/lib/swift/host/plugins/libFoundationMacros.dylib\#/Applications/Xcode-27.0.0-Release.Candidate.app/Contents/Developer/Platforms/AppleTVOS.platform/Developer/usr/bin/swift-plugin-server\#FoundationMacros -load-resolved-plugin /Applications/Xcode-27.0.0-Release.Candidate.app/Contents/Developer/Platforms/AppleTVOS.platform/Developer/usr/lib/swift/host/plugins/libObservationMacros.dylib\#/Applications/Xcode-27.0.0-Release.Candidate.app/Contents/Developer/Platforms/AppleTVOS.platform/Developer/usr/bin/swift-plugin-server\#ObservationMacros -load-resolved-plugin /Applications/Xcode-27.0.0-Release.Candidate.app/Contents/Developer/Platforms/AppleTVOS.platform/Developer/usr/lib/swift/host/plugins/libPreviewsMacros.dylib\#/Applications/Xcode-27.0.0-Release.Candidate.app/Contents/Developer/Platforms/AppleTVOS.platform/Developer/usr/bin/swift-plugin-server\#PreviewsMacros -load-resolved-plugin /Applications/Xcode-27.0.0-Release.Candidate.app/Contents/Developer/Platforms/AppleTVOS.platform/Developer/usr/lib/swift/host/plugins/libSwiftMacros.dylib\#/Applications/Xcode-27.0.0-Release.Candidate.app/Contents/Developer/Platforms/AppleTVOS.platform/Developer/usr/bin/swift-plugin-server\#SwiftMacros -load-resolved-plugin /Applications/Xcode-27.0.0-Release.Candidate.app/Contents/Developer/Platforms/AppleTVOS.platform/Developer/usr/lib/swift/host/plugins/libSwiftUIMacros.dylib\#/Applications/Xcode-27.0.0-Release.Candidate.app/Contents/Developer/Platforms/AppleTVOS.platform/Developer/usr/bin/swift-plugin-server\#SwiftUIMacros -disable-implicit-swift-modules -Xcc -fno-implicit-modules -Xcc -fno-implicit-module-maps -explicit-swift-module-map-file /Users/admin/builder/spi-builder-workspace/.derivedData/Build/Intermediates.noindex/MijickNavigationView.build/Debug-appletvos/MijickNavigationView-t.build/Objects-normal/arm64/MijickNavigationView-dependencies-1.json -Xllvm -aarch64-use-tbi -enable-objc-interop -stack-check -sdk /Applications/Xcode-27.0.0-Release.Candidate.app/Contents/Developer/Platforms/AppleTVOS.platform/Developer/SDKs/AppleTVOS27.0.sdk -I /Users/admin/builder/spi-builder-workspace/.derivedData/Build/Products/Debug-appletvos -Isystem /Applications/Xcode-27.0.0-Release.Candidate.app/Contents/Developer/Platforms/AppleTVOS.platform/Developer/usr/lib -F /Users/admin/builder/spi-builder-workspace/.derivedData/Build/Products/Debug-appletvos -F /Applications/Xcode-27.0.0-Release.Candidate.app/Contents/Developer/Platforms/AppleTVOS.platform/Developer/Library/Frameworks -F /Applications/Xcode-27.0.0-Release.Candidate.app/Contents/Developer/Platforms/AppleTVOS.platform/Developer/SDKs/AppleTVOS27.0.sdk/Developer/Library/Frameworks -module-cache-path /Users/admin/builder/spi-builder-workspace/.derivedData/Build/Intermediates.noindex/SwiftExplicitPrecompiledModules -no-color-diagnostics -Xcc -fno-color-diagnostics -enable-testing -g -debug-info-format\=dwarf -dwarf-version\=4 -swift-version 5 -Onone -D SWIFT_PACKAGE -D DEBUG -D SWIFT_MODULE_RESOURCE_BUNDLE_UNAVAILABLE -D Xcode -serialize-debugging-options -enable-experimental-feature DebugDescriptionMacro -empty-abi-descriptor -validate-clang-modules-once -clang-build-session-file /Users/admin/builder/spi-builder-workspace/.derivedData/ModuleCache.noindex/Session.modulevalidation -Xcc -working-directory -Xcc /Users/admin/builder/spi-builder-workspace/.swiftpm/xcode -enable-anonymous-context-mangled-names -file-compilation-dir /Users/admin/builder/spi-builder-workspace/.swiftpm/xcode -Xcc -D_LIBCPP_HARDENING_MODE\=_LIBCPP_HARDENING_MODE_DEBUG -Xcc -ivfsstatcache -Xcc /Users/admin/builder/spi-builder-workspace/.derivedData/SDKStatCaches.noindex/appletvos27.0-24J360-e829b21a6f8c9b70876ba0858053c044b32bfd8d43560033f8d89884cdb90028.sdkstatcache -Xcc -fmodules-prune-interval\=86400 -Xcc -fmodules-prune-after\=345600 -Xcc -I/Users/admin/builder/spi-builder-workspace/.derivedData/Build/Products/Debug-appletvos/include -Xcc -I/Users/admin/builder/spi-builder-workspace/.derivedData/Build/Intermediates.noindex/MijickNavigationView.build/Debug-appletvos/MijickNavigationView-t.build/DerivedSources-normal/arm64 -Xcc -I/Users/admin/builder/spi-builder-workspace/.derivedData/Build/Intermediates.noindex/MijickNavigationView.build/Debug-appletvos/MijickNavigationView-t.build/DerivedSources/arm64 -Xcc -I/Users/admin/builder/spi-builder-workspace/.derivedData/Build/Intermediates.noindex/MijickNavigationView.build/Debug-appletvos/MijickNavigationView-t.build/DerivedSources -Xcc -DSWIFT_PACKAGE -Xcc -DDEBUG\=1 -no-auto-bridging-header-chaining -module-name MijickNavigationView -const-gather-protocols-file /Users/admin/builder/spi-builder-workspace/.derivedData/Build/Intermediates.noindex/MijickNavigationView.build/Debug-appletvos/MijickNavigationView-t.build/Objects-normal/arm64/MijickNavigationView_const_extract_protocols.json -disable-clang-spi -clang-target arm64-apple-tvos27.0 -target-sdk-version 27.0 -target-sdk-name appletvos27.0 -in-process-plugin-server-path /Applications/Xcode-27.0.0-Release.Candidate.app/Contents/Developer/Toolchains/XcodeDefault.xctoolchain/usr/lib/swift/host/libSwiftInProcPluginServer.dylib -parse-as-library -o /Users/admin/builder/spi-builder-workspace/.derivedData/Build/Intermediates.noindex/MijickNavigationView.build/Debug-appletvos/MijickNavigationView-t.build/Objects-normal/arm64/Equatable++.o -o /Users/admin/builder/spi-builder-workspace/.derivedData/Build/Intermediates.noindex/MijickNavigationView.build/Debug-appletvos/MijickNavigationView-t.build/Objects-normal/arm64/KeyboardManager.o -debug-module-path /Users/admin/builder/spi-builder-workspace/.derivedData/Build/Intermediates.noindex/MijickNavigationView.build/Debug-appletvos/MijickNavigationView-t.build/Objects-normal/arm64/MijickNavigationView.swiftmodule -index-unit-output-path /MijickNavigationView.build/Debug-appletvos/MijickNavigationView-t.build/Objects-normal/arm64/Equatable++.o -index-unit-output-path /MijickNavigationView.build/Debug-appletvos/MijickNavigationView-t.build/Objects-normal/arm64/KeyboardManager.o -index-store-path /Users/admin/builder/spi-builder-workspace/.derivedData/Index.noindex/DataStore -index-system-modules
SwiftCompile normal arm64 Compiling\ Configurable.swift,\ NavigatableView.swift /Users/admin/builder/spi-builder-workspace/Sources/Internal/Protocols/Configurable.swift /Users/admin/builder/spi-builder-workspace/Sources/Internal/Protocols/NavigatableView.swift (in target 'MijickNavigationView' from project 'MijickNavigationView')
SwiftCompile normal arm64 /Users/admin/builder/spi-builder-workspace/Sources/Internal/Protocols/Configurable.swift (in target 'MijickNavigationView' from project 'MijickNavigationView')
    cd /Users/admin/builder/spi-builder-workspace/.swiftpm/xcode
    builtin-SwiftPerFileCompile Configurable.swift
SwiftCompile normal arm64 /Users/admin/builder/spi-builder-workspace/Sources/Internal/Protocols/NavigatableView.swift (in target 'MijickNavigationView' from project 'MijickNavigationView')
    cd /Users/admin/builder/spi-builder-workspace/.swiftpm/xcode
    builtin-SwiftPerFileCompile NavigatableView.swift
SwiftCompile normal arm64 Compiling\ AnyNavigatableView.swift,\ AnimationCompletionModifier.swift /Users/admin/builder/spi-builder-workspace/Sources/Internal/Type\ Erasers/AnyNavigatableView.swift /Users/admin/builder/spi-builder-workspace/Sources/Internal/View\ Modifiers/AnimationCompletionModifier.swift (in target 'MijickNavigationView' from project 'MijickNavigationView')
SwiftCompile normal arm64 /Users/admin/builder/spi-builder-workspace/Sources/Internal/Type\ Erasers/AnyNavigatableView.swift (in target 'MijickNavigationView' from project 'MijickNavigationView')
    cd /Users/admin/builder/spi-builder-workspace/.swiftpm/xcode
    builtin-SwiftPerFileCompile AnyNavigatableView.swift
SwiftCompile normal arm64 /Users/admin/builder/spi-builder-workspace/Sources/Internal/View\ Modifiers/AnimationCompletionModifier.swift (in target 'MijickNavigationView' from project 'MijickNavigationView')
    cd /Users/admin/builder/spi-builder-workspace/.swiftpm/xcode
    builtin-SwiftPerFileCompile AnimationCompletionModifier.swift
SwiftCompile normal arm64 Compiling\ NavigationView.swift,\ Public+NavigatableView.swift /Users/admin/builder/spi-builder-workspace/Sources/Internal/Views/NavigationView.swift /Users/admin/builder/spi-builder-workspace/Sources/Public/Public+NavigatableView.swift (in target 'MijickNavigationView' from project 'MijickNavigationView')
SwiftCompile normal arm64 /Users/admin/builder/spi-builder-workspace/Sources/Internal/Views/NavigationView.swift (in target 'MijickNavigationView' from project 'MijickNavigationView')
    cd /Users/admin/builder/spi-builder-workspace/.swiftpm/xcode
    builtin-SwiftPerFileCompile NavigationView.swift
SwiftCompile normal arm64 /Users/admin/builder/spi-builder-workspace/Sources/Public/Public+NavigatableView.swift (in target 'MijickNavigationView' from project 'MijickNavigationView')
    cd /Users/admin/builder/spi-builder-workspace/.swiftpm/xcode
    builtin-SwiftPerFileCompile Public+NavigatableView.swift
/Users/admin/builder/spi-builder-workspace/Sources/Internal/Views/NavigationView.swift:62:40: error: 'DragGesture' is unavailable in tvOS
 60 | }
 61 | private extension NavigationView {
 62 |     func onDragGestureChanged(_ value: DragGesture.Value) { guard canUseDragGesture(), canUseDragGesturePosition(value) else { return }
    |                                        `- error: 'DragGesture' is unavailable in tvOS
 63 |         updateAttributesOnDragGestureStarted()
 64 |         gestureData.translation = calculateNewDragGestureDataTranslation(value)
SwiftUI.DragGesture:3:42: note: 'DragGesture' has been explicitly marked unavailable here
 1 | @available(iOS 13.0, macOS 10.15, watchOS 6.0, *)
 2 | @available(tvOS, unavailable)
 3 | @MainActor @preconcurrency public struct DragGesture : Gesture, ~Sendable {
   |                                          `- note: 'DragGesture' has been explicitly marked unavailable here
 4 |     public struct Value : Equatable, Sendable {
 5 |         public var time: Date
/Users/admin/builder/spi-builder-workspace/Sources/Internal/Views/NavigationView.swift:80:45: error: 'DragGesture' is unavailable in tvOS
 78 |         return true
 79 |     }
 80 |     func canUseDragGesturePosition(_ value: DragGesture.Value) -> Bool { if config.backGesturePosition == .anywhere { return true }
    |                                             `- error: 'DragGesture' is unavailable in tvOS
 81 |         let startPosition = stack.transitionAnimation == .verticalSlide ? value.startLocation.y : value.startLocation.x
 82 |         return startPosition < 50
SwiftUI.DragGesture:3:42: note: 'DragGesture' has been explicitly marked unavailable here
 1 | @available(iOS 13.0, macOS 10.15, watchOS 6.0, *)
 2 | @available(tvOS, unavailable)
 3 | @MainActor @preconcurrency public struct DragGesture : Gesture, ~Sendable {
   |                                          `- note: 'DragGesture' has been explicitly marked unavailable here
 4 |     public struct Value : Equatable, Sendable {
 5 |         public var time: Date
/Users/admin/builder/spi-builder-workspace/Sources/Internal/Views/NavigationView.swift:88:58: error: 'DragGesture' is unavailable in tvOS
 86 |         gestureData.isActive = true
 87 |     }
 88 |     func calculateNewDragGestureDataTranslation(_ value: DragGesture.Value) -> CGFloat { switch stack.transitionAnimation {
    |                                                          `- error: 'DragGesture' is unavailable in tvOS
 89 |         case .horizontalSlide, .cubeRotation, .scale: max(value.translation.width, 0)
 90 |         case .verticalSlide: max(value.translation.height, 0)
SwiftUI.DragGesture:3:42: note: 'DragGesture' has been explicitly marked unavailable here
 1 | @available(iOS 13.0, macOS 10.15, watchOS 6.0, *)
 2 | @available(tvOS, unavailable)
 3 | @MainActor @preconcurrency public struct DragGesture : Gesture, ~Sendable {
   |                                          `- note: 'DragGesture' has been explicitly marked unavailable here
 4 |     public struct Value : Equatable, Sendable {
 5 |         public var time: Date
/Users/admin/builder/spi-builder-workspace/Sources/Internal/Views/NavigationView.swift:56:48: error: 'DragGesture' is unavailable in tvOS
 54 | // MARK: - Handling Drag Gesture
 55 | private extension NavigationView {
 56 |     func createDragGesture() -> some Gesture { DragGesture()
    |                                                `- error: 'DragGesture' is unavailable in tvOS
 57 |         .updating($isGestureActive) { _, state, _ in state = true }
 58 |         .onChanged(onDragGestureChanged)
SwiftUI.DragGesture:3:42: note: 'DragGesture' has been explicitly marked unavailable here
 1 | @available(iOS 13.0, macOS 10.15, watchOS 6.0, *)
 2 | @available(tvOS, unavailable)
 3 | @MainActor @preconcurrency public struct DragGesture : Gesture, ~Sendable {
   |                                          `- note: 'DragGesture' has been explicitly marked unavailable here
 4 |     public struct Value : Equatable, Sendable {
 5 |         public var time: Date
/Users/admin/builder/spi-builder-workspace/Sources/Internal/Views/NavigationView.swift:56:48: error: 'init(minimumDistance:coordinateSpace:)' is unavailable in tvOS
 54 | // MARK: - Handling Drag Gesture
 55 | private extension NavigationView {
 56 |     func createDragGesture() -> some Gesture { DragGesture()
    |                                                `- error: 'init(minimumDistance:coordinateSpace:)' is unavailable in tvOS
 57 |         .updating($isGestureActive) { _, state, _ in state = true }
 58 |         .onChanged(onDragGestureChanged)
SwiftUI.DragGesture.init:4:37: note: 'init(minimumDistance:coordinateSpace:)' has been explicitly marked unavailable here
2 | @available(iOS 17.0, macOS 14.0, watchOS 10.0, *)
3 |   @available(tvOS, unavailable)
4 |   @MainActor @preconcurrency public init(minimumDistance: CGFloat = 10, coordinateSpace: some CoordinateSpaceProtocol = .local)}
  |                                     `- note: 'init(minimumDistance:coordinateSpace:)' has been explicitly marked unavailable here
5 |
SwiftCompile normal arm64 Compiling\ NavigationManager.swift,\ ScreenManager.swift /Users/admin/builder/spi-builder-workspace/Sources/Internal/Managers/NavigationManager.swift /Users/admin/builder/spi-builder-workspace/Sources/Internal/Managers/ScreenManager.swift (in target 'MijickNavigationView' from project 'MijickNavigationView')
SwiftCompile normal arm64 /Users/admin/builder/spi-builder-workspace/Sources/Internal/Managers/NavigationManager.swift (in target 'MijickNavigationView' from project 'MijickNavigationView')
    cd /Users/admin/builder/spi-builder-workspace/.swiftpm/xcode
    builtin-SwiftPerFileCompile NavigationManager.swift
SwiftCompile normal arm64 /Users/admin/builder/spi-builder-workspace/Sources/Internal/Managers/ScreenManager.swift (in target 'MijickNavigationView' from project 'MijickNavigationView')
    cd /Users/admin/builder/spi-builder-workspace/.swiftpm/xcode
    builtin-SwiftPerFileCompile ScreenManager.swift
SwiftCompile normal arm64 Compiling\ Public+View.swift /Users/admin/builder/spi-builder-workspace/Sources/Public/Public+View.swift (in target 'MijickNavigationView' from project 'MijickNavigationView')
SwiftCompile normal arm64 /Users/admin/builder/spi-builder-workspace/Sources/Public/Public+View.swift (in target 'MijickNavigationView' from project 'MijickNavigationView')
    cd /Users/admin/builder/spi-builder-workspace/.swiftpm/xcode
    builtin-SwiftPerFileCompile Public+View.swift
SwiftCompile normal arm64 Compiling\ Public+SafeAreaEdges.swift,\ Public+TransitionAnimation.swift /Users/admin/builder/spi-builder-workspace/Sources/Public/Public+SafeAreaEdges.swift /Users/admin/builder/spi-builder-workspace/Sources/Public/Public+TransitionAnimation.swift (in target 'MijickNavigationView' from project 'MijickNavigationView')
SwiftCompile normal arm64 /Users/admin/builder/spi-builder-workspace/Sources/Public/Public+SafeAreaEdges.swift (in target 'MijickNavigationView' from project 'MijickNavigationView')
    cd /Users/admin/builder/spi-builder-workspace/.swiftpm/xcode
    builtin-SwiftPerFileCompile Public+SafeAreaEdges.swift
SwiftCompile normal arm64 /Users/admin/builder/spi-builder-workspace/Sources/Public/Public+TransitionAnimation.swift (in target 'MijickNavigationView' from project 'MijickNavigationView')
    cd /Users/admin/builder/spi-builder-workspace/.swiftpm/xcode
    builtin-SwiftPerFileCompile Public+TransitionAnimation.swift
SwiftCompile normal arm64 Compiling\ Public+NavigationBackGesture.swift,\ Public+NavigationConfig.swift /Users/admin/builder/spi-builder-workspace/Sources/Public/Public+NavigationBackGesture.swift /Users/admin/builder/spi-builder-workspace/Sources/Public/Public+NavigationConfig.swift (in target 'MijickNavigationView' from project 'MijickNavigationView')
SwiftCompile normal arm64 /Users/admin/builder/spi-builder-workspace/Sources/Public/Public+NavigationBackGesture.swift (in target 'MijickNavigationView' from project 'MijickNavigationView')
    cd /Users/admin/builder/spi-builder-workspace/.swiftpm/xcode
    builtin-SwiftPerFileCompile Public+NavigationBackGesture.swift
SwiftCompile normal arm64 /Users/admin/builder/spi-builder-workspace/Sources/Public/Public+NavigationConfig.swift (in target 'MijickNavigationView' from project 'MijickNavigationView')
    cd /Users/admin/builder/spi-builder-workspace/.swiftpm/xcode
    builtin-SwiftPerFileCompile Public+NavigationConfig.swift
SwiftCompile normal arm64 Compiling\ Animation++.swift,\ Array++.swift /Users/admin/builder/spi-builder-workspace/Sources/Internal/Extensions/Animation++.swift /Users/admin/builder/spi-builder-workspace/Sources/Internal/Extensions/Array++.swift (in target 'MijickNavigationView' from project 'MijickNavigationView')
SwiftCompile normal arm64 /Users/admin/builder/spi-builder-workspace/Sources/Internal/Extensions/Animation++.swift (in target 'MijickNavigationView' from project 'MijickNavigationView')
    cd /Users/admin/builder/spi-builder-workspace/.swiftpm/xcode
    builtin-SwiftPerFileCompile Animation++.swift
SwiftCompile normal arm64 /Users/admin/builder/spi-builder-workspace/Sources/Internal/Extensions/Array++.swift (in target 'MijickNavigationView' from project 'MijickNavigationView')
    cd /Users/admin/builder/spi-builder-workspace/.swiftpm/xcode
    builtin-SwiftPerFileCompile Array++.swift
SwiftCompile normal arm64 Compiling\ Public+NavigationGlobalConfig.swift,\ Public+NavigationManager.swift /Users/admin/builder/spi-builder-workspace/Sources/Public/Public+NavigationGlobalConfig.swift /Users/admin/builder/spi-builder-workspace/Sources/Public/Public+NavigationManager.swift (in target 'MijickNavigationView' from project 'MijickNavigationView')
SwiftCompile normal arm64 /Users/admin/builder/spi-builder-workspace/Sources/Public/Public+NavigationGlobalConfig.swift (in target 'MijickNavigationView' from project 'MijickNavigationView')
    cd /Users/admin/builder/spi-builder-workspace/.swiftpm/xcode
    builtin-SwiftPerFileCompile Public+NavigationGlobalConfig.swift
SwiftCompile normal arm64 /Users/admin/builder/spi-builder-workspace/Sources/Public/Public+NavigationManager.swift (in target 'MijickNavigationView' from project 'MijickNavigationView')
    cd /Users/admin/builder/spi-builder-workspace/.swiftpm/xcode
    builtin-SwiftPerFileCompile Public+NavigationManager.swift
SwiftEmitModule normal arm64 Emitting\ module\ for\ MijickNavigationView (in target 'MijickNavigationView' from project 'MijickNavigationView')
SwiftCompile normal arm64 (in target 'MijickNavigationView' from project 'MijickNavigationView')
    cd /Users/admin/builder/spi-builder-workspace/.swiftpm/xcode

SwiftDriverJobDiscovery normal arm64 Compiling AnyNavigatableView.swift, AnimationCompletionModifier.swift (in target 'MijickNavigationView' from project 'MijickNavigationView')
SwiftDriverJobDiscovery normal arm64 Compiling Configurable.swift, NavigatableView.swift (in target 'MijickNavigationView' from project 'MijickNavigationView')
SwiftDriverJobDiscovery normal arm64 Compiling Public+View.swift (in target 'MijickNavigationView' from project 'MijickNavigationView')
SwiftDriverJobDiscovery normal arm64 Compiling Animation++.swift, Array++.swift (in target 'MijickNavigationView' from project 'MijickNavigationView')
PruneExplicitPrecompiledModules /Users/admin/builder/spi-builder-workspace/.derivedData/Build/Intermediates.noindex/SwiftExplicitPrecompiledModules
PruneExplicitPrecompiledModules /Users/admin/builder/spi-builder-workspace/.derivedData/Build/Intermediates.noindex/ExplicitPrecompiledModules
PruneExplicitPrecompiledModules /Users/admin/builder/spi-builder-workspace/.derivedData/SDKExplicitPrecompiledModules
2026-09-20 19:35:46.547 xcodebuild[747:4539] [MT] IDERunDestination: Supported platforms for the buildables in the current scheme is empty.
** BUILD FAILED **
The following build commands failed:
	SwiftCompile normal arm64 /Users/admin/builder/spi-builder-workspace/Sources/Internal/Managers/KeyboardManager.swift (in target 'MijickNavigationView' from project 'MijickNavigationView')
	SwiftCompile normal arm64 Compiling\ Equatable++.swift,\ KeyboardManager.swift /Users/admin/builder/spi-builder-workspace/Sources/Internal/Extensions/Equatable++.swift /Users/admin/builder/spi-builder-workspace/Sources/Internal/Managers/KeyboardManager.swift (in target 'MijickNavigationView' from project 'MijickNavigationView')
	Building workspace MijickNavigationView with scheme MijickNavigationView
(3 failures)
BUILD FAILURE 6.4 tvOS