Build Information
Failed to build Swiftfire, reference 1.3.3 (938b96), with Swift 6.4 for tvOS using Xcode 27.0 on 17 Sep 2026 19:08:53 UTC.
Build Command
No build command. This typically means the build failed at an early stage where we determine the build command.Build Log
========================================
RunAll
========================================
Builder version: 5.1.0
Interrupt handler set up.
========================================
Checkout
========================================
Clone URL: https://github.com/Balancingrock/Swiftfire.git
Reference: 1.3.3
Initialized empty Git repository in /Users/admin/builder/spi-builder-workspace/.git/
From https://github.com/Balancingrock/Swiftfire
* tag 1.3.3 -> FETCH_HEAD
HEAD is now at 938b96d fixed installation for Xcode
Cloned https://github.com/Balancingrock/Swiftfire.git
Revision (git rev-parse @):
938b96d4012fed9ac53f4d9323d1cdba66fb16ee
SUCCESS checkout https://github.com/Balancingrock/Swiftfire.git at 1.3.3
========================================
Build
========================================
Selected platform: tvOS
Swift version: 6.4
Building package at path: $PWD
https://github.com/Balancingrock/Swiftfire.git
Command line invocation:
/Applications/Xcode-27.0.0-Release.Candidate.app/Contents/Developer/usr/bin/xcodebuild -IDEClonedSourcePackagesDirPathOverride=/Users/admin/builder/spi-builder-workspace/.dependencies -resolvePackageDependencies
Resolve Package Graph
Fetching from https://github.com/Balancingrock/Http
Fetching from https://github.com/Balancingrock/SecureSockets
Fetching from https://github.com/Balancingrock/KeyedCache
Fetching from https://github.com/Balancingrock/BRBON
Fetching from https://github.com/Balancingrock/SwifterLog
Resolve Package Graph
Updating from https://github.com/Balancingrock/KeyedCache
Updating from https://github.com/Balancingrock/SecureSockets
Updating from https://github.com/Balancingrock/Http
Updating from https://github.com/Balancingrock/SwifterLog
Updating from https://github.com/Balancingrock/BRBON
Resolve Package Graph
Updating from https://github.com/Balancingrock/SwifterLog
Updating from https://github.com/Balancingrock/BRBON
Updating from https://github.com/Balancingrock/SecureSockets
Updating from https://github.com/Balancingrock/KeyedCache
Updating from https://github.com/Balancingrock/Http
Resolved source packages:
spi-builder-workspace: (null)
2026-09-17 15:08:51.811 xcodebuild[529:3023] Writing error result bundle to /var/folders/xq/y_g06wb113726d38xsyx71_h0000gn/T/ResultBundle_2026-17-09_15-08-0051.xcresult
xcodebuild: error: Could not resolve package dependencies:
Failed to resolve dependencies Dependencies could not be resolved because no versions of 'brbon' match the requirement 1.3.0..<2.0.0 and root depends on 'brbon' 1.3.0..<2.0.0.
Command line invocation:
/Applications/Xcode-27.0.0-Release.Candidate.app/Contents/Developer/usr/bin/xcodebuild -IDEClonedSourcePackagesDirPathOverride=/Users/admin/builder/spi-builder-workspace/.dependencies -resolvePackageDependencies
Resolve Package Graph
Updating from https://github.com/Balancingrock/Http
Updating from https://github.com/Balancingrock/SwifterLog
Updating from https://github.com/Balancingrock/BRBON
Updating from https://github.com/Balancingrock/KeyedCache
Updating from https://github.com/Balancingrock/SecureSockets
Resolved source packages:
spi-builder-workspace: (null)
2026-09-17 15:08:53.669 xcodebuild[756:4136] Writing error result bundle to /var/folders/xq/y_g06wb113726d38xsyx71_h0000gn/T/ResultBundle_2026-17-09_15-08-0053.xcresult
xcodebuild: error: Could not resolve package dependencies:
Failed to resolve dependencies Dependencies could not be resolved because no versions of 'brbon' match the requirement 1.3.0..<2.0.0 and root depends on 'brbon' 1.3.0..<2.0.0.
BUILD FAILURE 6.4 tvOS