The Swift Package Index logo.Swift Package Index

Build Information

Failed to build swift-displaywidth, reference main (76dd45), with Swift 6.4 for Wasm on 29 Sep 2026 08:08:35 UTC.

Build Command

bash -c docker run --pull=always --rm -v "checkouts-54344844-1":/host -w "$PWD" -e JAVA_HOME="/root/.sdkman/candidates/java/current" -e SPI_BUILD="1" -e SPI_PROCESSING="1" registry.gitlab.com/saguaro1/spi-images:wasm-6.4-latest swift build --swift-sdk swift-6.4.x-DEVELOPMENT-SNAPSHOT-2026-09-04-a_wasm 2>&1

Build Log

========================================
RunAll
========================================
Builder version: 5.1.0
Interrupt handler set up.
========================================
Checkout
========================================
Clone URL: https://github.com/ainame/swift-displaywidth.git
Reference: main
Initialized empty Git repository in /host/spi-builder-workspace/.git/
hint: Using 'master' as the name for the initial branch. This default branch name
hint: is subject to change. To configure the initial branch name to use in all
hint: of your new repositories, which will suppress this warning, call:
hint:
hint: 	git config --global init.defaultBranch <name>
hint:
hint: Names commonly chosen instead of 'master' are 'main', 'trunk' and
hint: 'development'. The just-created branch can be renamed via this command:
hint:
hint: 	git branch -m <name>
From https://github.com/ainame/swift-displaywidth
 * branch            main       -> FETCH_HEAD
 * [new branch]      main       -> origin/main
HEAD is now at 76dd45f Prepare 0.2.0 release
Cloned https://github.com/ainame/swift-displaywidth.git
Revision (git rev-parse @):
76dd45f36c6fda21e6ad05fb4613df001e91109e
SUCCESS checkout https://github.com/ainame/swift-displaywidth.git at main
========================================
Build
========================================
Selected platform:         wasm
Swift version:             6.4
Building package at path:  $PWD
https://github.com/ainame/swift-displaywidth.git
Running build ...
bash -c docker run --pull=always --rm -v "checkouts-54344844-1":/host -w "$PWD" -e JAVA_HOME="/root/.sdkman/candidates/java/current" -e SPI_BUILD="1" -e SPI_PROCESSING="1" registry.gitlab.com/saguaro1/spi-images:wasm-6.4-latest swift build --swift-sdk swift-6.4.x-DEVELOPMENT-SNAPSHOT-2026-09-04-a_wasm 2>&1
wasm-6.4-latest: Pulling from saguaro1/spi-images
Digest: sha256:4328fdb43c680d205c1d6761b1e3267aa38277eefdda9ddfb17b6a0f1a77857a
Status: Image is up to date for registry.gitlab.com/saguaro1/spi-images:wasm-6.4-latest
Building for debugging...
[Planning deferred tasks]
[32 / 44] DisplayWidth
[33 / 44] generate-product
[34 / 44] DisplayWidth
error: SwiftCompile normal wasm32 /host/spi-builder-workspace/Sources/Generate/Command.swift failed with a nonzero exit code. Command line:     cd /host
    builtin-SwiftPerFileCompile Command.swift
/host/spi-builder-workspace/Sources/Generate/Command.swift:46:46: error: type 'URLSession' (aka 'AnyObject') has no member 'shared'
 44 |     static func downloadEastAsianWidth() async throws -> Data {
 45 |         let url = URL(string: "https://unicode.org/Public/\(unicodeVersion)/ucd/EastAsianWidth.txt")!
 46 |         let (data, _) = try await URLSession.shared.data(from: url)
    |                                              `- error: type 'URLSession' (aka 'AnyObject') has no member 'shared'
 47 |         return data
 48 |     }
/host/spi-builder-workspace/Sources/Generate/Command.swift:52:46: error: type 'URLSession' (aka 'AnyObject') has no member 'shared'
 50 |     static func downloadUnicodeData() async throws -> Data {
 51 |         let url = URL(string: "https://unicode.org/Public/\(unicodeVersion)/ucd/UnicodeData.txt")!
 52 |         let (data, _) = try await URLSession.shared.data(from: url)
    |                                              `- error: type 'URLSession' (aka 'AnyObject') has no member 'shared'
 53 |         return data
 54 |     }
Failed frontend command:
/usr/bin/swift-frontend -frontend -c -primary-file /host/spi-builder-workspace/Sources/Generate/Command.swift -emit-dependencies-path /host/spi-builder-workspace/.build/out/Intermediates.noindex/swift-displaywidth.build/Debug-webassembly-wasm32/generate-p.build/Objects-normal/wasm32/Command.d -emit-const-values-path /host/spi-builder-workspace/.build/out/Intermediates.noindex/swift-displaywidth.build/Debug-webassembly-wasm32/generate-p.build/Objects-normal/wasm32/Command.swiftconstvalues -emit-reference-dependencies-path /host/spi-builder-workspace/.build/out/Intermediates.noindex/swift-displaywidth.build/Debug-webassembly-wasm32/generate-p.build/Objects-normal/wasm32/Command.swiftdeps -serialize-diagnostics-path /host/spi-builder-workspace/.build/out/Intermediates.noindex/swift-displaywidth.build/Debug-webassembly-wasm32/generate-p.build/Objects-normal/wasm32/Command.dia -target wasm32-unknown-wasip1 -disable-objc-interop -sdk /root/.swiftpm/swift-sdks/swift-6.4.x-DEVELOPMENT-SNAPSHOT-2026-09-04-a_wasm.artifactbundle/swift-6.4.x-DEVELOPMENT-SNAPSHOT-2026-09-04-a_wasm/wasm32-unknown-wasip1/WASI.sdk -sysroot /root/.swiftpm/swift-sdks/swift-6.4.x-DEVELOPMENT-SNAPSHOT-2026-09-04-a_wasm.artifactbundle/swift-6.4.x-DEVELOPMENT-SNAPSHOT-2026-09-04-a_wasm/wasm32-unknown-wasip1/WASI.sdk -I /host/spi-builder-workspace/.build/out/Products/Debug-webassembly-wasm32 -module-cache-path /host/spi-builder-workspace/.build/out/ModuleCache.noindex -color-diagnostics -Xcc -fcolor-diagnostics -enable-testing -g -debug-info-format\=dwarf -dwarf-version\=4 -swift-version 6 -Onone -D SWIFT_PACKAGE -D DEBUG -D Xcode -serialize-debugging-options -enable-experimental-feature DebugDescriptionMacro -empty-abi-descriptor -external-plugin-path /usr/lib/swift/host/plugins/testing\#/usr/bin/swift-plugin-server -validate-clang-modules-once -clang-build-session-file /host/spi-builder-workspace/.build/out/ModuleCache.noindex/Session.modulevalidation -Xcc -working-directory -Xcc /host -resource-dir /root/.swiftpm/swift-sdks/swift-6.4.x-DEVELOPMENT-SNAPSHOT-2026-09-04-a_wasm.artifactbundle/swift-6.4.x-DEVELOPMENT-SNAPSHOT-2026-09-04-a_wasm/wasm32-unknown-wasip1/swift.xctoolchain/usr/lib/swift_static -use-static-resource-dir -enable-anonymous-context-mangled-names -file-compilation-dir /host -Xcc -resource-dir -Xcc /root/.swiftpm/swift-sdks/swift-6.4.x-DEVELOPMENT-SNAPSHOT-2026-09-04-a_wasm.artifactbundle/swift-6.4.x-DEVELOPMENT-SNAPSHOT-2026-09-04-a_wasm/wasm32-unknown-wasip1/swift.xctoolchain/usr/lib/swift_static/clang -Xcc -D_LIBCPP_HARDENING_MODE\=_LIBCPP_HARDENING_MODE_DEBUG -Xcc -fmodules-prune-interval\=86400 -Xcc -fmodules-prune-after\=345600 -Xcc -I/host/spi-builder-workspace/.build/out/Products/Debug-webassembly-wasm32/include -Xcc -I/host/spi-builder-workspace/.build/out/Intermediates.noindex/swift-displaywidth.build/Debug-webassembly-wasm32/generate-p.build/DerivedSources-normal/wasm32 -Xcc -I/host/spi-builder-workspace/.build/out/Intermediates.noindex/swift-displaywidth.build/Debug-webassembly-wasm32/generate-p.build/DerivedSources/wasm32 -Xcc -I/host/spi-builder-workspace/.build/out/Intermediates.noindex/swift-displaywidth.build/Debug-webassembly-wasm32/generate-p.build/DerivedSources -Xcc -DSWIFT_PACKAGE -Xcc -DDEBUG\=1 -no-auto-bridging-header-chaining -module-name Generate -package-name spi_builder_workspace -const-gather-protocols-file /host/spi-builder-workspace/.build/out/Intermediates.noindex/swift-displaywidth.build/Debug-webassembly-wasm32/generate-p.build/Objects-normal/wasm32/generate_const_extract_protocols.json -in-process-plugin-server-path /usr/lib/swift/host/libSwiftInProcPluginServer.so -plugin-path /usr/lib/swift/host/plugins -plugin-path /usr/local/lib/swift/host/plugins -parse-as-library -o /host/spi-builder-workspace/.build/out/Intermediates.noindex/swift-displaywidth.build/Debug-webassembly-wasm32/generate-p.build/Objects-normal/wasm32/Command.o -index-unit-output-path /swift-displaywidth.build/Debug-webassembly-wasm32/generate-p.build/Objects-normal/wasm32/Command.o -index-store-path /host/spi-builder-workspace/.build/out -index-system-modules
error: Build failed
BUILD FAILURE 6.4 wasm