Build Information
Failed to build PovioKit, reference develop (5c4820), with Swift 6.4 for visionOS using Xcode 27.0 on 4 Oct 2026 11:20:30 UTC.
Build Command
env DEVELOPER_DIR=/Applications/Xcode-27.0.0-Release.Candidate.app xcrun xcodebuild -IDEClonedSourcePackagesDirPathOverride=$PWD/.dependencies -skipMacroValidation -skipPackagePluginValidation -derivedDataPath $PWD/.derivedData build -scheme PovioKit-Package -destination generic/platform=xrOSBuild Log
SwiftExplicitDependencyGeneratePcm arm64 /Users/admin/builder/spi-builder-workspace/.derivedData/SDKExplicitPrecompiledModules/Network-59OXS1WBU0E96MTVI1BQ4Y8O0.pcm
SwiftExplicitDependencyGeneratePcm arm64 /Users/admin/builder/spi-builder-workspace/.derivedData/SDKExplicitPrecompiledModules/GroupActivities-AZ1CJ6DE2YKZALT7CIBMU17AL.pcm
SwiftExplicitDependencyCompileModuleFromInterface arm64 /Users/admin/builder/spi-builder-workspace/.derivedData/SDKExplicitPrecompiledModules/ShaderGraph-URHKVVOFZL5Z.swiftmodule
SwiftExplicitDependencyGeneratePcm arm64 /Users/admin/builder/spi-builder-workspace/.derivedData/SDKExplicitPrecompiledModules/GameController-X9URPRY7QBKI12E33T2Y28WV.pcm
SwiftExplicitDependencyGeneratePcm arm64 /Users/admin/builder/spi-builder-workspace/.derivedData/SDKExplicitPrecompiledModules/CoreAudioTypes-312R5U71UD8UC735GBX55K3US.pcm
SwiftExplicitDependencyGeneratePcm arm64 /Users/admin/builder/spi-builder-workspace/.derivedData/SDKExplicitPrecompiledModules/GameController-7QL0VMQHE24OWQFUR0UFT89DW.pcm
SwiftExplicitDependencyGeneratePcm arm64 /Users/admin/builder/spi-builder-workspace/.derivedData/SDKExplicitPrecompiledModules/ARKit-27VDPOZ50FG2MJG7OFV6IFQYQ.pcm
SwiftExplicitDependencyGeneratePcm arm64 /Users/admin/builder/spi-builder-workspace/.derivedData/SDKExplicitPrecompiledModules/ExtensionFoundation-BU61P2CEAMM06XGJDUB248XC8.pcm
SwiftExplicitDependencyGeneratePcm arm64 /Users/admin/builder/spi-builder-workspace/.derivedData/SDKExplicitPrecompiledModules/CoreMIDI-3PXS069A7G7J69W6C2O4U64TR.pcm
SwiftDriver\ Compilation PovioKitCore normal arm64 com.apple.xcode.tools.swift.compiler (in target 'PovioKitCore' from project 'PovioKit')
cd /Users/admin/builder/spi-builder-workspace/.swiftpm/xcode
builtin-Swift-Compilation -- /Applications/Xcode-27.0.0-Release.Candidate.app/Contents/Developer/Toolchains/XcodeDefault.xctoolchain/usr/bin/swiftc -parse-as-library -module-name PovioKitCore -Onone @/Users/admin/builder/spi-builder-workspace/.derivedData/Build/Intermediates.noindex/PovioKit.build/Debug-xros/PovioKitCore-t.build/Objects-normal/arm64/PovioKitCore.SwiftFileList -DSWIFT_PACKAGE -DDEBUG -DSWIFT_MODULE_RESOURCE_BUNDLE_AVAILABLE -DXcode -plugin-path /Applications/Xcode-27.0.0-Release.Candidate.app/Contents/Developer/Toolchains/XcodeDefault.xctoolchain/usr/lib/swift/host/plugins/testing -enable-experimental-feature DebugDescriptionMacro -sdk /Applications/Xcode-27.0.0-Release.Candidate.app/Contents/Developer/Platforms/XROS.platform/Developer/SDKs/XROS27.0.sdk -target arm64-apple-xros1.0 -g -module-cache-path /Users/admin/builder/spi-builder-workspace/.derivedData/ModuleCache.noindex -Xfrontend -serialize-debugging-options -profile-coverage-mapping -profile-generate -enable-testing -index-store-path /Users/admin/builder/spi-builder-workspace/.derivedData/Index.noindex/DataStore -Xcc -D_LIBCPP_HARDENING_MODE\=_LIBCPP_HARDENING_MODE_DEBUG -swift-version 6 -I /Users/admin/builder/spi-builder-workspace/.derivedData/Build/Products/Debug-xros -Isystem /Applications/Xcode-27.0.0-Release.Candidate.app/Contents/Developer/Platforms/XROS.platform/Developer/usr/lib -F /Users/admin/builder/spi-builder-workspace/.derivedData/Build/Products/Debug-xros -F /Applications/Xcode-27.0.0-Release.Candidate.app/Contents/Developer/Platforms/XROS.platform/Developer/Library/Frameworks -F /Applications/Xcode-27.0.0-Release.Candidate.app/Contents/Developer/Platforms/XROS.platform/Developer/SDKs/XROS27.0.sdk/Developer/Library/Frameworks -c -j10 -enable-batch-mode -incremental -Xcc -ivfsstatcache -Xcc /Users/admin/builder/spi-builder-workspace/.derivedData/SDKStatCaches.noindex/xros27.0-24M361-e829b21a6f8c9b70876ba0858053c044735bd543db762f57723cac368afd1ce4.sdkstatcache -output-file-map /Users/admin/builder/spi-builder-workspace/.derivedData/Build/Intermediates.noindex/PovioKit.build/Debug-xros/PovioKitCore-t.build/Objects-normal/arm64/PovioKitCore-OutputFileMap.json -save-temps -no-color-diagnostics -explicit-module-build -module-cache-path /Users/admin/builder/spi-builder-workspace/.derivedData/Build/Intermediates.noindex/SwiftExplicitPrecompiledModules -clang-scanner-module-cache-path /Users/admin/builder/spi-builder-workspace/.derivedData/ModuleCache.noindex -sdk-module-cache-path /Users/admin/builder/spi-builder-workspace/.derivedData/SDKExplicitPrecompiledModules -emit-dependencies -emit-module -emit-module-path /Users/admin/builder/spi-builder-workspace/.derivedData/Build/Intermediates.noindex/PovioKit.build/Debug-xros/PovioKitCore-t.build/Objects-normal/arm64/PovioKitCore.swiftmodule -serialize-diagnostics -dependency-scan-serialize-diagnostics-path /Users/admin/builder/spi-builder-workspace/.derivedData/Build/Intermediates.noindex/PovioKit.build/Debug-xros/PovioKitCore-t.build/Objects-normal/arm64/PovioKitCore-dependency-scan.dia -validate-clang-modules-once -clang-build-session-file /Users/admin/builder/spi-builder-workspace/.derivedData/ModuleCache.noindex/Session.modulevalidation -Xcc -fmodules-prune-interval\=86400 -Xcc -fmodules-prune-after\=345600 -package-name spi_builder_workspace -emit-const-values -const-gather-protocols-list /Users/admin/builder/spi-builder-workspace/.derivedData/Build/Intermediates.noindex/PovioKit.build/Debug-xros/PovioKitCore-t.build/Objects-normal/arm64/PovioKitCore_const_extract_protocols.json -Xcc -I/Users/admin/builder/spi-builder-workspace/.derivedData/Build/Products/Debug-xros/include -Xcc -I/Users/admin/builder/spi-builder-workspace/.derivedData/Build/Intermediates.noindex/PovioKit.build/Debug-xros/PovioKitCore-t.build/DerivedSources-normal/arm64 -Xcc -I/Users/admin/builder/spi-builder-workspace/.derivedData/Build/Intermediates.noindex/PovioKit.build/Debug-xros/PovioKitCore-t.build/DerivedSources/arm64 -Xcc -I/Users/admin/builder/spi-builder-workspace/.derivedData/Build/Intermediates.noindex/PovioKit.build/Debug-xros/PovioKitCore-t.build/DerivedSources -Xcc -DSWIFT_PACKAGE -Xcc -DDEBUG\=1 -emit-objc-header -emit-objc-header-path /Users/admin/builder/spi-builder-workspace/.derivedData/Build/Intermediates.noindex/PovioKit.build/Debug-xros/PovioKitCore-t.build/Objects-normal/arm64/PovioKitCore-Swift.h -working-directory /Users/admin/builder/spi-builder-workspace/.swiftpm/xcode -experimental-emit-module-separately -disable-cmo
SwiftExplicitDependencyGeneratePcm arm64 /Users/admin/builder/spi-builder-workspace/.derivedData/SDKExplicitPrecompiledModules/AVRouting-A58BUG9HB1NCTPD2PCCO84ARM.pcm
Ld /Users/admin/builder/spi-builder-workspace/.derivedData/Build/Products/Debug-xros/PovioKitCore.o normal (in target 'PovioKitCore' from project 'PovioKit')
cd /Users/admin/builder/spi-builder-workspace
/Applications/Xcode-27.0.0-Release.Candidate.app/Contents/Developer/Toolchains/XcodeDefault.xctoolchain/usr/bin/clang -Xlinker -reproducible -target arm64-apple-xros1.0 -r -isysroot /Applications/Xcode-27.0.0-Release.Candidate.app/Contents/Developer/Platforms/XROS.platform/Developer/SDKs/XROS27.0.sdk -O0 -Xlinker -no_warn_duplicate_libraries -F/Users/admin/builder/spi-builder-workspace/.derivedData/Build/Intermediates.noindex/EagerLinkingTBDs/Debug-xros -F/Users/admin/builder/spi-builder-workspace/.derivedData/Build/Products/Debug-xros -iframework /Applications/Xcode-27.0.0-Release.Candidate.app/Contents/Developer/Platforms/XROS.platform/Developer/Library/Frameworks -iframework /Applications/Xcode-27.0.0-Release.Candidate.app/Contents/Developer/Platforms/XROS.platform/Developer/SDKs/XROS27.0.sdk/Developer/Library/Frameworks -filelist /Users/admin/builder/spi-builder-workspace/.derivedData/Build/Intermediates.noindex/PovioKit.build/Debug-xros/PovioKitCore-t.build/Objects-normal/arm64/PovioKitCore.LinkFileList -nostdlib -Xlinker -object_path_lto -Xlinker /Users/admin/builder/spi-builder-workspace/.derivedData/Build/Intermediates.noindex/PovioKit.build/Debug-xros/PovioKitCore-t.build/Objects-normal/arm64/PovioKitCore_lto.o -Xlinker -no_deduplicate -Xlinker -debug_variant -Xlinker -dependency_info -Xlinker /Users/admin/builder/spi-builder-workspace/.derivedData/Build/Intermediates.noindex/PovioKit.build/Debug-xros/PovioKitCore-t.build/Objects-normal/arm64/PovioKitCore_dependency_info.dat -fobjc-link-runtime -L/Applications/Xcode-27.0.0-Release.Candidate.app/Contents/Developer/Toolchains/XcodeDefault.xctoolchain/usr/lib/swift/xros -L/usr/lib/swift -Xlinker -add_ast_path -Xlinker /Users/admin/builder/spi-builder-workspace/.derivedData/Build/Intermediates.noindex/PovioKit.build/Debug-xros/PovioKitCore-t.build/Objects-normal/arm64/PovioKitCore.swiftmodule -o /Users/admin/builder/spi-builder-workspace/.derivedData/Build/Products/Debug-xros/PovioKitCore.o
SwiftExplicitDependencyGeneratePcm arm64 /Users/admin/builder/spi-builder-workspace/.derivedData/SDKExplicitPrecompiledModules/CoreAudio-BNVVZ0H6VD0B9Q2N4KZUSB6RB.pcm
ExtractAppIntentsMetadata (in target 'PovioKitCore' from project 'PovioKit')
cd /Users/admin/builder/spi-builder-workspace
/Applications/Xcode-27.0.0-Release.Candidate.app/Contents/Developer/Toolchains/XcodeDefault.xctoolchain/usr/bin/appintentsmetadataprocessor --toolchain-dir /var/run/com.apple.security.cryptexd/mnt/com.apple.MobileAsset.MetalToolchain-v27.1.266.1.8BWaDl/Metal.xctoolchain --module-name PovioKitCore --sdk-root /Applications/Xcode-27.0.0-Release.Candidate.app/Contents/Developer/Platforms/XROS.platform/Developer/SDKs/XROS27.0.sdk --xcode-version 27A266a --platform-family xrOS --deployment-target 1.0 --bundle-identifier spi-builder-workspace.PovioKitCore --output /Users/admin/builder/spi-builder-workspace/.derivedData/Build/Products/Debug-xros/PovioKitCore.appintents --target-triple arm64-apple-xros1.0 --binary-file /Users/admin/builder/spi-builder-workspace/.derivedData/Build/Products/Debug-xros/PovioKitCore.o --dependency-file /Users/admin/builder/spi-builder-workspace/.derivedData/Build/Intermediates.noindex/PovioKit.build/Debug-xros/PovioKitCore-t.build/Objects-normal/arm64/PovioKitCore_dependency_info.dat --stringsdata-file /Users/admin/builder/spi-builder-workspace/.derivedData/Build/Intermediates.noindex/PovioKit.build/Debug-xros/PovioKitCore-t.build/Objects-normal/arm64/ExtractedAppShortcutsMetadata.stringsdata --source-file-list /Users/admin/builder/spi-builder-workspace/.derivedData/Build/Intermediates.noindex/PovioKit.build/Debug-xros/PovioKitCore-t.build/Objects-normal/arm64/PovioKitCore.SwiftFileList --metadata-file-list /Users/admin/builder/spi-builder-workspace/.derivedData/Build/Intermediates.noindex/PovioKit.build/Debug-xros/PovioKitCore-t.build/PovioKitCore.DependencyMetadataFileList --static-metadata-file-list /Users/admin/builder/spi-builder-workspace/.derivedData/Build/Intermediates.noindex/PovioKit.build/Debug-xros/PovioKitCore-t.build/PovioKitCore.DependencyStaticMetadataFileList --swift-const-vals-list /Users/admin/builder/spi-builder-workspace/.derivedData/Build/Intermediates.noindex/PovioKit.build/Debug-xros/PovioKitCore-t.build/Objects-normal/arm64/PovioKitCore.SwiftConstValuesFileList --force --compile-time-extraction --deployment-aware-processing --no-app-shortcuts-localization
2026-10-04 07:20:19.921 appintentsmetadataprocessor[963:5368] Starting appintentsmetadataprocessor export
2026-10-04 07:20:19.999 appintentsmetadataprocessor[963:5368] Extracted no relevant App Intents symbols, skipping writing output
SwiftExplicitDependencyGeneratePcm arm64 /Users/admin/builder/spi-builder-workspace/.derivedData/SDKExplicitPrecompiledModules/CoreMedia-X23SRPCPJE6SQFHHHYCZ7WVC.pcm
SwiftCompile normal arm64 Compiling\ KFOptionsSetter.swift,\ Kingfisher.swift,\ KingfisherError.swift,\ KingfisherManager+LivePhoto.swift,\ KingfisherManager.swift,\ KingfisherOptionsInfo.swift,\ Filter.swift /Users/admin/builder/spi-builder-workspace/.dependencies/checkouts/Kingfisher/Sources/General/KFOptionsSetter.swift /Users/admin/builder/spi-builder-workspace/.dependencies/checkouts/Kingfisher/Sources/General/Kingfisher.swift /Users/admin/builder/spi-builder-workspace/.dependencies/checkouts/Kingfisher/Sources/General/KingfisherError.swift /Users/admin/builder/spi-builder-workspace/.dependencies/checkouts/Kingfisher/Sources/General/KingfisherManager+LivePhoto.swift /Users/admin/builder/spi-builder-workspace/.dependencies/checkouts/Kingfisher/Sources/General/KingfisherManager.swift /Users/admin/builder/spi-builder-workspace/.dependencies/checkouts/Kingfisher/Sources/General/KingfisherOptionsInfo.swift /Users/admin/builder/spi-builder-workspace/.dependencies/checkouts/Kingfisher/Sources/Image/Filter.swift (in target 'Kingfisher' from project 'Kingfisher')
SwiftCompile normal arm64 /Users/admin/builder/spi-builder-workspace/.dependencies/checkouts/Kingfisher/Sources/General/KFOptionsSetter.swift (in target 'Kingfisher' from project 'Kingfisher')
cd /Users/admin/builder/spi-builder-workspace/.swiftpm/xcode
builtin-SwiftPerFileCompile KFOptionsSetter.swift
SwiftCompile normal arm64 /Users/admin/builder/spi-builder-workspace/.dependencies/checkouts/Kingfisher/Sources/General/Kingfisher.swift (in target 'Kingfisher' from project 'Kingfisher')
cd /Users/admin/builder/spi-builder-workspace/.swiftpm/xcode
builtin-SwiftPerFileCompile Kingfisher.swift
SwiftCompile normal arm64 /Users/admin/builder/spi-builder-workspace/.dependencies/checkouts/Kingfisher/Sources/General/KingfisherError.swift (in target 'Kingfisher' from project 'Kingfisher')
cd /Users/admin/builder/spi-builder-workspace/.swiftpm/xcode
builtin-SwiftPerFileCompile KingfisherError.swift
SwiftCompile normal arm64 /Users/admin/builder/spi-builder-workspace/.dependencies/checkouts/Kingfisher/Sources/General/KingfisherManager+LivePhoto.swift (in target 'Kingfisher' from project 'Kingfisher')
cd /Users/admin/builder/spi-builder-workspace/.swiftpm/xcode
builtin-SwiftPerFileCompile KingfisherManager+LivePhoto.swift
SwiftCompile normal arm64 /Users/admin/builder/spi-builder-workspace/.dependencies/checkouts/Kingfisher/Sources/General/KingfisherManager.swift (in target 'Kingfisher' from project 'Kingfisher')
cd /Users/admin/builder/spi-builder-workspace/.swiftpm/xcode
builtin-SwiftPerFileCompile KingfisherManager.swift
SwiftCompile normal arm64 /Users/admin/builder/spi-builder-workspace/.dependencies/checkouts/Kingfisher/Sources/General/KingfisherOptionsInfo.swift (in target 'Kingfisher' from project 'Kingfisher')
cd /Users/admin/builder/spi-builder-workspace/.swiftpm/xcode
builtin-SwiftPerFileCompile KingfisherOptionsInfo.swift
SwiftCompile normal arm64 /Users/admin/builder/spi-builder-workspace/.dependencies/checkouts/Kingfisher/Sources/Image/Filter.swift (in target 'Kingfisher' from project 'Kingfisher')
cd /Users/admin/builder/spi-builder-workspace/.swiftpm/xcode
builtin-SwiftPerFileCompile Filter.swift
SwiftEmitModule normal arm64 Emitting\ module\ for\ Kingfisher (in target 'Kingfisher' from project 'Kingfisher')
SwiftCompile normal arm64 (in target 'Kingfisher' from project 'Kingfisher')
cd /Users/admin/builder/spi-builder-workspace/.swiftpm/xcode
SwiftCompile normal arm64 Compiling\ ImageDataProvider.swift,\ LivePhotoSource.swift,\ PHPickerResultImageDataProvider.swift,\ PhotosPickerItemImageDataProvider.swift,\ Resource.swift,\ Source.swift,\ KF.swift /Users/admin/builder/spi-builder-workspace/.dependencies/checkouts/Kingfisher/Sources/General/ImageSource/ImageDataProvider.swift /Users/admin/builder/spi-builder-workspace/.dependencies/checkouts/Kingfisher/Sources/General/ImageSource/LivePhotoSource.swift /Users/admin/builder/spi-builder-workspace/.dependencies/checkouts/Kingfisher/Sources/General/ImageSource/PHPickerResultImageDataProvider.swift /Users/admin/builder/spi-builder-workspace/.dependencies/checkouts/Kingfisher/Sources/General/ImageSource/PhotosPickerItemImageDataProvider.swift /Users/admin/builder/spi-builder-workspace/.dependencies/checkouts/Kingfisher/Sources/General/ImageSource/Resource.swift /Users/admin/builder/spi-builder-workspace/.dependencies/checkouts/Kingfisher/Sources/General/ImageSource/Source.swift /Users/admin/builder/spi-builder-workspace/.dependencies/checkouts/Kingfisher/Sources/General/KF.swift (in target 'Kingfisher' from project 'Kingfisher')
SwiftCompile normal arm64 /Users/admin/builder/spi-builder-workspace/.dependencies/checkouts/Kingfisher/Sources/General/ImageSource/ImageDataProvider.swift (in target 'Kingfisher' from project 'Kingfisher')
cd /Users/admin/builder/spi-builder-workspace/.swiftpm/xcode
builtin-SwiftPerFileCompile ImageDataProvider.swift
SwiftCompile normal arm64 /Users/admin/builder/spi-builder-workspace/.dependencies/checkouts/Kingfisher/Sources/General/ImageSource/LivePhotoSource.swift (in target 'Kingfisher' from project 'Kingfisher')
cd /Users/admin/builder/spi-builder-workspace/.swiftpm/xcode
builtin-SwiftPerFileCompile LivePhotoSource.swift
SwiftCompile normal arm64 /Users/admin/builder/spi-builder-workspace/.dependencies/checkouts/Kingfisher/Sources/General/ImageSource/PHPickerResultImageDataProvider.swift (in target 'Kingfisher' from project 'Kingfisher')
cd /Users/admin/builder/spi-builder-workspace/.swiftpm/xcode
builtin-SwiftPerFileCompile PHPickerResultImageDataProvider.swift
SwiftCompile normal arm64 /Users/admin/builder/spi-builder-workspace/.dependencies/checkouts/Kingfisher/Sources/General/ImageSource/PhotosPickerItemImageDataProvider.swift (in target 'Kingfisher' from project 'Kingfisher')
cd /Users/admin/builder/spi-builder-workspace/.swiftpm/xcode
builtin-SwiftPerFileCompile PhotosPickerItemImageDataProvider.swift
SwiftCompile normal arm64 /Users/admin/builder/spi-builder-workspace/.dependencies/checkouts/Kingfisher/Sources/General/ImageSource/Resource.swift (in target 'Kingfisher' from project 'Kingfisher')
cd /Users/admin/builder/spi-builder-workspace/.swiftpm/xcode
builtin-SwiftPerFileCompile Resource.swift
SwiftCompile normal arm64 /Users/admin/builder/spi-builder-workspace/.dependencies/checkouts/Kingfisher/Sources/General/ImageSource/Source.swift (in target 'Kingfisher' from project 'Kingfisher')
cd /Users/admin/builder/spi-builder-workspace/.swiftpm/xcode
builtin-SwiftPerFileCompile Source.swift
SwiftCompile normal arm64 /Users/admin/builder/spi-builder-workspace/.dependencies/checkouts/Kingfisher/Sources/General/KF.swift (in target 'Kingfisher' from project 'Kingfisher')
cd /Users/admin/builder/spi-builder-workspace/.swiftpm/xcode
builtin-SwiftPerFileCompile KF.swift
SwiftCompile normal arm64 Compiling\ ImageModifier.swift,\ ImagePrefetcher.swift,\ NetworkMetrics.swift,\ NetworkMonitor.swift,\ RedirectHandler.swift,\ RequestModifier.swift,\ RetryStrategy.swift /Users/admin/builder/spi-builder-workspace/.dependencies/checkouts/Kingfisher/Sources/Networking/ImageModifier.swift /Users/admin/builder/spi-builder-workspace/.dependencies/checkouts/Kingfisher/Sources/Networking/ImagePrefetcher.swift /Users/admin/builder/spi-builder-workspace/.dependencies/checkouts/Kingfisher/Sources/Networking/NetworkMetrics.swift /Users/admin/builder/spi-builder-workspace/.dependencies/checkouts/Kingfisher/Sources/Networking/NetworkMonitor.swift /Users/admin/builder/spi-builder-workspace/.dependencies/checkouts/Kingfisher/Sources/Networking/RedirectHandler.swift /Users/admin/builder/spi-builder-workspace/.dependencies/checkouts/Kingfisher/Sources/Networking/RequestModifier.swift /Users/admin/builder/spi-builder-workspace/.dependencies/checkouts/Kingfisher/Sources/Networking/RetryStrategy.swift (in target 'Kingfisher' from project 'Kingfisher')
SwiftCompile normal arm64 /Users/admin/builder/spi-builder-workspace/.dependencies/checkouts/Kingfisher/Sources/Networking/ImageModifier.swift (in target 'Kingfisher' from project 'Kingfisher')
cd /Users/admin/builder/spi-builder-workspace/.swiftpm/xcode
builtin-SwiftPerFileCompile ImageModifier.swift
SwiftCompile normal arm64 /Users/admin/builder/spi-builder-workspace/.dependencies/checkouts/Kingfisher/Sources/Networking/ImagePrefetcher.swift (in target 'Kingfisher' from project 'Kingfisher')
cd /Users/admin/builder/spi-builder-workspace/.swiftpm/xcode
builtin-SwiftPerFileCompile ImagePrefetcher.swift
SwiftCompile normal arm64 /Users/admin/builder/spi-builder-workspace/.dependencies/checkouts/Kingfisher/Sources/Networking/NetworkMetrics.swift (in target 'Kingfisher' from project 'Kingfisher')
cd /Users/admin/builder/spi-builder-workspace/.swiftpm/xcode
builtin-SwiftPerFileCompile NetworkMetrics.swift
SwiftCompile normal arm64 /Users/admin/builder/spi-builder-workspace/.dependencies/checkouts/Kingfisher/Sources/Networking/NetworkMonitor.swift (in target 'Kingfisher' from project 'Kingfisher')
cd /Users/admin/builder/spi-builder-workspace/.swiftpm/xcode
builtin-SwiftPerFileCompile NetworkMonitor.swift
SwiftCompile normal arm64 /Users/admin/builder/spi-builder-workspace/.dependencies/checkouts/Kingfisher/Sources/Networking/RedirectHandler.swift (in target 'Kingfisher' from project 'Kingfisher')
cd /Users/admin/builder/spi-builder-workspace/.swiftpm/xcode
builtin-SwiftPerFileCompile RedirectHandler.swift
SwiftCompile normal arm64 /Users/admin/builder/spi-builder-workspace/.dependencies/checkouts/Kingfisher/Sources/Networking/RequestModifier.swift (in target 'Kingfisher' from project 'Kingfisher')
cd /Users/admin/builder/spi-builder-workspace/.swiftpm/xcode
builtin-SwiftPerFileCompile RequestModifier.swift
SwiftCompile normal arm64 /Users/admin/builder/spi-builder-workspace/.dependencies/checkouts/Kingfisher/Sources/Networking/RetryStrategy.swift (in target 'Kingfisher' from project 'Kingfisher')
cd /Users/admin/builder/spi-builder-workspace/.swiftpm/xcode
builtin-SwiftPerFileCompile RetryStrategy.swift
SwiftCompile normal arm64 Compiling\ KFImageProtocol.swift,\ KFImageRenderer.swift,\ Box.swift,\ CallbackQueue.swift,\ CancellationToken.swift,\ Delegate.swift,\ DisplayLink.swift /Users/admin/builder/spi-builder-workspace/.dependencies/checkouts/Kingfisher/Sources/SwiftUI/KFImageProtocol.swift /Users/admin/builder/spi-builder-workspace/.dependencies/checkouts/Kingfisher/Sources/SwiftUI/KFImageRenderer.swift /Users/admin/builder/spi-builder-workspace/.dependencies/checkouts/Kingfisher/Sources/Utility/Box.swift /Users/admin/builder/spi-builder-workspace/.dependencies/checkouts/Kingfisher/Sources/Utility/CallbackQueue.swift /Users/admin/builder/spi-builder-workspace/.dependencies/checkouts/Kingfisher/Sources/Utility/CancellationToken.swift /Users/admin/builder/spi-builder-workspace/.dependencies/checkouts/Kingfisher/Sources/Utility/Delegate.swift /Users/admin/builder/spi-builder-workspace/.dependencies/checkouts/Kingfisher/Sources/Utility/DisplayLink.swift (in target 'Kingfisher' from project 'Kingfisher')
SwiftCompile normal arm64 /Users/admin/builder/spi-builder-workspace/.dependencies/checkouts/Kingfisher/Sources/SwiftUI/KFImageProtocol.swift (in target 'Kingfisher' from project 'Kingfisher')
cd /Users/admin/builder/spi-builder-workspace/.swiftpm/xcode
builtin-SwiftPerFileCompile KFImageProtocol.swift
SwiftCompile normal arm64 /Users/admin/builder/spi-builder-workspace/.dependencies/checkouts/Kingfisher/Sources/SwiftUI/KFImageRenderer.swift (in target 'Kingfisher' from project 'Kingfisher')
cd /Users/admin/builder/spi-builder-workspace/.swiftpm/xcode
builtin-SwiftPerFileCompile KFImageRenderer.swift
SwiftCompile normal arm64 /Users/admin/builder/spi-builder-workspace/.dependencies/checkouts/Kingfisher/Sources/Utility/Box.swift (in target 'Kingfisher' from project 'Kingfisher')
cd /Users/admin/builder/spi-builder-workspace/.swiftpm/xcode
builtin-SwiftPerFileCompile Box.swift
SwiftCompile normal arm64 /Users/admin/builder/spi-builder-workspace/.dependencies/checkouts/Kingfisher/Sources/Utility/CallbackQueue.swift (in target 'Kingfisher' from project 'Kingfisher')
cd /Users/admin/builder/spi-builder-workspace/.swiftpm/xcode
builtin-SwiftPerFileCompile CallbackQueue.swift
SwiftCompile normal arm64 /Users/admin/builder/spi-builder-workspace/.dependencies/checkouts/Kingfisher/Sources/Utility/CancellationToken.swift (in target 'Kingfisher' from project 'Kingfisher')
cd /Users/admin/builder/spi-builder-workspace/.swiftpm/xcode
builtin-SwiftPerFileCompile CancellationToken.swift
SwiftCompile normal arm64 /Users/admin/builder/spi-builder-workspace/.dependencies/checkouts/Kingfisher/Sources/Utility/Delegate.swift (in target 'Kingfisher' from project 'Kingfisher')
cd /Users/admin/builder/spi-builder-workspace/.swiftpm/xcode
builtin-SwiftPerFileCompile Delegate.swift
SwiftCompile normal arm64 /Users/admin/builder/spi-builder-workspace/.dependencies/checkouts/Kingfisher/Sources/Utility/DisplayLink.swift (in target 'Kingfisher' from project 'Kingfisher')
cd /Users/admin/builder/spi-builder-workspace/.swiftpm/xcode
builtin-SwiftPerFileCompile DisplayLink.swift
SwiftCompile normal arm64 Compiling\ ImageTransition.swift,\ Placeholder.swift,\ AuthenticationChallengeResponsable.swift,\ ImageDataProcessor.swift,\ ImageDownloader+LivePhoto.swift,\ ImageDownloader.swift,\ ImageDownloaderDelegate.swift /Users/admin/builder/spi-builder-workspace/.dependencies/checkouts/Kingfisher/Sources/Image/ImageTransition.swift /Users/admin/builder/spi-builder-workspace/.dependencies/checkouts/Kingfisher/Sources/Image/Placeholder.swift /Users/admin/builder/spi-builder-workspace/.dependencies/checkouts/Kingfisher/Sources/Networking/AuthenticationChallengeResponsable.swift /Users/admin/builder/spi-builder-workspace/.dependencies/checkouts/Kingfisher/Sources/Networking/ImageDataProcessor.swift /Users/admin/builder/spi-builder-workspace/.dependencies/checkouts/Kingfisher/Sources/Networking/ImageDownloader+LivePhoto.swift /Users/admin/builder/spi-builder-workspace/.dependencies/checkouts/Kingfisher/Sources/Networking/ImageDownloader.swift /Users/admin/builder/spi-builder-workspace/.dependencies/checkouts/Kingfisher/Sources/Networking/ImageDownloaderDelegate.swift (in target 'Kingfisher' from project 'Kingfisher')
SwiftCompile normal arm64 /Users/admin/builder/spi-builder-workspace/.dependencies/checkouts/Kingfisher/Sources/Image/ImageTransition.swift (in target 'Kingfisher' from project 'Kingfisher')
cd /Users/admin/builder/spi-builder-workspace/.swiftpm/xcode
builtin-SwiftPerFileCompile ImageTransition.swift
SwiftCompile normal arm64 /Users/admin/builder/spi-builder-workspace/.dependencies/checkouts/Kingfisher/Sources/Image/Placeholder.swift (in target 'Kingfisher' from project 'Kingfisher')
cd /Users/admin/builder/spi-builder-workspace/.swiftpm/xcode
builtin-SwiftPerFileCompile Placeholder.swift
SwiftCompile normal arm64 /Users/admin/builder/spi-builder-workspace/.dependencies/checkouts/Kingfisher/Sources/Networking/AuthenticationChallengeResponsable.swift (in target 'Kingfisher' from project 'Kingfisher')
cd /Users/admin/builder/spi-builder-workspace/.swiftpm/xcode
builtin-SwiftPerFileCompile AuthenticationChallengeResponsable.swift
SwiftCompile normal arm64 /Users/admin/builder/spi-builder-workspace/.dependencies/checkouts/Kingfisher/Sources/Networking/ImageDataProcessor.swift (in target 'Kingfisher' from project 'Kingfisher')
cd /Users/admin/builder/spi-builder-workspace/.swiftpm/xcode
builtin-SwiftPerFileCompile ImageDataProcessor.swift
SwiftCompile normal arm64 /Users/admin/builder/spi-builder-workspace/.dependencies/checkouts/Kingfisher/Sources/Networking/ImageDownloader+LivePhoto.swift (in target 'Kingfisher' from project 'Kingfisher')
cd /Users/admin/builder/spi-builder-workspace/.swiftpm/xcode
builtin-SwiftPerFileCompile ImageDownloader+LivePhoto.swift
SwiftCompile normal arm64 /Users/admin/builder/spi-builder-workspace/.dependencies/checkouts/Kingfisher/Sources/Networking/ImageDownloader.swift (in target 'Kingfisher' from project 'Kingfisher')
cd /Users/admin/builder/spi-builder-workspace/.swiftpm/xcode
builtin-SwiftPerFileCompile ImageDownloader.swift
SwiftCompile normal arm64 /Users/admin/builder/spi-builder-workspace/.dependencies/checkouts/Kingfisher/Sources/Networking/ImageDownloaderDelegate.swift (in target 'Kingfisher' from project 'Kingfisher')
cd /Users/admin/builder/spi-builder-workspace/.swiftpm/xcode
builtin-SwiftPerFileCompile ImageDownloaderDelegate.swift
SwiftCompile normal arm64 Compiling\ GIFAnimatedImage.swift,\ GraphicsContext.swift,\ Image.swift,\ ImageDrawing.swift,\ ImageFormat.swift,\ ImageProcessor.swift,\ ImageProgressive.swift /Users/admin/builder/spi-builder-workspace/.dependencies/checkouts/Kingfisher/Sources/Image/GIFAnimatedImage.swift /Users/admin/builder/spi-builder-workspace/.dependencies/checkouts/Kingfisher/Sources/Image/GraphicsContext.swift /Users/admin/builder/spi-builder-workspace/.dependencies/checkouts/Kingfisher/Sources/Image/Image.swift /Users/admin/builder/spi-builder-workspace/.dependencies/checkouts/Kingfisher/Sources/Image/ImageDrawing.swift /Users/admin/builder/spi-builder-workspace/.dependencies/checkouts/Kingfisher/Sources/Image/ImageFormat.swift /Users/admin/builder/spi-builder-workspace/.dependencies/checkouts/Kingfisher/Sources/Image/ImageProcessor.swift /Users/admin/builder/spi-builder-workspace/.dependencies/checkouts/Kingfisher/Sources/Image/ImageProgressive.swift (in target 'Kingfisher' from project 'Kingfisher')
SwiftCompile normal arm64 /Users/admin/builder/spi-builder-workspace/.dependencies/checkouts/Kingfisher/Sources/Image/GIFAnimatedImage.swift (in target 'Kingfisher' from project 'Kingfisher')
cd /Users/admin/builder/spi-builder-workspace/.swiftpm/xcode
builtin-SwiftPerFileCompile GIFAnimatedImage.swift
SwiftCompile normal arm64 /Users/admin/builder/spi-builder-workspace/.dependencies/checkouts/Kingfisher/Sources/Image/GraphicsContext.swift (in target 'Kingfisher' from project 'Kingfisher')
cd /Users/admin/builder/spi-builder-workspace/.swiftpm/xcode
builtin-SwiftPerFileCompile GraphicsContext.swift
SwiftCompile normal arm64 /Users/admin/builder/spi-builder-workspace/.dependencies/checkouts/Kingfisher/Sources/Image/Image.swift (in target 'Kingfisher' from project 'Kingfisher')
cd /Users/admin/builder/spi-builder-workspace/.swiftpm/xcode
builtin-SwiftPerFileCompile Image.swift
SwiftCompile normal arm64 /Users/admin/builder/spi-builder-workspace/.dependencies/checkouts/Kingfisher/Sources/Image/ImageDrawing.swift (in target 'Kingfisher' from project 'Kingfisher')
cd /Users/admin/builder/spi-builder-workspace/.swiftpm/xcode
builtin-SwiftPerFileCompile ImageDrawing.swift
SwiftCompile normal arm64 /Users/admin/builder/spi-builder-workspace/.dependencies/checkouts/Kingfisher/Sources/Image/ImageFormat.swift (in target 'Kingfisher' from project 'Kingfisher')
cd /Users/admin/builder/spi-builder-workspace/.swiftpm/xcode
builtin-SwiftPerFileCompile ImageFormat.swift
SwiftCompile normal arm64 /Users/admin/builder/spi-builder-workspace/.dependencies/checkouts/Kingfisher/Sources/Image/ImageProcessor.swift (in target 'Kingfisher' from project 'Kingfisher')
cd /Users/admin/builder/spi-builder-workspace/.swiftpm/xcode
builtin-SwiftPerFileCompile ImageProcessor.swift
SwiftCompile normal arm64 /Users/admin/builder/spi-builder-workspace/.dependencies/checkouts/Kingfisher/Sources/Image/ImageProgressive.swift (in target 'Kingfisher' from project 'Kingfisher')
cd /Users/admin/builder/spi-builder-workspace/.swiftpm/xcode
builtin-SwiftPerFileCompile ImageProgressive.swift
SwiftExplicitDependencyGeneratePcm arm64 /Users/admin/builder/spi-builder-workspace/.derivedData/SDKExplicitPrecompiledModules/AudioToolbox-BIB990ZQT6Y2YX7R0HKENKU6T.pcm
SwiftCompile normal arm64 Compiling\ resource_bundle_accessor.swift,\ CacheSerializer.swift,\ DiskStorage.swift,\ FormatIndicatedCacheSerializer.swift,\ ImageCache.swift,\ MemoryStorage.swift,\ Storage.swift,\ CPListItem+Kingfisher.swift /Users/admin/builder/spi-builder-workspace/.derivedData/Build/Intermediates.noindex/Kingfisher.build/Debug-xros/Kingfisher-t.build/DerivedSources/resource_bundle_accessor.swift /Users/admin/builder/spi-builder-workspace/.dependencies/checkouts/Kingfisher/Sources/Cache/CacheSerializer.swift /Users/admin/builder/spi-builder-workspace/.dependencies/checkouts/Kingfisher/Sources/Cache/DiskStorage.swift /Users/admin/builder/spi-builder-workspace/.dependencies/checkouts/Kingfisher/Sources/Cache/FormatIndicatedCacheSerializer.swift /Users/admin/builder/spi-builder-workspace/.dependencies/checkouts/Kingfisher/Sources/Cache/ImageCache.swift /Users/admin/builder/spi-builder-workspace/.dependencies/checkouts/Kingfisher/Sources/Cache/MemoryStorage.swift /Users/admin/builder/spi-builder-workspace/.dependencies/checkouts/Kingfisher/Sources/Cache/Storage.swift /Users/admin/builder/spi-builder-workspace/.dependencies/checkouts/Kingfisher/Sources/Extensions/CPListItem+Kingfisher.swift (in target 'Kingfisher' from project 'Kingfisher')
SwiftCompile normal arm64 /Users/admin/builder/spi-builder-workspace/.derivedData/Build/Intermediates.noindex/Kingfisher.build/Debug-xros/Kingfisher-t.build/DerivedSources/resource_bundle_accessor.swift (in target 'Kingfisher' from project 'Kingfisher')
cd /Users/admin/builder/spi-builder-workspace/.swiftpm/xcode
builtin-SwiftPerFileCompile resource_bundle_accessor.swift
SwiftCompile normal arm64 /Users/admin/builder/spi-builder-workspace/.dependencies/checkouts/Kingfisher/Sources/Cache/CacheSerializer.swift (in target 'Kingfisher' from project 'Kingfisher')
cd /Users/admin/builder/spi-builder-workspace/.swiftpm/xcode
builtin-SwiftPerFileCompile CacheSerializer.swift
SwiftCompile normal arm64 /Users/admin/builder/spi-builder-workspace/.dependencies/checkouts/Kingfisher/Sources/Cache/DiskStorage.swift (in target 'Kingfisher' from project 'Kingfisher')
cd /Users/admin/builder/spi-builder-workspace/.swiftpm/xcode
builtin-SwiftPerFileCompile DiskStorage.swift
SwiftCompile normal arm64 /Users/admin/builder/spi-builder-workspace/.dependencies/checkouts/Kingfisher/Sources/Cache/FormatIndicatedCacheSerializer.swift (in target 'Kingfisher' from project 'Kingfisher')
cd /Users/admin/builder/spi-builder-workspace/.swiftpm/xcode
builtin-SwiftPerFileCompile FormatIndicatedCacheSerializer.swift
SwiftCompile normal arm64 /Users/admin/builder/spi-builder-workspace/.dependencies/checkouts/Kingfisher/Sources/Cache/ImageCache.swift (in target 'Kingfisher' from project 'Kingfisher')
cd /Users/admin/builder/spi-builder-workspace/.swiftpm/xcode
builtin-SwiftPerFileCompile ImageCache.swift
SwiftCompile normal arm64 /Users/admin/builder/spi-builder-workspace/.dependencies/checkouts/Kingfisher/Sources/Cache/MemoryStorage.swift (in target 'Kingfisher' from project 'Kingfisher')
cd /Users/admin/builder/spi-builder-workspace/.swiftpm/xcode
builtin-SwiftPerFileCompile MemoryStorage.swift
SwiftCompile normal arm64 /Users/admin/builder/spi-builder-workspace/.dependencies/checkouts/Kingfisher/Sources/Cache/Storage.swift (in target 'Kingfisher' from project 'Kingfisher')
cd /Users/admin/builder/spi-builder-workspace/.swiftpm/xcode
builtin-SwiftPerFileCompile Storage.swift
SwiftCompile normal arm64 /Users/admin/builder/spi-builder-workspace/.dependencies/checkouts/Kingfisher/Sources/Extensions/CPListItem+Kingfisher.swift (in target 'Kingfisher' from project 'Kingfisher')
cd /Users/admin/builder/spi-builder-workspace/.swiftpm/xcode
builtin-SwiftPerFileCompile CPListItem+Kingfisher.swift
SwiftExplicitDependencyCompileModuleFromInterface arm64 /Users/admin/builder/spi-builder-workspace/.derivedData/SDKExplicitPrecompiledModules/RealityCoreRenderer-1BXNYUA9X4EGQ.swiftmodule
SwiftExplicitDependencyGeneratePcm arm64 /Users/admin/builder/spi-builder-workspace/.derivedData/SDKExplicitPrecompiledModules/Vision-3I7AR38LZFB22SF4LQC7Q6KA.pcm
SwiftExplicitDependencyGeneratePcm arm64 /Users/admin/builder/spi-builder-workspace/.derivedData/SDKExplicitPrecompiledModules/AVFAudio-7A6YZTGYW2RLZD9E99CP5838N.pcm
SwiftExplicitDependencyGeneratePcm arm64 /Users/admin/builder/spi-builder-workspace/.derivedData/SDKExplicitPrecompiledModules/MediaToolbox-ANHHEHPC85W3ECWTCJ308UFOE.pcm
SwiftExplicitDependencyGeneratePcm arm64 /Users/admin/builder/spi-builder-workspace/.derivedData/SDKExplicitPrecompiledModules/VideoToolbox-3P3B69YG5JT8YUFOCSUNDM59.pcm
SwiftCompile normal arm64 Compiling\ SessionDataTask.swift,\ SessionDelegate.swift,\ ImageBinder.swift,\ ImageContext.swift,\ KFAnimatedImage.swift,\ KFImage.swift,\ KFImageOptions.swift /Users/admin/builder/spi-builder-workspace/.dependencies/checkouts/Kingfisher/Sources/Networking/SessionDataTask.swift /Users/admin/builder/spi-builder-workspace/.dependencies/checkouts/Kingfisher/Sources/Networking/SessionDelegate.swift /Users/admin/builder/spi-builder-workspace/.dependencies/checkouts/Kingfisher/Sources/SwiftUI/ImageBinder.swift /Users/admin/builder/spi-builder-workspace/.dependencies/checkouts/Kingfisher/Sources/SwiftUI/ImageContext.swift /Users/admin/builder/spi-builder-workspace/.dependencies/checkouts/Kingfisher/Sources/SwiftUI/KFAnimatedImage.swift /Users/admin/builder/spi-builder-workspace/.dependencies/checkouts/Kingfisher/Sources/SwiftUI/KFImage.swift /Users/admin/builder/spi-builder-workspace/.dependencies/checkouts/Kingfisher/Sources/SwiftUI/KFImageOptions.swift (in target 'Kingfisher' from project 'Kingfisher')
SwiftCompile normal arm64 /Users/admin/builder/spi-builder-workspace/.dependencies/checkouts/Kingfisher/Sources/Networking/SessionDataTask.swift (in target 'Kingfisher' from project 'Kingfisher')
cd /Users/admin/builder/spi-builder-workspace/.swiftpm/xcode
builtin-SwiftPerFileCompile SessionDataTask.swift
SwiftCompile normal arm64 /Users/admin/builder/spi-builder-workspace/.dependencies/checkouts/Kingfisher/Sources/Networking/SessionDelegate.swift (in target 'Kingfisher' from project 'Kingfisher')
cd /Users/admin/builder/spi-builder-workspace/.swiftpm/xcode
builtin-SwiftPerFileCompile SessionDelegate.swift
SwiftCompile normal arm64 /Users/admin/builder/spi-builder-workspace/.dependencies/checkouts/Kingfisher/Sources/SwiftUI/ImageBinder.swift (in target 'Kingfisher' from project 'Kingfisher')
cd /Users/admin/builder/spi-builder-workspace/.swiftpm/xcode
builtin-SwiftPerFileCompile ImageBinder.swift
SwiftCompile normal arm64 /Users/admin/builder/spi-builder-workspace/.dependencies/checkouts/Kingfisher/Sources/SwiftUI/ImageContext.swift (in target 'Kingfisher' from project 'Kingfisher')
cd /Users/admin/builder/spi-builder-workspace/.swiftpm/xcode
builtin-SwiftPerFileCompile ImageContext.swift
SwiftCompile normal arm64 /Users/admin/builder/spi-builder-workspace/.dependencies/checkouts/Kingfisher/Sources/SwiftUI/KFAnimatedImage.swift (in target 'Kingfisher' from project 'Kingfisher')
cd /Users/admin/builder/spi-builder-workspace/.swiftpm/xcode
builtin-SwiftPerFileCompile KFAnimatedImage.swift
SwiftCompile normal arm64 /Users/admin/builder/spi-builder-workspace/.dependencies/checkouts/Kingfisher/Sources/SwiftUI/KFImage.swift (in target 'Kingfisher' from project 'Kingfisher')
cd /Users/admin/builder/spi-builder-workspace/.swiftpm/xcode
builtin-SwiftPerFileCompile KFImage.swift
SwiftCompile normal arm64 /Users/admin/builder/spi-builder-workspace/.dependencies/checkouts/Kingfisher/Sources/SwiftUI/KFImageOptions.swift (in target 'Kingfisher' from project 'Kingfisher')
cd /Users/admin/builder/spi-builder-workspace/.swiftpm/xcode
builtin-SwiftPerFileCompile KFImageOptions.swift
SwiftCompile normal arm64 Compiling\ ExtensionHelpers.swift,\ Result.swift,\ Runtime.swift,\ SizeExtensions.swift,\ String+SHA256.swift,\ AnimatedImageView.swift,\ Indicator.swift /Users/admin/builder/spi-builder-workspace/.dependencies/checkouts/Kingfisher/Sources/Utility/ExtensionHelpers.swift /Users/admin/builder/spi-builder-workspace/.dependencies/checkouts/Kingfisher/Sources/Utility/Result.swift /Users/admin/builder/spi-builder-workspace/.dependencies/checkouts/Kingfisher/Sources/Utility/Runtime.swift /Users/admin/builder/spi-builder-workspace/.dependencies/checkouts/Kingfisher/Sources/Utility/SizeExtensions.swift /Users/admin/builder/spi-builder-workspace/.dependencies/checkouts/Kingfisher/Sources/Utility/String+SHA256.swift /Users/admin/builder/spi-builder-workspace/.dependencies/checkouts/Kingfisher/Sources/Views/AnimatedImageView.swift /Users/admin/builder/spi-builder-workspace/.dependencies/checkouts/Kingfisher/Sources/Views/Indicator.swift (in target 'Kingfisher' from project 'Kingfisher')
SwiftCompile normal arm64 /Users/admin/builder/spi-builder-workspace/.dependencies/checkouts/Kingfisher/Sources/Utility/ExtensionHelpers.swift (in target 'Kingfisher' from project 'Kingfisher')
cd /Users/admin/builder/spi-builder-workspace/.swiftpm/xcode
builtin-SwiftPerFileCompile ExtensionHelpers.swift
SwiftCompile normal arm64 /Users/admin/builder/spi-builder-workspace/.dependencies/checkouts/Kingfisher/Sources/Utility/Result.swift (in target 'Kingfisher' from project 'Kingfisher')
cd /Users/admin/builder/spi-builder-workspace/.swiftpm/xcode
builtin-SwiftPerFileCompile Result.swift
SwiftCompile normal arm64 /Users/admin/builder/spi-builder-workspace/.dependencies/checkouts/Kingfisher/Sources/Utility/Runtime.swift (in target 'Kingfisher' from project 'Kingfisher')
cd /Users/admin/builder/spi-builder-workspace/.swiftpm/xcode
builtin-SwiftPerFileCompile Runtime.swift
SwiftCompile normal arm64 /Users/admin/builder/spi-builder-workspace/.dependencies/checkouts/Kingfisher/Sources/Utility/SizeExtensions.swift (in target 'Kingfisher' from project 'Kingfisher')
cd /Users/admin/builder/spi-builder-workspace/.swiftpm/xcode
builtin-SwiftPerFileCompile SizeExtensions.swift
SwiftCompile normal arm64 /Users/admin/builder/spi-builder-workspace/.dependencies/checkouts/Kingfisher/Sources/Utility/String+SHA256.swift (in target 'Kingfisher' from project 'Kingfisher')
cd /Users/admin/builder/spi-builder-workspace/.swiftpm/xcode
builtin-SwiftPerFileCompile String+SHA256.swift
SwiftCompile normal arm64 /Users/admin/builder/spi-builder-workspace/.dependencies/checkouts/Kingfisher/Sources/Views/AnimatedImageView.swift (in target 'Kingfisher' from project 'Kingfisher')
cd /Users/admin/builder/spi-builder-workspace/.swiftpm/xcode
builtin-SwiftPerFileCompile AnimatedImageView.swift
SwiftCompile normal arm64 /Users/admin/builder/spi-builder-workspace/.dependencies/checkouts/Kingfisher/Sources/Views/Indicator.swift (in target 'Kingfisher' from project 'Kingfisher')
cd /Users/admin/builder/spi-builder-workspace/.swiftpm/xcode
builtin-SwiftPerFileCompile Indicator.swift
SwiftExplicitDependencyGeneratePcm arm64 /Users/admin/builder/spi-builder-workspace/.derivedData/SDKExplicitPrecompiledModules/AVFoundation-81FTBCX2AZLM90X977V6F8213.pcm
SwiftDriverJobDiscovery normal arm64 Compiling ImageTransition.swift, Placeholder.swift, AuthenticationChallengeResponsable.swift, ImageDataProcessor.swift, ImageDownloader+LivePhoto.swift, ImageDownloader.swift, ImageDownloaderDelegate.swift (in target 'Kingfisher' from project 'Kingfisher')
SwiftCompile normal arm64 Compiling\ HasImageComponent+Kingfisher.swift,\ ImageView+Kingfisher.swift,\ NSButton+Kingfisher.swift,\ NSTextAttachment+Kingfisher.swift,\ PHLivePhotoView+Kingfisher.swift,\ UIButton+Kingfisher.swift,\ AVAssetImageDataProvider.swift /Users/admin/builder/spi-builder-workspace/.dependencies/checkouts/Kingfisher/Sources/Extensions/HasImageComponent+Kingfisher.swift /Users/admin/builder/spi-builder-workspace/.dependencies/checkouts/Kingfisher/Sources/Extensions/ImageView+Kingfisher.swift /Users/admin/builder/spi-builder-workspace/.dependencies/checkouts/Kingfisher/Sources/Extensions/NSButton+Kingfisher.swift /Users/admin/builder/spi-builder-workspace/.dependencies/checkouts/Kingfisher/Sources/Extensions/NSTextAttachment+Kingfisher.swift /Users/admin/builder/spi-builder-workspace/.dependencies/checkouts/Kingfisher/Sources/Extensions/PHLivePhotoView+Kingfisher.swift /Users/admin/builder/spi-builder-workspace/.dependencies/checkouts/Kingfisher/Sources/Extensions/UIButton+Kingfisher.swift /Users/admin/builder/spi-builder-workspace/.dependencies/checkouts/Kingfisher/Sources/General/ImageSource/AVAssetImageDataProvider.swift (in target 'Kingfisher' from project 'Kingfisher')
SwiftCompile normal arm64 /Users/admin/builder/spi-builder-workspace/.dependencies/checkouts/Kingfisher/Sources/Extensions/HasImageComponent+Kingfisher.swift (in target 'Kingfisher' from project 'Kingfisher')
cd /Users/admin/builder/spi-builder-workspace/.swiftpm/xcode
builtin-SwiftPerFileCompile HasImageComponent+Kingfisher.swift
SwiftCompile normal arm64 /Users/admin/builder/spi-builder-workspace/.dependencies/checkouts/Kingfisher/Sources/Extensions/ImageView+Kingfisher.swift (in target 'Kingfisher' from project 'Kingfisher')
cd /Users/admin/builder/spi-builder-workspace/.swiftpm/xcode
builtin-SwiftPerFileCompile ImageView+Kingfisher.swift
SwiftCompile normal arm64 /Users/admin/builder/spi-builder-workspace/.dependencies/checkouts/Kingfisher/Sources/Extensions/NSButton+Kingfisher.swift (in target 'Kingfisher' from project 'Kingfisher')
cd /Users/admin/builder/spi-builder-workspace/.swiftpm/xcode
builtin-SwiftPerFileCompile NSButton+Kingfisher.swift
SwiftCompile normal arm64 /Users/admin/builder/spi-builder-workspace/.dependencies/checkouts/Kingfisher/Sources/Extensions/NSTextAttachment+Kingfisher.swift (in target 'Kingfisher' from project 'Kingfisher')
cd /Users/admin/builder/spi-builder-workspace/.swiftpm/xcode
builtin-SwiftPerFileCompile NSTextAttachment+Kingfisher.swift
SwiftCompile normal arm64 /Users/admin/builder/spi-builder-workspace/.dependencies/checkouts/Kingfisher/Sources/Extensions/PHLivePhotoView+Kingfisher.swift (in target 'Kingfisher' from project 'Kingfisher')
cd /Users/admin/builder/spi-builder-workspace/.swiftpm/xcode
builtin-SwiftPerFileCompile PHLivePhotoView+Kingfisher.swift
SwiftCompile normal arm64 /Users/admin/builder/spi-builder-workspace/.dependencies/checkouts/Kingfisher/Sources/Extensions/UIButton+Kingfisher.swift (in target 'Kingfisher' from project 'Kingfisher')
cd /Users/admin/builder/spi-builder-workspace/.swiftpm/xcode
builtin-SwiftPerFileCompile UIButton+Kingfisher.swift
SwiftCompile normal arm64 /Users/admin/builder/spi-builder-workspace/.dependencies/checkouts/Kingfisher/Sources/General/ImageSource/AVAssetImageDataProvider.swift (in target 'Kingfisher' from project 'Kingfisher')
cd /Users/admin/builder/spi-builder-workspace/.swiftpm/xcode
builtin-SwiftPerFileCompile AVAssetImageDataProvider.swift
SwiftDriverJobDiscovery normal arm64 Emitting module for Kingfisher (in target 'Kingfisher' from project 'Kingfisher')
SwiftDriver\ Compilation\ Requirements Kingfisher normal arm64 com.apple.xcode.tools.swift.compiler (in target 'Kingfisher' from project 'Kingfisher')
cd /Users/admin/builder/spi-builder-workspace/.swiftpm/xcode
builtin-Swift-Compilation-Requirements -- /Applications/Xcode-27.0.0-Release.Candidate.app/Contents/Developer/Toolchains/XcodeDefault.xctoolchain/usr/bin/swiftc -parse-as-library -module-name Kingfisher -Onone @/Users/admin/builder/spi-builder-workspace/.derivedData/Build/Intermediates.noindex/Kingfisher.build/Debug-xros/Kingfisher-t.build/Objects-normal/arm64/Kingfisher.SwiftFileList -DSWIFT_PACKAGE -DDEBUG -DSWIFT_MODULE_RESOURCE_BUNDLE_AVAILABLE -DXcode -plugin-path /Applications/Xcode-27.0.0-Release.Candidate.app/Contents/Developer/Toolchains/XcodeDefault.xctoolchain/usr/lib/swift/host/plugins/testing -enable-experimental-feature DebugDescriptionMacro -sdk /Applications/Xcode-27.0.0-Release.Candidate.app/Contents/Developer/Platforms/XROS.platform/Developer/SDKs/XROS27.0.sdk -target arm64-apple-xros1.0 -g -module-cache-path /Users/admin/builder/spi-builder-workspace/.derivedData/ModuleCache.noindex -Xfrontend -serialize-debugging-options -profile-coverage-mapping -profile-generate -enable-testing -suppress-warnings -index-store-path /Users/admin/builder/spi-builder-workspace/.derivedData/Index.noindex/DataStore -Xcc -D_LIBCPP_HARDENING_MODE\=_LIBCPP_HARDENING_MODE_DEBUG -swift-version 5 -I /Users/admin/builder/spi-builder-workspace/.derivedData/Build/Products/Debug-xros -Isystem /Applications/Xcode-27.0.0-Release.Candidate.app/Contents/Developer/Platforms/XROS.platform/Developer/usr/lib -F /Users/admin/builder/spi-builder-workspace/.derivedData/Build/Products/Debug-xros -F /Applications/Xcode-27.0.0-Release.Candidate.app/Contents/Developer/Platforms/XROS.platform/Developer/Library/Frameworks -F /Applications/Xcode-27.0.0-Release.Candidate.app/Contents/Developer/Platforms/XROS.platform/Developer/SDKs/XROS27.0.sdk/Developer/Library/Frameworks -c -j10 -enable-batch-mode -incremental -Xcc -ivfsstatcache -Xcc /Users/admin/builder/spi-builder-workspace/.derivedData/SDKStatCaches.noindex/xros27.0-24M361-e829b21a6f8c9b70876ba0858053c044735bd543db762f57723cac368afd1ce4.sdkstatcache -output-file-map /Users/admin/builder/spi-builder-workspace/.derivedData/Build/Intermediates.noindex/Kingfisher.build/Debug-xros/Kingfisher-t.build/Objects-normal/arm64/Kingfisher-OutputFileMap.json -save-temps -no-color-diagnostics -explicit-module-build -module-cache-path /Users/admin/builder/spi-builder-workspace/.derivedData/Build/Intermediates.noindex/SwiftExplicitPrecompiledModules -clang-scanner-module-cache-path /Users/admin/builder/spi-builder-workspace/.derivedData/ModuleCache.noindex -sdk-module-cache-path /Users/admin/builder/spi-builder-workspace/.derivedData/SDKExplicitPrecompiledModules -emit-dependencies -emit-module -emit-module-path /Users/admin/builder/spi-builder-workspace/.derivedData/Build/Intermediates.noindex/Kingfisher.build/Debug-xros/Kingfisher-t.build/Objects-normal/arm64/Kingfisher.swiftmodule -serialize-diagnostics -dependency-scan-serialize-diagnostics-path /Users/admin/builder/spi-builder-workspace/.derivedData/Build/Intermediates.noindex/Kingfisher.build/Debug-xros/Kingfisher-t.build/Objects-normal/arm64/Kingfisher-dependency-scan.dia -user-module-version 8.13.0 -validate-clang-modules-once -clang-build-session-file /Users/admin/builder/spi-builder-workspace/.derivedData/ModuleCache.noindex/Session.modulevalidation -Xcc -fmodules-prune-interval\=86400 -Xcc -fmodules-prune-after\=345600 -package-name kingfisher -emit-const-values -const-gather-protocols-list /Users/admin/builder/spi-builder-workspace/.derivedData/Build/Intermediates.noindex/Kingfisher.build/Debug-xros/Kingfisher-t.build/Objects-normal/arm64/Kingfisher_const_extract_protocols.json -Xcc -I/Users/admin/builder/spi-builder-workspace/.derivedData/Build/Products/Debug-xros/include -Xcc -I/Users/admin/builder/spi-builder-workspace/.derivedData/Build/Intermediates.noindex/Kingfisher.build/Debug-xros/Kingfisher-t.build/DerivedSources-normal/arm64 -Xcc -I/Users/admin/builder/spi-builder-workspace/.derivedData/Build/Intermediates.noindex/Kingfisher.build/Debug-xros/Kingfisher-t.build/DerivedSources/arm64 -Xcc -I/Users/admin/builder/spi-builder-workspace/.derivedData/Build/Intermediates.noindex/Kingfisher.build/Debug-xros/Kingfisher-t.build/DerivedSources -Xcc -DSWIFT_PACKAGE -Xcc -DDEBUG\=1 -emit-objc-header -emit-objc-header-path /Users/admin/builder/spi-builder-workspace/.derivedData/Build/Intermediates.noindex/Kingfisher.build/Debug-xros/Kingfisher-t.build/Objects-normal/arm64/Kingfisher-Swift.h -working-directory /Users/admin/builder/spi-builder-workspace/.swiftpm/xcode -experimental-emit-module-separately -disable-cmo
SwiftDriverJobDiscovery normal arm64 Compiling ImageModifier.swift, ImagePrefetcher.swift, NetworkMetrics.swift, NetworkMonitor.swift, RedirectHandler.swift, RequestModifier.swift, RetryStrategy.swift (in target 'Kingfisher' from project 'Kingfisher')
SwiftMergeGeneratedHeaders /Users/admin/builder/spi-builder-workspace/.derivedData/Build/Intermediates.noindex/GeneratedModuleMaps-xros/Kingfisher-Swift.h /Users/admin/builder/spi-builder-workspace/.derivedData/Build/Intermediates.noindex/Kingfisher.build/Debug-xros/Kingfisher-t.build/Objects-normal/arm64/Kingfisher-Swift.h (in target 'Kingfisher' from project 'Kingfisher')
cd /Users/admin/builder/spi-builder-workspace/.dependencies/checkouts/Kingfisher
builtin-swiftHeaderTool -arch arm64 /Users/admin/builder/spi-builder-workspace/.derivedData/Build/Intermediates.noindex/Kingfisher.build/Debug-xros/Kingfisher-t.build/Objects-normal/arm64/Kingfisher-Swift.h -o /Users/admin/builder/spi-builder-workspace/.derivedData/Build/Intermediates.noindex/GeneratedModuleMaps-xros/Kingfisher-Swift.h
Copy /Users/admin/builder/spi-builder-workspace/.derivedData/Build/Products/Debug-xros/Kingfisher.swiftmodule/arm64-apple-xros.swiftmodule /Users/admin/builder/spi-builder-workspace/.derivedData/Build/Intermediates.noindex/Kingfisher.build/Debug-xros/Kingfisher-t.build/Objects-normal/arm64/Kingfisher.swiftmodule (in target 'Kingfisher' from project 'Kingfisher')
cd /Users/admin/builder/spi-builder-workspace/.dependencies/checkouts/Kingfisher
builtin-copy -exclude .DS_Store -exclude CVS -exclude .svn -exclude .git -exclude .hg -resolve-src-symlinks -rename /Users/admin/builder/spi-builder-workspace/.derivedData/Build/Intermediates.noindex/Kingfisher.build/Debug-xros/Kingfisher-t.build/Objects-normal/arm64/Kingfisher.swiftmodule /Users/admin/builder/spi-builder-workspace/.derivedData/Build/Products/Debug-xros/Kingfisher.swiftmodule/arm64-apple-xros.swiftmodule
Copy /Users/admin/builder/spi-builder-workspace/.derivedData/Build/Products/Debug-xros/Kingfisher.swiftmodule/arm64-apple-xros.swiftdoc /Users/admin/builder/spi-builder-workspace/.derivedData/Build/Intermediates.noindex/Kingfisher.build/Debug-xros/Kingfisher-t.build/Objects-normal/arm64/Kingfisher.swiftdoc (in target 'Kingfisher' from project 'Kingfisher')
cd /Users/admin/builder/spi-builder-workspace/.dependencies/checkouts/Kingfisher
builtin-copy -exclude .DS_Store -exclude CVS -exclude .svn -exclude .git -exclude .hg -resolve-src-symlinks -rename /Users/admin/builder/spi-builder-workspace/.derivedData/Build/Intermediates.noindex/Kingfisher.build/Debug-xros/Kingfisher-t.build/Objects-normal/arm64/Kingfisher.swiftdoc /Users/admin/builder/spi-builder-workspace/.derivedData/Build/Products/Debug-xros/Kingfisher.swiftmodule/arm64-apple-xros.swiftdoc
Copy /Users/admin/builder/spi-builder-workspace/.derivedData/Build/Products/Debug-xros/Kingfisher.swiftmodule/arm64-apple-xros.abi.json /Users/admin/builder/spi-builder-workspace/.derivedData/Build/Intermediates.noindex/Kingfisher.build/Debug-xros/Kingfisher-t.build/Objects-normal/arm64/Kingfisher.abi.json (in target 'Kingfisher' from project 'Kingfisher')
cd /Users/admin/builder/spi-builder-workspace/.dependencies/checkouts/Kingfisher
builtin-copy -exclude .DS_Store -exclude CVS -exclude .svn -exclude .git -exclude .hg -resolve-src-symlinks -rename /Users/admin/builder/spi-builder-workspace/.derivedData/Build/Intermediates.noindex/Kingfisher.build/Debug-xros/Kingfisher-t.build/Objects-normal/arm64/Kingfisher.abi.json /Users/admin/builder/spi-builder-workspace/.derivedData/Build/Products/Debug-xros/Kingfisher.swiftmodule/arm64-apple-xros.abi.json
Copy /Users/admin/builder/spi-builder-workspace/.derivedData/Build/Products/Debug-xros/Kingfisher.swiftmodule/Project/arm64-apple-xros.swiftsourceinfo /Users/admin/builder/spi-builder-workspace/.derivedData/Build/Intermediates.noindex/Kingfisher.build/Debug-xros/Kingfisher-t.build/Objects-normal/arm64/Kingfisher.swiftsourceinfo (in target 'Kingfisher' from project 'Kingfisher')
cd /Users/admin/builder/spi-builder-workspace/.dependencies/checkouts/Kingfisher
builtin-copy -exclude .DS_Store -exclude CVS -exclude .svn -exclude .git -exclude .hg -resolve-src-symlinks -rename /Users/admin/builder/spi-builder-workspace/.derivedData/Build/Intermediates.noindex/Kingfisher.build/Debug-xros/Kingfisher-t.build/Objects-normal/arm64/Kingfisher.swiftsourceinfo /Users/admin/builder/spi-builder-workspace/.derivedData/Build/Products/Debug-xros/Kingfisher.swiftmodule/Project/arm64-apple-xros.swiftsourceinfo
SwiftDriver PovioKitSwiftUI normal arm64 com.apple.xcode.tools.swift.compiler (in target 'PovioKitSwiftUI' from project 'PovioKit')
cd /Users/admin/builder/spi-builder-workspace/.swiftpm/xcode
builtin-SwiftDriver -- /Applications/Xcode-27.0.0-Release.Candidate.app/Contents/Developer/Toolchains/XcodeDefault.xctoolchain/usr/bin/swiftc -parse-as-library -module-name PovioKitSwiftUI -Onone @/Users/admin/builder/spi-builder-workspace/.derivedData/Build/Intermediates.noindex/PovioKit.build/Debug-xros/PovioKitSwiftUI-t.build/Objects-normal/arm64/PovioKitSwiftUI.SwiftFileList -DSWIFT_PACKAGE -DDEBUG -DSWIFT_MODULE_RESOURCE_BUNDLE_AVAILABLE -DXcode -plugin-path /Applications/Xcode-27.0.0-Release.Candidate.app/Contents/Developer/Toolchains/XcodeDefault.xctoolchain/usr/lib/swift/host/plugins/testing -enable-experimental-feature DebugDescriptionMacro -sdk /Applications/Xcode-27.0.0-Release.Candidate.app/Contents/Developer/Platforms/XROS.platform/Developer/SDKs/XROS27.0.sdk -target arm64-apple-xros1.0 -g -module-cache-path /Users/admin/builder/spi-builder-workspace/.derivedData/ModuleCache.noindex -Xfrontend -serialize-debugging-options -profile-coverage-mapping -profile-generate -enable-testing -index-store-path /Users/admin/builder/spi-builder-workspace/.derivedData/Index.noindex/DataStore -Xcc -D_LIBCPP_HARDENING_MODE\=_LIBCPP_HARDENING_MODE_DEBUG -swift-version 6 -I /Users/admin/builder/spi-builder-workspace/.derivedData/Build/Products/Debug-xros -Isystem /Applications/Xcode-27.0.0-Release.Candidate.app/Contents/Developer/Platforms/XROS.platform/Developer/usr/lib -F /Users/admin/builder/spi-builder-workspace/.derivedData/Build/Products/Debug-xros/PackageFrameworks -F /Users/admin/builder/spi-builder-workspace/.derivedData/Build/Products/Debug-xros -F /Applications/Xcode-27.0.0-Release.Candidate.app/Contents/Developer/Platforms/XROS.platform/Developer/Library/Frameworks -F /Applications/Xcode-27.0.0-Release.Candidate.app/Contents/Developer/Platforms/XROS.platform/Developer/SDKs/XROS27.0.sdk/Developer/Library/Frameworks -c -j10 -enable-batch-mode -incremental -Xcc -ivfsstatcache -Xcc /Users/admin/builder/spi-builder-workspace/.derivedData/SDKStatCaches.noindex/xros27.0-24M361-e829b21a6f8c9b70876ba0858053c044735bd543db762f57723cac368afd1ce4.sdkstatcache -output-file-map /Users/admin/builder/spi-builder-workspace/.derivedData/Build/Intermediates.noindex/PovioKit.build/Debug-xros/PovioKitSwiftUI-t.build/Objects-normal/arm64/PovioKitSwiftUI-OutputFileMap.json -save-temps -no-color-diagnostics -explicit-module-build -module-cache-path /Users/admin/builder/spi-builder-workspace/.derivedData/Build/Intermediates.noindex/SwiftExplicitPrecompiledModules -clang-scanner-module-cache-path /Users/admin/builder/spi-builder-workspace/.derivedData/ModuleCache.noindex -sdk-module-cache-path /Users/admin/builder/spi-builder-workspace/.derivedData/SDKExplicitPrecompiledModules -emit-dependencies -emit-module -emit-module-path /Users/admin/builder/spi-builder-workspace/.derivedData/Build/Intermediates.noindex/PovioKit.build/Debug-xros/PovioKitSwiftUI-t.build/Objects-normal/arm64/PovioKitSwiftUI.swiftmodule -serialize-diagnostics -dependency-scan-serialize-diagnostics-path /Users/admin/builder/spi-builder-workspace/.derivedData/Build/Intermediates.noindex/PovioKit.build/Debug-xros/PovioKitSwiftUI-t.build/Objects-normal/arm64/PovioKitSwiftUI-dependency-scan.dia -validate-clang-modules-once -clang-build-session-file /Users/admin/builder/spi-builder-workspace/.derivedData/ModuleCache.noindex/Session.modulevalidation -Xcc -fmodules-prune-interval\=86400 -Xcc -fmodules-prune-after\=345600 -package-name spi_builder_workspace -emit-const-values -const-gather-protocols-list /Users/admin/builder/spi-builder-workspace/.derivedData/Build/Intermediates.noindex/PovioKit.build/Debug-xros/PovioKitSwiftUI-t.build/Objects-normal/arm64/PovioKitSwiftUI_const_extract_protocols.json -Xcc -I/Users/admin/builder/spi-builder-workspace/.derivedData/Build/Products/Debug-xros/include -Xcc -I/Users/admin/builder/spi-builder-workspace/.derivedData/Build/Intermediates.noindex/PovioKit.build/Debug-xros/PovioKitSwiftUI-t.build/DerivedSources-normal/arm64 -Xcc -I/Users/admin/builder/spi-builder-workspace/.derivedData/Build/Intermediates.noindex/PovioKit.build/Debug-xros/PovioKitSwiftUI-t.build/DerivedSources/arm64 -Xcc -I/Users/admin/builder/spi-builder-workspace/.derivedData/Build/Intermediates.noindex/PovioKit.build/Debug-xros/PovioKitSwiftUI-t.build/DerivedSources -Xcc -DSWIFT_PACKAGE -Xcc -DDEBUG\=1 -emit-objc-header -emit-objc-header-path /Users/admin/builder/spi-builder-workspace/.derivedData/Build/Intermediates.noindex/PovioKit.build/Debug-xros/PovioKitSwiftUI-t.build/Objects-normal/arm64/PovioKitSwiftUI-Swift.h -working-directory /Users/admin/builder/spi-builder-workspace/.swiftpm/xcode -experimental-emit-module-separately -disable-cmo
SwiftExplicitDependencyGeneratePcm arm64 /Users/admin/builder/spi-builder-workspace/.derivedData/SDKExplicitPrecompiledModules/ARKitCore-3XTE32VQMIOYU5QR9S293LZS1.pcm
SwiftExplicitDependencyCompileModuleFromInterface arm64 /Users/admin/builder/spi-builder-workspace/.derivedData/SDKExplicitPrecompiledModules/RealityFoundationCloth-21YG2223CW7S9.swiftmodule
SwiftDriverJobDiscovery normal arm64 Compiling resource_bundle_accessor.swift, CacheSerializer.swift, DiskStorage.swift, FormatIndicatedCacheSerializer.swift, ImageCache.swift, MemoryStorage.swift, Storage.swift, CPListItem+Kingfisher.swift (in target 'Kingfisher' from project 'Kingfisher')
SwiftExplicitDependencyGeneratePcm arm64 /Users/admin/builder/spi-builder-workspace/.derivedData/SDKExplicitPrecompiledModules/AVKit-AXL2XALUW1BLAVT4KE5CVG89A.pcm
SwiftExplicitDependencyGeneratePcm arm64 /Users/admin/builder/spi-builder-workspace/.derivedData/SDKExplicitPrecompiledModules/ARKit-DR3A0F7OE5VAP1U4QICI8GJ1B.pcm
Ld /Users/admin/builder/spi-builder-workspace/.derivedData/Build/Products/Debug-xros/PovioKitAppKit.o normal (in target 'PovioKitAppKit' from project 'PovioKit')
cd /Users/admin/builder/spi-builder-workspace
/Applications/Xcode-27.0.0-Release.Candidate.app/Contents/Developer/Toolchains/XcodeDefault.xctoolchain/usr/bin/clang -Xlinker -reproducible -target arm64-apple-xros1.0 -r -isysroot /Applications/Xcode-27.0.0-Release.Candidate.app/Contents/Developer/Platforms/XROS.platform/Developer/SDKs/XROS27.0.sdk -O0 -Xlinker -no_warn_duplicate_libraries -F/Users/admin/builder/spi-builder-workspace/.derivedData/Build/Intermediates.noindex/EagerLinkingTBDs/Debug-xros -F/Users/admin/builder/spi-builder-workspace/.derivedData/Build/Products/Debug-xros/PackageFrameworks -F/Users/admin/builder/spi-builder-workspace/.derivedData/Build/Products/Debug-xros -iframework /Applications/Xcode-27.0.0-Release.Candidate.app/Contents/Developer/Platforms/XROS.platform/Developer/Library/Frameworks -iframework /Applications/Xcode-27.0.0-Release.Candidate.app/Contents/Developer/Platforms/XROS.platform/Developer/SDKs/XROS27.0.sdk/Developer/Library/Frameworks -filelist /Users/admin/builder/spi-builder-workspace/.derivedData/Build/Intermediates.noindex/PovioKit.build/Debug-xros/PovioKitAppKit-t.build/Objects-normal/arm64/PovioKitAppKit.LinkFileList -nostdlib -Xlinker -object_path_lto -Xlinker /Users/admin/builder/spi-builder-workspace/.derivedData/Build/Intermediates.noindex/PovioKit.build/Debug-xros/PovioKitAppKit-t.build/Objects-normal/arm64/PovioKitAppKit_lto.o -Xlinker -no_deduplicate -Xlinker -debug_variant -Xlinker -dependency_info -Xlinker /Users/admin/builder/spi-builder-workspace/.derivedData/Build/Intermediates.noindex/PovioKit.build/Debug-xros/PovioKitAppKit-t.build/Objects-normal/arm64/PovioKitAppKit_dependency_info.dat -fobjc-link-runtime -L/Applications/Xcode-27.0.0-Release.Candidate.app/Contents/Developer/Toolchains/XcodeDefault.xctoolchain/usr/lib/swift/xros -L/usr/lib/swift -Xlinker -add_ast_path -Xlinker /Users/admin/builder/spi-builder-workspace/.derivedData/Build/Intermediates.noindex/PovioKit.build/Debug-xros/PovioKitAppKit-t.build/Objects-normal/arm64/PovioKitAppKit.swiftmodule -o /Users/admin/builder/spi-builder-workspace/.derivedData/Build/Products/Debug-xros/PovioKitAppKit.o
SwiftDriverJobDiscovery normal arm64 Compiling ExtensionHelpers.swift, Result.swift, Runtime.swift, SizeExtensions.swift, String+SHA256.swift, AnimatedImageView.swift, Indicator.swift (in target 'Kingfisher' from project 'Kingfisher')
ExtractAppIntentsMetadata (in target 'PovioKitAppKit' from project 'PovioKit')
cd /Users/admin/builder/spi-builder-workspace
/Applications/Xcode-27.0.0-Release.Candidate.app/Contents/Developer/Toolchains/XcodeDefault.xctoolchain/usr/bin/appintentsmetadataprocessor --toolchain-dir /var/run/com.apple.security.cryptexd/mnt/com.apple.MobileAsset.MetalToolchain-v27.1.266.1.8BWaDl/Metal.xctoolchain --module-name PovioKitAppKit --sdk-root /Applications/Xcode-27.0.0-Release.Candidate.app/Contents/Developer/Platforms/XROS.platform/Developer/SDKs/XROS27.0.sdk --xcode-version 27A266a --platform-family xrOS --deployment-target 1.0 --bundle-identifier spi-builder-workspace.PovioKitAppKit --output /Users/admin/builder/spi-builder-workspace/.derivedData/Build/Products/Debug-xros/PovioKitAppKit.appintents --target-triple arm64-apple-xros1.0 --binary-file /Users/admin/builder/spi-builder-workspace/.derivedData/Build/Products/Debug-xros/PovioKitAppKit.o --dependency-file /Users/admin/builder/spi-builder-workspace/.derivedData/Build/Intermediates.noindex/PovioKit.build/Debug-xros/PovioKitAppKit-t.build/Objects-normal/arm64/PovioKitAppKit_dependency_info.dat --stringsdata-file /Users/admin/builder/spi-builder-workspace/.derivedData/Build/Intermediates.noindex/PovioKit.build/Debug-xros/PovioKitAppKit-t.build/Objects-normal/arm64/ExtractedAppShortcutsMetadata.stringsdata --source-file-list /Users/admin/builder/spi-builder-workspace/.derivedData/Build/Intermediates.noindex/PovioKit.build/Debug-xros/PovioKitAppKit-t.build/Objects-normal/arm64/PovioKitAppKit.SwiftFileList --metadata-file-list /Users/admin/builder/spi-builder-workspace/.derivedData/Build/Intermediates.noindex/PovioKit.build/Debug-xros/PovioKitAppKit-t.build/PovioKitAppKit.DependencyMetadataFileList --static-metadata-file-list /Users/admin/builder/spi-builder-workspace/.derivedData/Build/Intermediates.noindex/PovioKit.build/Debug-xros/PovioKitAppKit-t.build/PovioKitAppKit.DependencyStaticMetadataFileList --swift-const-vals-list /Users/admin/builder/spi-builder-workspace/.derivedData/Build/Intermediates.noindex/PovioKit.build/Debug-xros/PovioKitAppKit-t.build/Objects-normal/arm64/PovioKitAppKit.SwiftConstValuesFileList --force --compile-time-extraction --deployment-aware-processing --no-app-shortcuts-localization
2026-10-04 07:20:22.001 appintentsmetadataprocessor[997:5608] Starting appintentsmetadataprocessor export
2026-10-04 07:20:22.076 appintentsmetadataprocessor[997:5608] Extracted no relevant App Intents symbols, skipping writing output
SwiftEmitModule normal arm64 Emitting\ module\ for\ PovioKitUtilities (in target 'PovioKitUtilities' from project 'PovioKit')
/Users/admin/builder/spi-builder-workspace/Sources/Utilities/Camera/Camera.swift:47:33: error: 'AVCaptureVideoPreviewLayer' is unavailable in visionOS
45 | // Communicate with the session and other session objects on this queue.
46 | let sessionQueue = DispatchQueue(label: "com.poviokit.camera")
47 | public lazy var previewLayer: AVCaptureVideoPreviewLayer = {
| `- error: 'AVCaptureVideoPreviewLayer' is unavailable in visionOS
48 | let previewLayer = AVCaptureVideoPreviewLayer(session: session)
49 | previewLayer.videoGravity = AVLayerVideoGravity.resizeAspectFill
/Applications/Xcode-27.0.0-Release.Candidate.app/Contents/Developer/Platforms/XROS.platform/Developer/SDKs/XROS27.0.sdk/System/Library/Frameworks/AVFoundation.framework/Headers/AVCaptureVideoPreviewLayer.h:33:12: note: 'AVCaptureVideoPreviewLayer' has been explicitly marked unavailable here
31 | */
32 | API_AVAILABLE(macos(10.7), ios(4.0), macCatalyst(14.0), tvos(17.0)) API_UNAVAILABLE(visionos) API_UNAVAILABLE(watchos)
33 | @interface AVCaptureVideoPreviewLayer : CALayer
| `- note: 'AVCaptureVideoPreviewLayer' has been explicitly marked unavailable here
34 | {
35 | @private
/Users/admin/builder/spi-builder-workspace/Sources/Utilities/Camera/Camera.swift:48:24: error: 'AVCaptureVideoPreviewLayer' is unavailable in visionOS
46 | let sessionQueue = DispatchQueue(label: "com.poviokit.camera")
47 | public lazy var previewLayer: AVCaptureVideoPreviewLayer = {
48 | let previewLayer = AVCaptureVideoPreviewLayer(session: session)
| `- error: 'AVCaptureVideoPreviewLayer' is unavailable in visionOS
49 | previewLayer.videoGravity = AVLayerVideoGravity.resizeAspectFill
50 |
/Applications/Xcode-27.0.0-Release.Candidate.app/Contents/Developer/Platforms/XROS.platform/Developer/SDKs/XROS27.0.sdk/System/Library/Frameworks/AVFoundation.framework/Headers/AVCaptureVideoPreviewLayer.h:33:12: note: 'AVCaptureVideoPreviewLayer' has been explicitly marked unavailable here
31 | */
32 | API_AVAILABLE(macos(10.7), ios(4.0), macCatalyst(14.0), tvos(17.0)) API_UNAVAILABLE(visionos) API_UNAVAILABLE(watchos)
33 | @interface AVCaptureVideoPreviewLayer : CALayer
| `- note: 'AVCaptureVideoPreviewLayer' has been explicitly marked unavailable here
34 | {
35 | @private
/Users/admin/builder/spi-builder-workspace/Sources/Utilities/Camera/Camera.swift:58:44: error: 'DeviceType' is only available in visionOS 2.1 or newer
10 | import Foundation
11 |
12 | public class Camera: NSObject, @unchecked Sendable {
| `- note: add '@available' attribute to enclosing class
13 | // MARK: - Threading model
14 | //
:
56 |
57 | private let stateLock = NSLock()
58 | private var _deviceType: AVCaptureDevice.DeviceType = .builtInWideAngleCamera
| `- error: 'DeviceType' is only available in visionOS 2.1 or newer
59 | private var _cameraPosition: CameraPosition = .back
60 |
/Users/admin/builder/spi-builder-workspace/Sources/Utilities/Camera/Camera.swift:58:58: error: 'builtInWideAngleCamera' is only available in visionOS 2.1 or newer
10 | import Foundation
11 |
12 | public class Camera: NSObject, @unchecked Sendable {
| `- note: add '@available' attribute to enclosing class
13 | // MARK: - Threading model
14 | //
:
56 |
57 | private let stateLock = NSLock()
58 | private var _deviceType: AVCaptureDevice.DeviceType = .builtInWideAngleCamera
| `- error: 'builtInWideAngleCamera' is only available in visionOS 2.1 or newer
59 | private var _cameraPosition: CameraPosition = .back
60 |
/Users/admin/builder/spi-builder-workspace/Sources/Utilities/Camera/Camera.swift:61:42: error: 'DeviceType' is only available in visionOS 2.1 or newer
10 | import Foundation
11 |
12 | public class Camera: NSObject, @unchecked Sendable {
| `- note: add '@available' attribute to enclosing class
13 | // MARK: - Threading model
14 | //
:
59 | private var _cameraPosition: CameraPosition = .back
60 |
61 | public var deviceType: AVCaptureDevice.DeviceType {
| | `- error: 'DeviceType' is only available in visionOS 2.1 or newer
| `- note: add '@available' attribute to enclosing property
62 | get { stateLock.withLock { _deviceType } }
63 | set { stateLock.withLock { _deviceType = newValue } }
/Users/admin/builder/spi-builder-workspace/Sources/Utilities/Camera/Camera.swift:106:30: error: 'Preset' is unavailable in visionOS
104 | /// configuration block, after the input has been added.
105 | func reconfigureSession(
106 | preset: AVCaptureSession.Preset? = nil,
| `- error: 'Preset' is unavailable in visionOS
107 | prepareDevice: (AVCaptureDevice) throws -> Void = { _ in },
108 | configureOutputs: (AVCaptureDevice) throws -> Void
/Applications/Xcode-27.0.0-Release.Candidate.app/Contents/Developer/Platforms/XROS.platform/Developer/SDKs/XROS27.0.sdk/System/Library/Frameworks/AVFoundation.framework/Headers/AVCaptureSessionPreset.h:21:20: note: 'Preset' has been explicitly marked unavailable here
19 | Clients may use an AVCaptureSessionPreset to set the format for output on an AVCaptureSession.
20 | */
21 | typedef NSString * AVCaptureSessionPreset NS_TYPED_ENUM API_AVAILABLE(macos(10.7), ios(4.0), macCatalyst(14.0), tvos(17.0)) API_UNAVAILABLE(visionos) API_UNAVAILABLE(watchos);
| `- note: 'Preset' has been explicitly marked unavailable here
22 |
23 | /*!
/Users/admin/builder/spi-builder-workspace/Sources/Utilities/Camera/Camera.swift:192:37: error: 'DeviceType' is only available in visionOS 2.1 or newer
136 |
137 | // MARK: - Public Methods
138 | public extension Camera {
| `- note: add '@available' attribute to enclosing extension
139 | var isTorchAvailable: Bool {
140 | device.map { $0.hasTorch && $0.isTorchAvailable } ?? false
:
189 |
190 | /// Check if camera is available on device
191 | func isCameraAvailable(
| `- note: add '@available' attribute to enclosing instance method
192 | for deviceType: AVCaptureDevice.DeviceType,
| `- error: 'DeviceType' is only available in visionOS 2.1 or newer
193 | position: Camera.CameraPosition
194 | ) -> Bool {
/Users/admin/builder/spi-builder-workspace/Sources/Utilities/Camera/QRCodeScanner.swift:18:32: error: 'AVCaptureMetadataOutput' is unavailable in visionOS
16 | public class QRCodeScanner: Camera, @unchecked Sendable {
17 | public weak var delegate: QRCodeScannerDelegate?
18 | private let metadataOutput = AVCaptureMetadataOutput()
| `- error: 'AVCaptureMetadataOutput' is unavailable in visionOS
19 |
20 | public init(delegate: QRCodeScannerDelegate? = nil) {
/Applications/Xcode-27.0.0-Release.Candidate.app/Contents/Developer/Platforms/XROS.platform/Developer/SDKs/XROS27.0.sdk/System/Library/Frameworks/AVFoundation.framework/Headers/AVCaptureMetadataOutput.h:29:12: note: 'AVCaptureMetadataOutput' has been explicitly marked unavailable here
27 | */
28 | API_AVAILABLE(macos(13.0), ios(6.0), macCatalyst(14.0), tvos(17.0)) API_UNAVAILABLE(visionos) API_UNAVAILABLE(watchos)
29 | @interface AVCaptureMetadataOutput : AVCaptureOutput
| `- note: 'AVCaptureMetadataOutput' has been explicitly marked unavailable here
30 | {
31 | @private
/Users/admin/builder/spi-builder-workspace/Sources/Utilities/Camera/QRCodeScanner.swift:35:40: error: 'AVCaptureMetadataOutput' is unavailable in visionOS
33 | // MARK: - AVCapture Metadata Output Delegate
34 | extension QRCodeScanner: AVCaptureMetadataOutputObjectsDelegate {
35 | public func metadataOutput(_ output: AVCaptureMetadataOutput, didOutput metadataObjects: [AVMetadataObject], from connection: AVCaptureConnection) {
| `- error: 'AVCaptureMetadataOutput' is unavailable in visionOS
36 | guard session.isRunning else { return }
37 | guard let scannedObject = metadataObjects.first as? AVMetadataMachineReadableCodeObject,
/Applications/Xcode-27.0.0-Release.Candidate.app/Contents/Developer/Platforms/XROS.platform/Developer/SDKs/XROS27.0.sdk/System/Library/Frameworks/AVFoundation.framework/Headers/AVCaptureMetadataOutput.h:29:12: note: 'AVCaptureMetadataOutput' has been explicitly marked unavailable here
27 | */
28 | API_AVAILABLE(macos(13.0), ios(6.0), macCatalyst(14.0), tvos(17.0)) API_UNAVAILABLE(visionos) API_UNAVAILABLE(watchos)
29 | @interface AVCaptureMetadataOutput : AVCaptureOutput
| `- note: 'AVCaptureMetadataOutput' has been explicitly marked unavailable here
30 | {
31 | @private
/Users/admin/builder/spi-builder-workspace/Sources/Utilities/Camera/QRCodeScanner.swift:35:93: error: 'AVMetadataObject' is unavailable in visionOS
33 | // MARK: - AVCapture Metadata Output Delegate
34 | extension QRCodeScanner: AVCaptureMetadataOutputObjectsDelegate {
35 | public func metadataOutput(_ output: AVCaptureMetadataOutput, didOutput metadataObjects: [AVMetadataObject], from connection: AVCaptureConnection) {
| `- error: 'AVMetadataObject' is unavailable in visionOS
36 | guard session.isRunning else { return }
37 | guard let scannedObject = metadataObjects.first as? AVMetadataMachineReadableCodeObject,
/Applications/Xcode-27.0.0-Release.Candidate.app/Contents/Developer/Platforms/XROS.platform/Developer/SDKs/XROS27.0.sdk/System/Library/Frameworks/AVFoundation.framework/Headers/AVMetadataObject.h:44:12: note: 'AVMetadataObject' has been explicitly marked unavailable here
42 | */
43 | API_AVAILABLE(macos(10.10), ios(6.0), macCatalyst(14.0), tvos(9.0)) API_UNAVAILABLE(watchos, visionos)
44 | @interface AVMetadataObject : NSObject
| `- note: 'AVMetadataObject' has been explicitly marked unavailable here
45 | {
46 | @private
/Users/admin/builder/spi-builder-workspace/Sources/Utilities/Camera/QRCodeScanner.swift:34:26: error: 'AVCaptureMetadataOutputObjectsDelegate' is unavailable in visionOS
32 |
33 | // MARK: - AVCapture Metadata Output Delegate
34 | extension QRCodeScanner: AVCaptureMetadataOutputObjectsDelegate {
| `- error: 'AVCaptureMetadataOutputObjectsDelegate' is unavailable in visionOS
35 | public func metadataOutput(_ output: AVCaptureMetadataOutput, didOutput metadataObjects: [AVMetadataObject], from connection: AVCaptureConnection) {
36 | guard session.isRunning else { return }
/Applications/Xcode-27.0.0-Release.Candidate.app/Contents/Developer/Platforms/XROS.platform/Developer/SDKs/XROS27.0.sdk/System/Library/Frameworks/AVFoundation.framework/Headers/AVCaptureMetadataOutput.h:126:11: note: 'AVCaptureMetadataOutputObjectsDelegate' has been explicitly marked unavailable here
124 | */
125 | API_AVAILABLE(macos(13.0), ios(6.0), macCatalyst(14.0), tvos(17.0)) API_UNAVAILABLE(visionos) API_UNAVAILABLE(watchos)
126 | @protocol AVCaptureMetadataOutputObjectsDelegate <NSObject>
| `- note: 'AVCaptureMetadataOutputObjectsDelegate' has been explicitly marked unavailable here
127 |
128 | @optional
Failed frontend command:
/Applications/Xcode-27.0.0-Release.Candidate.app/Contents/Developer/Toolchains/XcodeDefault.xctoolchain/usr/bin/swift-frontend -frontend -emit-module -experimental-skip-non-inlinable-function-bodies-without-types /Users/admin/builder/spi-builder-workspace/.derivedData/Build/Intermediates.noindex/PovioKit.build/Debug-xros/PovioKitUtilities-t.build/DerivedSources/resource_bundle_accessor.swift /Users/admin/builder/spi-builder-workspace/Sources/Utilities/AppVersionValidator/AppVersionValidator.swift /Users/admin/builder/spi-builder-workspace/Sources/Utilities/AttributedStringBuilder/AttributedStringBuilder.swift /Users/admin/builder/spi-builder-workspace/Sources/Utilities/AttributedStringBuilder/UILabel+BuilderCompatible.swift /Users/admin/builder/spi-builder-workspace/Sources/Utilities/AttributedStringBuilder/UITextField+BuilderCompatible.swift /Users/admin/builder/spi-builder-workspace/Sources/Utilities/Broadcast/Broadcast.swift /Users/admin/builder/spi-builder-workspace/Sources/Utilities/BundleReader/BundleReader.swift /Users/admin/builder/spi-builder-workspace/Sources/Utilities/Camera/Camera+PovioKit.swift /Users/admin/builder/spi-builder-workspace/Sources/Utilities/Camera/Camera.swift /Users/admin/builder/spi-builder-workspace/Sources/Utilities/Camera/CameraService.swift /Users/admin/builder/spi-builder-workspace/Sources/Utilities/Camera/PhotoCamera.swift /Users/admin/builder/spi-builder-workspace/Sources/Utilities/Camera/QRCodeScanner.swift /Users/admin/builder/spi-builder-workspace/Sources/Utilities/ColorInterpolator/ColorInterpolator.swift /Users/admin/builder/spi-builder-workspace/Sources/Utilities/Debouncer/Debouncer.swift /Users/admin/builder/spi-builder-workspace/Sources/Utilities/Delegated/Delegated.swift /Users/admin/builder/spi-builder-workspace/Sources/Utilities/DispatchTimer/DispatchTimer.swift /Users/admin/builder/spi-builder-workspace/Sources/Utilities/Exif/Exif.swift /Users/admin/builder/spi-builder-workspace/Sources/Utilities/Exif/ExifError.swift /Users/admin/builder/spi-builder-workspace/Sources/Utilities/Exif/ExifImageSource.swift /Users/admin/builder/spi-builder-workspace/Sources/Utilities/InAppPurchase/InAppPurchaseError.swift /Users/admin/builder/spi-builder-workspace/Sources/Utilities/InAppPurchase/InAppPurchaseService.swift /Users/admin/builder/spi-builder-workspace/Sources/Utilities/MediaPlayer/AudioPlayer.swift /Users/admin/builder/spi-builder-workspace/Sources/Utilities/MediaPlayer/MediaPlayer+Models.swift /Users/admin/builder/spi-builder-workspace/Sources/Utilities/MediaPlayer/MediaPlayer.swift /Users/admin/builder/spi-builder-workspace/Sources/Utilities/MediaPlayer/MediaStream.swift /Users/admin/builder/spi-builder-workspace/Sources/Utilities/Money/Money+Currency.swift /Users/admin/builder/spi-builder-workspace/Sources/Utilities/Money/Money+Defaults.swift /Users/admin/builder/spi-builder-workspace/Sources/Utilities/Money/Money+Extensions.swift /Users/admin/builder/spi-builder-workspace/Sources/Utilities/Money/Money.swift /Users/admin/builder/spi-builder-workspace/Sources/Utilities/PropertyWrapper/UserDefault.swift /Users/admin/builder/spi-builder-workspace/Sources/Utilities/PropertyWrapper/XCConfigValue.swift /Users/admin/builder/spi-builder-workspace/Sources/Utilities/StartupService/StartupProcess.swift /Users/admin/builder/spi-builder-workspace/Sources/Utilities/StartupService/StartupProcessService.swift -target arm64-apple-xros1.0 -disable-cross-import-overlay-search -swift-module-cross-import AVKit /Applications/Xcode-27.0.0-Release.Candidate.app/Contents/Developer/Platforms/XROS.platform/Developer/SDKs/XROS.sdk/System/Library/Frameworks/AVKit.framework/Modules/AVKit.swiftcrossimport/GroupActivities.swiftoverlay -swift-module-cross-import AVKit /Applications/Xcode-27.0.0-Release.Candidate.app/Contents/Developer/Platforms/XROS.platform/Developer/SDKs/XROS.sdk/System/Library/Frameworks/AVKit.framework/Modules/AVKit.swiftcrossimport/SwiftUI.swiftoverlay -swift-module-cross-import AVKit /Applications/Xcode-27.0.0-Release.Candidate.app/Contents/Developer/Platforms/XROS.platform/Developer/SDKs/XROS27.0.sdk/System/Library/Frameworks/AVKit.framework/Modules/AVKit.swiftcrossimport/GroupActivities.swiftoverlay -swift-module-cross-import AVKit /Applications/Xcode-27.0.0-Release.Candidate.app/Contents/Developer/Platforms/XROS.platform/Developer/SDKs/XROS27.0.sdk/System/Library/Frameworks/AVKit.framework/Modules/AVKit.swiftcrossimport/SwiftUI.swiftoverlay -swift-module-cross-import StoreKit /Applications/Xcode-27.0.0-Release.Candidate.app/Contents/Developer/Platforms/XROS.platform/Developer/SDKs/XROS.sdk/System/Library/Frameworks/StoreKit.framework/Modules/StoreKit.swiftcrossimport/SwiftUI.swiftoverlay -swift-module-cross-import StoreKit /Applications/Xcode-27.0.0-Release.Candidate.app/Contents/Developer/Platforms/XROS.platform/Developer/SDKs/XROS27.0.sdk/System/Library/Frameworks/StoreKit.framework/Modules/StoreKit.swiftcrossimport/SwiftUI.swiftoverlay -load-resolved-plugin /Applications/Xcode-27.0.0-Release.Candidate.app/Contents/Developer/Platforms/XROS.platform/Developer/usr/lib/swift/host/plugins/libFoundationMacros.dylib\#/Applications/Xcode-27.0.0-Release.Candidate.app/Contents/Developer/Platforms/XROS.platform/Developer/usr/bin/swift-plugin-server\#FoundationMacros -load-resolved-plugin /Applications/Xcode-27.0.0-Release.Candidate.app/Contents/Developer/Platforms/XROS.platform/Developer/usr/lib/swift/host/plugins/libObservationMacros.dylib\#/Applications/Xcode-27.0.0-Release.Candidate.app/Contents/Developer/Platforms/XROS.platform/Developer/usr/bin/swift-plugin-server\#ObservationMacros -load-resolved-plugin /Applications/Xcode-27.0.0-Release.Candidate.app/Contents/Developer/Platforms/XROS.platform/Developer/usr/lib/swift/host/plugins/libPreviewsMacros.dylib\#/Applications/Xcode-27.0.0-Release.Candidate.app/Contents/Developer/Platforms/XROS.platform/Developer/usr/bin/swift-plugin-server\#PreviewsMacros -load-resolved-plugin /Applications/Xcode-27.0.0-Release.Candidate.app/Contents/Developer/Platforms/XROS.platform/Developer/usr/lib/swift/host/plugins/libSwiftMacros.dylib\#/Applications/Xcode-27.0.0-Release.Candidate.app/Contents/Developer/Platforms/XROS.platform/Developer/usr/bin/swift-plugin-server\#SwiftMacros -load-resolved-plugin /Applications/Xcode-27.0.0-Release.Candidate.app/Contents/Developer/Platforms/XROS.platform/Developer/usr/lib/swift/host/plugins/libSwiftUIMacros.dylib\#/Applications/Xcode-27.0.0-Release.Candidate.app/Contents/Developer/Platforms/XROS.platform/Developer/usr/bin/swift-plugin-server\#SwiftUIMacros -disable-implicit-swift-modules -Xcc -fno-implicit-modules -Xcc -fno-implicit-module-maps -explicit-swift-module-map-file /Users/admin/builder/spi-builder-workspace/.derivedData/Build/Intermediates.noindex/PovioKit.build/Debug-xros/PovioKitUtilities-t.build/Objects-normal/arm64/PovioKitUtilities-dependencies-1.json -Xllvm -aarch64-use-tbi -enable-objc-interop -stack-check -sdk /Applications/Xcode-27.0.0-Release.Candidate.app/Contents/Developer/Platforms/XROS.platform/Developer/SDKs/XROS27.0.sdk -I /Users/admin/builder/spi-builder-workspace/.derivedData/Build/Products/Debug-xros -Isystem /Applications/Xcode-27.0.0-Release.Candidate.app/Contents/Developer/Platforms/XROS.platform/Developer/usr/lib -F /Users/admin/builder/spi-builder-workspace/.derivedData/Build/Products/Debug-xros/PackageFrameworks -F /Users/admin/builder/spi-builder-workspace/.derivedData/Build/Products/Debug-xros -F /Applications/Xcode-27.0.0-Release.Candidate.app/Contents/Developer/Platforms/XROS.platform/Developer/Library/Frameworks -F /Applications/Xcode-27.0.0-Release.Candidate.app/Contents/Developer/Platforms/XROS.platform/Developer/SDKs/XROS27.0.sdk/Developer/Library/Frameworks -module-cache-path /Users/admin/builder/spi-builder-workspace/.derivedData/Build/Intermediates.noindex/SwiftExplicitPrecompiledModules -no-color-diagnostics -Xcc -fno-color-diagnostics -enable-testing -g -debug-info-format\=dwarf -dwarf-version\=4 -profile-generate -profile-coverage-mapping -swift-version 6 -Onone -D SWIFT_PACKAGE -D DEBUG -D SWIFT_MODULE_RESOURCE_BUNDLE_AVAILABLE -D Xcode -serialize-debugging-options -enable-experimental-feature DebugDescriptionMacro -empty-abi-descriptor -validate-clang-modules-once -clang-build-session-file /Users/admin/builder/spi-builder-workspace/.derivedData/ModuleCache.noindex/Session.modulevalidation -Xcc -working-directory -Xcc /Users/admin/builder/spi-builder-workspace/.swiftpm/xcode -enable-anonymous-context-mangled-names -file-compilation-dir /Users/admin/builder/spi-builder-workspace/.swiftpm/xcode -Xcc -D_LIBCPP_HARDENING_MODE\=_LIBCPP_HARDENING_MODE_DEBUG -Xcc -ivfsstatcache -Xcc /Users/admin/builder/spi-builder-workspace/.derivedData/SDKStatCaches.noindex/xros27.0-24M361-e829b21a6f8c9b70876ba0858053c044735bd543db762f57723cac368afd1ce4.sdkstatcache -Xcc -fmodules-prune-interval\=86400 -Xcc -fmodules-prune-after\=345600 -Xcc -I/Users/admin/builder/spi-builder-workspace/.derivedData/Build/Products/Debug-xros/include -Xcc -I/Users/admin/builder/spi-builder-workspace/.derivedData/Build/Intermediates.noindex/PovioKit.build/Debug-xros/PovioKitUtilities-t.build/DerivedSources-normal/arm64 -Xcc -I/Users/admin/builder/spi-builder-workspace/.derivedData/Build/Intermediates.noindex/PovioKit.build/Debug-xros/PovioKitUtilities-t.build/DerivedSources/arm64 -Xcc -I/Users/admin/builder/spi-builder-workspace/.derivedData/Build/Intermediates.noindex/PovioKit.build/Debug-xros/PovioKitUtilities-t.build/DerivedSources -Xcc -DSWIFT_PACKAGE -Xcc -DDEBUG\=1 -no-auto-bridging-header-chaining -module-name PovioKitUtilities -package-name spi_builder_workspace -const-gather-protocols-file /Users/admin/builder/spi-builder-workspace/.derivedData/Build/Intermediates.noindex/PovioKit.build/Debug-xros/PovioKitUtilities-t.build/Objects-normal/arm64/PovioKitUtilities_const_extract_protocols.json -disable-clang-spi -clang-target arm64-apple-xros27.0 -target-sdk-version 27.0 -target-sdk-name xros27.0 -in-process-plugin-server-path /Applications/Xcode-27.0.0-Release.Candidate.app/Contents/Developer/Toolchains/XcodeDefault.xctoolchain/usr/lib/swift/host/libSwiftInProcPluginServer.dylib -emit-module-doc-path /Users/admin/builder/spi-builder-workspace/.derivedData/Build/Intermediates.noindex/PovioKit.build/Debug-xros/PovioKitUtilities-t.build/Objects-normal/arm64/PovioKitUtilities.swiftdoc -emit-module-source-info-path /Users/admin/builder/spi-builder-workspace/.derivedData/Build/Intermediates.noindex/PovioKit.build/Debug-xros/PovioKitUtilities-t.build/Objects-normal/arm64/PovioKitUtilities.swiftsourceinfo -emit-objc-header-path /Users/admin/builder/spi-builder-workspace/.derivedData/Build/Intermediates.noindex/PovioKit.build/Debug-xros/PovioKitUtilities-t.build/Objects-normal/arm64/PovioKitUtilities-Swift.h -serialize-diagnostics-path /Users/admin/builder/spi-builder-workspace/.derivedData/Build/Intermediates.noindex/PovioKit.build/Debug-xros/PovioKitUtilities-t.build/Objects-normal/arm64/PovioKitUtilities-primary-emit-module.dia -emit-dependencies-path /Users/admin/builder/spi-builder-workspace/.derivedData/Build/Intermediates.noindex/PovioKit.build/Debug-xros/PovioKitUtilities-t.build/Objects-normal/arm64/PovioKitUtilities-primary-emit-module.d -parse-as-library -o /Users/admin/builder/spi-builder-workspace/.derivedData/Build/Intermediates.noindex/PovioKit.build/Debug-xros/PovioKitUtilities-t.build/Objects-normal/arm64/PovioKitUtilities.swiftmodule -emit-abi-descriptor-path /Users/admin/builder/spi-builder-workspace/.derivedData/Build/Intermediates.noindex/PovioKit.build/Debug-xros/PovioKitUtilities-t.build/Objects-normal/arm64/PovioKitUtilities.abi.json
SwiftCompile normal arm64 (in target 'PovioKitUtilities' from project 'PovioKit')
cd /Users/admin/builder/spi-builder-workspace/.swiftpm/xcode
SwiftCompile normal arm64 Compiling\ Camera.swift,\ CameraService.swift,\ PhotoCamera.swift,\ QRCodeScanner.swift /Users/admin/builder/spi-builder-workspace/Sources/Utilities/Camera/Camera.swift /Users/admin/builder/spi-builder-workspace/Sources/Utilities/Camera/CameraService.swift /Users/admin/builder/spi-builder-workspace/Sources/Utilities/Camera/PhotoCamera.swift /Users/admin/builder/spi-builder-workspace/Sources/Utilities/Camera/QRCodeScanner.swift (in target 'PovioKitUtilities' from project 'PovioKit')
/Users/admin/builder/spi-builder-workspace/Sources/Utilities/Camera/Camera.swift:47:33: error: 'AVCaptureVideoPreviewLayer' is unavailable in visionOS
45 | // Communicate with the session and other session objects on this queue.
46 | let sessionQueue = DispatchQueue(label: "com.poviokit.camera")
47 | public lazy var previewLayer: AVCaptureVideoPreviewLayer = {
| `- error: 'AVCaptureVideoPreviewLayer' is unavailable in visionOS
48 | let previewLayer = AVCaptureVideoPreviewLayer(session: session)
49 | previewLayer.videoGravity = AVLayerVideoGravity.resizeAspectFill
/Applications/Xcode-27.0.0-Release.Candidate.app/Contents/Developer/Platforms/XROS.platform/Developer/SDKs/XROS27.0.sdk/System/Library/Frameworks/AVFoundation.framework/Headers/AVCaptureVideoPreviewLayer.h:33:12: note: 'AVCaptureVideoPreviewLayer' has been explicitly marked unavailable here
31 | */
32 | API_AVAILABLE(macos(10.7), ios(4.0), macCatalyst(14.0), tvos(17.0)) API_UNAVAILABLE(visionos) API_UNAVAILABLE(watchos)
33 | @interface AVCaptureVideoPreviewLayer : CALayer
| `- note: 'AVCaptureVideoPreviewLayer' has been explicitly marked unavailable here
34 | {
35 | @private
/Users/admin/builder/spi-builder-workspace/Sources/Utilities/Camera/Camera.swift:48:24: error: 'AVCaptureVideoPreviewLayer' is unavailable in visionOS
46 | let sessionQueue = DispatchQueue(label: "com.poviokit.camera")
47 | public lazy var previewLayer: AVCaptureVideoPreviewLayer = {
48 | let previewLayer = AVCaptureVideoPreviewLayer(session: session)
| `- error: 'AVCaptureVideoPreviewLayer' is unavailable in visionOS
49 | previewLayer.videoGravity = AVLayerVideoGravity.resizeAspectFill
50 |
/Applications/Xcode-27.0.0-Release.Candidate.app/Contents/Developer/Platforms/XROS.platform/Developer/SDKs/XROS27.0.sdk/System/Library/Frameworks/AVFoundation.framework/Headers/AVCaptureVideoPreviewLayer.h:33:12: note: 'AVCaptureVideoPreviewLayer' has been explicitly marked unavailable here
31 | */
32 | API_AVAILABLE(macos(10.7), ios(4.0), macCatalyst(14.0), tvos(17.0)) API_UNAVAILABLE(visionos) API_UNAVAILABLE(watchos)
33 | @interface AVCaptureVideoPreviewLayer : CALayer
| `- note: 'AVCaptureVideoPreviewLayer' has been explicitly marked unavailable here
34 | {
35 | @private
/Users/admin/builder/spi-builder-workspace/Sources/Utilities/Camera/Camera.swift:58:44: error: 'DeviceType' is only available in visionOS 2.1 or newer
10 | import Foundation
11 |
12 | public class Camera: NSObject, @unchecked Sendable {
| `- note: add '@available' attribute to enclosing class
13 | // MARK: - Threading model
14 | //
:
56 |
57 | private let stateLock = NSLock()
58 | private var _deviceType: AVCaptureDevice.DeviceType = .builtInWideAngleCamera
| `- error: 'DeviceType' is only available in visionOS 2.1 or newer
59 | private var _cameraPosition: CameraPosition = .back
60 |
/Users/admin/builder/spi-builder-workspace/Sources/Utilities/Camera/Camera.swift:58:58: error: 'builtInWideAngleCamera' is only available in visionOS 2.1 or newer
10 | import Foundation
11 |
12 | public class Camera: NSObject, @unchecked Sendable {
| `- note: add '@available' attribute to enclosing class
13 | // MARK: - Threading model
14 | //
:
56 |
57 | private let stateLock = NSLock()
58 | private var _deviceType: AVCaptureDevice.DeviceType = .builtInWideAngleCamera
| `- error: 'builtInWideAngleCamera' is only available in visionOS 2.1 or newer
59 | private var _cameraPosition: CameraPosition = .back
60 |
/Users/admin/builder/spi-builder-workspace/Sources/Utilities/Camera/Camera.swift:61:42: error: 'DeviceType' is only available in visionOS 2.1 or newer
10 | import Foundation
11 |
12 | public class Camera: NSObject, @unchecked Sendable {
| `- note: add '@available' attribute to enclosing class
13 | // MARK: - Threading model
14 | //
:
59 | private var _cameraPosition: CameraPosition = .back
60 |
61 | public var deviceType: AVCaptureDevice.DeviceType {
| | `- error: 'DeviceType' is only available in visionOS 2.1 or newer
| `- note: add '@available' attribute to enclosing property
62 | get { stateLock.withLock { _deviceType } }
63 | set { stateLock.withLock { _deviceType = newValue } }
/Users/admin/builder/spi-builder-workspace/Sources/Utilities/Camera/Camera.swift:106:30: error: 'Preset' is unavailable in visionOS
104 | /// configuration block, after the input has been added.
105 | func reconfigureSession(
106 | preset: AVCaptureSession.Preset? = nil,
| `- error: 'Preset' is unavailable in visionOS
107 | prepareDevice: (AVCaptureDevice) throws -> Void = { _ in },
108 | configureOutputs: (AVCaptureDevice) throws -> Void
/Applications/Xcode-27.0.0-Release.Candidate.app/Contents/Developer/Platforms/XROS.platform/Developer/SDKs/XROS27.0.sdk/System/Library/Frameworks/AVFoundation.framework/Headers/AVCaptureSessionPreset.h:21:20: note: 'Preset' has been explicitly marked unavailable here
19 | Clients may use an AVCaptureSessionPreset to set the format for output on an AVCaptureSession.
20 | */
21 | typedef NSString * AVCaptureSessionPreset NS_TYPED_ENUM API_AVAILABLE(macos(10.7), ios(4.0), macCatalyst(14.0), tvos(17.0)) API_UNAVAILABLE(visionos) API_UNAVAILABLE(watchos);
| `- note: 'Preset' has been explicitly marked unavailable here
22 |
23 | /*!
/Users/admin/builder/spi-builder-workspace/Sources/Utilities/Camera/Camera.swift:192:37: error: 'DeviceType' is only available in visionOS 2.1 or newer
136 |
137 | // MARK: - Public Methods
138 | public extension Camera {
| `- note: add '@available' attribute to enclosing extension
139 | var isTorchAvailable: Bool {
140 | device.map { $0.hasTorch && $0.isTorchAvailable } ?? false
:
189 |
190 | /// Check if camera is available on device
191 | func isCameraAvailable(
| `- note: add '@available' attribute to enclosing instance method
192 | for deviceType: AVCaptureDevice.DeviceType,
| `- error: 'DeviceType' is only available in visionOS 2.1 or newer
193 | position: Camera.CameraPosition
194 | ) -> Bool {
/Users/admin/builder/spi-builder-workspace/Sources/Utilities/Camera/Camera.swift:36:25: error: 'default(_:for:position:)' is only available in visionOS 2.1 or newer
10 | import Foundation
11 |
12 | public class Camera: NSObject, @unchecked Sendable {
| `- note: add '@available' attribute to enclosing class
13 | // MARK: - Threading model
14 | //
:
30 | // property without compile-time Sendable guarantees.
31 | static let sessionQueueKey = DispatchSpecificKey<Void>()
32 | var device: AVCaptureDevice? {
| `- note: add '@available' attribute to enclosing property
33 | switch cameraPosition {
34 | case .back:
35 | return isCameraAvailable(for: deviceType, position: .back)
36 | ? AVCaptureDevice.default(deviceType, for: .video, position: .back)
| |- error: 'default(_:for:position:)' is only available in visionOS 2.1 or newer
| `- note: add 'if #available' version check
37 | : nil
38 | case .front:
/Users/admin/builder/spi-builder-workspace/Sources/Utilities/Camera/Camera.swift:40:25: error: 'default(_:for:position:)' is only available in visionOS 2.1 or newer
10 | import Foundation
11 |
12 | public class Camera: NSObject, @unchecked Sendable {
| `- note: add '@available' attribute to enclosing class
13 | // MARK: - Threading model
14 | //
:
30 | // property without compile-time Sendable guarantees.
31 | static let sessionQueueKey = DispatchSpecificKey<Void>()
32 | var device: AVCaptureDevice? {
| `- note: add '@available' attribute to enclosing property
33 | switch cameraPosition {
34 | case .back:
:
38 | case .front:
39 | return isCameraAvailable(for: deviceType, position: .front)
40 | ? AVCaptureDevice.default(deviceType, for: .video, position: .front)
| |- error: 'default(_:for:position:)' is only available in visionOS 2.1 or newer
| `- note: add 'if #available' version check
41 | : nil
42 | }
/Users/admin/builder/spi-builder-workspace/Sources/Utilities/Camera/Camera.swift:118:17: error: 'sessionPreset' is unavailable in visionOS
116 |
117 | if let preset {
118 | session.sessionPreset = preset
| `- error: 'sessionPreset' is unavailable in visionOS
119 | }
120 |
/Applications/Xcode-27.0.0-Release.Candidate.app/Contents/Developer/Platforms/XROS.platform/Developer/SDKs/XROS27.0.sdk/System/Library/Frameworks/AVFoundation.framework/Headers/AVCaptureSession.h:166:51: note: 'sessionPreset' has been explicitly marked unavailable here
164 | The value of this property is an AVCaptureSessionPreset indicating the current session preset in use by the receiver. The sessionPreset property may be set while the receiver is running.
165 | */
166 | @property(nonatomic, copy) AVCaptureSessionPreset sessionPreset API_UNAVAILABLE(visionos);
| `- note: 'sessionPreset' has been explicitly marked unavailable here
167 |
168 | /*!
/Users/admin/builder/spi-builder-workspace/Sources/Utilities/Camera/Camera.swift:140:36: error: 'isTorchAvailable' is unavailable in visionOS
138 | public extension Camera {
139 | var isTorchAvailable: Bool {
140 | device.map { $0.hasTorch && $0.isTorchAvailable } ?? false
| `- error: 'isTorchAvailable' is unavailable in visionOS
141 | }
142 |
/Applications/Xcode-27.0.0-Release.Candidate.app/Contents/Developer/Platforms/XROS.platform/Developer/SDKs/XROS27.0.sdk/System/Library/Frameworks/AVFoundation.framework/Headers/AVCaptureDevice.h:1084:62: note: 'isTorchAvailable' has been explicitly marked unavailable here
1082 | The value of this property is a BOOL indicating whether the receiver's torch is currently available. The torch may become unavailable if, for example, the device overheats and needs to cool off. This property is key-value observable.
1083 | */
1084 | @property(nonatomic, readonly, getter=isTorchAvailable) BOOL torchAvailable API_AVAILABLE(macos(10.15), ios(5.0), macCatalyst(14.0), tvos(17.0)) API_UNAVAILABLE(visionos);
| `- note: 'isTorchAvailable' has been explicitly marked unavailable here
1085 |
1086 | /*!
/Users/admin/builder/spi-builder-workspace/Sources/Utilities/Camera/Camera.swift:171:32: error: 'isTorchActive' is unavailable in visionOS
169 |
170 | func toggleTorch() throws {
171 | try setTorch(on: !(device?.isTorchActive ?? true))
| `- error: 'isTorchActive' is unavailable in visionOS
172 | }
173 |
/Applications/Xcode-27.0.0-Release.Candidate.app/Contents/Developer/Platforms/XROS.platform/Developer/SDKs/XROS27.0.sdk/System/Library/Frameworks/AVFoundation.framework/Headers/AVCaptureDevice.h:1094:59: note: 'isTorchActive' has been explicitly marked unavailable here
1092 | The value of this property is a BOOL indicating whether the receiver's torch is currently active. If the current torchMode is AVCaptureTorchModeAuto and isTorchActive is YES, the torch will illuminate once a recording starts (see AVCaptureOutput.h -startRecordingToOutputFileURL:recordingDelegate:). This property is key-value observable.
1093 | */
1094 | @property(nonatomic, readonly, getter=isTorchActive) BOOL torchActive API_AVAILABLE(macos(10.15), ios(6.0), macCatalyst(14.0), tvos(17.0)) API_UNAVAILABLE(visionos);
| `- note: 'isTorchActive' has been explicitly marked unavailable here
1095 |
1096 | /*!
/Users/admin/builder/spi-builder-workspace/Sources/Utilities/Camera/Camera.swift:196:8: error: 'DiscoverySession' is only available in visionOS 2.1 or newer
136 |
137 | // MARK: - Public Methods
138 | public extension Camera {
| `- note: add '@available' attribute to enclosing extension
139 | var isTorchAvailable: Bool {
140 | device.map { $0.hasTorch && $0.isTorchAvailable } ?? false
:
189 |
190 | /// Check if camera is available on device
191 | func isCameraAvailable(
| `- note: add '@available' attribute to enclosing instance method
192 | for deviceType: AVCaptureDevice.DeviceType,
193 | position: Camera.CameraPosition
194 | ) -> Bool {
195 | !AVCaptureDevice
196 | .DiscoverySession(
| |- error: 'DiscoverySession' is only available in visionOS 2.1 or newer
| `- note: add 'if #available' version check
197 | deviceTypes: [deviceType],
198 | mediaType: .video,
/Users/admin/builder/spi-builder-workspace/Sources/Utilities/Camera/Camera.swift:208:56: error: 'isTorchAvailable' is unavailable in visionOS
206 | private extension Camera {
207 | func setTorch(on: Bool) throws {
208 | guard let device = device, device.hasTorch, device.isTorchAvailable else { return }
| `- error: 'isTorchAvailable' is unavailable in visionOS
209 | try device.lockForConfiguration()
210 | defer { device.unlockForConfiguration() }
/Applications/Xcode-27.0.0-Release.Candidate.app/Contents/Developer/Platforms/XROS.platform/Developer/SDKs/XROS27.0.sdk/System/Library/Frameworks/AVFoundation.framework/Headers/AVCaptureDevice.h:1084:62: note: 'isTorchAvailable' has been explicitly marked unavailable here
1082 | The value of this property is a BOOL indicating whether the receiver's torch is currently available. The torch may become unavailable if, for example, the device overheats and needs to cool off. This property is key-value observable.
1083 | */
1084 | @property(nonatomic, readonly, getter=isTorchAvailable) BOOL torchAvailable API_AVAILABLE(macos(10.15), ios(5.0), macCatalyst(14.0), tvos(17.0)) API_UNAVAILABLE(visionos);
| `- note: 'isTorchAvailable' has been explicitly marked unavailable here
1085 |
1086 | /*!
/Users/admin/builder/spi-builder-workspace/Sources/Utilities/Camera/Camera.swift:213:18: error: 'setTorchModeOn(level:)' is unavailable in visionOS
211 | switch on {
212 | case true:
213 | try device.setTorchModeOn(level: AVCaptureDevice.maxAvailableTorchLevel)
| `- error: 'setTorchModeOn(level:)' is unavailable in visionOS
214 | case false:
215 | device.torchMode = .off
/Applications/Xcode-27.0.0-Release.Candidate.app/Contents/Developer/Platforms/XROS.platform/Developer/SDKs/XROS27.0.sdk/System/Library/Frameworks/AVFoundation.framework/Headers/AVCaptureDevice.h:1139:1: note: 'setTorchModeOn(level:)' has been explicitly marked unavailable here
1137 | This method sets the torch mode to AVCaptureTorchModeOn at a specified level. torchLevel must be a value between 0 and 1, or the special value AVCaptureMaxAvailableTorchLevel. The specified value may not be available if the iOS device is too hot. This method throws an NSInvalidArgumentException if set to an unsupported level. If the specified level is valid, but unavailable, the method returns NO with AVErrorTorchLevelUnavailable. -setTorchModeOnWithLevel:error: throws an NSGenericException if called without first obtaining exclusive access to the receiver using lockForConfiguration:. Clients can observe automatic changes to the receiver's torchMode by key value observing the torchMode property.
1138 | */
1139 | - (BOOL)setTorchModeOnWithLevel:(float)torchLevel error:(NSError * _Nullable * _Nullable)outError API_AVAILABLE(macos(10.15), ios(6.0), macCatalyst(14.0), tvos(17.0)) API_UNAVAILABLE(visionos);
| `- note: 'setTorchModeOn(level:)' has been explicitly marked unavailable here
1140 |
1141 | @end
SwiftCompile normal arm64 /Users/admin/builder/spi-builder-workspace/Sources/Utilities/Camera/Camera.swift (in target 'PovioKitUtilities' from project 'PovioKit')
cd /Users/admin/builder/spi-builder-workspace/.swiftpm/xcode
builtin-SwiftPerFileCompile Camera.swift
SwiftCompile normal arm64 /Users/admin/builder/spi-builder-workspace/Sources/Utilities/Camera/CameraService.swift (in target 'PovioKitUtilities' from project 'PovioKit')
cd /Users/admin/builder/spi-builder-workspace/.swiftpm/xcode
builtin-SwiftPerFileCompile CameraService.swift
SwiftCompile normal arm64 /Users/admin/builder/spi-builder-workspace/Sources/Utilities/Camera/PhotoCamera.swift (in target 'PovioKitUtilities' from project 'PovioKit')
cd /Users/admin/builder/spi-builder-workspace/.swiftpm/xcode
builtin-SwiftPerFileCompile PhotoCamera.swift
SwiftCompile normal arm64 /Users/admin/builder/spi-builder-workspace/Sources/Utilities/Camera/QRCodeScanner.swift (in target 'PovioKitUtilities' from project 'PovioKit')
cd /Users/admin/builder/spi-builder-workspace/.swiftpm/xcode
builtin-SwiftPerFileCompile QRCodeScanner.swift
SwiftCompile normal arm64 Compiling\ DispatchTimer.swift,\ Exif.swift,\ ExifError.swift /Users/admin/builder/spi-builder-workspace/Sources/Utilities/DispatchTimer/DispatchTimer.swift /Users/admin/builder/spi-builder-workspace/Sources/Utilities/Exif/Exif.swift /Users/admin/builder/spi-builder-workspace/Sources/Utilities/Exif/ExifError.swift (in target 'PovioKitUtilities' from project 'PovioKit')
SwiftCompile normal arm64 /Users/admin/builder/spi-builder-workspace/Sources/Utilities/DispatchTimer/DispatchTimer.swift (in target 'PovioKitUtilities' from project 'PovioKit')
cd /Users/admin/builder/spi-builder-workspace/.swiftpm/xcode
builtin-SwiftPerFileCompile DispatchTimer.swift
SwiftCompile normal arm64 /Users/admin/builder/spi-builder-workspace/Sources/Utilities/Exif/Exif.swift (in target 'PovioKitUtilities' from project 'PovioKit')
cd /Users/admin/builder/spi-builder-workspace/.swiftpm/xcode
builtin-SwiftPerFileCompile Exif.swift
SwiftCompile normal arm64 /Users/admin/builder/spi-builder-workspace/Sources/Utilities/Exif/ExifError.swift (in target 'PovioKitUtilities' from project 'PovioKit')
cd /Users/admin/builder/spi-builder-workspace/.swiftpm/xcode
builtin-SwiftPerFileCompile ExifError.swift
SwiftExplicitDependencyGeneratePcm arm64 /Users/admin/builder/spi-builder-workspace/.derivedData/SDKExplicitPrecompiledModules/Photos-EHNGJ5DMDJCAX13GCOIM16JAN.pcm
SwiftDriverJobDiscovery normal arm64 Compiling GIFAnimatedImage.swift, GraphicsContext.swift, Image.swift, ImageDrawing.swift, ImageFormat.swift, ImageProcessor.swift, ImageProgressive.swift (in target 'Kingfisher' from project 'Kingfisher')
SwiftExplicitDependencyGeneratePcm arm64 /Users/admin/builder/spi-builder-workspace/.derivedData/SDKExplicitPrecompiledModules/Accelerate-EL415SMJCPM9SHLS09EH215TL.pcm
SwiftExplicitDependencyGeneratePcm arm64 /Users/admin/builder/spi-builder-workspace/.derivedData/SDKExplicitPrecompiledModules/CoreServices-6DSNF88Y4RI8DJCXRT96SGDC0.pcm
SwiftExplicitDependencyGeneratePcm arm64 /Users/admin/builder/spi-builder-workspace/.derivedData/SDKExplicitPrecompiledModules/PhotosUI-EX2OMG0LLJWR7R28AM1B481V7.pcm
SwiftDriverJobDiscovery normal arm64 Compiling KFOptionsSetter.swift, Kingfisher.swift, KingfisherError.swift, KingfisherManager+LivePhoto.swift, KingfisherManager.swift, KingfisherOptionsInfo.swift, Filter.swift (in target 'Kingfisher' from project 'Kingfisher')
SwiftCompile normal arm64 Compiling\ AudioPlayer.swift,\ MediaPlayer+Models.swift,\ MediaPlayer.swift /Users/admin/builder/spi-builder-workspace/Sources/Utilities/MediaPlayer/AudioPlayer.swift /Users/admin/builder/spi-builder-workspace/Sources/Utilities/MediaPlayer/MediaPlayer+Models.swift /Users/admin/builder/spi-builder-workspace/Sources/Utilities/MediaPlayer/MediaPlayer.swift (in target 'PovioKitUtilities' from project 'PovioKit')
SwiftCompile normal arm64 /Users/admin/builder/spi-builder-workspace/Sources/Utilities/MediaPlayer/AudioPlayer.swift (in target 'PovioKitUtilities' from project 'PovioKit')
cd /Users/admin/builder/spi-builder-workspace/.swiftpm/xcode
builtin-SwiftPerFileCompile AudioPlayer.swift
SwiftCompile normal arm64 /Users/admin/builder/spi-builder-workspace/Sources/Utilities/MediaPlayer/MediaPlayer+Models.swift (in target 'PovioKitUtilities' from project 'PovioKit')
cd /Users/admin/builder/spi-builder-workspace/.swiftpm/xcode
builtin-SwiftPerFileCompile MediaPlayer+Models.swift
SwiftCompile normal arm64 /Users/admin/builder/spi-builder-workspace/Sources/Utilities/MediaPlayer/MediaPlayer.swift (in target 'PovioKitUtilities' from project 'PovioKit')
cd /Users/admin/builder/spi-builder-workspace/.swiftpm/xcode
builtin-SwiftPerFileCompile MediaPlayer.swift
PruneExplicitPrecompiledModules /Users/admin/builder/spi-builder-workspace/.derivedData/Build/Intermediates.noindex/ExplicitPrecompiledModules
PruneExplicitPrecompiledModules /Users/admin/builder/spi-builder-workspace/.derivedData/SDKExplicitPrecompiledModules
PruneExplicitPrecompiledModules /Users/admin/builder/spi-builder-workspace/.derivedData/Build/Intermediates.noindex/SwiftExplicitPrecompiledModules
2026-10-04 07:20:08.648 xcodebuild[690:4305] [MT] IDERunDestination: Supported platforms for the buildables in the current scheme is empty.
2026-10-04 07:20:08.747 xcodebuild[690:4305] [MT] IDERunDestination: Supported platforms for the buildables in the current scheme is empty.
2026-10-04 07:20:10.324 xcodebuild[690:4305] [MT] IDERunDestination: Supported platforms for the buildables in the current scheme is empty.
** BUILD FAILED **
The following build commands failed:
SwiftEmitModule normal arm64 Emitting\ module\ for\ PovioKitUtilities (in target 'PovioKitUtilities' from project 'PovioKit')
SwiftCompile normal arm64 (in target 'PovioKitUtilities' from project 'PovioKit')
Building workspace PovioKit with scheme PovioKit-Package
(3 failures)
Command line invocation:
/Applications/Xcode-27.0.0-Release.Candidate.app/Contents/Developer/usr/bin/xcodebuild -IDEClonedSourcePackagesDirPathOverride=/Users/admin/builder/spi-builder-workspace/.dependencies -resolvePackageDependencies
Resolve Package Graph
Resolved source packages:
Kingfisher: https://github.com/onevcat/Kingfisher @ 8.13.0
PovioKit: /Users/admin/builder/spi-builder-workspace
resolved source packages: Kingfisher, PovioKit
2026-10-04 07:20:23.326 xcodebuild[1006:5667] [MT] IDERunDestination: Supported platforms for the buildables in the current scheme is empty.
2026-10-04 07:20:23.431 xcodebuild[1006:5667] [MT] IDERunDestination: Supported platforms for the buildables in the current scheme is empty.
{
"dependencies" : [
{
"identity" : "kingfisher",
"requirement" : {
"range" : [
{
"lower_bound" : "8.0.0",
"upper_bound" : "9.0.0"
}
]
},
"type" : "sourceControl",
"url" : "https://github.com/onevcat/Kingfisher"
}
],
"manifest_display_name" : "PovioKit",
"name" : "PovioKit",
"path" : "/Users/admin/builder/spi-builder-workspace",
"platforms" : [
{
"name" : "ios",
"version" : "17.0"
},
{
"name" : "macos",
"version" : "14.0"
}
],
"products" : [
{
"name" : "PovioKitCore",
"targets" : [
"PovioKitCore"
],
"type" : {
"library" : [
"automatic"
]
}
},
{
"name" : "PovioKitUtilities",
"targets" : [
"PovioKitUtilities"
],
"type" : {
"library" : [
"automatic"
]
}
},
{
"name" : "PovioKitUIKit",
"targets" : [
"PovioKitUIKit"
],
"type" : {
"library" : [
"automatic"
]
}
},
{
"name" : "PovioKitSwiftUI",
"targets" : [
"PovioKitSwiftUI"
],
"type" : {
"library" : [
"automatic"
]
}
},
{
"name" : "PovioKitAppKit",
"targets" : [
"PovioKitAppKit"
],
"type" : {
"library" : [
"automatic"
]
}
},
{
"name" : "PovioKitAsync",
"targets" : [
"PovioKitAsync"
],
"type" : {
"library" : [
"automatic"
]
}
}
],
"targets" : [
{
"c99name" : "Tests",
"module_type" : "SwiftTarget",
"name" : "Tests",
"path" : "Tests/Tests",
"resources" : [
{
"path" : "/Users/admin/builder/spi-builder-workspace/Tests/Tests/Resources/PovioKit.png",
"rule" : {
"process" : {
}
}
}
],
"sources" : [
"Async/AsyncDebounceSequenceTests.swift",
"Async/AsyncSampleSequenceTests.swift",
"Async/AsyncSemaphoreTests.swift",
"Async/AsyncTestSupport.swift",
"Async/AsyncTickerSequenceTests.swift",
"Async/AsyncUtilitiesTests.swift",
"Async/TaskCoalescerTests.swift",
"Async/TestClock.swift",
"Core/AppInfoTests.swift",
"Core/Extensions/Foundation/CollectionGroupedTests.swift",
"Core/Extensions/Foundation/CollectionTests.swift",
"Core/Extensions/Foundation/ComparableTests.swift",
"Core/Extensions/Foundation/DataTests.swift",
"Core/Extensions/Foundation/DateFormatterTests.swift",
"Core/Extensions/Foundation/DateTests.swift",
"Core/Extensions/Foundation/DecodableDictionaryTests.swift",
"Core/Extensions/Foundation/DispatchTimeIntervalTests.swift",
"Core/Extensions/Foundation/DoubleConversionTests.swift",
"Core/Extensions/Foundation/DoubleTests.swift",
"Core/Extensions/Foundation/EncodableTests.swift",
"Core/Extensions/Foundation/NotificationCenterTests.swift",
"Core/Extensions/Foundation/OptionalTests.swift",
"Core/Extensions/Foundation/ResultTests.swift",
"Core/Extensions/Foundation/StringTests.swift",
"Core/Extensions/Foundation/URLTests.swift",
"Core/Extensions/MapKit/MKAnnotationViewTests.swift",
"Core/Extensions/MapKit/MKGeometryExtensionsTests.swift",
"Core/Extensions/UIKit/CGSizeTests.swift",
"Core/Extensions/UIKit/UIColorTests.swift",
"Core/Extensions/UIKit/UIDeviceTests.swift",
"Core/Extensions/UIKit/UIEdgeInsetsTests.swift",
"Core/Extensions/UIKit/UIImageTests.swift",
"Core/Extensions/UIKit/UIResponderTests.swift",
"Core/Extensions/UIKit/UIWindowTests.swift",
"Core/Logger/LoggerTests.swift",
"UI/AppKit/Extensions/AppKitExtensionsTests.swift",
"UI/SwiftUI/ColorExtensionTests.swift",
"UI/SwiftUI/RemoteImageProcessorsTests.swift",
"UI/SwiftUI/ViewAndModifierExtensionsTests.swift",
"UI/UIKit/Extensions/UICollectionReusableViewTests.swift",
"UI/UIKit/Extensions/UIProgressViewTests.swift",
"UI/UIKit/Extensions/UITableViewCellTests.swift",
"UI/UIKit/Extensions/UITableViewHeaderFooterViewTests.swift",
"UI/UIKit/Extensions/UIViewControllerTests.swift",
"UI/UIKit/Extensions/UIViewTests.swift",
"UI/UIKit/Views/DynamicCollectionCellTests.swift",
"UI/UIKit/Views/GradientViewTests.swift",
"UI/UIKit/Views/PaddingLabelTests.swift",
"UI/UIKit/Views/TextFieldTests.swift",
"Utilities/App Version Validator/AppVersionValidatorTests.swift",
"Utilities/AttributedStringBuilder/AttributedStringBuilderTests.swift",
"Utilities/AttributedStringBuilder/BuilderCompatibleTests.swift",
"Utilities/Broadcast/BroadcastTests.swift",
"Utilities/BundleReader/BundleReaderTests.swift",
"Utilities/Camera/CameraModelsTests.swift",
"Utilities/ColorInterpolator/ColorInterpolatorTests.swift",
"Utilities/Currency/CurrencyTests.swift",
"Utilities/Debouncer/DebouncerTests.swift",
"Utilities/Delegated/DelegatedTests.swift",
"Utilities/DispatchTimer/DispatchTimerTests.swift",
"Utilities/Exif/ExifErrorTests.swift",
"Utilities/Exif/ExifImageSourceTests.swift",
"Utilities/Exif/ExifMacOSTests.swift",
"Utilities/Exif/ExifTests.swift",
"Utilities/InAppPurchase/InAppPurchaseErrorTests.swift",
"Utilities/InAppPurchase/InAppPurchaseServiceTests.swift",
"Utilities/MediaPlayer/AudioPlayerTests.swift",
"Utilities/MediaPlayer/MediaPlayerBehaviorTests.swift",
"Utilities/MediaPlayer/MediaPlayerModelsTests.swift",
"Utilities/MediaPlayer/MediaStreamTests.swift",
"Utilities/Money/MoneyExtensionsTests.swift",
"Utilities/Money/MoneyTests.swift",
"Utilities/MoneyDefaults/MoneyDefaultsTests.swift",
"Utilities/StartupService/StartupProcessServiceTests.swift",
"Utilities/UserDefaults/UserDefaultTests.swift",
"Utilities/XCConfigValue/MockBundleReader.swift",
"Utilities/XCConfigValue/XCConfigValueTests.swift"
],
"target_dependencies" : [
"PovioKitCore",
"PovioKitUIKit",
"PovioKitSwiftUI",
"PovioKitAppKit",
"PovioKitUtilities",
"PovioKitAsync"
],
"type" : "test"
},
{
"c99name" : "PovioKitUtilities",
"module_type" : "SwiftTarget",
"name" : "PovioKitUtilities",
"path" : "Sources/Utilities",
"product_memberships" : [
"PovioKitUtilities",
"PovioKitUIKit"
],
"resources" : [
{
"path" : "/Users/admin/builder/spi-builder-workspace/Sources/PrivacyInfo.xcprivacy",
"rule" : {
"copy" : {
}
}
}
],
"sources" : [
"AppVersionValidator/AppVersionValidator.swift",
"AttributedStringBuilder/AttributedStringBuilder.swift",
"AttributedStringBuilder/UILabel+BuilderCompatible.swift",
"AttributedStringBuilder/UITextField+BuilderCompatible.swift",
"Broadcast/Broadcast.swift",
"BundleReader/BundleReader.swift",
"Camera/Camera+PovioKit.swift",
"Camera/Camera.swift",
"Camera/CameraService.swift",
"Camera/PhotoCamera.swift",
"Camera/QRCodeScanner.swift",
"ColorInterpolator/ColorInterpolator.swift",
"Debouncer/Debouncer.swift",
"Delegated/Delegated.swift",
"DispatchTimer/DispatchTimer.swift",
"Exif/Exif.swift",
"Exif/ExifError.swift",
"Exif/ExifImageSource.swift",
"InAppPurchase/InAppPurchaseError.swift",
"InAppPurchase/InAppPurchaseService.swift",
"MediaPlayer/AudioPlayer.swift",
"MediaPlayer/MediaPlayer+Models.swift",
"MediaPlayer/MediaPlayer.swift",
"MediaPlayer/MediaStream.swift",
"Money/Money+Currency.swift",
"Money/Money+Defaults.swift",
"Money/Money+Extensions.swift",
"Money/Money.swift",
"PropertyWrapper/UserDefault.swift",
"PropertyWrapper/XCConfigValue.swift",
"StartupService/StartupProcess.swift",
"StartupService/StartupProcessService.swift"
],
"target_dependencies" : [
"PovioKitCore"
],
"type" : "library"
},
{
"c99name" : "PovioKitUIKit",
"module_type" : "SwiftTarget",
"name" : "PovioKitUIKit",
"path" : "Sources/UI/UIKit",
"product_dependencies" : [
"Kingfisher"
],
"product_memberships" : [
"PovioKitUIKit"
],
"resources" : [
{
"path" : "/Users/admin/builder/spi-builder-workspace/Sources/PrivacyInfo.xcprivacy",
"rule" : {
"copy" : {
}
}
}
],
"sources" : [
"Extensions/CGSize+PovioKit.swift",
"Extensions/UICollectionReusableView+PovioKit.swift",
"Extensions/UICollectionView+PovioKit.swift",
"Extensions/UIColor+PovioKit.swift",
"Extensions/UIDevice+PovioKit.swift",
"Extensions/UIEdgeInsets+PovioKit.swift",
"Extensions/UIImage+Kingfisher.swift",
"Extensions/UIImage+PovioKit.swift",
"Extensions/UIProgressView+PovioKit.swift",
"Extensions/UIResponder+PovioKit.swift",
"Extensions/UITableView+PovioKit.swift",
"Extensions/UITableViewCell+PovioKit.swift",
"Extensions/UITableViewHeaderFooterView+PovioKit.swift",
"Extensions/UIView+PovioKit.swift",
"Extensions/UIViewController+PovioKit.swift",
"Extensions/UIWindow+PovioKit.swift",
"Views/DynamicCollectionCell/DynamicCollectionCell.swift",
"Views/GradientView/GradientView.swift",
"Views/PaddingLabel/PaddingLabel.swift",
"Views/TextField/TextField.swift"
],
"target_dependencies" : [
"PovioKitCore",
"PovioKitUtilities"
],
"type" : "library"
},
{
"c99name" : "PovioKitSwiftUI",
"module_type" : "SwiftTarget",
"name" : "PovioKitSwiftUI",
"path" : "Sources/UI/SwiftUI",
"product_dependencies" : [
"Kingfisher"
],
"product_memberships" : [
"PovioKitSwiftUI"
],
"resources" : [
{
"path" : "/Users/admin/builder/spi-builder-workspace/Sources/PrivacyInfo.xcprivacy",
"rule" : {
"copy" : {
}
}
}
],
"sources" : [
"Extensions/AnyTransition+PovioKit.swift",
"Extensions/Color+PovioKit.swift",
"Extensions/Text+PovioKit.swift",
"Extensions/View+PovioKit.swift",
"View Modifiers/DeviceShakeViewModifier.swift",
"View Modifiers/MaterialBlurBackgroundModifier.swift",
"View Modifiers/MeasureSizeModifier.swift",
"View Modifiers/OnFirstAppearModifier.swift",
"View Modifiers/PhotoPickerModifier.swift",
"View Modifiers/PinchToZoomModifier.swift",
"View Modifiers/SquaredModifier.swift",
"View Modifiers/TextFieldLimitModifer.swift",
"Views/AnimatedImage/AnimatedImage.swift",
"Views/LinearProgressStyle/LinearProgressStyle.swift",
"Views/MaterialBlurView/MaterialBlurView.swift",
"Views/PhotoPickerView/PhotoPickerView.swift",
"Views/RemoteImage/HEICImageProcessor.swift",
"Views/RemoteImage/JPEGImageProcessor.swift",
"Views/RemoteImage/RemoteImage.swift",
"Views/ScrollViewWithOffset/ScrollViewWithOffset.swift",
"Views/SimpleColorPicker/SimpleColorPicker.swift"
],
"target_dependencies" : [
"PovioKitCore"
],
"type" : "library"
},
{
"c99name" : "PovioKitCore",
"module_type" : "SwiftTarget",
"name" : "PovioKitCore",
"path" : "Sources/Core",
"product_memberships" : [
"PovioKitCore",
"PovioKitUtilities",
"PovioKitUIKit",
"PovioKitSwiftUI",
"PovioKitAppKit"
],
"resources" : [
{
"path" : "/Users/admin/builder/spi-builder-workspace/Sources/PrivacyInfo.xcprivacy",
"rule" : {
"copy" : {
}
}
}
],
"sources" : [
"AppInfo.swift",
"Extensions/Foundation/Collection+PovioKit.swift",
"Extensions/Foundation/Comparable+PovioKit.swift",
"Extensions/Foundation/Data+PovioKit.swift",
"Extensions/Foundation/Date+PovioKit.swift",
"Extensions/Foundation/DateFormatter+PovioKit.swift",
"Extensions/Foundation/DecodableDictionary+PovioKit.swift",
"Extensions/Foundation/DispatchTimeInterval+PovioKit.swift",
"Extensions/Foundation/Double+PovioKit.swift",
"Extensions/Foundation/Encodable+PovioKit.swift",
"Extensions/Foundation/NotificationCenter+PovioKit.swift",
"Extensions/Foundation/Optional+PovioKit.swift",
"Extensions/Foundation/Result+PovioKit.swift",
"Extensions/Foundation/String+PovioKit.swift",
"Extensions/Foundation/URL+PovioKit.swift",
"Extensions/MapKit/MKAnnotationView+PovioKit.swift",
"Extensions/MapKit/MKCircle+PovioKit.swift",
"Extensions/MapKit/MKMapView+PovioKit.swift",
"Extensions/MapKit/MKPolygon+PovioKit.swift",
"Extensions/Other/SKStoreReviewController+PovioKit.swift",
"Logger/Logger.swift"
],
"type" : "library"
},
{
"c99name" : "PovioKitAsync",
"module_type" : "SwiftTarget",
"name" : "PovioKitAsync",
"path" : "Sources/Async",
"product_memberships" : [
"PovioKitAsync"
],
"resources" : [
{
"path" : "/Users/admin/builder/spi-builder-workspace/Sources/PrivacyInfo.xcprivacy",
"rule" : {
"copy" : {
}
}
}
],
"sources" : [
"AsyncDebounceSequence.swift",
"AsyncSampleSequence.swift",
"AsyncSemaphore.swift",
"AsyncTickerSequence.swift",
"AsyncUtilities.swift",
"TaskCoalescer.swift"
],
"type" : "library"
},
{
"c99name" : "PovioKitAppKit",
"module_type" : "SwiftTarget",
"name" : "PovioKitAppKit",
"path" : "Sources/UI/AppKit",
"product_memberships" : [
"PovioKitAppKit"
],
"resources" : [
{
"path" : "/Users/admin/builder/spi-builder-workspace/Sources/PrivacyInfo.xcprivacy",
"rule" : {
"copy" : {
}
}
}
],
"sources" : [
"NSView+PovioKit.swift",
"NSWindow+PovioKit.swift"
],
"target_dependencies" : [
"PovioKitCore"
],
"type" : "library"
}
],
"tools_version" : "6.0"
}
{
"workspace" : {
"name" : "PovioKit",
"schemes" : [
"PovioKit",
"PovioKit-Package",
"PovioKitAppKit",
"PovioKitAsync",
"PovioKitCore",
"PovioKitSwiftUI",
"PovioKitUIKit",
"PovioKitUtilities"
]
}
}
2026-10-04 07:20:24.700 xcodebuild[1014:5747] [MT] IDERunDestination: Supported platforms for the buildables in the current scheme is empty.
2026-10-04 07:20:24.802 xcodebuild[1014:5747] [MT] IDERunDestination: Supported platforms for the buildables in the current scheme is empty.
{
"workspace" : {
"name" : "PovioKit",
"schemes" : [
"PovioKit",
"PovioKit-Package",
"PovioKitAppKit",
"PovioKitAsync",
"PovioKitCore",
"PovioKitSwiftUI",
"PovioKitUIKit",
"PovioKitUtilities"
]
}
}
2026-10-04 07:20:25.806 xcodebuild[1016:5778] [MT] IDERunDestination: Supported platforms for the buildables in the current scheme is empty.
2026-10-04 07:20:25.907 xcodebuild[1016:5778] [MT] IDERunDestination: Supported platforms for the buildables in the current scheme is empty.
Running build ...
env DEVELOPER_DIR=/Applications/Xcode-27.0.0-Release.Candidate.app xcrun xcodebuild -IDEClonedSourcePackagesDirPathOverride=$PWD/.dependencies -skipMacroValidation -skipPackagePluginValidation -derivedDataPath $PWD/.derivedData build -scheme PovioKit-Package -destination generic/platform=xrOS
Command line invocation:
/Applications/Xcode-27.0.0-Release.Candidate.app/Contents/Developer/usr/bin/xcodebuild -IDEClonedSourcePackagesDirPathOverride=/Users/admin/builder/spi-builder-workspace/.dependencies -skipMacroValidation -skipPackagePluginValidation -derivedDataPath /Users/admin/builder/spi-builder-workspace/.derivedData build -scheme PovioKit-Package -destination generic/platform=xrOS
Resolve Package Graph
Resolved source packages:
Kingfisher: https://github.com/onevcat/Kingfisher @ 8.13.0
PovioKit: /Users/admin/builder/spi-builder-workspace
ComputePackagePrebuildTargetDependencyGraph
Prepare packages
CreateBuildRequest
SendProjectDescription
CreateBuildOperation
ComputeTargetDependencyGraph
note: Building targets in dependency order
note: Target dependency graph (23 targets)
Target 'PovioKitUIKit-product' in project 'PovioKit'
➜ Explicit dependency on target 'PovioKitUIKit' in project 'PovioKit'
➜ Explicit dependency on target 'PovioKit_PovioKitUIKit' in project 'PovioKit'
➜ Explicit dependency on target 'PovioKitCore' in project 'PovioKit'
➜ Explicit dependency on target 'PovioKitUtilities' in project 'PovioKit'
➜ Explicit dependency on target 'Kingfisher-product' in project 'Kingfisher'
Target 'PovioKitSwiftUI-product' in project 'PovioKit'
➜ Explicit dependency on target 'PovioKitSwiftUI' in project 'PovioKit'
➜ Explicit dependency on target 'PovioKit_PovioKitSwiftUI' in project 'PovioKit'
➜ Explicit dependency on target 'PovioKitCore' in project 'PovioKit'
➜ Explicit dependency on target 'Kingfisher-product' in project 'Kingfisher'
Target 'PovioKitUtilities-product' in project 'PovioKit'
➜ Explicit dependency on target 'PovioKitUtilities' in project 'PovioKit'
➜ Explicit dependency on target 'PovioKit_PovioKitUtilities' in project 'PovioKit'
➜ Explicit dependency on target 'PovioKitCore' in project 'PovioKit'
Target 'PovioKitAsync-product' in project 'PovioKit'
➜ Explicit dependency on target 'PovioKitAsync' in project 'PovioKit'
➜ Explicit dependency on target 'PovioKit_PovioKitAsync' in project 'PovioKit'
Target 'PovioKitCore-product' in project 'PovioKit'
➜ Explicit dependency on target 'PovioKitCore' in project 'PovioKit'
➜ Explicit dependency on target 'PovioKit_PovioKitCore' in project 'PovioKit'
Target 'PovioKitAppKit-product' in project 'PovioKit'
➜ Explicit dependency on target 'PovioKitAppKit' in project 'PovioKit'
➜ Explicit dependency on target 'PovioKit_PovioKitAppKit' in project 'PovioKit'
➜ Explicit dependency on target 'PovioKitCore' in project 'PovioKit'
Target 'Tests-product' in project 'PovioKit'
➜ Explicit dependency on target 'PovioKit_Tests' in project 'PovioKit'
➜ Explicit dependency on target 'PovioKitCore' in project 'PovioKit'
➜ Explicit dependency on target 'PovioKitUtilities' in project 'PovioKit'
➜ Explicit dependency on target 'PovioKitUIKit' in project 'PovioKit'
➜ Explicit dependency on target 'PovioKitSwiftUI' in project 'PovioKit'
➜ Explicit dependency on target 'PovioKitAppKit' in project 'PovioKit'
➜ Explicit dependency on target 'PovioKitAsync' in project 'PovioKit'
➜ Explicit dependency on target 'Kingfisher-product' in project 'Kingfisher'
Target 'PovioKitAsync' in project 'PovioKit'
➜ Explicit dependency on target 'PovioKit_PovioKitAsync' in project 'PovioKit'
Target 'PovioKit_PovioKitAsync' in project 'PovioKit' (no dependencies)
Target 'PovioKitAppKit' in project 'PovioKit'
➜ Explicit dependency on target 'PovioKit_PovioKitAppKit' in project 'PovioKit'
➜ Explicit dependency on target 'PovioKitCore' in project 'PovioKit'
Target 'PovioKit_PovioKitAppKit' in project 'PovioKit' (no dependencies)
Target 'PovioKitSwiftUI' in project 'PovioKit'
➜ Explicit dependency on target 'PovioKit_PovioKitSwiftUI' in project 'PovioKit'
➜ Explicit dependency on target 'PovioKitCore' in project 'PovioKit'
➜ Explicit dependency on target 'Kingfisher-product' in project 'Kingfisher'
Target 'PovioKit_PovioKitSwiftUI' in project 'PovioKit' (no dependencies)
Target 'PovioKitUIKit' in project 'PovioKit'
➜ Explicit dependency on target 'PovioKit_PovioKitUIKit' in project 'PovioKit'
➜ Explicit dependency on target 'PovioKitCore' in project 'PovioKit'
➜ Explicit dependency on target 'PovioKitUtilities' in project 'PovioKit'
➜ Explicit dependency on target 'Kingfisher-product' in project 'Kingfisher'
Target 'Kingfisher-product' in project 'Kingfisher'
➜ Explicit dependency on target 'Kingfisher' in project 'Kingfisher'
➜ Explicit dependency on target 'Kingfisher_Kingfisher' in project 'Kingfisher'
Target 'Kingfisher' in project 'Kingfisher'
➜ Explicit dependency on target 'Kingfisher_Kingfisher' in project 'Kingfisher'
Target 'Kingfisher_Kingfisher' in project 'Kingfisher' (no dependencies)
Target 'PovioKit_PovioKitUIKit' in project 'PovioKit' (no dependencies)
Target 'PovioKitUtilities' in project 'PovioKit'
➜ Explicit dependency on target 'PovioKit_PovioKitUtilities' in project 'PovioKit'
➜ Explicit dependency on target 'PovioKitCore' in project 'PovioKit'
Target 'PovioKit_PovioKitUtilities' in project 'PovioKit' (no dependencies)
Target 'PovioKitCore' in project 'PovioKit'
➜ Explicit dependency on target 'PovioKit_PovioKitCore' in project 'PovioKit'
Target 'PovioKit_PovioKitCore' in project 'PovioKit' (no dependencies)
Target 'PovioKit_Tests' in project 'PovioKit' (no dependencies)
GatherProvisioningInputs
CreateBuildDescription
ClangStatCache /Applications/Xcode-27.0.0-Release.Candidate.app/Contents/Developer/Toolchains/XcodeDefault.xctoolchain/usr/bin/clang-stat-cache /Applications/Xcode-27.0.0-Release.Candidate.app/Contents/Developer/Platforms/XROS.platform/Developer/SDKs/XROS27.0.sdk /Users/admin/builder/spi-builder-workspace/.derivedData/SDKStatCaches.noindex/xros27.0-24M361-e829b21a6f8c9b70876ba0858053c044735bd543db762f57723cac368afd1ce4.sdkstatcache
cd /Users/admin/builder/spi-builder-workspace/.swiftpm/xcode
/Applications/Xcode-27.0.0-Release.Candidate.app/Contents/Developer/Toolchains/XcodeDefault.xctoolchain/usr/bin/clang-stat-cache /Applications/Xcode-27.0.0-Release.Candidate.app/Contents/Developer/Platforms/XROS.platform/Developer/SDKs/XROS27.0.sdk -o /Users/admin/builder/spi-builder-workspace/.derivedData/SDKStatCaches.noindex/xros27.0-24M361-e829b21a6f8c9b70876ba0858053c044735bd543db762f57723cac368afd1ce4.sdkstatcache
SwiftDriver PovioKitUtilities normal arm64 com.apple.xcode.tools.swift.compiler (in target 'PovioKitUtilities' from project 'PovioKit')
cd /Users/admin/builder/spi-builder-workspace/.swiftpm/xcode
builtin-SwiftDriver -- /Applications/Xcode-27.0.0-Release.Candidate.app/Contents/Developer/Toolchains/XcodeDefault.xctoolchain/usr/bin/swiftc -parse-as-library -module-name PovioKitUtilities -Onone @/Users/admin/builder/spi-builder-workspace/.derivedData/Build/Intermediates.noindex/PovioKit.build/Debug-xros/PovioKitUtilities-t.build/Objects-normal/arm64/PovioKitUtilities.SwiftFileList -DSWIFT_PACKAGE -DDEBUG -DSWIFT_MODULE_RESOURCE_BUNDLE_AVAILABLE -DXcode -plugin-path /Applications/Xcode-27.0.0-Release.Candidate.app/Contents/Developer/Toolchains/XcodeDefault.xctoolchain/usr/lib/swift/host/plugins/testing -enable-experimental-feature DebugDescriptionMacro -sdk /Applications/Xcode-27.0.0-Release.Candidate.app/Contents/Developer/Platforms/XROS.platform/Developer/SDKs/XROS27.0.sdk -target arm64-apple-xros1.0 -g -module-cache-path /Users/admin/builder/spi-builder-workspace/.derivedData/ModuleCache.noindex -Xfrontend -serialize-debugging-options -profile-coverage-mapping -profile-generate -enable-testing -index-store-path /Users/admin/builder/spi-builder-workspace/.derivedData/Index.noindex/DataStore -Xcc -D_LIBCPP_HARDENING_MODE\=_LIBCPP_HARDENING_MODE_DEBUG -swift-version 6 -I /Users/admin/builder/spi-builder-workspace/.derivedData/Build/Products/Debug-xros -Isystem /Applications/Xcode-27.0.0-Release.Candidate.app/Contents/Developer/Platforms/XROS.platform/Developer/usr/lib -F /Users/admin/builder/spi-builder-workspace/.derivedData/Build/Products/Debug-xros/PackageFrameworks -F /Users/admin/builder/spi-builder-workspace/.derivedData/Build/Products/Debug-xros -F /Applications/Xcode-27.0.0-Release.Candidate.app/Contents/Developer/Platforms/XROS.platform/Developer/Library/Frameworks -F /Applications/Xcode-27.0.0-Release.Candidate.app/Contents/Developer/Platforms/XROS.platform/Developer/SDKs/XROS27.0.sdk/Developer/Library/Frameworks -c -j10 -enable-batch-mode -incremental -Xcc -ivfsstatcache -Xcc /Users/admin/builder/spi-builder-workspace/.derivedData/SDKStatCaches.noindex/xros27.0-24M361-e829b21a6f8c9b70876ba0858053c044735bd543db762f57723cac368afd1ce4.sdkstatcache -output-file-map /Users/admin/builder/spi-builder-workspace/.derivedData/Build/Intermediates.noindex/PovioKit.build/Debug-xros/PovioKitUtilities-t.build/Objects-normal/arm64/PovioKitUtilities-OutputFileMap.json -save-temps -no-color-diagnostics -explicit-module-build -module-cache-path /Users/admin/builder/spi-builder-workspace/.derivedData/Build/Intermediates.noindex/SwiftExplicitPrecompiledModules -clang-scanner-module-cache-path /Users/admin/builder/spi-builder-workspace/.derivedData/ModuleCache.noindex -sdk-module-cache-path /Users/admin/builder/spi-builder-workspace/.derivedData/SDKExplicitPrecompiledModules -emit-dependencies -emit-module -emit-module-path /Users/admin/builder/spi-builder-workspace/.derivedData/Build/Intermediates.noindex/PovioKit.build/Debug-xros/PovioKitUtilities-t.build/Objects-normal/arm64/PovioKitUtilities.swiftmodule -serialize-diagnostics -dependency-scan-serialize-diagnostics-path /Users/admin/builder/spi-builder-workspace/.derivedData/Build/Intermediates.noindex/PovioKit.build/Debug-xros/PovioKitUtilities-t.build/Objects-normal/arm64/PovioKitUtilities-dependency-scan.dia -validate-clang-modules-once -clang-build-session-file /Users/admin/builder/spi-builder-workspace/.derivedData/ModuleCache.noindex/Session.modulevalidation -Xcc -fmodules-prune-interval\=86400 -Xcc -fmodules-prune-after\=345600 -package-name spi_builder_workspace -emit-const-values -const-gather-protocols-list /Users/admin/builder/spi-builder-workspace/.derivedData/Build/Intermediates.noindex/PovioKit.build/Debug-xros/PovioKitUtilities-t.build/Objects-normal/arm64/PovioKitUtilities_const_extract_protocols.json -Xcc -I/Users/admin/builder/spi-builder-workspace/.derivedData/Build/Products/Debug-xros/include -Xcc -I/Users/admin/builder/spi-builder-workspace/.derivedData/Build/Intermediates.noindex/PovioKit.build/Debug-xros/PovioKitUtilities-t.build/DerivedSources-normal/arm64 -Xcc -I/Users/admin/builder/spi-builder-workspace/.derivedData/Build/Intermediates.noindex/PovioKit.build/Debug-xros/PovioKitUtilities-t.build/DerivedSources/arm64 -Xcc -I/Users/admin/builder/spi-builder-workspace/.derivedData/Build/Intermediates.noindex/PovioKit.build/Debug-xros/PovioKitUtilities-t.build/DerivedSources -Xcc -DSWIFT_PACKAGE -Xcc -DDEBUG\=1 -emit-objc-header -emit-objc-header-path /Users/admin/builder/spi-builder-workspace/.derivedData/Build/Intermediates.noindex/PovioKit.build/Debug-xros/PovioKitUtilities-t.build/Objects-normal/arm64/PovioKitUtilities-Swift.h -working-directory /Users/admin/builder/spi-builder-workspace/.swiftpm/xcode -experimental-emit-module-separately -disable-cmo
SwiftDriver Kingfisher normal arm64 com.apple.xcode.tools.swift.compiler (in target 'Kingfisher' from project 'Kingfisher')
cd /Users/admin/builder/spi-builder-workspace/.swiftpm/xcode
builtin-SwiftDriver -- /Applications/Xcode-27.0.0-Release.Candidate.app/Contents/Developer/Toolchains/XcodeDefault.xctoolchain/usr/bin/swiftc -parse-as-library -module-name Kingfisher -Onone @/Users/admin/builder/spi-builder-workspace/.derivedData/Build/Intermediates.noindex/Kingfisher.build/Debug-xros/Kingfisher-t.build/Objects-normal/arm64/Kingfisher.SwiftFileList -DSWIFT_PACKAGE -DDEBUG -DSWIFT_MODULE_RESOURCE_BUNDLE_AVAILABLE -DXcode -plugin-path /Applications/Xcode-27.0.0-Release.Candidate.app/Contents/Developer/Toolchains/XcodeDefault.xctoolchain/usr/lib/swift/host/plugins/testing -enable-experimental-feature DebugDescriptionMacro -sdk /Applications/Xcode-27.0.0-Release.Candidate.app/Contents/Developer/Platforms/XROS.platform/Developer/SDKs/XROS27.0.sdk -target arm64-apple-xros1.0 -g -module-cache-path /Users/admin/builder/spi-builder-workspace/.derivedData/ModuleCache.noindex -Xfrontend -serialize-debugging-options -profile-coverage-mapping -profile-generate -enable-testing -suppress-warnings -index-store-path /Users/admin/builder/spi-builder-workspace/.derivedData/Index.noindex/DataStore -Xcc -D_LIBCPP_HARDENING_MODE\=_LIBCPP_HARDENING_MODE_DEBUG -swift-version 5 -I /Users/admin/builder/spi-builder-workspace/.derivedData/Build/Products/Debug-xros -Isystem /Applications/Xcode-27.0.0-Release.Candidate.app/Contents/Developer/Platforms/XROS.platform/Developer/usr/lib -F /Users/admin/builder/spi-builder-workspace/.derivedData/Build/Products/Debug-xros -F /Applications/Xcode-27.0.0-Release.Candidate.app/Contents/Developer/Platforms/XROS.platform/Developer/Library/Frameworks -F /Applications/Xcode-27.0.0-Release.Candidate.app/Contents/Developer/Platforms/XROS.platform/Developer/SDKs/XROS27.0.sdk/Developer/Library/Frameworks -c -j10 -enable-batch-mode -incremental -Xcc -ivfsstatcache -Xcc /Users/admin/builder/spi-builder-workspace/.derivedData/SDKStatCaches.noindex/xros27.0-24M361-e829b21a6f8c9b70876ba0858053c044735bd543db762f57723cac368afd1ce4.sdkstatcache -output-file-map /Users/admin/builder/spi-builder-workspace/.derivedData/Build/Intermediates.noindex/Kingfisher.build/Debug-xros/Kingfisher-t.build/Objects-normal/arm64/Kingfisher-OutputFileMap.json -save-temps -no-color-diagnostics -explicit-module-build -module-cache-path /Users/admin/builder/spi-builder-workspace/.derivedData/Build/Intermediates.noindex/SwiftExplicitPrecompiledModules -clang-scanner-module-cache-path /Users/admin/builder/spi-builder-workspace/.derivedData/ModuleCache.noindex -sdk-module-cache-path /Users/admin/builder/spi-builder-workspace/.derivedData/SDKExplicitPrecompiledModules -emit-dependencies -emit-module -emit-module-path /Users/admin/builder/spi-builder-workspace/.derivedData/Build/Intermediates.noindex/Kingfisher.build/Debug-xros/Kingfisher-t.build/Objects-normal/arm64/Kingfisher.swiftmodule -serialize-diagnostics -dependency-scan-serialize-diagnostics-path /Users/admin/builder/spi-builder-workspace/.derivedData/Build/Intermediates.noindex/Kingfisher.build/Debug-xros/Kingfisher-t.build/Objects-normal/arm64/Kingfisher-dependency-scan.dia -user-module-version 8.13.0 -validate-clang-modules-once -clang-build-session-file /Users/admin/builder/spi-builder-workspace/.derivedData/ModuleCache.noindex/Session.modulevalidation -Xcc -fmodules-prune-interval\=86400 -Xcc -fmodules-prune-after\=345600 -package-name kingfisher -emit-const-values -const-gather-protocols-list /Users/admin/builder/spi-builder-workspace/.derivedData/Build/Intermediates.noindex/Kingfisher.build/Debug-xros/Kingfisher-t.build/Objects-normal/arm64/Kingfisher_const_extract_protocols.json -Xcc -I/Users/admin/builder/spi-builder-workspace/.derivedData/Build/Products/Debug-xros/include -Xcc -I/Users/admin/builder/spi-builder-workspace/.derivedData/Build/Intermediates.noindex/Kingfisher.build/Debug-xros/Kingfisher-t.build/DerivedSources-normal/arm64 -Xcc -I/Users/admin/builder/spi-builder-workspace/.derivedData/Build/Intermediates.noindex/Kingfisher.build/Debug-xros/Kingfisher-t.build/DerivedSources/arm64 -Xcc -I/Users/admin/builder/spi-builder-workspace/.derivedData/Build/Intermediates.noindex/Kingfisher.build/Debug-xros/Kingfisher-t.build/DerivedSources -Xcc -DSWIFT_PACKAGE -Xcc -DDEBUG\=1 -emit-objc-header -emit-objc-header-path /Users/admin/builder/spi-builder-workspace/.derivedData/Build/Intermediates.noindex/Kingfisher.build/Debug-xros/Kingfisher-t.build/Objects-normal/arm64/Kingfisher-Swift.h -working-directory /Users/admin/builder/spi-builder-workspace/.swiftpm/xcode -experimental-emit-module-separately -disable-cmo
SwiftDriver PovioKitSwiftUI normal arm64 com.apple.xcode.tools.swift.compiler (in target 'PovioKitSwiftUI' from project 'PovioKit')
cd /Users/admin/builder/spi-builder-workspace/.swiftpm/xcode
builtin-SwiftDriver -- /Applications/Xcode-27.0.0-Release.Candidate.app/Contents/Developer/Toolchains/XcodeDefault.xctoolchain/usr/bin/swiftc -parse-as-library -module-name PovioKitSwiftUI -Onone @/Users/admin/builder/spi-builder-workspace/.derivedData/Build/Intermediates.noindex/PovioKit.build/Debug-xros/PovioKitSwiftUI-t.build/Objects-normal/arm64/PovioKitSwiftUI.SwiftFileList -DSWIFT_PACKAGE -DDEBUG -DSWIFT_MODULE_RESOURCE_BUNDLE_AVAILABLE -DXcode -plugin-path /Applications/Xcode-27.0.0-Release.Candidate.app/Contents/Developer/Toolchains/XcodeDefault.xctoolchain/usr/lib/swift/host/plugins/testing -enable-experimental-feature DebugDescriptionMacro -sdk /Applications/Xcode-27.0.0-Release.Candidate.app/Contents/Developer/Platforms/XROS.platform/Developer/SDKs/XROS27.0.sdk -target arm64-apple-xros1.0 -g -module-cache-path /Users/admin/builder/spi-builder-workspace/.derivedData/ModuleCache.noindex -Xfrontend -serialize-debugging-options -profile-coverage-mapping -profile-generate -enable-testing -index-store-path /Users/admin/builder/spi-builder-workspace/.derivedData/Index.noindex/DataStore -Xcc -D_LIBCPP_HARDENING_MODE\=_LIBCPP_HARDENING_MODE_DEBUG -swift-version 6 -I /Users/admin/builder/spi-builder-workspace/.derivedData/Build/Products/Debug-xros -Isystem /Applications/Xcode-27.0.0-Release.Candidate.app/Contents/Developer/Platforms/XROS.platform/Developer/usr/lib -F /Users/admin/builder/spi-builder-workspace/.derivedData/Build/Products/Debug-xros/PackageFrameworks -F /Users/admin/builder/spi-builder-workspace/.derivedData/Build/Products/Debug-xros -F /Applications/Xcode-27.0.0-Release.Candidate.app/Contents/Developer/Platforms/XROS.platform/Developer/Library/Frameworks -F /Applications/Xcode-27.0.0-Release.Candidate.app/Contents/Developer/Platforms/XROS.platform/Developer/SDKs/XROS27.0.sdk/Developer/Library/Frameworks -c -j10 -enable-batch-mode -incremental -Xcc -ivfsstatcache -Xcc /Users/admin/builder/spi-builder-workspace/.derivedData/SDKStatCaches.noindex/xros27.0-24M361-e829b21a6f8c9b70876ba0858053c044735bd543db762f57723cac368afd1ce4.sdkstatcache -output-file-map /Users/admin/builder/spi-builder-workspace/.derivedData/Build/Intermediates.noindex/PovioKit.build/Debug-xros/PovioKitSwiftUI-t.build/Objects-normal/arm64/PovioKitSwiftUI-OutputFileMap.json -save-temps -no-color-diagnostics -explicit-module-build -module-cache-path /Users/admin/builder/spi-builder-workspace/.derivedData/Build/Intermediates.noindex/SwiftExplicitPrecompiledModules -clang-scanner-module-cache-path /Users/admin/builder/spi-builder-workspace/.derivedData/ModuleCache.noindex -sdk-module-cache-path /Users/admin/builder/spi-builder-workspace/.derivedData/SDKExplicitPrecompiledModules -emit-dependencies -emit-module -emit-module-path /Users/admin/builder/spi-builder-workspace/.derivedData/Build/Intermediates.noindex/PovioKit.build/Debug-xros/PovioKitSwiftUI-t.build/Objects-normal/arm64/PovioKitSwiftUI.swiftmodule -serialize-diagnostics -dependency-scan-serialize-diagnostics-path /Users/admin/builder/spi-builder-workspace/.derivedData/Build/Intermediates.noindex/PovioKit.build/Debug-xros/PovioKitSwiftUI-t.build/Objects-normal/arm64/PovioKitSwiftUI-dependency-scan.dia -validate-clang-modules-once -clang-build-session-file /Users/admin/builder/spi-builder-workspace/.derivedData/ModuleCache.noindex/Session.modulevalidation -Xcc -fmodules-prune-interval\=86400 -Xcc -fmodules-prune-after\=345600 -package-name spi_builder_workspace -emit-const-values -const-gather-protocols-list /Users/admin/builder/spi-builder-workspace/.derivedData/Build/Intermediates.noindex/PovioKit.build/Debug-xros/PovioKitSwiftUI-t.build/Objects-normal/arm64/PovioKitSwiftUI_const_extract_protocols.json -Xcc -I/Users/admin/builder/spi-builder-workspace/.derivedData/Build/Products/Debug-xros/include -Xcc -I/Users/admin/builder/spi-builder-workspace/.derivedData/Build/Intermediates.noindex/PovioKit.build/Debug-xros/PovioKitSwiftUI-t.build/DerivedSources-normal/arm64 -Xcc -I/Users/admin/builder/spi-builder-workspace/.derivedData/Build/Intermediates.noindex/PovioKit.build/Debug-xros/PovioKitSwiftUI-t.build/DerivedSources/arm64 -Xcc -I/Users/admin/builder/spi-builder-workspace/.derivedData/Build/Intermediates.noindex/PovioKit.build/Debug-xros/PovioKitSwiftUI-t.build/DerivedSources -Xcc -DSWIFT_PACKAGE -Xcc -DDEBUG\=1 -emit-objc-header -emit-objc-header-path /Users/admin/builder/spi-builder-workspace/.derivedData/Build/Intermediates.noindex/PovioKit.build/Debug-xros/PovioKitSwiftUI-t.build/Objects-normal/arm64/PovioKitSwiftUI-Swift.h -working-directory /Users/admin/builder/spi-builder-workspace/.swiftpm/xcode -experimental-emit-module-separately -disable-cmo
SwiftExplicitDependencyCompileModuleFromInterface arm64 /Users/admin/builder/spi-builder-workspace/.derivedData/SDKExplicitPrecompiledModules/RealityCoreTextureProcessing-1N2A3U6JL8K1P.swiftmodule
SwiftExplicitDependencyCompileModuleFromInterface arm64 /Users/admin/builder/spi-builder-workspace/.derivedData/SDKExplicitPrecompiledModules/ShaderGraph-URHKVVOFZL5Z.swiftmodule
SwiftExplicitDependencyGeneratePcm arm64 /Users/admin/builder/spi-builder-workspace/.derivedData/SDKExplicitPrecompiledModules/PhotosUI-EX2OMG0LLJWR7R28AM1B481V7.pcm
SwiftExplicitDependencyGeneratePcm arm64 /Users/admin/builder/spi-builder-workspace/.derivedData/SDKExplicitPrecompiledModules/Accelerate-EL415SMJCPM9SHLS09EH215TL.pcm
SwiftCompile normal arm64 Compiling\ Source.swift,\ KF.swift,\ SessionDataTask.swift /Users/admin/builder/spi-builder-workspace/.dependencies/checkouts/Kingfisher/Sources/General/ImageSource/Source.swift /Users/admin/builder/spi-builder-workspace/.dependencies/checkouts/Kingfisher/Sources/General/KF.swift /Users/admin/builder/spi-builder-workspace/.dependencies/checkouts/Kingfisher/Sources/Networking/SessionDataTask.swift (in target 'Kingfisher' from project 'Kingfisher')
SwiftCompile normal arm64 /Users/admin/builder/spi-builder-workspace/.dependencies/checkouts/Kingfisher/Sources/General/ImageSource/Source.swift (in target 'Kingfisher' from project 'Kingfisher')
cd /Users/admin/builder/spi-builder-workspace/.swiftpm/xcode
builtin-SwiftPerFileCompile Source.swift
SwiftCompile normal arm64 /Users/admin/builder/spi-builder-workspace/.dependencies/checkouts/Kingfisher/Sources/General/KF.swift (in target 'Kingfisher' from project 'Kingfisher')
cd /Users/admin/builder/spi-builder-workspace/.swiftpm/xcode
builtin-SwiftPerFileCompile KF.swift
SwiftCompile normal arm64 /Users/admin/builder/spi-builder-workspace/.dependencies/checkouts/Kingfisher/Sources/Networking/SessionDataTask.swift (in target 'Kingfisher' from project 'Kingfisher')
cd /Users/admin/builder/spi-builder-workspace/.swiftpm/xcode
builtin-SwiftPerFileCompile SessionDataTask.swift
SwiftCompile normal arm64 Compiling\ HasImageComponent+Kingfisher.swift,\ ImageView+Kingfisher.swift,\ NSButton+Kingfisher.swift /Users/admin/builder/spi-builder-workspace/.dependencies/checkouts/Kingfisher/Sources/Extensions/HasImageComponent+Kingfisher.swift /Users/admin/builder/spi-builder-workspace/.dependencies/checkouts/Kingfisher/Sources/Extensions/ImageView+Kingfisher.swift /Users/admin/builder/spi-builder-workspace/.dependencies/checkouts/Kingfisher/Sources/Extensions/NSButton+Kingfisher.swift (in target 'Kingfisher' from project 'Kingfisher')
SwiftCompile normal arm64 /Users/admin/builder/spi-builder-workspace/.dependencies/checkouts/Kingfisher/Sources/Extensions/HasImageComponent+Kingfisher.swift (in target 'Kingfisher' from project 'Kingfisher')
cd /Users/admin/builder/spi-builder-workspace/.swiftpm/xcode
builtin-SwiftPerFileCompile HasImageComponent+Kingfisher.swift
SwiftCompile normal arm64 /Users/admin/builder/spi-builder-workspace/.dependencies/checkouts/Kingfisher/Sources/Extensions/ImageView+Kingfisher.swift (in target 'Kingfisher' from project 'Kingfisher')
cd /Users/admin/builder/spi-builder-workspace/.swiftpm/xcode
builtin-SwiftPerFileCompile ImageView+Kingfisher.swift
SwiftCompile normal arm64 /Users/admin/builder/spi-builder-workspace/.dependencies/checkouts/Kingfisher/Sources/Extensions/NSButton+Kingfisher.swift (in target 'Kingfisher' from project 'Kingfisher')
cd /Users/admin/builder/spi-builder-workspace/.swiftpm/xcode
builtin-SwiftPerFileCompile NSButton+Kingfisher.swift
SwiftCompile normal arm64 Compiling\ PHPickerResultImageDataProvider.swift,\ PhotosPickerItemImageDataProvider.swift,\ Resource.swift /Users/admin/builder/spi-builder-workspace/.dependencies/checkouts/Kingfisher/Sources/General/ImageSource/PHPickerResultImageDataProvider.swift /Users/admin/builder/spi-builder-workspace/.dependencies/checkouts/Kingfisher/Sources/General/ImageSource/PhotosPickerItemImageDataProvider.swift /Users/admin/builder/spi-builder-workspace/.dependencies/checkouts/Kingfisher/Sources/General/ImageSource/Resource.swift (in target 'Kingfisher' from project 'Kingfisher')
SwiftCompile normal arm64 /Users/admin/builder/spi-builder-workspace/.dependencies/checkouts/Kingfisher/Sources/General/ImageSource/PHPickerResultImageDataProvider.swift (in target 'Kingfisher' from project 'Kingfisher')
cd /Users/admin/builder/spi-builder-workspace/.swiftpm/xcode
builtin-SwiftPerFileCompile PHPickerResultImageDataProvider.swift
SwiftCompile normal arm64 /Users/admin/builder/spi-builder-workspace/.dependencies/checkouts/Kingfisher/Sources/General/ImageSource/PhotosPickerItemImageDataProvider.swift (in target 'Kingfisher' from project 'Kingfisher')
cd /Users/admin/builder/spi-builder-workspace/.swiftpm/xcode
builtin-SwiftPerFileCompile PhotosPickerItemImageDataProvider.swift
SwiftCompile normal arm64 /Users/admin/builder/spi-builder-workspace/.dependencies/checkouts/Kingfisher/Sources/General/ImageSource/Resource.swift (in target 'Kingfisher' from project 'Kingfisher')
cd /Users/admin/builder/spi-builder-workspace/.swiftpm/xcode
builtin-SwiftPerFileCompile Resource.swift
SwiftCompile normal arm64 Compiling\ NSTextAttachment+Kingfisher.swift,\ PHLivePhotoView+Kingfisher.swift,\ UIButton+Kingfisher.swift /Users/admin/builder/spi-builder-workspace/.dependencies/checkouts/Kingfisher/Sources/Extensions/NSTextAttachment+Kingfisher.swift /Users/admin/builder/spi-builder-workspace/.dependencies/checkouts/Kingfisher/Sources/Extensions/PHLivePhotoView+Kingfisher.swift /Users/admin/builder/spi-builder-workspace/.dependencies/checkouts/Kingfisher/Sources/Extensions/UIButton+Kingfisher.swift (in target 'Kingfisher' from project 'Kingfisher')
SwiftCompile normal arm64 /Users/admin/builder/spi-builder-workspace/.dependencies/checkouts/Kingfisher/Sources/Extensions/NSTextAttachment+Kingfisher.swift (in target 'Kingfisher' from project 'Kingfisher')
cd /Users/admin/builder/spi-builder-workspace/.swiftpm/xcode
builtin-SwiftPerFileCompile NSTextAttachment+Kingfisher.swift
SwiftCompile normal arm64 /Users/admin/builder/spi-builder-workspace/.dependencies/checkouts/Kingfisher/Sources/Extensions/PHLivePhotoView+Kingfisher.swift (in target 'Kingfisher' from project 'Kingfisher')
cd /Users/admin/builder/spi-builder-workspace/.swiftpm/xcode
builtin-SwiftPerFileCompile PHLivePhotoView+Kingfisher.swift
SwiftCompile normal arm64 /Users/admin/builder/spi-builder-workspace/.dependencies/checkouts/Kingfisher/Sources/Extensions/UIButton+Kingfisher.swift (in target 'Kingfisher' from project 'Kingfisher')
cd /Users/admin/builder/spi-builder-workspace/.swiftpm/xcode
builtin-SwiftPerFileCompile UIButton+Kingfisher.swift
SwiftEmitModule normal arm64 Emitting\ module\ for\ Kingfisher (in target 'Kingfisher' from project 'Kingfisher')
SwiftCompile normal arm64 (in target 'Kingfisher' from project 'Kingfisher')
cd /Users/admin/builder/spi-builder-workspace/.swiftpm/xcode
SwiftCompile normal arm64 Compiling\ KFAnimatedImage.swift,\ KFImage.swift,\ KFImageOptions.swift /Users/admin/builder/spi-builder-workspace/.dependencies/checkouts/Kingfisher/Sources/SwiftUI/KFAnimatedImage.swift /Users/admin/builder/spi-builder-workspace/.dependencies/checkouts/Kingfisher/Sources/SwiftUI/KFImage.swift /Users/admin/builder/spi-builder-workspace/.dependencies/checkouts/Kingfisher/Sources/SwiftUI/KFImageOptions.swift (in target 'Kingfisher' from project 'Kingfisher')
SwiftCompile normal arm64 /Users/admin/builder/spi-builder-workspace/.dependencies/checkouts/Kingfisher/Sources/SwiftUI/KFAnimatedImage.swift (in target 'Kingfisher' from project 'Kingfisher')
cd /Users/admin/builder/spi-builder-workspace/.swiftpm/xcode
builtin-SwiftPerFileCompile KFAnimatedImage.swift
SwiftCompile normal arm64 /Users/admin/builder/spi-builder-workspace/.dependencies/checkouts/Kingfisher/Sources/SwiftUI/KFImage.swift (in target 'Kingfisher' from project 'Kingfisher')
cd /Users/admin/builder/spi-builder-workspace/.swiftpm/xcode
builtin-SwiftPerFileCompile KFImage.swift
SwiftCompile normal arm64 /Users/admin/builder/spi-builder-workspace/.dependencies/checkouts/Kingfisher/Sources/SwiftUI/KFImageOptions.swift (in target 'Kingfisher' from project 'Kingfisher')
cd /Users/admin/builder/spi-builder-workspace/.swiftpm/xcode
builtin-SwiftPerFileCompile KFImageOptions.swift
SwiftCompile normal arm64 Compiling\ CallbackQueue.swift,\ CancellationToken.swift /Users/admin/builder/spi-builder-workspace/.dependencies/checkouts/Kingfisher/Sources/Utility/CallbackQueue.swift /Users/admin/builder/spi-builder-workspace/.dependencies/checkouts/Kingfisher/Sources/Utility/CancellationToken.swift (in target 'Kingfisher' from project 'Kingfisher')
SwiftCompile normal arm64 /Users/admin/builder/spi-builder-workspace/.dependencies/checkouts/Kingfisher/Sources/Utility/CallbackQueue.swift (in target 'Kingfisher' from project 'Kingfisher')
cd /Users/admin/builder/spi-builder-workspace/.swiftpm/xcode
builtin-SwiftPerFileCompile CallbackQueue.swift
SwiftCompile normal arm64 /Users/admin/builder/spi-builder-workspace/.dependencies/checkouts/Kingfisher/Sources/Utility/CancellationToken.swift (in target 'Kingfisher' from project 'Kingfisher')
cd /Users/admin/builder/spi-builder-workspace/.swiftpm/xcode
builtin-SwiftPerFileCompile CancellationToken.swift
SwiftCompile normal arm64 Compiling\ KFImageProtocol.swift,\ KFImageRenderer.swift,\ Box.swift /Users/admin/builder/spi-builder-workspace/.dependencies/checkouts/Kingfisher/Sources/SwiftUI/KFImageProtocol.swift /Users/admin/builder/spi-builder-workspace/.dependencies/checkouts/Kingfisher/Sources/SwiftUI/KFImageRenderer.swift /Users/admin/builder/spi-builder-workspace/.dependencies/checkouts/Kingfisher/Sources/Utility/Box.swift (in target 'Kingfisher' from project 'Kingfisher')
SwiftCompile normal arm64 /Users/admin/builder/spi-builder-workspace/.dependencies/checkouts/Kingfisher/Sources/SwiftUI/KFImageProtocol.swift (in target 'Kingfisher' from project 'Kingfisher')
cd /Users/admin/builder/spi-builder-workspace/.swiftpm/xcode
builtin-SwiftPerFileCompile KFImageProtocol.swift
SwiftCompile normal arm64 /Users/admin/builder/spi-builder-workspace/.dependencies/checkouts/Kingfisher/Sources/SwiftUI/KFImageRenderer.swift (in target 'Kingfisher' from project 'Kingfisher')
cd /Users/admin/builder/spi-builder-workspace/.swiftpm/xcode
builtin-SwiftPerFileCompile KFImageRenderer.swift
SwiftCompile normal arm64 /Users/admin/builder/spi-builder-workspace/.dependencies/checkouts/Kingfisher/Sources/Utility/Box.swift (in target 'Kingfisher' from project 'Kingfisher')
cd /Users/admin/builder/spi-builder-workspace/.swiftpm/xcode
builtin-SwiftPerFileCompile Box.swift
SwiftCompile normal arm64 Compiling\ Delegate.swift,\ DisplayLink.swift /Users/admin/builder/spi-builder-workspace/.dependencies/checkouts/Kingfisher/Sources/Utility/Delegate.swift /Users/admin/builder/spi-builder-workspace/.dependencies/checkouts/Kingfisher/Sources/Utility/DisplayLink.swift (in target 'Kingfisher' from project 'Kingfisher')
SwiftCompile normal arm64 /Users/admin/builder/spi-builder-workspace/.dependencies/checkouts/Kingfisher/Sources/Utility/Delegate.swift (in target 'Kingfisher' from project 'Kingfisher')
cd /Users/admin/builder/spi-builder-workspace/.swiftpm/xcode
builtin-SwiftPerFileCompile Delegate.swift
SwiftCompile normal arm64 /Users/admin/builder/spi-builder-workspace/.dependencies/checkouts/Kingfisher/Sources/Utility/DisplayLink.swift (in target 'Kingfisher' from project 'Kingfisher')
cd /Users/admin/builder/spi-builder-workspace/.swiftpm/xcode
builtin-SwiftPerFileCompile DisplayLink.swift
SwiftExplicitDependencyCompileModuleFromInterface arm64 /Users/admin/builder/spi-builder-workspace/.derivedData/SDKExplicitPrecompiledModules/RealityCoreRenderer-1BXNYUA9X4EGQ.swiftmodule
SwiftDriverJobDiscovery normal arm64 Compiling CallbackQueue.swift, CancellationToken.swift (in target 'Kingfisher' from project 'Kingfisher')
SwiftExplicitDependencyCompileModuleFromInterface arm64 /Users/admin/builder/spi-builder-workspace/.derivedData/SDKExplicitPrecompiledModules/RealityFoundationCloth-21YG2223CW7S9.swiftmodule
SwiftDriverJobDiscovery normal arm64 Compiling Source.swift, KF.swift, SessionDataTask.swift (in target 'Kingfisher' from project 'Kingfisher')
SwiftCompile normal arm64 Compiling\ NetworkMonitor.swift /Users/admin/builder/spi-builder-workspace/.dependencies/checkouts/Kingfisher/Sources/Networking/NetworkMonitor.swift (in target 'Kingfisher' from project 'Kingfisher')
SwiftCompile normal arm64 /Users/admin/builder/spi-builder-workspace/.dependencies/checkouts/Kingfisher/Sources/Networking/NetworkMonitor.swift (in target 'Kingfisher' from project 'Kingfisher')
cd /Users/admin/builder/spi-builder-workspace/.swiftpm/xcode
builtin-SwiftPerFileCompile NetworkMonitor.swift
SwiftDriverJobDiscovery normal arm64 Compiling Delegate.swift, DisplayLink.swift (in target 'Kingfisher' from project 'Kingfisher')
SwiftCompile normal arm64 Compiling\ Runtime.swift /Users/admin/builder/spi-builder-workspace/.dependencies/checkouts/Kingfisher/Sources/Utility/Runtime.swift (in target 'Kingfisher' from project 'Kingfisher')
SwiftCompile normal arm64 /Users/admin/builder/spi-builder-workspace/.dependencies/checkouts/Kingfisher/Sources/Utility/Runtime.swift (in target 'Kingfisher' from project 'Kingfisher')
cd /Users/admin/builder/spi-builder-workspace/.swiftpm/xcode
builtin-SwiftPerFileCompile Runtime.swift
SwiftDriverJobDiscovery normal arm64 Compiling NSTextAttachment+Kingfisher.swift, PHLivePhotoView+Kingfisher.swift, UIButton+Kingfisher.swift (in target 'Kingfisher' from project 'Kingfisher')
SwiftCompile normal arm64 Compiling\ NetworkMetrics.swift /Users/admin/builder/spi-builder-workspace/.dependencies/checkouts/Kingfisher/Sources/Networking/NetworkMetrics.swift (in target 'Kingfisher' from project 'Kingfisher')
SwiftCompile normal arm64 /Users/admin/builder/spi-builder-workspace/.dependencies/checkouts/Kingfisher/Sources/Networking/NetworkMetrics.swift (in target 'Kingfisher' from project 'Kingfisher')
cd /Users/admin/builder/spi-builder-workspace/.swiftpm/xcode
builtin-SwiftPerFileCompile NetworkMetrics.swift
SwiftDriverJobDiscovery normal arm64 Compiling HasImageComponent+Kingfisher.swift, ImageView+Kingfisher.swift, NSButton+Kingfisher.swift (in target 'Kingfisher' from project 'Kingfisher')
SwiftCompile normal arm64 Compiling\ RedirectHandler.swift /Users/admin/builder/spi-builder-workspace/.dependencies/checkouts/Kingfisher/Sources/Networking/RedirectHandler.swift (in target 'Kingfisher' from project 'Kingfisher')
SwiftCompile normal arm64 /Users/admin/builder/spi-builder-workspace/.dependencies/checkouts/Kingfisher/Sources/Networking/RedirectHandler.swift (in target 'Kingfisher' from project 'Kingfisher')
cd /Users/admin/builder/spi-builder-workspace/.swiftpm/xcode
builtin-SwiftPerFileCompile RedirectHandler.swift
SwiftCompile normal arm64 Compiling\ String+SHA256.swift /Users/admin/builder/spi-builder-workspace/.dependencies/checkouts/Kingfisher/Sources/Utility/String+SHA256.swift (in target 'Kingfisher' from project 'Kingfisher')
SwiftCompile normal arm64 /Users/admin/builder/spi-builder-workspace/.dependencies/checkouts/Kingfisher/Sources/Utility/String+SHA256.swift (in target 'Kingfisher' from project 'Kingfisher')
cd /Users/admin/builder/spi-builder-workspace/.swiftpm/xcode
builtin-SwiftPerFileCompile String+SHA256.swift
SwiftCompile normal arm64 Compiling\ GIFAnimatedImage.swift,\ Image.swift /Users/admin/builder/spi-builder-workspace/.dependencies/checkouts/Kingfisher/Sources/Image/GIFAnimatedImage.swift /Users/admin/builder/spi-builder-workspace/.dependencies/checkouts/Kingfisher/Sources/Image/Image.swift (in target 'Kingfisher' from project 'Kingfisher')
SwiftCompile normal arm64 /Users/admin/builder/spi-builder-workspace/.dependencies/checkouts/Kingfisher/Sources/Image/GIFAnimatedImage.swift (in target 'Kingfisher' from project 'Kingfisher')
cd /Users/admin/builder/spi-builder-workspace/.swiftpm/xcode
builtin-SwiftPerFileCompile GIFAnimatedImage.swift
SwiftCompile normal arm64 /Users/admin/builder/spi-builder-workspace/.dependencies/checkouts/Kingfisher/Sources/Image/Image.swift (in target 'Kingfisher' from project 'Kingfisher')
cd /Users/admin/builder/spi-builder-workspace/.swiftpm/xcode
builtin-SwiftPerFileCompile Image.swift
SwiftDriverJobDiscovery normal arm64 Compiling Runtime.swift (in target 'Kingfisher' from project 'Kingfisher')
SwiftCompile normal arm64 Compiling\ KingfisherManager+LivePhoto.swift,\ KingfisherManager.swift /Users/admin/builder/spi-builder-workspace/.dependencies/checkouts/Kingfisher/Sources/General/KingfisherManager+LivePhoto.swift /Users/admin/builder/spi-builder-workspace/.dependencies/checkouts/Kingfisher/Sources/General/KingfisherManager.swift (in target 'Kingfisher' from project 'Kingfisher')
SwiftCompile normal arm64 /Users/admin/builder/spi-builder-workspace/.dependencies/checkouts/Kingfisher/Sources/General/KingfisherManager+LivePhoto.swift (in target 'Kingfisher' from project 'Kingfisher')
cd /Users/admin/builder/spi-builder-workspace/.swiftpm/xcode
builtin-SwiftPerFileCompile KingfisherManager+LivePhoto.swift
SwiftCompile normal arm64 /Users/admin/builder/spi-builder-workspace/.dependencies/checkouts/Kingfisher/Sources/General/KingfisherManager.swift (in target 'Kingfisher' from project 'Kingfisher')
cd /Users/admin/builder/spi-builder-workspace/.swiftpm/xcode
builtin-SwiftPerFileCompile KingfisherManager.swift
SwiftDriverJobDiscovery normal arm64 Compiling NetworkMonitor.swift (in target 'Kingfisher' from project 'Kingfisher')
SwiftCompile normal arm64 Compiling\ RetryStrategy.swift /Users/admin/builder/spi-builder-workspace/.dependencies/checkouts/Kingfisher/Sources/Networking/RetryStrategy.swift (in target 'Kingfisher' from project 'Kingfisher')
SwiftCompile normal arm64 /Users/admin/builder/spi-builder-workspace/.dependencies/checkouts/Kingfisher/Sources/Networking/RetryStrategy.swift (in target 'Kingfisher' from project 'Kingfisher')
cd /Users/admin/builder/spi-builder-workspace/.swiftpm/xcode
builtin-SwiftPerFileCompile RetryStrategy.swift
SwiftEmitModule normal arm64 Emitting\ module\ for\ PovioKitUtilities (in target 'PovioKitUtilities' from project 'PovioKit')
/Users/admin/builder/spi-builder-workspace/Sources/Utilities/Camera/Camera.swift:47:33: error: 'AVCaptureVideoPreviewLayer' is unavailable in visionOS
45 | // Communicate with the session and other session objects on this queue.
46 | let sessionQueue = DispatchQueue(label: "com.poviokit.camera")
47 | public lazy var previewLayer: AVCaptureVideoPreviewLayer = {
| `- error: 'AVCaptureVideoPreviewLayer' is unavailable in visionOS
48 | let previewLayer = AVCaptureVideoPreviewLayer(session: session)
49 | previewLayer.videoGravity = AVLayerVideoGravity.resizeAspectFill
/Applications/Xcode-27.0.0-Release.Candidate.app/Contents/Developer/Platforms/XROS.platform/Developer/SDKs/XROS27.0.sdk/System/Library/Frameworks/AVFoundation.framework/Headers/AVCaptureVideoPreviewLayer.h:33:12: note: 'AVCaptureVideoPreviewLayer' has been explicitly marked unavailable here
31 | */
32 | API_AVAILABLE(macos(10.7), ios(4.0), macCatalyst(14.0), tvos(17.0)) API_UNAVAILABLE(visionos) API_UNAVAILABLE(watchos)
33 | @interface AVCaptureVideoPreviewLayer : CALayer
| `- note: 'AVCaptureVideoPreviewLayer' has been explicitly marked unavailable here
34 | {
35 | @private
/Users/admin/builder/spi-builder-workspace/Sources/Utilities/Camera/Camera.swift:48:24: error: 'AVCaptureVideoPreviewLayer' is unavailable in visionOS
46 | let sessionQueue = DispatchQueue(label: "com.poviokit.camera")
47 | public lazy var previewLayer: AVCaptureVideoPreviewLayer = {
48 | let previewLayer = AVCaptureVideoPreviewLayer(session: session)
| `- error: 'AVCaptureVideoPreviewLayer' is unavailable in visionOS
49 | previewLayer.videoGravity = AVLayerVideoGravity.resizeAspectFill
50 |
/Applications/Xcode-27.0.0-Release.Candidate.app/Contents/Developer/Platforms/XROS.platform/Developer/SDKs/XROS27.0.sdk/System/Library/Frameworks/AVFoundation.framework/Headers/AVCaptureVideoPreviewLayer.h:33:12: note: 'AVCaptureVideoPreviewLayer' has been explicitly marked unavailable here
31 | */
32 | API_AVAILABLE(macos(10.7), ios(4.0), macCatalyst(14.0), tvos(17.0)) API_UNAVAILABLE(visionos) API_UNAVAILABLE(watchos)
33 | @interface AVCaptureVideoPreviewLayer : CALayer
| `- note: 'AVCaptureVideoPreviewLayer' has been explicitly marked unavailable here
34 | {
35 | @private
/Users/admin/builder/spi-builder-workspace/Sources/Utilities/Camera/Camera.swift:58:44: error: 'DeviceType' is only available in visionOS 2.1 or newer
10 | import Foundation
11 |
12 | public class Camera: NSObject, @unchecked Sendable {
| `- note: add '@available' attribute to enclosing class
13 | // MARK: - Threading model
14 | //
:
56 |
57 | private let stateLock = NSLock()
58 | private var _deviceType: AVCaptureDevice.DeviceType = .builtInWideAngleCamera
| `- error: 'DeviceType' is only available in visionOS 2.1 or newer
59 | private var _cameraPosition: CameraPosition = .back
60 |
/Users/admin/builder/spi-builder-workspace/Sources/Utilities/Camera/Camera.swift:58:58: error: 'builtInWideAngleCamera' is only available in visionOS 2.1 or newer
10 | import Foundation
11 |
12 | public class Camera: NSObject, @unchecked Sendable {
| `- note: add '@available' attribute to enclosing class
13 | // MARK: - Threading model
14 | //
:
56 |
57 | private let stateLock = NSLock()
58 | private var _deviceType: AVCaptureDevice.DeviceType = .builtInWideAngleCamera
| `- error: 'builtInWideAngleCamera' is only available in visionOS 2.1 or newer
59 | private var _cameraPosition: CameraPosition = .back
60 |
/Users/admin/builder/spi-builder-workspace/Sources/Utilities/Camera/Camera.swift:61:42: error: 'DeviceType' is only available in visionOS 2.1 or newer
10 | import Foundation
11 |
12 | public class Camera: NSObject, @unchecked Sendable {
| `- note: add '@available' attribute to enclosing class
13 | // MARK: - Threading model
14 | //
:
59 | private var _cameraPosition: CameraPosition = .back
60 |
61 | public var deviceType: AVCaptureDevice.DeviceType {
| | `- error: 'DeviceType' is only available in visionOS 2.1 or newer
| `- note: add '@available' attribute to enclosing property
62 | get { stateLock.withLock { _deviceType } }
63 | set { stateLock.withLock { _deviceType = newValue } }
/Users/admin/builder/spi-builder-workspace/Sources/Utilities/Camera/Camera.swift:106:30: error: 'Preset' is unavailable in visionOS
104 | /// configuration block, after the input has been added.
105 | func reconfigureSession(
106 | preset: AVCaptureSession.Preset? = nil,
| `- error: 'Preset' is unavailable in visionOS
107 | prepareDevice: (AVCaptureDevice) throws -> Void = { _ in },
108 | configureOutputs: (AVCaptureDevice) throws -> Void
/Applications/Xcode-27.0.0-Release.Candidate.app/Contents/Developer/Platforms/XROS.platform/Developer/SDKs/XROS27.0.sdk/System/Library/Frameworks/AVFoundation.framework/Headers/AVCaptureSessionPreset.h:21:20: note: 'Preset' has been explicitly marked unavailable here
19 | Clients may use an AVCaptureSessionPreset to set the format for output on an AVCaptureSession.
20 | */
21 | typedef NSString * AVCaptureSessionPreset NS_TYPED_ENUM API_AVAILABLE(macos(10.7), ios(4.0), macCatalyst(14.0), tvos(17.0)) API_UNAVAILABLE(visionos) API_UNAVAILABLE(watchos);
| `- note: 'Preset' has been explicitly marked unavailable here
22 |
23 | /*!
/Users/admin/builder/spi-builder-workspace/Sources/Utilities/Camera/Camera.swift:192:37: error: 'DeviceType' is only available in visionOS 2.1 or newer
136 |
137 | // MARK: - Public Methods
138 | public extension Camera {
| `- note: add '@available' attribute to enclosing extension
139 | var isTorchAvailable: Bool {
140 | device.map { $0.hasTorch && $0.isTorchAvailable } ?? false
:
189 |
190 | /// Check if camera is available on device
191 | func isCameraAvailable(
| `- note: add '@available' attribute to enclosing instance method
192 | for deviceType: AVCaptureDevice.DeviceType,
| `- error: 'DeviceType' is only available in visionOS 2.1 or newer
193 | position: Camera.CameraPosition
194 | ) -> Bool {
/Users/admin/builder/spi-builder-workspace/Sources/Utilities/Camera/QRCodeScanner.swift:18:32: error: 'AVCaptureMetadataOutput' is unavailable in visionOS
16 | public class QRCodeScanner: Camera, @unchecked Sendable {
17 | public weak var delegate: QRCodeScannerDelegate?
18 | private let metadataOutput = AVCaptureMetadataOutput()
| `- error: 'AVCaptureMetadataOutput' is unavailable in visionOS
19 |
20 | public init(delegate: QRCodeScannerDelegate? = nil) {
/Applications/Xcode-27.0.0-Release.Candidate.app/Contents/Developer/Platforms/XROS.platform/Developer/SDKs/XROS27.0.sdk/System/Library/Frameworks/AVFoundation.framework/Headers/AVCaptureMetadataOutput.h:29:12: note: 'AVCaptureMetadataOutput' has been explicitly marked unavailable here
27 | */
28 | API_AVAILABLE(macos(13.0), ios(6.0), macCatalyst(14.0), tvos(17.0)) API_UNAVAILABLE(visionos) API_UNAVAILABLE(watchos)
29 | @interface AVCaptureMetadataOutput : AVCaptureOutput
| `- note: 'AVCaptureMetadataOutput' has been explicitly marked unavailable here
30 | {
31 | @private
/Users/admin/builder/spi-builder-workspace/Sources/Utilities/Camera/QRCodeScanner.swift:35:40: error: 'AVCaptureMetadataOutput' is unavailable in visionOS
33 | // MARK: - AVCapture Metadata Output Delegate
34 | extension QRCodeScanner: AVCaptureMetadataOutputObjectsDelegate {
35 | public func metadataOutput(_ output: AVCaptureMetadataOutput, didOutput metadataObjects: [AVMetadataObject], from connection: AVCaptureConnection) {
| `- error: 'AVCaptureMetadataOutput' is unavailable in visionOS
36 | guard session.isRunning else { return }
37 | guard let scannedObject = metadataObjects.first as? AVMetadataMachineReadableCodeObject,
/Applications/Xcode-27.0.0-Release.Candidate.app/Contents/Developer/Platforms/XROS.platform/Developer/SDKs/XROS27.0.sdk/System/Library/Frameworks/AVFoundation.framework/Headers/AVCaptureMetadataOutput.h:29:12: note: 'AVCaptureMetadataOutput' has been explicitly marked unavailable here
27 | */
28 | API_AVAILABLE(macos(13.0), ios(6.0), macCatalyst(14.0), tvos(17.0)) API_UNAVAILABLE(visionos) API_UNAVAILABLE(watchos)
29 | @interface AVCaptureMetadataOutput : AVCaptureOutput
| `- note: 'AVCaptureMetadataOutput' has been explicitly marked unavailable here
30 | {
31 | @private
/Users/admin/builder/spi-builder-workspace/Sources/Utilities/Camera/QRCodeScanner.swift:35:93: error: 'AVMetadataObject' is unavailable in visionOS
33 | // MARK: - AVCapture Metadata Output Delegate
34 | extension QRCodeScanner: AVCaptureMetadataOutputObjectsDelegate {
35 | public func metadataOutput(_ output: AVCaptureMetadataOutput, didOutput metadataObjects: [AVMetadataObject], from connection: AVCaptureConnection) {
| `- error: 'AVMetadataObject' is unavailable in visionOS
36 | guard session.isRunning else { return }
37 | guard let scannedObject = metadataObjects.first as? AVMetadataMachineReadableCodeObject,
/Applications/Xcode-27.0.0-Release.Candidate.app/Contents/Developer/Platforms/XROS.platform/Developer/SDKs/XROS27.0.sdk/System/Library/Frameworks/AVFoundation.framework/Headers/AVMetadataObject.h:44:12: note: 'AVMetadataObject' has been explicitly marked unavailable here
42 | */
43 | API_AVAILABLE(macos(10.10), ios(6.0), macCatalyst(14.0), tvos(9.0)) API_UNAVAILABLE(watchos, visionos)
44 | @interface AVMetadataObject : NSObject
| `- note: 'AVMetadataObject' has been explicitly marked unavailable here
45 | {
46 | @private
/Users/admin/builder/spi-builder-workspace/Sources/Utilities/Camera/QRCodeScanner.swift:34:26: error: 'AVCaptureMetadataOutputObjectsDelegate' is unavailable in visionOS
32 |
33 | // MARK: - AVCapture Metadata Output Delegate
34 | extension QRCodeScanner: AVCaptureMetadataOutputObjectsDelegate {
| `- error: 'AVCaptureMetadataOutputObjectsDelegate' is unavailable in visionOS
35 | public func metadataOutput(_ output: AVCaptureMetadataOutput, didOutput metadataObjects: [AVMetadataObject], from connection: AVCaptureConnection) {
36 | guard session.isRunning else { return }
/Applications/Xcode-27.0.0-Release.Candidate.app/Contents/Developer/Platforms/XROS.platform/Developer/SDKs/XROS27.0.sdk/System/Library/Frameworks/AVFoundation.framework/Headers/AVCaptureMetadataOutput.h:126:11: note: 'AVCaptureMetadataOutputObjectsDelegate' has been explicitly marked unavailable here
124 | */
125 | API_AVAILABLE(macos(13.0), ios(6.0), macCatalyst(14.0), tvos(17.0)) API_UNAVAILABLE(visionos) API_UNAVAILABLE(watchos)
126 | @protocol AVCaptureMetadataOutputObjectsDelegate <NSObject>
| `- note: 'AVCaptureMetadataOutputObjectsDelegate' has been explicitly marked unavailable here
127 |
128 | @optional
Failed frontend command:
/Applications/Xcode-27.0.0-Release.Candidate.app/Contents/Developer/Toolchains/XcodeDefault.xctoolchain/usr/bin/swift-frontend -frontend -emit-module -experimental-skip-non-inlinable-function-bodies-without-types /Users/admin/builder/spi-builder-workspace/.derivedData/Build/Intermediates.noindex/PovioKit.build/Debug-xros/PovioKitUtilities-t.build/DerivedSources/resource_bundle_accessor.swift /Users/admin/builder/spi-builder-workspace/Sources/Utilities/AppVersionValidator/AppVersionValidator.swift /Users/admin/builder/spi-builder-workspace/Sources/Utilities/AttributedStringBuilder/AttributedStringBuilder.swift /Users/admin/builder/spi-builder-workspace/Sources/Utilities/AttributedStringBuilder/UILabel+BuilderCompatible.swift /Users/admin/builder/spi-builder-workspace/Sources/Utilities/AttributedStringBuilder/UITextField+BuilderCompatible.swift /Users/admin/builder/spi-builder-workspace/Sources/Utilities/Broadcast/Broadcast.swift /Users/admin/builder/spi-builder-workspace/Sources/Utilities/BundleReader/BundleReader.swift /Users/admin/builder/spi-builder-workspace/Sources/Utilities/Camera/Camera+PovioKit.swift /Users/admin/builder/spi-builder-workspace/Sources/Utilities/Camera/Camera.swift /Users/admin/builder/spi-builder-workspace/Sources/Utilities/Camera/CameraService.swift /Users/admin/builder/spi-builder-workspace/Sources/Utilities/Camera/PhotoCamera.swift /Users/admin/builder/spi-builder-workspace/Sources/Utilities/Camera/QRCodeScanner.swift /Users/admin/builder/spi-builder-workspace/Sources/Utilities/ColorInterpolator/ColorInterpolator.swift /Users/admin/builder/spi-builder-workspace/Sources/Utilities/Debouncer/Debouncer.swift /Users/admin/builder/spi-builder-workspace/Sources/Utilities/Delegated/Delegated.swift /Users/admin/builder/spi-builder-workspace/Sources/Utilities/DispatchTimer/DispatchTimer.swift /Users/admin/builder/spi-builder-workspace/Sources/Utilities/Exif/Exif.swift /Users/admin/builder/spi-builder-workspace/Sources/Utilities/Exif/ExifError.swift /Users/admin/builder/spi-builder-workspace/Sources/Utilities/Exif/ExifImageSource.swift /Users/admin/builder/spi-builder-workspace/Sources/Utilities/InAppPurchase/InAppPurchaseError.swift /Users/admin/builder/spi-builder-workspace/Sources/Utilities/InAppPurchase/InAppPurchaseService.swift /Users/admin/builder/spi-builder-workspace/Sources/Utilities/MediaPlayer/AudioPlayer.swift /Users/admin/builder/spi-builder-workspace/Sources/Utilities/MediaPlayer/MediaPlayer+Models.swift /Users/admin/builder/spi-builder-workspace/Sources/Utilities/MediaPlayer/MediaPlayer.swift /Users/admin/builder/spi-builder-workspace/Sources/Utilities/MediaPlayer/MediaStream.swift /Users/admin/builder/spi-builder-workspace/Sources/Utilities/Money/Money+Currency.swift /Users/admin/builder/spi-builder-workspace/Sources/Utilities/Money/Money+Defaults.swift /Users/admin/builder/spi-builder-workspace/Sources/Utilities/Money/Money+Extensions.swift /Users/admin/builder/spi-builder-workspace/Sources/Utilities/Money/Money.swift /Users/admin/builder/spi-builder-workspace/Sources/Utilities/PropertyWrapper/UserDefault.swift /Users/admin/builder/spi-builder-workspace/Sources/Utilities/PropertyWrapper/XCConfigValue.swift /Users/admin/builder/spi-builder-workspace/Sources/Utilities/StartupService/StartupProcess.swift /Users/admin/builder/spi-builder-workspace/Sources/Utilities/StartupService/StartupProcessService.swift -target arm64-apple-xros1.0 -disable-cross-import-overlay-search -swift-module-cross-import AVKit /Applications/Xcode-27.0.0-Release.Candidate.app/Contents/Developer/Platforms/XROS.platform/Developer/SDKs/XROS.sdk/System/Library/Frameworks/AVKit.framework/Modules/AVKit.swiftcrossimport/GroupActivities.swiftoverlay -swift-module-cross-import AVKit /Applications/Xcode-27.0.0-Release.Candidate.app/Contents/Developer/Platforms/XROS.platform/Developer/SDKs/XROS.sdk/System/Library/Frameworks/AVKit.framework/Modules/AVKit.swiftcrossimport/SwiftUI.swiftoverlay -swift-module-cross-import AVKit /Applications/Xcode-27.0.0-Release.Candidate.app/Contents/Developer/Platforms/XROS.platform/Developer/SDKs/XROS27.0.sdk/System/Library/Frameworks/AVKit.framework/Modules/AVKit.swiftcrossimport/GroupActivities.swiftoverlay -swift-module-cross-import AVKit /Applications/Xcode-27.0.0-Release.Candidate.app/Contents/Developer/Platforms/XROS.platform/Developer/SDKs/XROS27.0.sdk/System/Library/Frameworks/AVKit.framework/Modules/AVKit.swiftcrossimport/SwiftUI.swiftoverlay -swift-module-cross-import StoreKit /Applications/Xcode-27.0.0-Release.Candidate.app/Contents/Developer/Platforms/XROS.platform/Developer/SDKs/XROS.sdk/System/Library/Frameworks/StoreKit.framework/Modules/StoreKit.swiftcrossimport/SwiftUI.swiftoverlay -swift-module-cross-import StoreKit /Applications/Xcode-27.0.0-Release.Candidate.app/Contents/Developer/Platforms/XROS.platform/Developer/SDKs/XROS27.0.sdk/System/Library/Frameworks/StoreKit.framework/Modules/StoreKit.swiftcrossimport/SwiftUI.swiftoverlay -load-resolved-plugin /Applications/Xcode-27.0.0-Release.Candidate.app/Contents/Developer/Platforms/XROS.platform/Developer/usr/lib/swift/host/plugins/libFoundationMacros.dylib\#/Applications/Xcode-27.0.0-Release.Candidate.app/Contents/Developer/Platforms/XROS.platform/Developer/usr/bin/swift-plugin-server\#FoundationMacros -load-resolved-plugin /Applications/Xcode-27.0.0-Release.Candidate.app/Contents/Developer/Platforms/XROS.platform/Developer/usr/lib/swift/host/plugins/libObservationMacros.dylib\#/Applications/Xcode-27.0.0-Release.Candidate.app/Contents/Developer/Platforms/XROS.platform/Developer/usr/bin/swift-plugin-server\#ObservationMacros -load-resolved-plugin /Applications/Xcode-27.0.0-Release.Candidate.app/Contents/Developer/Platforms/XROS.platform/Developer/usr/lib/swift/host/plugins/libPreviewsMacros.dylib\#/Applications/Xcode-27.0.0-Release.Candidate.app/Contents/Developer/Platforms/XROS.platform/Developer/usr/bin/swift-plugin-server\#PreviewsMacros -load-resolved-plugin /Applications/Xcode-27.0.0-Release.Candidate.app/Contents/Developer/Platforms/XROS.platform/Developer/usr/lib/swift/host/plugins/libSwiftMacros.dylib\#/Applications/Xcode-27.0.0-Release.Candidate.app/Contents/Developer/Platforms/XROS.platform/Developer/usr/bin/swift-plugin-server\#SwiftMacros -load-resolved-plugin /Applications/Xcode-27.0.0-Release.Candidate.app/Contents/Developer/Platforms/XROS.platform/Developer/usr/lib/swift/host/plugins/libSwiftUIMacros.dylib\#/Applications/Xcode-27.0.0-Release.Candidate.app/Contents/Developer/Platforms/XROS.platform/Developer/usr/bin/swift-plugin-server\#SwiftUIMacros -disable-implicit-swift-modules -Xcc -fno-implicit-modules -Xcc -fno-implicit-module-maps -explicit-swift-module-map-file /Users/admin/builder/spi-builder-workspace/.derivedData/Build/Intermediates.noindex/PovioKit.build/Debug-xros/PovioKitUtilities-t.build/Objects-normal/arm64/PovioKitUtilities-dependencies-1.json -Xllvm -aarch64-use-tbi -enable-objc-interop -stack-check -sdk /Applications/Xcode-27.0.0-Release.Candidate.app/Contents/Developer/Platforms/XROS.platform/Developer/SDKs/XROS27.0.sdk -I /Users/admin/builder/spi-builder-workspace/.derivedData/Build/Products/Debug-xros -Isystem /Applications/Xcode-27.0.0-Release.Candidate.app/Contents/Developer/Platforms/XROS.platform/Developer/usr/lib -F /Users/admin/builder/spi-builder-workspace/.derivedData/Build/Products/Debug-xros/PackageFrameworks -F /Users/admin/builder/spi-builder-workspace/.derivedData/Build/Products/Debug-xros -F /Applications/Xcode-27.0.0-Release.Candidate.app/Contents/Developer/Platforms/XROS.platform/Developer/Library/Frameworks -F /Applications/Xcode-27.0.0-Release.Candidate.app/Contents/Developer/Platforms/XROS.platform/Developer/SDKs/XROS27.0.sdk/Developer/Library/Frameworks -module-cache-path /Users/admin/builder/spi-builder-workspace/.derivedData/Build/Intermediates.noindex/SwiftExplicitPrecompiledModules -no-color-diagnostics -Xcc -fno-color-diagnostics -enable-testing -g -debug-info-format\=dwarf -dwarf-version\=4 -profile-generate -profile-coverage-mapping -swift-version 6 -Onone -D SWIFT_PACKAGE -D DEBUG -D SWIFT_MODULE_RESOURCE_BUNDLE_AVAILABLE -D Xcode -serialize-debugging-options -enable-experimental-feature DebugDescriptionMacro -empty-abi-descriptor -validate-clang-modules-once -clang-build-session-file /Users/admin/builder/spi-builder-workspace/.derivedData/ModuleCache.noindex/Session.modulevalidation -Xcc -working-directory -Xcc /Users/admin/builder/spi-builder-workspace/.swiftpm/xcode -enable-anonymous-context-mangled-names -file-compilation-dir /Users/admin/builder/spi-builder-workspace/.swiftpm/xcode -Xcc -D_LIBCPP_HARDENING_MODE\=_LIBCPP_HARDENING_MODE_DEBUG -Xcc -ivfsstatcache -Xcc /Users/admin/builder/spi-builder-workspace/.derivedData/SDKStatCaches.noindex/xros27.0-24M361-e829b21a6f8c9b70876ba0858053c044735bd543db762f57723cac368afd1ce4.sdkstatcache -Xcc -fmodules-prune-interval\=86400 -Xcc -fmodules-prune-after\=345600 -Xcc -I/Users/admin/builder/spi-builder-workspace/.derivedData/Build/Products/Debug-xros/include -Xcc -I/Users/admin/builder/spi-builder-workspace/.derivedData/Build/Intermediates.noindex/PovioKit.build/Debug-xros/PovioKitUtilities-t.build/DerivedSources-normal/arm64 -Xcc -I/Users/admin/builder/spi-builder-workspace/.derivedData/Build/Intermediates.noindex/PovioKit.build/Debug-xros/PovioKitUtilities-t.build/DerivedSources/arm64 -Xcc -I/Users/admin/builder/spi-builder-workspace/.derivedData/Build/Intermediates.noindex/PovioKit.build/Debug-xros/PovioKitUtilities-t.build/DerivedSources -Xcc -DSWIFT_PACKAGE -Xcc -DDEBUG\=1 -no-auto-bridging-header-chaining -module-name PovioKitUtilities -package-name spi_builder_workspace -const-gather-protocols-file /Users/admin/builder/spi-builder-workspace/.derivedData/Build/Intermediates.noindex/PovioKit.build/Debug-xros/PovioKitUtilities-t.build/Objects-normal/arm64/PovioKitUtilities_const_extract_protocols.json -disable-clang-spi -clang-target arm64-apple-xros27.0 -target-sdk-version 27.0 -target-sdk-name xros27.0 -in-process-plugin-server-path /Applications/Xcode-27.0.0-Release.Candidate.app/Contents/Developer/Toolchains/XcodeDefault.xctoolchain/usr/lib/swift/host/libSwiftInProcPluginServer.dylib -emit-module-doc-path /Users/admin/builder/spi-builder-workspace/.derivedData/Build/Intermediates.noindex/PovioKit.build/Debug-xros/PovioKitUtilities-t.build/Objects-normal/arm64/PovioKitUtilities.swiftdoc -emit-module-source-info-path /Users/admin/builder/spi-builder-workspace/.derivedData/Build/Intermediates.noindex/PovioKit.build/Debug-xros/PovioKitUtilities-t.build/Objects-normal/arm64/PovioKitUtilities.swiftsourceinfo -emit-objc-header-path /Users/admin/builder/spi-builder-workspace/.derivedData/Build/Intermediates.noindex/PovioKit.build/Debug-xros/PovioKitUtilities-t.build/Objects-normal/arm64/PovioKitUtilities-Swift.h -serialize-diagnostics-path /Users/admin/builder/spi-builder-workspace/.derivedData/Build/Intermediates.noindex/PovioKit.build/Debug-xros/PovioKitUtilities-t.build/Objects-normal/arm64/PovioKitUtilities-primary-emit-module.dia -emit-dependencies-path /Users/admin/builder/spi-builder-workspace/.derivedData/Build/Intermediates.noindex/PovioKit.build/Debug-xros/PovioKitUtilities-t.build/Objects-normal/arm64/PovioKitUtilities-primary-emit-module.d -parse-as-library -o /Users/admin/builder/spi-builder-workspace/.derivedData/Build/Intermediates.noindex/PovioKit.build/Debug-xros/PovioKitUtilities-t.build/Objects-normal/arm64/PovioKitUtilities.swiftmodule -emit-abi-descriptor-path /Users/admin/builder/spi-builder-workspace/.derivedData/Build/Intermediates.noindex/PovioKit.build/Debug-xros/PovioKitUtilities-t.build/Objects-normal/arm64/PovioKitUtilities.abi.json
SwiftCompile normal arm64 (in target 'PovioKitUtilities' from project 'PovioKit')
cd /Users/admin/builder/spi-builder-workspace/.swiftpm/xcode
SwiftDriverJobDiscovery normal arm64 Compiling NetworkMetrics.swift (in target 'Kingfisher' from project 'Kingfisher')
SwiftEmitModule normal arm64 Emitting\ module\ for\ PovioKitSwiftUI (in target 'PovioKitSwiftUI' from project 'PovioKit')
SwiftCompile normal arm64 (in target 'PovioKitSwiftUI' from project 'PovioKit')
cd /Users/admin/builder/spi-builder-workspace/.swiftpm/xcode
SwiftDriverJobDiscovery normal arm64 Compiling RedirectHandler.swift (in target 'Kingfisher' from project 'Kingfisher')
SwiftCompile normal arm64 Compiling\ DispatchTimer.swift,\ Exif.swift,\ ExifError.swift /Users/admin/builder/spi-builder-workspace/Sources/Utilities/DispatchTimer/DispatchTimer.swift /Users/admin/builder/spi-builder-workspace/Sources/Utilities/Exif/Exif.swift /Users/admin/builder/spi-builder-workspace/Sources/Utilities/Exif/ExifError.swift (in target 'PovioKitUtilities' from project 'PovioKit')
SwiftCompile normal arm64 /Users/admin/builder/spi-builder-workspace/Sources/Utilities/DispatchTimer/DispatchTimer.swift (in target 'PovioKitUtilities' from project 'PovioKit')
cd /Users/admin/builder/spi-builder-workspace/.swiftpm/xcode
builtin-SwiftPerFileCompile DispatchTimer.swift
SwiftCompile normal arm64 /Users/admin/builder/spi-builder-workspace/Sources/Utilities/Exif/Exif.swift (in target 'PovioKitUtilities' from project 'PovioKit')
cd /Users/admin/builder/spi-builder-workspace/.swiftpm/xcode
builtin-SwiftPerFileCompile Exif.swift
SwiftCompile normal arm64 /Users/admin/builder/spi-builder-workspace/Sources/Utilities/Exif/ExifError.swift (in target 'PovioKitUtilities' from project 'PovioKit')
cd /Users/admin/builder/spi-builder-workspace/.swiftpm/xcode
builtin-SwiftPerFileCompile ExifError.swift
SwiftDriverJobDiscovery normal arm64 Compiling String+SHA256.swift (in target 'Kingfisher' from project 'Kingfisher')
SwiftCompile normal arm64 Compiling\ Camera.swift,\ CameraService.swift,\ PhotoCamera.swift,\ QRCodeScanner.swift /Users/admin/builder/spi-builder-workspace/Sources/Utilities/Camera/Camera.swift /Users/admin/builder/spi-builder-workspace/Sources/Utilities/Camera/CameraService.swift /Users/admin/builder/spi-builder-workspace/Sources/Utilities/Camera/PhotoCamera.swift /Users/admin/builder/spi-builder-workspace/Sources/Utilities/Camera/QRCodeScanner.swift (in target 'PovioKitUtilities' from project 'PovioKit')
SwiftCompile normal arm64 /Users/admin/builder/spi-builder-workspace/Sources/Utilities/Camera/Camera.swift (in target 'PovioKitUtilities' from project 'PovioKit')
cd /Users/admin/builder/spi-builder-workspace/.swiftpm/xcode
builtin-SwiftPerFileCompile Camera.swift
SwiftCompile normal arm64 /Users/admin/builder/spi-builder-workspace/Sources/Utilities/Camera/CameraService.swift (in target 'PovioKitUtilities' from project 'PovioKit')
cd /Users/admin/builder/spi-builder-workspace/.swiftpm/xcode
builtin-SwiftPerFileCompile CameraService.swift
SwiftCompile normal arm64 /Users/admin/builder/spi-builder-workspace/Sources/Utilities/Camera/PhotoCamera.swift (in target 'PovioKitUtilities' from project 'PovioKit')
cd /Users/admin/builder/spi-builder-workspace/.swiftpm/xcode
builtin-SwiftPerFileCompile PhotoCamera.swift
SwiftCompile normal arm64 /Users/admin/builder/spi-builder-workspace/Sources/Utilities/Camera/QRCodeScanner.swift (in target 'PovioKitUtilities' from project 'PovioKit')
cd /Users/admin/builder/spi-builder-workspace/.swiftpm/xcode
builtin-SwiftPerFileCompile QRCodeScanner.swift
SwiftCompile normal arm64 Compiling\ ExifImageSource.swift,\ InAppPurchaseError.swift,\ InAppPurchaseService.swift /Users/admin/builder/spi-builder-workspace/Sources/Utilities/Exif/ExifImageSource.swift /Users/admin/builder/spi-builder-workspace/Sources/Utilities/InAppPurchase/InAppPurchaseError.swift /Users/admin/builder/spi-builder-workspace/Sources/Utilities/InAppPurchase/InAppPurchaseService.swift (in target 'PovioKitUtilities' from project 'PovioKit')
SwiftCompile normal arm64 /Users/admin/builder/spi-builder-workspace/Sources/Utilities/Exif/ExifImageSource.swift (in target 'PovioKitUtilities' from project 'PovioKit')
cd /Users/admin/builder/spi-builder-workspace/.swiftpm/xcode
builtin-SwiftPerFileCompile ExifImageSource.swift
SwiftCompile normal arm64 /Users/admin/builder/spi-builder-workspace/Sources/Utilities/InAppPurchase/InAppPurchaseError.swift (in target 'PovioKitUtilities' from project 'PovioKit')
cd /Users/admin/builder/spi-builder-workspace/.swiftpm/xcode
builtin-SwiftPerFileCompile InAppPurchaseError.swift
SwiftCompile normal arm64 /Users/admin/builder/spi-builder-workspace/Sources/Utilities/InAppPurchase/InAppPurchaseService.swift (in target 'PovioKitUtilities' from project 'PovioKit')
cd /Users/admin/builder/spi-builder-workspace/.swiftpm/xcode
builtin-SwiftPerFileCompile InAppPurchaseService.swift
SwiftDriverJobDiscovery normal arm64 Compiling RetryStrategy.swift (in target 'Kingfisher' from project 'Kingfisher')
PruneExplicitPrecompiledModules /Users/admin/builder/spi-builder-workspace/.derivedData/Build/Intermediates.noindex/SwiftExplicitPrecompiledModules
PruneExplicitPrecompiledModules /Users/admin/builder/spi-builder-workspace/.derivedData/SDKExplicitPrecompiledModules
PruneExplicitPrecompiledModules /Users/admin/builder/spi-builder-workspace/.derivedData/Build/Intermediates.noindex/ExplicitPrecompiledModules
2026-10-04 07:20:26.892 xcodebuild[1017:5804] [MT] IDERunDestination: Supported platforms for the buildables in the current scheme is empty.
2026-10-04 07:20:26.996 xcodebuild[1017:5804] [MT] IDERunDestination: Supported platforms for the buildables in the current scheme is empty.
2026-10-04 07:20:27.279 xcodebuild[1017:5804] [MT] IDERunDestination: Supported platforms for the buildables in the current scheme is empty.
** BUILD FAILED **
The following build commands failed:
SwiftEmitModule normal arm64 Emitting\ module\ for\ PovioKitUtilities (in target 'PovioKitUtilities' from project 'PovioKit')
SwiftCompile normal arm64 (in target 'PovioKitUtilities' from project 'PovioKit')
Building workspace PovioKit with scheme PovioKit-Package
(3 failures)
BUILD FAILURE 6.4 visionOS