The Swift Package Index logo.Swift Package Index

Build Information

Failed to build MapplsGeoanalytics, reference main (655937), with Swift 6.2 for watchOS using Xcode 26.3 on 10 Oct 2026 14:19:47 UTC.

Build Command

env DEVELOPER_DIR=/Applications/Xcode-26.3.0.app xcrun xcodebuild -IDEClonedSourcePackagesDirPathOverride=$PWD/.dependencies -skipMacroValidation -skipPackagePluginValidation -derivedDataPath $PWD/.derivedData build -scheme MapplsGeoanalytics -destination generic/platform=watchOS

Build Log

========================================
RunAll
========================================
Builder version: 5.1.1
Interrupt handler set up.
========================================
Checkout
========================================
Clone URL: https://github.com/mappls-api/mappls-geoanalytics-ios-distribution.git
Reference: main
Initialized empty Git repository in /Users/admin/builder/spi-builder-workspace/.git/
From https://github.com/mappls-api/mappls-geoanalytics-ios-distribution
 * branch            main       -> FETCH_HEAD
 * [new branch]      main       -> origin/main
HEAD is now at 6559376 Release MapplsGeoanalytics 2.0.1
Cloned https://github.com/mappls-api/mappls-geoanalytics-ios-distribution.git
Revision (git rev-parse @):
655937603f2eae848eda23597ff99b8086f0787c
SUCCESS checkout https://github.com/mappls-api/mappls-geoanalytics-ios-distribution.git at main
========================================
Build
========================================
Selected platform:         watchOS
Swift version:             6.2
Building package at path:  $PWD
https://github.com/mappls-api/mappls-geoanalytics-ios-distribution.git
Command line invocation:
    /Applications/Xcode-26.3.0.app/Contents/Developer/usr/bin/xcodebuild -IDEClonedSourcePackagesDirPathOverride=/Users/admin/builder/spi-builder-workspace/.dependencies -resolvePackageDependencies
Resolve Package Graph
Resolve Package Graph
Resolved source packages:
  MapplsGeoanalytics: /Users/admin/builder/spi-builder-workspace
resolved source packages: MapplsGeoanalytics
2026-10-10 10:19:22.534 xcodebuild[532:3037] [MT] IDERunDestination: Supported platforms for the buildables in the current scheme is empty.
{
  "dependencies" : [
  ],
  "manifest_display_name" : "MapplsGeoanalytics",
  "name" : "MapplsGeoanalytics",
  "path" : "/Users/admin/builder/spi-builder-workspace",
  "platforms" : [
    {
      "name" : "ios",
      "version" : "13.0"
    }
  ],
  "products" : [
    {
      "name" : "MapplsGeoanalytics",
      "targets" : [
        "MapplsGeoanalytics"
      ],
      "type" : {
        "library" : [
          "automatic"
        ]
      }
    }
  ],
  "targets" : [
    {
      "c99name" : "MapplsGeoanalytics",
      "module_type" : "BinaryTarget",
      "name" : "MapplsGeoanalytics",
      "path" : "remote/archive/MapplsGeoanalytics.xcframework-2.0.1.zip",
      "product_memberships" : [
        "MapplsGeoanalytics"
      ],
      "sources" : [
      ],
      "type" : "binary"
    }
  ],
  "tools_version" : "5.9"
}
{
  "workspace" : {
    "name" : "spi-builder-workspace",
    "schemes" : [
      "MapplsGeoanalytics"
    ]
  }
}
2026-10-10 10:19:40.997 xcodebuild[679:4142] [MT] IDERunDestination: Supported platforms for the buildables in the current scheme is empty.
Running build ...
env DEVELOPER_DIR=/Applications/Xcode-26.3.0.app xcrun xcodebuild -IDEClonedSourcePackagesDirPathOverride=$PWD/.dependencies -skipMacroValidation -skipPackagePluginValidation -derivedDataPath $PWD/.derivedData build -scheme MapplsGeoanalytics -destination generic/platform=watchOS
Command line invocation:
    /Applications/Xcode-26.3.0.app/Contents/Developer/usr/bin/xcodebuild -IDEClonedSourcePackagesDirPathOverride=/Users/admin/builder/spi-builder-workspace/.dependencies -skipMacroValidation -skipPackagePluginValidation -derivedDataPath /Users/admin/builder/spi-builder-workspace/.derivedData build -scheme MapplsGeoanalytics -destination generic/platform=watchOS
Resolve Package Graph
Resolved source packages:
  MapplsGeoanalytics: /Users/admin/builder/spi-builder-workspace
ComputePackagePrebuildTargetDependencyGraph
Prepare packages
CreateBuildRequest
SendProjectDescription
CreateBuildOperation
ComputeTargetDependencyGraph
note: Building targets in dependency order
note: Target dependency graph (1 target)
    Target 'MapplsGeoanalytics' in project 'MapplsGeoanalytics' (no dependencies)
GatherProvisioningInputs
CreateBuildDescription
ExecuteExternalTool /Applications/Xcode-26.3.0.app/Contents/Developer/Toolchains/XcodeDefault.xctoolchain/usr/bin/clang -v -E -dM -isysroot /Applications/Xcode-26.3.0.app/Contents/Developer/Platforms/WatchOS.platform/Developer/SDKs/WatchOS26.2.sdk -x c -c /dev/null
Build description signature: eccc2db63c6b403f8eadbd2d0dda1f29
Build description path: /Users/admin/builder/spi-builder-workspace/.derivedData/Build/Intermediates.noindex/XCBuildData/eccc2db63c6b403f8eadbd2d0dda1f29.xcbuilddata
/Users/admin/builder/spi-builder-workspace/.dependencies/artifacts/spi-builder-workspace/MapplsGeoanalytics/MapplsGeoanalytics.xcframework:1:1: error: While building for watchOS, no library for this platform was found in '/Users/admin/builder/spi-builder-workspace/.dependencies/artifacts/spi-builder-workspace/MapplsGeoanalytics/MapplsGeoanalytics.xcframework'. (in target 'MapplsGeoanalytics' from project 'MapplsGeoanalytics')
2026-10-10 10:19:42.437 xcodebuild[681:4191] [MT] IDERunDestination: Supported platforms for the buildables in the current scheme is empty.
** BUILD FAILED **
The following build commands failed:
	Building workspace spi-builder-workspace with scheme MapplsGeoanalytics
(1 failure)
Command line invocation:
    /Applications/Xcode-26.3.0.app/Contents/Developer/usr/bin/xcodebuild -IDEClonedSourcePackagesDirPathOverride=/Users/admin/builder/spi-builder-workspace/.dependencies -resolvePackageDependencies
Resolve Package Graph
Resolved source packages:
  MapplsGeoanalytics: /Users/admin/builder/spi-builder-workspace
resolved source packages: MapplsGeoanalytics
2026-10-10 10:19:44.783 xcodebuild[694:4288] [MT] IDERunDestination: Supported platforms for the buildables in the current scheme is empty.
{
  "dependencies" : [
  ],
  "manifest_display_name" : "MapplsGeoanalytics",
  "name" : "MapplsGeoanalytics",
  "path" : "/Users/admin/builder/spi-builder-workspace",
  "platforms" : [
    {
      "name" : "ios",
      "version" : "13.0"
    }
  ],
  "products" : [
    {
      "name" : "MapplsGeoanalytics",
      "targets" : [
        "MapplsGeoanalytics"
      ],
      "type" : {
        "library" : [
          "automatic"
        ]
      }
    }
  ],
  "targets" : [
    {
      "c99name" : "MapplsGeoanalytics",
      "module_type" : "BinaryTarget",
      "name" : "MapplsGeoanalytics",
      "path" : "remote/archive/MapplsGeoanalytics.xcframework-2.0.1.zip",
      "product_memberships" : [
        "MapplsGeoanalytics"
      ],
      "sources" : [
      ],
      "type" : "binary"
    }
  ],
  "tools_version" : "5.9"
}
{
  "workspace" : {
    "name" : "spi-builder-workspace",
    "schemes" : [
      "MapplsGeoanalytics"
    ]
  }
}
2026-10-10 10:19:45.843 xcodebuild[702:4352] [MT] IDERunDestination: Supported platforms for the buildables in the current scheme is empty.
Running build ...
env DEVELOPER_DIR=/Applications/Xcode-26.3.0.app xcrun xcodebuild -IDEClonedSourcePackagesDirPathOverride=$PWD/.dependencies -skipMacroValidation -skipPackagePluginValidation -derivedDataPath $PWD/.derivedData build -scheme MapplsGeoanalytics -destination generic/platform=watchOS
Command line invocation:
    /Applications/Xcode-26.3.0.app/Contents/Developer/usr/bin/xcodebuild -IDEClonedSourcePackagesDirPathOverride=/Users/admin/builder/spi-builder-workspace/.dependencies -skipMacroValidation -skipPackagePluginValidation -derivedDataPath /Users/admin/builder/spi-builder-workspace/.derivedData build -scheme MapplsGeoanalytics -destination generic/platform=watchOS
Resolve Package Graph
Resolved source packages:
  MapplsGeoanalytics: /Users/admin/builder/spi-builder-workspace
ComputePackagePrebuildTargetDependencyGraph
Prepare packages
CreateBuildRequest
SendProjectDescription
CreateBuildOperation
ComputeTargetDependencyGraph
note: Building targets in dependency order
note: Target dependency graph (1 target)
    Target 'MapplsGeoanalytics' in project 'MapplsGeoanalytics' (no dependencies)
GatherProvisioningInputs
CreateBuildDescription
ExecuteExternalTool /Applications/Xcode-26.3.0.app/Contents/Developer/Toolchains/XcodeDefault.xctoolchain/usr/bin/clang -v -E -dM -isysroot /Applications/Xcode-26.3.0.app/Contents/Developer/Platforms/WatchOS.platform/Developer/SDKs/WatchOS26.2.sdk -x c -c /dev/null
Build description signature: eccc2db63c6b403f8eadbd2d0dda1f29
Build description path: /Users/admin/builder/spi-builder-workspace/.derivedData/Build/Intermediates.noindex/XCBuildData/eccc2db63c6b403f8eadbd2d0dda1f29.xcbuilddata
/Users/admin/builder/spi-builder-workspace/.dependencies/artifacts/spi-builder-workspace/MapplsGeoanalytics/MapplsGeoanalytics.xcframework:1:1: error: While building for watchOS, no library for this platform was found in '/Users/admin/builder/spi-builder-workspace/.dependencies/artifacts/spi-builder-workspace/MapplsGeoanalytics/MapplsGeoanalytics.xcframework'. (in target 'MapplsGeoanalytics' from project 'MapplsGeoanalytics')
2026-10-10 10:19:46.679 xcodebuild[704:4385] [MT] IDERunDestination: Supported platforms for the buildables in the current scheme is empty.
** BUILD FAILED **
The following build commands failed:
	Building workspace spi-builder-workspace with scheme MapplsGeoanalytics
(1 failure)
BUILD FAILURE 6.2 watchOS