Build Information
Failed to build Layout, reference 0.0.17 (4e6a42), with Swift 6.4 for visionOS using Xcode 27.0 on 24 Sep 2026 08:36:24 UTC.
Build Command
env DEVELOPER_DIR=/Applications/Xcode-27.0.0-Release.Candidate.app xcrun xcodebuild -IDEClonedSourcePackagesDirPathOverride=$PWD/.dependencies -skipMacroValidation -skipPackagePluginValidation -derivedDataPath $PWD/.derivedData build -scheme Layout-Package -destination generic/platform=xrOSBuild Log
========================================
RunAll
========================================
Builder version: 5.1.0
Interrupt handler set up.
========================================
Checkout
========================================
Clone URL: https://github.com/Tinder/Layout.git
Reference: 0.0.17
Initialized empty Git repository in /Users/admin/builder/spi-builder-workspace/.git/
From https://github.com/Tinder/Layout
* tag 0.0.17 -> FETCH_HEAD
HEAD is now at 4e6a429 Apply standard Swift package configuration (#391)
Cloned https://github.com/Tinder/Layout.git
Revision (git rev-parse @):
4e6a429be9a1e33f7a70620425cca8a44d424a02
SPI manifest file found: $PWD/.spi.yml
SUCCESS checkout https://github.com/Tinder/Layout.git at 0.0.17
========================================
Build
========================================
Selected platform: visionOS
Swift version: 6.4
Building package at path: $PWD
https://github.com/Tinder/Layout.git
Command line invocation:
/Applications/Xcode-27.0.0-Release.Candidate.app/Contents/Developer/usr/bin/xcodebuild -IDEClonedSourcePackagesDirPathOverride=/Users/admin/builder/spi-builder-workspace/.dependencies -resolvePackageDependencies
Resolve Package Graph
Fetching from https://github.com/pointfreeco/swift-snapshot-testing.git
Fetching from https://github.com/SimplyDanny/SwiftLintPlugins.git
Fetching from https://github.com/Quick/Nimble.git
Fetching from https://github.com/swiftlang/swift-syntax
Fetching from https://github.com/pointfreeco/swift-custom-dump
Fetching from https://github.com/mattgallagher/CwlPreconditionTesting.git
Fetching from https://github.com/mattgallagher/CwlCatchException.git
Fetching from https://github.com/pointfreeco/swift-issue-reporting
Creating working copy of package ‘swift-custom-dump’
Checking out 1.7.3 of package ‘swift-custom-dump’
Creating working copy of package ‘CwlCatchException’
Checking out 2.2.1 of package ‘CwlCatchException’
Creating working copy of package ‘SwiftLintPlugins’
Checking out 0.59.1 of package ‘SwiftLintPlugins’
Creating working copy of package ‘swift-syntax’
Checking out 602.0.0 of package ‘swift-syntax’
Creating working copy of package ‘swift-snapshot-testing’
Checking out 1.18.9 of package ‘swift-snapshot-testing’
Creating working copy of package ‘Nimble’
Checking out 14.0.0 of package ‘Nimble’
Creating working copy of package ‘CwlPreconditionTesting’
Checking out 2.2.2 of package ‘CwlPreconditionTesting’
Creating working copy of package ‘swift-issue-reporting’
Checking out 2.1.1 of package ‘swift-issue-reporting’
Downloading package prebuilt https://download.swift.org/prebuilts/swift-syntax/602.0.0/swiftlang-6.4.0.34.1-macosx27.0-MacroSupport.zip
Resolve Package Graph
Resolved source packages:
CwlCatchException: https://github.com/mattgallagher/CwlCatchException.git @ 2.2.1
CwlPreconditionTesting: https://github.com/mattgallagher/CwlPreconditionTesting.git @ 2.2.2
swift-syntax: https://github.com/swiftlang/swift-syntax @ 602.0.0
Layout: /Users/admin/builder/spi-builder-workspace
Nimble: https://github.com/Quick/Nimble.git @ 14.0.0
SwiftLintPlugins: https://github.com/SimplyDanny/SwiftLintPlugins.git @ 0.59.1
swift-snapshot-testing: https://github.com/pointfreeco/swift-snapshot-testing.git @ 1.18.9
swift-issue-reporting: https://github.com/pointfreeco/swift-issue-reporting @ 2.1.1
swift-custom-dump: https://github.com/pointfreeco/swift-custom-dump @ 1.7.3
resolved source packages: CwlCatchException, CwlPreconditionTesting, swift-syntax, Layout, Nimble, SwiftLintPlugins, swift-snapshot-testing, swift-issue-reporting, swift-custom-dump
2026-09-24 04:35:12.457 xcodebuild[528:3034] [MT] IDERunDestination: Supported platforms for the buildables in the current scheme is empty.
{
"dependencies" : [
{
"identity" : "swiftlintplugins",
"requirement" : {
"exact" : [
"0.59.1"
]
},
"type" : "sourceControl",
"url" : "https://github.com/SimplyDanny/SwiftLintPlugins.git"
},
{
"identity" : "nimble",
"requirement" : {
"exact" : [
"14.0.0"
]
},
"type" : "sourceControl",
"url" : "https://github.com/Quick/Nimble.git"
},
{
"identity" : "swift-snapshot-testing",
"requirement" : {
"exact" : [
"1.18.9"
]
},
"type" : "sourceControl",
"url" : "https://github.com/pointfreeco/swift-snapshot-testing.git"
}
],
"manifest_display_name" : "Layout",
"name" : "Layout",
"path" : "/Users/admin/builder/spi-builder-workspace",
"platforms" : [
{
"name" : "ios",
"version" : "13.0"
},
{
"name" : "macos",
"version" : "12.0"
}
],
"products" : [
{
"name" : "Layout",
"targets" : [
"Layout"
],
"type" : {
"library" : [
"automatic"
]
}
},
{
"name" : "SnapshotTestingExtensions",
"targets" : [
"SnapshotTestingExtensions"
],
"type" : {
"library" : [
"automatic"
]
}
}
],
"targets" : [
{
"c99name" : "SnapshotTestingExtensions",
"module_type" : "SwiftTarget",
"name" : "SnapshotTestingExtensions",
"path" : "Sources/SnapshotTestingExtensions",
"product_dependencies" : [
"SnapshotTesting",
"SwiftLintBuildToolPlugin"
],
"product_memberships" : [
"SnapshotTestingExtensions"
],
"sources" : [
"UITraitCollection.swift",
"ViewImageConfig.swift"
],
"type" : "library"
},
{
"c99name" : "LayoutTests",
"module_type" : "SwiftTarget",
"name" : "LayoutTests",
"path" : "Tests/LayoutTests",
"product_dependencies" : [
"Nimble",
"SnapshotTesting",
"SwiftLintBuildToolPlugin"
],
"sources" : [
"AttributesTests/CanonicalEdgeTests.swift",
"AttributesTests/DirectionalEdgeTests.swift",
"AttributesTests/LayoutDirectionTests.swift",
"BuildersTests/ConstraintsBuilderTests.swift",
"BuildersTests/LayoutBuilderTests.swift",
"LayoutExampleTests.swift",
"LayoutItemTests.swift",
"LayoutItemTests/UIView+LayoutItemTests.swift",
"LayoutItemTests/ViewLayoutItemTests.swift",
"LayoutTests.swift",
"Support/Array.swift",
"Support/Device.swift",
"Support/NimbleMatchers.swift",
"Support/SnapshotTesting.swift",
"Support/View.swift",
"SwiftTests/ArrayTests.swift",
"SwiftTests/CollectionTests.swift",
"UIKitTests/NSDirectionalEdgeInsetsTests.swift",
"UIKitTests/NSLayoutConstraint-AttributeTests.swift",
"UIKitTests/NSLayoutConstraint-AxisTests.swift",
"UIKitTests/NSLayoutConstraintTests.swift",
"UIKitTests/NSLayoutDimensionTests.swift",
"UIKitTests/NSLayoutXAxisAnchorTests.swift",
"UIKitTests/NSLayoutYAxisAnchorTests.swift",
"UIKitTests/UIEdgeInsetsTests.swift",
"UIKitTests/UILayoutGuideTests.swift",
"UIKitTests/UILayoutPriorityTests.swift",
"UIKitTests/UIView+AutoLayoutTests.swift",
"UIKitTests/UIView+FramesTests.swift",
"UIKitTests/UIView+LayoutTests.swift",
"UIKitTests/UIView+NSLayoutAnchorTests.swift",
"UIKitTests/UIView-AutoresizingMaskTests.swift",
"UIKitTests/UIViewControllerTests.swift",
"UIKitTests/UIViewUILayoutGuideTests.swift"
],
"target_dependencies" : [
"Layout",
"SnapshotTestingExtensions"
],
"type" : "test"
},
{
"c99name" : "Layout",
"module_type" : "SwiftTarget",
"name" : "Layout",
"path" : "Sources/Layout",
"product_dependencies" : [
"SwiftLintBuildToolPlugin"
],
"product_memberships" : [
"Layout"
],
"sources" : [
"Attributes/CanonicalEdge.swift",
"Attributes/DirectionalEdge.swift",
"Attributes/LayoutDirection.swift",
"Attributes/XAxisAttribute.swift",
"Attributes/YAxisAttribute.swift",
"Builders/ConstraintsBuilder.swift",
"Builders/LayoutBuilder.swift",
"Layout.swift",
"LayoutItem.swift",
"LayoutItem/LayoutBaseline.swift",
"LayoutItem/LayoutBoundary.swift",
"LayoutItem/LayoutCenter.swift",
"LayoutItem/LayoutItems/UIView+LayoutItem.swift",
"LayoutItem/LayoutItems/ViewLayoutItem.swift",
"LayoutItem/LayoutSize.swift",
"Swift/Array.swift",
"Swift/Collection.swift",
"UIKit/NSDirectionalEdgeInsets.swift",
"UIKit/NSLayoutConstraint-Attribute.swift",
"UIKit/NSLayoutConstraint-Axis.swift",
"UIKit/NSLayoutConstraint.swift",
"UIKit/NSLayoutDimension.swift",
"UIKit/NSLayoutXAxisAnchor.swift",
"UIKit/NSLayoutYAxisAnchor.swift",
"UIKit/UIEdgeInsets.swift",
"UIKit/UILayoutGuide.swift",
"UIKit/UILayoutPriority.swift",
"UIKit/UIView+AutoLayout.swift",
"UIKit/UIView+Frames.swift",
"UIKit/UIView+Layout.swift",
"UIKit/UIView+NSLayoutAnchor.swift",
"UIKit/UIView+UILayoutGuide.swift",
"UIKit/UIView-AutoresizingMask.swift",
"UIKit/UIViewController.swift"
],
"type" : "library"
}
],
"tools_version" : "5.10"
}
{
"workspace" : {
"name" : "Layout",
"schemes" : [
"Layout",
"Layout-Package",
"SnapshotTestingExtensions"
]
}
}
2026-09-24 04:35:56.809 xcodebuild[995:5713] [MT] IDERunDestination: Supported platforms for the buildables in the current scheme is empty.
{
"workspace" : {
"name" : "Layout",
"schemes" : [
"Layout",
"Layout-Package",
"SnapshotTestingExtensions"
]
}
}
2026-09-24 04:35:59.498 xcodebuild[1003:5821] [MT] IDERunDestination: Supported platforms for the buildables in the current scheme is empty.
Running build ...
env DEVELOPER_DIR=/Applications/Xcode-27.0.0-Release.Candidate.app xcrun xcodebuild -IDEClonedSourcePackagesDirPathOverride=$PWD/.dependencies -skipMacroValidation -skipPackagePluginValidation -derivedDataPath $PWD/.derivedData build -scheme Layout-Package -destination generic/platform=xrOS
Command line invocation:
/Applications/Xcode-27.0.0-Release.Candidate.app/Contents/Developer/usr/bin/xcodebuild -IDEClonedSourcePackagesDirPathOverride=/Users/admin/builder/spi-builder-workspace/.dependencies -skipMacroValidation -skipPackagePluginValidation -derivedDataPath /Users/admin/builder/spi-builder-workspace/.derivedData build -scheme Layout-Package -destination generic/platform=xrOS
Resolve Package Graph
Resolve Package Graph
Resolved source packages:
swift-custom-dump: https://github.com/pointfreeco/swift-custom-dump @ 1.7.3
swift-issue-reporting: https://github.com/pointfreeco/swift-issue-reporting @ 2.1.1
Nimble: https://github.com/Quick/Nimble.git @ 14.0.0
swift-syntax: https://github.com/swiftlang/swift-syntax @ 602.0.0
swift-snapshot-testing: https://github.com/pointfreeco/swift-snapshot-testing.git @ 1.18.9
SwiftLintPlugins: https://github.com/SimplyDanny/SwiftLintPlugins.git @ 0.59.1
Layout: /Users/admin/builder/spi-builder-workspace
CwlPreconditionTesting: https://github.com/mattgallagher/CwlPreconditionTesting.git @ 2.2.2
CwlCatchException: https://github.com/mattgallagher/CwlCatchException.git @ 2.2.1
ComputePackagePrebuildTargetDependencyGraph
Prepare packages
Compile plug-in “SwiftLintBuildToolPlugin” in package “swiftlintplugins”
[debug]: Compiling plugin to executable at /Users/admin/builder/spi-builder-workspace/.derivedData/Build/Products/PluginExecutables/SwiftLintBuildToolPlugin
[debug]: Using compiler /Applications/Xcode-27.0.0-Release.Candidate.app/Contents/Developer/Toolchains/XcodeDefault.xctoolchain/usr/bin/swiftc
[debug]: Plugin compilation output directory '/Users/admin/builder/spi-builder-workspace/.derivedData/Build/Products/PluginExecutables'
[debug]: Computed hash of plugin compilation inputs: 0bfbee4a2388b39eca5c9a84e0d1aac48881c0f598bf40244e5d1c83e185de2f
Apply build tool plug-in “SwiftLintBuildToolPlugin” to target “Layout” in package “spi-builder-workspace”
Environment: ["BUILD_WORKSPACE_DIRECTORY": "/Users/admin/builder/spi-builder-workspace"]
working directory:
/Users/admin/builder/spi-builder-workspace
tool mapping:
swiftlint: /Users/admin/builder/spi-builder-workspace/.dependencies/artifacts/swiftlintplugins/SwiftLintBinary/SwiftLintBinary.artifactbundle/swiftlint-0.59.1-macos/bin/swiftlint [arm64-apple-macosx]
tool search paths:
/Applications/Xcode-27.0.0-Release.Candidate.app/Contents/Developer/Toolchains/XcodeDefault.xctoolchain/usr/bin
/Applications/Xcode-27.0.0-Release.Candidate.app/Contents/Developer/usr/bin
/Library/Apple/usr/bin
/System/Cryptexes/App/usr/bin
/bin
/opt/homebrew/bin
/opt/homebrew/sbin
/pkg/env/global/bin
/sbin
/usr/bin
/usr/local/bin
/usr/sbin
/var/run/com.apple.security.cryptexd/codex.system/bootstrap/usr/appleinternal/bin
/var/run/com.apple.security.cryptexd/codex.system/bootstrap/usr/bin
/var/run/com.apple.security.cryptexd/codex.system/bootstrap/usr/local/bin
Environment: ["BUILD_WORKSPACE_DIRECTORY": "/Users/admin/builder/spi-builder-workspace"]
/usr/bin/sandbox-exec -p "(version 1)
(deny default)
(import \"system.sb\")
(allow file-read*)
(allow process*)
(allow mach-lookup (global-name \"com.apple.lsd.mapdb\"))
(allow mach-lookup (global-name \"com.apple.mobileassetd.v2\"))
(allow file-write*
(subpath \"/private/tmp\")
(subpath \"/private/var/tmp\")
(subpath \"/private/var/folders/xq/y_g06wb113726d38xsyx71_h0000gn/T\")
(subpath \"/private/var/folders/xq/y_g06wb113726d38xsyx71_h0000gn/C\")
)
(deny file-write*
(subpath \"/Users/admin/builder/spi-builder-workspace\")
)
(allow file-write*
(subpath \"/Users/admin/builder/spi-builder-workspace/.derivedData/Build/Intermediates.noindex/BuildToolPluginIntermediates/spi-builder-workspace.output/SnapshotTestingExtensions/SwiftLintBuildToolPlugin\")
(subpath \"/private/var/folders/xq/y_g06wb113726d38xsyx71_h0000gn/T/TemporaryItems\")
)
" /Users/admin/builder/spi-builder-workspace/.dependencies/artifacts/swiftlintplugins/SwiftLintBinary/SwiftLintBinary.artifactbundle/swiftlint-0.59.1-macos/bin/swiftlint lint --quiet --force-exclude --cache-path /Users/admin/builder/spi-builder-workspace/.derivedData/Build/Intermediates.noindex/BuildToolPluginIntermediates/spi-builder-workspace.output/SnapshotTestingExtensions/SwiftLintBuildToolPlugin/Cache /Users/admin/builder/spi-builder-workspace/Sources/SnapshotTestingExtensions/UITraitCollection.swift /Users/admin/builder/spi-builder-workspace/Sources/SnapshotTestingExtensions/ViewImageConfig.swift
warning: Found a configuration for 'file_header' rule, but it is not enabled in 'opt_in_rules'.
warning: Found a configuration for 'empty_count' rule, but it is not enabled in 'opt_in_rules'.
SourceKittenFramework/library_wrapper.swift:58: Fatal error: Loading sourcekitdInProc.framework/Versions/A/sourcekitdInProc failed
/usr/bin/sandbox-exec -p "(version 1)
(deny default)
(import \"system.sb\")
(allow file-read*)
(allow process*)
(allow mach-lookup (global-name \"com.apple.lsd.mapdb\"))
(allow mach-lookup (global-name \"com.apple.mobileassetd.v2\"))
(allow file-write*
(subpath \"/private/tmp\")
(subpath \"/private/var/tmp\")
(subpath \"/private/var/folders/xq/y_g06wb113726d38xsyx71_h0000gn/T\")
(subpath \"/private/var/folders/xq/y_g06wb113726d38xsyx71_h0000gn/C\")
)
(deny file-write*
(subpath \"/Users/admin/builder/spi-builder-workspace\")
)
(allow file-write*
(subpath \"/Users/admin/builder/spi-builder-workspace/.derivedData/Build/Intermediates.noindex/BuildToolPluginIntermediates/spi-builder-workspace.output/Layout/SwiftLintBuildToolPlugin\")
(subpath \"/private/var/folders/xq/y_g06wb113726d38xsyx71_h0000gn/T/TemporaryItems\")
)
" /Users/admin/builder/spi-builder-workspace/.dependencies/artifacts/swiftlintplugins/SwiftLintBinary/SwiftLintBinary.artifactbundle/swiftlint-0.59.1-macos/bin/swiftlint lint --quiet --force-exclude --cache-path /Users/admin/builder/spi-builder-workspace/.derivedData/Build/Intermediates.noindex/BuildToolPluginIntermediates/spi-builder-workspace.output/Layout/SwiftLintBuildToolPlugin/Cache /Users/admin/builder/spi-builder-workspace/Sources/Layout/Attributes/CanonicalEdge.swift /Users/admin/builder/spi-builder-workspace/Sources/Layout/Attributes/DirectionalEdge.swift /Users/admin/builder/spi-builder-workspace/Sources/Layout/Attributes/LayoutDirection.swift /Users/admin/builder/spi-builder-workspace/Sources/Layout/Attributes/XAxisAttribute.swift /Users/admin/builder/spi-builder-workspace/Sources/Layout/Attributes/YAxisAttribute.swift /Users/admin/builder/spi-builder-workspace/Sources/Layout/Builders/ConstraintsBuilder.swift /Users/admin/builder/spi-builder-workspace/Sources/Layout/Builders/LayoutBuilder.swift /Users/admin/builder/spi-builder-workspace/Sources/Layout/Layout.swift /Users/admin/builder/spi-builder-workspace/Sources/Layout/LayoutItem.swift /Users/admin/builder/spi-builder-workspace/Sources/Layout/LayoutItem/LayoutBaseline.swift /Users/admin/builder/spi-builder-workspace/Sources/Layout/LayoutItem/LayoutBoundary.swift /Users/admin/builder/spi-builder-workspace/Sources/Layout/LayoutItem/LayoutCenter.swift /Users/admin/builder/spi-builder-workspace/Sources/Layout/LayoutItem/LayoutItems/UIView+LayoutItem.swift /Users/admin/builder/spi-builder-workspace/Sources/Layout/LayoutItem/LayoutItems/ViewLayoutItem.swift /Users/admin/builder/spi-builder-workspace/Sources/Layout/LayoutItem/LayoutSize.swift /Users/admin/builder/spi-builder-workspace/Sources/Layout/Swift/Array.swift /Users/admin/builder/spi-builder-workspace/Sources/Layout/Swift/Collection.swift /Users/admin/builder/spi-builder-workspace/Sources/Layout/UIKit/NSDirectionalEdgeInsets.swift /Users/admin/builder/spi-builder-workspace/Sources/Layout/UIKit/NSLayoutConstraint-Attribute.swift /Users/admin/builder/spi-builder-workspace/Sources/Layout/UIKit/NSLayoutConstraint-Axis.swift /Users/admin/builder/spi-builder-workspace/Sources/Layout/UIKit/NSLayoutConstraint.swift /Users/admin/builder/spi-builder-workspace/Sources/Layout/UIKit/NSLayoutDimension.swift /Users/admin/builder/spi-builder-workspace/Sources/Layout/UIKit/NSLayoutXAxisAnchor.swift /Users/admin/builder/spi-builder-workspace/Sources/Layout/UIKit/NSLayoutYAxisAnchor.swift /Users/admin/builder/spi-builder-workspace/Sources/Layout/UIKit/UIEdgeInsets.swift /Users/admin/builder/spi-builder-workspace/Sources/Layout/UIKit/UILayoutGuide.swift /Users/admin/builder/spi-builder-workspace/Sources/Layout/UIKit/UILayoutPriority.swift /Users/admin/builder/spi-builder-workspace/Sources/Layout/UIKit/UIView+AutoLayout.swift /Users/admin/builder/spi-builder-workspace/Sources/Layout/UIKit/UIView+Frames.swift /Users/admin/builder/spi-builder-workspace/Sources/Layout/UIKit/UIView+Layout.swift /Users/admin/builder/spi-builder-workspace/Sources/Layout/UIKit/UIView+NSLayoutAnchor.swift /Users/admin/builder/spi-builder-workspace/Sources/Layout/UIKit/UIView+UILayoutGuide.swift /Users/admin/builder/spi-builder-workspace/Sources/Layout/UIKit/UIView-AutoresizingMask.swift /Users/admin/builder/spi-builder-workspace/Sources/Layout/UIKit/UIViewController.swift
warning: Found a configuration for 'file_header' rule, but it is not enabled in 'opt_in_rules'.
warning: Found a configuration for 'empty_count' rule, but it is not enabled in 'opt_in_rules'.
SourceKittenFramework/library_wrapper.swift:58: Fatal error: Loading sourcekitdInProc.framework/Versions/A/sourcekitdInProc failed
2026-09-24 04:36:06.867 xcodebuild[1010:5907] [MT] IDERunDestination: Supported platforms for the buildables in the current scheme is empty.
** BUILD FAILED **
The following build commands failed:
Apply build tool plug-in “SwiftLintBuildToolPlugin” to target “Layout” in package “spi-builder-workspace”
Apply build tool plug-in “SwiftLintBuildToolPlugin” to target “SnapshotTestingExtensions” in package “spi-builder-workspace”
SwiftLint
SwiftLint
eyJibHVlcHJpbnRQcm92aWRlcl9wcm92aWRlckZpbGVQYXRoU3RyaW5nIjoiXC9Vc2Vyc1wvYWRtaW5cL2J1aWxkZXJcL3NwaS1idWlsZGVyLXdvcmtzcGFjZSIsInR5cGUiOnsiYmx1ZXByaW50UHJvdmlkZXIiOnt9fX0=
Building workspace Layout with scheme Layout-Package
(6 failures)
Command line invocation:
/Applications/Xcode-27.0.0-Release.Candidate.app/Contents/Developer/usr/bin/xcodebuild -IDEClonedSourcePackagesDirPathOverride=/Users/admin/builder/spi-builder-workspace/.dependencies -resolvePackageDependencies
Resolve Package Graph
Resolved source packages:
CwlCatchException: https://github.com/mattgallagher/CwlCatchException.git @ 2.2.1
SwiftLintPlugins: https://github.com/SimplyDanny/SwiftLintPlugins.git @ 0.59.1
CwlPreconditionTesting: https://github.com/mattgallagher/CwlPreconditionTesting.git @ 2.2.2
swift-snapshot-testing: https://github.com/pointfreeco/swift-snapshot-testing.git @ 1.18.9
Nimble: https://github.com/Quick/Nimble.git @ 14.0.0
swift-custom-dump: https://github.com/pointfreeco/swift-custom-dump @ 1.7.3
swift-syntax: https://github.com/swiftlang/swift-syntax @ 602.0.0
swift-issue-reporting: https://github.com/pointfreeco/swift-issue-reporting @ 2.1.1
Layout: /Users/admin/builder/spi-builder-workspace
resolved source packages: CwlCatchException, SwiftLintPlugins, CwlPreconditionTesting, swift-snapshot-testing, Nimble, swift-custom-dump, swift-syntax, swift-issue-reporting, Layout
2026-09-24 04:36:15.217 xcodebuild[1109:6536] [MT] IDERunDestination: Supported platforms for the buildables in the current scheme is empty.
{
"dependencies" : [
{
"identity" : "swiftlintplugins",
"requirement" : {
"exact" : [
"0.59.1"
]
},
"type" : "sourceControl",
"url" : "https://github.com/SimplyDanny/SwiftLintPlugins.git"
},
{
"identity" : "nimble",
"requirement" : {
"exact" : [
"14.0.0"
]
},
"type" : "sourceControl",
"url" : "https://github.com/Quick/Nimble.git"
},
{
"identity" : "swift-snapshot-testing",
"requirement" : {
"exact" : [
"1.18.9"
]
},
"type" : "sourceControl",
"url" : "https://github.com/pointfreeco/swift-snapshot-testing.git"
}
],
"manifest_display_name" : "Layout",
"name" : "Layout",
"path" : "/Users/admin/builder/spi-builder-workspace",
"platforms" : [
{
"name" : "ios",
"version" : "13.0"
},
{
"name" : "macos",
"version" : "12.0"
}
],
"products" : [
{
"name" : "Layout",
"targets" : [
"Layout"
],
"type" : {
"library" : [
"automatic"
]
}
},
{
"name" : "SnapshotTestingExtensions",
"targets" : [
"SnapshotTestingExtensions"
],
"type" : {
"library" : [
"automatic"
]
}
}
],
"targets" : [
{
"c99name" : "SnapshotTestingExtensions",
"module_type" : "SwiftTarget",
"name" : "SnapshotTestingExtensions",
"path" : "Sources/SnapshotTestingExtensions",
"product_dependencies" : [
"SnapshotTesting",
"SwiftLintBuildToolPlugin"
],
"product_memberships" : [
"SnapshotTestingExtensions"
],
"sources" : [
"UITraitCollection.swift",
"ViewImageConfig.swift"
],
"type" : "library"
},
{
"c99name" : "LayoutTests",
"module_type" : "SwiftTarget",
"name" : "LayoutTests",
"path" : "Tests/LayoutTests",
"product_dependencies" : [
"Nimble",
"SnapshotTesting",
"SwiftLintBuildToolPlugin"
],
"sources" : [
"AttributesTests/CanonicalEdgeTests.swift",
"AttributesTests/DirectionalEdgeTests.swift",
"AttributesTests/LayoutDirectionTests.swift",
"BuildersTests/ConstraintsBuilderTests.swift",
"BuildersTests/LayoutBuilderTests.swift",
"LayoutExampleTests.swift",
"LayoutItemTests.swift",
"LayoutItemTests/UIView+LayoutItemTests.swift",
"LayoutItemTests/ViewLayoutItemTests.swift",
"LayoutTests.swift",
"Support/Array.swift",
"Support/Device.swift",
"Support/NimbleMatchers.swift",
"Support/SnapshotTesting.swift",
"Support/View.swift",
"SwiftTests/ArrayTests.swift",
"SwiftTests/CollectionTests.swift",
"UIKitTests/NSDirectionalEdgeInsetsTests.swift",
"UIKitTests/NSLayoutConstraint-AttributeTests.swift",
"UIKitTests/NSLayoutConstraint-AxisTests.swift",
"UIKitTests/NSLayoutConstraintTests.swift",
"UIKitTests/NSLayoutDimensionTests.swift",
"UIKitTests/NSLayoutXAxisAnchorTests.swift",
"UIKitTests/NSLayoutYAxisAnchorTests.swift",
"UIKitTests/UIEdgeInsetsTests.swift",
"UIKitTests/UILayoutGuideTests.swift",
"UIKitTests/UILayoutPriorityTests.swift",
"UIKitTests/UIView+AutoLayoutTests.swift",
"UIKitTests/UIView+FramesTests.swift",
"UIKitTests/UIView+LayoutTests.swift",
"UIKitTests/UIView+NSLayoutAnchorTests.swift",
"UIKitTests/UIView-AutoresizingMaskTests.swift",
"UIKitTests/UIViewControllerTests.swift",
"UIKitTests/UIViewUILayoutGuideTests.swift"
],
"target_dependencies" : [
"Layout",
"SnapshotTestingExtensions"
],
"type" : "test"
},
{
"c99name" : "Layout",
"module_type" : "SwiftTarget",
"name" : "Layout",
"path" : "Sources/Layout",
"product_dependencies" : [
"SwiftLintBuildToolPlugin"
],
"product_memberships" : [
"Layout"
],
"sources" : [
"Attributes/CanonicalEdge.swift",
"Attributes/DirectionalEdge.swift",
"Attributes/LayoutDirection.swift",
"Attributes/XAxisAttribute.swift",
"Attributes/YAxisAttribute.swift",
"Builders/ConstraintsBuilder.swift",
"Builders/LayoutBuilder.swift",
"Layout.swift",
"LayoutItem.swift",
"LayoutItem/LayoutBaseline.swift",
"LayoutItem/LayoutBoundary.swift",
"LayoutItem/LayoutCenter.swift",
"LayoutItem/LayoutItems/UIView+LayoutItem.swift",
"LayoutItem/LayoutItems/ViewLayoutItem.swift",
"LayoutItem/LayoutSize.swift",
"Swift/Array.swift",
"Swift/Collection.swift",
"UIKit/NSDirectionalEdgeInsets.swift",
"UIKit/NSLayoutConstraint-Attribute.swift",
"UIKit/NSLayoutConstraint-Axis.swift",
"UIKit/NSLayoutConstraint.swift",
"UIKit/NSLayoutDimension.swift",
"UIKit/NSLayoutXAxisAnchor.swift",
"UIKit/NSLayoutYAxisAnchor.swift",
"UIKit/UIEdgeInsets.swift",
"UIKit/UILayoutGuide.swift",
"UIKit/UILayoutPriority.swift",
"UIKit/UIView+AutoLayout.swift",
"UIKit/UIView+Frames.swift",
"UIKit/UIView+Layout.swift",
"UIKit/UIView+NSLayoutAnchor.swift",
"UIKit/UIView+UILayoutGuide.swift",
"UIKit/UIView-AutoresizingMask.swift",
"UIKit/UIViewController.swift"
],
"type" : "library"
}
],
"tools_version" : "5.10"
}
{
"workspace" : {
"name" : "Layout",
"schemes" : [
"Layout",
"Layout-Package",
"SnapshotTestingExtensions"
]
}
}
2026-09-24 04:36:18.109 xcodebuild[1123:6660] [MT] IDERunDestination: Supported platforms for the buildables in the current scheme is empty.
{
"workspace" : {
"name" : "Layout",
"schemes" : [
"Layout",
"Layout-Package",
"SnapshotTestingExtensions"
]
}
}
2026-09-24 04:36:20.741 xcodebuild[1132:6744] [MT] IDERunDestination: Supported platforms for the buildables in the current scheme is empty.
Running build ...
env DEVELOPER_DIR=/Applications/Xcode-27.0.0-Release.Candidate.app xcrun xcodebuild -IDEClonedSourcePackagesDirPathOverride=$PWD/.dependencies -skipMacroValidation -skipPackagePluginValidation -derivedDataPath $PWD/.derivedData build -scheme Layout-Package -destination generic/platform=xrOS
Command line invocation:
/Applications/Xcode-27.0.0-Release.Candidate.app/Contents/Developer/usr/bin/xcodebuild -IDEClonedSourcePackagesDirPathOverride=/Users/admin/builder/spi-builder-workspace/.dependencies -skipMacroValidation -skipPackagePluginValidation -derivedDataPath /Users/admin/builder/spi-builder-workspace/.derivedData build -scheme Layout-Package -destination generic/platform=xrOS
Resolve Package Graph
Resolved source packages:
swift-issue-reporting: https://github.com/pointfreeco/swift-issue-reporting @ 2.1.1
swift-custom-dump: https://github.com/pointfreeco/swift-custom-dump @ 1.7.3
swift-snapshot-testing: https://github.com/pointfreeco/swift-snapshot-testing.git @ 1.18.9
SwiftLintPlugins: https://github.com/SimplyDanny/SwiftLintPlugins.git @ 0.59.1
Nimble: https://github.com/Quick/Nimble.git @ 14.0.0
Layout: /Users/admin/builder/spi-builder-workspace
swift-syntax: https://github.com/swiftlang/swift-syntax @ 602.0.0
CwlPreconditionTesting: https://github.com/mattgallagher/CwlPreconditionTesting.git @ 2.2.2
CwlCatchException: https://github.com/mattgallagher/CwlCatchException.git @ 2.2.1
ComputePackagePrebuildTargetDependencyGraph
Prepare packages
Compile plug-in “SwiftLintBuildToolPlugin” in package “swiftlintplugins”
[debug]: Compiling plugin to executable at /Users/admin/builder/spi-builder-workspace/.derivedData/Build/Products/PluginExecutables/SwiftLintBuildToolPlugin
[debug]: Using compiler /Applications/Xcode-27.0.0-Release.Candidate.app/Contents/Developer/Toolchains/XcodeDefault.xctoolchain/usr/bin/swiftc
[debug]: Plugin compilation output directory '/Users/admin/builder/spi-builder-workspace/.derivedData/Build/Products/PluginExecutables'
[debug]: Computed hash of plugin compilation inputs: 0bfbee4a2388b39eca5c9a84e0d1aac48881c0f598bf40244e5d1c83e185de2f
Apply build tool plug-in “SwiftLintBuildToolPlugin” to target “SnapshotTestingExtensions” in package “spi-builder-workspace”
Environment: ["BUILD_WORKSPACE_DIRECTORY": "/Users/admin/builder/spi-builder-workspace"]
working directory:
/Users/admin/builder/spi-builder-workspace
tool mapping:
swiftlint: /Users/admin/builder/spi-builder-workspace/.dependencies/artifacts/swiftlintplugins/SwiftLintBinary/SwiftLintBinary.artifactbundle/swiftlint-0.59.1-macos/bin/swiftlint [arm64-apple-macosx]
tool search paths:
/Applications/Xcode-27.0.0-Release.Candidate.app/Contents/Developer/Toolchains/XcodeDefault.xctoolchain/usr/bin
/Applications/Xcode-27.0.0-Release.Candidate.app/Contents/Developer/usr/bin
/Library/Apple/usr/bin
/System/Cryptexes/App/usr/bin
/bin
/opt/homebrew/bin
/opt/homebrew/sbin
/pkg/env/global/bin
/sbin
/usr/bin
/usr/local/bin
/usr/sbin
/var/run/com.apple.security.cryptexd/codex.system/bootstrap/usr/appleinternal/bin
/var/run/com.apple.security.cryptexd/codex.system/bootstrap/usr/bin
/var/run/com.apple.security.cryptexd/codex.system/bootstrap/usr/local/bin
Environment: ["BUILD_WORKSPACE_DIRECTORY": "/Users/admin/builder/spi-builder-workspace"]
/usr/bin/sandbox-exec -p "(version 1)
(deny default)
(import \"system.sb\")
(allow file-read*)
(allow process*)
(allow mach-lookup (global-name \"com.apple.lsd.mapdb\"))
(allow mach-lookup (global-name \"com.apple.mobileassetd.v2\"))
(allow file-write*
(subpath \"/private/tmp\")
(subpath \"/private/var/tmp\")
(subpath \"/private/var/folders/xq/y_g06wb113726d38xsyx71_h0000gn/T\")
(subpath \"/private/var/folders/xq/y_g06wb113726d38xsyx71_h0000gn/C\")
)
(deny file-write*
(subpath \"/Users/admin/builder/spi-builder-workspace\")
)
(allow file-write*
(subpath \"/Users/admin/builder/spi-builder-workspace/.derivedData/Build/Intermediates.noindex/BuildToolPluginIntermediates/spi-builder-workspace.output/Layout/SwiftLintBuildToolPlugin\")
(subpath \"/private/var/folders/xq/y_g06wb113726d38xsyx71_h0000gn/T/TemporaryItems\")
)
" /Users/admin/builder/spi-builder-workspace/.dependencies/artifacts/swiftlintplugins/SwiftLintBinary/SwiftLintBinary.artifactbundle/swiftlint-0.59.1-macos/bin/swiftlint lint --quiet --force-exclude --cache-path /Users/admin/builder/spi-builder-workspace/.derivedData/Build/Intermediates.noindex/BuildToolPluginIntermediates/spi-builder-workspace.output/Layout/SwiftLintBuildToolPlugin/Cache /Users/admin/builder/spi-builder-workspace/Sources/Layout/Attributes/CanonicalEdge.swift /Users/admin/builder/spi-builder-workspace/Sources/Layout/Attributes/DirectionalEdge.swift /Users/admin/builder/spi-builder-workspace/Sources/Layout/Attributes/LayoutDirection.swift /Users/admin/builder/spi-builder-workspace/Sources/Layout/Attributes/XAxisAttribute.swift /Users/admin/builder/spi-builder-workspace/Sources/Layout/Attributes/YAxisAttribute.swift /Users/admin/builder/spi-builder-workspace/Sources/Layout/Builders/ConstraintsBuilder.swift /Users/admin/builder/spi-builder-workspace/Sources/Layout/Builders/LayoutBuilder.swift /Users/admin/builder/spi-builder-workspace/Sources/Layout/Layout.swift /Users/admin/builder/spi-builder-workspace/Sources/Layout/LayoutItem.swift /Users/admin/builder/spi-builder-workspace/Sources/Layout/LayoutItem/LayoutBaseline.swift /Users/admin/builder/spi-builder-workspace/Sources/Layout/LayoutItem/LayoutBoundary.swift /Users/admin/builder/spi-builder-workspace/Sources/Layout/LayoutItem/LayoutCenter.swift /Users/admin/builder/spi-builder-workspace/Sources/Layout/LayoutItem/LayoutItems/UIView+LayoutItem.swift /Users/admin/builder/spi-builder-workspace/Sources/Layout/LayoutItem/LayoutItems/ViewLayoutItem.swift /Users/admin/builder/spi-builder-workspace/Sources/Layout/LayoutItem/LayoutSize.swift /Users/admin/builder/spi-builder-workspace/Sources/Layout/Swift/Array.swift /Users/admin/builder/spi-builder-workspace/Sources/Layout/Swift/Collection.swift /Users/admin/builder/spi-builder-workspace/Sources/Layout/UIKit/NSDirectionalEdgeInsets.swift /Users/admin/builder/spi-builder-workspace/Sources/Layout/UIKit/NSLayoutConstraint-Attribute.swift /Users/admin/builder/spi-builder-workspace/Sources/Layout/UIKit/NSLayoutConstraint-Axis.swift /Users/admin/builder/spi-builder-workspace/Sources/Layout/UIKit/NSLayoutConstraint.swift /Users/admin/builder/spi-builder-workspace/Sources/Layout/UIKit/NSLayoutDimension.swift /Users/admin/builder/spi-builder-workspace/Sources/Layout/UIKit/NSLayoutXAxisAnchor.swift /Users/admin/builder/spi-builder-workspace/Sources/Layout/UIKit/NSLayoutYAxisAnchor.swift /Users/admin/builder/spi-builder-workspace/Sources/Layout/UIKit/UIEdgeInsets.swift /Users/admin/builder/spi-builder-workspace/Sources/Layout/UIKit/UILayoutGuide.swift /Users/admin/builder/spi-builder-workspace/Sources/Layout/UIKit/UILayoutPriority.swift /Users/admin/builder/spi-builder-workspace/Sources/Layout/UIKit/UIView+AutoLayout.swift /Users/admin/builder/spi-builder-workspace/Sources/Layout/UIKit/UIView+Frames.swift /Users/admin/builder/spi-builder-workspace/Sources/Layout/UIKit/UIView+Layout.swift /Users/admin/builder/spi-builder-workspace/Sources/Layout/UIKit/UIView+NSLayoutAnchor.swift /Users/admin/builder/spi-builder-workspace/Sources/Layout/UIKit/UIView+UILayoutGuide.swift /Users/admin/builder/spi-builder-workspace/Sources/Layout/UIKit/UIView-AutoresizingMask.swift /Users/admin/builder/spi-builder-workspace/Sources/Layout/UIKit/UIViewController.swift
warning: Found a configuration for 'empty_count' rule, but it is not enabled in 'opt_in_rules'.
warning: Found a configuration for 'file_header' rule, but it is not enabled in 'opt_in_rules'.
SourceKittenFramework/library_wrapper.swift:58: Fatal error: Loading sourcekitdInProc.framework/Versions/A/sourcekitdInProc failed
/usr/bin/sandbox-exec -p "(version 1)
(deny default)
(import \"system.sb\")
(allow file-read*)
(allow process*)
(allow mach-lookup (global-name \"com.apple.lsd.mapdb\"))
(allow mach-lookup (global-name \"com.apple.mobileassetd.v2\"))
(allow file-write*
(subpath \"/private/tmp\")
(subpath \"/private/var/tmp\")
(subpath \"/private/var/folders/xq/y_g06wb113726d38xsyx71_h0000gn/T\")
(subpath \"/private/var/folders/xq/y_g06wb113726d38xsyx71_h0000gn/C\")
)
(deny file-write*
(subpath \"/Users/admin/builder/spi-builder-workspace\")
)
(allow file-write*
(subpath \"/Users/admin/builder/spi-builder-workspace/.derivedData/Build/Intermediates.noindex/BuildToolPluginIntermediates/spi-builder-workspace.output/SnapshotTestingExtensions/SwiftLintBuildToolPlugin\")
(subpath \"/private/var/folders/xq/y_g06wb113726d38xsyx71_h0000gn/T/TemporaryItems\")
)
" /Users/admin/builder/spi-builder-workspace/.dependencies/artifacts/swiftlintplugins/SwiftLintBinary/SwiftLintBinary.artifactbundle/swiftlint-0.59.1-macos/bin/swiftlint lint --quiet --force-exclude --cache-path /Users/admin/builder/spi-builder-workspace/.derivedData/Build/Intermediates.noindex/BuildToolPluginIntermediates/spi-builder-workspace.output/SnapshotTestingExtensions/SwiftLintBuildToolPlugin/Cache /Users/admin/builder/spi-builder-workspace/Sources/SnapshotTestingExtensions/UITraitCollection.swift /Users/admin/builder/spi-builder-workspace/Sources/SnapshotTestingExtensions/ViewImageConfig.swift
warning: Found a configuration for 'empty_count' rule, but it is not enabled in 'opt_in_rules'.
warning: Found a configuration for 'file_header' rule, but it is not enabled in 'opt_in_rules'.
SourceKittenFramework/library_wrapper.swift:58: Fatal error: Loading sourcekitdInProc.framework/Versions/A/sourcekitdInProc failed
2026-09-24 04:36:23.321 xcodebuild[1139:6805] [MT] IDERunDestination: Supported platforms for the buildables in the current scheme is empty.
** BUILD FAILED **
The following build commands failed:
Apply build tool plug-in “SwiftLintBuildToolPlugin” to target “SnapshotTestingExtensions” in package “spi-builder-workspace”
Apply build tool plug-in “SwiftLintBuildToolPlugin” to target “Layout” in package “spi-builder-workspace”
SwiftLint
SwiftLint
eyJibHVlcHJpbnRQcm92aWRlcl9wcm92aWRlckZpbGVQYXRoU3RyaW5nIjoiXC9Vc2Vyc1wvYWRtaW5cL2J1aWxkZXJcL3NwaS1idWlsZGVyLXdvcmtzcGFjZSIsInR5cGUiOnsiYmx1ZXByaW50UHJvdmlkZXIiOnt9fX0=
Building workspace Layout with scheme Layout-Package
(6 failures)
BUILD FAILURE 6.4 visionOS