The Swift Package Index logo.Swift Package Index

Build Information

Failed to build SwiftGoogleSignIn, reference 2.1.0 (7589a9), with Swift 6.4 for Wasm on 14 Oct 2026 12:56:22 UTC.

Build Command

bash -c docker run --pull=always --rm -v "checkouts-54344845-1":/host -w "$PWD" -e JAVA_HOME="/root/.sdkman/candidates/java/current" -e SPI_BUILD="1" -e SPI_PROCESSING="1" registry.gitlab.com/saguaro1/spi-images:wasm-6.4-latest swift build --swift-sdk swift-6.4.0-RELEASE_wasm 2>&1

Build Log

========================================
RunAll
========================================
Builder version: 5.1.2
Interrupt handler set up.
========================================
Checkout
========================================
Clone URL: https://github.com/SKrotkih/swift-googlesignin.git
Reference: 2.1.0
Initialized empty Git repository in /host/spi-builder-workspace/.git/
hint: Using 'master' as the name for the initial branch. This default branch name
hint: is subject to change. To configure the initial branch name to use in all
hint: of your new repositories, which will suppress this warning, call:
hint:
hint: 	git config --global init.defaultBranch <name>
hint:
hint: Names commonly chosen instead of 'master' are 'main', 'trunk' and
hint: 'development'. The just-created branch can be renamed via this command:
hint:
hint: 	git branch -m <name>
From https://github.com/SKrotkih/swift-googlesignin
 * tag               2.1.0      -> FETCH_HEAD
HEAD is now at 7589a93 Update Google SignIn SDK to 10.0
Cloned https://github.com/SKrotkih/swift-googlesignin.git
Revision (git rev-parse @):
7589a93dd85273b8d0be60ce9cf9546dfb5aa476
SUCCESS checkout https://github.com/SKrotkih/swift-googlesignin.git at 2.1.0
========================================
Build
========================================
Selected platform:         wasm
Swift version:             6.4
Building package at path:  $PWD
https://github.com/SKrotkih/swift-googlesignin.git
Running build ...
bash -c docker run --pull=always --rm -v "checkouts-54344845-1":/host -w "$PWD" -e JAVA_HOME="/root/.sdkman/candidates/java/current" -e SPI_BUILD="1" -e SPI_PROCESSING="1" registry.gitlab.com/saguaro1/spi-images:wasm-6.4-latest swift build --swift-sdk swift-6.4.0-RELEASE_wasm 2>&1
wasm-6.4-latest: Pulling from saguaro1/spi-images
Digest: sha256:d8610b27563fbed4643ddaec8e9397319e3b3e1372fc54686db2dacb952c1b8f
Status: Image is up to date for registry.gitlab.com/saguaro1/spi-images:wasm-6.4-latest
Fetching https://github.com/google/GoogleSignIn-iOS.git
[1/13483] Fetching googlesignin-ios
Fetched https://github.com/google/GoogleSignIn-iOS.git (1.12s)
Computing version for https://github.com/google/GoogleSignIn-iOS.git
Computed https://github.com/google/GoogleSignIn-iOS.git at 10.0.0 (1.31s)
Fetching https://github.com/google/app-check.git
Fetching https://github.com/openid/AppAuth-iOS.git
Fetching https://github.com/google/GTMAppAuth.git
Fetching https://github.com/google/gtm-session-fetcher.git
[1/4145] Fetching gtmappauth
[43/10477] Fetching gtmappauth, app-check
[10396/15553] Fetching gtmappauth, app-check, gtm-session-fetcher
Fetched https://github.com/google/GTMAppAuth.git (0.50s)
[9632/11408] Fetching app-check, gtm-session-fetcher
Fetched https://github.com/google/gtm-session-fetcher.git (0.62s)
[1/10127] Fetching appauth-ios
Fetched https://github.com/google/app-check.git (1.09s)
Fetched https://github.com/openid/AppAuth-iOS.git (1.09s)
Computing version for https://github.com/google/GTMAppAuth.git
Computed https://github.com/google/GTMAppAuth.git at 6.0.0 (2.03s)
Computing version for https://github.com/openid/AppAuth-iOS.git
Computed https://github.com/openid/AppAuth-iOS.git at 3.0.0 (0.18s)
Computing version for https://github.com/google/app-check.git
Computed https://github.com/google/app-check.git at 11.3.2 (0.19s)
Fetching https://github.com/google/promises.git
Fetching https://github.com/google/interop-ios-for-google-sdks.git
Fetching https://github.com/google/GoogleUtilities.git
[1/2458] Fetching promises
Fetched https://github.com/google/promises.git (0.44s)
[1/303] Fetching interop-ios-for-google-sdks
[304/6004] Fetching interop-ios-for-google-sdks, googleutilities
Fetched https://github.com/google/interop-ios-for-google-sdks.git (1.01s)
Fetched https://github.com/google/GoogleUtilities.git (1.01s)
Computing version for https://github.com/google/interop-ios-for-google-sdks.git
Computed https://github.com/google/interop-ios-for-google-sdks.git at 101.0.0 (1.19s)
Computing version for https://github.com/google/promises.git
Computed https://github.com/google/promises.git at 2.4.1 (0.18s)
Computing version for https://github.com/google/GoogleUtilities.git
Computed https://github.com/google/GoogleUtilities.git at 8.1.4 (0.16s)
Computing version for https://github.com/google/gtm-session-fetcher.git
Computed https://github.com/google/gtm-session-fetcher.git at 5.3.1 (0.15s)
Creating working copy for https://github.com/google/app-check.git
Working copy of https://github.com/google/app-check.git resolved at 11.3.2
Creating working copy for https://github.com/openid/AppAuth-iOS.git
Working copy of https://github.com/openid/AppAuth-iOS.git resolved at 3.0.0
Creating working copy for https://github.com/google/GTMAppAuth.git
Working copy of https://github.com/google/GTMAppAuth.git resolved at 6.0.0
Creating working copy for https://github.com/google/gtm-session-fetcher.git
Working copy of https://github.com/google/gtm-session-fetcher.git resolved at 5.3.1
Creating working copy for https://github.com/google/promises.git
Working copy of https://github.com/google/promises.git resolved at 2.4.1
Creating working copy for https://github.com/google/interop-ios-for-google-sdks.git
Working copy of https://github.com/google/interop-ios-for-google-sdks.git resolved at 101.0.0
Creating working copy for https://github.com/google/GoogleSignIn-iOS.git
Working copy of https://github.com/google/GoogleSignIn-iOS.git resolved at 10.0.0
Creating working copy for https://github.com/google/GoogleUtilities.git
Working copy of https://github.com/google/GoogleUtilities.git resolved at 8.1.4
Building for debugging...
[Computing dependencies]
[Pre-planning 1 / 724]
[Finalizing plan]
In file included from /host/spi-builder-workspace/.build/checkouts/GoogleUtilities/third_party/IsAppEncrypted/IsAppEncrypted.m:43:
/host/spi-builder-workspace/.build/checkouts/GoogleUtilities/third_party/IsAppEncrypted/Public/IsAppEncrypted.h:22:9: fatal error: 'objc/objc.h' file not found
   22 | #import <objc/objc.h>
      |         ^~~~~~~~~~~~~
1 error generated.
error: CompileC /host/spi-builder-workspace/.build/out/Intermediates.noindex/GoogleUtilities.build/Debug-webassembly-wasm32/third-party-IsAppEncrypted-t.build/Objects-normal/wasm32/IsAppEncrypted.o /host/spi-builder-workspace/.build/checkouts/GoogleUtilities/third_party/IsAppEncrypted/IsAppEncrypted.m normal wasm32 objective-c com.apple.compilers.llvm.clang.1_0.compiler failed with a nonzero exit code. Command line:     cd /host

    Using response file: /host/spi-builder-workspace/.build/out/Intermediates.noindex/GoogleUtilities.build/Debug-webassembly-wasm32/third-party-IsAppEncrypted-t.build/Objects-normal/wasm32/6f95552a3397ee1cec971b90cf334075d5f321c3a3b0689ad55c3d1e24702600-common-args.resp

    /usr/bin/clang -x objective-c -target wasm32-unknown-wasip1 -fmessage-length\=0 -fdiagnostics-show-note-include-stack -fmacro-backtrace-limit\=0 -fcolor-diagnostics -Wno-trigraphs -Wno-missing-field-initializers -Wno-missing-prototypes -Wno-return-type -Wno-implicit-atomic-properties -Wno-objc-interface-ivars -Wno-arc-repeated-use-of-weak -Wno-missing-braces -Wparentheses -Wswitch -Wno-unused-function -Wno-unused-label -Wno-unused-parameter -Wno-unused-variable -Wunused-value -Wno-empty-body -Wno-uninitialized -Wno-unknown-pragmas -w -Wno-shadow -Wno-four-char-constants -Wno-conversion -Wno-constant-conversion -Wno-int-conversion -Wno-bool-conversion -Wno-enum-conversion -Wno-float-conversion -Wno-non-literal-null-conversion -Wno-objc-literal-conversion -Wno-shorten-64-to-32 -Wpointer-sign -Wno-newline-eof -Wno-selector -Wno-strict-selector-match -Wno-undeclared-selector -Wno-deprecated-implementations -Wno-implicit-fallthrough -fstrict-aliasing -Wprotocol -Wdeprecated-declarations -Wno-sign-conversion -Wno-infinite-recursion -Wno-comma -Wno-block-capture-autoreleasing -Wno-strict-prototypes -Wno-semicolon-before-method-body --sysroot /root/.swiftpm/swift-sdks/swift-6.4.0-RELEASE_wasm.artifactbundle/swift-6.4.0-RELEASE_wasm/wasm32-unknown-wasip1/WASI.sdk @/host/spi-builder-workspace/.build/out/Intermediates.noindex/GoogleUtilities.build/Debug-webassembly-wasm32/third-party-IsAppEncrypted-t.build/Objects-normal/wasm32/6f95552a3397ee1cec971b90cf334075d5f321c3a3b0689ad55c3d1e24702600-common-args.resp -MMD -MT dependencies -MF /host/spi-builder-workspace/.build/out/Intermediates.noindex/GoogleUtilities.build/Debug-webassembly-wasm32/third-party-IsAppEncrypted-t.build/Objects-normal/wasm32/IsAppEncrypted.d --serialize-diagnostics /host/spi-builder-workspace/.build/out/Intermediates.noindex/GoogleUtilities.build/Debug-webassembly-wasm32/third-party-IsAppEncrypted-t.build/Objects-normal/wasm32/IsAppEncrypted.dia -c /host/spi-builder-workspace/.build/checkouts/GoogleUtilities/third_party/IsAppEncrypted/IsAppEncrypted.m -o /host/spi-builder-workspace/.build/out/Intermediates.noindex/GoogleUtilities.build/Debug-webassembly-wasm32/third-party-IsAppEncrypted-t.build/Objects-normal/wasm32/IsAppEncrypted.o
In file included from <built-in>:1:
/host/spi-builder-workspace/.build/out/Intermediates.noindex/GoogleUtilities.build/Debug-webassembly-wasm32/GoogleUtilities-UserDefaults-t.build/DerivedSources/resource_bundle_accessor.h:1:9: fatal error: 'Foundation/Foundation.h' file not found
    1 | #import <Foundation/Foundation.h>
      |         ^~~~~~~~~~~~~~~~~~~~~~~~~
1 error generated.
error: CompileC /host/spi-builder-workspace/.build/out/Intermediates.noindex/GoogleUtilities.build/Debug-webassembly-wasm32/GoogleUtilities-UserDefaults-t.build/Objects-normal/wasm32/resource_bundle_accessor.o /host/spi-builder-workspace/.build/out/Intermediates.noindex/GoogleUtilities.build/Debug-webassembly-wasm32/GoogleUtilities-UserDefaults-t.build/DerivedSources/resource_bundle_accessor.m normal wasm32 objective-c com.apple.compilers.llvm.clang.1_0.compiler failed with a nonzero exit code. Command line:     cd /host

    Using response file: /host/spi-builder-workspace/.build/out/Intermediates.noindex/GoogleUtilities.build/Debug-webassembly-wasm32/GoogleUtilities-UserDefaults-t.build/Objects-normal/wasm32/6f95552a3397ee1cec971b90cf334075d5f321c3a3b0689ad55c3d1e24702600-common-args.resp

    /usr/bin/clang -x objective-c -target wasm32-unknown-wasip1 -fmessage-length\=0 -fdiagnostics-show-note-include-stack -fmacro-backtrace-limit\=0 -fcolor-diagnostics -Wno-trigraphs -Wno-missing-field-initializers -Wno-missing-prototypes -Wno-return-type -Wno-implicit-atomic-properties -Wno-objc-interface-ivars -Wno-arc-repeated-use-of-weak -Wno-missing-braces -Wparentheses -Wswitch -Wno-unused-function -Wno-unused-label -Wno-unused-parameter -Wno-unused-variable -Wunused-value -Wno-empty-body -Wno-uninitialized -Wno-unknown-pragmas -w -Wno-shadow -Wno-four-char-constants -Wno-conversion -Wno-constant-conversion -Wno-int-conversion -Wno-bool-conversion -Wno-enum-conversion -Wno-float-conversion -Wno-non-literal-null-conversion -Wno-objc-literal-conversion -Wno-shorten-64-to-32 -Wpointer-sign -Wno-newline-eof -Wno-selector -Wno-strict-selector-match -Wno-undeclared-selector -Wno-deprecated-implementations -Wno-implicit-fallthrough -fstrict-aliasing -Wprotocol -Wdeprecated-declarations -Wno-sign-conversion -Wno-infinite-recursion -Wno-comma -Wno-block-capture-autoreleasing -Wno-strict-prototypes -Wno-semicolon-before-method-body --sysroot /root/.swiftpm/swift-sdks/swift-6.4.0-RELEASE_wasm.artifactbundle/swift-6.4.0-RELEASE_wasm/wasm32-unknown-wasip1/WASI.sdk @/host/spi-builder-workspace/.build/out/Intermediates.noindex/GoogleUtilities.build/Debug-webassembly-wasm32/GoogleUtilities-UserDefaults-t.build/Objects-normal/wasm32/6f95552a3397ee1cec971b90cf334075d5f321c3a3b0689ad55c3d1e24702600-common-args.resp -include /host/spi-builder-workspace/.build/out/Intermediates.noindex/GoogleUtilities.build/Debug-webassembly-wasm32/GoogleUtilities-UserDefaults-t.build/DerivedSources/resource_bundle_accessor.h -MMD -MT dependencies -MF /host/spi-builder-workspace/.build/out/Intermediates.noindex/GoogleUtilities.build/Debug-webassembly-wasm32/GoogleUtilities-UserDefaults-t.build/Objects-normal/wasm32/resource_bundle_accessor.d --serialize-diagnostics /host/spi-builder-workspace/.build/out/Intermediates.noindex/GoogleUtilities.build/Debug-webassembly-wasm32/GoogleUtilities-UserDefaults-t.build/Objects-normal/wasm32/resource_bundle_accessor.dia -c /host/spi-builder-workspace/.build/out/Intermediates.noindex/GoogleUtilities.build/Debug-webassembly-wasm32/GoogleUtilities-UserDefaults-t.build/DerivedSources/resource_bundle_accessor.m -o /host/spi-builder-workspace/.build/out/Intermediates.noindex/GoogleUtilities.build/Debug-webassembly-wasm32/GoogleUtilities-UserDefaults-t.build/Objects-normal/wasm32/resource_bundle_accessor.o
In file included from <built-in>:1:
/host/spi-builder-workspace/.build/out/Intermediates.noindex/GoogleUtilities.build/Debug-webassembly-wasm32/GoogleUtilities-Logger-t.build/DerivedSources/resource_bundle_accessor.h:1:9: fatal error: 'Foundation/Foundation.h' file not found
    1 | #import <Foundation/Foundation.h>
      |         ^~~~~~~~~~~~~~~~~~~~~~~~~
1 error generated.
error: CompileC /host/spi-builder-workspace/.build/out/Intermediates.noindex/GoogleUtilities.build/Debug-webassembly-wasm32/GoogleUtilities-Logger-t.build/Objects-normal/wasm32/resource_bundle_accessor.o /host/spi-builder-workspace/.build/out/Intermediates.noindex/GoogleUtilities.build/Debug-webassembly-wasm32/GoogleUtilities-Logger-t.build/DerivedSources/resource_bundle_accessor.m normal wasm32 objective-c com.apple.compilers.llvm.clang.1_0.compiler failed with a nonzero exit code. Command line:     cd /host

    Using response file: /host/spi-builder-workspace/.build/out/Intermediates.noindex/GoogleUtilities.build/Debug-webassembly-wasm32/GoogleUtilities-Logger-t.build/Objects-normal/wasm32/6f95552a3397ee1cec971b90cf334075d5f321c3a3b0689ad55c3d1e24702600-common-args.resp

    /usr/bin/clang -x objective-c -target wasm32-unknown-wasip1 -fmessage-length\=0 -fdiagnostics-show-note-include-stack -fmacro-backtrace-limit\=0 -fcolor-diagnostics -Wno-trigraphs -Wno-missing-field-initializers -Wno-missing-prototypes -Wno-return-type -Wno-implicit-atomic-properties -Wno-objc-interface-ivars -Wno-arc-repeated-use-of-weak -Wno-missing-braces -Wparentheses -Wswitch -Wno-unused-function -Wno-unused-label -Wno-unused-parameter -Wno-unused-variable -Wunused-value -Wno-empty-body -Wno-uninitialized -Wno-unknown-pragmas -w -Wno-shadow -Wno-four-char-constants -Wno-conversion -Wno-constant-conversion -Wno-int-conversion -Wno-bool-conversion -Wno-enum-conversion -Wno-float-conversion -Wno-non-literal-null-conversion -Wno-objc-literal-conversion -Wno-shorten-64-to-32 -Wpointer-sign -Wno-newline-eof -Wno-selector -Wno-strict-selector-match -Wno-undeclared-selector -Wno-deprecated-implementations -Wno-implicit-fallthrough -fstrict-aliasing -Wprotocol -Wdeprecated-declarations -Wno-sign-conversion -Wno-infinite-recursion -Wno-comma -Wno-block-capture-autoreleasing -Wno-strict-prototypes -Wno-semicolon-before-method-body --sysroot /root/.swiftpm/swift-sdks/swift-6.4.0-RELEASE_wasm.artifactbundle/swift-6.4.0-RELEASE_wasm/wasm32-unknown-wasip1/WASI.sdk @/host/spi-builder-workspace/.build/out/Intermediates.noindex/GoogleUtilities.build/Debug-webassembly-wasm32/GoogleUtilities-Logger-t.build/Objects-normal/wasm32/6f95552a3397ee1cec971b90cf334075d5f321c3a3b0689ad55c3d1e24702600-common-args.resp -include /host/spi-builder-workspace/.build/out/Intermediates.noindex/GoogleUtilities.build/Debug-webassembly-wasm32/GoogleUtilities-Logger-t.build/DerivedSources/resource_bundle_accessor.h -MMD -MT dependencies -MF /host/spi-builder-workspace/.build/out/Intermediates.noindex/GoogleUtilities.build/Debug-webassembly-wasm32/GoogleUtilities-Logger-t.build/Objects-normal/wasm32/resource_bundle_accessor.d --serialize-diagnostics /host/spi-builder-workspace/.build/out/Intermediates.noindex/GoogleUtilities.build/Debug-webassembly-wasm32/GoogleUtilities-Logger-t.build/Objects-normal/wasm32/resource_bundle_accessor.dia -c /host/spi-builder-workspace/.build/out/Intermediates.noindex/GoogleUtilities.build/Debug-webassembly-wasm32/GoogleUtilities-Logger-t.build/DerivedSources/resource_bundle_accessor.m -o /host/spi-builder-workspace/.build/out/Intermediates.noindex/GoogleUtilities.build/Debug-webassembly-wasm32/GoogleUtilities-Logger-t.build/Objects-normal/wasm32/resource_bundle_accessor.o
In file included from <built-in>:1:
/host/spi-builder-workspace/.build/out/Intermediates.noindex/GoogleUtilities.build/Debug-webassembly-wasm32/GoogleUtilities-Logger-t.build/DerivedSources/resource_bundle_accessor.h:1:9: fatal error: 'Foundation/Foundation.h' file not found
    1 | #import <Foundation/Foundation.h>
      |         ^~~~~~~~~~~~~~~~~~~~~~~~~
1 error generated.
error: CompileC /host/spi-builder-workspace/.build/out/Intermediates.noindex/GoogleUtilities.build/Debug-webassembly-wasm32/GoogleUtilities-Logger-t.build/Objects-normal/wasm32/GULLogger.o /host/spi-builder-workspace/.build/checkouts/GoogleUtilities/GoogleUtilities/Logger/GULLogger.m normal wasm32 objective-c com.apple.compilers.llvm.clang.1_0.compiler failed with a nonzero exit code. Command line:     cd /host

    Using response file: /host/spi-builder-workspace/.build/out/Intermediates.noindex/GoogleUtilities.build/Debug-webassembly-wasm32/GoogleUtilities-Logger-t.build/Objects-normal/wasm32/6f95552a3397ee1cec971b90cf334075d5f321c3a3b0689ad55c3d1e24702600-common-args.resp

    /usr/bin/clang -x objective-c -target wasm32-unknown-wasip1 -fmessage-length\=0 -fdiagnostics-show-note-include-stack -fmacro-backtrace-limit\=0 -fcolor-diagnostics -Wno-trigraphs -Wno-missing-field-initializers -Wno-missing-prototypes -Wno-return-type -Wno-implicit-atomic-properties -Wno-objc-interface-ivars -Wno-arc-repeated-use-of-weak -Wno-missing-braces -Wparentheses -Wswitch -Wno-unused-function -Wno-unused-label -Wno-unused-parameter -Wno-unused-variable -Wunused-value -Wno-empty-body -Wno-uninitialized -Wno-unknown-pragmas -w -Wno-shadow -Wno-four-char-constants -Wno-conversion -Wno-constant-conversion -Wno-int-conversion -Wno-bool-conversion -Wno-enum-conversion -Wno-float-conversion -Wno-non-literal-null-conversion -Wno-objc-literal-conversion -Wno-shorten-64-to-32 -Wpointer-sign -Wno-newline-eof -Wno-selector -Wno-strict-selector-match -Wno-undeclared-selector -Wno-deprecated-implementations -Wno-implicit-fallthrough -fstrict-aliasing -Wprotocol -Wdeprecated-declarations -Wno-sign-conversion -Wno-infinite-recursion -Wno-comma -Wno-block-capture-autoreleasing -Wno-strict-prototypes -Wno-semicolon-before-method-body --sysroot /root/.swiftpm/swift-sdks/swift-6.4.0-RELEASE_wasm.artifactbundle/swift-6.4.0-RELEASE_wasm/wasm32-unknown-wasip1/WASI.sdk @/host/spi-builder-workspace/.build/out/Intermediates.noindex/GoogleUtilities.build/Debug-webassembly-wasm32/GoogleUtilities-Logger-t.build/Objects-normal/wasm32/6f95552a3397ee1cec971b90cf334075d5f321c3a3b0689ad55c3d1e24702600-common-args.resp -include /host/spi-builder-workspace/.build/out/Intermediates.noindex/GoogleUtilities.build/Debug-webassembly-wasm32/GoogleUtilities-Logger-t.build/DerivedSources/resource_bundle_accessor.h -MMD -MT dependencies -MF /host/spi-builder-workspace/.build/out/Intermediates.noindex/GoogleUtilities.build/Debug-webassembly-wasm32/GoogleUtilities-Logger-t.build/Objects-normal/wasm32/GULLogger.d --serialize-diagnostics /host/spi-builder-workspace/.build/out/Intermediates.noindex/GoogleUtilities.build/Debug-webassembly-wasm32/GoogleUtilities-Logger-t.build/Objects-normal/wasm32/GULLogger.dia -c /host/spi-builder-workspace/.build/checkouts/GoogleUtilities/GoogleUtilities/Logger/GULLogger.m -o /host/spi-builder-workspace/.build/out/Intermediates.noindex/GoogleUtilities.build/Debug-webassembly-wasm32/GoogleUtilities-Logger-t.build/Objects-normal/wasm32/GULLogger.o
In file included from <built-in>:1:
/host/spi-builder-workspace/.build/out/Intermediates.noindex/GoogleUtilities.build/Debug-webassembly-wasm32/GoogleUtilities-UserDefaults-t.build/DerivedSources/resource_bundle_accessor.h:1:9: fatal error: 'Foundation/Foundation.h' file not found
    1 | #import <Foundation/Foundation.h>
      |         ^~~~~~~~~~~~~~~~~~~~~~~~~
1 error generated.
error: CompileC /host/spi-builder-workspace/.build/out/Intermediates.noindex/GoogleUtilities.build/Debug-webassembly-wasm32/GoogleUtilities-UserDefaults-t.build/Objects-normal/wasm32/GULUserDefaults.o /host/spi-builder-workspace/.build/checkouts/GoogleUtilities/GoogleUtilities/UserDefaults/GULUserDefaults.m normal wasm32 objective-c com.apple.compilers.llvm.clang.1_0.compiler failed with a nonzero exit code. Command line:     cd /host

    Using response file: /host/spi-builder-workspace/.build/out/Intermediates.noindex/GoogleUtilities.build/Debug-webassembly-wasm32/GoogleUtilities-UserDefaults-t.build/Objects-normal/wasm32/6f95552a3397ee1cec971b90cf334075d5f321c3a3b0689ad55c3d1e24702600-common-args.resp

    /usr/bin/clang -x objective-c -target wasm32-unknown-wasip1 -fmessage-length\=0 -fdiagnostics-show-note-include-stack -fmacro-backtrace-limit\=0 -fcolor-diagnostics -Wno-trigraphs -Wno-missing-field-initializers -Wno-missing-prototypes -Wno-return-type -Wno-implicit-atomic-properties -Wno-objc-interface-ivars -Wno-arc-repeated-use-of-weak -Wno-missing-braces -Wparentheses -Wswitch -Wno-unused-function -Wno-unused-label -Wno-unused-parameter -Wno-unused-variable -Wunused-value -Wno-empty-body -Wno-uninitialized -Wno-unknown-pragmas -w -Wno-shadow -Wno-four-char-constants -Wno-conversion -Wno-constant-conversion -Wno-int-conversion -Wno-bool-conversion -Wno-enum-conversion -Wno-float-conversion -Wno-non-literal-null-conversion -Wno-objc-literal-conversion -Wno-shorten-64-to-32 -Wpointer-sign -Wno-newline-eof -Wno-selector -Wno-strict-selector-match -Wno-undeclared-selector -Wno-deprecated-implementations -Wno-implicit-fallthrough -fstrict-aliasing -Wprotocol -Wdeprecated-declarations -Wno-sign-conversion -Wno-infinite-recursion -Wno-comma -Wno-block-capture-autoreleasing -Wno-strict-prototypes -Wno-semicolon-before-method-body --sysroot /root/.swiftpm/swift-sdks/swift-6.4.0-RELEASE_wasm.artifactbundle/swift-6.4.0-RELEASE_wasm/wasm32-unknown-wasip1/WASI.sdk @/host/spi-builder-workspace/.build/out/Intermediates.noindex/GoogleUtilities.build/Debug-webassembly-wasm32/GoogleUtilities-UserDefaults-t.build/Objects-normal/wasm32/6f95552a3397ee1cec971b90cf334075d5f321c3a3b0689ad55c3d1e24702600-common-args.resp -include /host/spi-builder-workspace/.build/out/Intermediates.noindex/GoogleUtilities.build/Debug-webassembly-wasm32/GoogleUtilities-UserDefaults-t.build/DerivedSources/resource_bundle_accessor.h -MMD -MT dependencies -MF /host/spi-builder-workspace/.build/out/Intermediates.noindex/GoogleUtilities.build/Debug-webassembly-wasm32/GoogleUtilities-UserDefaults-t.build/Objects-normal/wasm32/GULUserDefaults.d --serialize-diagnostics /host/spi-builder-workspace/.build/out/Intermediates.noindex/GoogleUtilities.build/Debug-webassembly-wasm32/GoogleUtilities-UserDefaults-t.build/Objects-normal/wasm32/GULUserDefaults.dia -c /host/spi-builder-workspace/.build/checkouts/GoogleUtilities/GoogleUtilities/UserDefaults/GULUserDefaults.m -o /host/spi-builder-workspace/.build/out/Intermediates.noindex/GoogleUtilities.build/Debug-webassembly-wasm32/GoogleUtilities-UserDefaults-t.build/Objects-normal/wasm32/GULUserDefaults.o
In file included from <built-in>:1:
/host/spi-builder-workspace/.build/out/Intermediates.noindex/GoogleUtilities.build/Debug-webassembly-wasm32/GoogleUtilities-Environment-t.build/DerivedSources/resource_bundle_accessor.h:1:9: fatal error: 'Foundation/Foundation.h' file not found
    1 | #import <Foundation/Foundation.h>
      |         ^~~~~~~~~~~~~~~~~~~~~~~~~
1 error generated.
error: CompileC /host/spi-builder-workspace/.build/out/Intermediates.noindex/GoogleUtilities.build/Debug-webassembly-wasm32/GoogleUtilities-Environment-t.build/Objects-normal/wasm32/resource_bundle_accessor.o /host/spi-builder-workspace/.build/out/Intermediates.noindex/GoogleUtilities.build/Debug-webassembly-wasm32/GoogleUtilities-Environment-t.build/DerivedSources/resource_bundle_accessor.m normal wasm32 objective-c com.apple.compilers.llvm.clang.1_0.compiler failed with a nonzero exit code. Command line:     cd /host

    Using response file: /host/spi-builder-workspace/.build/out/Intermediates.noindex/GoogleUtilities.build/Debug-webassembly-wasm32/GoogleUtilities-Environment-t.build/Objects-normal/wasm32/6f95552a3397ee1cec971b90cf334075d5f321c3a3b0689ad55c3d1e24702600-common-args.resp

    /usr/bin/clang -x objective-c -target wasm32-unknown-wasip1 -fmessage-length\=0 -fdiagnostics-show-note-include-stack -fmacro-backtrace-limit\=0 -fcolor-diagnostics -Wno-trigraphs -Wno-missing-field-initializers -Wno-missing-prototypes -Wno-return-type -Wno-implicit-atomic-properties -Wno-objc-interface-ivars -Wno-arc-repeated-use-of-weak -Wno-missing-braces -Wparentheses -Wswitch -Wno-unused-function -Wno-unused-label -Wno-unused-parameter -Wno-unused-variable -Wunused-value -Wno-empty-body -Wno-uninitialized -Wno-unknown-pragmas -w -Wno-shadow -Wno-four-char-constants -Wno-conversion -Wno-constant-conversion -Wno-int-conversion -Wno-bool-conversion -Wno-enum-conversion -Wno-float-conversion -Wno-non-literal-null-conversion -Wno-objc-literal-conversion -Wno-shorten-64-to-32 -Wpointer-sign -Wno-newline-eof -Wno-selector -Wno-strict-selector-match -Wno-undeclared-selector -Wno-deprecated-implementations -Wno-implicit-fallthrough -fstrict-aliasing -Wprotocol -Wdeprecated-declarations -Wno-sign-conversion -Wno-infinite-recursion -Wno-comma -Wno-block-capture-autoreleasing -Wno-strict-prototypes -Wno-semicolon-before-method-body --sysroot /root/.swiftpm/swift-sdks/swift-6.4.0-RELEASE_wasm.artifactbundle/swift-6.4.0-RELEASE_wasm/wasm32-unknown-wasip1/WASI.sdk @/host/spi-builder-workspace/.build/out/Intermediates.noindex/GoogleUtilities.build/Debug-webassembly-wasm32/GoogleUtilities-Environment-t.build/Objects-normal/wasm32/6f95552a3397ee1cec971b90cf334075d5f321c3a3b0689ad55c3d1e24702600-common-args.resp -include /host/spi-builder-workspace/.build/out/Intermediates.noindex/GoogleUtilities.build/Debug-webassembly-wasm32/GoogleUtilities-Environment-t.build/DerivedSources/resource_bundle_accessor.h -MMD -MT dependencies -MF /host/spi-builder-workspace/.build/out/Intermediates.noindex/GoogleUtilities.build/Debug-webassembly-wasm32/GoogleUtilities-Environment-t.build/Objects-normal/wasm32/resource_bundle_accessor.d --serialize-diagnostics /host/spi-builder-workspace/.build/out/Intermediates.noindex/GoogleUtilities.build/Debug-webassembly-wasm32/GoogleUtilities-Environment-t.build/Objects-normal/wasm32/resource_bundle_accessor.dia -c /host/spi-builder-workspace/.build/out/Intermediates.noindex/GoogleUtilities.build/Debug-webassembly-wasm32/GoogleUtilities-Environment-t.build/DerivedSources/resource_bundle_accessor.m -o /host/spi-builder-workspace/.build/out/Intermediates.noindex/GoogleUtilities.build/Debug-webassembly-wasm32/GoogleUtilities-Environment-t.build/Objects-normal/wasm32/resource_bundle_accessor.o
error: Build failed
BUILD FAILURE 6.4 wasm