The Swift Package Index logo.Swift Package Index

Build Information

Failed to build ForecastIO-Vapor, reference 1.0.0 (80f35d), with Swift 6.4 for Linux on 16 Sep 2026 20:49:30 UTC.

Build Command

bash -c docker run --pull=always --rm -v "checkouts-54344843-1":/host -w "$PWD" -e JAVA_HOME="/root/.sdkman/candidates/java/current" -e SPI_BUILD="1" -e SPI_PROCESSING="1" registry.gitlab.com/saguaro1/spi-images:basic-6.4-latest swift build --triple x86_64-unknown-linux-gnu 2>&1

Build Log

========================================
RunAll
========================================
Builder version: 5.1.0
Interrupt handler set up.
========================================
Checkout
========================================
Clone URL: https://github.com/aaastorga/darksky-provider.git
Reference: 1.0.0
Initialized empty Git repository in /host/spi-builder-workspace/.git/
hint: Using 'master' as the name for the initial branch. This default branch name
hint: is subject to change. To configure the initial branch name to use in all
hint: of your new repositories, which will suppress this warning, call:
hint:
hint: 	git config --global init.defaultBranch <name>
hint:
hint: Names commonly chosen instead of 'master' are 'main', 'trunk' and
hint: 'development'. The just-created branch can be renamed via this command:
hint:
hint: 	git branch -m <name>
From https://github.com/aaastorga/darksky-provider
 * tag               1.0.0      -> FETCH_HEAD
HEAD is now at 80f35d4 barebones forecast fetching works
Cloned https://github.com/aaastorga/darksky-provider.git
Revision (git rev-parse @):
80f35d4631483de02426099b28d57a3990b8bf05
SUCCESS checkout https://github.com/aaastorga/darksky-provider.git at 1.0.0
========================================
Build
========================================
Selected platform:         linux
Swift version:             6.4
Building package at path:  $PWD
https://github.com/aaastorga/darksky-provider.git
Running build ...
bash -c docker run --pull=always --rm -v "checkouts-54344843-1":/host -w "$PWD" -e JAVA_HOME="/root/.sdkman/candidates/java/current" -e SPI_BUILD="1" -e SPI_PROCESSING="1" registry.gitlab.com/saguaro1/spi-images:basic-6.4-latest swift build --triple x86_64-unknown-linux-gnu 2>&1
basic-6.4-latest: Pulling from saguaro1/spi-images
Digest: sha256:c77fcce225e223ac0fafed844619173fc6de8d62dd560eeb28db3182af6a282b
Status: Image is up to date for registry.gitlab.com/saguaro1/spi-images:basic-6.4-latest
Fetching https://github.com/vapor/service.git
Fetching https://github.com/vapor/http.git
[1/25467] Fetching http
[5350/26386] Fetching http, service
Fetched https://github.com/vapor/service.git (0.75s)
Fetched https://github.com/vapor/http.git (0.75s)
Computing version for https://github.com/vapor/http.git
Computed https://github.com/vapor/http.git at 3.4.0 (0.94s)
Fetching https://github.com/apple/swift-nio.git
Fetching https://github.com/apple/swift-nio-ssl.git
Fetching https://github.com/vapor/core.git
[1/20143] Fetching core
[2822/36207] Fetching core, swift-nio-ssl
Fetched https://github.com/vapor/core.git (0.73s)
[5944/16064] Fetching swift-nio-ssl
[14620/102014] Fetching swift-nio-ssl, swift-nio
Fetched https://github.com/apple/swift-nio-ssl.git (1.09s)
[33521/85950] Fetching swift-nio
Fetched https://github.com/apple/swift-nio.git (2.75s)
Computing version for https://github.com/apple/swift-nio.git
Computed https://github.com/apple/swift-nio.git at 1.14.4 (2.97s)
Fetching https://github.com/apple/swift-nio-zlib-support.git
[1/15] Fetching swift-nio-zlib-support
Fetched https://github.com/apple/swift-nio-zlib-support.git (0.68s)
Computing version for https://github.com/apple/swift-nio-zlib-support.git
Computed https://github.com/apple/swift-nio-zlib-support.git at 1.0.0 (0.87s)
Computing version for https://github.com/apple/swift-nio-ssl.git
Computed https://github.com/apple/swift-nio-ssl.git at 1.4.0 (0.18s)
Fetching https://github.com/apple/swift-nio-ssl-support.git
[1/16] Fetching swift-nio-ssl-support
Fetched https://github.com/apple/swift-nio-ssl-support.git (0.44s)
Computing version for https://github.com/apple/swift-nio-ssl-support.git
Computed https://github.com/apple/swift-nio-ssl-support.git at 1.0.0 (0.65s)
Computing version for https://github.com/vapor/core.git
Computed https://github.com/vapor/core.git at 3.10.1 (0.23s)
Computing version for https://github.com/vapor/service.git
Computed https://github.com/vapor/service.git at 1.0.2 (0.19s)
Creating working copy for https://github.com/vapor/http.git
Working copy of https://github.com/vapor/http.git resolved at 3.4.0
Creating working copy for https://github.com/apple/swift-nio-ssl.git
Working copy of https://github.com/apple/swift-nio-ssl.git resolved at 1.4.0
Creating working copy for https://github.com/vapor/service.git
Working copy of https://github.com/vapor/service.git resolved at 1.0.2
Creating working copy for https://github.com/apple/swift-nio.git
Working copy of https://github.com/apple/swift-nio.git resolved at 1.14.4
Creating working copy for https://github.com/vapor/core.git
Working copy of https://github.com/vapor/core.git resolved at 3.10.1
Creating working copy for https://github.com/apple/swift-nio-zlib-support.git
Working copy of https://github.com/apple/swift-nio-zlib-support.git resolved at 1.0.0
Creating working copy for https://github.com/apple/swift-nio-ssl-support.git
Working copy of https://github.com/apple/swift-nio-ssl-support.git resolved at 1.0.0
warning: 'swift-nio-zlib-support': ignoring declared target(s) 'swift-nio-zlib-support' in the system package
warning: 'swift-nio-ssl-support': ignoring declared target(s) 'swift-nio-ssl-support' in the system package
warning: 'swift-nio-zlib-support': ignoring declared target(s) 'swift-nio-zlib-support' in the system package
warning: 'swift-nio-ssl-support': ignoring declared target(s) 'swift-nio-ssl-support' in the system package
Building for debugging...
[Computing dependencies]
[Pre-planning 1 / 696]
[Planning deferred tasks]
[1 / 252]
[146 / 268] NIOPriorityQueue
[149 / 268] CNIOOpenSSL
[156 / 268] Debugging
[168 / 268] Debugging
[168 / 268] NIOPriorityQueue
[177 / 278] CNIOLinux
[180 / 278] CNIOHTTPParser
[183 / 278] CNIODarwin
[184 / 278] NIOPriorityQueue
[192 / 281] Debugging
[195 / 282] NIO
[196 / 282] CNIOAtomics
[198 / 282] NIO
[204 / 282] NIOTLS
[211 / 287] NIOTLS
[213 / 287] NIOTLS
[225 / 310] NIOFoundationCompat
[227 / 310] NIOHTTP1
[232 / 310] NIOFoundationCompat
[242 / 311] NIOHTTP1
[246 / 311] NIOHTTP1
[252 / 312] NIOHTTP1
[255 / 312] NIOHTTP1-product
[260 / 312] Bits
[266 / 332] Async
[269 / 333] NIOOpenSSL
[277 / 335] NIOOpenSSL
[278 / 335] NIOOpenSSL
error: SwiftCompile normal x86_64 /host/spi-builder-workspace/.build/checkouts/swift-nio-ssl/Sources/NIOOpenSSL/SSLConnection.swift failed with a nonzero exit code. Command line:     cd /host
    builtin-SwiftPerFileCompile SSLConnection.swift
error: SwiftCompile normal x86_64 /host/spi-builder-workspace/.build/checkouts/swift-nio-ssl/Sources/NIOOpenSSL/SSLContext.swift failed with a nonzero exit code. Command line:     cd /host
    builtin-SwiftPerFileCompile SSLContext.swift
/host/spi-builder-workspace/.build/checkouts/swift-nio-ssl/Sources/NIOOpenSSL/SSLConnection.swift:308:29: error: cannot find 'SSL_get_peer_certificate' in scope
306 |     /// if available.
307 |     func getPeerCertificate() -> OpenSSLCertificate? {
308 |         guard let certPtr = SSL_get_peer_certificate(.make(optional: ssl)) else {
    |                             `- error: cannot find 'SSL_get_peer_certificate' in scope
309 |             return nil
310 |         }
/host/spi-builder-workspace/.build/checkouts/swift-nio-ssl/Sources/NIOOpenSSL/SSLContext.swift:130:34: error: cannot find 'SSL_OP_NO_COMPRESSION' in scope
128 |         CNIOOpenSSL_SSL_CTX_set_mode(ctx, Int(SSL_MODE_RELEASE_BUFFERS | SSL_MODE_AUTO_RETRY))
129 |
130 |         var opensslOptions = Int(SSL_OP_NO_COMPRESSION)
    |                                  `- error: cannot find 'SSL_OP_NO_COMPRESSION' in scope
131 |
132 |         // Handle TLS versions
/usr/include/openssl/ssl.h:387:10: note: macro 'SSL_OP_NO_COMPRESSION' unavailable: structure not supported
 385 | # define SSL_OP_NO_SESSION_RESUMPTION_ON_RENEGOTIATION   SSL_OP_BIT(16)
 386 |     /* Don't use compression even if supported */
 387 | # define SSL_OP_NO_COMPRESSION                           SSL_OP_BIT(17)
     |          `- note: macro 'SSL_OP_NO_COMPRESSION' unavailable: structure not supported
 388 |     /* Permit unsafe legacy renegotiation */
 389 | # define SSL_OP_ALLOW_UNSAFE_LEGACY_RENEGOTIATION        SSL_OP_BIT(18)
/host/spi-builder-workspace/.build/checkouts/swift-nio-ssl/Sources/NIOOpenSSL/SSLContext.swift:135:35: error: cannot find 'SSL_OP_NO_TLSv1_2' in scope
133 |         switch configuration.minimumTLSVersion {
134 |         case .tlsv13:
135 |             opensslOptions |= Int(SSL_OP_NO_TLSv1_2)
    |                                   `- error: cannot find 'SSL_OP_NO_TLSv1_2' in scope
136 |             fallthrough
137 |         case .tlsv12:
/usr/include/openssl/ssl.h:420:10: note: macro 'SSL_OP_NO_TLSv1_2' unavailable: structure not supported
 418 | # define SSL_OP_NO_SSLv3                                 SSL_OP_BIT(25)
 419 | # define SSL_OP_NO_TLSv1                                 SSL_OP_BIT(26)
 420 | # define SSL_OP_NO_TLSv1_2                               SSL_OP_BIT(27)
     |          `- note: macro 'SSL_OP_NO_TLSv1_2' unavailable: structure not supported
 421 | # define SSL_OP_NO_TLSv1_1                               SSL_OP_BIT(28)
 422 | # define SSL_OP_NO_TLSv1_3                               SSL_OP_BIT(29)
/host/spi-builder-workspace/.build/checkouts/swift-nio-ssl/Sources/NIOOpenSSL/SSLContext.swift:138:35: error: cannot find 'SSL_OP_NO_TLSv1_1' in scope
136 |             fallthrough
137 |         case .tlsv12:
138 |             opensslOptions |= Int(SSL_OP_NO_TLSv1_1)
    |                                   `- error: cannot find 'SSL_OP_NO_TLSv1_1' in scope
139 |             fallthrough
140 |         case .tlsv11:
/usr/include/openssl/ssl.h:421:10: note: macro 'SSL_OP_NO_TLSv1_1' unavailable: structure not supported
 419 | # define SSL_OP_NO_TLSv1                                 SSL_OP_BIT(26)
 420 | # define SSL_OP_NO_TLSv1_2                               SSL_OP_BIT(27)
 421 | # define SSL_OP_NO_TLSv1_1                               SSL_OP_BIT(28)
     |          `- note: macro 'SSL_OP_NO_TLSv1_1' unavailable: structure not supported
 422 | # define SSL_OP_NO_TLSv1_3                               SSL_OP_BIT(29)
 423 | # define SSL_OP_NO_DTLSv1                                SSL_OP_BIT(26)
/host/spi-builder-workspace/.build/checkouts/swift-nio-ssl/Sources/NIOOpenSSL/SSLContext.swift:141:35: error: cannot find 'SSL_OP_NO_TLSv1' in scope
139 |             fallthrough
140 |         case .tlsv11:
141 |             opensslOptions |= Int(SSL_OP_NO_TLSv1)
    |                                   `- error: cannot find 'SSL_OP_NO_TLSv1' in scope
142 |             fallthrough
143 |         case .tlsv1:
/usr/include/openssl/ssl.h:419:10: note: macro 'SSL_OP_NO_TLSv1' unavailable: structure not supported
 417 | # define SSL_OP_NO_ANTI_REPLAY                           SSL_OP_BIT(24)
 418 | # define SSL_OP_NO_SSLv3                                 SSL_OP_BIT(25)
 419 | # define SSL_OP_NO_TLSv1                                 SSL_OP_BIT(26)
     |          `- note: macro 'SSL_OP_NO_TLSv1' unavailable: structure not supported
 420 | # define SSL_OP_NO_TLSv1_2                               SSL_OP_BIT(27)
 421 | # define SSL_OP_NO_TLSv1_1                               SSL_OP_BIT(28)
/host/spi-builder-workspace/.build/checkouts/swift-nio-ssl/Sources/NIOOpenSSL/SSLContext.swift:144:35: error: cannot find 'SSL_OP_NO_SSLv3' in scope
142 |             fallthrough
143 |         case .tlsv1:
144 |             opensslOptions |= Int(SSL_OP_NO_SSLv3)
    |                                   `- error: cannot find 'SSL_OP_NO_SSLv3' in scope
145 |             fallthrough
146 |         case .sslv3:
/usr/include/openssl/ssl.h:418:10: note: macro 'SSL_OP_NO_SSLv3' unavailable: structure not supported
 416 |      */
 417 | # define SSL_OP_NO_ANTI_REPLAY                           SSL_OP_BIT(24)
 418 | # define SSL_OP_NO_SSLv3                                 SSL_OP_BIT(25)
     |          `- note: macro 'SSL_OP_NO_SSLv3' unavailable: structure not supported
 419 | # define SSL_OP_NO_TLSv1                                 SSL_OP_BIT(26)
 420 | # define SSL_OP_NO_TLSv1_2                               SSL_OP_BIT(27)
/host/spi-builder-workspace/.build/checkouts/swift-nio-ssl/Sources/NIOOpenSSL/SSLContext.swift:155:35: error: cannot find 'SSL_OP_NO_SSLv3' in scope
153 |         switch configuration.maximumTLSVersion {
154 |         case .some(.sslv2):
155 |             opensslOptions |= Int(SSL_OP_NO_SSLv3)
    |                                   `- error: cannot find 'SSL_OP_NO_SSLv3' in scope
156 |             fallthrough
157 |         case .some(.sslv3):
/usr/include/openssl/ssl.h:418:10: note: macro 'SSL_OP_NO_SSLv3' unavailable: structure not supported
 416 |      */
 417 | # define SSL_OP_NO_ANTI_REPLAY                           SSL_OP_BIT(24)
 418 | # define SSL_OP_NO_SSLv3                                 SSL_OP_BIT(25)
     |          `- note: macro 'SSL_OP_NO_SSLv3' unavailable: structure not supported
 419 | # define SSL_OP_NO_TLSv1                                 SSL_OP_BIT(26)
 420 | # define SSL_OP_NO_TLSv1_2                               SSL_OP_BIT(27)
/host/spi-builder-workspace/.build/checkouts/swift-nio-ssl/Sources/NIOOpenSSL/SSLContext.swift:158:35: error: cannot find 'SSL_OP_NO_TLSv1' in scope
156 |             fallthrough
157 |         case .some(.sslv3):
158 |             opensslOptions |= Int(SSL_OP_NO_TLSv1)
    |                                   `- error: cannot find 'SSL_OP_NO_TLSv1' in scope
159 |             fallthrough
160 |         case .some(.tlsv1):
/usr/include/openssl/ssl.h:419:10: note: macro 'SSL_OP_NO_TLSv1' unavailable: structure not supported
 417 | # define SSL_OP_NO_ANTI_REPLAY                           SSL_OP_BIT(24)
 418 | # define SSL_OP_NO_SSLv3                                 SSL_OP_BIT(25)
 419 | # define SSL_OP_NO_TLSv1                                 SSL_OP_BIT(26)
     |          `- note: macro 'SSL_OP_NO_TLSv1' unavailable: structure not supported
 420 | # define SSL_OP_NO_TLSv1_2                               SSL_OP_BIT(27)
 421 | # define SSL_OP_NO_TLSv1_1                               SSL_OP_BIT(28)
/host/spi-builder-workspace/.build/checkouts/swift-nio-ssl/Sources/NIOOpenSSL/SSLContext.swift:161:35: error: cannot find 'SSL_OP_NO_TLSv1_1' in scope
159 |             fallthrough
160 |         case .some(.tlsv1):
161 |             opensslOptions |= Int(SSL_OP_NO_TLSv1_1)
    |                                   `- error: cannot find 'SSL_OP_NO_TLSv1_1' in scope
162 |             fallthrough
163 |         case .some(.tlsv11):
/usr/include/openssl/ssl.h:421:10: note: macro 'SSL_OP_NO_TLSv1_1' unavailable: structure not supported
 419 | # define SSL_OP_NO_TLSv1                                 SSL_OP_BIT(26)
 420 | # define SSL_OP_NO_TLSv1_2                               SSL_OP_BIT(27)
 421 | # define SSL_OP_NO_TLSv1_1                               SSL_OP_BIT(28)
     |          `- note: macro 'SSL_OP_NO_TLSv1_1' unavailable: structure not supported
 422 | # define SSL_OP_NO_TLSv1_3                               SSL_OP_BIT(29)
 423 | # define SSL_OP_NO_DTLSv1                                SSL_OP_BIT(26)
/host/spi-builder-workspace/.build/checkouts/swift-nio-ssl/Sources/NIOOpenSSL/SSLContext.swift:164:35: error: cannot find 'SSL_OP_NO_TLSv1_2' in scope
162 |             fallthrough
163 |         case .some(.tlsv11):
164 |             opensslOptions |= Int(SSL_OP_NO_TLSv1_2)
    |                                   `- error: cannot find 'SSL_OP_NO_TLSv1_2' in scope
165 |             fallthrough
166 |         case .some(.tlsv12):
/usr/include/openssl/ssl.h:420:10: note: macro 'SSL_OP_NO_TLSv1_2' unavailable: structure not supported
 418 | # define SSL_OP_NO_SSLv3                                 SSL_OP_BIT(25)
 419 | # define SSL_OP_NO_TLSv1                                 SSL_OP_BIT(26)
 420 | # define SSL_OP_NO_TLSv1_2                               SSL_OP_BIT(27)
     |          `- note: macro 'SSL_OP_NO_TLSv1_2' unavailable: structure not supported
 421 | # define SSL_OP_NO_TLSv1_1                               SSL_OP_BIT(28)
 422 | # define SSL_OP_NO_TLSv1_3                               SSL_OP_BIT(29)
/host/spi-builder-workspace/.build/checkouts/swift-nio-ssl/Sources/NIOOpenSSL/SSLContext.swift:167:35: error: cannot find 'CNIOOpenSSL_SSL_OP_NO_TLSv1_3' in scope
165 |             fallthrough
166 |         case .some(.tlsv12):
167 |             opensslOptions |= Int(CNIOOpenSSL_SSL_OP_NO_TLSv1_3)
    |                                   `- error: cannot find 'CNIOOpenSSL_SSL_OP_NO_TLSv1_3' in scope
168 |         case .some(.tlsv13), .none:
169 |             break
Failed frontend command:
/usr/bin/swift-frontend -frontend -c /host/spi-builder-workspace/.build/checkouts/swift-nio-ssl/Sources/NIOOpenSSL/ByteBufferBIO.swift /host/spi-builder-workspace/.build/checkouts/swift-nio-ssl/Sources/NIOOpenSSL/IdentityVerification.swift /host/spi-builder-workspace/.build/checkouts/swift-nio-ssl/Sources/NIOOpenSSL/OpenSSLClientHandler.swift /host/spi-builder-workspace/.build/checkouts/swift-nio-ssl/Sources/NIOOpenSSL/OpenSSLHandler.swift /host/spi-builder-workspace/.build/checkouts/swift-nio-ssl/Sources/NIOOpenSSL/OpenSSLServerHandler.swift /host/spi-builder-workspace/.build/checkouts/swift-nio-ssl/Sources/NIOOpenSSL/PosixPort.swift /host/spi-builder-workspace/.build/checkouts/swift-nio-ssl/Sources/NIOOpenSSL/SSLCertificate.swift -primary-file /host/spi-builder-workspace/.build/checkouts/swift-nio-ssl/Sources/NIOOpenSSL/SSLConnection.swift -primary-file /host/spi-builder-workspace/.build/checkouts/swift-nio-ssl/Sources/NIOOpenSSL/SSLContext.swift /host/spi-builder-workspace/.build/checkouts/swift-nio-ssl/Sources/NIOOpenSSL/SSLErrors.swift /host/spi-builder-workspace/.build/checkouts/swift-nio-ssl/Sources/NIOOpenSSL/SSLInit.swift /host/spi-builder-workspace/.build/checkouts/swift-nio-ssl/Sources/NIOOpenSSL/SSLPKCS12Bundle.swift /host/spi-builder-workspace/.build/checkouts/swift-nio-ssl/Sources/NIOOpenSSL/SSLPointerTricks.swift /host/spi-builder-workspace/.build/checkouts/swift-nio-ssl/Sources/NIOOpenSSL/SSLPrivateKey.swift /host/spi-builder-workspace/.build/checkouts/swift-nio-ssl/Sources/NIOOpenSSL/SSLPublicKey.swift /host/spi-builder-workspace/.build/checkouts/swift-nio-ssl/Sources/NIOOpenSSL/SSLVerificationCallbacks.swift /host/spi-builder-workspace/.build/checkouts/swift-nio-ssl/Sources/NIOOpenSSL/TLSConfiguration.swift -emit-dependencies-path /host/spi-builder-workspace/.build/out/Intermediates.noindex/swift-nio-ssl.build/Debug-linux-x86_64/NIOOpenSSL-t.build/Objects-normal/x86_64/SSLConnection.d -emit-const-values-path /host/spi-builder-workspace/.build/out/Intermediates.noindex/swift-nio-ssl.build/Debug-linux-x86_64/NIOOpenSSL-t.build/Objects-normal/x86_64/SSLConnection.swiftconstvalues -emit-reference-dependencies-path /host/spi-builder-workspace/.build/out/Intermediates.noindex/swift-nio-ssl.build/Debug-linux-x86_64/NIOOpenSSL-t.build/Objects-normal/x86_64/SSLConnection.swiftdeps -serialize-diagnostics-path /host/spi-builder-workspace/.build/out/Intermediates.noindex/swift-nio-ssl.build/Debug-linux-x86_64/NIOOpenSSL-t.build/Objects-normal/x86_64/SSLConnection.dia -emit-dependencies-path /host/spi-builder-workspace/.build/out/Intermediates.noindex/swift-nio-ssl.build/Debug-linux-x86_64/NIOOpenSSL-t.build/Objects-normal/x86_64/SSLContext.d -emit-const-values-path /host/spi-builder-workspace/.build/out/Intermediates.noindex/swift-nio-ssl.build/Debug-linux-x86_64/NIOOpenSSL-t.build/Objects-normal/x86_64/SSLContext.swiftconstvalues -emit-reference-dependencies-path /host/spi-builder-workspace/.build/out/Intermediates.noindex/swift-nio-ssl.build/Debug-linux-x86_64/NIOOpenSSL-t.build/Objects-normal/x86_64/SSLContext.swiftdeps -serialize-diagnostics-path /host/spi-builder-workspace/.build/out/Intermediates.noindex/swift-nio-ssl.build/Debug-linux-x86_64/NIOOpenSSL-t.build/Objects-normal/x86_64/SSLContext.dia -target x86_64-unknown-linux-gnu -disable-objc-interop -I /host/spi-builder-workspace/.build/out/Products/Debug-linux-x86_64 -module-cache-path /host/spi-builder-workspace/.build/out/ModuleCache.noindex -color-diagnostics -Xcc -fcolor-diagnostics -enable-testing -g -debug-info-format\=dwarf -dwarf-version\=4 -suppress-warnings -swift-version 4 -Onone -D SWIFT_PACKAGE -D DEBUG -D SWIFT_MODULE_RESOURCE_BUNDLE_UNAVAILABLE -D Xcode -serialize-debugging-options -enable-experimental-feature DebugDescriptionMacro -empty-abi-descriptor -external-plugin-path /usr/lib/swift/host/plugins/testing\#/usr/bin/swift-plugin-server -validate-clang-modules-once -clang-build-session-file /host/spi-builder-workspace/.build/out/ModuleCache.noindex/Session.modulevalidation -Xcc -working-directory -Xcc /host -enable-anonymous-context-mangled-names -file-compilation-dir /host -Xcc -fmodule-map-file\=/host/spi-builder-workspace/.build/checkouts/swift-nio-zlib-support/module.modulemap -Xcc -fmodule-map-file\=/host/spi-builder-workspace/.build/out/Intermediates.noindex/GeneratedModuleMaps-linux-x86_64/CNIOSHA1.modulemap -Xcc -fmodule-map-file\=/host/spi-builder-workspace/.build/out/Intermediates.noindex/GeneratedModuleMaps-linux-x86_64/CNIOAtomics.modulemap -Xcc -fmodule-map-file\=/host/spi-builder-workspace/.build/out/Intermediates.noindex/GeneratedModuleMaps-linux-x86_64/CNIODarwin.modulemap -Xcc -fmodule-map-file\=/host/spi-builder-workspace/.build/out/Intermediates.noindex/GeneratedModuleMaps-linux-x86_64/CNIOLinux.modulemap -Xcc -fmodule-map-file\=/host/spi-builder-workspace/.build/out/Intermediates.noindex/GeneratedModuleMaps-linux-x86_64/CNIOOpenSSL.modulemap -Xcc -fmodule-map-file\=/host/spi-builder-workspace/.build/checkouts/swift-nio-ssl-support/module.modulemap -Xcc -fno-omit-frame-pointer -Xcc -D_LIBCPP_HARDENING_MODE\=_LIBCPP_HARDENING_MODE_DEBUG -Xcc -fmodules-prune-interval\=86400 -Xcc -fmodules-prune-after\=345600 -Xcc -I/host/spi-builder-workspace/.build/checkouts/swift-nio/Sources/CNIOSHA1/include -Xcc -I/host/spi-builder-workspace/.build/checkouts/swift-nio/Sources/CNIOAtomics/include -Xcc -I/host/spi-builder-workspace/.build/checkouts/swift-nio/Sources/CNIODarwin/include -Xcc -I/host/spi-builder-workspace/.build/checkouts/swift-nio/Sources/CNIOLinux/include -Xcc -I/host/spi-builder-workspace/.build/checkouts/swift-nio-ssl/Sources/CNIOOpenSSL/include -Xcc -I/host/spi-builder-workspace/.build/out/Products/Debug-linux-x86_64/include -Xcc -I/host/spi-builder-workspace/.build/out/Intermediates.noindex/swift-nio-ssl.build/Debug-linux-x86_64/NIOOpenSSL-t.build/DerivedSources-normal/x86_64 -Xcc -I/host/spi-builder-workspace/.build/out/Intermediates.noindex/swift-nio-ssl.build/Debug-linux-x86_64/NIOOpenSSL-t.build/DerivedSources/x86_64 -Xcc -I/host/spi-builder-workspace/.build/out/Intermediates.noindex/swift-nio-ssl.build/Debug-linux-x86_64/NIOOpenSSL-t.build/DerivedSources -Xcc -DSWIFT_PACKAGE -Xcc -DDEBUG\=1 -no-auto-bridging-header-chaining -module-name NIOOpenSSL -const-gather-protocols-file /host/spi-builder-workspace/.build/out/Intermediates.noindex/swift-nio-ssl.build/Debug-linux-x86_64/NIOOpenSSL-t.build/Objects-normal/x86_64/NIOOpenSSL_const_extract_protocols.json -in-process-plugin-server-path /usr/lib/swift/host/libSwiftInProcPluginServer.so -plugin-path /usr/lib/swift/host/plugins -plugin-path /usr/local/lib/swift/host/plugins -parse-as-library -o /host/spi-builder-workspace/.build/out/Intermediates.noindex/swift-nio-ssl.build/Debug-linux-x86_64/NIOOpenSSL-t.build/Objects-normal/x86_64/SSLConnection.o -o /host/spi-builder-workspace/.build/out/Intermediates.noindex/swift-nio-ssl.build/Debug-linux-x86_64/NIOOpenSSL-t.build/Objects-normal/x86_64/SSLContext.o -index-unit-output-path /swift-nio-ssl.build/Debug-linux-x86_64/NIOOpenSSL-t.build/Objects-normal/x86_64/SSLConnection.o -index-unit-output-path /swift-nio-ssl.build/Debug-linux-x86_64/NIOOpenSSL-t.build/Objects-normal/x86_64/SSLContext.o -index-store-path /host/spi-builder-workspace/.build/out -index-system-modules
error: Build failed
BUILD FAILURE 6.4 linux