Build Information
Failed to build ShaderView, reference main (38bdcd), with Swift 6.4 for watchOS using Xcode 27.0 on 21 Sep 2026 14:09:01 UTC.
Build Command
No build command. This typically means the build failed at an early stage where we determine the build command.Build Log
========================================
RunAll
========================================
Builder version: 5.1.0
Interrupt handler set up.
========================================
Checkout
========================================
Clone URL: https://github.com/bloonket/ShaderView.git
Reference: main
Initialized empty Git repository in /Users/admin/builder/spi-builder-workspace/.git/
From https://github.com/bloonket/ShaderView
* branch main -> FETCH_HEAD
* [new branch] main -> origin/main
HEAD is now at 38bdcd1 changed name ShaderInputProtocol to ShaderInputable
Cloned https://github.com/bloonket/ShaderView.git
Revision (git rev-parse @):
38bdcd1a06c86a6e5649ffdfa96207304c024b78
SUCCESS checkout https://github.com/bloonket/ShaderView.git at main
========================================
Build
========================================
Selected platform: watchOS
Swift version: 6.4
Building package at path: $PWD
https://github.com/bloonket/ShaderView.git
Command line invocation:
/Applications/Xcode-27.0.0-Release.Candidate.app/Contents/Developer/usr/bin/xcodebuild -IDEClonedSourcePackagesDirPathOverride=/Users/admin/builder/spi-builder-workspace/.dependencies -resolvePackageDependencies
Resolve Package Graph
Source files for target ShaderViewTests should be located under 'Tests/ShaderViewTests', or a custom sources path can be set with the 'path' property in Package.swift
Resolve Package Graph
Source files for target ShaderViewTests should be located under 'Tests/ShaderViewTests', or a custom sources path can be set with the 'path' property in Package.swift
Resolved source packages:
spi-builder-workspace: (null)
2026-09-21 10:08:59.964 xcodebuild[528:3022] Writing error result bundle to /var/folders/xq/y_g06wb113726d38xsyx71_h0000gn/T/ResultBundle_2026-21-09_10-08-0059.xcresult
xcodebuild: error: Could not resolve package dependencies:
Source files for target ShaderViewTests should be located under 'Tests/ShaderViewTests', or a custom sources path can be set with the 'path' property in Package.swift
Command line invocation:
/Applications/Xcode-27.0.0-Release.Candidate.app/Contents/Developer/usr/bin/xcodebuild -IDEClonedSourcePackagesDirPathOverride=/Users/admin/builder/spi-builder-workspace/.dependencies -resolvePackageDependencies
Resolve Package Graph
Source files for target ShaderViewTests should be located under 'Tests/ShaderViewTests', or a custom sources path can be set with the 'path' property in Package.swift
Resolved source packages:
spi-builder-workspace: (null)
2026-09-21 10:09:01.203 xcodebuild[598:3674] Writing error result bundle to /var/folders/xq/y_g06wb113726d38xsyx71_h0000gn/T/ResultBundle_2026-21-09_10-09-0001.xcresult
xcodebuild: error: Could not resolve package dependencies:
Source files for target ShaderViewTests should be located under 'Tests/ShaderViewTests', or a custom sources path can be set with the 'path' property in Package.swift
BUILD FAILURE 6.4 watchOS