The Swift Package Index logo.Swift Package Index

Build Information

Failed to build SpeziSpeech, reference 1.1.2 (6c51d4), with Swift 6.4 for Android on 21 Sep 2026 19:34:59 UTC.

Build Command

bash -c docker run --pull=always --rm -v "checkouts-54344845-0":/host -w "$PWD" -e JAVA_HOME="/root/.sdkman/candidates/java/current" -e SPI_BUILD="1" -e SPI_PROCESSING="1" registry.gitlab.com/saguaro1/spi-images:android-6.4-latest swift build --swift-sdk aarch64-unknown-linux-android28 2>&1

Build Log

========================================
RunAll
========================================
Builder version: 5.1.0
Interrupt handler set up.
========================================
Checkout
========================================
Clone URL: https://github.com/StanfordSpezi/SpeziSpeech.git
Reference: 1.1.2
Initialized empty Git repository in /host/spi-builder-workspace/.git/
hint: Using 'master' as the name for the initial branch. This default branch name
hint: is subject to change. To configure the initial branch name to use in all
hint: of your new repositories, which will suppress this warning, call:
hint:
hint: 	git config --global init.defaultBranch <name>
hint:
hint: Names commonly chosen instead of 'master' are 'main', 'trunk' and
hint: 'development'. The just-created branch can be renamed via this command:
hint:
hint: 	git branch -m <name>
From https://github.com/StanfordSpezi/SpeziSpeech
 * tag               1.1.2      -> FETCH_HEAD
HEAD is now at 6c51d41 Small Swift 6 improvements (#11)
Cloned https://github.com/StanfordSpezi/SpeziSpeech.git
Revision (git rev-parse @):
6c51d4165d2cabb6102aa61233c480fb75c167f6
SPI manifest file found: $PWD/.spi.yml
SUCCESS checkout https://github.com/StanfordSpezi/SpeziSpeech.git at 1.1.2
========================================
Build
========================================
Selected platform:         android
Swift version:             6.4
Building package at path:  $PWD
https://github.com/StanfordSpezi/SpeziSpeech.git
Running build ...
bash -c docker run --pull=always --rm -v "checkouts-54344845-0":/host -w "$PWD" -e JAVA_HOME="/root/.sdkman/candidates/java/current" -e SPI_BUILD="1" -e SPI_PROCESSING="1" registry.gitlab.com/saguaro1/spi-images:android-6.4-latest swift build --swift-sdk aarch64-unknown-linux-android28 2>&1
android-6.4-latest: Pulling from saguaro1/spi-images
Digest: sha256:abadcff584c273feba50641b454858d377ba30b35ea7287a94f45ebd8afd0ea0
Status: Image is up to date for registry.gitlab.com/saguaro1/spi-images:android-6.4-latest
Fetching https://github.com/StanfordSpezi/Spezi
[1/10350] Fetching spezi
Fetched https://github.com/StanfordSpezi/Spezi (0.60s)
Computing version for https://github.com/StanfordSpezi/Spezi
Computed https://github.com/StanfordSpezi/Spezi at 1.10.2 (0.87s)
Fetching https://github.com/apple/swift-collections.git
Fetching https://github.com/StanfordBDHG/XCTRuntimeAssertions.git
Fetching https://github.com/StanfordSpezi/SpeziFoundation.git
[1/3189] Fetching spezifoundation
[576/3924] Fetching spezifoundation, xctruntimeassertions
Fetched https://github.com/StanfordSpezi/SpeziFoundation.git (0.53s)
Fetched https://github.com/StanfordBDHG/XCTRuntimeAssertions.git (0.54s)
[1/27398] Fetching swift-collections
Fetched https://github.com/apple/swift-collections.git (1.29s)
Computing version for https://github.com/StanfordBDHG/XCTRuntimeAssertions.git
Computed https://github.com/StanfordBDHG/XCTRuntimeAssertions.git at 2.2.0 (1.53s)
Computing version for https://github.com/StanfordSpezi/SpeziFoundation.git
Computed https://github.com/StanfordSpezi/SpeziFoundation.git at 2.7.7 (0.24s)
Fetching https://github.com/apple/swift-log
Fetching https://github.com/StanfordBDHG/ThreadLocal.git
Fetching https://github.com/apple/swift-algorithms.git
Fetching https://github.com/apple/swift-atomics.git
Fetching https://github.com/StanfordBDHG/zstd.git
[1/6145] Fetching swift-algorithms
[3873/14277] Fetching swift-algorithms, swift-log
[5041/16152] Fetching swift-algorithms, swift-log, swift-atomics
[7510/79309] Fetching swift-algorithms, swift-log, swift-atomics, zstd
Fetched https://github.com/apple/swift-atomics.git (0.67s)
[23119/77434] Fetching swift-algorithms, swift-log, zstd
[40173/77617] Fetching swift-algorithms, swift-log, zstd, threadlocal
Fetched https://github.com/StanfordBDHG/ThreadLocal.git (2.80s)
Fetched https://github.com/apple/swift-algorithms.git (2.80s)
Fetched https://github.com/apple/swift-log (2.80s)
Fetched https://github.com/StanfordBDHG/zstd.git (2.82s)
Computing version for https://github.com/apple/swift-algorithms.git
Computed https://github.com/apple/swift-algorithms.git at 1.2.1 (4.01s)
Fetching https://github.com/apple/swift-numerics.git
[1/6640] Fetching swift-numerics
Fetched https://github.com/apple/swift-numerics.git (0.59s)
Computing version for https://github.com/apple/swift-atomics.git
Computed https://github.com/apple/swift-atomics.git at 1.3.1 (0.76s)
Computing version for https://github.com/StanfordBDHG/ThreadLocal.git
Computed https://github.com/StanfordBDHG/ThreadLocal.git at 0.1.3 (0.18s)
Fetching https://github.com/swiftlang/swift-syntax.git
[1/79999] Fetching swift-syntax
Fetched https://github.com/swiftlang/swift-syntax.git (4.17s)
Computing version for https://github.com/apple/swift-numerics.git
Computed https://github.com/apple/swift-numerics.git at 1.1.1 (4.47s)
Computing version for https://github.com/swiftlang/swift-syntax.git
Computed https://github.com/swiftlang/swift-syntax.git at 603.0.2 (0.57s)
Computing version for https://github.com/apple/swift-collections.git
Computed https://github.com/apple/swift-collections.git at 1.6.0 (0.46s)
Computing version for https://github.com/apple/swift-log
Computed https://github.com/apple/swift-log at 1.15.1 (0.21s)
Computing version for https://github.com/StanfordBDHG/zstd.git
Computed https://github.com/StanfordBDHG/zstd.git at 1.5.8-beta.1 (0.20s)
Creating working copy for https://github.com/apple/swift-atomics.git
Working copy of https://github.com/apple/swift-atomics.git resolved at 1.3.1
Creating working copy for https://github.com/StanfordSpezi/SpeziFoundation.git
Working copy of https://github.com/StanfordSpezi/SpeziFoundation.git resolved at 2.7.7
Creating working copy for https://github.com/apple/swift-algorithms.git
Working copy of https://github.com/apple/swift-algorithms.git resolved at 1.2.1
Creating working copy for https://github.com/apple/swift-log
Working copy of https://github.com/apple/swift-log resolved at 1.15.1
Creating working copy for https://github.com/StanfordBDHG/ThreadLocal.git
Working copy of https://github.com/StanfordBDHG/ThreadLocal.git resolved at 0.1.3
Creating working copy for https://github.com/StanfordBDHG/XCTRuntimeAssertions.git
Working copy of https://github.com/StanfordBDHG/XCTRuntimeAssertions.git resolved at 2.2.0
Creating working copy for https://github.com/apple/swift-collections.git
Working copy of https://github.com/apple/swift-collections.git resolved at 1.6.0
Creating working copy for https://github.com/apple/swift-numerics.git
Working copy of https://github.com/apple/swift-numerics.git resolved at 1.1.1
Creating working copy for https://github.com/StanfordBDHG/zstd.git
Working copy of https://github.com/StanfordBDHG/zstd.git resolved at 1.5.8-beta.1
Creating working copy for https://github.com/StanfordSpezi/Spezi
Working copy of https://github.com/StanfordSpezi/Spezi resolved at 1.10.2
Creating working copy for https://github.com/swiftlang/swift-syntax.git
Working copy of https://github.com/swiftlang/swift-syntax.git resolved at 603.0.2
Building for debugging...
[Computing dependencies]
[Constructing description]
[Pre-planning 1 / 1157]
[Planning 1017 / 1157]
[Planning deferred tasks]
[Starting]
[99 / 476] SwiftParser
warning: no rule to process file '/host/spi-builder-workspace/.build/checkouts/SpeziFoundation/Sources/SpeziFoundation/Resources/Localizable.xcstrings' of type 'text.json.xcstrings' for architecture 'aarch64'
[221 / 476] libzstd
[223 / 476] libzstd
[226 / 476] libzstd
[229 / 476] libzstd
[232 / 476] libzstd
[235 / 476] libzstd
[237 / 476] libzstd
[239 / 476] libzstd
[240 / 476] libzstd
[242 / 476] libzstd
[243 / 476] libzstd
[244 / 476]
[246 / 476] _SwiftSyntaxCShims
[249 / 477]
[252 / 480] libzstd
[261 / 488] SwiftSyntax603
[267 / 488] SwiftSyntax602
[286 / 490]
[289 / 499] SwiftSyntax509
[302 / 500] RuntimeAssertions
[304 / 518] Logging
[305 / 526] Logging
[305 / 526] libzstd
[313 / 526] Atomics
[324 / 526] SwiftSyntax
[331 / 537] SwiftSyntax602
[333 / 538] SwiftSyntax602
[337 / 549] SwiftSyntax602
[343 / 550] SwiftSyntax601
[346 / 550] SwiftSyntax510
[348 / 550] SwiftSyntax510
[350 / 550] InternalCollectionsUtilities
[357 / 550] Atomics
[362 / 550] RealModule
[363 / 550] RealModule
[364 / 550] RealModule-product
[365 / 550] RealModule-product
[366 / 550] RealModule-product
[369 / 550] Logging
[369 / 550] RealModule
[371 / 551] RealModule
[373 / 551] Logging
[374 / 551] Logging-product
[377 / 551] Logging
[379 / 551] InternalCollectionsUtilities
error: SwiftCompile normal aarch64 /host/spi-builder-workspace/.build/checkouts/XCTRuntimeAssertions/Sources/RuntimeAssertions/RuntimePrecondition.swift failed with a nonzero exit code. Command line:     cd /host
    builtin-SwiftPerFileCompile RuntimePrecondition.swift
/host/spi-builder-workspace/.build/checkouts/XCTRuntimeAssertions/Sources/RuntimeAssertions/RuntimePrecondition.swift:41:5: error: cannot find 'usleep' in scope
39 |     // `wait(for: [expectation], timeout: timeout)`
40 |     // here as we need to make the method independent of XCTestCase to also use it in our TestApp UITest target which fails if you import XCTest.
41 |     usleep(useconds_t(1_000_000 * timeout))
   |     `- error: cannot find 'usleep' in scope
42 |     expressionWorkItem.cancel()
43 | }
/host/spi-builder-workspace/.build/checkouts/XCTRuntimeAssertions/Sources/RuntimeAssertions/RuntimePrecondition.swift:67:5: error: cannot find 'usleep' in scope
65 |     // `wait(for: [expectation], timeout: timeout)`
66 |     // here as we need to make the method independent of XCTestCase to also use it in our TestApp UITest target which fails if you import XCTest.
67 |     usleep(useconds_t(1_000_000 * timeout))
   |     `- error: cannot find 'usleep' in scope
68 |     task.cancel()
69 | }
Failed frontend command:
/root/.local/share/swiftly/toolchains/6.4.x-snapshot-2026-09-04/usr/bin/swift-frontend -frontend -c /host/spi-builder-workspace/.build/checkouts/XCTRuntimeAssertions/Sources/RuntimeAssertions/Assert.swift /host/spi-builder-workspace/.build/checkouts/XCTRuntimeAssertions/Sources/RuntimeAssertions/Counter.swift /host/spi-builder-workspace/.build/checkouts/XCTRuntimeAssertions/Sources/RuntimeAssertions/DebugOnly.swift /host/spi-builder-workspace/.build/checkouts/XCTRuntimeAssertions/Sources/RuntimeAssertions/NeverReturn.swift /host/spi-builder-workspace/.build/checkouts/XCTRuntimeAssertions/Sources/RuntimeAssertions/Precondition.swift /host/spi-builder-workspace/.build/checkouts/XCTRuntimeAssertions/Sources/RuntimeAssertions/RuntimeAssertion.swift /host/spi-builder-workspace/.build/checkouts/XCTRuntimeAssertions/Sources/RuntimeAssertions/RuntimeAssertionInjection.swift -primary-file /host/spi-builder-workspace/.build/checkouts/XCTRuntimeAssertions/Sources/RuntimeAssertions/RuntimePrecondition.swift -emit-dependencies-path /host/spi-builder-workspace/.build/out/Intermediates.noindex/RuntimeAssertions.build/Debug-android-aarch64/RuntimeAssertions-t.build/Objects-normal/aarch64/RuntimePrecondition.d -emit-const-values-path /host/spi-builder-workspace/.build/out/Intermediates.noindex/RuntimeAssertions.build/Debug-android-aarch64/RuntimeAssertions-t.build/Objects-normal/aarch64/RuntimePrecondition.swiftconstvalues -emit-reference-dependencies-path /host/spi-builder-workspace/.build/out/Intermediates.noindex/RuntimeAssertions.build/Debug-android-aarch64/RuntimeAssertions-t.build/Objects-normal/aarch64/RuntimePrecondition.swiftdeps -serialize-diagnostics-path /host/spi-builder-workspace/.build/out/Intermediates.noindex/RuntimeAssertions.build/Debug-android-aarch64/RuntimeAssertions-t.build/Objects-normal/aarch64/RuntimePrecondition.dia -target aarch64-unknown-linux-android28 -Xllvm -aarch64-use-tbi -disable-objc-interop -sdk /android-ndk/android-ndk-r27d/toolchains/llvm/prebuilt/linux-x86_64/sysroot -sysroot /android-ndk/android-ndk-r27d/toolchains/llvm/prebuilt/linux-x86_64/sysroot -I /host/spi-builder-workspace/.build/out/Products/Debug-android-aarch64 -module-cache-path /host/spi-builder-workspace/.build/out/ModuleCache.noindex -color-diagnostics -Xcc -fcolor-diagnostics -enable-testing -g -debug-info-format\=dwarf -dwarf-version\=4 -suppress-warnings -swift-version 5 -Onone -D SWIFT_PACKAGE -D DEBUG -D SWIFT_MODULE_RESOURCE_BUNDLE_UNAVAILABLE -D Xcode -serialize-debugging-options -enable-experimental-feature DebugDescriptionMacro -empty-abi-descriptor -external-plugin-path /root/.local/share/swiftly/toolchains/6.4.x-snapshot-2026-09-04/usr/lib/swift/host/plugins/testing\#/root/.local/share/swiftly/toolchains/6.4.x-snapshot-2026-09-04/usr/bin/swift-plugin-server -user-module-version 2.2.0 -validate-clang-modules-once -clang-build-session-file /host/spi-builder-workspace/.build/out/ModuleCache.noindex/Session.modulevalidation -Xcc -working-directory -Xcc /host -resource-dir /root/.swiftpm/swift-sdks/swift-6.4.x-DEVELOPMENT-SNAPSHOT-2026-09-04-a_android.artifactbundle/swift-android/swift-resources/usr/lib/swift-aarch64 -enable-anonymous-context-mangled-names -file-compilation-dir /host -Xcc -resource-dir -Xcc /android-ndk/android-ndk-r27d/toolchains/llvm/prebuilt/linux-x86_64/lib/clang/18 -Xcc -fno-omit-frame-pointer -Xcc -D_LIBCPP_HARDENING_MODE\=_LIBCPP_HARDENING_MODE_DEBUG -Xcc -fmodules-prune-interval\=86400 -Xcc -fmodules-prune-after\=345600 -Xcc -I/host/spi-builder-workspace/.build/out/Products/Debug-android-aarch64/include -Xcc -I/host/spi-builder-workspace/.build/out/Intermediates.noindex/RuntimeAssertions.build/Debug-android-aarch64/RuntimeAssertions-t.build/DerivedSources-normal/aarch64 -Xcc -I/host/spi-builder-workspace/.build/out/Intermediates.noindex/RuntimeAssertions.build/Debug-android-aarch64/RuntimeAssertions-t.build/DerivedSources/aarch64 -Xcc -I/host/spi-builder-workspace/.build/out/Intermediates.noindex/RuntimeAssertions.build/Debug-android-aarch64/RuntimeAssertions-t.build/DerivedSources -Xcc -DSWIFT_PACKAGE -Xcc -DDEBUG\=1 -no-auto-bridging-header-chaining -module-name RuntimeAssertions -package-name xctruntimeassertions -const-gather-protocols-file /host/spi-builder-workspace/.build/out/Intermediates.noindex/RuntimeAssertions.build/Debug-android-aarch64/RuntimeAssertions-t.build/Objects-normal/aarch64/RuntimeAssertions_const_extract_protocols.json -in-process-plugin-server-path /root/.local/share/swiftly/toolchains/6.4.x-snapshot-2026-09-04/usr/lib/swift/host/libSwiftInProcPluginServer.so -plugin-path /root/.local/share/swiftly/toolchains/6.4.x-snapshot-2026-09-04/usr/lib/swift/host/plugins -plugin-path /root/.local/share/swiftly/toolchains/6.4.x-snapshot-2026-09-04/usr/local/lib/swift/host/plugins -parse-as-library -o /host/spi-builder-workspace/.build/out/Intermediates.noindex/RuntimeAssertions.build/Debug-android-aarch64/RuntimeAssertions-t.build/Objects-normal/aarch64/RuntimePrecondition.o -index-unit-output-path /RuntimeAssertions.build/Debug-android-aarch64/RuntimeAssertions-t.build/Objects-normal/aarch64/RuntimePrecondition.o -index-store-path /host/spi-builder-workspace/.build/out -index-system-modules
error: Build failed
BUILD FAILURE 6.4 android