The Swift Package Index logo.Swift Package Index

Build Information

Failed to build MossTextEditor, reference 1.1.1 (537eb1), with Swift 6.1 for watchOS using Xcode 16.3 on 9 Oct 2026 12:49:00 UTC.

Build Command

env DEVELOPER_DIR=/Applications/Xcode-16.3.0.app xcrun xcodebuild -IDEClonedSourcePackagesDirPathOverride=$PWD/.dependencies -skipMacroValidation -skipPackagePluginValidation -derivedDataPath $PWD/.derivedData build -scheme MossTextEditor -destination generic/platform=watchOS

Build Log

========================================
RunAll
========================================
Builder version: 5.1.1
Interrupt handler set up.
========================================
Checkout
========================================
Clone URL: https://github.com/ferenozcelik/moss-text-editor-swiftui.git
Reference: 1.1.1
Initialized empty Git repository in /Users/admin/builder/spi-builder-workspace/.git/
From https://github.com/ferenozcelik/moss-text-editor-swiftui
 * tag               1.1.1      -> FETCH_HEAD
HEAD is now at 537eb11 Ask the delegate before inserting pasted text
Cloned https://github.com/ferenozcelik/moss-text-editor-swiftui.git
Revision (git rev-parse @):
537eb11b30d70c940643481348aafdb505be5dd9
SUCCESS checkout https://github.com/ferenozcelik/moss-text-editor-swiftui.git at 1.1.1
========================================
Build
========================================
Selected platform:         watchOS
Swift version:             6.1
Building package at path:  $PWD
https://github.com/ferenozcelik/moss-text-editor-swiftui.git
https://github.com/ferenozcelik/moss-text-editor-swiftui.git
{
  "dependencies" : [
  ],
  "manifest_display_name" : "MossTextEditor",
  "name" : "MossTextEditor",
  "path" : "/Users/admin/builder/spi-builder-workspace",
  "platforms" : [
    {
      "name" : "ios",
      "version" : "16.0"
    }
  ],
  "products" : [
    {
      "name" : "MossTextEditor",
      "targets" : [
        "MossTextEditor"
      ],
      "type" : {
        "library" : [
          "automatic"
        ]
      }
    }
  ],
  "targets" : [
    {
      "c99name" : "MossTextEditorTests",
      "module_type" : "SwiftTarget",
      "name" : "MossTextEditorTests",
      "path" : "Tests/MossTextEditorTests",
      "sources" : [
        "RichTextFormatterTests.swift",
        "RichTextLimitTests.swift",
        "RichTextUndoTests.swift"
      ],
      "target_dependencies" : [
        "MossTextEditor"
      ],
      "type" : "test"
    },
    {
      "c99name" : "MossTextEditor",
      "module_type" : "SwiftTarget",
      "name" : "MossTextEditor",
      "path" : "Sources/MossTextEditor",
      "product_memberships" : [
        "MossTextEditor"
      ],
      "sources" : [
        "NSAttributedString+RichTextData.swift",
        "RichTextConfiguration.swift",
        "RichTextContext.swift",
        "RichTextEditor.swift",
        "RichTextFormatter.swift",
        "RichTextStyles.swift",
        "RichTextToolbar.swift",
        "RichTextView.swift"
      ],
      "type" : "library"
    }
  ],
  "tools_version" : "5.9"
}
Command line invocation:
    /Applications/Xcode-16.3.0.app/Contents/Developer/usr/bin/xcodebuild -IDEClonedSourcePackagesDirPathOverride=/Users/admin/builder/spi-builder-workspace/.dependencies -resolvePackageDependencies
Resolve Package Graph
Resolve Package Graph
Resolved source packages:
  MossTextEditor: /Users/admin/builder/spi-builder-workspace
resolved source packages: MossTextEditor
{
  "dependencies" : [
  ],
  "manifest_display_name" : "MossTextEditor",
  "name" : "MossTextEditor",
  "path" : "/Users/admin/builder/spi-builder-workspace",
  "platforms" : [
    {
      "name" : "ios",
      "version" : "16.0"
    }
  ],
  "products" : [
    {
      "name" : "MossTextEditor",
      "targets" : [
        "MossTextEditor"
      ],
      "type" : {
        "library" : [
          "automatic"
        ]
      }
    }
  ],
  "targets" : [
    {
      "c99name" : "MossTextEditorTests",
      "module_type" : "SwiftTarget",
      "name" : "MossTextEditorTests",
      "path" : "Tests/MossTextEditorTests",
      "sources" : [
        "RichTextFormatterTests.swift",
        "RichTextLimitTests.swift",
        "RichTextUndoTests.swift"
      ],
      "target_dependencies" : [
        "MossTextEditor"
      ],
      "type" : "test"
    },
    {
      "c99name" : "MossTextEditor",
      "module_type" : "SwiftTarget",
      "name" : "MossTextEditor",
      "path" : "Sources/MossTextEditor",
      "product_memberships" : [
        "MossTextEditor"
      ],
      "sources" : [
        "NSAttributedString+RichTextData.swift",
        "RichTextConfiguration.swift",
        "RichTextContext.swift",
        "RichTextEditor.swift",
        "RichTextFormatter.swift",
        "RichTextStyles.swift",
        "RichTextToolbar.swift",
        "RichTextView.swift"
      ],
      "type" : "library"
    }
  ],
  "tools_version" : "5.9"
}
{
  "workspace" : {
    "name" : "MossTextEditor",
    "schemes" : [
      "MossTextEditor",
      "MossTextEditorExample"
    ]
  }
}
{
  "workspace" : {
    "name" : "spi-builder-workspace",
    "schemes" : [
      "MossTextEditor"
    ]
  }
}
Running build ...
env DEVELOPER_DIR=/Applications/Xcode-16.3.0.app xcrun xcodebuild -IDEClonedSourcePackagesDirPathOverride=$PWD/.dependencies -skipMacroValidation -skipPackagePluginValidation -derivedDataPath $PWD/.derivedData build -scheme MossTextEditor -destination generic/platform=watchOS OTHER_SWIFT_FLAGS=-stats-output-dir .stats -strict-concurrency=complete -enable-upcoming-feature StrictConcurrency -enable-upcoming-feature DisableOutwardActorInference -enable-upcoming-feature GlobalActorIsolatedTypesUsability -enable-upcoming-feature InferSendableFromCaptures
Command line invocation:
    /Applications/Xcode-16.3.0.app/Contents/Developer/usr/bin/xcodebuild -IDEClonedSourcePackagesDirPathOverride=/Users/admin/builder/spi-builder-workspace/.dependencies -skipMacroValidation -skipPackagePluginValidation -derivedDataPath /Users/admin/builder/spi-builder-workspace/.derivedData build -scheme MossTextEditor -destination generic/platform=watchOS "OTHER_SWIFT_FLAGS=-stats-output-dir .stats -strict-concurrency=complete -enable-upcoming-feature StrictConcurrency -enable-upcoming-feature DisableOutwardActorInference -enable-upcoming-feature GlobalActorIsolatedTypesUsability -enable-upcoming-feature InferSendableFromCaptures"
Build settings from command line:
    OTHER_SWIFT_FLAGS = -stats-output-dir .stats -strict-concurrency=complete -enable-upcoming-feature StrictConcurrency -enable-upcoming-feature DisableOutwardActorInference -enable-upcoming-feature GlobalActorIsolatedTypesUsability -enable-upcoming-feature InferSendableFromCaptures
Resolve Package Graph
Resolved source packages:
  MossTextEditor: /Users/admin/builder/spi-builder-workspace
ComputePackagePrebuildTargetDependencyGraph
Prepare packages
CreateBuildRequest
SendProjectDescription
CreateBuildOperation
ComputeTargetDependencyGraph
note: Building targets in dependency order
note: Target dependency graph (2 targets)
    Target 'MossTextEditor' in project 'MossTextEditor'
        ➜ Explicit dependency on target 'MossTextEditor' in project 'MossTextEditor'
    Target 'MossTextEditor' in project 'MossTextEditor' (no dependencies)
GatherProvisioningInputs
CreateBuildDescription
ExecuteExternalTool /Applications/Xcode-16.3.0.app/Contents/Developer/Toolchains/XcodeDefault.xctoolchain/usr/bin/clang -v -E -dM -isysroot /Applications/Xcode-16.3.0.app/Contents/Developer/Platforms/WatchOS.platform/Developer/SDKs/WatchOS11.4.sdk -x c -c /dev/null
ExecuteExternalTool /Applications/Xcode-16.3.0.app/Contents/Developer/Toolchains/XcodeDefault.xctoolchain/usr/bin/swiftc --version
ExecuteExternalTool /Applications/Xcode-16.3.0.app/Contents/Developer/Toolchains/XcodeDefault.xctoolchain/usr/bin/ld -version_details
Build description signature: 965acb375fe4110a75c6bafc4d545829
Build description path: /Users/admin/builder/spi-builder-workspace/.derivedData/Build/Intermediates.noindex/XCBuildData/965acb375fe4110a75c6bafc4d545829.xcbuilddata
CreateBuildDirectory /Users/admin/builder/spi-builder-workspace/.derivedData/Build/Intermediates.noindex
    cd /Users/admin/builder/spi-builder-workspace/.swiftpm/xcode
    builtin-create-build-directory /Users/admin/builder/spi-builder-workspace/.derivedData/Build/Intermediates.noindex
CreateBuildDirectory /Users/admin/builder/spi-builder-workspace/.derivedData/Build/Products
    cd /Users/admin/builder/spi-builder-workspace/.swiftpm/xcode
    builtin-create-build-directory /Users/admin/builder/spi-builder-workspace/.derivedData/Build/Products
ClangStatCache /Applications/Xcode-16.3.0.app/Contents/Developer/Toolchains/XcodeDefault.xctoolchain/usr/bin/clang-stat-cache /Applications/Xcode-16.3.0.app/Contents/Developer/Platforms/WatchOS.platform/Developer/SDKs/WatchOS11.4.sdk /Users/admin/builder/spi-builder-workspace/.derivedData/SDKStatCaches.noindex/watchos11.4-22T246-43efb940ff07ba2497b70ec94253f576.sdkstatcache
    cd /Users/admin/builder/spi-builder-workspace/.swiftpm/xcode
    /Applications/Xcode-16.3.0.app/Contents/Developer/Toolchains/XcodeDefault.xctoolchain/usr/bin/clang-stat-cache /Applications/Xcode-16.3.0.app/Contents/Developer/Platforms/WatchOS.platform/Developer/SDKs/WatchOS11.4.sdk -o /Users/admin/builder/spi-builder-workspace/.derivedData/SDKStatCaches.noindex/watchos11.4-22T246-43efb940ff07ba2497b70ec94253f576.sdkstatcache
CreateBuildDirectory /Users/admin/builder/spi-builder-workspace/.derivedData/Build/Intermediates.noindex/EagerLinkingTBDs/Debug-watchos
    cd /Users/admin/builder/spi-builder-workspace/.swiftpm/xcode
    builtin-create-build-directory /Users/admin/builder/spi-builder-workspace/.derivedData/Build/Intermediates.noindex/EagerLinkingTBDs/Debug-watchos
CreateBuildDirectory /Users/admin/builder/spi-builder-workspace/.derivedData/Build/Products/Debug-watchos
    cd /Users/admin/builder/spi-builder-workspace/.swiftpm/xcode
    builtin-create-build-directory /Users/admin/builder/spi-builder-workspace/.derivedData/Build/Products/Debug-watchos
CreateBuildDirectory /Users/admin/builder/spi-builder-workspace/.derivedData/Build/Products/Debug-watchos/PackageFrameworks
    cd /Users/admin/builder/spi-builder-workspace/.swiftpm/xcode
    builtin-create-build-directory /Users/admin/builder/spi-builder-workspace/.derivedData/Build/Products/Debug-watchos/PackageFrameworks
WriteAuxiliaryFile /Users/admin/builder/spi-builder-workspace/.derivedData/Build/Intermediates.noindex/MossTextEditor.build/Debug-watchos/MossTextEditor.build/MossTextEditor.modulemap (in target 'MossTextEditor' from project 'MossTextEditor')
    cd /Users/admin/builder/spi-builder-workspace
    write-file /Users/admin/builder/spi-builder-workspace/.derivedData/Build/Intermediates.noindex/MossTextEditor.build/Debug-watchos/MossTextEditor.build/MossTextEditor.modulemap
WriteAuxiliaryFile /Users/admin/builder/spi-builder-workspace/.derivedData/Build/Intermediates.noindex/MossTextEditor.build/Debug-watchos/MossTextEditor.build/Objects-normal/arm64_32/MossTextEditor.SwiftConstValuesFileList (in target 'MossTextEditor' from project 'MossTextEditor')
    cd /Users/admin/builder/spi-builder-workspace
    write-file /Users/admin/builder/spi-builder-workspace/.derivedData/Build/Intermediates.noindex/MossTextEditor.build/Debug-watchos/MossTextEditor.build/Objects-normal/arm64_32/MossTextEditor.SwiftConstValuesFileList
WriteAuxiliaryFile /Users/admin/builder/spi-builder-workspace/.derivedData/Build/Intermediates.noindex/MossTextEditor.build/Debug-watchos/MossTextEditor.build/Objects-normal/arm64_32/MossTextEditor-OutputFileMap.json (in target 'MossTextEditor' from project 'MossTextEditor')
    cd /Users/admin/builder/spi-builder-workspace
    write-file /Users/admin/builder/spi-builder-workspace/.derivedData/Build/Intermediates.noindex/MossTextEditor.build/Debug-watchos/MossTextEditor.build/Objects-normal/arm64_32/MossTextEditor-OutputFileMap.json
WriteAuxiliaryFile /Users/admin/builder/spi-builder-workspace/.derivedData/Build/Intermediates.noindex/MossTextEditor.build/Debug-watchos/MossTextEditor.build/Objects-normal/arm64_32/MossTextEditor.SwiftFileList (in target 'MossTextEditor' from project 'MossTextEditor')
    cd /Users/admin/builder/spi-builder-workspace
    write-file /Users/admin/builder/spi-builder-workspace/.derivedData/Build/Intermediates.noindex/MossTextEditor.build/Debug-watchos/MossTextEditor.build/Objects-normal/arm64_32/MossTextEditor.SwiftFileList
WriteAuxiliaryFile /Users/admin/builder/spi-builder-workspace/.derivedData/Build/Intermediates.noindex/MossTextEditor.build/Debug-watchos/MossTextEditor.build/Objects-normal/arm64/MossTextEditor_const_extract_protocols.json (in target 'MossTextEditor' from project 'MossTextEditor')
    cd /Users/admin/builder/spi-builder-workspace
    write-file /Users/admin/builder/spi-builder-workspace/.derivedData/Build/Intermediates.noindex/MossTextEditor.build/Debug-watchos/MossTextEditor.build/Objects-normal/arm64/MossTextEditor_const_extract_protocols.json
WriteAuxiliaryFile /Users/admin/builder/spi-builder-workspace/.derivedData/Build/Intermediates.noindex/MossTextEditor.build/Debug-watchos/MossTextEditor.build/Objects-normal/arm64/MossTextEditor.SwiftConstValuesFileList (in target 'MossTextEditor' from project 'MossTextEditor')
    cd /Users/admin/builder/spi-builder-workspace
    write-file /Users/admin/builder/spi-builder-workspace/.derivedData/Build/Intermediates.noindex/MossTextEditor.build/Debug-watchos/MossTextEditor.build/Objects-normal/arm64/MossTextEditor.SwiftConstValuesFileList
WriteAuxiliaryFile /Users/admin/builder/spi-builder-workspace/.derivedData/Build/Intermediates.noindex/MossTextEditor.build/Debug-watchos/MossTextEditor.build/Objects-normal/arm64/MossTextEditor.SwiftFileList (in target 'MossTextEditor' from project 'MossTextEditor')
    cd /Users/admin/builder/spi-builder-workspace
    write-file /Users/admin/builder/spi-builder-workspace/.derivedData/Build/Intermediates.noindex/MossTextEditor.build/Debug-watchos/MossTextEditor.build/Objects-normal/arm64/MossTextEditor.SwiftFileList
WriteAuxiliaryFile /Users/admin/builder/spi-builder-workspace/.derivedData/Build/Intermediates.noindex/MossTextEditor.build/Debug-watchos/MossTextEditor.build/Objects-normal/arm64_32/MossTextEditor.LinkFileList (in target 'MossTextEditor' from project 'MossTextEditor')
    cd /Users/admin/builder/spi-builder-workspace
    write-file /Users/admin/builder/spi-builder-workspace/.derivedData/Build/Intermediates.noindex/MossTextEditor.build/Debug-watchos/MossTextEditor.build/Objects-normal/arm64_32/MossTextEditor.LinkFileList
WriteAuxiliaryFile /Users/admin/builder/spi-builder-workspace/.derivedData/Build/Intermediates.noindex/MossTextEditor.build/Debug-watchos/MossTextEditor.build/Objects-normal/arm64_32/MossTextEditor_const_extract_protocols.json (in target 'MossTextEditor' from project 'MossTextEditor')
    cd /Users/admin/builder/spi-builder-workspace
    write-file /Users/admin/builder/spi-builder-workspace/.derivedData/Build/Intermediates.noindex/MossTextEditor.build/Debug-watchos/MossTextEditor.build/Objects-normal/arm64_32/MossTextEditor_const_extract_protocols.json
WriteAuxiliaryFile /Users/admin/builder/spi-builder-workspace/.derivedData/Build/Intermediates.noindex/MossTextEditor.build/Debug-watchos/MossTextEditor.build/Objects-normal/arm64/MossTextEditor.LinkFileList (in target 'MossTextEditor' from project 'MossTextEditor')
    cd /Users/admin/builder/spi-builder-workspace
    write-file /Users/admin/builder/spi-builder-workspace/.derivedData/Build/Intermediates.noindex/MossTextEditor.build/Debug-watchos/MossTextEditor.build/Objects-normal/arm64/MossTextEditor.LinkFileList
WriteAuxiliaryFile /Users/admin/builder/spi-builder-workspace/.derivedData/Build/Intermediates.noindex/MossTextEditor.build/Debug-watchos/MossTextEditor.build/Objects-normal/arm64/MossTextEditor-OutputFileMap.json (in target 'MossTextEditor' from project 'MossTextEditor')
    cd /Users/admin/builder/spi-builder-workspace
    write-file /Users/admin/builder/spi-builder-workspace/.derivedData/Build/Intermediates.noindex/MossTextEditor.build/Debug-watchos/MossTextEditor.build/Objects-normal/arm64/MossTextEditor-OutputFileMap.json
WriteAuxiliaryFile /Users/admin/builder/spi-builder-workspace/.derivedData/Build/Intermediates.noindex/MossTextEditor.build/Debug-watchos/MossTextEditor.build/MossTextEditor.DependencyStaticMetadataFileList (in target 'MossTextEditor' from project 'MossTextEditor')
    cd /Users/admin/builder/spi-builder-workspace
    write-file /Users/admin/builder/spi-builder-workspace/.derivedData/Build/Intermediates.noindex/MossTextEditor.build/Debug-watchos/MossTextEditor.build/MossTextEditor.DependencyStaticMetadataFileList
WriteAuxiliaryFile /Users/admin/builder/spi-builder-workspace/.derivedData/Build/Intermediates.noindex/MossTextEditor.build/Debug-watchos/MossTextEditor.build/MossTextEditor.DependencyMetadataFileList (in target 'MossTextEditor' from project 'MossTextEditor')
    cd /Users/admin/builder/spi-builder-workspace
    write-file /Users/admin/builder/spi-builder-workspace/.derivedData/Build/Intermediates.noindex/MossTextEditor.build/Debug-watchos/MossTextEditor.build/MossTextEditor.DependencyMetadataFileList
Copy /Users/admin/builder/spi-builder-workspace/.derivedData/Build/Intermediates.noindex/GeneratedModuleMaps-watchos/MossTextEditor.modulemap /Users/admin/builder/spi-builder-workspace/.derivedData/Build/Intermediates.noindex/MossTextEditor.build/Debug-watchos/MossTextEditor.build/MossTextEditor.modulemap (in target 'MossTextEditor' from project 'MossTextEditor')
    cd /Users/admin/builder/spi-builder-workspace
    builtin-copy -exclude .DS_Store -exclude CVS -exclude .svn -exclude .git -exclude .hg -resolve-src-symlinks /Users/admin/builder/spi-builder-workspace/.derivedData/Build/Intermediates.noindex/MossTextEditor.build/Debug-watchos/MossTextEditor.build/MossTextEditor.modulemap /Users/admin/builder/spi-builder-workspace/.derivedData/Build/Intermediates.noindex/GeneratedModuleMaps-watchos
SwiftDriver MossTextEditor normal arm64_32 com.apple.xcode.tools.swift.compiler (in target 'MossTextEditor' from project 'MossTextEditor')
    cd /Users/admin/builder/spi-builder-workspace/.swiftpm/xcode
    builtin-SwiftDriver -- /Applications/Xcode-16.3.0.app/Contents/Developer/Toolchains/XcodeDefault.xctoolchain/usr/bin/swiftc -module-name MossTextEditor -Onone -enforce-exclusivity\=checked @/Users/admin/builder/spi-builder-workspace/.derivedData/Build/Intermediates.noindex/MossTextEditor.build/Debug-watchos/MossTextEditor.build/Objects-normal/arm64_32/MossTextEditor.SwiftFileList -DSWIFT_PACKAGE -DDEBUG -stats-output-dir .stats -strict-concurrency\=complete -enable-upcoming-feature StrictConcurrency -enable-upcoming-feature DisableOutwardActorInference -enable-upcoming-feature GlobalActorIsolatedTypesUsability -enable-upcoming-feature InferSendableFromCaptures -plugin-path /Applications/Xcode-16.3.0.app/Contents/Developer/Toolchains/XcodeDefault.xctoolchain/usr/lib/swift/host/plugins/testing -enable-experimental-feature DebugDescriptionMacro -sdk /Applications/Xcode-16.3.0.app/Contents/Developer/Platforms/WatchOS.platform/Developer/SDKs/WatchOS11.4.sdk -target arm64_32-apple-watchos9.0 -g -module-cache-path /Users/admin/builder/spi-builder-workspace/.derivedData/ModuleCache.noindex -Xfrontend -serialize-debugging-options -enable-testing -index-store-path /Users/admin/builder/spi-builder-workspace/.derivedData/Index.noindex/DataStore -swift-version 5 -I /Users/admin/builder/spi-builder-workspace/.derivedData/Build/Products/Debug-watchos -I /Applications/Xcode-16.3.0.app/Contents/Developer/Platforms/WatchOS.platform/Developer/usr/lib -F /Users/admin/builder/spi-builder-workspace/.derivedData/Build/Products/Debug-watchos -F /Applications/Xcode-16.3.0.app/Contents/Developer/Platforms/WatchOS.platform/Developer/Library/Frameworks -F /Applications/Xcode-16.3.0.app/Contents/Developer/Platforms/WatchOS.platform/Developer/SDKs/WatchOS11.4.sdk/Developer/Library/Frameworks -c -j10 -enable-batch-mode -incremental -Xcc -ivfsstatcache -Xcc /Users/admin/builder/spi-builder-workspace/.derivedData/SDKStatCaches.noindex/watchos11.4-22T246-43efb940ff07ba2497b70ec94253f576.sdkstatcache -output-file-map /Users/admin/builder/spi-builder-workspace/.derivedData/Build/Intermediates.noindex/MossTextEditor.build/Debug-watchos/MossTextEditor.build/Objects-normal/arm64_32/MossTextEditor-OutputFileMap.json -use-frontend-parseable-output -save-temps -no-color-diagnostics -serialize-diagnostics -emit-dependencies -emit-module -emit-module-path /Users/admin/builder/spi-builder-workspace/.derivedData/Build/Intermediates.noindex/MossTextEditor.build/Debug-watchos/MossTextEditor.build/Objects-normal/arm64_32/MossTextEditor.swiftmodule -validate-clang-modules-once -clang-build-session-file /Users/admin/builder/spi-builder-workspace/.derivedData/ModuleCache.noindex/Session.modulevalidation -package-name spi_builder_workspace -Xcc -I/Users/admin/builder/spi-builder-workspace/.derivedData/Build/Intermediates.noindex/MossTextEditor.build/Debug-watchos/MossTextEditor.build/swift-overrides.hmap -emit-const-values -Xfrontend -const-gather-protocols-file -Xfrontend /Users/admin/builder/spi-builder-workspace/.derivedData/Build/Intermediates.noindex/MossTextEditor.build/Debug-watchos/MossTextEditor.build/Objects-normal/arm64_32/MossTextEditor_const_extract_protocols.json -Xcc -I/Users/admin/builder/spi-builder-workspace/.derivedData/Build/Products/Debug-watchos/include -Xcc -I/Users/admin/builder/spi-builder-workspace/.derivedData/Build/Intermediates.noindex/MossTextEditor.build/Debug-watchos/MossTextEditor.build/DerivedSources-normal/arm64_32 -Xcc -I/Users/admin/builder/spi-builder-workspace/.derivedData/Build/Intermediates.noindex/MossTextEditor.build/Debug-watchos/MossTextEditor.build/DerivedSources/arm64_32 -Xcc -I/Users/admin/builder/spi-builder-workspace/.derivedData/Build/Intermediates.noindex/MossTextEditor.build/Debug-watchos/MossTextEditor.build/DerivedSources -Xcc -DSWIFT_PACKAGE -Xcc -DDEBUG\=1 -emit-objc-header -emit-objc-header-path /Users/admin/builder/spi-builder-workspace/.derivedData/Build/Intermediates.noindex/MossTextEditor.build/Debug-watchos/MossTextEditor.build/Objects-normal/arm64_32/MossTextEditor-Swift.h -working-directory /Users/admin/builder/spi-builder-workspace/.swiftpm/xcode -experimental-emit-module-separately -disable-cmo
SwiftDriver MossTextEditor normal arm64 com.apple.xcode.tools.swift.compiler (in target 'MossTextEditor' from project 'MossTextEditor')
    cd /Users/admin/builder/spi-builder-workspace/.swiftpm/xcode
    builtin-SwiftDriver -- /Applications/Xcode-16.3.0.app/Contents/Developer/Toolchains/XcodeDefault.xctoolchain/usr/bin/swiftc -module-name MossTextEditor -Onone -enforce-exclusivity\=checked @/Users/admin/builder/spi-builder-workspace/.derivedData/Build/Intermediates.noindex/MossTextEditor.build/Debug-watchos/MossTextEditor.build/Objects-normal/arm64/MossTextEditor.SwiftFileList -DSWIFT_PACKAGE -DDEBUG -stats-output-dir .stats -strict-concurrency\=complete -enable-upcoming-feature StrictConcurrency -enable-upcoming-feature DisableOutwardActorInference -enable-upcoming-feature GlobalActorIsolatedTypesUsability -enable-upcoming-feature InferSendableFromCaptures -plugin-path /Applications/Xcode-16.3.0.app/Contents/Developer/Toolchains/XcodeDefault.xctoolchain/usr/lib/swift/host/plugins/testing -enable-experimental-feature DebugDescriptionMacro -sdk /Applications/Xcode-16.3.0.app/Contents/Developer/Platforms/WatchOS.platform/Developer/SDKs/WatchOS11.4.sdk -target arm64-apple-watchos9.0 -g -module-cache-path /Users/admin/builder/spi-builder-workspace/.derivedData/ModuleCache.noindex -Xfrontend -serialize-debugging-options -enable-testing -index-store-path /Users/admin/builder/spi-builder-workspace/.derivedData/Index.noindex/DataStore -swift-version 5 -I /Users/admin/builder/spi-builder-workspace/.derivedData/Build/Products/Debug-watchos -I /Applications/Xcode-16.3.0.app/Contents/Developer/Platforms/WatchOS.platform/Developer/usr/lib -F /Users/admin/builder/spi-builder-workspace/.derivedData/Build/Products/Debug-watchos -F /Applications/Xcode-16.3.0.app/Contents/Developer/Platforms/WatchOS.platform/Developer/Library/Frameworks -F /Applications/Xcode-16.3.0.app/Contents/Developer/Platforms/WatchOS.platform/Developer/SDKs/WatchOS11.4.sdk/Developer/Library/Frameworks -c -j10 -enable-batch-mode -incremental -Xcc -ivfsstatcache -Xcc /Users/admin/builder/spi-builder-workspace/.derivedData/SDKStatCaches.noindex/watchos11.4-22T246-43efb940ff07ba2497b70ec94253f576.sdkstatcache -output-file-map /Users/admin/builder/spi-builder-workspace/.derivedData/Build/Intermediates.noindex/MossTextEditor.build/Debug-watchos/MossTextEditor.build/Objects-normal/arm64/MossTextEditor-OutputFileMap.json -use-frontend-parseable-output -save-temps -no-color-diagnostics -serialize-diagnostics -emit-dependencies -emit-module -emit-module-path /Users/admin/builder/spi-builder-workspace/.derivedData/Build/Intermediates.noindex/MossTextEditor.build/Debug-watchos/MossTextEditor.build/Objects-normal/arm64/MossTextEditor.swiftmodule -validate-clang-modules-once -clang-build-session-file /Users/admin/builder/spi-builder-workspace/.derivedData/ModuleCache.noindex/Session.modulevalidation -package-name spi_builder_workspace -Xcc -I/Users/admin/builder/spi-builder-workspace/.derivedData/Build/Intermediates.noindex/MossTextEditor.build/Debug-watchos/MossTextEditor.build/swift-overrides.hmap -emit-const-values -Xfrontend -const-gather-protocols-file -Xfrontend /Users/admin/builder/spi-builder-workspace/.derivedData/Build/Intermediates.noindex/MossTextEditor.build/Debug-watchos/MossTextEditor.build/Objects-normal/arm64/MossTextEditor_const_extract_protocols.json -Xcc -I/Users/admin/builder/spi-builder-workspace/.derivedData/Build/Products/Debug-watchos/include -Xcc -I/Users/admin/builder/spi-builder-workspace/.derivedData/Build/Intermediates.noindex/MossTextEditor.build/Debug-watchos/MossTextEditor.build/DerivedSources-normal/arm64 -Xcc -I/Users/admin/builder/spi-builder-workspace/.derivedData/Build/Intermediates.noindex/MossTextEditor.build/Debug-watchos/MossTextEditor.build/DerivedSources/arm64 -Xcc -I/Users/admin/builder/spi-builder-workspace/.derivedData/Build/Intermediates.noindex/MossTextEditor.build/Debug-watchos/MossTextEditor.build/DerivedSources -Xcc -DSWIFT_PACKAGE -Xcc -DDEBUG\=1 -emit-objc-header -emit-objc-header-path /Users/admin/builder/spi-builder-workspace/.derivedData/Build/Intermediates.noindex/MossTextEditor.build/Debug-watchos/MossTextEditor.build/Objects-normal/arm64/MossTextEditor-Swift.h -working-directory /Users/admin/builder/spi-builder-workspace/.swiftpm/xcode -experimental-emit-module-separately -disable-cmo
SwiftEmitModule normal arm64_32 Emitting\ module\ for\ MossTextEditor (in target 'MossTextEditor' from project 'MossTextEditor')
EmitSwiftModule normal arm64_32 (in target 'MossTextEditor' from project 'MossTextEditor')
    cd /Users/admin/builder/spi-builder-workspace/.swiftpm/xcode

/Users/admin/builder/spi-builder-workspace/Sources/MossTextEditor/RichTextConfiguration.swift:30:37: error: cannot find type 'UIScrollView' in scope
    public var keyboardDismissMode: UIScrollView.KeyboardDismissMode
                                    ^~~~~~~~~~~~
/Users/admin/builder/spi-builder-workspace/Sources/MossTextEditor/RichTextConfiguration.swift:62:30: error: cannot find type 'UIScrollView' in scope
        keyboardDismissMode: UIScrollView.KeyboardDismissMode = .interactive,
                             ^~~~~~~~~~~~
/Users/admin/builder/spi-builder-workspace/Sources/MossTextEditor/RichTextConfiguration.swift:49:31: error: type 'UIColor' has no member 'label'
        textColor: UIColor = .label,
                             ~^~~~~
/Users/admin/builder/spi-builder-workspace/Sources/MossTextEditor/RichTextConfiguration.swift:56:38: error: type 'UIColor' has no member 'placeholderText'
        placeholderColor: UIColor = .placeholderText,
                                    ~^~~~~~~~~~~~~~~
/Users/admin/builder/spi-builder-workspace/Sources/MossTextEditor/RichTextEditor.swift:55:30: error: cannot find type 'Context' in scope
    func makeUIView(context: Context) -> RichTextView {
                             ^~~~~~~
/Users/admin/builder/spi-builder-workspace/Sources/MossTextEditor/RichTextEditor.swift:70:58: error: cannot find type 'Context' in scope
    func updateUIView(_ textView: RichTextView, context: Context) {
                                                         ^~~~~~~
/Users/admin/builder/spi-builder-workspace/Sources/MossTextEditor/RichTextEditor.swift:83:84: error: cannot find type 'Context' in scope
    func sizeThatFits(_ proposal: ProposedViewSize, uiView: RichTextView, context: Context) -> CGSize? {
                                                                                   ^~~~~~~
/Users/admin/builder/spi-builder-workspace/Sources/MossTextEditor/RichTextEditor.swift:46:45: error: cannot find type 'UIViewRepresentable' in scope
private struct RichTextEditorRepresentable: UIViewRepresentable {
                                            ^~~~~~~~~~~~~~~~~~~
/Users/admin/builder/spi-builder-workspace/Sources/MossTextEditor/RichTextEditor.swift:97:44: error: cannot find type 'UITextViewDelegate' in scope
final class RichTextCoordinator: NSObject, UITextViewDelegate {
                                           ^~~~~~~~~~~~~~~~~~
/Users/admin/builder/spi-builder-workspace/Sources/MossTextEditor/RichTextEditor.swift:104:30: error: cannot find type 'UIHostingController' in scope
    private var toolbarHost: UIHostingController<AnyView>?
                             ^~~~~~~~~~~~~~~~~~~
/Users/admin/builder/spi-builder-workspace/Sources/MossTextEditor/RichTextEditor.swift:370:31: error: cannot find type 'UITextView' in scope
    func textView(_ textView: UITextView, shouldChangeTextIn range: NSRange, replacementText text: String) -> Bool {
                              ^~~~~~~~~~
/Users/admin/builder/spi-builder-workspace/Sources/MossTextEditor/RichTextEditor.swift:407:42: error: cannot find type 'UITextView' in scope
    private func handleEdit(in textView: UITextView, replacing range: NSRange, with text: String) -> Bool {
                                         ^~~~~~~~~~
/Users/admin/builder/spi-builder-workspace/Sources/MossTextEditor/RichTextEditor.swift:430:40: error: cannot find type 'UITextView' in scope
    func textViewDidChange(_ textView: UITextView) {
                                       ^~~~~~~~~~
/Users/admin/builder/spi-builder-workspace/Sources/MossTextEditor/RichTextEditor.swift:444:49: error: cannot find type 'UITextView' in scope
    func textViewDidChangeSelection(_ textView: UITextView) {
                                                ^~~~~~~~~~
/Users/admin/builder/spi-builder-workspace/Sources/MossTextEditor/RichTextEditor.swift:451:46: error: cannot find type 'UITextView' in scope
    func textViewDidBeginEditing(_ textView: UITextView) {
                                             ^~~~~~~~~~
/Users/admin/builder/spi-builder-workspace/Sources/MossTextEditor/RichTextEditor.swift:455:44: error: cannot find type 'UITextView' in scope
    func textViewDidEndEditing(_ textView: UITextView) {
                                           ^~~~~~~~~~
/Users/admin/builder/spi-builder-workspace/Sources/MossTextEditor/RichTextView.swift:4:27: error: cannot find type 'UITextView' in scope
final class RichTextView: UITextView {
                          ^~~~~~~~~~
/Users/admin/builder/spi-builder-workspace/Sources/MossTextEditor/RichTextView.swift:18:18: error: property does not override any property from its superclass
    override var undoManager: UndoManager? { editorUndoManager }
    ~~~~~~~~     ^
/Users/admin/builder/spi-builder-workspace/Sources/MossTextEditor/RichTextView.swift:20:27: error: cannot find type 'UILabel' in scope
    let placeholderLabel: UILabel = {
                          ^~~~~~~
/Users/admin/builder/spi-builder-workspace/Sources/MossTextEditor/RichTextView.swift:28:49: error: cannot find type 'NSTextContainer' in scope
    override init(frame: CGRect, textContainer: NSTextContainer?) {
                                                ^~~~~~~~~~~~~~~
/Applications/Xcode-16.3.0.app/Contents/Developer/Platforms/WatchOS.platform/Developer/SDKs/WatchOS11.4.sdk/System/Library/Frameworks/UIKit.framework/Headers/NSTextAttachment.h:20:1: note: interface 'NSTextContainer' forward declared here
@class NSTextContainer;
^
/Users/admin/builder/spi-builder-workspace/Sources/MossTextEditor/RichTextView.swift:38:19: error: method does not override any method from its superclass
    override func layoutSubviews() {
    ~~~~~~~~      ^
/Users/admin/builder/spi-builder-workspace/Sources/MossTextEditor/RichTextView.swift:55:19: error: method does not override any method from its superclass
    override func paste(_ sender: Any?) {
    ~~~~~~~~      ^
Failed frontend command:
/Applications/Xcode-16.3.0.app/Contents/Developer/Toolchains/XcodeDefault.xctoolchain/usr/bin/swift-frontend -frontend -emit-module -experimental-skip-non-inlinable-function-bodies-without-types /Users/admin/builder/spi-builder-workspace/Sources/MossTextEditor/NSAttributedString+RichTextData.swift /Users/admin/builder/spi-builder-workspace/Sources/MossTextEditor/RichTextConfiguration.swift /Users/admin/builder/spi-builder-workspace/Sources/MossTextEditor/RichTextContext.swift /Users/admin/builder/spi-builder-workspace/Sources/MossTextEditor/RichTextEditor.swift /Users/admin/builder/spi-builder-workspace/Sources/MossTextEditor/RichTextFormatter.swift /Users/admin/builder/spi-builder-workspace/Sources/MossTextEditor/RichTextStyles.swift /Users/admin/builder/spi-builder-workspace/Sources/MossTextEditor/RichTextToolbar.swift /Users/admin/builder/spi-builder-workspace/Sources/MossTextEditor/RichTextView.swift -target arm64_32-apple-watchos9.0 -enable-objc-interop -sdk /Applications/Xcode-16.3.0.app/Contents/Developer/Platforms/WatchOS.platform/Developer/SDKs/WatchOS11.4.sdk -I /Users/admin/builder/spi-builder-workspace/.derivedData/Build/Products/Debug-watchos -I /Applications/Xcode-16.3.0.app/Contents/Developer/Platforms/WatchOS.platform/Developer/usr/lib -F /Users/admin/builder/spi-builder-workspace/.derivedData/Build/Products/Debug-watchos -F /Applications/Xcode-16.3.0.app/Contents/Developer/Platforms/WatchOS.platform/Developer/Library/Frameworks -F /Applications/Xcode-16.3.0.app/Contents/Developer/Platforms/WatchOS.platform/Developer/SDKs/WatchOS11.4.sdk/Developer/Library/Frameworks -no-color-diagnostics -enable-testing -g -debug-info-format\=dwarf -dwarf-version\=4 -module-cache-path /Users/admin/builder/spi-builder-workspace/.derivedData/ModuleCache.noindex -swift-version 5 -enforce-exclusivity\=checked -stats-output-dir /Users/admin/builder/spi-builder-workspace/.swiftpm/xcode/.stats -Onone -D SWIFT_PACKAGE -D DEBUG -serialize-debugging-options -const-gather-protocols-file /Users/admin/builder/spi-builder-workspace/.derivedData/Build/Intermediates.noindex/MossTextEditor.build/Debug-watchos/MossTextEditor.build/Objects-normal/arm64_32/MossTextEditor_const_extract_protocols.json -enable-upcoming-feature StrictConcurrency -enable-upcoming-feature DisableOutwardActorInference -enable-upcoming-feature GlobalActorIsolatedTypesUsability -enable-upcoming-feature InferSendableFromCaptures -enable-experimental-feature DebugDescriptionMacro -strict-concurrency\=complete -empty-abi-descriptor -plugin-path /Applications/Xcode-16.3.0.app/Contents/Developer/Toolchains/XcodeDefault.xctoolchain/usr/lib/swift/host/plugins/testing -validate-clang-modules-once -clang-build-session-file /Users/admin/builder/spi-builder-workspace/.derivedData/ModuleCache.noindex/Session.modulevalidation -Xcc -working-directory -Xcc /Users/admin/builder/spi-builder-workspace/.swiftpm/xcode -resource-dir /Applications/Xcode-16.3.0.app/Contents/Developer/Toolchains/XcodeDefault.xctoolchain/usr/lib/swift -enable-anonymous-context-mangled-names -file-compilation-dir /Users/admin/builder/spi-builder-workspace/.swiftpm/xcode -Xcc -ivfsstatcache -Xcc /Users/admin/builder/spi-builder-workspace/.derivedData/SDKStatCaches.noindex/watchos11.4-22T246-43efb940ff07ba2497b70ec94253f576.sdkstatcache -Xcc -I/Users/admin/builder/spi-builder-workspace/.derivedData/Build/Intermediates.noindex/MossTextEditor.build/Debug-watchos/MossTextEditor.build/swift-overrides.hmap -Xcc -I/Users/admin/builder/spi-builder-workspace/.derivedData/Build/Products/Debug-watchos/include -Xcc -I/Users/admin/builder/spi-builder-workspace/.derivedData/Build/Intermediates.noindex/MossTextEditor.build/Debug-watchos/MossTextEditor.build/DerivedSources-normal/arm64_32 -Xcc -I/Users/admin/builder/spi-builder-workspace/.derivedData/Build/Intermediates.noindex/MossTextEditor.build/Debug-watchos/MossTextEditor.build/DerivedSources/arm64_32 -Xcc -I/Users/admin/builder/spi-builder-workspace/.derivedData/Build/Intermediates.noindex/MossTextEditor.build/Debug-watchos/MossTextEditor.build/DerivedSources -Xcc -DSWIFT_PACKAGE -Xcc -DDEBUG\=1 -module-name MossTextEditor -package-name spi_builder_workspace -frontend-parseable-output -disable-clang-spi -target-sdk-version 11.4 -target-sdk-name watchos11.4 -external-plugin-path /Applications/Xcode-16.3.0.app/Contents/Developer/Platforms/WatchOS.platform/Developer/usr/lib/swift/host/plugins\#/Applications/Xcode-16.3.0.app/Contents/Developer/Platforms/WatchOS.platform/Developer/usr/bin/swift-plugin-server -external-plugin-path /Applications/Xcode-16.3.0.app/Contents/Developer/Platforms/WatchOS.platform/Developer/usr/local/lib/swift/host/plugins\#/Applications/Xcode-16.3.0.app/Contents/Developer/Platforms/WatchOS.platform/Developer/usr/bin/swift-plugin-server -in-process-plugin-server-path /Applications/Xcode-16.3.0.app/Contents/Developer/Toolchains/XcodeDefault.xctoolchain/usr/lib/swift/host/libSwiftInProcPluginServer.dylib -plugin-path /Applications/Xcode-16.3.0.app/Contents/Developer/Toolchains/XcodeDefault.xctoolchain/usr/lib/swift/host/plugins -plugin-path /Applications/Xcode-16.3.0.app/Contents/Developer/Toolchains/XcodeDefault.xctoolchain/usr/local/lib/swift/host/plugins -emit-module-doc-path /Users/admin/builder/spi-builder-workspace/.derivedData/Build/Intermediates.noindex/MossTextEditor.build/Debug-watchos/MossTextEditor.build/Objects-normal/arm64_32/MossTextEditor.swiftdoc -emit-module-source-info-path /Users/admin/builder/spi-builder-workspace/.derivedData/Build/Intermediates.noindex/MossTextEditor.build/Debug-watchos/MossTextEditor.build/Objects-normal/arm64_32/MossTextEditor.swiftsourceinfo -emit-objc-header-path /Users/admin/builder/spi-builder-workspace/.derivedData/Build/Intermediates.noindex/MossTextEditor.build/Debug-watchos/MossTextEditor.build/Objects-normal/arm64_32/MossTextEditor-Swift.h -serialize-diagnostics-path /Users/admin/builder/spi-builder-workspace/.derivedData/Build/Intermediates.noindex/MossTextEditor.build/Debug-watchos/MossTextEditor.build/Objects-normal/arm64_32/MossTextEditor-master-emit-module.dia -emit-dependencies-path /Users/admin/builder/spi-builder-workspace/.derivedData/Build/Intermediates.noindex/MossTextEditor.build/Debug-watchos/MossTextEditor.build/Objects-normal/arm64_32/MossTextEditor-master-emit-module.d -o /Users/admin/builder/spi-builder-workspace/.derivedData/Build/Intermediates.noindex/MossTextEditor.build/Debug-watchos/MossTextEditor.build/Objects-normal/arm64_32/MossTextEditor.swiftmodule -emit-abi-descriptor-path /Users/admin/builder/spi-builder-workspace/.derivedData/Build/Intermediates.noindex/MossTextEditor.build/Debug-watchos/MossTextEditor.build/Objects-normal/arm64_32/MossTextEditor.abi.json
SwiftCompile normal arm64_32 Compiling\ RichTextContext.swift /Users/admin/builder/spi-builder-workspace/Sources/MossTextEditor/RichTextContext.swift (in target 'MossTextEditor' from project 'MossTextEditor')
SwiftCompile normal arm64_32 /Users/admin/builder/spi-builder-workspace/Sources/MossTextEditor/RichTextContext.swift (in target 'MossTextEditor' from project 'MossTextEditor')
    cd /Users/admin/builder/spi-builder-workspace/.swiftpm/xcode

SwiftCompile normal arm64_32 Compiling\ RichTextFormatter.swift /Users/admin/builder/spi-builder-workspace/Sources/MossTextEditor/RichTextFormatter.swift (in target 'MossTextEditor' from project 'MossTextEditor')
SwiftCompile normal arm64_32 /Users/admin/builder/spi-builder-workspace/Sources/MossTextEditor/RichTextFormatter.swift (in target 'MossTextEditor' from project 'MossTextEditor')
    cd /Users/admin/builder/spi-builder-workspace/.swiftpm/xcode

SwiftCompile normal arm64_32 Compiling\ NSAttributedString+RichTextData.swift /Users/admin/builder/spi-builder-workspace/Sources/MossTextEditor/NSAttributedString+RichTextData.swift (in target 'MossTextEditor' from project 'MossTextEditor')
SwiftCompile normal arm64_32 /Users/admin/builder/spi-builder-workspace/Sources/MossTextEditor/NSAttributedString+RichTextData.swift (in target 'MossTextEditor' from project 'MossTextEditor')
    cd /Users/admin/builder/spi-builder-workspace/.swiftpm/xcode

SwiftCompile normal arm64_32 Compiling\ RichTextConfiguration.swift /Users/admin/builder/spi-builder-workspace/Sources/MossTextEditor/RichTextConfiguration.swift (in target 'MossTextEditor' from project 'MossTextEditor')
SwiftCompile normal arm64_32 /Users/admin/builder/spi-builder-workspace/Sources/MossTextEditor/RichTextConfiguration.swift (in target 'MossTextEditor' from project 'MossTextEditor')
    cd /Users/admin/builder/spi-builder-workspace/.swiftpm/xcode

SwiftCompile normal arm64_32 Compiling\ RichTextEditor.swift /Users/admin/builder/spi-builder-workspace/Sources/MossTextEditor/RichTextEditor.swift (in target 'MossTextEditor' from project 'MossTextEditor')
SwiftCompile normal arm64_32 /Users/admin/builder/spi-builder-workspace/Sources/MossTextEditor/RichTextEditor.swift (in target 'MossTextEditor' from project 'MossTextEditor')
    cd /Users/admin/builder/spi-builder-workspace/.swiftpm/xcode

SwiftCompile normal arm64_32 Compiling\ RichTextStyles.swift /Users/admin/builder/spi-builder-workspace/Sources/MossTextEditor/RichTextStyles.swift (in target 'MossTextEditor' from project 'MossTextEditor')
SwiftCompile normal arm64_32 /Users/admin/builder/spi-builder-workspace/Sources/MossTextEditor/RichTextStyles.swift (in target 'MossTextEditor' from project 'MossTextEditor')
    cd /Users/admin/builder/spi-builder-workspace/.swiftpm/xcode

SwiftCompile normal arm64_32 Compiling\ RichTextToolbar.swift /Users/admin/builder/spi-builder-workspace/Sources/MossTextEditor/RichTextToolbar.swift (in target 'MossTextEditor' from project 'MossTextEditor')
SwiftCompile normal arm64_32 /Users/admin/builder/spi-builder-workspace/Sources/MossTextEditor/RichTextToolbar.swift (in target 'MossTextEditor' from project 'MossTextEditor')
    cd /Users/admin/builder/spi-builder-workspace/.swiftpm/xcode

SwiftEmitModule normal arm64 Emitting\ module\ for\ MossTextEditor (in target 'MossTextEditor' from project 'MossTextEditor')
Failed frontend command:
/Applications/Xcode-16.3.0.app/Contents/Developer/Toolchains/XcodeDefault.xctoolchain/usr/bin/swift-frontend -frontend -emit-module -experimental-skip-non-inlinable-function-bodies-without-types /Users/admin/builder/spi-builder-workspace/Sources/MossTextEditor/NSAttributedString+RichTextData.swift /Users/admin/builder/spi-builder-workspace/Sources/MossTextEditor/RichTextConfiguration.swift /Users/admin/builder/spi-builder-workspace/Sources/MossTextEditor/RichTextContext.swift /Users/admin/builder/spi-builder-workspace/Sources/MossTextEditor/RichTextEditor.swift /Users/admin/builder/spi-builder-workspace/Sources/MossTextEditor/RichTextFormatter.swift /Users/admin/builder/spi-builder-workspace/Sources/MossTextEditor/RichTextStyles.swift /Users/admin/builder/spi-builder-workspace/Sources/MossTextEditor/RichTextToolbar.swift /Users/admin/builder/spi-builder-workspace/Sources/MossTextEditor/RichTextView.swift -target arm64-apple-watchos9.0 -Xllvm -aarch64-use-tbi -enable-objc-interop -stack-check -sdk /Applications/Xcode-16.3.0.app/Contents/Developer/Platforms/WatchOS.platform/Developer/SDKs/WatchOS11.4.sdk -I /Users/admin/builder/spi-builder-workspace/.derivedData/Build/Products/Debug-watchos -I /Applications/Xcode-16.3.0.app/Contents/Developer/Platforms/WatchOS.platform/Developer/usr/lib -F /Users/admin/builder/spi-builder-workspace/.derivedData/Build/Products/Debug-watchos -F /Applications/Xcode-16.3.0.app/Contents/Developer/Platforms/WatchOS.platform/Developer/Library/Frameworks -F /Applications/Xcode-16.3.0.app/Contents/Developer/Platforms/WatchOS.platform/Developer/SDKs/WatchOS11.4.sdk/Developer/Library/Frameworks -no-color-diagnostics -enable-testing -g -debug-info-format\=dwarf -dwarf-version\=4 -module-cache-path /Users/admin/builder/spi-builder-workspace/.derivedData/ModuleCache.noindex -swift-version 5 -enforce-exclusivity\=checked -stats-output-dir /Users/admin/builder/spi-builder-workspace/.swiftpm/xcode/.stats -Onone -D SWIFT_PACKAGE -D DEBUG -serialize-debugging-options -const-gather-protocols-file /Users/admin/builder/spi-builder-workspace/.derivedData/Build/Intermediates.noindex/MossTextEditor.build/Debug-watchos/MossTextEditor.build/Objects-normal/arm64/MossTextEditor_const_extract_protocols.json -enable-upcoming-feature StrictConcurrency -enable-upcoming-feature DisableOutwardActorInference -enable-upcoming-feature GlobalActorIsolatedTypesUsability -enable-upcoming-feature InferSendableFromCaptures -enable-experimental-feature DebugDescriptionMacro -strict-concurrency\=complete -empty-abi-descriptor -plugin-path /Applications/Xcode-16.3.0.app/Contents/Developer/Toolchains/XcodeDefault.xctoolchain/usr/lib/swift/host/plugins/testing -validate-clang-modules-once -clang-build-session-file /Users/admin/builder/spi-builder-workspace/.derivedData/ModuleCache.noindex/Session.modulevalidation -Xcc -working-directory -Xcc /Users/admin/builder/spi-builder-workspace/.swiftpm/xcode -resource-dir /Applications/Xcode-16.3.0.app/Contents/Developer/Toolchains/XcodeDefault.xctoolchain/usr/lib/swift -enable-anonymous-context-mangled-names -file-compilation-dir /Users/admin/builder/spi-builder-workspace/.swiftpm/xcode -Xcc -ivfsstatcache -Xcc /Users/admin/builder/spi-builder-workspace/.derivedData/SDKStatCaches.noindex/watchos11.4-22T246-43efb940ff07ba2497b70ec94253f576.sdkstatcache -Xcc -I/Users/admin/builder/spi-builder-workspace/.derivedData/Build/Intermediates.noindex/MossTextEditor.build/Debug-watchos/MossTextEditor.build/swift-overrides.hmap -Xcc -I/Users/admin/builder/spi-builder-workspace/.derivedData/Build/Products/Debug-watchos/include -Xcc -I/Users/admin/builder/spi-builder-workspace/.derivedData/Build/Intermediates.noindex/MossTextEditor.build/Debug-watchos/MossTextEditor.build/DerivedSources-normal/arm64 -Xcc -I/Users/admin/builder/spi-builder-workspace/.derivedData/Build/Intermediates.noindex/MossTextEditor.build/Debug-watchos/MossTextEditor.build/DerivedSources/arm64 -Xcc -I/Users/admin/builder/spi-builder-workspace/.derivedData/Build/Intermediates.noindex/MossTextEditor.build/Debug-watchos/MossTextEditor.build/DerivedSources -Xcc -DSWIFT_PACKAGE -Xcc -DDEBUG\=1 -module-name MossTextEditor -package-name spi_builder_workspace -frontend-parseable-output -disable-clang-spi -target-sdk-version 11.4 -target-sdk-name watchos11.4 -external-plugin-path /Applications/Xcode-16.3.0.app/Contents/Developer/Platforms/WatchOS.platform/Developer/usr/lib/swift/host/plugins\#/Applications/Xcode-16.3.0.app/Contents/Developer/Platforms/WatchOS.platform/Developer/usr/bin/swift-plugin-server -external-plugin-path /Applications/Xcode-16.3.0.app/Contents/Developer/Platforms/WatchOS.platform/Developer/usr/local/lib/swift/host/plugins\#/Applications/Xcode-16.3.0.app/Contents/Developer/Platforms/WatchOS.platform/Developer/usr/bin/swift-plugin-server -in-process-plugin-server-path /Applications/Xcode-16.3.0.app/Contents/Developer/Toolchains/XcodeDefault.xctoolchain/usr/lib/swift/host/libSwiftInProcPluginServer.dylib -plugin-path /Applications/Xcode-16.3.0.app/Contents/Developer/Toolchains/XcodeDefault.xctoolchain/usr/lib/swift/host/plugins -plugin-path /Applications/Xcode-16.3.0.app/Contents/Developer/Toolchains/XcodeDefault.xctoolchain/usr/local/lib/swift/host/plugins -emit-module-doc-path /Users/admin/builder/spi-builder-workspace/.derivedData/Build/Intermediates.noindex/MossTextEditor.build/Debug-watchos/MossTextEditor.build/Objects-normal/arm64/MossTextEditor.swiftdoc -emit-module-source-info-path /Users/admin/builder/spi-builder-workspace/.derivedData/Build/Intermediates.noindex/MossTextEditor.build/Debug-watchos/MossTextEditor.build/Objects-normal/arm64/MossTextEditor.swiftsourceinfo -emit-objc-header-path /Users/admin/builder/spi-builder-workspace/.derivedData/Build/Intermediates.noindex/MossTextEditor.build/Debug-watchos/MossTextEditor.build/Objects-normal/arm64/MossTextEditor-Swift.h -serialize-diagnostics-path /Users/admin/builder/spi-builder-workspace/.derivedData/Build/Intermediates.noindex/MossTextEditor.build/Debug-watchos/MossTextEditor.build/Objects-normal/arm64/MossTextEditor-master-emit-module.dia -emit-dependencies-path /Users/admin/builder/spi-builder-workspace/.derivedData/Build/Intermediates.noindex/MossTextEditor.build/Debug-watchos/MossTextEditor.build/Objects-normal/arm64/MossTextEditor-master-emit-module.d -o /Users/admin/builder/spi-builder-workspace/.derivedData/Build/Intermediates.noindex/MossTextEditor.build/Debug-watchos/MossTextEditor.build/Objects-normal/arm64/MossTextEditor.swiftmodule -emit-abi-descriptor-path /Users/admin/builder/spi-builder-workspace/.derivedData/Build/Intermediates.noindex/MossTextEditor.build/Debug-watchos/MossTextEditor.build/Objects-normal/arm64/MossTextEditor.abi.json
EmitSwiftModule normal arm64 (in target 'MossTextEditor' from project 'MossTextEditor')
    cd /Users/admin/builder/spi-builder-workspace/.swiftpm/xcode

/Users/admin/builder/spi-builder-workspace/Sources/MossTextEditor/RichTextConfiguration.swift:30:37: error: cannot find type 'UIScrollView' in scope
    public var keyboardDismissMode: UIScrollView.KeyboardDismissMode
                                    ^~~~~~~~~~~~
/Users/admin/builder/spi-builder-workspace/Sources/MossTextEditor/RichTextConfiguration.swift:62:30: error: cannot find type 'UIScrollView' in scope
        keyboardDismissMode: UIScrollView.KeyboardDismissMode = .interactive,
                             ^~~~~~~~~~~~
/Users/admin/builder/spi-builder-workspace/Sources/MossTextEditor/RichTextConfiguration.swift:49:31: error: type 'UIColor' has no member 'label'
        textColor: UIColor = .label,
                             ~^~~~~
/Users/admin/builder/spi-builder-workspace/Sources/MossTextEditor/RichTextConfiguration.swift:56:38: error: type 'UIColor' has no member 'placeholderText'
        placeholderColor: UIColor = .placeholderText,
                                    ~^~~~~~~~~~~~~~~
/Users/admin/builder/spi-builder-workspace/Sources/MossTextEditor/RichTextEditor.swift:55:30: error: cannot find type 'Context' in scope
    func makeUIView(context: Context) -> RichTextView {
                             ^~~~~~~
/Users/admin/builder/spi-builder-workspace/Sources/MossTextEditor/RichTextEditor.swift:70:58: error: cannot find type 'Context' in scope
    func updateUIView(_ textView: RichTextView, context: Context) {
                                                         ^~~~~~~
/Users/admin/builder/spi-builder-workspace/Sources/MossTextEditor/RichTextEditor.swift:83:84: error: cannot find type 'Context' in scope
    func sizeThatFits(_ proposal: ProposedViewSize, uiView: RichTextView, context: Context) -> CGSize? {
                                                                                   ^~~~~~~
/Users/admin/builder/spi-builder-workspace/Sources/MossTextEditor/RichTextEditor.swift:46:45: error: cannot find type 'UIViewRepresentable' in scope
private struct RichTextEditorRepresentable: UIViewRepresentable {
                                            ^~~~~~~~~~~~~~~~~~~
/Users/admin/builder/spi-builder-workspace/Sources/MossTextEditor/RichTextEditor.swift:97:44: error: cannot find type 'UITextViewDelegate' in scope
final class RichTextCoordinator: NSObject, UITextViewDelegate {
                                           ^~~~~~~~~~~~~~~~~~
/Users/admin/builder/spi-builder-workspace/Sources/MossTextEditor/RichTextEditor.swift:104:30: error: cannot find type 'UIHostingController' in scope
    private var toolbarHost: UIHostingController<AnyView>?
                             ^~~~~~~~~~~~~~~~~~~
/Users/admin/builder/spi-builder-workspace/Sources/MossTextEditor/RichTextEditor.swift:370:31: error: cannot find type 'UITextView' in scope
    func textView(_ textView: UITextView, shouldChangeTextIn range: NSRange, replacementText text: String) -> Bool {
                              ^~~~~~~~~~
/Users/admin/builder/spi-builder-workspace/Sources/MossTextEditor/RichTextEditor.swift:407:42: error: cannot find type 'UITextView' in scope
    private func handleEdit(in textView: UITextView, replacing range: NSRange, with text: String) -> Bool {
                                         ^~~~~~~~~~
/Users/admin/builder/spi-builder-workspace/Sources/MossTextEditor/RichTextEditor.swift:430:40: error: cannot find type 'UITextView' in scope
    func textViewDidChange(_ textView: UITextView) {
                                       ^~~~~~~~~~
/Users/admin/builder/spi-builder-workspace/Sources/MossTextEditor/RichTextEditor.swift:444:49: error: cannot find type 'UITextView' in scope
    func textViewDidChangeSelection(_ textView: UITextView) {
                                                ^~~~~~~~~~
/Users/admin/builder/spi-builder-workspace/Sources/MossTextEditor/RichTextEditor.swift:451:46: error: cannot find type 'UITextView' in scope
    func textViewDidBeginEditing(_ textView: UITextView) {
                                             ^~~~~~~~~~
/Users/admin/builder/spi-builder-workspace/Sources/MossTextEditor/RichTextEditor.swift:455:44: error: cannot find type 'UITextView' in scope
    func textViewDidEndEditing(_ textView: UITextView) {
                                           ^~~~~~~~~~
/Users/admin/builder/spi-builder-workspace/Sources/MossTextEditor/RichTextView.swift:4:27: error: cannot find type 'UITextView' in scope
final class RichTextView: UITextView {
                          ^~~~~~~~~~
/Users/admin/builder/spi-builder-workspace/Sources/MossTextEditor/RichTextView.swift:18:18: error: property does not override any property from its superclass
    override var undoManager: UndoManager? { editorUndoManager }
    ~~~~~~~~     ^
/Users/admin/builder/spi-builder-workspace/Sources/MossTextEditor/RichTextView.swift:20:27: error: cannot find type 'UILabel' in scope
    let placeholderLabel: UILabel = {
                          ^~~~~~~
/Users/admin/builder/spi-builder-workspace/Sources/MossTextEditor/RichTextView.swift:28:49: error: cannot find type 'NSTextContainer' in scope
    override init(frame: CGRect, textContainer: NSTextContainer?) {
                                                ^~~~~~~~~~~~~~~
/Applications/Xcode-16.3.0.app/Contents/Developer/Platforms/WatchOS.platform/Developer/SDKs/WatchOS11.4.sdk/System/Library/Frameworks/UIKit.framework/Headers/NSTextAttachment.h:20:1: note: interface 'NSTextContainer' forward declared here
@class NSTextContainer;
^
/Users/admin/builder/spi-builder-workspace/Sources/MossTextEditor/RichTextView.swift:38:19: error: method does not override any method from its superclass
    override func layoutSubviews() {
    ~~~~~~~~      ^
/Users/admin/builder/spi-builder-workspace/Sources/MossTextEditor/RichTextView.swift:55:19: error: method does not override any method from its superclass
    override func paste(_ sender: Any?) {
    ~~~~~~~~      ^
SwiftCompile normal arm64 Compiling\ RichTextContext.swift /Users/admin/builder/spi-builder-workspace/Sources/MossTextEditor/RichTextContext.swift (in target 'MossTextEditor' from project 'MossTextEditor')
SwiftCompile normal arm64 /Users/admin/builder/spi-builder-workspace/Sources/MossTextEditor/RichTextContext.swift (in target 'MossTextEditor' from project 'MossTextEditor')
    cd /Users/admin/builder/spi-builder-workspace/.swiftpm/xcode

SwiftCompile normal arm64_32 Compiling\ RichTextView.swift /Users/admin/builder/spi-builder-workspace/Sources/MossTextEditor/RichTextView.swift (in target 'MossTextEditor' from project 'MossTextEditor')
Command SwiftCompile failed with a nonzero exit code
** BUILD FAILED **
The following build commands failed:
	EmitSwiftModule normal arm64_32 (in target 'MossTextEditor' from project 'MossTextEditor')
	SwiftEmitModule normal arm64_32 Emitting\ module\ for\ MossTextEditor (in target 'MossTextEditor' from project 'MossTextEditor')
	SwiftEmitModule normal arm64 Emitting\ module\ for\ MossTextEditor (in target 'MossTextEditor' from project 'MossTextEditor')
	EmitSwiftModule normal arm64 (in target 'MossTextEditor' from project 'MossTextEditor')
	SwiftCompile normal arm64_32 Compiling\ RichTextView.swift /Users/admin/builder/spi-builder-workspace/Sources/MossTextEditor/RichTextView.swift (in target 'MossTextEditor' from project 'MossTextEditor')
	Building workspace spi-builder-workspace with scheme MossTextEditor
(6 failures)
Command line invocation:
    /Applications/Xcode-16.3.0.app/Contents/Developer/usr/bin/xcodebuild -IDEClonedSourcePackagesDirPathOverride=/Users/admin/builder/spi-builder-workspace/.dependencies -resolvePackageDependencies
Resolve Package Graph
Resolved source packages:
  MossTextEditor: /Users/admin/builder/spi-builder-workspace
resolved source packages: MossTextEditor
{
  "dependencies" : [
  ],
  "manifest_display_name" : "MossTextEditor",
  "name" : "MossTextEditor",
  "path" : "/Users/admin/builder/spi-builder-workspace",
  "platforms" : [
    {
      "name" : "ios",
      "version" : "16.0"
    }
  ],
  "products" : [
    {
      "name" : "MossTextEditor",
      "targets" : [
        "MossTextEditor"
      ],
      "type" : {
        "library" : [
          "automatic"
        ]
      }
    }
  ],
  "targets" : [
    {
      "c99name" : "MossTextEditorTests",
      "module_type" : "SwiftTarget",
      "name" : "MossTextEditorTests",
      "path" : "Tests/MossTextEditorTests",
      "sources" : [
        "RichTextFormatterTests.swift",
        "RichTextLimitTests.swift",
        "RichTextUndoTests.swift"
      ],
      "target_dependencies" : [
        "MossTextEditor"
      ],
      "type" : "test"
    },
    {
      "c99name" : "MossTextEditor",
      "module_type" : "SwiftTarget",
      "name" : "MossTextEditor",
      "path" : "Sources/MossTextEditor",
      "product_memberships" : [
        "MossTextEditor"
      ],
      "sources" : [
        "NSAttributedString+RichTextData.swift",
        "RichTextConfiguration.swift",
        "RichTextContext.swift",
        "RichTextEditor.swift",
        "RichTextFormatter.swift",
        "RichTextStyles.swift",
        "RichTextToolbar.swift",
        "RichTextView.swift"
      ],
      "type" : "library"
    }
  ],
  "tools_version" : "5.9"
}
{
  "workspace" : {
    "name" : "spi-builder-workspace",
    "schemes" : [
      "MossTextEditor"
    ]
  }
}
Running build ...
env DEVELOPER_DIR=/Applications/Xcode-16.3.0.app xcrun xcodebuild -IDEClonedSourcePackagesDirPathOverride=$PWD/.dependencies -skipMacroValidation -skipPackagePluginValidation -derivedDataPath $PWD/.derivedData build -scheme MossTextEditor -destination generic/platform=watchOS
Command line invocation:
    /Applications/Xcode-16.3.0.app/Contents/Developer/usr/bin/xcodebuild -IDEClonedSourcePackagesDirPathOverride=/Users/admin/builder/spi-builder-workspace/.dependencies -skipMacroValidation -skipPackagePluginValidation -derivedDataPath /Users/admin/builder/spi-builder-workspace/.derivedData build -scheme MossTextEditor -destination generic/platform=watchOS
Resolve Package Graph
Resolved source packages:
  MossTextEditor: /Users/admin/builder/spi-builder-workspace
ComputePackagePrebuildTargetDependencyGraph
Prepare packages
CreateBuildRequest
SendProjectDescription
CreateBuildOperation
ComputeTargetDependencyGraph
note: Building targets in dependency order
note: Target dependency graph (2 targets)
    Target 'MossTextEditor' in project 'MossTextEditor'
        ➜ Explicit dependency on target 'MossTextEditor' in project 'MossTextEditor'
    Target 'MossTextEditor' in project 'MossTextEditor' (no dependencies)
GatherProvisioningInputs
CreateBuildDescription
ExecuteExternalTool /Applications/Xcode-16.3.0.app/Contents/Developer/Toolchains/XcodeDefault.xctoolchain/usr/bin/clang -v -E -dM -isysroot /Applications/Xcode-16.3.0.app/Contents/Developer/Platforms/WatchOS.platform/Developer/SDKs/WatchOS11.4.sdk -x c -c /dev/null
ExecuteExternalTool /Applications/Xcode-16.3.0.app/Contents/Developer/Toolchains/XcodeDefault.xctoolchain/usr/bin/swiftc --version
ExecuteExternalTool /Applications/Xcode-16.3.0.app/Contents/Developer/Toolchains/XcodeDefault.xctoolchain/usr/bin/ld -version_details
Build description signature: fe4f1f4b127d00d2ca55f2f10fca9dba
Build description path: /Users/admin/builder/spi-builder-workspace/.derivedData/Build/Intermediates.noindex/XCBuildData/fe4f1f4b127d00d2ca55f2f10fca9dba.xcbuilddata
ClangStatCache /Applications/Xcode-16.3.0.app/Contents/Developer/Toolchains/XcodeDefault.xctoolchain/usr/bin/clang-stat-cache /Applications/Xcode-16.3.0.app/Contents/Developer/Platforms/WatchOS.platform/Developer/SDKs/WatchOS11.4.sdk /Users/admin/builder/spi-builder-workspace/.derivedData/SDKStatCaches.noindex/watchos11.4-22T246-43efb940ff07ba2497b70ec94253f576.sdkstatcache
    cd /Users/admin/builder/spi-builder-workspace/.swiftpm/xcode
    /Applications/Xcode-16.3.0.app/Contents/Developer/Toolchains/XcodeDefault.xctoolchain/usr/bin/clang-stat-cache /Applications/Xcode-16.3.0.app/Contents/Developer/Platforms/WatchOS.platform/Developer/SDKs/WatchOS11.4.sdk -o /Users/admin/builder/spi-builder-workspace/.derivedData/SDKStatCaches.noindex/watchos11.4-22T246-43efb940ff07ba2497b70ec94253f576.sdkstatcache
SwiftDriver MossTextEditor normal arm64_32 com.apple.xcode.tools.swift.compiler (in target 'MossTextEditor' from project 'MossTextEditor')
    cd /Users/admin/builder/spi-builder-workspace/.swiftpm/xcode
    builtin-SwiftDriver -- /Applications/Xcode-16.3.0.app/Contents/Developer/Toolchains/XcodeDefault.xctoolchain/usr/bin/swiftc -module-name MossTextEditor -Onone -enforce-exclusivity\=checked @/Users/admin/builder/spi-builder-workspace/.derivedData/Build/Intermediates.noindex/MossTextEditor.build/Debug-watchos/MossTextEditor.build/Objects-normal/arm64_32/MossTextEditor.SwiftFileList -DSWIFT_PACKAGE -DDEBUG -DXcode -plugin-path /Applications/Xcode-16.3.0.app/Contents/Developer/Toolchains/XcodeDefault.xctoolchain/usr/lib/swift/host/plugins/testing -enable-experimental-feature DebugDescriptionMacro -sdk /Applications/Xcode-16.3.0.app/Contents/Developer/Platforms/WatchOS.platform/Developer/SDKs/WatchOS11.4.sdk -target arm64_32-apple-watchos9.0 -g -module-cache-path /Users/admin/builder/spi-builder-workspace/.derivedData/ModuleCache.noindex -Xfrontend -serialize-debugging-options -enable-testing -index-store-path /Users/admin/builder/spi-builder-workspace/.derivedData/Index.noindex/DataStore -swift-version 5 -I /Users/admin/builder/spi-builder-workspace/.derivedData/Build/Products/Debug-watchos -I /Applications/Xcode-16.3.0.app/Contents/Developer/Platforms/WatchOS.platform/Developer/usr/lib -F /Users/admin/builder/spi-builder-workspace/.derivedData/Build/Products/Debug-watchos -F /Applications/Xcode-16.3.0.app/Contents/Developer/Platforms/WatchOS.platform/Developer/Library/Frameworks -F /Applications/Xcode-16.3.0.app/Contents/Developer/Platforms/WatchOS.platform/Developer/SDKs/WatchOS11.4.sdk/Developer/Library/Frameworks -c -j10 -enable-batch-mode -incremental -Xcc -ivfsstatcache -Xcc /Users/admin/builder/spi-builder-workspace/.derivedData/SDKStatCaches.noindex/watchos11.4-22T246-43efb940ff07ba2497b70ec94253f576.sdkstatcache -output-file-map /Users/admin/builder/spi-builder-workspace/.derivedData/Build/Intermediates.noindex/MossTextEditor.build/Debug-watchos/MossTextEditor.build/Objects-normal/arm64_32/MossTextEditor-OutputFileMap.json -use-frontend-parseable-output -save-temps -no-color-diagnostics -serialize-diagnostics -emit-dependencies -emit-module -emit-module-path /Users/admin/builder/spi-builder-workspace/.derivedData/Build/Intermediates.noindex/MossTextEditor.build/Debug-watchos/MossTextEditor.build/Objects-normal/arm64_32/MossTextEditor.swiftmodule -validate-clang-modules-once -clang-build-session-file /Users/admin/builder/spi-builder-workspace/.derivedData/ModuleCache.noindex/Session.modulevalidation -package-name spi_builder_workspace -Xcc -I/Users/admin/builder/spi-builder-workspace/.derivedData/Build/Intermediates.noindex/MossTextEditor.build/Debug-watchos/MossTextEditor.build/swift-overrides.hmap -emit-const-values -Xfrontend -const-gather-protocols-file -Xfrontend /Users/admin/builder/spi-builder-workspace/.derivedData/Build/Intermediates.noindex/MossTextEditor.build/Debug-watchos/MossTextEditor.build/Objects-normal/arm64_32/MossTextEditor_const_extract_protocols.json -Xcc -I/Users/admin/builder/spi-builder-workspace/.derivedData/Build/Products/Debug-watchos/include -Xcc -I/Users/admin/builder/spi-builder-workspace/.derivedData/Build/Intermediates.noindex/MossTextEditor.build/Debug-watchos/MossTextEditor.build/DerivedSources-normal/arm64_32 -Xcc -I/Users/admin/builder/spi-builder-workspace/.derivedData/Build/Intermediates.noindex/MossTextEditor.build/Debug-watchos/MossTextEditor.build/DerivedSources/arm64_32 -Xcc -I/Users/admin/builder/spi-builder-workspace/.derivedData/Build/Intermediates.noindex/MossTextEditor.build/Debug-watchos/MossTextEditor.build/DerivedSources -Xcc -DSWIFT_PACKAGE -Xcc -DDEBUG\=1 -emit-objc-header -emit-objc-header-path /Users/admin/builder/spi-builder-workspace/.derivedData/Build/Intermediates.noindex/MossTextEditor.build/Debug-watchos/MossTextEditor.build/Objects-normal/arm64_32/MossTextEditor-Swift.h -working-directory /Users/admin/builder/spi-builder-workspace/.swiftpm/xcode -experimental-emit-module-separately -disable-cmo
SwiftDriver MossTextEditor normal arm64 com.apple.xcode.tools.swift.compiler (in target 'MossTextEditor' from project 'MossTextEditor')
    cd /Users/admin/builder/spi-builder-workspace/.swiftpm/xcode
    builtin-SwiftDriver -- /Applications/Xcode-16.3.0.app/Contents/Developer/Toolchains/XcodeDefault.xctoolchain/usr/bin/swiftc -module-name MossTextEditor -Onone -enforce-exclusivity\=checked @/Users/admin/builder/spi-builder-workspace/.derivedData/Build/Intermediates.noindex/MossTextEditor.build/Debug-watchos/MossTextEditor.build/Objects-normal/arm64/MossTextEditor.SwiftFileList -DSWIFT_PACKAGE -DDEBUG -DXcode -plugin-path /Applications/Xcode-16.3.0.app/Contents/Developer/Toolchains/XcodeDefault.xctoolchain/usr/lib/swift/host/plugins/testing -enable-experimental-feature DebugDescriptionMacro -sdk /Applications/Xcode-16.3.0.app/Contents/Developer/Platforms/WatchOS.platform/Developer/SDKs/WatchOS11.4.sdk -target arm64-apple-watchos9.0 -g -module-cache-path /Users/admin/builder/spi-builder-workspace/.derivedData/ModuleCache.noindex -Xfrontend -serialize-debugging-options -enable-testing -index-store-path /Users/admin/builder/spi-builder-workspace/.derivedData/Index.noindex/DataStore -swift-version 5 -I /Users/admin/builder/spi-builder-workspace/.derivedData/Build/Products/Debug-watchos -I /Applications/Xcode-16.3.0.app/Contents/Developer/Platforms/WatchOS.platform/Developer/usr/lib -F /Users/admin/builder/spi-builder-workspace/.derivedData/Build/Products/Debug-watchos -F /Applications/Xcode-16.3.0.app/Contents/Developer/Platforms/WatchOS.platform/Developer/Library/Frameworks -F /Applications/Xcode-16.3.0.app/Contents/Developer/Platforms/WatchOS.platform/Developer/SDKs/WatchOS11.4.sdk/Developer/Library/Frameworks -c -j10 -enable-batch-mode -incremental -Xcc -ivfsstatcache -Xcc /Users/admin/builder/spi-builder-workspace/.derivedData/SDKStatCaches.noindex/watchos11.4-22T246-43efb940ff07ba2497b70ec94253f576.sdkstatcache -output-file-map /Users/admin/builder/spi-builder-workspace/.derivedData/Build/Intermediates.noindex/MossTextEditor.build/Debug-watchos/MossTextEditor.build/Objects-normal/arm64/MossTextEditor-OutputFileMap.json -use-frontend-parseable-output -save-temps -no-color-diagnostics -serialize-diagnostics -emit-dependencies -emit-module -emit-module-path /Users/admin/builder/spi-builder-workspace/.derivedData/Build/Intermediates.noindex/MossTextEditor.build/Debug-watchos/MossTextEditor.build/Objects-normal/arm64/MossTextEditor.swiftmodule -validate-clang-modules-once -clang-build-session-file /Users/admin/builder/spi-builder-workspace/.derivedData/ModuleCache.noindex/Session.modulevalidation -package-name spi_builder_workspace -Xcc -I/Users/admin/builder/spi-builder-workspace/.derivedData/Build/Intermediates.noindex/MossTextEditor.build/Debug-watchos/MossTextEditor.build/swift-overrides.hmap -emit-const-values -Xfrontend -const-gather-protocols-file -Xfrontend /Users/admin/builder/spi-builder-workspace/.derivedData/Build/Intermediates.noindex/MossTextEditor.build/Debug-watchos/MossTextEditor.build/Objects-normal/arm64/MossTextEditor_const_extract_protocols.json -Xcc -I/Users/admin/builder/spi-builder-workspace/.derivedData/Build/Products/Debug-watchos/include -Xcc -I/Users/admin/builder/spi-builder-workspace/.derivedData/Build/Intermediates.noindex/MossTextEditor.build/Debug-watchos/MossTextEditor.build/DerivedSources-normal/arm64 -Xcc -I/Users/admin/builder/spi-builder-workspace/.derivedData/Build/Intermediates.noindex/MossTextEditor.build/Debug-watchos/MossTextEditor.build/DerivedSources/arm64 -Xcc -I/Users/admin/builder/spi-builder-workspace/.derivedData/Build/Intermediates.noindex/MossTextEditor.build/Debug-watchos/MossTextEditor.build/DerivedSources -Xcc -DSWIFT_PACKAGE -Xcc -DDEBUG\=1 -emit-objc-header -emit-objc-header-path /Users/admin/builder/spi-builder-workspace/.derivedData/Build/Intermediates.noindex/MossTextEditor.build/Debug-watchos/MossTextEditor.build/Objects-normal/arm64/MossTextEditor-Swift.h -working-directory /Users/admin/builder/spi-builder-workspace/.swiftpm/xcode -experimental-emit-module-separately -disable-cmo
SwiftEmitModule normal arm64_32 Emitting\ module\ for\ MossTextEditor (in target 'MossTextEditor' from project 'MossTextEditor')
EmitSwiftModule normal arm64_32 (in target 'MossTextEditor' from project 'MossTextEditor')
    cd /Users/admin/builder/spi-builder-workspace/.swiftpm/xcode

/Users/admin/builder/spi-builder-workspace/Sources/MossTextEditor/RichTextConfiguration.swift:30:37: error: cannot find type 'UIScrollView' in scope
    public var keyboardDismissMode: UIScrollView.KeyboardDismissMode
                                    ^~~~~~~~~~~~
/Users/admin/builder/spi-builder-workspace/Sources/MossTextEditor/RichTextConfiguration.swift:62:30: error: cannot find type 'UIScrollView' in scope
        keyboardDismissMode: UIScrollView.KeyboardDismissMode = .interactive,
                             ^~~~~~~~~~~~
/Users/admin/builder/spi-builder-workspace/Sources/MossTextEditor/RichTextConfiguration.swift:49:31: error: type 'UIColor' has no member 'label'
        textColor: UIColor = .label,
                             ~^~~~~
/Users/admin/builder/spi-builder-workspace/Sources/MossTextEditor/RichTextConfiguration.swift:56:38: error: type 'UIColor' has no member 'placeholderText'
        placeholderColor: UIColor = .placeholderText,
                                    ~^~~~~~~~~~~~~~~
/Users/admin/builder/spi-builder-workspace/Sources/MossTextEditor/RichTextEditor.swift:55:30: error: cannot find type 'Context' in scope
    func makeUIView(context: Context) -> RichTextView {
                             ^~~~~~~
/Users/admin/builder/spi-builder-workspace/Sources/MossTextEditor/RichTextEditor.swift:70:58: error: cannot find type 'Context' in scope
    func updateUIView(_ textView: RichTextView, context: Context) {
                                                         ^~~~~~~
/Users/admin/builder/spi-builder-workspace/Sources/MossTextEditor/RichTextEditor.swift:83:84: error: cannot find type 'Context' in scope
    func sizeThatFits(_ proposal: ProposedViewSize, uiView: RichTextView, context: Context) -> CGSize? {
                                                                                   ^~~~~~~
/Users/admin/builder/spi-builder-workspace/Sources/MossTextEditor/RichTextEditor.swift:46:45: error: cannot find type 'UIViewRepresentable' in scope
private struct RichTextEditorRepresentable: UIViewRepresentable {
                                            ^~~~~~~~~~~~~~~~~~~
/Users/admin/builder/spi-builder-workspace/Sources/MossTextEditor/RichTextEditor.swift:97:44: error: cannot find type 'UITextViewDelegate' in scope
final class RichTextCoordinator: NSObject, UITextViewDelegate {
                                           ^~~~~~~~~~~~~~~~~~
/Users/admin/builder/spi-builder-workspace/Sources/MossTextEditor/RichTextEditor.swift:104:30: error: cannot find type 'UIHostingController' in scope
    private var toolbarHost: UIHostingController<AnyView>?
                             ^~~~~~~~~~~~~~~~~~~
/Users/admin/builder/spi-builder-workspace/Sources/MossTextEditor/RichTextEditor.swift:370:31: error: cannot find type 'UITextView' in scope
    func textView(_ textView: UITextView, shouldChangeTextIn range: NSRange, replacementText text: String) -> Bool {
                              ^~~~~~~~~~
/Users/admin/builder/spi-builder-workspace/Sources/MossTextEditor/RichTextEditor.swift:407:42: error: cannot find type 'UITextView' in scope
    private func handleEdit(in textView: UITextView, replacing range: NSRange, with text: String) -> Bool {
                                         ^~~~~~~~~~
/Users/admin/builder/spi-builder-workspace/Sources/MossTextEditor/RichTextEditor.swift:430:40: error: cannot find type 'UITextView' in scope
    func textViewDidChange(_ textView: UITextView) {
                                       ^~~~~~~~~~
/Users/admin/builder/spi-builder-workspace/Sources/MossTextEditor/RichTextEditor.swift:444:49: error: cannot find type 'UITextView' in scope
    func textViewDidChangeSelection(_ textView: UITextView) {
                                                ^~~~~~~~~~
/Users/admin/builder/spi-builder-workspace/Sources/MossTextEditor/RichTextEditor.swift:451:46: error: cannot find type 'UITextView' in scope
    func textViewDidBeginEditing(_ textView: UITextView) {
                                             ^~~~~~~~~~
/Users/admin/builder/spi-builder-workspace/Sources/MossTextEditor/RichTextEditor.swift:455:44: error: cannot find type 'UITextView' in scope
    func textViewDidEndEditing(_ textView: UITextView) {
                                           ^~~~~~~~~~
/Users/admin/builder/spi-builder-workspace/Sources/MossTextEditor/RichTextView.swift:4:27: error: cannot find type 'UITextView' in scope
final class RichTextView: UITextView {
                          ^~~~~~~~~~
/Users/admin/builder/spi-builder-workspace/Sources/MossTextEditor/RichTextView.swift:18:18: error: property does not override any property from its superclass
    override var undoManager: UndoManager? { editorUndoManager }
    ~~~~~~~~     ^
/Users/admin/builder/spi-builder-workspace/Sources/MossTextEditor/RichTextView.swift:20:27: error: cannot find type 'UILabel' in scope
    let placeholderLabel: UILabel = {
                          ^~~~~~~
/Users/admin/builder/spi-builder-workspace/Sources/MossTextEditor/RichTextView.swift:28:49: error: cannot find type 'NSTextContainer' in scope
    override init(frame: CGRect, textContainer: NSTextContainer?) {
                                                ^~~~~~~~~~~~~~~
/Applications/Xcode-16.3.0.app/Contents/Developer/Platforms/WatchOS.platform/Developer/SDKs/WatchOS11.4.sdk/System/Library/Frameworks/UIKit.framework/Headers/NSTextAttachment.h:20:1: note: interface 'NSTextContainer' forward declared here
@class NSTextContainer;
^
/Users/admin/builder/spi-builder-workspace/Sources/MossTextEditor/RichTextView.swift:38:19: error: method does not override any method from its superclass
    override func layoutSubviews() {
    ~~~~~~~~      ^
/Users/admin/builder/spi-builder-workspace/Sources/MossTextEditor/RichTextView.swift:55:19: error: method does not override any method from its superclass
    override func paste(_ sender: Any?) {
    ~~~~~~~~      ^
Failed frontend command:
/Applications/Xcode-16.3.0.app/Contents/Developer/Toolchains/XcodeDefault.xctoolchain/usr/bin/swift-frontend -frontend -emit-module -experimental-skip-non-inlinable-function-bodies-without-types /Users/admin/builder/spi-builder-workspace/Sources/MossTextEditor/NSAttributedString+RichTextData.swift /Users/admin/builder/spi-builder-workspace/Sources/MossTextEditor/RichTextConfiguration.swift /Users/admin/builder/spi-builder-workspace/Sources/MossTextEditor/RichTextContext.swift /Users/admin/builder/spi-builder-workspace/Sources/MossTextEditor/RichTextEditor.swift /Users/admin/builder/spi-builder-workspace/Sources/MossTextEditor/RichTextFormatter.swift /Users/admin/builder/spi-builder-workspace/Sources/MossTextEditor/RichTextStyles.swift /Users/admin/builder/spi-builder-workspace/Sources/MossTextEditor/RichTextToolbar.swift /Users/admin/builder/spi-builder-workspace/Sources/MossTextEditor/RichTextView.swift -target arm64_32-apple-watchos9.0 -enable-objc-interop -sdk /Applications/Xcode-16.3.0.app/Contents/Developer/Platforms/WatchOS.platform/Developer/SDKs/WatchOS11.4.sdk -I /Users/admin/builder/spi-builder-workspace/.derivedData/Build/Products/Debug-watchos -I /Applications/Xcode-16.3.0.app/Contents/Developer/Platforms/WatchOS.platform/Developer/usr/lib -F /Users/admin/builder/spi-builder-workspace/.derivedData/Build/Products/Debug-watchos -F /Applications/Xcode-16.3.0.app/Contents/Developer/Platforms/WatchOS.platform/Developer/Library/Frameworks -F /Applications/Xcode-16.3.0.app/Contents/Developer/Platforms/WatchOS.platform/Developer/SDKs/WatchOS11.4.sdk/Developer/Library/Frameworks -no-color-diagnostics -enable-testing -g -debug-info-format\=dwarf -dwarf-version\=4 -module-cache-path /Users/admin/builder/spi-builder-workspace/.derivedData/ModuleCache.noindex -swift-version 5 -enforce-exclusivity\=checked -Onone -D SWIFT_PACKAGE -D DEBUG -D Xcode -serialize-debugging-options -const-gather-protocols-file /Users/admin/builder/spi-builder-workspace/.derivedData/Build/Intermediates.noindex/MossTextEditor.build/Debug-watchos/MossTextEditor.build/Objects-normal/arm64_32/MossTextEditor_const_extract_protocols.json -enable-experimental-feature DebugDescriptionMacro -empty-abi-descriptor -plugin-path /Applications/Xcode-16.3.0.app/Contents/Developer/Toolchains/XcodeDefault.xctoolchain/usr/lib/swift/host/plugins/testing -validate-clang-modules-once -clang-build-session-file /Users/admin/builder/spi-builder-workspace/.derivedData/ModuleCache.noindex/Session.modulevalidation -Xcc -working-directory -Xcc /Users/admin/builder/spi-builder-workspace/.swiftpm/xcode -resource-dir /Applications/Xcode-16.3.0.app/Contents/Developer/Toolchains/XcodeDefault.xctoolchain/usr/lib/swift -enable-anonymous-context-mangled-names -file-compilation-dir /Users/admin/builder/spi-builder-workspace/.swiftpm/xcode -Xcc -ivfsstatcache -Xcc /Users/admin/builder/spi-builder-workspace/.derivedData/SDKStatCaches.noindex/watchos11.4-22T246-43efb940ff07ba2497b70ec94253f576.sdkstatcache -Xcc -I/Users/admin/builder/spi-builder-workspace/.derivedData/Build/Intermediates.noindex/MossTextEditor.build/Debug-watchos/MossTextEditor.build/swift-overrides.hmap -Xcc -I/Users/admin/builder/spi-builder-workspace/.derivedData/Build/Products/Debug-watchos/include -Xcc -I/Users/admin/builder/spi-builder-workspace/.derivedData/Build/Intermediates.noindex/MossTextEditor.build/Debug-watchos/MossTextEditor.build/DerivedSources-normal/arm64_32 -Xcc -I/Users/admin/builder/spi-builder-workspace/.derivedData/Build/Intermediates.noindex/MossTextEditor.build/Debug-watchos/MossTextEditor.build/DerivedSources/arm64_32 -Xcc -I/Users/admin/builder/spi-builder-workspace/.derivedData/Build/Intermediates.noindex/MossTextEditor.build/Debug-watchos/MossTextEditor.build/DerivedSources -Xcc -DSWIFT_PACKAGE -Xcc -DDEBUG\=1 -module-name MossTextEditor -package-name spi_builder_workspace -frontend-parseable-output -disable-clang-spi -target-sdk-version 11.4 -target-sdk-name watchos11.4 -external-plugin-path /Applications/Xcode-16.3.0.app/Contents/Developer/Platforms/WatchOS.platform/Developer/usr/lib/swift/host/plugins\#/Applications/Xcode-16.3.0.app/Contents/Developer/Platforms/WatchOS.platform/Developer/usr/bin/swift-plugin-server -external-plugin-path /Applications/Xcode-16.3.0.app/Contents/Developer/Platforms/WatchOS.platform/Developer/usr/local/lib/swift/host/plugins\#/Applications/Xcode-16.3.0.app/Contents/Developer/Platforms/WatchOS.platform/Developer/usr/bin/swift-plugin-server -in-process-plugin-server-path /Applications/Xcode-16.3.0.app/Contents/Developer/Toolchains/XcodeDefault.xctoolchain/usr/lib/swift/host/libSwiftInProcPluginServer.dylib -plugin-path /Applications/Xcode-16.3.0.app/Contents/Developer/Toolchains/XcodeDefault.xctoolchain/usr/lib/swift/host/plugins -plugin-path /Applications/Xcode-16.3.0.app/Contents/Developer/Toolchains/XcodeDefault.xctoolchain/usr/local/lib/swift/host/plugins -emit-module-doc-path /Users/admin/builder/spi-builder-workspace/.derivedData/Build/Intermediates.noindex/MossTextEditor.build/Debug-watchos/MossTextEditor.build/Objects-normal/arm64_32/MossTextEditor.swiftdoc -emit-module-source-info-path /Users/admin/builder/spi-builder-workspace/.derivedData/Build/Intermediates.noindex/MossTextEditor.build/Debug-watchos/MossTextEditor.build/Objects-normal/arm64_32/MossTextEditor.swiftsourceinfo -emit-objc-header-path /Users/admin/builder/spi-builder-workspace/.derivedData/Build/Intermediates.noindex/MossTextEditor.build/Debug-watchos/MossTextEditor.build/Objects-normal/arm64_32/MossTextEditor-Swift.h -serialize-diagnostics-path /Users/admin/builder/spi-builder-workspace/.derivedData/Build/Intermediates.noindex/MossTextEditor.build/Debug-watchos/MossTextEditor.build/Objects-normal/arm64_32/MossTextEditor-master-emit-module.dia -emit-dependencies-path /Users/admin/builder/spi-builder-workspace/.derivedData/Build/Intermediates.noindex/MossTextEditor.build/Debug-watchos/MossTextEditor.build/Objects-normal/arm64_32/MossTextEditor-master-emit-module.d -o /Users/admin/builder/spi-builder-workspace/.derivedData/Build/Intermediates.noindex/MossTextEditor.build/Debug-watchos/MossTextEditor.build/Objects-normal/arm64_32/MossTextEditor.swiftmodule -emit-abi-descriptor-path /Users/admin/builder/spi-builder-workspace/.derivedData/Build/Intermediates.noindex/MossTextEditor.build/Debug-watchos/MossTextEditor.build/Objects-normal/arm64_32/MossTextEditor.abi.json
SwiftCompile normal arm64_32 Compiling\ RichTextEditor.swift /Users/admin/builder/spi-builder-workspace/Sources/MossTextEditor/RichTextEditor.swift (in target 'MossTextEditor' from project 'MossTextEditor')
SwiftCompile normal arm64_32 /Users/admin/builder/spi-builder-workspace/Sources/MossTextEditor/RichTextEditor.swift (in target 'MossTextEditor' from project 'MossTextEditor')
    cd /Users/admin/builder/spi-builder-workspace/.swiftpm/xcode

SwiftCompile normal arm64_32 Compiling\ RichTextConfiguration.swift /Users/admin/builder/spi-builder-workspace/Sources/MossTextEditor/RichTextConfiguration.swift (in target 'MossTextEditor' from project 'MossTextEditor')
SwiftCompile normal arm64_32 /Users/admin/builder/spi-builder-workspace/Sources/MossTextEditor/RichTextConfiguration.swift (in target 'MossTextEditor' from project 'MossTextEditor')
    cd /Users/admin/builder/spi-builder-workspace/.swiftpm/xcode

SwiftCompile normal arm64_32 Compiling\ RichTextStyles.swift /Users/admin/builder/spi-builder-workspace/Sources/MossTextEditor/RichTextStyles.swift (in target 'MossTextEditor' from project 'MossTextEditor')
SwiftCompile normal arm64_32 /Users/admin/builder/spi-builder-workspace/Sources/MossTextEditor/RichTextStyles.swift (in target 'MossTextEditor' from project 'MossTextEditor')
    cd /Users/admin/builder/spi-builder-workspace/.swiftpm/xcode

SwiftCompile normal arm64_32 Compiling\ NSAttributedString+RichTextData.swift /Users/admin/builder/spi-builder-workspace/Sources/MossTextEditor/NSAttributedString+RichTextData.swift (in target 'MossTextEditor' from project 'MossTextEditor')
SwiftCompile normal arm64_32 /Users/admin/builder/spi-builder-workspace/Sources/MossTextEditor/NSAttributedString+RichTextData.swift (in target 'MossTextEditor' from project 'MossTextEditor')
    cd /Users/admin/builder/spi-builder-workspace/.swiftpm/xcode

SwiftCompile normal arm64_32 Compiling\ RichTextContext.swift /Users/admin/builder/spi-builder-workspace/Sources/MossTextEditor/RichTextContext.swift (in target 'MossTextEditor' from project 'MossTextEditor')
SwiftCompile normal arm64_32 /Users/admin/builder/spi-builder-workspace/Sources/MossTextEditor/RichTextContext.swift (in target 'MossTextEditor' from project 'MossTextEditor')
    cd /Users/admin/builder/spi-builder-workspace/.swiftpm/xcode

SwiftCompile normal arm64_32 Compiling\ RichTextToolbar.swift /Users/admin/builder/spi-builder-workspace/Sources/MossTextEditor/RichTextToolbar.swift (in target 'MossTextEditor' from project 'MossTextEditor')
SwiftCompile normal arm64_32 /Users/admin/builder/spi-builder-workspace/Sources/MossTextEditor/RichTextToolbar.swift (in target 'MossTextEditor' from project 'MossTextEditor')
    cd /Users/admin/builder/spi-builder-workspace/.swiftpm/xcode

SwiftCompile normal arm64_32 Compiling\ RichTextView.swift /Users/admin/builder/spi-builder-workspace/Sources/MossTextEditor/RichTextView.swift (in target 'MossTextEditor' from project 'MossTextEditor')
SwiftCompile normal arm64_32 /Users/admin/builder/spi-builder-workspace/Sources/MossTextEditor/RichTextView.swift (in target 'MossTextEditor' from project 'MossTextEditor')
    cd /Users/admin/builder/spi-builder-workspace/.swiftpm/xcode

SwiftCompile normal arm64 Compiling\ RichTextStyles.swift /Users/admin/builder/spi-builder-workspace/Sources/MossTextEditor/RichTextStyles.swift (in target 'MossTextEditor' from project 'MossTextEditor')
SwiftCompile normal arm64 /Users/admin/builder/spi-builder-workspace/Sources/MossTextEditor/RichTextStyles.swift (in target 'MossTextEditor' from project 'MossTextEditor')
    cd /Users/admin/builder/spi-builder-workspace/.swiftpm/xcode

SwiftCompile normal arm64 Compiling\ RichTextFormatter.swift /Users/admin/builder/spi-builder-workspace/Sources/MossTextEditor/RichTextFormatter.swift (in target 'MossTextEditor' from project 'MossTextEditor')
SwiftCompile normal arm64 /Users/admin/builder/spi-builder-workspace/Sources/MossTextEditor/RichTextFormatter.swift (in target 'MossTextEditor' from project 'MossTextEditor')
    cd /Users/admin/builder/spi-builder-workspace/.swiftpm/xcode

SwiftEmitModule normal arm64 Emitting\ module\ for\ MossTextEditor (in target 'MossTextEditor' from project 'MossTextEditor')
Command SwiftEmitModule failed with a nonzero exit code
** BUILD FAILED **
The following build commands failed:
	EmitSwiftModule normal arm64_32 (in target 'MossTextEditor' from project 'MossTextEditor')
	SwiftEmitModule normal arm64_32 Emitting\ module\ for\ MossTextEditor (in target 'MossTextEditor' from project 'MossTextEditor')
	SwiftEmitModule normal arm64 Emitting\ module\ for\ MossTextEditor (in target 'MossTextEditor' from project 'MossTextEditor')
	Building workspace spi-builder-workspace with scheme MossTextEditor
(4 failures)
BUILD FAILURE 6.1 watchOS