The Swift Package Index logo.Swift Package Index

Build Information

Failed to build MCPClientInstall, reference 0.4.1 (6e92b1), with Swift 6.3 for Wasm on 11 Sep 2026 21:12:15 UTC.

Build Command

bash -c docker run --pull=always --rm -v "checkouts-54344843-2":/host -w "$PWD" -e JAVA_HOME="/root/.sdkman/candidates/java/current" -e SPI_BUILD="1" -e SPI_PROCESSING="1" registry.gitlab.com/saguaro1/spi-images:wasm-6.3-latest swift build --swift-sdk swift-6.3.2-RELEASE_wasm 2>&1

Build Log

========================================
RunAll
========================================
Builder version: 5.0.2
Interrupt handler set up.
========================================
Checkout
========================================
Clone URL: https://github.com/adamtheturtle/MCPClientInstall.git
Reference: 0.4.1
Initialized empty Git repository in /host/spi-builder-workspace/.git/
hint: Using 'master' as the name for the initial branch. This default branch name
hint: is subject to change. To configure the initial branch name to use in all
hint: of your new repositories, which will suppress this warning, call:
hint:
hint: 	git config --global init.defaultBranch <name>
hint:
hint: Names commonly chosen instead of 'master' are 'main', 'trunk' and
hint: 'development'. The just-created branch can be renamed via this command:
hint:
hint: 	git branch -m <name>
From https://github.com/adamtheturtle/MCPClientInstall
 * tag               0.4.1      -> FETCH_HEAD
HEAD is now at 6e92b10 Undo a refused Darwin replacement in one step (#160)
Cloned https://github.com/adamtheturtle/MCPClientInstall.git
Revision (git rev-parse @):
6e92b10a15fdedffe4724030fe1124bb9a9e9d9a
SPI manifest file found: $PWD/.spi.yml
SUCCESS checkout https://github.com/adamtheturtle/MCPClientInstall.git at 0.4.1
========================================
Build
========================================
Selected platform:         wasm
Swift version:             6.3
Building package at path:  $PWD
https://github.com/adamtheturtle/MCPClientInstall.git
Running build ...
bash -c docker run --pull=always --rm -v "checkouts-54344843-2":/host -w "$PWD" -e JAVA_HOME="/root/.sdkman/candidates/java/current" -e SPI_BUILD="1" -e SPI_PROCESSING="1" registry.gitlab.com/saguaro1/spi-images:wasm-6.3-latest swift build --swift-sdk swift-6.3.2-RELEASE_wasm 2>&1
wasm-6.3-latest: Pulling from saguaro1/spi-images
Digest: sha256:253aad7f5b11d25cf9eaef34120b94cd8a325782929c57fb304a7711494a3f9a
Status: Image is up to date for registry.gitlab.com/saguaro1/spi-images:wasm-6.3-latest
Fetching https://github.com/mattt/swift-toml.git
[1/331] Fetching swift-toml
Fetched https://github.com/mattt/swift-toml.git from cache (0.46s)
Computing version for https://github.com/mattt/swift-toml.git
Computed https://github.com/mattt/swift-toml.git at 2.0.0 (0.61s)
Creating working copy for https://github.com/mattt/swift-toml.git
Working copy of https://github.com/mattt/swift-toml.git resolved at 2.0.0
Building for debugging...
[0/5] Write sources
[2/5] Compiling MCPClientInstallSystem AtomicExchange.c
[3/5] Write swift-version-24593BA9C3E375BF.txt
[4/5] Compiling CTomlPlusPlus ctoml.cpp
[6/11] Compiling TOML Value.swift
[7/11] Compiling TOML Shared.swift
[8/11] Compiling TOML LocalDateTime.swift
[9/11] Compiling TOML Encoder.swift
[10/11] Compiling TOML Decoder.swift
[11/11] Emitting module TOML
error: emit-module command failed with exit code 1 (use -v to see invocation)
[13/28] Emitting module MCPClientInstall
/host/spi-builder-workspace/Sources/MCPClientInstall/DarwinConfigReplacement.swift:2:8: error: no such module 'Darwin'
 1 | #if !os(Linux)
 2 | import Darwin
   |        `- error: no such module 'Darwin'
 3 | import Foundation
 4 |
/root/.swiftpm/swift-sdks/swift-6.3.2-RELEASE_wasm.artifactbundle/swift-6.3.2-RELEASE_wasm/wasm32-unknown-wasip1/swift.xctoolchain/usr/lib/swift_static/CoreFoundation/CoreFoundation.h:28:10: note: while building module 'wasi_emulated_signal' imported from /root/.swiftpm/swift-sdks/swift-6.3.2-RELEASE_wasm.artifactbundle/swift-6.3.2-RELEASE_wasm/wasm32-unknown-wasip1/swift.xctoolchain/usr/lib/swift_static/CoreFoundation/CoreFoundation.h:28:
 26 | #include <setjmp.h>
 27 | #endif
 28 | #include <signal.h>
    |          `- note: while building module 'wasi_emulated_signal' imported from /root/.swiftpm/swift-sdks/swift-6.3.2-RELEASE_wasm.artifactbundle/swift-6.3.2-RELEASE_wasm/wasm32-unknown-wasip1/swift.xctoolchain/usr/lib/swift_static/CoreFoundation/CoreFoundation.h:28:
 29 | #include <stddef.h>
 30 | #include <stdio.h>
<module-includes>:1:10: note: in file included from <module-includes>:1:
1 | #include "signal.h"
  |          `- note: in file included from <module-includes>:1:
2 |
[14/30] Compiling MCPClientInstall TemporaryFileBinding.swift
/host/spi-builder-workspace/Sources/MCPClientInstall/DarwinConfigReplacement.swift:2:8: error: no such module 'Darwin'
 1 | #if !os(Linux)
 2 | import Darwin
   |        `- error: no such module 'Darwin'
 3 | import Foundation
 4 |
/root/.swiftpm/swift-sdks/swift-6.3.2-RELEASE_wasm.artifactbundle/swift-6.3.2-RELEASE_wasm/wasm32-unknown-wasip1/swift.xctoolchain/usr/lib/swift_static/CoreFoundation/CoreFoundation.h:28:10: note: while building module 'wasi_emulated_signal' imported from /root/.swiftpm/swift-sdks/swift-6.3.2-RELEASE_wasm.artifactbundle/swift-6.3.2-RELEASE_wasm/wasm32-unknown-wasip1/swift.xctoolchain/usr/lib/swift_static/CoreFoundation/CoreFoundation.h:28:
 26 | #include <setjmp.h>
 27 | #endif
 28 | #include <signal.h>
    |          `- note: while building module 'wasi_emulated_signal' imported from /root/.swiftpm/swift-sdks/swift-6.3.2-RELEASE_wasm.artifactbundle/swift-6.3.2-RELEASE_wasm/wasm32-unknown-wasip1/swift.xctoolchain/usr/lib/swift_static/CoreFoundation/CoreFoundation.h:28:
 29 | #include <stddef.h>
 30 | #include <stdio.h>
<module-includes>:1:10: note: in file included from <module-includes>:1:
1 | #include "signal.h"
  |          `- note: in file included from <module-includes>:1:
2 |
[15/30] Compiling MCPClientInstall WriteWorkflowError.swift
/host/spi-builder-workspace/Sources/MCPClientInstall/DarwinConfigReplacement.swift:2:8: error: no such module 'Darwin'
 1 | #if !os(Linux)
 2 | import Darwin
   |        `- error: no such module 'Darwin'
 3 | import Foundation
 4 |
/root/.swiftpm/swift-sdks/swift-6.3.2-RELEASE_wasm.artifactbundle/swift-6.3.2-RELEASE_wasm/wasm32-unknown-wasip1/swift.xctoolchain/usr/lib/swift_static/CoreFoundation/CoreFoundation.h:28:10: note: while building module 'wasi_emulated_signal' imported from /root/.swiftpm/swift-sdks/swift-6.3.2-RELEASE_wasm.artifactbundle/swift-6.3.2-RELEASE_wasm/wasm32-unknown-wasip1/swift.xctoolchain/usr/lib/swift_static/CoreFoundation/CoreFoundation.h:28:
 26 | #include <setjmp.h>
 27 | #endif
 28 | #include <signal.h>
    |          `- note: while building module 'wasi_emulated_signal' imported from /root/.swiftpm/swift-sdks/swift-6.3.2-RELEASE_wasm.artifactbundle/swift-6.3.2-RELEASE_wasm/wasm32-unknown-wasip1/swift.xctoolchain/usr/lib/swift_static/CoreFoundation/CoreFoundation.h:28:
 29 | #include <stddef.h>
 30 | #include <stdio.h>
<module-includes>:1:10: note: in file included from <module-includes>:1:
1 | #include "signal.h"
  |          `- note: in file included from <module-includes>:1:
2 |
[16/30] Compiling MCPClientInstall ConfigPreparation.swift
/host/spi-builder-workspace/Sources/MCPClientInstall/DarwinConfigReplacement.swift:2:8: error: no such module 'Darwin'
 1 | #if !os(Linux)
 2 | import Darwin
   |        `- error: no such module 'Darwin'
 3 | import Foundation
 4 |
/root/.swiftpm/swift-sdks/swift-6.3.2-RELEASE_wasm.artifactbundle/swift-6.3.2-RELEASE_wasm/wasm32-unknown-wasip1/swift.xctoolchain/usr/lib/swift_static/CoreFoundation/CoreFoundation.h:28:10: note: while building module 'wasi_emulated_signal' imported from /root/.swiftpm/swift-sdks/swift-6.3.2-RELEASE_wasm.artifactbundle/swift-6.3.2-RELEASE_wasm/wasm32-unknown-wasip1/swift.xctoolchain/usr/lib/swift_static/CoreFoundation/CoreFoundation.h:28:
 26 | #include <setjmp.h>
 27 | #endif
 28 | #include <signal.h>
    |          `- note: while building module 'wasi_emulated_signal' imported from /root/.swiftpm/swift-sdks/swift-6.3.2-RELEASE_wasm.artifactbundle/swift-6.3.2-RELEASE_wasm/wasm32-unknown-wasip1/swift.xctoolchain/usr/lib/swift_static/CoreFoundation/CoreFoundation.h:28:
 29 | #include <stddef.h>
 30 | #include <stdio.h>
<module-includes>:1:10: note: in file included from <module-includes>:1:
1 | #include "signal.h"
  |          `- note: in file included from <module-includes>:1:
2 |
[17/30] Compiling MCPClientInstall ConfigTransactionLock.swift
/host/spi-builder-workspace/Sources/MCPClientInstall/DarwinConfigReplacement.swift:2:8: error: no such module 'Darwin'
 1 | #if !os(Linux)
 2 | import Darwin
   |        `- error: no such module 'Darwin'
 3 | import Foundation
 4 |
/root/.swiftpm/swift-sdks/swift-6.3.2-RELEASE_wasm.artifactbundle/swift-6.3.2-RELEASE_wasm/wasm32-unknown-wasip1/swift.xctoolchain/usr/lib/swift_static/CoreFoundation/CoreFoundation.h:28:10: note: while building module 'wasi_emulated_signal' imported from /root/.swiftpm/swift-sdks/swift-6.3.2-RELEASE_wasm.artifactbundle/swift-6.3.2-RELEASE_wasm/wasm32-unknown-wasip1/swift.xctoolchain/usr/lib/swift_static/CoreFoundation/CoreFoundation.h:28:
 26 | #include <setjmp.h>
 27 | #endif
 28 | #include <signal.h>
    |          `- note: while building module 'wasi_emulated_signal' imported from /root/.swiftpm/swift-sdks/swift-6.3.2-RELEASE_wasm.artifactbundle/swift-6.3.2-RELEASE_wasm/wasm32-unknown-wasip1/swift.xctoolchain/usr/lib/swift_static/CoreFoundation/CoreFoundation.h:28:
 29 | #include <stddef.h>
 30 | #include <stdio.h>
<module-includes>:1:10: note: in file included from <module-includes>:1:
1 | #include "signal.h"
  |          `- note: in file included from <module-includes>:1:
2 |
[18/30] Compiling MCPClientInstall InstallWorkflow.swift
/host/spi-builder-workspace/Sources/MCPClientInstall/DarwinConfigReplacement.swift:2:8: error: no such module 'Darwin'
 1 | #if !os(Linux)
 2 | import Darwin
   |        `- error: no such module 'Darwin'
 3 | import Foundation
 4 |
/root/.swiftpm/swift-sdks/swift-6.3.2-RELEASE_wasm.artifactbundle/swift-6.3.2-RELEASE_wasm/wasm32-unknown-wasip1/swift.xctoolchain/usr/lib/swift_static/CoreFoundation/CoreFoundation.h:28:10: note: while building module 'wasi_emulated_signal' imported from /root/.swiftpm/swift-sdks/swift-6.3.2-RELEASE_wasm.artifactbundle/swift-6.3.2-RELEASE_wasm/wasm32-unknown-wasip1/swift.xctoolchain/usr/lib/swift_static/CoreFoundation/CoreFoundation.h:28:
 26 | #include <setjmp.h>
 27 | #endif
 28 | #include <signal.h>
    |          `- note: while building module 'wasi_emulated_signal' imported from /root/.swiftpm/swift-sdks/swift-6.3.2-RELEASE_wasm.artifactbundle/swift-6.3.2-RELEASE_wasm/wasm32-unknown-wasip1/swift.xctoolchain/usr/lib/swift_static/CoreFoundation/CoreFoundation.h:28:
 29 | #include <stddef.h>
 30 | #include <stdio.h>
<module-includes>:1:10: note: in file included from <module-includes>:1:
1 | #include "signal.h"
  |          `- note: in file included from <module-includes>:1:
2 |
[19/30] Compiling MCPClientInstall JSONConfig.swift
/host/spi-builder-workspace/Sources/MCPClientInstall/DarwinConfigReplacement.swift:2:8: error: no such module 'Darwin'
 1 | #if !os(Linux)
 2 | import Darwin
   |        `- error: no such module 'Darwin'
 3 | import Foundation
 4 |
/root/.swiftpm/swift-sdks/swift-6.3.2-RELEASE_wasm.artifactbundle/swift-6.3.2-RELEASE_wasm/wasm32-unknown-wasip1/swift.xctoolchain/usr/lib/swift_static/CoreFoundation/CoreFoundation.h:28:10: note: while building module 'wasi_emulated_signal' imported from /root/.swiftpm/swift-sdks/swift-6.3.2-RELEASE_wasm.artifactbundle/swift-6.3.2-RELEASE_wasm/wasm32-unknown-wasip1/swift.xctoolchain/usr/lib/swift_static/CoreFoundation/CoreFoundation.h:28:
 26 | #include <setjmp.h>
 27 | #endif
 28 | #include <signal.h>
    |          `- note: while building module 'wasi_emulated_signal' imported from /root/.swiftpm/swift-sdks/swift-6.3.2-RELEASE_wasm.artifactbundle/swift-6.3.2-RELEASE_wasm/wasm32-unknown-wasip1/swift.xctoolchain/usr/lib/swift_static/CoreFoundation/CoreFoundation.h:28:
 29 | #include <stddef.h>
 30 | #include <stdio.h>
<module-includes>:1:10: note: in file included from <module-includes>:1:
1 | #include "signal.h"
  |          `- note: in file included from <module-includes>:1:
2 |
[20/30] Compiling MCPClientInstall JSONDuplicateKeyScanner.swift
/host/spi-builder-workspace/Sources/MCPClientInstall/DarwinConfigReplacement.swift:2:8: error: no such module 'Darwin'
 1 | #if !os(Linux)
 2 | import Darwin
   |        `- error: no such module 'Darwin'
 3 | import Foundation
 4 |
/root/.swiftpm/swift-sdks/swift-6.3.2-RELEASE_wasm.artifactbundle/swift-6.3.2-RELEASE_wasm/wasm32-unknown-wasip1/swift.xctoolchain/usr/lib/swift_static/CoreFoundation/CoreFoundation.h:28:10: note: while building module 'wasi_emulated_signal' imported from /root/.swiftpm/swift-sdks/swift-6.3.2-RELEASE_wasm.artifactbundle/swift-6.3.2-RELEASE_wasm/wasm32-unknown-wasip1/swift.xctoolchain/usr/lib/swift_static/CoreFoundation/CoreFoundation.h:28:
 26 | #include <setjmp.h>
 27 | #endif
 28 | #include <signal.h>
    |          `- note: while building module 'wasi_emulated_signal' imported from /root/.swiftpm/swift-sdks/swift-6.3.2-RELEASE_wasm.artifactbundle/swift-6.3.2-RELEASE_wasm/wasm32-unknown-wasip1/swift.xctoolchain/usr/lib/swift_static/CoreFoundation/CoreFoundation.h:28:
 29 | #include <stddef.h>
 30 | #include <stdio.h>
<module-includes>:1:10: note: in file included from <module-includes>:1:
1 | #include "signal.h"
  |          `- note: in file included from <module-includes>:1:
2 |
[21/30] Compiling MCPClientInstall RestoreSystem.swift
/host/spi-builder-workspace/Sources/MCPClientInstall/DarwinConfigReplacement.swift:2:8: error: no such module 'Darwin'
 1 | #if !os(Linux)
 2 | import Darwin
   |        `- error: no such module 'Darwin'
 3 | import Foundation
 4 |
/root/.swiftpm/swift-sdks/swift-6.3.2-RELEASE_wasm.artifactbundle/swift-6.3.2-RELEASE_wasm/wasm32-unknown-wasip1/swift.xctoolchain/usr/lib/swift_static/CoreFoundation/CoreFoundation.h:28:10: note: while building module 'wasi_emulated_signal' imported from /root/.swiftpm/swift-sdks/swift-6.3.2-RELEASE_wasm.artifactbundle/swift-6.3.2-RELEASE_wasm/wasm32-unknown-wasip1/swift.xctoolchain/usr/lib/swift_static/CoreFoundation/CoreFoundation.h:28:
 26 | #include <setjmp.h>
 27 | #endif
 28 | #include <signal.h>
    |          `- note: while building module 'wasi_emulated_signal' imported from /root/.swiftpm/swift-sdks/swift-6.3.2-RELEASE_wasm.artifactbundle/swift-6.3.2-RELEASE_wasm/wasm32-unknown-wasip1/swift.xctoolchain/usr/lib/swift_static/CoreFoundation/CoreFoundation.h:28:
 29 | #include <stddef.h>
 30 | #include <stdio.h>
<module-includes>:1:10: note: in file included from <module-includes>:1:
1 | #include "signal.h"
  |          `- note: in file included from <module-includes>:1:
2 |
[22/30] Compiling MCPClientInstall ConfigWrite.swift
/host/spi-builder-workspace/Sources/MCPClientInstall/DarwinConfigReplacement.swift:2:8: error: no such module 'Darwin'
 1 | #if !os(Linux)
 2 | import Darwin
   |        `- error: no such module 'Darwin'
 3 | import Foundation
 4 |
/root/.swiftpm/swift-sdks/swift-6.3.2-RELEASE_wasm.artifactbundle/swift-6.3.2-RELEASE_wasm/wasm32-unknown-wasip1/swift.xctoolchain/usr/lib/swift_static/CoreFoundation/CoreFoundation.h:28:10: note: while building module 'wasi_emulated_signal' imported from /root/.swiftpm/swift-sdks/swift-6.3.2-RELEASE_wasm.artifactbundle/swift-6.3.2-RELEASE_wasm/wasm32-unknown-wasip1/swift.xctoolchain/usr/lib/swift_static/CoreFoundation/CoreFoundation.h:28:
 26 | #include <setjmp.h>
 27 | #endif
 28 | #include <signal.h>
    |          `- note: while building module 'wasi_emulated_signal' imported from /root/.swiftpm/swift-sdks/swift-6.3.2-RELEASE_wasm.artifactbundle/swift-6.3.2-RELEASE_wasm/wasm32-unknown-wasip1/swift.xctoolchain/usr/lib/swift_static/CoreFoundation/CoreFoundation.h:28:
 29 | #include <stddef.h>
 30 | #include <stdio.h>
<module-includes>:1:10: note: in file included from <module-includes>:1:
1 | #include "signal.h"
  |          `- note: in file included from <module-includes>:1:
2 |
[23/30] Compiling MCPClientInstall DarwinConfigReplacement.swift
/host/spi-builder-workspace/Sources/MCPClientInstall/DarwinConfigReplacement.swift:2:8: error: no such module 'Darwin'
 1 | #if !os(Linux)
 2 | import Darwin
   |        `- error: no such module 'Darwin'
 3 | import Foundation
 4 |
/root/.swiftpm/swift-sdks/swift-6.3.2-RELEASE_wasm.artifactbundle/swift-6.3.2-RELEASE_wasm/wasm32-unknown-wasip1/swift.xctoolchain/usr/lib/swift_static/CoreFoundation/CoreFoundation.h:28:10: note: while building module 'wasi_emulated_signal' imported from /root/.swiftpm/swift-sdks/swift-6.3.2-RELEASE_wasm.artifactbundle/swift-6.3.2-RELEASE_wasm/wasm32-unknown-wasip1/swift.xctoolchain/usr/lib/swift_static/CoreFoundation/CoreFoundation.h:28:
 26 | #include <setjmp.h>
 27 | #endif
 28 | #include <signal.h>
    |          `- note: while building module 'wasi_emulated_signal' imported from /root/.swiftpm/swift-sdks/swift-6.3.2-RELEASE_wasm.artifactbundle/swift-6.3.2-RELEASE_wasm/wasm32-unknown-wasip1/swift.xctoolchain/usr/lib/swift_static/CoreFoundation/CoreFoundation.h:28:
 29 | #include <stddef.h>
 30 | #include <stdio.h>
<module-includes>:1:10: note: in file included from <module-includes>:1:
1 | #include "signal.h"
  |          `- note: in file included from <module-includes>:1:
2 |
[24/30] Compiling MCPClientInstall TOMLKeyPath.swift
/host/spi-builder-workspace/Sources/MCPClientInstall/DarwinConfigReplacement.swift:2:8: error: no such module 'Darwin'
 1 | #if !os(Linux)
 2 | import Darwin
   |        `- error: no such module 'Darwin'
 3 | import Foundation
 4 |
/root/.swiftpm/swift-sdks/swift-6.3.2-RELEASE_wasm.artifactbundle/swift-6.3.2-RELEASE_wasm/wasm32-unknown-wasip1/swift.xctoolchain/usr/lib/swift_static/CoreFoundation/CoreFoundation.h:28:10: note: while building module 'wasi_emulated_signal' imported from /root/.swiftpm/swift-sdks/swift-6.3.2-RELEASE_wasm.artifactbundle/swift-6.3.2-RELEASE_wasm/wasm32-unknown-wasip1/swift.xctoolchain/usr/lib/swift_static/CoreFoundation/CoreFoundation.h:28:
 26 | #include <setjmp.h>
 27 | #endif
 28 | #include <signal.h>
    |          `- note: while building module 'wasi_emulated_signal' imported from /root/.swiftpm/swift-sdks/swift-6.3.2-RELEASE_wasm.artifactbundle/swift-6.3.2-RELEASE_wasm/wasm32-unknown-wasip1/swift.xctoolchain/usr/lib/swift_static/CoreFoundation/CoreFoundation.h:28:
 29 | #include <stddef.h>
 30 | #include <stdio.h>
<module-includes>:1:10: note: in file included from <module-includes>:1:
1 | #include "signal.h"
  |          `- note: in file included from <module-includes>:1:
2 |
[25/30] Compiling MCPClientInstall TOMLLineState.swift
/host/spi-builder-workspace/Sources/MCPClientInstall/DarwinConfigReplacement.swift:2:8: error: no such module 'Darwin'
 1 | #if !os(Linux)
 2 | import Darwin
   |        `- error: no such module 'Darwin'
 3 | import Foundation
 4 |
/root/.swiftpm/swift-sdks/swift-6.3.2-RELEASE_wasm.artifactbundle/swift-6.3.2-RELEASE_wasm/wasm32-unknown-wasip1/swift.xctoolchain/usr/lib/swift_static/CoreFoundation/CoreFoundation.h:28:10: note: while building module 'wasi_emulated_signal' imported from /root/.swiftpm/swift-sdks/swift-6.3.2-RELEASE_wasm.artifactbundle/swift-6.3.2-RELEASE_wasm/wasm32-unknown-wasip1/swift.xctoolchain/usr/lib/swift_static/CoreFoundation/CoreFoundation.h:28:
 26 | #include <setjmp.h>
 27 | #endif
 28 | #include <signal.h>
    |          `- note: while building module 'wasi_emulated_signal' imported from /root/.swiftpm/swift-sdks/swift-6.3.2-RELEASE_wasm.artifactbundle/swift-6.3.2-RELEASE_wasm/wasm32-unknown-wasip1/swift.xctoolchain/usr/lib/swift_static/CoreFoundation/CoreFoundation.h:28:
 29 | #include <stddef.h>
 30 | #include <stdio.h>
<module-includes>:1:10: note: in file included from <module-includes>:1:
1 | #include "signal.h"
  |          `- note: in file included from <module-includes>:1:
2 |
[26/30] Compiling MCPClientInstall ServerSpec.swift
/host/spi-builder-workspace/Sources/MCPClientInstall/DarwinConfigReplacement.swift:2:8: error: no such module 'Darwin'
 1 | #if !os(Linux)
 2 | import Darwin
   |        `- error: no such module 'Darwin'
 3 | import Foundation
 4 |
/root/.swiftpm/swift-sdks/swift-6.3.2-RELEASE_wasm.artifactbundle/swift-6.3.2-RELEASE_wasm/wasm32-unknown-wasip1/swift.xctoolchain/usr/lib/swift_static/CoreFoundation/CoreFoundation.h:28:10: note: while building module 'wasi_emulated_signal' imported from /root/.swiftpm/swift-sdks/swift-6.3.2-RELEASE_wasm.artifactbundle/swift-6.3.2-RELEASE_wasm/wasm32-unknown-wasip1/swift.xctoolchain/usr/lib/swift_static/CoreFoundation/CoreFoundation.h:28:
 26 | #include <setjmp.h>
 27 | #endif
 28 | #include <signal.h>
    |          `- note: while building module 'wasi_emulated_signal' imported from /root/.swiftpm/swift-sdks/swift-6.3.2-RELEASE_wasm.artifactbundle/swift-6.3.2-RELEASE_wasm/wasm32-unknown-wasip1/swift.xctoolchain/usr/lib/swift_static/CoreFoundation/CoreFoundation.h:28:
 29 | #include <stddef.h>
 30 | #include <stdio.h>
<module-includes>:1:10: note: in file included from <module-includes>:1:
1 | #include "signal.h"
  |          `- note: in file included from <module-includes>:1:
2 |
[27/30] Compiling MCPClientInstall TOMLConfig.swift
/host/spi-builder-workspace/Sources/MCPClientInstall/DarwinConfigReplacement.swift:2:8: error: no such module 'Darwin'
 1 | #if !os(Linux)
 2 | import Darwin
   |        `- error: no such module 'Darwin'
 3 | import Foundation
 4 |
/root/.swiftpm/swift-sdks/swift-6.3.2-RELEASE_wasm.artifactbundle/swift-6.3.2-RELEASE_wasm/wasm32-unknown-wasip1/swift.xctoolchain/usr/lib/swift_static/CoreFoundation/CoreFoundation.h:28:10: note: while building module 'wasi_emulated_signal' imported from /root/.swiftpm/swift-sdks/swift-6.3.2-RELEASE_wasm.artifactbundle/swift-6.3.2-RELEASE_wasm/wasm32-unknown-wasip1/swift.xctoolchain/usr/lib/swift_static/CoreFoundation/CoreFoundation.h:28:
 26 | #include <setjmp.h>
 27 | #endif
 28 | #include <signal.h>
    |          `- note: while building module 'wasi_emulated_signal' imported from /root/.swiftpm/swift-sdks/swift-6.3.2-RELEASE_wasm.artifactbundle/swift-6.3.2-RELEASE_wasm/wasm32-unknown-wasip1/swift.xctoolchain/usr/lib/swift_static/CoreFoundation/CoreFoundation.h:28:
 29 | #include <stddef.h>
 30 | #include <stdio.h>
<module-includes>:1:10: note: in file included from <module-includes>:1:
1 | #include "signal.h"
  |          `- note: in file included from <module-includes>:1:
2 |
[28/30] Compiling MCPClientInstall API.swift
/host/spi-builder-workspace/Sources/MCPClientInstall/DarwinConfigReplacement.swift:2:8: error: no such module 'Darwin'
 1 | #if !os(Linux)
 2 | import Darwin
   |        `- error: no such module 'Darwin'
 3 | import Foundation
 4 |
/root/.swiftpm/swift-sdks/swift-6.3.2-RELEASE_wasm.artifactbundle/swift-6.3.2-RELEASE_wasm/wasm32-unknown-wasip1/swift.xctoolchain/usr/lib/swift_static/CoreFoundation/CoreFoundation.h:28:10: note: while building module 'wasi_emulated_signal' imported from /root/.swiftpm/swift-sdks/swift-6.3.2-RELEASE_wasm.artifactbundle/swift-6.3.2-RELEASE_wasm/wasm32-unknown-wasip1/swift.xctoolchain/usr/lib/swift_static/CoreFoundation/CoreFoundation.h:28:
 26 | #include <setjmp.h>
 27 | #endif
 28 | #include <signal.h>
    |          `- note: while building module 'wasi_emulated_signal' imported from /root/.swiftpm/swift-sdks/swift-6.3.2-RELEASE_wasm.artifactbundle/swift-6.3.2-RELEASE_wasm/wasm32-unknown-wasip1/swift.xctoolchain/usr/lib/swift_static/CoreFoundation/CoreFoundation.h:28:
 29 | #include <stddef.h>
 30 | #include <stdio.h>
<module-includes>:1:10: note: in file included from <module-includes>:1:
1 | #include "signal.h"
  |          `- note: in file included from <module-includes>:1:
2 |
[29/30] Compiling MCPClientInstall BoundConfigurationDirectory.swift
/host/spi-builder-workspace/Sources/MCPClientInstall/DarwinConfigReplacement.swift:2:8: error: no such module 'Darwin'
 1 | #if !os(Linux)
 2 | import Darwin
   |        `- error: no such module 'Darwin'
 3 | import Foundation
 4 |
/root/.swiftpm/swift-sdks/swift-6.3.2-RELEASE_wasm.artifactbundle/swift-6.3.2-RELEASE_wasm/wasm32-unknown-wasip1/swift.xctoolchain/usr/lib/swift_static/CoreFoundation/CoreFoundation.h:28:10: note: while building module 'wasi_emulated_signal' imported from /root/.swiftpm/swift-sdks/swift-6.3.2-RELEASE_wasm.artifactbundle/swift-6.3.2-RELEASE_wasm/wasm32-unknown-wasip1/swift.xctoolchain/usr/lib/swift_static/CoreFoundation/CoreFoundation.h:28:
 26 | #include <setjmp.h>
 27 | #endif
 28 | #include <signal.h>
    |          `- note: while building module 'wasi_emulated_signal' imported from /root/.swiftpm/swift-sdks/swift-6.3.2-RELEASE_wasm.artifactbundle/swift-6.3.2-RELEASE_wasm/wasm32-unknown-wasip1/swift.xctoolchain/usr/lib/swift_static/CoreFoundation/CoreFoundation.h:28:
 29 | #include <stddef.h>
 30 | #include <stdio.h>
<module-includes>:1:10: note: in file included from <module-includes>:1:
1 | #include "signal.h"
  |          `- note: in file included from <module-includes>:1:
2 |
[30/30] Compiling MCPClientInstall Client.swift
/host/spi-builder-workspace/Sources/MCPClientInstall/DarwinConfigReplacement.swift:2:8: error: no such module 'Darwin'
 1 | #if !os(Linux)
 2 | import Darwin
   |        `- error: no such module 'Darwin'
 3 | import Foundation
 4 |
/root/.swiftpm/swift-sdks/swift-6.3.2-RELEASE_wasm.artifactbundle/swift-6.3.2-RELEASE_wasm/wasm32-unknown-wasip1/swift.xctoolchain/usr/lib/swift_static/CoreFoundation/CoreFoundation.h:28:10: note: while building module 'wasi_emulated_signal' imported from /root/.swiftpm/swift-sdks/swift-6.3.2-RELEASE_wasm.artifactbundle/swift-6.3.2-RELEASE_wasm/wasm32-unknown-wasip1/swift.xctoolchain/usr/lib/swift_static/CoreFoundation/CoreFoundation.h:28:
 26 | #include <setjmp.h>
 27 | #endif
 28 | #include <signal.h>
    |          `- note: while building module 'wasi_emulated_signal' imported from /root/.swiftpm/swift-sdks/swift-6.3.2-RELEASE_wasm.artifactbundle/swift-6.3.2-RELEASE_wasm/wasm32-unknown-wasip1/swift.xctoolchain/usr/lib/swift_static/CoreFoundation/CoreFoundation.h:28:
 29 | #include <stddef.h>
 30 | #include <stdio.h>
<module-includes>:1:10: note: in file included from <module-includes>:1:
1 | #include "signal.h"
  |          `- note: in file included from <module-includes>:1:
2 |
BUILD FAILURE 6.3 wasm