Build Information
Failed to build RxAppKit, reference main (b33fee), with Swift 6.3 for tvOS using Xcode 26.4 on 27 Sep 2026 20:43:47 UTC.
Build Command
env DEVELOPER_DIR=/Applications/Xcode-26.5.0.app xcrun xcodebuild -IDEClonedSourcePackagesDirPathOverride=$PWD/.dependencies -skipMacroValidation -skipPackagePluginValidation -derivedDataPath $PWD/.derivedData build -scheme RxAppKit -destination generic/platform=tvOSBuild Log
cd /Users/admin/builder/spi-builder-workspace/.swiftpm/xcode
SwiftCompile normal arm64 /Users/admin/builder/spi-builder-workspace/.dependencies/checkouts/RxSwift/Sources/RxCocoa/UIApplication+Rx.swift (in target 'RxCocoa' from project 'RxSwift')
cd /Users/admin/builder/spi-builder-workspace/.swiftpm/xcode
SwiftCompile normal arm64 /Users/admin/builder/spi-builder-workspace/.dependencies/checkouts/RxSwift/Sources/RxCocoa/UIBarButtonItem+Rx.swift (in target 'RxCocoa' from project 'RxSwift')
cd /Users/admin/builder/spi-builder-workspace/.swiftpm/xcode
SwiftCompile normal arm64 /Users/admin/builder/spi-builder-workspace/.dependencies/checkouts/RxSwift/Sources/RxCocoa/UIButton+Rx.swift (in target 'RxCocoa' from project 'RxSwift')
cd /Users/admin/builder/spi-builder-workspace/.swiftpm/xcode
SwiftCompile normal arm64 /Users/admin/builder/spi-builder-workspace/.dependencies/checkouts/RxSwift/Sources/RxCocoa/UICollectionView+Rx.swift (in target 'RxCocoa' from project 'RxSwift')
cd /Users/admin/builder/spi-builder-workspace/.swiftpm/xcode
SwiftCompile normal arm64 /Users/admin/builder/spi-builder-workspace/.dependencies/checkouts/RxSwift/Sources/RxCocoa/UIControl+Rx.swift (in target 'RxCocoa' from project 'RxSwift')
cd /Users/admin/builder/spi-builder-workspace/.swiftpm/xcode
SwiftCompile normal arm64 /Users/admin/builder/spi-builder-workspace/.dependencies/checkouts/RxSwift/Sources/RxCocoa/UIDatePicker+Rx.swift (in target 'RxCocoa' from project 'RxSwift')
cd /Users/admin/builder/spi-builder-workspace/.swiftpm/xcode
SwiftEmitModule normal arm64 Emitting\ module\ for\ RxCocoa (in target 'RxCocoa' from project 'RxSwift')
EmitSwiftModule normal arm64 (in target 'RxCocoa' from project 'RxSwift')
cd /Users/admin/builder/spi-builder-workspace/.swiftpm/xcode
SwiftCompile normal arm64 Compiling\ RxCollectionViewDelegateProxy.swift,\ RxCollectionViewReactiveArrayDataSource.swift,\ RxNavigationControllerDelegateProxy.swift,\ RxPickerViewAdapter.swift,\ RxPickerViewDataSourceProxy.swift,\ RxPickerViewDataSourceType.swift,\ RxPickerViewDelegateProxy.swift,\ RxScrollViewDelegateProxy.swift,\ RxSearchBarDelegateProxy.swift,\ RxSearchControllerDelegateProxy.swift /Users/admin/builder/spi-builder-workspace/.dependencies/checkouts/RxSwift/Sources/RxCocoa/RxCollectionViewDelegateProxy.swift /Users/admin/builder/spi-builder-workspace/.dependencies/checkouts/RxSwift/Sources/RxCocoa/RxCollectionViewReactiveArrayDataSource.swift /Users/admin/builder/spi-builder-workspace/.dependencies/checkouts/RxSwift/Sources/RxCocoa/RxNavigationControllerDelegateProxy.swift /Users/admin/builder/spi-builder-workspace/.dependencies/checkouts/RxSwift/Sources/RxCocoa/RxPickerViewAdapter.swift /Users/admin/builder/spi-builder-workspace/.dependencies/checkouts/RxSwift/Sources/RxCocoa/RxPickerViewDataSourceProxy.swift /Users/admin/builder/spi-builder-workspace/.dependencies/checkouts/RxSwift/Sources/RxCocoa/RxPickerViewDataSourceType.swift /Users/admin/builder/spi-builder-workspace/.dependencies/checkouts/RxSwift/Sources/RxCocoa/RxPickerViewDelegateProxy.swift /Users/admin/builder/spi-builder-workspace/.dependencies/checkouts/RxSwift/Sources/RxCocoa/RxScrollViewDelegateProxy.swift /Users/admin/builder/spi-builder-workspace/.dependencies/checkouts/RxSwift/Sources/RxCocoa/RxSearchBarDelegateProxy.swift /Users/admin/builder/spi-builder-workspace/.dependencies/checkouts/RxSwift/Sources/RxCocoa/RxSearchControllerDelegateProxy.swift (in target 'RxCocoa' from project 'RxSwift')
SwiftCompile normal arm64 /Users/admin/builder/spi-builder-workspace/.dependencies/checkouts/RxSwift/Sources/RxCocoa/RxCollectionViewDelegateProxy.swift (in target 'RxCocoa' from project 'RxSwift')
cd /Users/admin/builder/spi-builder-workspace/.swiftpm/xcode
SwiftCompile normal arm64 /Users/admin/builder/spi-builder-workspace/.dependencies/checkouts/RxSwift/Sources/RxCocoa/RxCollectionViewReactiveArrayDataSource.swift (in target 'RxCocoa' from project 'RxSwift')
cd /Users/admin/builder/spi-builder-workspace/.swiftpm/xcode
SwiftCompile normal arm64 /Users/admin/builder/spi-builder-workspace/.dependencies/checkouts/RxSwift/Sources/RxCocoa/RxNavigationControllerDelegateProxy.swift (in target 'RxCocoa' from project 'RxSwift')
cd /Users/admin/builder/spi-builder-workspace/.swiftpm/xcode
SwiftCompile normal arm64 /Users/admin/builder/spi-builder-workspace/.dependencies/checkouts/RxSwift/Sources/RxCocoa/RxPickerViewAdapter.swift (in target 'RxCocoa' from project 'RxSwift')
cd /Users/admin/builder/spi-builder-workspace/.swiftpm/xcode
SwiftCompile normal arm64 /Users/admin/builder/spi-builder-workspace/.dependencies/checkouts/RxSwift/Sources/RxCocoa/RxPickerViewDataSourceProxy.swift (in target 'RxCocoa' from project 'RxSwift')
cd /Users/admin/builder/spi-builder-workspace/.swiftpm/xcode
SwiftCompile normal arm64 /Users/admin/builder/spi-builder-workspace/.dependencies/checkouts/RxSwift/Sources/RxCocoa/RxPickerViewDataSourceType.swift (in target 'RxCocoa' from project 'RxSwift')
cd /Users/admin/builder/spi-builder-workspace/.swiftpm/xcode
SwiftCompile normal arm64 /Users/admin/builder/spi-builder-workspace/.dependencies/checkouts/RxSwift/Sources/RxCocoa/RxPickerViewDelegateProxy.swift (in target 'RxCocoa' from project 'RxSwift')
cd /Users/admin/builder/spi-builder-workspace/.swiftpm/xcode
SwiftCompile normal arm64 /Users/admin/builder/spi-builder-workspace/.dependencies/checkouts/RxSwift/Sources/RxCocoa/RxScrollViewDelegateProxy.swift (in target 'RxCocoa' from project 'RxSwift')
cd /Users/admin/builder/spi-builder-workspace/.swiftpm/xcode
SwiftCompile normal arm64 /Users/admin/builder/spi-builder-workspace/.dependencies/checkouts/RxSwift/Sources/RxCocoa/RxSearchBarDelegateProxy.swift (in target 'RxCocoa' from project 'RxSwift')
cd /Users/admin/builder/spi-builder-workspace/.swiftpm/xcode
SwiftCompile normal arm64 /Users/admin/builder/spi-builder-workspace/.dependencies/checkouts/RxSwift/Sources/RxCocoa/RxSearchControllerDelegateProxy.swift (in target 'RxCocoa' from project 'RxSwift')
cd /Users/admin/builder/spi-builder-workspace/.swiftpm/xcode
SwiftCompile normal arm64 Compiling\ UIStepper+Rx.swift,\ UISwitch+Rx.swift,\ UITabBar+Rx.swift,\ UITabBarController+Rx.swift,\ UITableView+Rx.swift,\ UITextField+Rx.swift,\ UITextView+Rx.swift,\ URLSession+Rx.swift,\ WKWebView+Rx.swift /Users/admin/builder/spi-builder-workspace/.dependencies/checkouts/RxSwift/Sources/RxCocoa/UIStepper+Rx.swift /Users/admin/builder/spi-builder-workspace/.dependencies/checkouts/RxSwift/Sources/RxCocoa/UISwitch+Rx.swift /Users/admin/builder/spi-builder-workspace/.dependencies/checkouts/RxSwift/Sources/RxCocoa/UITabBar+Rx.swift /Users/admin/builder/spi-builder-workspace/.dependencies/checkouts/RxSwift/Sources/RxCocoa/UITabBarController+Rx.swift /Users/admin/builder/spi-builder-workspace/.dependencies/checkouts/RxSwift/Sources/RxCocoa/UITableView+Rx.swift /Users/admin/builder/spi-builder-workspace/.dependencies/checkouts/RxSwift/Sources/RxCocoa/UITextField+Rx.swift /Users/admin/builder/spi-builder-workspace/.dependencies/checkouts/RxSwift/Sources/RxCocoa/UITextView+Rx.swift /Users/admin/builder/spi-builder-workspace/.dependencies/checkouts/RxSwift/Sources/RxCocoa/URLSession+Rx.swift /Users/admin/builder/spi-builder-workspace/.dependencies/checkouts/RxSwift/Sources/RxCocoa/WKWebView+Rx.swift (in target 'RxCocoa' from project 'RxSwift')
SwiftCompile normal arm64 /Users/admin/builder/spi-builder-workspace/.dependencies/checkouts/RxSwift/Sources/RxCocoa/UIStepper+Rx.swift (in target 'RxCocoa' from project 'RxSwift')
cd /Users/admin/builder/spi-builder-workspace/.swiftpm/xcode
SwiftCompile normal arm64 /Users/admin/builder/spi-builder-workspace/.dependencies/checkouts/RxSwift/Sources/RxCocoa/UISwitch+Rx.swift (in target 'RxCocoa' from project 'RxSwift')
cd /Users/admin/builder/spi-builder-workspace/.swiftpm/xcode
SwiftCompile normal arm64 /Users/admin/builder/spi-builder-workspace/.dependencies/checkouts/RxSwift/Sources/RxCocoa/UITabBar+Rx.swift (in target 'RxCocoa' from project 'RxSwift')
cd /Users/admin/builder/spi-builder-workspace/.swiftpm/xcode
SwiftCompile normal arm64 /Users/admin/builder/spi-builder-workspace/.dependencies/checkouts/RxSwift/Sources/RxCocoa/UITabBarController+Rx.swift (in target 'RxCocoa' from project 'RxSwift')
cd /Users/admin/builder/spi-builder-workspace/.swiftpm/xcode
SwiftCompile normal arm64 /Users/admin/builder/spi-builder-workspace/.dependencies/checkouts/RxSwift/Sources/RxCocoa/UITableView+Rx.swift (in target 'RxCocoa' from project 'RxSwift')
cd /Users/admin/builder/spi-builder-workspace/.swiftpm/xcode
SwiftCompile normal arm64 /Users/admin/builder/spi-builder-workspace/.dependencies/checkouts/RxSwift/Sources/RxCocoa/UITextField+Rx.swift (in target 'RxCocoa' from project 'RxSwift')
cd /Users/admin/builder/spi-builder-workspace/.swiftpm/xcode
SwiftCompile normal arm64 /Users/admin/builder/spi-builder-workspace/.dependencies/checkouts/RxSwift/Sources/RxCocoa/UITextView+Rx.swift (in target 'RxCocoa' from project 'RxSwift')
cd /Users/admin/builder/spi-builder-workspace/.swiftpm/xcode
SwiftCompile normal arm64 /Users/admin/builder/spi-builder-workspace/.dependencies/checkouts/RxSwift/Sources/RxCocoa/URLSession+Rx.swift (in target 'RxCocoa' from project 'RxSwift')
cd /Users/admin/builder/spi-builder-workspace/.swiftpm/xcode
SwiftCompile normal arm64 /Users/admin/builder/spi-builder-workspace/.dependencies/checkouts/RxSwift/Sources/RxCocoa/WKWebView+Rx.swift (in target 'RxCocoa' from project 'RxSwift')
cd /Users/admin/builder/spi-builder-workspace/.swiftpm/xcode
SwiftCompile normal arm64 Compiling\ UIGestureRecognizer+Rx.swift,\ UINavigationController+Rx.swift,\ UIPickerView+Rx.swift,\ UIRefreshControl+Rx.swift,\ UIScrollView+Rx.swift,\ UISearchBar+Rx.swift,\ UISearchController+Rx.swift,\ UISegmentedControl+Rx.swift,\ UISlider+Rx.swift /Users/admin/builder/spi-builder-workspace/.dependencies/checkouts/RxSwift/Sources/RxCocoa/UIGestureRecognizer+Rx.swift /Users/admin/builder/spi-builder-workspace/.dependencies/checkouts/RxSwift/Sources/RxCocoa/UINavigationController+Rx.swift /Users/admin/builder/spi-builder-workspace/.dependencies/checkouts/RxSwift/Sources/RxCocoa/UIPickerView+Rx.swift /Users/admin/builder/spi-builder-workspace/.dependencies/checkouts/RxSwift/Sources/RxCocoa/UIRefreshControl+Rx.swift /Users/admin/builder/spi-builder-workspace/.dependencies/checkouts/RxSwift/Sources/RxCocoa/UIScrollView+Rx.swift /Users/admin/builder/spi-builder-workspace/.dependencies/checkouts/RxSwift/Sources/RxCocoa/UISearchBar+Rx.swift /Users/admin/builder/spi-builder-workspace/.dependencies/checkouts/RxSwift/Sources/RxCocoa/UISearchController+Rx.swift /Users/admin/builder/spi-builder-workspace/.dependencies/checkouts/RxSwift/Sources/RxCocoa/UISegmentedControl+Rx.swift /Users/admin/builder/spi-builder-workspace/.dependencies/checkouts/RxSwift/Sources/RxCocoa/UISlider+Rx.swift (in target 'RxCocoa' from project 'RxSwift')
SwiftCompile normal arm64 /Users/admin/builder/spi-builder-workspace/.dependencies/checkouts/RxSwift/Sources/RxCocoa/UIGestureRecognizer+Rx.swift (in target 'RxCocoa' from project 'RxSwift')
cd /Users/admin/builder/spi-builder-workspace/.swiftpm/xcode
SwiftCompile normal arm64 /Users/admin/builder/spi-builder-workspace/.dependencies/checkouts/RxSwift/Sources/RxCocoa/UINavigationController+Rx.swift (in target 'RxCocoa' from project 'RxSwift')
cd /Users/admin/builder/spi-builder-workspace/.swiftpm/xcode
SwiftCompile normal arm64 /Users/admin/builder/spi-builder-workspace/.dependencies/checkouts/RxSwift/Sources/RxCocoa/UIPickerView+Rx.swift (in target 'RxCocoa' from project 'RxSwift')
cd /Users/admin/builder/spi-builder-workspace/.swiftpm/xcode
SwiftCompile normal arm64 /Users/admin/builder/spi-builder-workspace/.dependencies/checkouts/RxSwift/Sources/RxCocoa/UIRefreshControl+Rx.swift (in target 'RxCocoa' from project 'RxSwift')
cd /Users/admin/builder/spi-builder-workspace/.swiftpm/xcode
SwiftCompile normal arm64 /Users/admin/builder/spi-builder-workspace/.dependencies/checkouts/RxSwift/Sources/RxCocoa/UIScrollView+Rx.swift (in target 'RxCocoa' from project 'RxSwift')
cd /Users/admin/builder/spi-builder-workspace/.swiftpm/xcode
SwiftCompile normal arm64 /Users/admin/builder/spi-builder-workspace/.dependencies/checkouts/RxSwift/Sources/RxCocoa/UISearchBar+Rx.swift (in target 'RxCocoa' from project 'RxSwift')
cd /Users/admin/builder/spi-builder-workspace/.swiftpm/xcode
SwiftCompile normal arm64 /Users/admin/builder/spi-builder-workspace/.dependencies/checkouts/RxSwift/Sources/RxCocoa/UISearchController+Rx.swift (in target 'RxCocoa' from project 'RxSwift')
cd /Users/admin/builder/spi-builder-workspace/.swiftpm/xcode
SwiftCompile normal arm64 /Users/admin/builder/spi-builder-workspace/.dependencies/checkouts/RxSwift/Sources/RxCocoa/UISegmentedControl+Rx.swift (in target 'RxCocoa' from project 'RxSwift')
cd /Users/admin/builder/spi-builder-workspace/.swiftpm/xcode
SwiftCompile normal arm64 /Users/admin/builder/spi-builder-workspace/.dependencies/checkouts/RxSwift/Sources/RxCocoa/UISlider+Rx.swift (in target 'RxCocoa' from project 'RxSwift')
cd /Users/admin/builder/spi-builder-workspace/.swiftpm/xcode
SwiftCompile normal arm64 Compiling\ RxTextViewDelegateProxy.swift,\ RxWKNavigationDelegateProxy.swift,\ SchedulerType+SharedSequence.swift,\ SectionedViewDataSourceType.swift,\ SharedSequence+Concurrency.swift,\ SharedSequence+Operators+arity.swift,\ SharedSequence+Operators.swift,\ SharedSequence.swift,\ Signal+Subscription.swift /Users/admin/builder/spi-builder-workspace/.dependencies/checkouts/RxSwift/Sources/RxCocoa/RxTextViewDelegateProxy.swift /Users/admin/builder/spi-builder-workspace/.dependencies/checkouts/RxSwift/Sources/RxCocoa/RxWKNavigationDelegateProxy.swift /Users/admin/builder/spi-builder-workspace/.dependencies/checkouts/RxSwift/Sources/RxCocoa/SchedulerType+SharedSequence.swift /Users/admin/builder/spi-builder-workspace/.dependencies/checkouts/RxSwift/Sources/RxCocoa/SectionedViewDataSourceType.swift /Users/admin/builder/spi-builder-workspace/.dependencies/checkouts/RxSwift/Sources/RxCocoa/SharedSequence+Concurrency.swift /Users/admin/builder/spi-builder-workspace/.dependencies/checkouts/RxSwift/Sources/RxCocoa/SharedSequence+Operators+arity.swift /Users/admin/builder/spi-builder-workspace/.dependencies/checkouts/RxSwift/Sources/RxCocoa/SharedSequence+Operators.swift /Users/admin/builder/spi-builder-workspace/.dependencies/checkouts/RxSwift/Sources/RxCocoa/SharedSequence.swift /Users/admin/builder/spi-builder-workspace/.dependencies/checkouts/RxSwift/Sources/RxCocoa/Signal+Subscription.swift (in target 'RxCocoa' from project 'RxSwift')
SwiftCompile normal arm64 /Users/admin/builder/spi-builder-workspace/.dependencies/checkouts/RxSwift/Sources/RxCocoa/RxTextViewDelegateProxy.swift (in target 'RxCocoa' from project 'RxSwift')
cd /Users/admin/builder/spi-builder-workspace/.swiftpm/xcode
SwiftCompile normal arm64 /Users/admin/builder/spi-builder-workspace/.dependencies/checkouts/RxSwift/Sources/RxCocoa/RxWKNavigationDelegateProxy.swift (in target 'RxCocoa' from project 'RxSwift')
cd /Users/admin/builder/spi-builder-workspace/.swiftpm/xcode
SwiftCompile normal arm64 /Users/admin/builder/spi-builder-workspace/.dependencies/checkouts/RxSwift/Sources/RxCocoa/SchedulerType+SharedSequence.swift (in target 'RxCocoa' from project 'RxSwift')
cd /Users/admin/builder/spi-builder-workspace/.swiftpm/xcode
SwiftCompile normal arm64 /Users/admin/builder/spi-builder-workspace/.dependencies/checkouts/RxSwift/Sources/RxCocoa/SectionedViewDataSourceType.swift (in target 'RxCocoa' from project 'RxSwift')
cd /Users/admin/builder/spi-builder-workspace/.swiftpm/xcode
SwiftCompile normal arm64 /Users/admin/builder/spi-builder-workspace/.dependencies/checkouts/RxSwift/Sources/RxCocoa/SharedSequence+Concurrency.swift (in target 'RxCocoa' from project 'RxSwift')
cd /Users/admin/builder/spi-builder-workspace/.swiftpm/xcode
SwiftCompile normal arm64 /Users/admin/builder/spi-builder-workspace/.dependencies/checkouts/RxSwift/Sources/RxCocoa/SharedSequence+Operators+arity.swift (in target 'RxCocoa' from project 'RxSwift')
cd /Users/admin/builder/spi-builder-workspace/.swiftpm/xcode
SwiftCompile normal arm64 /Users/admin/builder/spi-builder-workspace/.dependencies/checkouts/RxSwift/Sources/RxCocoa/SharedSequence+Operators.swift (in target 'RxCocoa' from project 'RxSwift')
cd /Users/admin/builder/spi-builder-workspace/.swiftpm/xcode
SwiftCompile normal arm64 /Users/admin/builder/spi-builder-workspace/.dependencies/checkouts/RxSwift/Sources/RxCocoa/SharedSequence.swift (in target 'RxCocoa' from project 'RxSwift')
cd /Users/admin/builder/spi-builder-workspace/.swiftpm/xcode
SwiftCompile normal arm64 /Users/admin/builder/spi-builder-workspace/.dependencies/checkouts/RxSwift/Sources/RxCocoa/Signal+Subscription.swift (in target 'RxCocoa' from project 'RxSwift')
cd /Users/admin/builder/spi-builder-workspace/.swiftpm/xcode
SwiftCompile normal arm64 Compiling\ Observable+Bind.swift,\ ObservableConvertibleType+Driver.swift,\ ObservableConvertibleType+SharedSequence.swift,\ ObservableConvertibleType+Signal.swift,\ PublishRelay+Signal.swift,\ RxCocoa.swift,\ RxCocoaObjCRuntimeError+Extensions.swift,\ RxCollectionViewDataSourcePrefetchingProxy.swift,\ RxCollectionViewDataSourceProxy.swift,\ RxCollectionViewDataSourceType.swift /Users/admin/builder/spi-builder-workspace/.dependencies/checkouts/RxSwift/Sources/RxCocoa/Observable+Bind.swift /Users/admin/builder/spi-builder-workspace/.dependencies/checkouts/RxSwift/Sources/RxCocoa/ObservableConvertibleType+Driver.swift /Users/admin/builder/spi-builder-workspace/.dependencies/checkouts/RxSwift/Sources/RxCocoa/ObservableConvertibleType+SharedSequence.swift /Users/admin/builder/spi-builder-workspace/.dependencies/checkouts/RxSwift/Sources/RxCocoa/ObservableConvertibleType+Signal.swift /Users/admin/builder/spi-builder-workspace/.dependencies/checkouts/RxSwift/Sources/RxCocoa/PublishRelay+Signal.swift /Users/admin/builder/spi-builder-workspace/.dependencies/checkouts/RxSwift/Sources/RxCocoa/RxCocoa.swift /Users/admin/builder/spi-builder-workspace/.dependencies/checkouts/RxSwift/Sources/RxCocoa/RxCocoaObjCRuntimeError+Extensions.swift /Users/admin/builder/spi-builder-workspace/.dependencies/checkouts/RxSwift/Sources/RxCocoa/RxCollectionViewDataSourcePrefetchingProxy.swift /Users/admin/builder/spi-builder-workspace/.dependencies/checkouts/RxSwift/Sources/RxCocoa/RxCollectionViewDataSourceProxy.swift /Users/admin/builder/spi-builder-workspace/.dependencies/checkouts/RxSwift/Sources/RxCocoa/RxCollectionViewDataSourceType.swift (in target 'RxCocoa' from project 'RxSwift')
SwiftCompile normal arm64 /Users/admin/builder/spi-builder-workspace/.dependencies/checkouts/RxSwift/Sources/RxCocoa/Observable+Bind.swift (in target 'RxCocoa' from project 'RxSwift')
cd /Users/admin/builder/spi-builder-workspace/.swiftpm/xcode
SwiftCompile normal arm64 /Users/admin/builder/spi-builder-workspace/.dependencies/checkouts/RxSwift/Sources/RxCocoa/ObservableConvertibleType+Driver.swift (in target 'RxCocoa' from project 'RxSwift')
cd /Users/admin/builder/spi-builder-workspace/.swiftpm/xcode
SwiftCompile normal arm64 /Users/admin/builder/spi-builder-workspace/.dependencies/checkouts/RxSwift/Sources/RxCocoa/ObservableConvertibleType+SharedSequence.swift (in target 'RxCocoa' from project 'RxSwift')
cd /Users/admin/builder/spi-builder-workspace/.swiftpm/xcode
SwiftCompile normal arm64 /Users/admin/builder/spi-builder-workspace/.dependencies/checkouts/RxSwift/Sources/RxCocoa/ObservableConvertibleType+Signal.swift (in target 'RxCocoa' from project 'RxSwift')
cd /Users/admin/builder/spi-builder-workspace/.swiftpm/xcode
SwiftCompile normal arm64 /Users/admin/builder/spi-builder-workspace/.dependencies/checkouts/RxSwift/Sources/RxCocoa/PublishRelay+Signal.swift (in target 'RxCocoa' from project 'RxSwift')
cd /Users/admin/builder/spi-builder-workspace/.swiftpm/xcode
SwiftCompile normal arm64 /Users/admin/builder/spi-builder-workspace/.dependencies/checkouts/RxSwift/Sources/RxCocoa/RxCocoa.swift (in target 'RxCocoa' from project 'RxSwift')
cd /Users/admin/builder/spi-builder-workspace/.swiftpm/xcode
SwiftCompile normal arm64 /Users/admin/builder/spi-builder-workspace/.dependencies/checkouts/RxSwift/Sources/RxCocoa/RxCocoaObjCRuntimeError+Extensions.swift (in target 'RxCocoa' from project 'RxSwift')
cd /Users/admin/builder/spi-builder-workspace/.swiftpm/xcode
SwiftCompile normal arm64 /Users/admin/builder/spi-builder-workspace/.dependencies/checkouts/RxSwift/Sources/RxCocoa/RxCollectionViewDataSourcePrefetchingProxy.swift (in target 'RxCocoa' from project 'RxSwift')
cd /Users/admin/builder/spi-builder-workspace/.swiftpm/xcode
SwiftCompile normal arm64 /Users/admin/builder/spi-builder-workspace/.dependencies/checkouts/RxSwift/Sources/RxCocoa/RxCollectionViewDataSourceProxy.swift (in target 'RxCocoa' from project 'RxSwift')
cd /Users/admin/builder/spi-builder-workspace/.swiftpm/xcode
SwiftCompile normal arm64 /Users/admin/builder/spi-builder-workspace/.dependencies/checkouts/RxSwift/Sources/RxCocoa/RxCollectionViewDataSourceType.swift (in target 'RxCocoa' from project 'RxSwift')
cd /Users/admin/builder/spi-builder-workspace/.swiftpm/xcode
SwiftCompile normal arm64 Compiling\ DispatchQueue+Extensions.swift,\ Driver+Subscription.swift,\ Driver.swift,\ Infallible+Bind.swift,\ Infallible+Driver.swift,\ ItemEvents.swift,\ KVORepresentable+CoreGraphics.swift,\ KVORepresentable+Swift.swift,\ KVORepresentable.swift,\ NSButton+Rx.swift /Users/admin/builder/spi-builder-workspace/.dependencies/checkouts/RxSwift/Sources/RxCocoa/DispatchQueue+Extensions.swift /Users/admin/builder/spi-builder-workspace/.dependencies/checkouts/RxSwift/Sources/RxCocoa/Driver+Subscription.swift /Users/admin/builder/spi-builder-workspace/.dependencies/checkouts/RxSwift/Sources/RxCocoa/Driver.swift /Users/admin/builder/spi-builder-workspace/.dependencies/checkouts/RxSwift/Sources/RxCocoa/Infallible+Bind.swift /Users/admin/builder/spi-builder-workspace/.dependencies/checkouts/RxSwift/Sources/RxCocoa/Infallible+Driver.swift /Users/admin/builder/spi-builder-workspace/.dependencies/checkouts/RxSwift/Sources/RxCocoa/ItemEvents.swift /Users/admin/builder/spi-builder-workspace/.dependencies/checkouts/RxSwift/Sources/RxCocoa/KVORepresentable+CoreGraphics.swift /Users/admin/builder/spi-builder-workspace/.dependencies/checkouts/RxSwift/Sources/RxCocoa/KVORepresentable+Swift.swift /Users/admin/builder/spi-builder-workspace/.dependencies/checkouts/RxSwift/Sources/RxCocoa/KVORepresentable.swift /Users/admin/builder/spi-builder-workspace/.dependencies/checkouts/RxSwift/Sources/RxCocoa/NSButton+Rx.swift (in target 'RxCocoa' from project 'RxSwift')
SwiftCompile normal arm64 /Users/admin/builder/spi-builder-workspace/.dependencies/checkouts/RxSwift/Sources/RxCocoa/DispatchQueue+Extensions.swift (in target 'RxCocoa' from project 'RxSwift')
cd /Users/admin/builder/spi-builder-workspace/.swiftpm/xcode
SwiftCompile normal arm64 /Users/admin/builder/spi-builder-workspace/.dependencies/checkouts/RxSwift/Sources/RxCocoa/Driver+Subscription.swift (in target 'RxCocoa' from project 'RxSwift')
cd /Users/admin/builder/spi-builder-workspace/.swiftpm/xcode
SwiftCompile normal arm64 /Users/admin/builder/spi-builder-workspace/.dependencies/checkouts/RxSwift/Sources/RxCocoa/Driver.swift (in target 'RxCocoa' from project 'RxSwift')
cd /Users/admin/builder/spi-builder-workspace/.swiftpm/xcode
SwiftCompile normal arm64 /Users/admin/builder/spi-builder-workspace/.dependencies/checkouts/RxSwift/Sources/RxCocoa/Infallible+Bind.swift (in target 'RxCocoa' from project 'RxSwift')
cd /Users/admin/builder/spi-builder-workspace/.swiftpm/xcode
SwiftCompile normal arm64 /Users/admin/builder/spi-builder-workspace/.dependencies/checkouts/RxSwift/Sources/RxCocoa/Infallible+Driver.swift (in target 'RxCocoa' from project 'RxSwift')
cd /Users/admin/builder/spi-builder-workspace/.swiftpm/xcode
SwiftCompile normal arm64 /Users/admin/builder/spi-builder-workspace/.dependencies/checkouts/RxSwift/Sources/RxCocoa/ItemEvents.swift (in target 'RxCocoa' from project 'RxSwift')
cd /Users/admin/builder/spi-builder-workspace/.swiftpm/xcode
SwiftCompile normal arm64 /Users/admin/builder/spi-builder-workspace/.dependencies/checkouts/RxSwift/Sources/RxCocoa/KVORepresentable+CoreGraphics.swift (in target 'RxCocoa' from project 'RxSwift')
cd /Users/admin/builder/spi-builder-workspace/.swiftpm/xcode
SwiftCompile normal arm64 /Users/admin/builder/spi-builder-workspace/.dependencies/checkouts/RxSwift/Sources/RxCocoa/KVORepresentable+Swift.swift (in target 'RxCocoa' from project 'RxSwift')
cd /Users/admin/builder/spi-builder-workspace/.swiftpm/xcode
SwiftCompile normal arm64 /Users/admin/builder/spi-builder-workspace/.dependencies/checkouts/RxSwift/Sources/RxCocoa/KVORepresentable.swift (in target 'RxCocoa' from project 'RxSwift')
cd /Users/admin/builder/spi-builder-workspace/.swiftpm/xcode
SwiftCompile normal arm64 /Users/admin/builder/spi-builder-workspace/.dependencies/checkouts/RxSwift/Sources/RxCocoa/NSButton+Rx.swift (in target 'RxCocoa' from project 'RxSwift')
cd /Users/admin/builder/spi-builder-workspace/.swiftpm/xcode
CompileC /Users/admin/builder/spi-builder-workspace/.derivedData/Build/Intermediates.noindex/RxSwift.build/Debug-appletvos/RxCocoaRuntime.build/Objects-normal/arm64/resource_bundle_accessor.o /Users/admin/builder/spi-builder-workspace/.derivedData/Build/Intermediates.noindex/RxSwift.build/Debug-appletvos/RxCocoaRuntime.build/DerivedSources/resource_bundle_accessor.m normal arm64 objective-c com.apple.compilers.llvm.clang.1_0.compiler (in target 'RxCocoaRuntime' from project 'RxSwift')
cd /Users/admin/builder/spi-builder-workspace/.swiftpm/xcode
Using response file: /Users/admin/builder/spi-builder-workspace/.derivedData/Build/Intermediates.noindex/RxSwift.build/Debug-appletvos/RxCocoaRuntime.build/Objects-normal/arm64/e6072d4f65d7061329687fe24e3d63a7-common-args.resp
/Applications/Xcode-26.5.0.app/Contents/Developer/Toolchains/XcodeDefault.xctoolchain/usr/bin/clang -x objective-c -ivfsstatcache /Users/admin/builder/spi-builder-workspace/.derivedData/SDKStatCaches.noindex/appletvos26.5-23L470-688ef53f1462e2c8f657fdc38a81448fa2efe9286588b677106490127979b81c.sdkstatcache -target arm64-apple-tvos12.0 -fmessage-length\=0 -fdiagnostics-show-note-include-stack -fmacro-backtrace-limit\=0 -fno-color-diagnostics -fmodules-prune-interval\=86400 -fmodules-prune-after\=345600 -fbuild-session-file\=/Users/admin/builder/spi-builder-workspace/.derivedData/ModuleCache.noindex/Session.modulevalidation -fmodules-validate-once-per-build-session -Wnon-modular-include-in-framework-module -Werror\=non-modular-include-in-framework-module -Wno-trigraphs -Wno-missing-field-initializers -Wno-missing-prototypes -Wno-return-type -Wno-implicit-atomic-properties -Wno-objc-interface-ivars -Wno-arc-repeated-use-of-weak -Wno-missing-braces -Wparentheses -Wswitch -Wno-unused-function -Wno-unused-label -Wno-unused-parameter -Wno-unused-variable -Wunused-value -Wno-empty-body -Wno-uninitialized -Wno-unknown-pragmas -w -Wno-shadow -Wno-four-char-constants -Wno-conversion -Wno-constant-conversion -Wno-int-conversion -Wno-bool-conversion -Wno-enum-conversion -Wno-float-conversion -Wno-non-literal-null-conversion -Wno-objc-literal-conversion -Wshorten-64-to-32 -Wpointer-sign -Wno-newline-eof -Wno-selector -Wno-strict-selector-match -Wno-undeclared-selector -Wno-deprecated-implementations -Wno-implicit-fallthrough -isysroot /Applications/Xcode-26.5.0.app/Contents/Developer/Platforms/AppleTVOS.platform/Developer/SDKs/AppleTVOS26.5.sdk -fstrict-aliasing -Wprotocol -Wdeprecated-declarations -Wno-sign-conversion -Wno-infinite-recursion -Wno-comma -Wno-block-capture-autoreleasing -Wno-strict-prototypes -Wno-semicolon-before-method-body -index-store-path /Users/admin/builder/spi-builder-workspace/.derivedData/Index.noindex/DataStore @/Users/admin/builder/spi-builder-workspace/.derivedData/Build/Intermediates.noindex/RxSwift.build/Debug-appletvos/RxCocoaRuntime.build/Objects-normal/arm64/e6072d4f65d7061329687fe24e3d63a7-common-args.resp -include /Users/admin/builder/spi-builder-workspace/.derivedData/Build/Intermediates.noindex/RxSwift.build/Debug-appletvos/RxCocoaRuntime.build/DerivedSources/resource_bundle_accessor.h -MMD -MT dependencies -MF /Users/admin/builder/spi-builder-workspace/.derivedData/Build/Intermediates.noindex/RxSwift.build/Debug-appletvos/RxCocoaRuntime.build/Objects-normal/arm64/resource_bundle_accessor.d --serialize-diagnostics /Users/admin/builder/spi-builder-workspace/.derivedData/Build/Intermediates.noindex/RxSwift.build/Debug-appletvos/RxCocoaRuntime.build/Objects-normal/arm64/resource_bundle_accessor.dia -c /Users/admin/builder/spi-builder-workspace/.derivedData/Build/Intermediates.noindex/RxSwift.build/Debug-appletvos/RxCocoaRuntime.build/DerivedSources/resource_bundle_accessor.m -o /Users/admin/builder/spi-builder-workspace/.derivedData/Build/Intermediates.noindex/RxSwift.build/Debug-appletvos/RxCocoaRuntime.build/Objects-normal/arm64/resource_bundle_accessor.o -index-unit-output-path /RxSwift.build/Debug-appletvos/RxCocoaRuntime.build/Objects-normal/arm64/resource_bundle_accessor.o
SwiftDriverJobDiscovery normal arm64 Compiling Take.swift, TakeLast.swift, TakeWithPredicate.swift, Throttle.swift, Timeout.swift, Timer.swift, ToArray.swift, Using.swift, VirtualTimeConverterType.swift, VirtualTimeScheduler.swift, Window.swift, WithLatestFrom.swift, WithUnretained.swift, Zip+Collection.swift, Zip+arity.swift, Zip.swift (in target 'RxSwift' from project 'RxSwift')
CompileC /Users/admin/builder/spi-builder-workspace/.derivedData/Build/Intermediates.noindex/RxSwift.build/Debug-appletvos/RxCocoaRuntime.build/Objects-normal/arm64/_RXObjCRuntime.o /Users/admin/builder/spi-builder-workspace/.dependencies/checkouts/RxSwift/Sources/RxCocoaRuntime/_RXObjCRuntime.m normal arm64 objective-c com.apple.compilers.llvm.clang.1_0.compiler (in target 'RxCocoaRuntime' from project 'RxSwift')
cd /Users/admin/builder/spi-builder-workspace/.swiftpm/xcode
Using response file: /Users/admin/builder/spi-builder-workspace/.derivedData/Build/Intermediates.noindex/RxSwift.build/Debug-appletvos/RxCocoaRuntime.build/Objects-normal/arm64/e6072d4f65d7061329687fe24e3d63a7-common-args.resp
/Applications/Xcode-26.5.0.app/Contents/Developer/Toolchains/XcodeDefault.xctoolchain/usr/bin/clang -x objective-c -ivfsstatcache /Users/admin/builder/spi-builder-workspace/.derivedData/SDKStatCaches.noindex/appletvos26.5-23L470-688ef53f1462e2c8f657fdc38a81448fa2efe9286588b677106490127979b81c.sdkstatcache -target arm64-apple-tvos12.0 -fmessage-length\=0 -fdiagnostics-show-note-include-stack -fmacro-backtrace-limit\=0 -fno-color-diagnostics -fmodules-prune-interval\=86400 -fmodules-prune-after\=345600 -fbuild-session-file\=/Users/admin/builder/spi-builder-workspace/.derivedData/ModuleCache.noindex/Session.modulevalidation -fmodules-validate-once-per-build-session -Wnon-modular-include-in-framework-module -Werror\=non-modular-include-in-framework-module -Wno-trigraphs -Wno-missing-field-initializers -Wno-missing-prototypes -Wno-return-type -Wno-implicit-atomic-properties -Wno-objc-interface-ivars -Wno-arc-repeated-use-of-weak -Wno-missing-braces -Wparentheses -Wswitch -Wno-unused-function -Wno-unused-label -Wno-unused-parameter -Wno-unused-variable -Wunused-value -Wno-empty-body -Wno-uninitialized -Wno-unknown-pragmas -w -Wno-shadow -Wno-four-char-constants -Wno-conversion -Wno-constant-conversion -Wno-int-conversion -Wno-bool-conversion -Wno-enum-conversion -Wno-float-conversion -Wno-non-literal-null-conversion -Wno-objc-literal-conversion -Wshorten-64-to-32 -Wpointer-sign -Wno-newline-eof -Wno-selector -Wno-strict-selector-match -Wno-undeclared-selector -Wno-deprecated-implementations -Wno-implicit-fallthrough -isysroot /Applications/Xcode-26.5.0.app/Contents/Developer/Platforms/AppleTVOS.platform/Developer/SDKs/AppleTVOS26.5.sdk -fstrict-aliasing -Wprotocol -Wdeprecated-declarations -Wno-sign-conversion -Wno-infinite-recursion -Wno-comma -Wno-block-capture-autoreleasing -Wno-strict-prototypes -Wno-semicolon-before-method-body -index-store-path /Users/admin/builder/spi-builder-workspace/.derivedData/Index.noindex/DataStore @/Users/admin/builder/spi-builder-workspace/.derivedData/Build/Intermediates.noindex/RxSwift.build/Debug-appletvos/RxCocoaRuntime.build/Objects-normal/arm64/e6072d4f65d7061329687fe24e3d63a7-common-args.resp -include /Users/admin/builder/spi-builder-workspace/.derivedData/Build/Intermediates.noindex/RxSwift.build/Debug-appletvos/RxCocoaRuntime.build/DerivedSources/resource_bundle_accessor.h -MMD -MT dependencies -MF /Users/admin/builder/spi-builder-workspace/.derivedData/Build/Intermediates.noindex/RxSwift.build/Debug-appletvos/RxCocoaRuntime.build/Objects-normal/arm64/_RXObjCRuntime.d --serialize-diagnostics /Users/admin/builder/spi-builder-workspace/.derivedData/Build/Intermediates.noindex/RxSwift.build/Debug-appletvos/RxCocoaRuntime.build/Objects-normal/arm64/_RXObjCRuntime.dia -c /Users/admin/builder/spi-builder-workspace/.dependencies/checkouts/RxSwift/Sources/RxCocoaRuntime/_RXObjCRuntime.m -o /Users/admin/builder/spi-builder-workspace/.derivedData/Build/Intermediates.noindex/RxSwift.build/Debug-appletvos/RxCocoaRuntime.build/Objects-normal/arm64/_RXObjCRuntime.o -index-unit-output-path /RxSwift.build/Debug-appletvos/RxCocoaRuntime.build/Objects-normal/arm64/_RXObjCRuntime.o
CompileC /Users/admin/builder/spi-builder-workspace/.derivedData/Build/Intermediates.noindex/RxSwift.build/Debug-appletvos/RxCocoaRuntime.build/Objects-normal/arm64/_RXKVOObserver.o /Users/admin/builder/spi-builder-workspace/.dependencies/checkouts/RxSwift/Sources/RxCocoaRuntime/_RXKVOObserver.m normal arm64 objective-c com.apple.compilers.llvm.clang.1_0.compiler (in target 'RxCocoaRuntime' from project 'RxSwift')
cd /Users/admin/builder/spi-builder-workspace/.swiftpm/xcode
Using response file: /Users/admin/builder/spi-builder-workspace/.derivedData/Build/Intermediates.noindex/RxSwift.build/Debug-appletvos/RxCocoaRuntime.build/Objects-normal/arm64/e6072d4f65d7061329687fe24e3d63a7-common-args.resp
/Applications/Xcode-26.5.0.app/Contents/Developer/Toolchains/XcodeDefault.xctoolchain/usr/bin/clang -x objective-c -ivfsstatcache /Users/admin/builder/spi-builder-workspace/.derivedData/SDKStatCaches.noindex/appletvos26.5-23L470-688ef53f1462e2c8f657fdc38a81448fa2efe9286588b677106490127979b81c.sdkstatcache -target arm64-apple-tvos12.0 -fmessage-length\=0 -fdiagnostics-show-note-include-stack -fmacro-backtrace-limit\=0 -fno-color-diagnostics -fmodules-prune-interval\=86400 -fmodules-prune-after\=345600 -fbuild-session-file\=/Users/admin/builder/spi-builder-workspace/.derivedData/ModuleCache.noindex/Session.modulevalidation -fmodules-validate-once-per-build-session -Wnon-modular-include-in-framework-module -Werror\=non-modular-include-in-framework-module -Wno-trigraphs -Wno-missing-field-initializers -Wno-missing-prototypes -Wno-return-type -Wno-implicit-atomic-properties -Wno-objc-interface-ivars -Wno-arc-repeated-use-of-weak -Wno-missing-braces -Wparentheses -Wswitch -Wno-unused-function -Wno-unused-label -Wno-unused-parameter -Wno-unused-variable -Wunused-value -Wno-empty-body -Wno-uninitialized -Wno-unknown-pragmas -w -Wno-shadow -Wno-four-char-constants -Wno-conversion -Wno-constant-conversion -Wno-int-conversion -Wno-bool-conversion -Wno-enum-conversion -Wno-float-conversion -Wno-non-literal-null-conversion -Wno-objc-literal-conversion -Wshorten-64-to-32 -Wpointer-sign -Wno-newline-eof -Wno-selector -Wno-strict-selector-match -Wno-undeclared-selector -Wno-deprecated-implementations -Wno-implicit-fallthrough -isysroot /Applications/Xcode-26.5.0.app/Contents/Developer/Platforms/AppleTVOS.platform/Developer/SDKs/AppleTVOS26.5.sdk -fstrict-aliasing -Wprotocol -Wdeprecated-declarations -Wno-sign-conversion -Wno-infinite-recursion -Wno-comma -Wno-block-capture-autoreleasing -Wno-strict-prototypes -Wno-semicolon-before-method-body -index-store-path /Users/admin/builder/spi-builder-workspace/.derivedData/Index.noindex/DataStore @/Users/admin/builder/spi-builder-workspace/.derivedData/Build/Intermediates.noindex/RxSwift.build/Debug-appletvos/RxCocoaRuntime.build/Objects-normal/arm64/e6072d4f65d7061329687fe24e3d63a7-common-args.resp -include /Users/admin/builder/spi-builder-workspace/.derivedData/Build/Intermediates.noindex/RxSwift.build/Debug-appletvos/RxCocoaRuntime.build/DerivedSources/resource_bundle_accessor.h -MMD -MT dependencies -MF /Users/admin/builder/spi-builder-workspace/.derivedData/Build/Intermediates.noindex/RxSwift.build/Debug-appletvos/RxCocoaRuntime.build/Objects-normal/arm64/_RXKVOObserver.d --serialize-diagnostics /Users/admin/builder/spi-builder-workspace/.derivedData/Build/Intermediates.noindex/RxSwift.build/Debug-appletvos/RxCocoaRuntime.build/Objects-normal/arm64/_RXKVOObserver.dia -c /Users/admin/builder/spi-builder-workspace/.dependencies/checkouts/RxSwift/Sources/RxCocoaRuntime/_RXKVOObserver.m -o /Users/admin/builder/spi-builder-workspace/.derivedData/Build/Intermediates.noindex/RxSwift.build/Debug-appletvos/RxCocoaRuntime.build/Objects-normal/arm64/_RXKVOObserver.o -index-unit-output-path /RxSwift.build/Debug-appletvos/RxCocoaRuntime.build/Objects-normal/arm64/_RXKVOObserver.o
SwiftDriverJobDiscovery normal arm64 Compiling UIKitExtension.swift (in target 'DifferenceKit' from project 'DifferenceKit')
CompileC /Users/admin/builder/spi-builder-workspace/.derivedData/Build/Intermediates.noindex/RxSwift.build/Debug-appletvos/RxCocoaRuntime.build/Objects-normal/arm64/_RXDelegateProxy.o /Users/admin/builder/spi-builder-workspace/.dependencies/checkouts/RxSwift/Sources/RxCocoaRuntime/_RXDelegateProxy.m normal arm64 objective-c com.apple.compilers.llvm.clang.1_0.compiler (in target 'RxCocoaRuntime' from project 'RxSwift')
cd /Users/admin/builder/spi-builder-workspace/.swiftpm/xcode
Using response file: /Users/admin/builder/spi-builder-workspace/.derivedData/Build/Intermediates.noindex/RxSwift.build/Debug-appletvos/RxCocoaRuntime.build/Objects-normal/arm64/e6072d4f65d7061329687fe24e3d63a7-common-args.resp
/Applications/Xcode-26.5.0.app/Contents/Developer/Toolchains/XcodeDefault.xctoolchain/usr/bin/clang -x objective-c -ivfsstatcache /Users/admin/builder/spi-builder-workspace/.derivedData/SDKStatCaches.noindex/appletvos26.5-23L470-688ef53f1462e2c8f657fdc38a81448fa2efe9286588b677106490127979b81c.sdkstatcache -target arm64-apple-tvos12.0 -fmessage-length\=0 -fdiagnostics-show-note-include-stack -fmacro-backtrace-limit\=0 -fno-color-diagnostics -fmodules-prune-interval\=86400 -fmodules-prune-after\=345600 -fbuild-session-file\=/Users/admin/builder/spi-builder-workspace/.derivedData/ModuleCache.noindex/Session.modulevalidation -fmodules-validate-once-per-build-session -Wnon-modular-include-in-framework-module -Werror\=non-modular-include-in-framework-module -Wno-trigraphs -Wno-missing-field-initializers -Wno-missing-prototypes -Wno-return-type -Wno-implicit-atomic-properties -Wno-objc-interface-ivars -Wno-arc-repeated-use-of-weak -Wno-missing-braces -Wparentheses -Wswitch -Wno-unused-function -Wno-unused-label -Wno-unused-parameter -Wno-unused-variable -Wunused-value -Wno-empty-body -Wno-uninitialized -Wno-unknown-pragmas -w -Wno-shadow -Wno-four-char-constants -Wno-conversion -Wno-constant-conversion -Wno-int-conversion -Wno-bool-conversion -Wno-enum-conversion -Wno-float-conversion -Wno-non-literal-null-conversion -Wno-objc-literal-conversion -Wshorten-64-to-32 -Wpointer-sign -Wno-newline-eof -Wno-selector -Wno-strict-selector-match -Wno-undeclared-selector -Wno-deprecated-implementations -Wno-implicit-fallthrough -isysroot /Applications/Xcode-26.5.0.app/Contents/Developer/Platforms/AppleTVOS.platform/Developer/SDKs/AppleTVOS26.5.sdk -fstrict-aliasing -Wprotocol -Wdeprecated-declarations -Wno-sign-conversion -Wno-infinite-recursion -Wno-comma -Wno-block-capture-autoreleasing -Wno-strict-prototypes -Wno-semicolon-before-method-body -index-store-path /Users/admin/builder/spi-builder-workspace/.derivedData/Index.noindex/DataStore @/Users/admin/builder/spi-builder-workspace/.derivedData/Build/Intermediates.noindex/RxSwift.build/Debug-appletvos/RxCocoaRuntime.build/Objects-normal/arm64/e6072d4f65d7061329687fe24e3d63a7-common-args.resp -include /Users/admin/builder/spi-builder-workspace/.derivedData/Build/Intermediates.noindex/RxSwift.build/Debug-appletvos/RxCocoaRuntime.build/DerivedSources/resource_bundle_accessor.h -MMD -MT dependencies -MF /Users/admin/builder/spi-builder-workspace/.derivedData/Build/Intermediates.noindex/RxSwift.build/Debug-appletvos/RxCocoaRuntime.build/Objects-normal/arm64/_RXDelegateProxy.d --serialize-diagnostics /Users/admin/builder/spi-builder-workspace/.derivedData/Build/Intermediates.noindex/RxSwift.build/Debug-appletvos/RxCocoaRuntime.build/Objects-normal/arm64/_RXDelegateProxy.dia -c /Users/admin/builder/spi-builder-workspace/.dependencies/checkouts/RxSwift/Sources/RxCocoaRuntime/_RXDelegateProxy.m -o /Users/admin/builder/spi-builder-workspace/.derivedData/Build/Intermediates.noindex/RxSwift.build/Debug-appletvos/RxCocoaRuntime.build/Objects-normal/arm64/_RXDelegateProxy.o -index-unit-output-path /RxSwift.build/Debug-appletvos/RxCocoaRuntime.build/Objects-normal/arm64/_RXDelegateProxy.o
CompileC /Users/admin/builder/spi-builder-workspace/.derivedData/Build/Intermediates.noindex/RxSwift.build/Debug-appletvos/RxCocoaRuntime.build/Objects-normal/arm64/_RX.o /Users/admin/builder/spi-builder-workspace/.dependencies/checkouts/RxSwift/Sources/RxCocoaRuntime/_RX.m normal arm64 objective-c com.apple.compilers.llvm.clang.1_0.compiler (in target 'RxCocoaRuntime' from project 'RxSwift')
cd /Users/admin/builder/spi-builder-workspace/.swiftpm/xcode
Using response file: /Users/admin/builder/spi-builder-workspace/.derivedData/Build/Intermediates.noindex/RxSwift.build/Debug-appletvos/RxCocoaRuntime.build/Objects-normal/arm64/e6072d4f65d7061329687fe24e3d63a7-common-args.resp
/Applications/Xcode-26.5.0.app/Contents/Developer/Toolchains/XcodeDefault.xctoolchain/usr/bin/clang -x objective-c -ivfsstatcache /Users/admin/builder/spi-builder-workspace/.derivedData/SDKStatCaches.noindex/appletvos26.5-23L470-688ef53f1462e2c8f657fdc38a81448fa2efe9286588b677106490127979b81c.sdkstatcache -target arm64-apple-tvos12.0 -fmessage-length\=0 -fdiagnostics-show-note-include-stack -fmacro-backtrace-limit\=0 -fno-color-diagnostics -fmodules-prune-interval\=86400 -fmodules-prune-after\=345600 -fbuild-session-file\=/Users/admin/builder/spi-builder-workspace/.derivedData/ModuleCache.noindex/Session.modulevalidation -fmodules-validate-once-per-build-session -Wnon-modular-include-in-framework-module -Werror\=non-modular-include-in-framework-module -Wno-trigraphs -Wno-missing-field-initializers -Wno-missing-prototypes -Wno-return-type -Wno-implicit-atomic-properties -Wno-objc-interface-ivars -Wno-arc-repeated-use-of-weak -Wno-missing-braces -Wparentheses -Wswitch -Wno-unused-function -Wno-unused-label -Wno-unused-parameter -Wno-unused-variable -Wunused-value -Wno-empty-body -Wno-uninitialized -Wno-unknown-pragmas -w -Wno-shadow -Wno-four-char-constants -Wno-conversion -Wno-constant-conversion -Wno-int-conversion -Wno-bool-conversion -Wno-enum-conversion -Wno-float-conversion -Wno-non-literal-null-conversion -Wno-objc-literal-conversion -Wshorten-64-to-32 -Wpointer-sign -Wno-newline-eof -Wno-selector -Wno-strict-selector-match -Wno-undeclared-selector -Wno-deprecated-implementations -Wno-implicit-fallthrough -isysroot /Applications/Xcode-26.5.0.app/Contents/Developer/Platforms/AppleTVOS.platform/Developer/SDKs/AppleTVOS26.5.sdk -fstrict-aliasing -Wprotocol -Wdeprecated-declarations -Wno-sign-conversion -Wno-infinite-recursion -Wno-comma -Wno-block-capture-autoreleasing -Wno-strict-prototypes -Wno-semicolon-before-method-body -index-store-path /Users/admin/builder/spi-builder-workspace/.derivedData/Index.noindex/DataStore @/Users/admin/builder/spi-builder-workspace/.derivedData/Build/Intermediates.noindex/RxSwift.build/Debug-appletvos/RxCocoaRuntime.build/Objects-normal/arm64/e6072d4f65d7061329687fe24e3d63a7-common-args.resp -include /Users/admin/builder/spi-builder-workspace/.derivedData/Build/Intermediates.noindex/RxSwift.build/Debug-appletvos/RxCocoaRuntime.build/DerivedSources/resource_bundle_accessor.h -MMD -MT dependencies -MF /Users/admin/builder/spi-builder-workspace/.derivedData/Build/Intermediates.noindex/RxSwift.build/Debug-appletvos/RxCocoaRuntime.build/Objects-normal/arm64/_RX.d --serialize-diagnostics /Users/admin/builder/spi-builder-workspace/.derivedData/Build/Intermediates.noindex/RxSwift.build/Debug-appletvos/RxCocoaRuntime.build/Objects-normal/arm64/_RX.dia -c /Users/admin/builder/spi-builder-workspace/.dependencies/checkouts/RxSwift/Sources/RxCocoaRuntime/_RX.m -o /Users/admin/builder/spi-builder-workspace/.derivedData/Build/Intermediates.noindex/RxSwift.build/Debug-appletvos/RxCocoaRuntime.build/Objects-normal/arm64/_RX.o -index-unit-output-path /RxSwift.build/Debug-appletvos/RxCocoaRuntime.build/Objects-normal/arm64/_RX.o
SwiftDriver\ Compilation RxSwift normal arm64 com.apple.xcode.tools.swift.compiler (in target 'RxSwift' from project 'RxSwift')
cd /Users/admin/builder/spi-builder-workspace/.swiftpm/xcode
builtin-Swift-Compilation -- /Applications/Xcode-26.5.0.app/Contents/Developer/Toolchains/XcodeDefault.xctoolchain/usr/bin/swiftc -module-name RxSwift -Onone @/Users/admin/builder/spi-builder-workspace/.derivedData/Build/Intermediates.noindex/RxSwift.build/Debug-appletvos/RxSwift.build/Objects-normal/arm64/RxSwift.SwiftFileList -DSWIFT_PACKAGE -DDEBUG -DSWIFT_MODULE_RESOURCE_BUNDLE_AVAILABLE -DXcode -plugin-path /Applications/Xcode-26.5.0.app/Contents/Developer/Toolchains/XcodeDefault.xctoolchain/usr/lib/swift/host/plugins/testing -enable-experimental-feature DebugDescriptionMacro -sdk /Applications/Xcode-26.5.0.app/Contents/Developer/Platforms/AppleTVOS.platform/Developer/SDKs/AppleTVOS26.5.sdk -target arm64-apple-tvos12.0 -g -module-cache-path /Users/admin/builder/spi-builder-workspace/.derivedData/ModuleCache.noindex -Xfrontend -serialize-debugging-options -profile-coverage-mapping -profile-generate -enable-testing -suppress-warnings -index-store-path /Users/admin/builder/spi-builder-workspace/.derivedData/Index.noindex/DataStore -Xcc -D_LIBCPP_HARDENING_MODE\=_LIBCPP_HARDENING_MODE_DEBUG -swift-version 5 -I /Users/admin/builder/spi-builder-workspace/.derivedData/Build/Products/Debug-appletvos -Isystem /Applications/Xcode-26.5.0.app/Contents/Developer/Platforms/AppleTVOS.platform/Developer/usr/lib -F /Users/admin/builder/spi-builder-workspace/.derivedData/Build/Products/Debug-appletvos -F /Applications/Xcode-26.5.0.app/Contents/Developer/Platforms/AppleTVOS.platform/Developer/Library/Frameworks -F /Applications/Xcode-26.5.0.app/Contents/Developer/Platforms/AppleTVOS.platform/Developer/SDKs/AppleTVOS26.5.sdk/Developer/Library/Frameworks -c -j10 -enable-batch-mode -incremental -Xcc -ivfsstatcache -Xcc /Users/admin/builder/spi-builder-workspace/.derivedData/SDKStatCaches.noindex/appletvos26.5-23L470-688ef53f1462e2c8f657fdc38a81448fa2efe9286588b677106490127979b81c.sdkstatcache -output-file-map /Users/admin/builder/spi-builder-workspace/.derivedData/Build/Intermediates.noindex/RxSwift.build/Debug-appletvos/RxSwift.build/Objects-normal/arm64/RxSwift-OutputFileMap.json -use-frontend-parseable-output -save-temps -no-color-diagnostics -explicit-module-build -module-cache-path /Users/admin/builder/spi-builder-workspace/.derivedData/Build/Intermediates.noindex/SwiftExplicitPrecompiledModules -clang-scanner-module-cache-path /Users/admin/builder/spi-builder-workspace/.derivedData/ModuleCache.noindex -sdk-module-cache-path /Users/admin/builder/spi-builder-workspace/.derivedData/ModuleCache.noindex -serialize-diagnostics -emit-dependencies -emit-module -emit-module-path /Users/admin/builder/spi-builder-workspace/.derivedData/Build/Intermediates.noindex/RxSwift.build/Debug-appletvos/RxSwift.build/Objects-normal/arm64/RxSwift.swiftmodule -validate-clang-modules-once -clang-build-session-file /Users/admin/builder/spi-builder-workspace/.derivedData/ModuleCache.noindex/Session.modulevalidation -package-name rxswift -Xcc -I/Users/admin/builder/spi-builder-workspace/.derivedData/Build/Intermediates.noindex/RxSwift.build/Debug-appletvos/RxSwift.build/swift-overrides.hmap -emit-const-values -Xfrontend -const-gather-protocols-file -Xfrontend /Users/admin/builder/spi-builder-workspace/.derivedData/Build/Intermediates.noindex/RxSwift.build/Debug-appletvos/RxSwift.build/Objects-normal/arm64/RxSwift_const_extract_protocols.json -Xcc -I/Users/admin/builder/spi-builder-workspace/.derivedData/Build/Products/Debug-appletvos/include -Xcc -I/Users/admin/builder/spi-builder-workspace/.derivedData/Build/Intermediates.noindex/RxSwift.build/Debug-appletvos/RxSwift.build/DerivedSources-normal/arm64 -Xcc -I/Users/admin/builder/spi-builder-workspace/.derivedData/Build/Intermediates.noindex/RxSwift.build/Debug-appletvos/RxSwift.build/DerivedSources/arm64 -Xcc -I/Users/admin/builder/spi-builder-workspace/.derivedData/Build/Intermediates.noindex/RxSwift.build/Debug-appletvos/RxSwift.build/DerivedSources -Xcc -DSWIFT_PACKAGE -Xcc -DDEBUG\=1 -emit-objc-header -emit-objc-header-path /Users/admin/builder/spi-builder-workspace/.derivedData/Build/Intermediates.noindex/RxSwift.build/Debug-appletvos/RxSwift.build/Objects-normal/arm64/RxSwift-Swift.h -working-directory /Users/admin/builder/spi-builder-workspace/.swiftpm/xcode -experimental-emit-module-separately -disable-cmo
SwiftCompile normal arm64 Compiling\ RxTabBarControllerDelegateProxy.swift,\ RxTabBarDelegateProxy.swift,\ RxTableViewDataSourcePrefetchingProxy.swift,\ RxTableViewDataSourceProxy.swift,\ RxTableViewDataSourceType.swift,\ RxTableViewDelegateProxy.swift,\ RxTableViewReactiveArrayDataSource.swift,\ RxTarget.swift,\ RxTextStorageDelegateProxy.swift /Users/admin/builder/spi-builder-workspace/.dependencies/checkouts/RxSwift/Sources/RxCocoa/RxTabBarControllerDelegateProxy.swift /Users/admin/builder/spi-builder-workspace/.dependencies/checkouts/RxSwift/Sources/RxCocoa/RxTabBarDelegateProxy.swift /Users/admin/builder/spi-builder-workspace/.dependencies/checkouts/RxSwift/Sources/RxCocoa/RxTableViewDataSourcePrefetchingProxy.swift /Users/admin/builder/spi-builder-workspace/.dependencies/checkouts/RxSwift/Sources/RxCocoa/RxTableViewDataSourceProxy.swift /Users/admin/builder/spi-builder-workspace/.dependencies/checkouts/RxSwift/Sources/RxCocoa/RxTableViewDataSourceType.swift /Users/admin/builder/spi-builder-workspace/.dependencies/checkouts/RxSwift/Sources/RxCocoa/RxTableViewDelegateProxy.swift /Users/admin/builder/spi-builder-workspace/.dependencies/checkouts/RxSwift/Sources/RxCocoa/RxTableViewReactiveArrayDataSource.swift /Users/admin/builder/spi-builder-workspace/.dependencies/checkouts/RxSwift/Sources/RxCocoa/RxTarget.swift /Users/admin/builder/spi-builder-workspace/.dependencies/checkouts/RxSwift/Sources/RxCocoa/RxTextStorageDelegateProxy.swift (in target 'RxCocoa' from project 'RxSwift')
SwiftCompile normal arm64 /Users/admin/builder/spi-builder-workspace/.dependencies/checkouts/RxSwift/Sources/RxCocoa/RxTabBarControllerDelegateProxy.swift (in target 'RxCocoa' from project 'RxSwift')
cd /Users/admin/builder/spi-builder-workspace/.swiftpm/xcode
SwiftCompile normal arm64 /Users/admin/builder/spi-builder-workspace/.dependencies/checkouts/RxSwift/Sources/RxCocoa/RxTabBarDelegateProxy.swift (in target 'RxCocoa' from project 'RxSwift')
cd /Users/admin/builder/spi-builder-workspace/.swiftpm/xcode
SwiftCompile normal arm64 /Users/admin/builder/spi-builder-workspace/.dependencies/checkouts/RxSwift/Sources/RxCocoa/RxTableViewDataSourcePrefetchingProxy.swift (in target 'RxCocoa' from project 'RxSwift')
cd /Users/admin/builder/spi-builder-workspace/.swiftpm/xcode
SwiftCompile normal arm64 /Users/admin/builder/spi-builder-workspace/.dependencies/checkouts/RxSwift/Sources/RxCocoa/RxTableViewDataSourceProxy.swift (in target 'RxCocoa' from project 'RxSwift')
cd /Users/admin/builder/spi-builder-workspace/.swiftpm/xcode
SwiftCompile normal arm64 /Users/admin/builder/spi-builder-workspace/.dependencies/checkouts/RxSwift/Sources/RxCocoa/RxTableViewDataSourceType.swift (in target 'RxCocoa' from project 'RxSwift')
cd /Users/admin/builder/spi-builder-workspace/.swiftpm/xcode
SwiftCompile normal arm64 /Users/admin/builder/spi-builder-workspace/.dependencies/checkouts/RxSwift/Sources/RxCocoa/RxTableViewDelegateProxy.swift (in target 'RxCocoa' from project 'RxSwift')
cd /Users/admin/builder/spi-builder-workspace/.swiftpm/xcode
SwiftCompile normal arm64 /Users/admin/builder/spi-builder-workspace/.dependencies/checkouts/RxSwift/Sources/RxCocoa/RxTableViewReactiveArrayDataSource.swift (in target 'RxCocoa' from project 'RxSwift')
cd /Users/admin/builder/spi-builder-workspace/.swiftpm/xcode
SwiftCompile normal arm64 /Users/admin/builder/spi-builder-workspace/.dependencies/checkouts/RxSwift/Sources/RxCocoa/RxTarget.swift (in target 'RxCocoa' from project 'RxSwift')
cd /Users/admin/builder/spi-builder-workspace/.swiftpm/xcode
SwiftCompile normal arm64 /Users/admin/builder/spi-builder-workspace/.dependencies/checkouts/RxSwift/Sources/RxCocoa/RxTextStorageDelegateProxy.swift (in target 'RxCocoa' from project 'RxSwift')
cd /Users/admin/builder/spi-builder-workspace/.swiftpm/xcode
Ld /Users/admin/builder/spi-builder-workspace/.derivedData/Build/Products/Debug-appletvos/RxSwift.o normal (in target 'RxSwift' from project 'RxSwift')
cd /Users/admin/builder/spi-builder-workspace/.dependencies/checkouts/RxSwift
/Applications/Xcode-26.5.0.app/Contents/Developer/Toolchains/XcodeDefault.xctoolchain/usr/bin/clang -Xlinker -reproducible -target arm64-apple-tvos12.0 -r -isysroot /Applications/Xcode-26.5.0.app/Contents/Developer/Platforms/AppleTVOS.platform/Developer/SDKs/AppleTVOS26.5.sdk -O0 -w -F/Users/admin/builder/spi-builder-workspace/.derivedData/Build/Intermediates.noindex/EagerLinkingTBDs/Debug-appletvos -F/Users/admin/builder/spi-builder-workspace/.derivedData/Build/Products/Debug-appletvos -iframework /Applications/Xcode-26.5.0.app/Contents/Developer/Platforms/AppleTVOS.platform/Developer/Library/Frameworks -iframework /Applications/Xcode-26.5.0.app/Contents/Developer/Platforms/AppleTVOS.platform/Developer/SDKs/AppleTVOS26.5.sdk/Developer/Library/Frameworks -filelist /Users/admin/builder/spi-builder-workspace/.derivedData/Build/Intermediates.noindex/RxSwift.build/Debug-appletvos/RxSwift.build/Objects-normal/arm64/RxSwift.LinkFileList -nostdlib -Xlinker -object_path_lto -Xlinker /Users/admin/builder/spi-builder-workspace/.derivedData/Build/Intermediates.noindex/RxSwift.build/Debug-appletvos/RxSwift.build/Objects-normal/arm64/RxSwift_lto.o -Xlinker -no_deduplicate -Xlinker -debug_variant -Xlinker -dependency_info -Xlinker /Users/admin/builder/spi-builder-workspace/.derivedData/Build/Intermediates.noindex/RxSwift.build/Debug-appletvos/RxSwift.build/Objects-normal/arm64/RxSwift_dependency_info.dat -fobjc-link-runtime -L/Applications/Xcode-26.5.0.app/Contents/Developer/Toolchains/XcodeDefault.xctoolchain/usr/lib/swift/appletvos -L/usr/lib/swift -Xlinker -add_ast_path -Xlinker /Users/admin/builder/spi-builder-workspace/.derivedData/Build/Intermediates.noindex/RxSwift.build/Debug-appletvos/RxSwift.build/Objects-normal/arm64/RxSwift.swiftmodule @/Users/admin/builder/spi-builder-workspace/.derivedData/Build/Intermediates.noindex/RxSwift.build/Debug-appletvos/RxSwift.build/Objects-normal/arm64/RxSwift-linker-args.resp -o /Users/admin/builder/spi-builder-workspace/.derivedData/Build/Products/Debug-appletvos/RxSwift.o
SwiftDriverJobDiscovery normal arm64 Compiling UIGestureRecognizer+Rx.swift, UINavigationController+Rx.swift, UIPickerView+Rx.swift, UIRefreshControl+Rx.swift, UIScrollView+Rx.swift, UISearchBar+Rx.swift, UISearchController+Rx.swift, UISegmentedControl+Rx.swift, UISlider+Rx.swift (in target 'RxCocoa' from project 'RxSwift')
SwiftCompile normal arm64 Compiling\ NSControl+Rx.swift,\ NSObject+Rx+KVORepresentable.swift,\ NSObject+Rx+RawRepresentable.swift,\ NSObject+Rx.swift,\ NSSlider+Rx.swift,\ NSTextField+Rx.swift,\ NSTextStorage+Rx.swift,\ NSTextView+Rx.swift,\ NSView+Rx.swift,\ NotificationCenter+Rx.swift /Users/admin/builder/spi-builder-workspace/.dependencies/checkouts/RxSwift/Sources/RxCocoa/NSControl+Rx.swift /Users/admin/builder/spi-builder-workspace/.dependencies/checkouts/RxSwift/Sources/RxCocoa/NSObject+Rx+KVORepresentable.swift /Users/admin/builder/spi-builder-workspace/.dependencies/checkouts/RxSwift/Sources/RxCocoa/NSObject+Rx+RawRepresentable.swift /Users/admin/builder/spi-builder-workspace/.dependencies/checkouts/RxSwift/Sources/RxCocoa/NSObject+Rx.swift /Users/admin/builder/spi-builder-workspace/.dependencies/checkouts/RxSwift/Sources/RxCocoa/NSSlider+Rx.swift /Users/admin/builder/spi-builder-workspace/.dependencies/checkouts/RxSwift/Sources/RxCocoa/NSTextField+Rx.swift /Users/admin/builder/spi-builder-workspace/.dependencies/checkouts/RxSwift/Sources/RxCocoa/NSTextStorage+Rx.swift /Users/admin/builder/spi-builder-workspace/.dependencies/checkouts/RxSwift/Sources/RxCocoa/NSTextView+Rx.swift /Users/admin/builder/spi-builder-workspace/.dependencies/checkouts/RxSwift/Sources/RxCocoa/NSView+Rx.swift /Users/admin/builder/spi-builder-workspace/.dependencies/checkouts/RxSwift/Sources/RxCocoa/NotificationCenter+Rx.swift (in target 'RxCocoa' from project 'RxSwift')
SwiftCompile normal arm64 /Users/admin/builder/spi-builder-workspace/.dependencies/checkouts/RxSwift/Sources/RxCocoa/NSControl+Rx.swift (in target 'RxCocoa' from project 'RxSwift')
cd /Users/admin/builder/spi-builder-workspace/.swiftpm/xcode
SwiftCompile normal arm64 /Users/admin/builder/spi-builder-workspace/.dependencies/checkouts/RxSwift/Sources/RxCocoa/NSObject+Rx+KVORepresentable.swift (in target 'RxCocoa' from project 'RxSwift')
cd /Users/admin/builder/spi-builder-workspace/.swiftpm/xcode
SwiftCompile normal arm64 /Users/admin/builder/spi-builder-workspace/.dependencies/checkouts/RxSwift/Sources/RxCocoa/NSObject+Rx+RawRepresentable.swift (in target 'RxCocoa' from project 'RxSwift')
cd /Users/admin/builder/spi-builder-workspace/.swiftpm/xcode
SwiftCompile normal arm64 /Users/admin/builder/spi-builder-workspace/.dependencies/checkouts/RxSwift/Sources/RxCocoa/NSObject+Rx.swift (in target 'RxCocoa' from project 'RxSwift')
cd /Users/admin/builder/spi-builder-workspace/.swiftpm/xcode
SwiftCompile normal arm64 /Users/admin/builder/spi-builder-workspace/.dependencies/checkouts/RxSwift/Sources/RxCocoa/NSSlider+Rx.swift (in target 'RxCocoa' from project 'RxSwift')
cd /Users/admin/builder/spi-builder-workspace/.swiftpm/xcode
SwiftCompile normal arm64 /Users/admin/builder/spi-builder-workspace/.dependencies/checkouts/RxSwift/Sources/RxCocoa/NSTextField+Rx.swift (in target 'RxCocoa' from project 'RxSwift')
cd /Users/admin/builder/spi-builder-workspace/.swiftpm/xcode
SwiftCompile normal arm64 /Users/admin/builder/spi-builder-workspace/.dependencies/checkouts/RxSwift/Sources/RxCocoa/NSTextStorage+Rx.swift (in target 'RxCocoa' from project 'RxSwift')
cd /Users/admin/builder/spi-builder-workspace/.swiftpm/xcode
SwiftCompile normal arm64 /Users/admin/builder/spi-builder-workspace/.dependencies/checkouts/RxSwift/Sources/RxCocoa/NSTextView+Rx.swift (in target 'RxCocoa' from project 'RxSwift')
cd /Users/admin/builder/spi-builder-workspace/.swiftpm/xcode
SwiftCompile normal arm64 /Users/admin/builder/spi-builder-workspace/.dependencies/checkouts/RxSwift/Sources/RxCocoa/NSView+Rx.swift (in target 'RxCocoa' from project 'RxSwift')
cd /Users/admin/builder/spi-builder-workspace/.swiftpm/xcode
SwiftCompile normal arm64 /Users/admin/builder/spi-builder-workspace/.dependencies/checkouts/RxSwift/Sources/RxCocoa/NotificationCenter+Rx.swift (in target 'RxCocoa' from project 'RxSwift')
cd /Users/admin/builder/spi-builder-workspace/.swiftpm/xcode
SwiftDriverJobDiscovery normal arm64 Emitting module for RxCocoa (in target 'RxCocoa' from project 'RxSwift')
SwiftDriver\ Compilation\ Requirements RxCocoa normal arm64 com.apple.xcode.tools.swift.compiler (in target 'RxCocoa' from project 'RxSwift')
cd /Users/admin/builder/spi-builder-workspace/.swiftpm/xcode
builtin-Swift-Compilation-Requirements -- /Applications/Xcode-26.5.0.app/Contents/Developer/Toolchains/XcodeDefault.xctoolchain/usr/bin/swiftc -module-name RxCocoa -Onone @/Users/admin/builder/spi-builder-workspace/.derivedData/Build/Intermediates.noindex/RxSwift.build/Debug-appletvos/RxCocoa.build/Objects-normal/arm64/RxCocoa.SwiftFileList -DSWIFT_PACKAGE -DDEBUG -DSWIFT_MODULE_RESOURCE_BUNDLE_AVAILABLE -Xcc -fmodule-map-file\=/Users/admin/builder/spi-builder-workspace/.derivedData/Build/Intermediates.noindex/GeneratedModuleMaps-appletvos/RxCocoaRuntime.modulemap -DXcode -plugin-path /Applications/Xcode-26.5.0.app/Contents/Developer/Toolchains/XcodeDefault.xctoolchain/usr/lib/swift/host/plugins/testing -enable-experimental-feature DebugDescriptionMacro -sdk /Applications/Xcode-26.5.0.app/Contents/Developer/Platforms/AppleTVOS.platform/Developer/SDKs/AppleTVOS26.5.sdk -target arm64-apple-tvos12.0 -g -module-cache-path /Users/admin/builder/spi-builder-workspace/.derivedData/ModuleCache.noindex -Xfrontend -serialize-debugging-options -profile-coverage-mapping -profile-generate -enable-testing -suppress-warnings -index-store-path /Users/admin/builder/spi-builder-workspace/.derivedData/Index.noindex/DataStore -Xcc -D_LIBCPP_HARDENING_MODE\=_LIBCPP_HARDENING_MODE_DEBUG -swift-version 5 -I /Users/admin/builder/spi-builder-workspace/.derivedData/Build/Products/Debug-appletvos -Isystem /Applications/Xcode-26.5.0.app/Contents/Developer/Platforms/AppleTVOS.platform/Developer/usr/lib -F /Users/admin/builder/spi-builder-workspace/.derivedData/Build/Products/Debug-appletvos/PackageFrameworks -F /Users/admin/builder/spi-builder-workspace/.derivedData/Build/Products/Debug-appletvos/PackageFrameworks -F /Users/admin/builder/spi-builder-workspace/.derivedData/Build/Products/Debug-appletvos/PackageFrameworks -F /Users/admin/builder/spi-builder-workspace/.derivedData/Build/Products/Debug-appletvos -F /Applications/Xcode-26.5.0.app/Contents/Developer/Platforms/AppleTVOS.platform/Developer/Library/Frameworks -F /Applications/Xcode-26.5.0.app/Contents/Developer/Platforms/AppleTVOS.platform/Developer/SDKs/AppleTVOS26.5.sdk/Developer/Library/Frameworks -c -j10 -enable-batch-mode -incremental -Xcc -ivfsstatcache -Xcc /Users/admin/builder/spi-builder-workspace/.derivedData/SDKStatCaches.noindex/appletvos26.5-23L470-688ef53f1462e2c8f657fdc38a81448fa2efe9286588b677106490127979b81c.sdkstatcache -output-file-map /Users/admin/builder/spi-builder-workspace/.derivedData/Build/Intermediates.noindex/RxSwift.build/Debug-appletvos/RxCocoa.build/Objects-normal/arm64/RxCocoa-OutputFileMap.json -use-frontend-parseable-output -save-temps -no-color-diagnostics -explicit-module-build -module-cache-path /Users/admin/builder/spi-builder-workspace/.derivedData/Build/Intermediates.noindex/SwiftExplicitPrecompiledModules -clang-scanner-module-cache-path /Users/admin/builder/spi-builder-workspace/.derivedData/ModuleCache.noindex -sdk-module-cache-path /Users/admin/builder/spi-builder-workspace/.derivedData/ModuleCache.noindex -serialize-diagnostics -emit-dependencies -emit-module -emit-module-path /Users/admin/builder/spi-builder-workspace/.derivedData/Build/Intermediates.noindex/RxSwift.build/Debug-appletvos/RxCocoa.build/Objects-normal/arm64/RxCocoa.swiftmodule -validate-clang-modules-once -clang-build-session-file /Users/admin/builder/spi-builder-workspace/.derivedData/ModuleCache.noindex/Session.modulevalidation -package-name rxswift -Xcc -I/Users/admin/builder/spi-builder-workspace/.derivedData/Build/Intermediates.noindex/RxSwift.build/Debug-appletvos/RxCocoa.build/swift-overrides.hmap -emit-const-values -Xfrontend -const-gather-protocols-file -Xfrontend /Users/admin/builder/spi-builder-workspace/.derivedData/Build/Intermediates.noindex/RxSwift.build/Debug-appletvos/RxCocoa.build/Objects-normal/arm64/RxCocoa_const_extract_protocols.json -Xcc -I/Users/admin/builder/spi-builder-workspace/.dependencies/checkouts/RxSwift/Sources/RxCocoaRuntime/include -Xcc -I/Users/admin/builder/spi-builder-workspace/.derivedData/Build/Products/Debug-appletvos/include -Xcc -I/Users/admin/builder/spi-builder-workspace/.derivedData/Build/Intermediates.noindex/RxSwift.build/Debug-appletvos/RxCocoa.build/DerivedSources-normal/arm64 -Xcc -I/Users/admin/builder/spi-builder-workspace/.derivedData/Build/Intermediates.noindex/RxSwift.build/Debug-appletvos/RxCocoa.build/DerivedSources/arm64 -Xcc -I/Users/admin/builder/spi-builder-workspace/.derivedData/Build/Intermediates.noindex/RxSwift.build/Debug-appletvos/RxCocoa.build/DerivedSources -Xcc -DSWIFT_PACKAGE -Xcc -DDEBUG\=1 -emit-objc-header -emit-objc-header-path /Users/admin/builder/spi-builder-workspace/.derivedData/Build/Intermediates.noindex/RxSwift.build/Debug-appletvos/RxCocoa.build/Objects-normal/arm64/RxCocoa-Swift.h -working-directory /Users/admin/builder/spi-builder-workspace/.swiftpm/xcode -experimental-emit-module-separately -disable-cmo
SwiftDriverJobDiscovery normal arm64 Compiling RxCollectionViewDelegateProxy.swift, RxCollectionViewReactiveArrayDataSource.swift, RxNavigationControllerDelegateProxy.swift, RxPickerViewAdapter.swift, RxPickerViewDataSourceProxy.swift, RxPickerViewDataSourceType.swift, RxPickerViewDelegateProxy.swift, RxScrollViewDelegateProxy.swift, RxSearchBarDelegateProxy.swift, RxSearchControllerDelegateProxy.swift (in target 'RxCocoa' from project 'RxSwift')
SwiftCompile normal arm64 Compiling\ resource_bundle_accessor.swift,\ BehaviorRelay+Driver.swift,\ ControlEvent+Driver.swift,\ ControlEvent+Signal.swift,\ ControlEvent.swift,\ ControlProperty+Driver.swift,\ ControlProperty.swift,\ ControlTarget.swift,\ DelegateProxy.swift,\ DelegateProxyType.swift /Users/admin/builder/spi-builder-workspace/.derivedData/Build/Intermediates.noindex/RxSwift.build/Debug-appletvos/RxCocoa.build/DerivedSources/resource_bundle_accessor.swift /Users/admin/builder/spi-builder-workspace/.dependencies/checkouts/RxSwift/Sources/RxCocoa/BehaviorRelay+Driver.swift /Users/admin/builder/spi-builder-workspace/.dependencies/checkouts/RxSwift/Sources/RxCocoa/ControlEvent+Driver.swift /Users/admin/builder/spi-builder-workspace/.dependencies/checkouts/RxSwift/Sources/RxCocoa/ControlEvent+Signal.swift /Users/admin/builder/spi-builder-workspace/.dependencies/checkouts/RxSwift/Sources/RxCocoa/ControlEvent.swift /Users/admin/builder/spi-builder-workspace/.dependencies/checkouts/RxSwift/Sources/RxCocoa/ControlProperty+Driver.swift /Users/admin/builder/spi-builder-workspace/.dependencies/checkouts/RxSwift/Sources/RxCocoa/ControlProperty.swift /Users/admin/builder/spi-builder-workspace/.dependencies/checkouts/RxSwift/Sources/RxCocoa/ControlTarget.swift /Users/admin/builder/spi-builder-workspace/.dependencies/checkouts/RxSwift/Sources/RxCocoa/DelegateProxy.swift /Users/admin/builder/spi-builder-workspace/.dependencies/checkouts/RxSwift/Sources/RxCocoa/DelegateProxyType.swift (in target 'RxCocoa' from project 'RxSwift')
SwiftCompile normal arm64 /Users/admin/builder/spi-builder-workspace/.derivedData/Build/Intermediates.noindex/RxSwift.build/Debug-appletvos/RxCocoa.build/DerivedSources/resource_bundle_accessor.swift (in target 'RxCocoa' from project 'RxSwift')
cd /Users/admin/builder/spi-builder-workspace/.swiftpm/xcode
SwiftCompile normal arm64 /Users/admin/builder/spi-builder-workspace/.dependencies/checkouts/RxSwift/Sources/RxCocoa/BehaviorRelay+Driver.swift (in target 'RxCocoa' from project 'RxSwift')
cd /Users/admin/builder/spi-builder-workspace/.swiftpm/xcode
SwiftCompile normal arm64 /Users/admin/builder/spi-builder-workspace/.dependencies/checkouts/RxSwift/Sources/RxCocoa/ControlEvent+Driver.swift (in target 'RxCocoa' from project 'RxSwift')
cd /Users/admin/builder/spi-builder-workspace/.swiftpm/xcode
SwiftCompile normal arm64 /Users/admin/builder/spi-builder-workspace/.dependencies/checkouts/RxSwift/Sources/RxCocoa/ControlEvent+Signal.swift (in target 'RxCocoa' from project 'RxSwift')
cd /Users/admin/builder/spi-builder-workspace/.swiftpm/xcode
SwiftCompile normal arm64 /Users/admin/builder/spi-builder-workspace/.dependencies/checkouts/RxSwift/Sources/RxCocoa/ControlEvent.swift (in target 'RxCocoa' from project 'RxSwift')
cd /Users/admin/builder/spi-builder-workspace/.swiftpm/xcode
SwiftCompile normal arm64 /Users/admin/builder/spi-builder-workspace/.dependencies/checkouts/RxSwift/Sources/RxCocoa/ControlProperty+Driver.swift (in target 'RxCocoa' from project 'RxSwift')
cd /Users/admin/builder/spi-builder-workspace/.swiftpm/xcode
SwiftCompile normal arm64 /Users/admin/builder/spi-builder-workspace/.dependencies/checkouts/RxSwift/Sources/RxCocoa/ControlProperty.swift (in target 'RxCocoa' from project 'RxSwift')
cd /Users/admin/builder/spi-builder-workspace/.swiftpm/xcode
SwiftCompile normal arm64 /Users/admin/builder/spi-builder-workspace/.dependencies/checkouts/RxSwift/Sources/RxCocoa/ControlTarget.swift (in target 'RxCocoa' from project 'RxSwift')
cd /Users/admin/builder/spi-builder-workspace/.swiftpm/xcode
SwiftCompile normal arm64 /Users/admin/builder/spi-builder-workspace/.dependencies/checkouts/RxSwift/Sources/RxCocoa/DelegateProxy.swift (in target 'RxCocoa' from project 'RxSwift')
cd /Users/admin/builder/spi-builder-workspace/.swiftpm/xcode
SwiftCompile normal arm64 /Users/admin/builder/spi-builder-workspace/.dependencies/checkouts/RxSwift/Sources/RxCocoa/DelegateProxyType.swift (in target 'RxCocoa' from project 'RxSwift')
cd /Users/admin/builder/spi-builder-workspace/.swiftpm/xcode
SwiftMergeGeneratedHeaders /Users/admin/builder/spi-builder-workspace/.derivedData/Build/Intermediates.noindex/GeneratedModuleMaps-appletvos/RxCocoa-Swift.h /Users/admin/builder/spi-builder-workspace/.derivedData/Build/Intermediates.noindex/RxSwift.build/Debug-appletvos/RxCocoa.build/Objects-normal/arm64/RxCocoa-Swift.h (in target 'RxCocoa' from project 'RxSwift')
cd /Users/admin/builder/spi-builder-workspace/.dependencies/checkouts/RxSwift
builtin-swiftHeaderTool -arch arm64 /Users/admin/builder/spi-builder-workspace/.derivedData/Build/Intermediates.noindex/RxSwift.build/Debug-appletvos/RxCocoa.build/Objects-normal/arm64/RxCocoa-Swift.h -o /Users/admin/builder/spi-builder-workspace/.derivedData/Build/Intermediates.noindex/GeneratedModuleMaps-appletvos/RxCocoa-Swift.h
Copy /Users/admin/builder/spi-builder-workspace/.derivedData/Build/Products/Debug-appletvos/RxCocoa.swiftmodule/arm64-apple-tvos.swiftmodule /Users/admin/builder/spi-builder-workspace/.derivedData/Build/Intermediates.noindex/RxSwift.build/Debug-appletvos/RxCocoa.build/Objects-normal/arm64/RxCocoa.swiftmodule (in target 'RxCocoa' from project 'RxSwift')
cd /Users/admin/builder/spi-builder-workspace/.dependencies/checkouts/RxSwift
builtin-copy -exclude .DS_Store -exclude CVS -exclude .svn -exclude .git -exclude .hg -resolve-src-symlinks -rename /Users/admin/builder/spi-builder-workspace/.derivedData/Build/Intermediates.noindex/RxSwift.build/Debug-appletvos/RxCocoa.build/Objects-normal/arm64/RxCocoa.swiftmodule /Users/admin/builder/spi-builder-workspace/.derivedData/Build/Products/Debug-appletvos/RxCocoa.swiftmodule/arm64-apple-tvos.swiftmodule
Copy /Users/admin/builder/spi-builder-workspace/.derivedData/Build/Products/Debug-appletvos/RxCocoa.swiftmodule/arm64-apple-tvos.swiftdoc /Users/admin/builder/spi-builder-workspace/.derivedData/Build/Intermediates.noindex/RxSwift.build/Debug-appletvos/RxCocoa.build/Objects-normal/arm64/RxCocoa.swiftdoc (in target 'RxCocoa' from project 'RxSwift')
cd /Users/admin/builder/spi-builder-workspace/.dependencies/checkouts/RxSwift
builtin-copy -exclude .DS_Store -exclude CVS -exclude .svn -exclude .git -exclude .hg -resolve-src-symlinks -rename /Users/admin/builder/spi-builder-workspace/.derivedData/Build/Intermediates.noindex/RxSwift.build/Debug-appletvos/RxCocoa.build/Objects-normal/arm64/RxCocoa.swiftdoc /Users/admin/builder/spi-builder-workspace/.derivedData/Build/Products/Debug-appletvos/RxCocoa.swiftmodule/arm64-apple-tvos.swiftdoc
Copy /Users/admin/builder/spi-builder-workspace/.derivedData/Build/Products/Debug-appletvos/RxCocoa.swiftmodule/arm64-apple-tvos.abi.json /Users/admin/builder/spi-builder-workspace/.derivedData/Build/Intermediates.noindex/RxSwift.build/Debug-appletvos/RxCocoa.build/Objects-normal/arm64/RxCocoa.abi.json (in target 'RxCocoa' from project 'RxSwift')
cd /Users/admin/builder/spi-builder-workspace/.dependencies/checkouts/RxSwift
builtin-copy -exclude .DS_Store -exclude CVS -exclude .svn -exclude .git -exclude .hg -resolve-src-symlinks -rename /Users/admin/builder/spi-builder-workspace/.derivedData/Build/Intermediates.noindex/RxSwift.build/Debug-appletvos/RxCocoa.build/Objects-normal/arm64/RxCocoa.abi.json /Users/admin/builder/spi-builder-workspace/.derivedData/Build/Products/Debug-appletvos/RxCocoa.swiftmodule/arm64-apple-tvos.abi.json
Copy /Users/admin/builder/spi-builder-workspace/.derivedData/Build/Products/Debug-appletvos/RxCocoa.swiftmodule/Project/arm64-apple-tvos.swiftsourceinfo /Users/admin/builder/spi-builder-workspace/.derivedData/Build/Intermediates.noindex/RxSwift.build/Debug-appletvos/RxCocoa.build/Objects-normal/arm64/RxCocoa.swiftsourceinfo (in target 'RxCocoa' from project 'RxSwift')
cd /Users/admin/builder/spi-builder-workspace/.dependencies/checkouts/RxSwift
builtin-copy -exclude .DS_Store -exclude CVS -exclude .svn -exclude .git -exclude .hg -resolve-src-symlinks -rename /Users/admin/builder/spi-builder-workspace/.derivedData/Build/Intermediates.noindex/RxSwift.build/Debug-appletvos/RxCocoa.build/Objects-normal/arm64/RxCocoa.swiftsourceinfo /Users/admin/builder/spi-builder-workspace/.derivedData/Build/Products/Debug-appletvos/RxCocoa.swiftmodule/Project/arm64-apple-tvos.swiftsourceinfo
SwiftDriverJobDiscovery normal arm64 Compiling Signal.swift, TextInput.swift, UIActivityIndicatorView+Rx.swift, UIApplication+Rx.swift, UIBarButtonItem+Rx.swift, UIButton+Rx.swift, UICollectionView+Rx.swift, UIControl+Rx.swift, UIDatePicker+Rx.swift (in target 'RxCocoa' from project 'RxSwift')
SwiftDriver\ Compilation DifferenceKit normal arm64 com.apple.xcode.tools.swift.compiler (in target 'DifferenceKit' from project 'DifferenceKit')
cd /Users/admin/builder/spi-builder-workspace/.swiftpm/xcode
builtin-Swift-Compilation -- /Applications/Xcode-26.5.0.app/Contents/Developer/Toolchains/XcodeDefault.xctoolchain/usr/bin/swiftc -module-name DifferenceKit -Onone @/Users/admin/builder/spi-builder-workspace/.derivedData/Build/Intermediates.noindex/DifferenceKit.build/Debug-appletvos/DifferenceKit.build/Objects-normal/arm64/DifferenceKit.SwiftFileList -DSWIFT_PACKAGE -DDEBUG -DSWIFT_MODULE_RESOURCE_BUNDLE_UNAVAILABLE -DXcode -plugin-path /Applications/Xcode-26.5.0.app/Contents/Developer/Toolchains/XcodeDefault.xctoolchain/usr/lib/swift/host/plugins/testing -enable-experimental-feature DebugDescriptionMacro -sdk /Applications/Xcode-26.5.0.app/Contents/Developer/Platforms/AppleTVOS.platform/Developer/SDKs/AppleTVOS26.5.sdk -target arm64-apple-tvos12.0 -g -module-cache-path /Users/admin/builder/spi-builder-workspace/.derivedData/ModuleCache.noindex -Xfrontend -serialize-debugging-options -profile-coverage-mapping -profile-generate -enable-testing -suppress-warnings -index-store-path /Users/admin/builder/spi-builder-workspace/.derivedData/Index.noindex/DataStore -Xcc -D_LIBCPP_HARDENING_MODE\=_LIBCPP_HARDENING_MODE_DEBUG -swift-version 5 -I /Users/admin/builder/spi-builder-workspace/.derivedData/Build/Products/Debug-appletvos -Isystem /Applications/Xcode-26.5.0.app/Contents/Developer/Platforms/AppleTVOS.platform/Developer/usr/lib -F /Users/admin/builder/spi-builder-workspace/.derivedData/Build/Products/Debug-appletvos -F /Applications/Xcode-26.5.0.app/Contents/Developer/Platforms/AppleTVOS.platform/Developer/Library/Frameworks -F /Applications/Xcode-26.5.0.app/Contents/Developer/Platforms/AppleTVOS.platform/Developer/SDKs/AppleTVOS26.5.sdk/Developer/Library/Frameworks -c -j10 -enable-batch-mode -incremental -Xcc -ivfsstatcache -Xcc /Users/admin/builder/spi-builder-workspace/.derivedData/SDKStatCaches.noindex/appletvos26.5-23L470-688ef53f1462e2c8f657fdc38a81448fa2efe9286588b677106490127979b81c.sdkstatcache -output-file-map /Users/admin/builder/spi-builder-workspace/.derivedData/Build/Intermediates.noindex/DifferenceKit.build/Debug-appletvos/DifferenceKit.build/Objects-normal/arm64/DifferenceKit-OutputFileMap.json -use-frontend-parseable-output -save-temps -no-color-diagnostics -explicit-module-build -module-cache-path /Users/admin/builder/spi-builder-workspace/.derivedData/Build/Intermediates.noindex/SwiftExplicitPrecompiledModules -clang-scanner-module-cache-path /Users/admin/builder/spi-builder-workspace/.derivedData/ModuleCache.noindex -sdk-module-cache-path /Users/admin/builder/spi-builder-workspace/.derivedData/ModuleCache.noindex -serialize-diagnostics -emit-dependencies -emit-module -emit-module-path /Users/admin/builder/spi-builder-workspace/.derivedData/Build/Intermediates.noindex/DifferenceKit.build/Debug-appletvos/DifferenceKit.build/Objects-normal/arm64/DifferenceKit.swiftmodule -validate-clang-modules-once -clang-build-session-file /Users/admin/builder/spi-builder-workspace/.derivedData/ModuleCache.noindex/Session.modulevalidation -Xcc -I/Users/admin/builder/spi-builder-workspace/.derivedData/Build/Intermediates.noindex/DifferenceKit.build/Debug-appletvos/DifferenceKit.build/swift-overrides.hmap -emit-const-values -Xfrontend -const-gather-protocols-file -Xfrontend /Users/admin/builder/spi-builder-workspace/.derivedData/Build/Intermediates.noindex/DifferenceKit.build/Debug-appletvos/DifferenceKit.build/Objects-normal/arm64/DifferenceKit_const_extract_protocols.json -Xcc -I/Users/admin/builder/spi-builder-workspace/.derivedData/Build/Products/Debug-appletvos/include -Xcc -I/Users/admin/builder/spi-builder-workspace/.derivedData/Build/Intermediates.noindex/DifferenceKit.build/Debug-appletvos/DifferenceKit.build/DerivedSources-normal/arm64 -Xcc -I/Users/admin/builder/spi-builder-workspace/.derivedData/Build/Intermediates.noindex/DifferenceKit.build/Debug-appletvos/DifferenceKit.build/DerivedSources/arm64 -Xcc -I/Users/admin/builder/spi-builder-workspace/.derivedData/Build/Intermediates.noindex/DifferenceKit.build/Debug-appletvos/DifferenceKit.build/DerivedSources -Xcc -DSWIFT_PACKAGE -Xcc -DDEBUG\=1 -emit-objc-header -emit-objc-header-path /Users/admin/builder/spi-builder-workspace/.derivedData/Build/Intermediates.noindex/DifferenceKit.build/Debug-appletvos/DifferenceKit.build/Objects-normal/arm64/DifferenceKit-Swift.h -working-directory /Users/admin/builder/spi-builder-workspace/.swiftpm/xcode -experimental-emit-module-separately -disable-cmo
Ld /Users/admin/builder/spi-builder-workspace/.derivedData/Build/Products/Debug-appletvos/DifferenceKit.o normal (in target 'DifferenceKit' from project 'DifferenceKit')
cd /Users/admin/builder/spi-builder-workspace/.dependencies/checkouts/DifferenceKit
/Applications/Xcode-26.5.0.app/Contents/Developer/Toolchains/XcodeDefault.xctoolchain/usr/bin/clang -Xlinker -reproducible -target arm64-apple-tvos12.0 -r -isysroot /Applications/Xcode-26.5.0.app/Contents/Developer/Platforms/AppleTVOS.platform/Developer/SDKs/AppleTVOS26.5.sdk -O0 -w -F/Users/admin/builder/spi-builder-workspace/.derivedData/Build/Intermediates.noindex/EagerLinkingTBDs/Debug-appletvos -F/Users/admin/builder/spi-builder-workspace/.derivedData/Build/Products/Debug-appletvos -iframework /Applications/Xcode-26.5.0.app/Contents/Developer/Platforms/AppleTVOS.platform/Developer/Library/Frameworks -iframework /Applications/Xcode-26.5.0.app/Contents/Developer/Platforms/AppleTVOS.platform/Developer/SDKs/AppleTVOS26.5.sdk/Developer/Library/Frameworks -filelist /Users/admin/builder/spi-builder-workspace/.derivedData/Build/Intermediates.noindex/DifferenceKit.build/Debug-appletvos/DifferenceKit.build/Objects-normal/arm64/DifferenceKit.LinkFileList -nostdlib -Xlinker -object_path_lto -Xlinker /Users/admin/builder/spi-builder-workspace/.derivedData/Build/Intermediates.noindex/DifferenceKit.build/Debug-appletvos/DifferenceKit.build/Objects-normal/arm64/DifferenceKit_lto.o -Xlinker -no_deduplicate -Xlinker -debug_variant -Xlinker -dependency_info -Xlinker /Users/admin/builder/spi-builder-workspace/.derivedData/Build/Intermediates.noindex/DifferenceKit.build/Debug-appletvos/DifferenceKit.build/Objects-normal/arm64/DifferenceKit_dependency_info.dat -fobjc-link-runtime -L/Applications/Xcode-26.5.0.app/Contents/Developer/Toolchains/XcodeDefault.xctoolchain/usr/lib/swift/appletvos -L/usr/lib/swift -Xlinker -add_ast_path -Xlinker /Users/admin/builder/spi-builder-workspace/.derivedData/Build/Intermediates.noindex/DifferenceKit.build/Debug-appletvos/DifferenceKit.build/Objects-normal/arm64/DifferenceKit.swiftmodule @/Users/admin/builder/spi-builder-workspace/.derivedData/Build/Intermediates.noindex/DifferenceKit.build/Debug-appletvos/DifferenceKit.build/Objects-normal/arm64/DifferenceKit-linker-args.resp -o /Users/admin/builder/spi-builder-workspace/.derivedData/Build/Products/Debug-appletvos/DifferenceKit.o
ExtractAppIntentsMetadata (in target 'RxSwift' from project 'RxSwift')
cd /Users/admin/builder/spi-builder-workspace/.dependencies/checkouts/RxSwift
/Applications/Xcode-26.5.0.app/Contents/Developer/Toolchains/XcodeDefault.xctoolchain/usr/bin/appintentsmetadataprocessor --toolchain-dir /var/run/com.apple.security.cryptexd/mnt/com.apple.MobileAsset.MetalToolchain-v17.6.42.0.pZjybf/Metal.xctoolchain --module-name RxSwift --sdk-root /Applications/Xcode-26.5.0.app/Contents/Developer/Platforms/AppleTVOS.platform/Developer/SDKs/AppleTVOS26.5.sdk --xcode-version 17F42 --platform-family tvOS --deployment-target 12.0 --bundle-identifier rxswift.RxSwift --output /Users/admin/builder/spi-builder-workspace/.derivedData/Build/Products/Debug-appletvos/RxSwift.appintents --target-triple arm64-apple-tvos12.0 --binary-file /Users/admin/builder/spi-builder-workspace/.derivedData/Build/Products/Debug-appletvos/RxSwift.o --dependency-file /Users/admin/builder/spi-builder-workspace/.derivedData/Build/Intermediates.noindex/RxSwift.build/Debug-appletvos/RxSwift.build/Objects-normal/arm64/RxSwift_dependency_info.dat --stringsdata-file /Users/admin/builder/spi-builder-workspace/.derivedData/Build/Intermediates.noindex/RxSwift.build/Debug-appletvos/RxSwift.build/Objects-normal/arm64/ExtractedAppShortcutsMetadata.stringsdata --source-file-list /Users/admin/builder/spi-builder-workspace/.derivedData/Build/Intermediates.noindex/RxSwift.build/Debug-appletvos/RxSwift.build/Objects-normal/arm64/RxSwift.SwiftFileList --metadata-file-list /Users/admin/builder/spi-builder-workspace/.derivedData/Build/Intermediates.noindex/RxSwift.build/Debug-appletvos/RxSwift.build/RxSwift.DependencyMetadataFileList --static-metadata-file-list /Users/admin/builder/spi-builder-workspace/.derivedData/Build/Intermediates.noindex/RxSwift.build/Debug-appletvos/RxSwift.build/RxSwift.DependencyStaticMetadataFileList --swift-const-vals-list /Users/admin/builder/spi-builder-workspace/.derivedData/Build/Intermediates.noindex/RxSwift.build/Debug-appletvos/RxSwift.build/Objects-normal/arm64/RxSwift.SwiftConstValuesFileList --force --compile-time-extraction --deployment-aware-processing --validate-assistant-intents --no-app-shortcuts-localization
SwiftDriver RxAppKit normal arm64 com.apple.xcode.tools.swift.compiler (in target 'RxAppKit' from project 'RxAppKit')
cd /Users/admin/builder/spi-builder-workspace/.swiftpm/xcode
builtin-SwiftDriver -- /Applications/Xcode-26.5.0.app/Contents/Developer/Toolchains/XcodeDefault.xctoolchain/usr/bin/swiftc -module-name RxAppKit -Onone @/Users/admin/builder/spi-builder-workspace/.derivedData/Build/Intermediates.noindex/RxAppKit.build/Debug-appletvos/RxAppKit.build/Objects-normal/arm64/RxAppKit.SwiftFileList -DSWIFT_PACKAGE -DDEBUG -DSWIFT_MODULE_RESOURCE_BUNDLE_UNAVAILABLE -Xcc -fmodule-map-file\=/Users/admin/builder/spi-builder-workspace/.derivedData/Build/Intermediates.noindex/GeneratedModuleMaps-appletvos/RxCocoaRuntime.modulemap -Xcc -fmodule-map-file\=/Users/admin/builder/spi-builder-workspace/.derivedData/Build/Intermediates.noindex/GeneratedModuleMaps-appletvos/RxAppKitObjC.modulemap -DXcode -plugin-path /Applications/Xcode-26.5.0.app/Contents/Developer/Toolchains/XcodeDefault.xctoolchain/usr/lib/swift/host/plugins/testing -enable-experimental-feature DebugDescriptionMacro -sdk /Applications/Xcode-26.5.0.app/Contents/Developer/Platforms/AppleTVOS.platform/Developer/SDKs/AppleTVOS26.5.sdk -target arm64-apple-tvos12.0 -g -module-cache-path /Users/admin/builder/spi-builder-workspace/.derivedData/ModuleCache.noindex -Xfrontend -serialize-debugging-options -profile-coverage-mapping -profile-generate -enable-testing -index-store-path /Users/admin/builder/spi-builder-workspace/.derivedData/Index.noindex/DataStore -Xcc -D_LIBCPP_HARDENING_MODE\=_LIBCPP_HARDENING_MODE_DEBUG -swift-version 5 -I /Users/admin/builder/spi-builder-workspace/.derivedData/Build/Products/Debug-appletvos -Isystem /Applications/Xcode-26.5.0.app/Contents/Developer/Platforms/AppleTVOS.platform/Developer/usr/lib -F /Users/admin/builder/spi-builder-workspace/.derivedData/Build/Products/Debug-appletvos/PackageFrameworks -F /Users/admin/builder/spi-builder-workspace/.derivedData/Build/Products/Debug-appletvos/PackageFrameworks -F /Users/admin/builder/spi-builder-workspace/.derivedData/Build/Products/Debug-appletvos/PackageFrameworks -F /Users/admin/builder/spi-builder-workspace/.derivedData/Build/Products/Debug-appletvos/PackageFrameworks -F /Users/admin/builder/spi-builder-workspace/.derivedData/Build/Products/Debug-appletvos/PackageFrameworks -F /Users/admin/builder/spi-builder-workspace/.derivedData/Build/Products/Debug-appletvos/PackageFrameworks -F /Users/admin/builder/spi-builder-workspace/.derivedData/Build/Products/Debug-appletvos -F /Applications/Xcode-26.5.0.app/Contents/Developer/Platforms/AppleTVOS.platform/Developer/Library/Frameworks -F /Applications/Xcode-26.5.0.app/Contents/Developer/Platforms/AppleTVOS.platform/Developer/SDKs/AppleTVOS26.5.sdk/Developer/Library/Frameworks -c -j10 -enable-batch-mode -incremental -Xcc -ivfsstatcache -Xcc /Users/admin/builder/spi-builder-workspace/.derivedData/SDKStatCaches.noindex/appletvos26.5-23L470-688ef53f1462e2c8f657fdc38a81448fa2efe9286588b677106490127979b81c.sdkstatcache -output-file-map /Users/admin/builder/spi-builder-workspace/.derivedData/Build/Intermediates.noindex/RxAppKit.build/Debug-appletvos/RxAppKit.build/Objects-normal/arm64/RxAppKit-OutputFileMap.json -use-frontend-parseable-output -save-temps -no-color-diagnostics -explicit-module-build -module-cache-path /Users/admin/builder/spi-builder-workspace/.derivedData/Build/Intermediates.noindex/SwiftExplicitPrecompiledModules -clang-scanner-module-cache-path /Users/admin/builder/spi-builder-workspace/.derivedData/ModuleCache.noindex -sdk-module-cache-path /Users/admin/builder/spi-builder-workspace/.derivedData/ModuleCache.noindex -serialize-diagnostics -emit-dependencies -emit-module -emit-module-path /Users/admin/builder/spi-builder-workspace/.derivedData/Build/Intermediates.noindex/RxAppKit.build/Debug-appletvos/RxAppKit.build/Objects-normal/arm64/RxAppKit.swiftmodule -validate-clang-modules-once -clang-build-session-file /Users/admin/builder/spi-builder-workspace/.derivedData/ModuleCache.noindex/Session.modulevalidation -package-name spi_builder_workspace -Xcc -I/Users/admin/builder/spi-builder-workspace/.derivedData/Build/Intermediates.noindex/RxAppKit.build/Debug-appletvos/RxAppKit.build/swift-overrides.hmap -emit-const-values -Xfrontend -const-gather-protocols-file -Xfrontend /Users/admin/builder/spi-builder-workspace/.derivedData/Build/Intermediates.noindex/RxAppKit.build/Debug-appletvos/RxAppKit.build/Objects-normal/arm64/RxAppKit_const_extract_protocols.json -Xcc -I/Users/admin/builder/spi-builder-workspace/.dependencies/checkouts/RxSwift/Sources/RxCocoaRuntime/include -Xcc -I/Users/admin/builder/spi-builder-workspace/Sources/RxAppKitObjC/include -Xcc -I/Users/admin/builder/spi-builder-workspace/.derivedData/Build/Products/Debug-appletvos/include -Xcc -I/Users/admin/builder/spi-builder-workspace/.derivedData/Build/Intermediates.noindex/RxAppKit.build/Debug-appletvos/RxAppKit.build/DerivedSources-normal/arm64 -Xcc -I/Users/admin/builder/spi-builder-workspace/.derivedData/Build/Intermediates.noindex/RxAppKit.build/Debug-appletvos/RxAppKit.build/DerivedSources/arm64 -Xcc -I/Users/admin/builder/spi-builder-workspace/.derivedData/Build/Intermediates.noindex/RxAppKit.build/Debug-appletvos/RxAppKit.build/DerivedSources -Xcc -DSWIFT_PACKAGE -Xcc -DDEBUG\=1 -emit-objc-header -emit-objc-header-path /Users/admin/builder/spi-builder-workspace/.derivedData/Build/Intermediates.noindex/RxAppKit.build/Debug-appletvos/RxAppKit.build/Objects-normal/arm64/RxAppKit-Swift.h -working-directory /Users/admin/builder/spi-builder-workspace/.swiftpm/xcode -experimental-emit-module-separately -disable-cmo
/Users/admin/builder/spi-builder-workspace/Sources/RxAppKit/Common/DelegateProxyType.swift:1:8: error: Unable to resolve module dependency: 'AppKit'
import AppKit
^ (in target 'RxAppKit' from project 'RxAppKit')
/Users/admin/builder/spi-builder-workspace/Sources/RxAppKit/Common/DelegateProxyType.swift:1:8: note: A dependency of main module 'RxAppKit'
import AppKit
^ (in target 'RxAppKit' from project 'RxAppKit')
/Users/admin/builder/spi-builder-workspace/Sources/RxAppKit/Common/TableViewAnimationConfiguration.swift:1:8: note: Also imported here
import AppKit
^ (in target 'RxAppKit' from project 'RxAppKit')
/Users/admin/builder/spi-builder-workspace/Sources/RxAppKit/Components/HasDoubleAction+Rx.swift:1:8: note: Also imported here
import AppKit
^ (in target 'RxAppKit' from project 'RxAppKit')
/Users/admin/builder/spi-builder-workspace/Sources/RxAppKit/Components/NSAlert+Rx.swift:1:8: note: Also imported here
import AppKit
^ (in target 'RxAppKit' from project 'RxAppKit')
/Users/admin/builder/spi-builder-workspace/Sources/RxAppKit/Components/NSApplication+Rx.swift:1:8: note: Also imported here
import AppKit
^ (in target 'RxAppKit' from project 'RxAppKit')
/Users/admin/builder/spi-builder-workspace/Sources/RxAppKit/Components/NSBrowser+Rx.swift:1:8: note: Also imported here
import AppKit
^ (in target 'RxAppKit' from project 'RxAppKit')
/Users/admin/builder/spi-builder-workspace/Sources/RxAppKit/Components/NSButton+Rx.swift:1:8: note: Also imported here
import AppKit
^ (in target 'RxAppKit' from project 'RxAppKit')
/Users/admin/builder/spi-builder-workspace/Sources/RxAppKit/Components/NSCollectionView+Rx.swift:1:8: note: Also imported here
import AppKit
^ (in target 'RxAppKit' from project 'RxAppKit')
/Users/admin/builder/spi-builder-workspace/Sources/RxAppKit/Components/NSCollectionViewItem+Rx.swift:1:8: note: Also imported here
import AppKit
^ (in target 'RxAppKit' from project 'RxAppKit')
/Users/admin/builder/spi-builder-workspace/Sources/RxAppKit/Components/NSColorPanel+Rx.swift:1:8: note: Also imported here
import AppKit
^ (in target 'RxAppKit' from project 'RxAppKit')
/Users/admin/builder/spi-builder-workspace/Sources/RxAppKit/Components/NSColorWell+Rx.swift:1:8: note: Also imported here
import AppKit
^ (in target 'RxAppKit' from project 'RxAppKit')
/Users/admin/builder/spi-builder-workspace/Sources/RxAppKit/Components/NSComboBox+Rx.swift:1:8: note: Also imported here
import AppKit
^ (in target 'RxAppKit' from project 'RxAppKit')
/Users/admin/builder/spi-builder-workspace/Sources/RxAppKit/Components/NSControl+Rx.swift:1:8: note: Also imported here
import AppKit
^ (in target 'RxAppKit' from project 'RxAppKit')
/Users/admin/builder/spi-builder-workspace/Sources/RxAppKit/Components/NSDatePicker+Rx.swift:1:8: note: Also imported here
import AppKit
^ (in target 'RxAppKit' from project 'RxAppKit')
/Users/admin/builder/spi-builder-workspace/Sources/RxAppKit/Components/NSFontManager+Rx.swift:1:8: note: Also imported here
import AppKit
^ (in target 'RxAppKit' from project 'RxAppKit')
/Users/admin/builder/spi-builder-workspace/Sources/RxAppKit/Components/NSGestureRecognizer+Rx.swift:1:8: note: Also imported here
import AppKit
^ (in target 'RxAppKit' from project 'RxAppKit')
/Users/admin/builder/spi-builder-workspace/Sources/RxAppKit/Components/NSMenu+Rx.swift:1:8: note: Also imported here
import AppKit
^ (in target 'RxAppKit' from project 'RxAppKit')
/Users/admin/builder/spi-builder-workspace/Sources/RxAppKit/Components/NSOutlineView+Rx.swift:1:8: note: Also imported here
import AppKit
^ (in target 'RxAppKit' from project 'RxAppKit')
/Users/admin/builder/spi-builder-workspace/Sources/RxAppKit/Components/NSPageController+Rx.swift:1:8: note: Also imported here
import AppKit
^ (in target 'RxAppKit' from project 'RxAppKit')
/Users/admin/builder/spi-builder-workspace/Sources/RxAppKit/Components/NSPopUpButton+Rx.swift:1:8: note: Also imported here
import AppKit
^ (in target 'RxAppKit' from project 'RxAppKit')
/Users/admin/builder/spi-builder-workspace/Sources/RxAppKit/Components/NSPopover+Rx.swift:1:8: note: Also imported here
import AppKit
^ (in target 'RxAppKit' from project 'RxAppKit')
/Users/admin/builder/spi-builder-workspace/Sources/RxAppKit/Components/NSProgressIndicator+Rx.swift:1:8: note: Also imported here
import AppKit
^ (in target 'RxAppKit' from project 'RxAppKit')
/Users/admin/builder/spi-builder-workspace/Sources/RxAppKit/Components/NSResponder+Rx.swift:1:8: note: Also imported here
import AppKit
^ (in target 'RxAppKit' from project 'RxAppKit')
/Users/admin/builder/spi-builder-workspace/Sources/RxAppKit/Components/NSSavePanel+Rx.swift:1:8: note: Also imported here
import AppKit
^ (in target 'RxAppKit' from project 'RxAppKit')
/Users/admin/builder/spi-builder-workspace/Sources/RxAppKit/Components/NSScrollView+Rx.swift:1:8: note: Also imported here
import AppKit
^ (in target 'RxAppKit' from project 'RxAppKit')
/Users/admin/builder/spi-builder-workspace/Sources/RxAppKit/Components/NSSearchField+Rx.swift:1:8: note: Also imported here
import AppKit
^ (in target 'RxAppKit' from project 'RxAppKit')
/Users/admin/builder/spi-builder-workspace/Sources/RxAppKit/Components/NSSegmentedControl+Rx.swift:1:8: note: Also imported here
import AppKit
^ (in target 'RxAppKit' from project 'RxAppKit')
/Users/admin/builder/spi-builder-workspace/Sources/RxAppKit/Components/NSSplitView+Rx.swift:1:8: note: Also imported here
import AppKit
^ (in target 'RxAppKit' from project 'RxAppKit')
/Users/admin/builder/spi-builder-workspace/Sources/RxAppKit/Components/NSStackView+Rx.swift:1:8: note: Also imported here
import AppKit
^ (in target 'RxAppKit' from project 'RxAppKit')
/Users/admin/builder/spi-builder-workspace/Sources/RxAppKit/Components/NSStepper+Rx.swift:1:8: note: Also imported here
import AppKit
^ (in target 'RxAppKit' from project 'RxAppKit')
/Users/admin/builder/spi-builder-workspace/Sources/RxAppKit/Components/NSSwitch+Rx.swift:1:8: note: Also imported here
import AppKit
^ (in target 'RxAppKit' from project 'RxAppKit')
/Users/admin/builder/spi-builder-workspace/Sources/RxAppKit/Components/NSTabView+Rx.swift:1:8: note: Also imported here
import AppKit
^ (in target 'RxAppKit' from project 'RxAppKit')
/Users/admin/builder/spi-builder-workspace/Sources/RxAppKit/Components/NSTabViewController+Rx.swift:1:8: note: Also imported here
import AppKit
^ (in target 'RxAppKit' from project 'RxAppKit')
/Users/admin/builder/spi-builder-workspace/Sources/RxAppKit/Components/NSTableView+Rx.swift:1:8: note: Also imported here
import AppKit
^ (in target 'RxAppKit' from project 'RxAppKit')
/Users/admin/builder/spi-builder-workspace/Sources/RxAppKit/Components/NSTextField+Rx.swift:1:8: note: Also imported here
import AppKit
^ (in target 'RxAppKit' from project 'RxAppKit')
/Users/admin/builder/spi-builder-workspace/Sources/RxAppKit/Components/NSTextStorage+Rx.swift:1:8: note: Also imported here
import AppKit
^ (in target 'RxAppKit' from project 'RxAppKit')
/Users/admin/builder/spi-builder-workspace/Sources/RxAppKit/Components/NSTextView+Rx.swift:1:8: note: Also imported here
import AppKit
^ (in target 'RxAppKit' from project 'RxAppKit')
/Users/admin/builder/spi-builder-workspace/Sources/RxAppKit/Components/NSToolbarItem+Rx.swift:1:8: note: Also imported here
import AppKit
^ (in target 'RxAppKit' from project 'RxAppKit')
/Users/admin/builder/spi-builder-workspace/Sources/RxAppKit/Components/NSView+Rx.swift:1:8: note: Also imported here
import AppKit
^ (in target 'RxAppKit' from project 'RxAppKit')
/Users/admin/builder/spi-builder-workspace/Sources/RxAppKit/Components/NSViewController+Rx.swift:8:8: note: Also imported here
import AppKit
^ (in target 'RxAppKit' from project 'RxAppKit')
/Users/admin/builder/spi-builder-workspace/Sources/RxAppKit/Components/NSWindow+Rx.swift:1:8: note: Also imported here
import AppKit
^ (in target 'RxAppKit' from project 'RxAppKit')
/Users/admin/builder/spi-builder-workspace/Sources/RxAppKit/Components/NSWindowController+Rx.swift:8:8: note: Also imported here
import AppKit
^ (in target 'RxAppKit' from project 'RxAppKit')
/Users/admin/builder/spi-builder-workspace/Sources/RxAppKit/DataSources & Adapters/Browser/BrowserAdapter.swift:1:8: note: Also imported here
import AppKit
^ (in target 'RxAppKit' from project 'RxAppKit')
/Users/admin/builder/spi-builder-workspace/Sources/RxAppKit/DataSources & Adapters/Browser/RxNSBrowserAdapter.swift:1:8: note: Also imported here
import AppKit
^ (in target 'RxAppKit' from project 'RxAppKit')
/Users/admin/builder/spi-builder-workspace/Sources/RxAppKit/DataSources & Adapters/CollectionView/CollectionViewArrayDataSource.swift:1:8: note: Also imported here
import AppKit
^ (in target 'RxAppKit' from project 'RxAppKit')
/Users/admin/builder/spi-builder-workspace/Sources/RxAppKit/DataSources & Adapters/CollectionView/CollectionViewSectionedDataSource.swift:1:8: note: Also imported here
import AppKit
^ (in target 'RxAppKit' from project 'RxAppKit')
/Users/admin/builder/spi-builder-workspace/Sources/RxAppKit/DataSources & Adapters/CollectionView/RxNSCollectionViewArrayDataSource.swift:1:8: note: Also imported here
import AppKit
^ (in target 'RxAppKit' from project 'RxAppKit')
/Users/admin/builder/spi-builder-workspace/Sources/RxAppKit/DataSources & Adapters/CollectionView/RxNSCollectionViewSectionedDataSource.swift:1:8: note: Also imported here
import AppKit
^ (in target 'RxAppKit' from project 'RxAppKit')
/Users/admin/builder/spi-builder-workspace/Sources/RxAppKit/DataSources & Adapters/ComboBox/ComboBoxDataSource.swift:1:8: note: Also imported here
import AppKit
^ (in target 'RxAppKit' from project 'RxAppKit')
/Users/admin/builder/spi-builder-workspace/Sources/RxAppKit/DataSources & Adapters/ComboBox/RxNSComboBoxDataSource.swift:1:8: note: Also imported here
import AppKit
^ (in target 'RxAppKit' from project 'RxAppKit')
/Users/admin/builder/spi-builder-workspace/Sources/RxAppKit/DataSources & Adapters/OutlineView/NSOutlineView+StagedChangeset.swift:1:8: note: Also imported here
import AppKit
^ (in target 'RxAppKit' from project 'RxAppKit')
/Users/admin/builder/spi-builder-workspace/Sources/RxAppKit/DataSources & Adapters/OutlineView/OutlineViewAdapter.swift:1:8: note: Also imported here
import AppKit
^ (in target 'RxAppKit' from project 'RxAppKit')
/Users/admin/builder/spi-builder-workspace/Sources/RxAppKit/DataSources & Adapters/OutlineView/ReorderableOutlineViewAdapter.swift:1:8: note: Also imported here
import AppKit
^ (in target 'RxAppKit' from project 'RxAppKit')
/Users/admin/builder/spi-builder-workspace/Sources/RxAppKit/DataSources & Adapters/OutlineView/RxNSOutlineViewAdapter.swift:1:8: note: Also imported here
import AppKit
^ (in target 'RxAppKit' from project 'RxAppKit')
/Users/admin/builder/spi-builder-workspace/Sources/RxAppKit/DataSources & Adapters/OutlineView/RxNSOutlineViewSectionedAdapter.swift:1:8: note: Also imported here
import AppKit
^ (in target 'RxAppKit' from project 'RxAppKit')
/Users/admin/builder/spi-builder-workspace/Sources/RxAppKit/DataSources & Adapters/PageController/PageControllerAdapter.swift:8:8: note: Also imported here
import AppKit
^ (in target 'RxAppKit' from project 'RxAppKit')
/Users/admin/builder/spi-builder-workspace/Sources/RxAppKit/DataSources & Adapters/PageController/RxNSPageControllerAdapter.swift:8:8: note: Also imported here
import AppKit
^ (in target 'RxAppKit' from project 'RxAppKit')
/Users/admin/builder/spi-builder-workspace/Sources/RxAppKit/DataSources & Adapters/TableView/ReorderableTableViewAdapter.swift:1:8: note: Also imported here
import AppKit
^ (in target 'RxAppKit' from project 'RxAppKit')
/Users/admin/builder/spi-builder-workspace/Sources/RxAppKit/DataSources & Adapters/TableView/RxNSTableViewAdapter.swift:1:8: note: Also imported here
import AppKit
^ (in target 'RxAppKit' from project 'RxAppKit')
/Users/admin/builder/spi-builder-workspace/Sources/RxAppKit/DataSources & Adapters/TableView/RxNSTableViewSectionedReloadAdapter.swift:1:8: note: Also imported here
import AppKit
^ (in target 'RxAppKit' from project 'RxAppKit')
/Users/admin/builder/spi-builder-workspace/Sources/RxAppKit/DataSources & Adapters/TableView/SectionedTableViewAdapter.swift:1:8: note: Also imported here
import AppKit
^ (in target 'RxAppKit' from project 'RxAppKit')
/Users/admin/builder/spi-builder-workspace/Sources/RxAppKit/DataSources & Adapters/TableView/TableViewAdapter.swift:1:8: note: Also imported here
import AppKit
^ (in target 'RxAppKit' from project 'RxAppKit')
/Users/admin/builder/spi-builder-workspace/Sources/RxAppKit/Protocols/RxNSBrowserDelegateType.swift:1:8: note: Also imported here
import AppKit
^ (in target 'RxAppKit' from project 'RxAppKit')
/Users/admin/builder/spi-builder-workspace/Sources/RxAppKit/Protocols/RxNSCollectionViewDataSourceType.swift:1:8: note: Also imported here
import AppKit
^ (in target 'RxAppKit' from project 'RxAppKit')
/Users/admin/builder/spi-builder-workspace/Sources/RxAppKit/Protocols/RxNSComboBoxDataSourceType.swift:1:8: note: Also imported here
import AppKit
^ (in target 'RxAppKit' from project 'RxAppKit')
/Users/admin/builder/spi-builder-workspace/Sources/RxAppKit/Protocols/RxNSOutlineViewDataSourceType.swift:1:8: note: Also imported here
import AppKit
^ (in target 'RxAppKit' from project 'RxAppKit')
/Users/admin/builder/spi-builder-workspace/Sources/RxAppKit/Protocols/RxNSPageControllerDelegateType.swift:1:8: note: Also imported here
import AppKit
^ (in target 'RxAppKit' from project 'RxAppKit')
/Users/admin/builder/spi-builder-workspace/Sources/RxAppKit/Protocols/RxNSTableViewDataSourceType.swift:1:8: note: Also imported here
import AppKit
^ (in target 'RxAppKit' from project 'RxAppKit')
/Users/admin/builder/spi-builder-workspace/Sources/RxAppKit/Proxies/RxNSBrowserDelegateProxy.swift:1:8: note: Also imported here
import AppKit
^ (in target 'RxAppKit' from project 'RxAppKit')
/Users/admin/builder/spi-builder-workspace/Sources/RxAppKit/Proxies/RxNSCollectionViewDataSourceProxy.swift:1:8: note: Also imported here
import AppKit
^ (in target 'RxAppKit' from project 'RxAppKit')
/Users/admin/builder/spi-builder-workspace/Sources/RxAppKit/Proxies/RxNSCollectionViewDelegateProxy.swift:1:8: note: Also imported here
import AppKit
^ (in target 'RxAppKit' from project 'RxAppKit')
/Users/admin/builder/spi-builder-workspace/Sources/RxAppKit/Proxies/RxNSComboBoxDataSourceProxy.swift:1:8: note: Also imported here
import AppKit
^ (in target 'RxAppKit' from project 'RxAppKit')
/Users/admin/builder/spi-builder-workspace/Sources/RxAppKit/Proxies/RxNSOpenSavePanelDelegateProxy.swift:1:8: note: Also imported here
import AppKit
^ (in target 'RxAppKit' from project 'RxAppKit')
/Users/admin/builder/spi-builder-workspace/Sources/RxAppKit/Proxies/RxNSOutlineViewDataSourceProxy.swift:2:8: note: Also imported here
import AppKit
^ (in target 'RxAppKit' from project 'RxAppKit')
/Users/admin/builder/spi-builder-workspace/Sources/RxAppKit/Proxies/RxNSOutlineViewDelegateProxy.swift:9:8: note: Also imported here
import AppKit
^ (in target 'RxAppKit' from project 'RxAppKit')
/Users/admin/builder/spi-builder-workspace/Sources/RxAppKit/Proxies/RxNSPageControllDelegateProxy.swift:1:8: note: Also imported here
import AppKit
^ (in target 'RxAppKit' from project 'RxAppKit')
/Users/admin/builder/spi-builder-workspace/Sources/RxAppKit/Proxies/RxNSPopoverDelegateProxy.swift:1:8: note: Also imported here
import AppKit
^ (in target 'RxAppKit' from project 'RxAppKit')
/Users/admin/builder/spi-builder-workspace/Sources/RxAppKit/Proxies/RxNSSearchFieldDelegateProxy.swift:1:8: note: Also imported here
import AppKit
^ (in target 'RxAppKit' from project 'RxAppKit')
/Users/admin/builder/spi-builder-workspace/Sources/RxAppKit/Proxies/RxNSStackViewDelegateProxy.swift:1:8: note: Also imported here
import AppKit
^ (in target 'RxAppKit' from project 'RxAppKit')
/Users/admin/builder/spi-builder-workspace/Sources/RxAppKit/Proxies/RxNSTabViewDelegateProxy.swift:1:8: note: Also imported here
import AppKit
^ (in target 'RxAppKit' from project 'RxAppKit')
/Users/admin/builder/spi-builder-workspace/Sources/RxAppKit/Proxies/RxNSTableViewDataSourceProxy.swift:1:8: note: Also imported here
import AppKit
^ (in target 'RxAppKit' from project 'RxAppKit')
/Users/admin/builder/spi-builder-workspace/Sources/RxAppKit/Proxies/RxNSTableViewDelegateProxy.swift:1:8: note: Also imported here
import AppKit
^ (in target 'RxAppKit' from project 'RxAppKit')
/Users/admin/builder/spi-builder-workspace/Sources/RxAppKit/Proxies/RxNSTextFieldDelegateProxy.swift:1:8: note: Also imported here
import AppKit
^ (in target 'RxAppKit' from project 'RxAppKit')
/Users/admin/builder/spi-builder-workspace/Sources/RxAppKit/Proxies/RxNSTextStorageDelegateProxy.swift:1:8: note: Also imported here
import AppKit
^ (in target 'RxAppKit' from project 'RxAppKit')
/Users/admin/builder/spi-builder-workspace/Sources/RxAppKit/Target-Action/ActionProxy/ActionProxy.swift:1:8: note: Also imported here
import AppKit
^ (in target 'RxAppKit' from project 'RxAppKit')
ExtractAppIntentsMetadata (in target 'DifferenceKit' from project 'DifferenceKit')
cd /Users/admin/builder/spi-builder-workspace/.dependencies/checkouts/DifferenceKit
/Applications/Xcode-26.5.0.app/Contents/Developer/Toolchains/XcodeDefault.xctoolchain/usr/bin/appintentsmetadataprocessor --toolchain-dir /var/run/com.apple.security.cryptexd/mnt/com.apple.MobileAsset.MetalToolchain-v17.6.42.0.pZjybf/Metal.xctoolchain --module-name DifferenceKit --sdk-root /Applications/Xcode-26.5.0.app/Contents/Developer/Platforms/AppleTVOS.platform/Developer/SDKs/AppleTVOS26.5.sdk --xcode-version 17F42 --platform-family tvOS --deployment-target 12.0 --bundle-identifier differencekit.DifferenceKit --output /Users/admin/builder/spi-builder-workspace/.derivedData/Build/Products/Debug-appletvos/DifferenceKit.appintents --target-triple arm64-apple-tvos12.0 --binary-file /Users/admin/builder/spi-builder-workspace/.derivedData/Build/Products/Debug-appletvos/DifferenceKit.o --dependency-file /Users/admin/builder/spi-builder-workspace/.derivedData/Build/Intermediates.noindex/DifferenceKit.build/Debug-appletvos/DifferenceKit.build/Objects-normal/arm64/DifferenceKit_dependency_info.dat --stringsdata-file /Users/admin/builder/spi-builder-workspace/.derivedData/Build/Intermediates.noindex/DifferenceKit.build/Debug-appletvos/DifferenceKit.build/Objects-normal/arm64/ExtractedAppShortcutsMetadata.stringsdata --source-file-list /Users/admin/builder/spi-builder-workspace/.derivedData/Build/Intermediates.noindex/DifferenceKit.build/Debug-appletvos/DifferenceKit.build/Objects-normal/arm64/DifferenceKit.SwiftFileList --metadata-file-list /Users/admin/builder/spi-builder-workspace/.derivedData/Build/Intermediates.noindex/DifferenceKit.build/Debug-appletvos/DifferenceKit.build/DifferenceKit.DependencyMetadataFileList --static-metadata-file-list /Users/admin/builder/spi-builder-workspace/.derivedData/Build/Intermediates.noindex/DifferenceKit.build/Debug-appletvos/DifferenceKit.build/DifferenceKit.DependencyStaticMetadataFileList --swift-const-vals-list /Users/admin/builder/spi-builder-workspace/.derivedData/Build/Intermediates.noindex/DifferenceKit.build/Debug-appletvos/DifferenceKit.build/Objects-normal/arm64/DifferenceKit.SwiftConstValuesFileList --force --compile-time-extraction --deployment-aware-processing --validate-assistant-intents --no-app-shortcuts-localization
SwiftDriverJobDiscovery normal arm64 Compiling DispatchQueue+Extensions.swift, Driver+Subscription.swift, Driver.swift, Infallible+Bind.swift, Infallible+Driver.swift, ItemEvents.swift, KVORepresentable+CoreGraphics.swift, KVORepresentable+Swift.swift, KVORepresentable.swift, NSButton+Rx.swift (in target 'RxCocoa' from project 'RxSwift')
SwiftDriverJobDiscovery normal arm64 Compiling UIStepper+Rx.swift, UISwitch+Rx.swift, UITabBar+Rx.swift, UITabBarController+Rx.swift, UITableView+Rx.swift, UITextField+Rx.swift, UITextView+Rx.swift, URLSession+Rx.swift, WKWebView+Rx.swift (in target 'RxCocoa' from project 'RxSwift')
SwiftDriverJobDiscovery normal arm64 Compiling Observable+Bind.swift, ObservableConvertibleType+Driver.swift, ObservableConvertibleType+SharedSequence.swift, ObservableConvertibleType+Signal.swift, PublishRelay+Signal.swift, RxCocoa.swift, RxCocoaObjCRuntimeError+Extensions.swift, RxCollectionViewDataSourcePrefetchingProxy.swift, RxCollectionViewDataSourceProxy.swift, RxCollectionViewDataSourceType.swift (in target 'RxCocoa' from project 'RxSwift')
SwiftDriverJobDiscovery normal arm64 Compiling RxTextViewDelegateProxy.swift, RxWKNavigationDelegateProxy.swift, SchedulerType+SharedSequence.swift, SectionedViewDataSourceType.swift, SharedSequence+Concurrency.swift, SharedSequence+Operators+arity.swift, SharedSequence+Operators.swift, SharedSequence.swift, Signal+Subscription.swift (in target 'RxCocoa' from project 'RxSwift')
SwiftDriverJobDiscovery normal arm64 Compiling RxTabBarControllerDelegateProxy.swift, RxTabBarDelegateProxy.swift, RxTableViewDataSourcePrefetchingProxy.swift, RxTableViewDataSourceProxy.swift, RxTableViewDataSourceType.swift, RxTableViewDelegateProxy.swift, RxTableViewReactiveArrayDataSource.swift, RxTarget.swift, RxTextStorageDelegateProxy.swift (in target 'RxCocoa' from project 'RxSwift')
SwiftDriverJobDiscovery normal arm64 Compiling NSControl+Rx.swift, NSObject+Rx+KVORepresentable.swift, NSObject+Rx+RawRepresentable.swift, NSObject+Rx.swift, NSSlider+Rx.swift, NSTextField+Rx.swift, NSTextStorage+Rx.swift, NSTextView+Rx.swift, NSView+Rx.swift, NotificationCenter+Rx.swift (in target 'RxCocoa' from project 'RxSwift')
2026-09-27 16:43:33.318 xcodebuild[963:5512] [MT] IDERunDestination: Supported platforms for the buildables in the current scheme is empty.
/Users/admin/builder/spi-builder-workspace/Sources/RxAppKit/Common/DelegateProxyType.swift:1:8: error: unable to resolve module dependency: 'AppKit'
import AppKit
^
/Users/admin/builder/spi-builder-workspace/Sources/RxAppKit/Common/DelegateProxyType.swift:1:8: note: a dependency of main module 'RxAppKit'
import AppKit
^
/Users/admin/builder/spi-builder-workspace/Sources/RxAppKit/Common/TableViewAnimationConfiguration.swift:1:8: note: also imported here
import AppKit
^
/Users/admin/builder/spi-builder-workspace/Sources/RxAppKit/Components/HasDoubleAction+Rx.swift:1:8: note: also imported here
import AppKit
^
/Users/admin/builder/spi-builder-workspace/Sources/RxAppKit/Components/NSAlert+Rx.swift:1:8: note: also imported here
import AppKit
^
/Users/admin/builder/spi-builder-workspace/Sources/RxAppKit/Components/NSApplication+Rx.swift:1:8: note: also imported here
import AppKit
^
/Users/admin/builder/spi-builder-workspace/Sources/RxAppKit/Components/NSBrowser+Rx.swift:1:8: note: also imported here
import AppKit
^
/Users/admin/builder/spi-builder-workspace/Sources/RxAppKit/Components/NSButton+Rx.swift:1:8: note: also imported here
import AppKit
^
/Users/admin/builder/spi-builder-workspace/Sources/RxAppKit/Components/NSCollectionView+Rx.swift:1:8: note: also imported here
import AppKit
^
/Users/admin/builder/spi-builder-workspace/Sources/RxAppKit/Components/NSCollectionViewItem+Rx.swift:1:8: note: also imported here
import AppKit
^
/Users/admin/builder/spi-builder-workspace/Sources/RxAppKit/Components/NSColorPanel+Rx.swift:1:8: note: also imported here
import AppKit
^
/Users/admin/builder/spi-builder-workspace/Sources/RxAppKit/Components/NSColorWell+Rx.swift:1:8: note: also imported here
import AppKit
^
/Users/admin/builder/spi-builder-workspace/Sources/RxAppKit/Components/NSComboBox+Rx.swift:1:8: note: also imported here
import AppKit
^
/Users/admin/builder/spi-builder-workspace/Sources/RxAppKit/Components/NSControl+Rx.swift:1:8: note: also imported here
import AppKit
^
/Users/admin/builder/spi-builder-workspace/Sources/RxAppKit/Components/NSDatePicker+Rx.swift:1:8: note: also imported here
import AppKit
^
/Users/admin/builder/spi-builder-workspace/Sources/RxAppKit/Components/NSFontManager+Rx.swift:1:8: note: also imported here
import AppKit
^
/Users/admin/builder/spi-builder-workspace/Sources/RxAppKit/Components/NSGestureRecognizer+Rx.swift:1:8: note: also imported here
import AppKit
^
/Users/admin/builder/spi-builder-workspace/Sources/RxAppKit/Components/NSMenu+Rx.swift:1:8: note: also imported here
import AppKit
^
/Users/admin/builder/spi-builder-workspace/Sources/RxAppKit/Components/NSOutlineView+Rx.swift:1:8: note: also imported here
import AppKit
^
/Users/admin/builder/spi-builder-workspace/Sources/RxAppKit/Components/NSPageController+Rx.swift:1:8: note: also imported here
import AppKit
^
/Users/admin/builder/spi-builder-workspace/Sources/RxAppKit/Components/NSPopUpButton+Rx.swift:1:8: note: also imported here
import AppKit
^
/Users/admin/builder/spi-builder-workspace/Sources/RxAppKit/Components/NSPopover+Rx.swift:1:8: note: also imported here
import AppKit
^
/Users/admin/builder/spi-builder-workspace/Sources/RxAppKit/Components/NSProgressIndicator+Rx.swift:1:8: note: also imported here
import AppKit
^
/Users/admin/builder/spi-builder-workspace/Sources/RxAppKit/Components/NSResponder+Rx.swift:1:8: note: also imported here
import AppKit
^
/Users/admin/builder/spi-builder-workspace/Sources/RxAppKit/Components/NSSavePanel+Rx.swift:1:8: note: also imported here
import AppKit
^
/Users/admin/builder/spi-builder-workspace/Sources/RxAppKit/Components/NSScrollView+Rx.swift:1:8: note: also imported here
import AppKit
^
/Users/admin/builder/spi-builder-workspace/Sources/RxAppKit/Components/NSSearchField+Rx.swift:1:8: note: also imported here
import AppKit
^
/Users/admin/builder/spi-builder-workspace/Sources/RxAppKit/Components/NSSegmentedControl+Rx.swift:1:8: note: also imported here
import AppKit
^
/Users/admin/builder/spi-builder-workspace/Sources/RxAppKit/Components/NSSplitView+Rx.swift:1:8: note: also imported here
import AppKit
^
/Users/admin/builder/spi-builder-workspace/Sources/RxAppKit/Components/NSStackView+Rx.swift:1:8: note: also imported here
import AppKit
^
/Users/admin/builder/spi-builder-workspace/Sources/RxAppKit/Components/NSStepper+Rx.swift:1:8: note: also imported here
import AppKit
^
/Users/admin/builder/spi-builder-workspace/Sources/RxAppKit/Components/NSSwitch+Rx.swift:1:8: note: also imported here
import AppKit
^
/Users/admin/builder/spi-builder-workspace/Sources/RxAppKit/Components/NSTabView+Rx.swift:1:8: note: also imported here
import AppKit
^
/Users/admin/builder/spi-builder-workspace/Sources/RxAppKit/Components/NSTabViewController+Rx.swift:1:8: note: also imported here
import AppKit
^
/Users/admin/builder/spi-builder-workspace/Sources/RxAppKit/Components/NSTableView+Rx.swift:1:8: note: also imported here
import AppKit
^
/Users/admin/builder/spi-builder-workspace/Sources/RxAppKit/Components/NSTextField+Rx.swift:1:8: note: also imported here
import AppKit
^
/Users/admin/builder/spi-builder-workspace/Sources/RxAppKit/Components/NSTextStorage+Rx.swift:1:8: note: also imported here
import AppKit
^
/Users/admin/builder/spi-builder-workspace/Sources/RxAppKit/Components/NSTextView+Rx.swift:1:8: note: also imported here
import AppKit
^
/Users/admin/builder/spi-builder-workspace/Sources/RxAppKit/Components/NSToolbarItem+Rx.swift:1:8: note: also imported here
import AppKit
^
/Users/admin/builder/spi-builder-workspace/Sources/RxAppKit/Components/NSView+Rx.swift:1:8: note: also imported here
import AppKit
^
/Users/admin/builder/spi-builder-workspace/Sources/RxAppKit/Components/NSViewController+Rx.swift:8:8: note: also imported here
import AppKit
^
/Users/admin/builder/spi-builder-workspace/Sources/RxAppKit/Components/NSWindow+Rx.swift:1:8: note: also imported here
import AppKit
^
/Users/admin/builder/spi-builder-workspace/Sources/RxAppKit/Components/NSWindowController+Rx.swift:8:8: note: also imported here
import AppKit
^
/Users/admin/builder/spi-builder-workspace/Sources/RxAppKit/DataSources & Adapters/Browser/BrowserAdapter.swift:1:8: note: also imported here
import AppKit
^
/Users/admin/builder/spi-builder-workspace/Sources/RxAppKit/DataSources & Adapters/Browser/RxNSBrowserAdapter.swift:1:8: note: also imported here
import AppKit
^
/Users/admin/builder/spi-builder-workspace/Sources/RxAppKit/DataSources & Adapters/CollectionView/CollectionViewArrayDataSource.swift:1:8: note: also imported here
import AppKit
^
/Users/admin/builder/spi-builder-workspace/Sources/RxAppKit/DataSources & Adapters/CollectionView/CollectionViewSectionedDataSource.swift:1:8: note: also imported here
import AppKit
^
/Users/admin/builder/spi-builder-workspace/Sources/RxAppKit/DataSources & Adapters/CollectionView/RxNSCollectionViewArrayDataSource.swift:1:8: note: also imported here
import AppKit
^
/Users/admin/builder/spi-builder-workspace/Sources/RxAppKit/DataSources & Adapters/CollectionView/RxNSCollectionViewSectionedDataSource.swift:1:8: note: also imported here
import AppKit
^
/Users/admin/builder/spi-builder-workspace/Sources/RxAppKit/DataSources & Adapters/ComboBox/ComboBoxDataSource.swift:1:8: note: also imported here
import AppKit
^
/Users/admin/builder/spi-builder-workspace/Sources/RxAppKit/DataSources & Adapters/ComboBox/RxNSComboBoxDataSource.swift:1:8: note: also imported here
import AppKit
^
/Users/admin/builder/spi-builder-workspace/Sources/RxAppKit/DataSources & Adapters/OutlineView/NSOutlineView+StagedChangeset.swift:1:8: note: also imported here
import AppKit
^
/Users/admin/builder/spi-builder-workspace/Sources/RxAppKit/DataSources & Adapters/OutlineView/OutlineViewAdapter.swift:1:8: note: also imported here
import AppKit
^
/Users/admin/builder/spi-builder-workspace/Sources/RxAppKit/DataSources & Adapters/OutlineView/ReorderableOutlineViewAdapter.swift:1:8: note: also imported here
import AppKit
^
/Users/admin/builder/spi-builder-workspace/Sources/RxAppKit/DataSources & Adapters/OutlineView/RxNSOutlineViewAdapter.swift:1:8: note: also imported here
import AppKit
^
/Users/admin/builder/spi-builder-workspace/Sources/RxAppKit/DataSources & Adapters/OutlineView/RxNSOutlineViewSectionedAdapter.swift:1:8: note: also imported here
import AppKit
^
/Users/admin/builder/spi-builder-workspace/Sources/RxAppKit/DataSources & Adapters/PageController/PageControllerAdapter.swift:8:8: note: also imported here
import AppKit
^
/Users/admin/builder/spi-builder-workspace/Sources/RxAppKit/DataSources & Adapters/PageController/RxNSPageControllerAdapter.swift:8:8: note: also imported here
import AppKit
^
/Users/admin/builder/spi-builder-workspace/Sources/RxAppKit/DataSources & Adapters/TableView/ReorderableTableViewAdapter.swift:1:8: note: also imported here
import AppKit
^
/Users/admin/builder/spi-builder-workspace/Sources/RxAppKit/DataSources & Adapters/TableView/RxNSTableViewAdapter.swift:1:8: note: also imported here
import AppKit
^
/Users/admin/builder/spi-builder-workspace/Sources/RxAppKit/DataSources & Adapters/TableView/RxNSTableViewSectionedReloadAdapter.swift:1:8: note: also imported here
import AppKit
^
/Users/admin/builder/spi-builder-workspace/Sources/RxAppKit/DataSources & Adapters/TableView/SectionedTableViewAdapter.swift:1:8: note: also imported here
import AppKit
^
/Users/admin/builder/spi-builder-workspace/Sources/RxAppKit/DataSources & Adapters/TableView/TableViewAdapter.swift:1:8: note: also imported here
import AppKit
^
/Users/admin/builder/spi-builder-workspace/Sources/RxAppKit/Protocols/RxNSBrowserDelegateType.swift:1:8: note: also imported here
import AppKit
^
/Users/admin/builder/spi-builder-workspace/Sources/RxAppKit/Protocols/RxNSCollectionViewDataSourceType.swift:1:8: note: also imported here
import AppKit
^
/Users/admin/builder/spi-builder-workspace/Sources/RxAppKit/Protocols/RxNSComboBoxDataSourceType.swift:1:8: note: also imported here
import AppKit
^
/Users/admin/builder/spi-builder-workspace/Sources/RxAppKit/Protocols/RxNSOutlineViewDataSourceType.swift:1:8: note: also imported here
import AppKit
^
/Users/admin/builder/spi-builder-workspace/Sources/RxAppKit/Protocols/RxNSPageControllerDelegateType.swift:1:8: note: also imported here
import AppKit
^
/Users/admin/builder/spi-builder-workspace/Sources/RxAppKit/Protocols/RxNSTableViewDataSourceType.swift:1:8: note: also imported here
import AppKit
^
/Users/admin/builder/spi-builder-workspace/Sources/RxAppKit/Proxies/RxNSBrowserDelegateProxy.swift:1:8: note: also imported here
import AppKit
^
/Users/admin/builder/spi-builder-workspace/Sources/RxAppKit/Proxies/RxNSCollectionViewDataSourceProxy.swift:1:8: note: also imported here
import AppKit
^
/Users/admin/builder/spi-builder-workspace/Sources/RxAppKit/Proxies/RxNSCollectionViewDelegateProxy.swift:1:8: note: also imported here
import AppKit
^
/Users/admin/builder/spi-builder-workspace/Sources/RxAppKit/Proxies/RxNSComboBoxDataSourceProxy.swift:1:8: note: also imported here
import AppKit
^
/Users/admin/builder/spi-builder-workspace/Sources/RxAppKit/Proxies/RxNSOpenSavePanelDelegateProxy.swift:1:8: note: also imported here
import AppKit
^
/Users/admin/builder/spi-builder-workspace/Sources/RxAppKit/Proxies/RxNSOutlineViewDataSourceProxy.swift:2:8: note: also imported here
import AppKit
^
/Users/admin/builder/spi-builder-workspace/Sources/RxAppKit/Proxies/RxNSOutlineViewDelegateProxy.swift:9:8: note: also imported here
import AppKit
^
/Users/admin/builder/spi-builder-workspace/Sources/RxAppKit/Proxies/RxNSPageControllDelegateProxy.swift:1:8: note: also imported here
import AppKit
^
/Users/admin/builder/spi-builder-workspace/Sources/RxAppKit/Proxies/RxNSPopoverDelegateProxy.swift:1:8: note: also imported here
import AppKit
^
/Users/admin/builder/spi-builder-workspace/Sources/RxAppKit/Proxies/RxNSSearchFieldDelegateProxy.swift:1:8: note: also imported here
import AppKit
^
/Users/admin/builder/spi-builder-workspace/Sources/RxAppKit/Proxies/RxNSStackViewDelegateProxy.swift:1:8: note: also imported here
import AppKit
^
/Users/admin/builder/spi-builder-workspace/Sources/RxAppKit/Proxies/RxNSTabViewDelegateProxy.swift:1:8: note: also imported here
import AppKit
^
/Users/admin/builder/spi-builder-workspace/Sources/RxAppKit/Proxies/RxNSTableViewDataSourceProxy.swift:1:8: note: also imported here
import AppKit
^
/Users/admin/builder/spi-builder-workspace/Sources/RxAppKit/Proxies/RxNSTableViewDelegateProxy.swift:1:8: note: also imported here
import AppKit
^
/Users/admin/builder/spi-builder-workspace/Sources/RxAppKit/Proxies/RxNSTextFieldDelegateProxy.swift:1:8: note: also imported here
import AppKit
^
/Users/admin/builder/spi-builder-workspace/Sources/RxAppKit/Proxies/RxNSTextStorageDelegateProxy.swift:1:8: note: also imported here
import AppKit
^
/Users/admin/builder/spi-builder-workspace/Sources/RxAppKit/Target-Action/ActionProxy/ActionProxy.swift:1:8: note: also imported here
import AppKit
^
** BUILD FAILED **
The following build commands failed:
SwiftDriver RxAppKit normal arm64 com.apple.xcode.tools.swift.compiler (in target 'RxAppKit' from project 'RxAppKit')
Building workspace spi-builder-workspace with scheme RxAppKit
(2 failures)
Command line invocation:
/Applications/Xcode-26.5.0.app/Contents/Developer/usr/bin/xcodebuild -IDEClonedSourcePackagesDirPathOverride=/Users/admin/builder/spi-builder-workspace/.dependencies -resolvePackageDependencies
Resolve Package Graph
Resolved source packages:
RxAppKit: /Users/admin/builder/spi-builder-workspace
DifferenceKit: https://github.com/ra1028/DifferenceKit @ 1.3.0
RxSwift: https://github.com/ReactiveX/RxSwift @ 6.10.1
resolved source packages: RxAppKit, DifferenceKit, RxSwift
2026-09-27 16:43:43.566 xcodebuild[1161:6715] [MT] IDERunDestination: Supported platforms for the buildables in the current scheme is empty.
{
"dependencies" : [
{
"identity" : "rxswift",
"requirement" : {
"range" : [
{
"lower_bound" : "6.6.0",
"upper_bound" : "7.0.0"
}
]
},
"type" : "sourceControl",
"url" : "https://github.com/ReactiveX/RxSwift"
},
{
"identity" : "differencekit",
"requirement" : {
"range" : [
{
"lower_bound" : "1.3.0",
"upper_bound" : "2.0.0"
}
]
},
"type" : "sourceControl",
"url" : "https://github.com/ra1028/DifferenceKit"
},
{
"identity" : "appkitplus-release",
"requirement" : {
"range" : [
{
"lower_bound" : "0.4.2",
"upper_bound" : "1.0.0"
}
]
},
"type" : "sourceControl",
"url" : "https://github.com/AppKitSupportProgram/AppKitPlus-Release"
}
],
"manifest_display_name" : "RxAppKit",
"name" : "RxAppKit",
"path" : "/Users/admin/builder/spi-builder-workspace",
"platforms" : [
{
"name" : "macos",
"version" : "12.0"
}
],
"products" : [
{
"name" : "RxAppKit",
"targets" : [
"RxAppKit"
],
"type" : {
"library" : [
"automatic"
]
}
}
],
"swift_languages_versions" : [
"5"
],
"targets" : [
{
"c99name" : "RxAppKitTests",
"module_type" : "SwiftTarget",
"name" : "RxAppKitTests",
"path" : "Tests/RxAppKitTests",
"sources" : [
"AppKitPlusTraitTests.swift",
"DelegateProxyTests.swift",
"OutlineViewDiffTests.swift",
"RxAppKitTests.swift",
"TableViewAdapterTests.swift",
"TableViewReorderTests.swift",
"TargetActionTests.swift"
],
"target_dependencies" : [
"RxAppKit"
],
"type" : "test"
},
{
"c99name" : "RxAppKitObjC",
"module_type" : "ClangTarget",
"name" : "RxAppKitObjC",
"path" : "Sources/RxAppKitObjC",
"product_memberships" : [
"RxAppKit"
],
"sources" : [
"ObjCRuntimeAliases.m"
],
"type" : "library"
},
{
"c99name" : "RxAppKit",
"module_type" : "SwiftTarget",
"name" : "RxAppKit",
"path" : "Sources/RxAppKit",
"product_dependencies" : [
"RxSwift",
"RxCocoa",
"DifferenceKit"
],
"product_memberships" : [
"RxAppKit"
],
"sources" : [
"Common/AnyDifferentiable.swift",
"Common/AppKitPlus.swift",
"Common/DelegateProxyType.swift",
"Common/NSControl.StateValue+.swift",
"Common/NSObject+Association.swift",
"Common/NSToolbar+.swift",
"Common/NSToolbarItem+.swift",
"Common/ObjC+Constants.swift",
"Common/ObjC+Messages.swift",
"Common/ObjC+Runtime.swift",
"Common/ObjC+RuntimeSubclassing.swift",
"Common/ObjC+Selector.swift",
"Common/Objc+Synchronized.swift",
"Common/ObjectContainer.swift",
"Common/RxAppKit.swift",
"Common/RxCocoa.swift",
"Common/TableViewAnimationConfiguration.swift",
"Common/ViewTransition.swift",
"Components/HasDoubleAction+Rx.swift",
"Components/HasTargeAction+Rx.swift",
"Components/HasTargetRequiredAction+Rx.swift",
"Components/NSAlert+Rx.swift",
"Components/NSApplication+Rx.swift",
"Components/NSBrowser+Rx.swift",
"Components/NSButton+Rx.swift",
"Components/NSCollectionView+Rx.swift",
"Components/NSCollectionViewItem+Rx.swift",
"Components/NSColorPanel+Rx.swift",
"Components/NSColorWell+Rx.swift",
"Components/NSComboBox+Rx.swift",
"Components/NSControl+Rx.swift",
"Components/NSDatePicker+Rx.swift",
"Components/NSEvent+Rx.swift",
"Components/NSFontManager+Rx.swift",
"Components/NSGestureRecognizer+Rx.swift",
"Components/NSMenu+Rx.swift",
"Components/NSMenuItem+Rx.swift",
"Components/NSMenuToolbarItem+Rx.swift",
"Components/NSObject+Rx.swift",
"Components/NSOutlineView+Rx.swift",
"Components/NSPageController+Rx.swift",
"Components/NSPopUpButton+Rx.swift",
"Components/NSPopover+Rx.swift",
"Components/NSProgressIndicator+Rx.swift",
"Components/NSResponder+Rx.swift",
"Components/NSSavePanel+Rx.swift",
"Components/NSScrollView+Rx.swift",
"Components/NSSearchField+Rx.swift",
"Components/NSSegmentedControl+Rx.swift",
"Components/NSSharingServicePickerToolbarItem+Rx.swift",
"Components/NSSplitView+Rx.swift",
"Components/NSSplitViewController+Rx.swift",
"Components/NSStackView+Rx.swift",
"Components/NSStandardKeyBindingResponding+Rx.swift",
"Components/NSStepper+Rx.swift",
"Components/NSSwitch+Rx.swift",
"Components/NSTabView+Rx.swift",
"Components/NSTabViewController+Rx.swift",
"Components/NSTableView+Rx.swift",
"Components/NSTextField+Rx.swift",
"Components/NSTextStorage+Rx.swift",
"Components/NSTextView+Rx.swift",
"Components/NSToolbar+Rx.swift",
"Components/NSToolbarItem+Rx.swift",
"Components/NSView+Rx.swift",
"Components/NSViewController+Rx.swift",
"Components/NSWindow+Rx.swift",
"Components/NSWindowController+Rx.swift",
"DataSources & Adapters/Browser/BrowserAdapter.swift",
"DataSources & Adapters/Browser/RxNSBrowserAdapter.swift",
"DataSources & Adapters/CollectionView/CollectionViewArrayDataSource.swift",
"DataSources & Adapters/CollectionView/CollectionViewSectionedDataSource.swift",
"DataSources & Adapters/CollectionView/RxNSCollectionViewArrayDataSource.swift",
"DataSources & Adapters/CollectionView/RxNSCollectionViewSectionedDataSource.swift",
"DataSources & Adapters/ComboBox/ComboBoxDataSource.swift",
"DataSources & Adapters/ComboBox/RxNSComboBoxDataSource.swift",
"DataSources & Adapters/OutlineView/NSOutlineView+StagedChangeset.swift",
"DataSources & Adapters/OutlineView/OutlineViewAdapter.swift",
"DataSources & Adapters/OutlineView/ReorderableOutlineViewAdapter.swift",
"DataSources & Adapters/OutlineView/RxNSOutlineViewAdapter.swift",
"DataSources & Adapters/OutlineView/RxNSOutlineViewAdapterOptions.swift",
"DataSources & Adapters/OutlineView/RxNSOutlineViewSectionedAdapter.swift",
"DataSources & Adapters/PageController/PageControllerAdapter.swift",
"DataSources & Adapters/PageController/RxNSPageControllerAdapter.swift",
"DataSources & Adapters/ReorderCommitStrategy.swift",
"DataSources & Adapters/SharingServicePickerToolbarItem/RxNSSharingServicePickerToolbarItemAdapter.swift",
"DataSources & Adapters/SharingServicePickerToolbarItem/SharingServicePickerToolbarItemAdapter.swift",
"DataSources & Adapters/TableView/ReorderableTableViewAdapter.swift",
"DataSources & Adapters/TableView/RxNSTableViewAdapter.swift",
"DataSources & Adapters/TableView/RxNSTableViewAdapterOptions.swift",
"DataSources & Adapters/TableView/RxNSTableViewAnimatedAdapter.swift",
"DataSources & Adapters/TableView/RxNSTableViewSectionedReloadAdapter.swift",
"DataSources & Adapters/TableView/SectionedTableViewAdapter.swift",
"DataSources & Adapters/TableView/TableViewAdapter.swift",
"DataSources & Adapters/Toolbar/RxNSToolbarAdapter.swift",
"DataSources & Adapters/Toolbar/ToolbarAdapter.swift",
"Protocols/OutlineNodeType.swift",
"Protocols/RequiredMethodsDelegateProxyType.swift",
"Protocols/RowsViewDataSourceType.swift",
"Protocols/RxNSBrowserDelegateType.swift",
"Protocols/RxNSCollectionViewDataSourceType.swift",
"Protocols/RxNSComboBoxDataSourceType.swift",
"Protocols/RxNSOutlineViewDataSourceType.swift",
"Protocols/RxNSPageControllerDelegateType.swift",
"Protocols/RxNSSharingServicePickerToolbarItemDelegateType.swift",
"Protocols/RxNSTableViewDataSourceType.swift",
"Protocols/RxNSToolbarDelegateType.swift",
"Protocols/RxToolbarItemRepresentable.swift",
"Proxies/RxNSBrowserDelegateProxy.swift",
"Proxies/RxNSCollectionViewDataSourceProxy.swift",
"Proxies/RxNSCollectionViewDelegateProxy.swift",
"Proxies/RxNSComboBoxDataSourceProxy.swift",
"Proxies/RxNSMenuDelegateProxy.swift",
"Proxies/RxNSMenuProxy.swift",
"Proxies/RxNSOpenSavePanelDelegateProxy.swift",
"Proxies/RxNSOutlineViewDataSourceProxy.swift",
"Proxies/RxNSOutlineViewDelegateProxy.swift",
"Proxies/RxNSPageControllDelegateProxy.swift",
"Proxies/RxNSPopoverDelegateProxy.swift",
"Proxies/RxNSSearchFieldDelegateProxy.swift",
"Proxies/RxNSSharingServicePickerDelegateProxy.swift",
"Proxies/RxNSSharingServicePickerToolbarItemDelegateProxy.swift",
"Proxies/RxNSStackViewDelegateProxy.swift",
"Proxies/RxNSTabViewDelegateProxy.swift",
"Proxies/RxNSTableViewDataSourceProxy.swift",
"Proxies/RxNSTableViewDelegateProxy.swift",
"Proxies/RxNSTextFieldDelegateProxy.swift",
"Proxies/RxNSTextStorageDelegateProxy.swift",
"Proxies/RxNSToolbarDelegateProxy.swift",
"Proxies/RxNSToolbarProxy.swift",
"Target-Action/ActionProxy/ActionProxy+HasDoubleAction.swift",
"Target-Action/ActionProxy/ActionProxy+HasTargetAction.swift",
"Target-Action/ActionProxy/ActionProxy+HasTargetRequiredAction.swift",
"Target-Action/ActionProxy/ActionProxy.swift",
"Target-Action/Protocols/HasDoubleAction.swift",
"Target-Action/Protocols/HasTargeAction.swift",
"Target-Action/Protocols/HasTargetRequiredAction.swift",
"Target-Action/Target/BaseTarget.swift",
"Target-Action/Target/DoubleClickTarget.swift",
"Target-Action/Target/RxTarget.swift"
],
"target_dependencies" : [
"RxAppKitObjC"
],
"type" : "library"
}
],
"tools_version" : "6.2"
}
{
"workspace" : {
"name" : "spi-builder-workspace",
"schemes" : [
"RxAppKit"
]
}
}
2026-09-27 16:43:44.991 xcodebuild[1177:6813] [MT] IDERunDestination: Supported platforms for the buildables in the current scheme is empty.
Running build ...
env DEVELOPER_DIR=/Applications/Xcode-26.5.0.app xcrun xcodebuild -IDEClonedSourcePackagesDirPathOverride=$PWD/.dependencies -skipMacroValidation -skipPackagePluginValidation -derivedDataPath $PWD/.derivedData build -scheme RxAppKit -destination generic/platform=tvOS
Command line invocation:
/Applications/Xcode-26.5.0.app/Contents/Developer/usr/bin/xcodebuild -IDEClonedSourcePackagesDirPathOverride=/Users/admin/builder/spi-builder-workspace/.dependencies -skipMacroValidation -skipPackagePluginValidation -derivedDataPath /Users/admin/builder/spi-builder-workspace/.derivedData build -scheme RxAppKit -destination generic/platform=tvOS
Resolve Package Graph
Resolved source packages:
RxAppKit: /Users/admin/builder/spi-builder-workspace
DifferenceKit: https://github.com/ra1028/DifferenceKit @ 1.3.0
RxSwift: https://github.com/ReactiveX/RxSwift @ 6.10.1
ComputePackagePrebuildTargetDependencyGraph
Prepare packages
CreateBuildRequest
SendProjectDescription
CreateBuildOperation
ComputeTargetDependencyGraph
note: Building targets in dependency order
note: Target dependency graph (15 targets)
Target 'RxAppKit' in project 'RxAppKit'
➜ Explicit dependency on target 'RxAppKit' in project 'RxAppKit'
➜ Explicit dependency on target 'RxAppKitObjC' in project 'RxAppKit'
➜ Explicit dependency on target 'RxSwift' in project 'RxSwift'
➜ Explicit dependency on target 'RxCocoa' in project 'RxSwift'
➜ Explicit dependency on target 'DifferenceKit' in project 'DifferenceKit'
Target 'RxAppKit' in project 'RxAppKit'
➜ Explicit dependency on target 'RxAppKitObjC' in project 'RxAppKit'
➜ Explicit dependency on target 'RxSwift' in project 'RxSwift'
➜ Explicit dependency on target 'RxCocoa' in project 'RxSwift'
➜ Explicit dependency on target 'DifferenceKit' in project 'DifferenceKit'
Target 'DifferenceKit' in project 'DifferenceKit'
➜ Explicit dependency on target 'DifferenceKit' in project 'DifferenceKit'
Target 'DifferenceKit' in project 'DifferenceKit' (no dependencies)
Target 'RxCocoa' in project 'RxSwift'
➜ Explicit dependency on target 'RxCocoa' in project 'RxSwift'
➜ Explicit dependency on target 'RxSwift_RxCocoa' in project 'RxSwift'
➜ Explicit dependency on target 'RxSwift' in project 'RxSwift'
➜ Explicit dependency on target 'RxRelay' in project 'RxSwift'
➜ Explicit dependency on target 'RxCocoaRuntime' in project 'RxSwift'
Target 'RxCocoa' in project 'RxSwift'
➜ Explicit dependency on target 'RxSwift_RxCocoa' in project 'RxSwift'
➜ Explicit dependency on target 'RxSwift' in project 'RxSwift'
➜ Explicit dependency on target 'RxRelay' in project 'RxSwift'
➜ Explicit dependency on target 'RxCocoaRuntime' in project 'RxSwift'
Target 'RxCocoaRuntime' in project 'RxSwift'
➜ Explicit dependency on target 'RxSwift_RxCocoaRuntime' in project 'RxSwift'
➜ Explicit dependency on target 'RxSwift' in project 'RxSwift'
Target 'RxSwift_RxCocoaRuntime' in project 'RxSwift' (no dependencies)
Target 'RxRelay' in project 'RxSwift'
➜ Explicit dependency on target 'RxSwift_RxRelay' in project 'RxSwift'
➜ Explicit dependency on target 'RxSwift' in project 'RxSwift'
Target 'RxSwift_RxRelay' in project 'RxSwift' (no dependencies)
Target 'RxSwift_RxCocoa' in project 'RxSwift' (no dependencies)
Target 'RxSwift' in project 'RxSwift'
➜ Explicit dependency on target 'RxSwift' in project 'RxSwift'
➜ Explicit dependency on target 'RxSwift_RxSwift' in project 'RxSwift'
Target 'RxSwift' in project 'RxSwift'
➜ Explicit dependency on target 'RxSwift_RxSwift' in project 'RxSwift'
Target 'RxSwift_RxSwift' in project 'RxSwift' (no dependencies)
Target 'RxAppKitObjC' in project 'RxAppKit' (no dependencies)
GatherProvisioningInputs
CreateBuildDescription
ClangStatCache /Applications/Xcode-26.5.0.app/Contents/Developer/Toolchains/XcodeDefault.xctoolchain/usr/bin/clang-stat-cache /Applications/Xcode-26.5.0.app/Contents/Developer/Platforms/AppleTVOS.platform/Developer/SDKs/AppleTVOS26.5.sdk /Users/admin/builder/spi-builder-workspace/.derivedData/SDKStatCaches.noindex/appletvos26.5-23L470-688ef53f1462e2c8f657fdc38a81448fa2efe9286588b677106490127979b81c.sdkstatcache
cd /Users/admin/builder/spi-builder-workspace/.swiftpm/xcode
/Applications/Xcode-26.5.0.app/Contents/Developer/Toolchains/XcodeDefault.xctoolchain/usr/bin/clang-stat-cache /Applications/Xcode-26.5.0.app/Contents/Developer/Platforms/AppleTVOS.platform/Developer/SDKs/AppleTVOS26.5.sdk -o /Users/admin/builder/spi-builder-workspace/.derivedData/SDKStatCaches.noindex/appletvos26.5-23L470-688ef53f1462e2c8f657fdc38a81448fa2efe9286588b677106490127979b81c.sdkstatcache
ExtractAppIntentsMetadata (in target 'RxSwift' from project 'RxSwift')
cd /Users/admin/builder/spi-builder-workspace/.dependencies/checkouts/RxSwift
/Applications/Xcode-26.5.0.app/Contents/Developer/Toolchains/XcodeDefault.xctoolchain/usr/bin/appintentsmetadataprocessor --toolchain-dir /var/run/com.apple.security.cryptexd/mnt/com.apple.MobileAsset.MetalToolchain-v17.6.42.0.pZjybf/Metal.xctoolchain --module-name RxSwift --sdk-root /Applications/Xcode-26.5.0.app/Contents/Developer/Platforms/AppleTVOS.platform/Developer/SDKs/AppleTVOS26.5.sdk --xcode-version 17F42 --platform-family tvOS --deployment-target 12.0 --bundle-identifier rxswift.RxSwift --output /Users/admin/builder/spi-builder-workspace/.derivedData/Build/Products/Debug-appletvos/RxSwift.appintents --target-triple arm64-apple-tvos12.0 --binary-file /Users/admin/builder/spi-builder-workspace/.derivedData/Build/Products/Debug-appletvos/RxSwift.o --dependency-file /Users/admin/builder/spi-builder-workspace/.derivedData/Build/Intermediates.noindex/RxSwift.build/Debug-appletvos/RxSwift.build/Objects-normal/arm64/RxSwift_dependency_info.dat --stringsdata-file /Users/admin/builder/spi-builder-workspace/.derivedData/Build/Intermediates.noindex/RxSwift.build/Debug-appletvos/RxSwift.build/Objects-normal/arm64/ExtractedAppShortcutsMetadata.stringsdata --source-file-list /Users/admin/builder/spi-builder-workspace/.derivedData/Build/Intermediates.noindex/RxSwift.build/Debug-appletvos/RxSwift.build/Objects-normal/arm64/RxSwift.SwiftFileList --metadata-file-list /Users/admin/builder/spi-builder-workspace/.derivedData/Build/Intermediates.noindex/RxSwift.build/Debug-appletvos/RxSwift.build/RxSwift.DependencyMetadataFileList --static-metadata-file-list /Users/admin/builder/spi-builder-workspace/.derivedData/Build/Intermediates.noindex/RxSwift.build/Debug-appletvos/RxSwift.build/RxSwift.DependencyStaticMetadataFileList --swift-const-vals-list /Users/admin/builder/spi-builder-workspace/.derivedData/Build/Intermediates.noindex/RxSwift.build/Debug-appletvos/RxSwift.build/Objects-normal/arm64/RxSwift.SwiftConstValuesFileList --force --compile-time-extraction --deployment-aware-processing --validate-assistant-intents --no-app-shortcuts-localization
2026-09-27 16:43:47.171 appintentsmetadataprocessor[1198:6938] Starting appintentsmetadataprocessor export
2026-09-27 16:43:47.196 appintentsmetadataprocessor[1198:6938] Extracted no relevant App Intents symbols, skipping writing output
ExtractAppIntentsMetadata (in target 'DifferenceKit' from project 'DifferenceKit')
cd /Users/admin/builder/spi-builder-workspace/.dependencies/checkouts/DifferenceKit
/Applications/Xcode-26.5.0.app/Contents/Developer/Toolchains/XcodeDefault.xctoolchain/usr/bin/appintentsmetadataprocessor --toolchain-dir /var/run/com.apple.security.cryptexd/mnt/com.apple.MobileAsset.MetalToolchain-v17.6.42.0.pZjybf/Metal.xctoolchain --module-name DifferenceKit --sdk-root /Applications/Xcode-26.5.0.app/Contents/Developer/Platforms/AppleTVOS.platform/Developer/SDKs/AppleTVOS26.5.sdk --xcode-version 17F42 --platform-family tvOS --deployment-target 12.0 --bundle-identifier differencekit.DifferenceKit --output /Users/admin/builder/spi-builder-workspace/.derivedData/Build/Products/Debug-appletvos/DifferenceKit.appintents --target-triple arm64-apple-tvos12.0 --binary-file /Users/admin/builder/spi-builder-workspace/.derivedData/Build/Products/Debug-appletvos/DifferenceKit.o --dependency-file /Users/admin/builder/spi-builder-workspace/.derivedData/Build/Intermediates.noindex/DifferenceKit.build/Debug-appletvos/DifferenceKit.build/Objects-normal/arm64/DifferenceKit_dependency_info.dat --stringsdata-file /Users/admin/builder/spi-builder-workspace/.derivedData/Build/Intermediates.noindex/DifferenceKit.build/Debug-appletvos/DifferenceKit.build/Objects-normal/arm64/ExtractedAppShortcutsMetadata.stringsdata --source-file-list /Users/admin/builder/spi-builder-workspace/.derivedData/Build/Intermediates.noindex/DifferenceKit.build/Debug-appletvos/DifferenceKit.build/Objects-normal/arm64/DifferenceKit.SwiftFileList --metadata-file-list /Users/admin/builder/spi-builder-workspace/.derivedData/Build/Intermediates.noindex/DifferenceKit.build/Debug-appletvos/DifferenceKit.build/DifferenceKit.DependencyMetadataFileList --static-metadata-file-list /Users/admin/builder/spi-builder-workspace/.derivedData/Build/Intermediates.noindex/DifferenceKit.build/Debug-appletvos/DifferenceKit.build/DifferenceKit.DependencyStaticMetadataFileList --swift-const-vals-list /Users/admin/builder/spi-builder-workspace/.derivedData/Build/Intermediates.noindex/DifferenceKit.build/Debug-appletvos/DifferenceKit.build/Objects-normal/arm64/DifferenceKit.SwiftConstValuesFileList --force --compile-time-extraction --deployment-aware-processing --validate-assistant-intents --no-app-shortcuts-localization
2026-09-27 16:43:47.168 appintentsmetadataprocessor[1197:6937] Starting appintentsmetadataprocessor export
2026-09-27 16:43:47.193 appintentsmetadataprocessor[1197:6937] Extracted no relevant App Intents symbols, skipping writing output
SwiftDriver RxCocoa normal arm64 com.apple.xcode.tools.swift.compiler (in target 'RxCocoa' from project 'RxSwift')
cd /Users/admin/builder/spi-builder-workspace/.swiftpm/xcode
builtin-SwiftDriver -- /Applications/Xcode-26.5.0.app/Contents/Developer/Toolchains/XcodeDefault.xctoolchain/usr/bin/swiftc -module-name RxCocoa -Onone @/Users/admin/builder/spi-builder-workspace/.derivedData/Build/Intermediates.noindex/RxSwift.build/Debug-appletvos/RxCocoa.build/Objects-normal/arm64/RxCocoa.SwiftFileList -DSWIFT_PACKAGE -DDEBUG -DSWIFT_MODULE_RESOURCE_BUNDLE_AVAILABLE -Xcc -fmodule-map-file\=/Users/admin/builder/spi-builder-workspace/.derivedData/Build/Intermediates.noindex/GeneratedModuleMaps-appletvos/RxCocoaRuntime.modulemap -DXcode -plugin-path /Applications/Xcode-26.5.0.app/Contents/Developer/Toolchains/XcodeDefault.xctoolchain/usr/lib/swift/host/plugins/testing -enable-experimental-feature DebugDescriptionMacro -sdk /Applications/Xcode-26.5.0.app/Contents/Developer/Platforms/AppleTVOS.platform/Developer/SDKs/AppleTVOS26.5.sdk -target arm64-apple-tvos12.0 -g -module-cache-path /Users/admin/builder/spi-builder-workspace/.derivedData/ModuleCache.noindex -Xfrontend -serialize-debugging-options -profile-coverage-mapping -profile-generate -enable-testing -suppress-warnings -index-store-path /Users/admin/builder/spi-builder-workspace/.derivedData/Index.noindex/DataStore -Xcc -D_LIBCPP_HARDENING_MODE\=_LIBCPP_HARDENING_MODE_DEBUG -swift-version 5 -I /Users/admin/builder/spi-builder-workspace/.derivedData/Build/Products/Debug-appletvos -Isystem /Applications/Xcode-26.5.0.app/Contents/Developer/Platforms/AppleTVOS.platform/Developer/usr/lib -F /Users/admin/builder/spi-builder-workspace/.derivedData/Build/Products/Debug-appletvos/PackageFrameworks -F /Users/admin/builder/spi-builder-workspace/.derivedData/Build/Products/Debug-appletvos/PackageFrameworks -F /Users/admin/builder/spi-builder-workspace/.derivedData/Build/Products/Debug-appletvos/PackageFrameworks -F /Users/admin/builder/spi-builder-workspace/.derivedData/Build/Products/Debug-appletvos -F /Applications/Xcode-26.5.0.app/Contents/Developer/Platforms/AppleTVOS.platform/Developer/Library/Frameworks -F /Applications/Xcode-26.5.0.app/Contents/Developer/Platforms/AppleTVOS.platform/Developer/SDKs/AppleTVOS26.5.sdk/Developer/Library/Frameworks -c -j10 -enable-batch-mode -incremental -Xcc -ivfsstatcache -Xcc /Users/admin/builder/spi-builder-workspace/.derivedData/SDKStatCaches.noindex/appletvos26.5-23L470-688ef53f1462e2c8f657fdc38a81448fa2efe9286588b677106490127979b81c.sdkstatcache -output-file-map /Users/admin/builder/spi-builder-workspace/.derivedData/Build/Intermediates.noindex/RxSwift.build/Debug-appletvos/RxCocoa.build/Objects-normal/arm64/RxCocoa-OutputFileMap.json -use-frontend-parseable-output -save-temps -no-color-diagnostics -explicit-module-build -module-cache-path /Users/admin/builder/spi-builder-workspace/.derivedData/Build/Intermediates.noindex/SwiftExplicitPrecompiledModules -clang-scanner-module-cache-path /Users/admin/builder/spi-builder-workspace/.derivedData/ModuleCache.noindex -sdk-module-cache-path /Users/admin/builder/spi-builder-workspace/.derivedData/ModuleCache.noindex -serialize-diagnostics -emit-dependencies -emit-module -emit-module-path /Users/admin/builder/spi-builder-workspace/.derivedData/Build/Intermediates.noindex/RxSwift.build/Debug-appletvos/RxCocoa.build/Objects-normal/arm64/RxCocoa.swiftmodule -validate-clang-modules-once -clang-build-session-file /Users/admin/builder/spi-builder-workspace/.derivedData/ModuleCache.noindex/Session.modulevalidation -package-name rxswift -Xcc -I/Users/admin/builder/spi-builder-workspace/.derivedData/Build/Intermediates.noindex/RxSwift.build/Debug-appletvos/RxCocoa.build/swift-overrides.hmap -emit-const-values -Xfrontend -const-gather-protocols-file -Xfrontend /Users/admin/builder/spi-builder-workspace/.derivedData/Build/Intermediates.noindex/RxSwift.build/Debug-appletvos/RxCocoa.build/Objects-normal/arm64/RxCocoa_const_extract_protocols.json -Xcc -I/Users/admin/builder/spi-builder-workspace/.dependencies/checkouts/RxSwift/Sources/RxCocoaRuntime/include -Xcc -I/Users/admin/builder/spi-builder-workspace/.derivedData/Build/Products/Debug-appletvos/include -Xcc -I/Users/admin/builder/spi-builder-workspace/.derivedData/Build/Intermediates.noindex/RxSwift.build/Debug-appletvos/RxCocoa.build/DerivedSources-normal/arm64 -Xcc -I/Users/admin/builder/spi-builder-workspace/.derivedData/Build/Intermediates.noindex/RxSwift.build/Debug-appletvos/RxCocoa.build/DerivedSources/arm64 -Xcc -I/Users/admin/builder/spi-builder-workspace/.derivedData/Build/Intermediates.noindex/RxSwift.build/Debug-appletvos/RxCocoa.build/DerivedSources -Xcc -DSWIFT_PACKAGE -Xcc -DDEBUG\=1 -emit-objc-header -emit-objc-header-path /Users/admin/builder/spi-builder-workspace/.derivedData/Build/Intermediates.noindex/RxSwift.build/Debug-appletvos/RxCocoa.build/Objects-normal/arm64/RxCocoa-Swift.h -working-directory /Users/admin/builder/spi-builder-workspace/.swiftpm/xcode -experimental-emit-module-separately -disable-cmo
SwiftDriver RxAppKit normal arm64 com.apple.xcode.tools.swift.compiler (in target 'RxAppKit' from project 'RxAppKit')
cd /Users/admin/builder/spi-builder-workspace/.swiftpm/xcode
builtin-SwiftDriver -- /Applications/Xcode-26.5.0.app/Contents/Developer/Toolchains/XcodeDefault.xctoolchain/usr/bin/swiftc -module-name RxAppKit -Onone @/Users/admin/builder/spi-builder-workspace/.derivedData/Build/Intermediates.noindex/RxAppKit.build/Debug-appletvos/RxAppKit.build/Objects-normal/arm64/RxAppKit.SwiftFileList -DSWIFT_PACKAGE -DDEBUG -DSWIFT_MODULE_RESOURCE_BUNDLE_UNAVAILABLE -Xcc -fmodule-map-file\=/Users/admin/builder/spi-builder-workspace/.derivedData/Build/Intermediates.noindex/GeneratedModuleMaps-appletvos/RxCocoaRuntime.modulemap -Xcc -fmodule-map-file\=/Users/admin/builder/spi-builder-workspace/.derivedData/Build/Intermediates.noindex/GeneratedModuleMaps-appletvos/RxAppKitObjC.modulemap -DXcode -plugin-path /Applications/Xcode-26.5.0.app/Contents/Developer/Toolchains/XcodeDefault.xctoolchain/usr/lib/swift/host/plugins/testing -enable-experimental-feature DebugDescriptionMacro -sdk /Applications/Xcode-26.5.0.app/Contents/Developer/Platforms/AppleTVOS.platform/Developer/SDKs/AppleTVOS26.5.sdk -target arm64-apple-tvos12.0 -g -module-cache-path /Users/admin/builder/spi-builder-workspace/.derivedData/ModuleCache.noindex -Xfrontend -serialize-debugging-options -profile-coverage-mapping -profile-generate -enable-testing -index-store-path /Users/admin/builder/spi-builder-workspace/.derivedData/Index.noindex/DataStore -Xcc -D_LIBCPP_HARDENING_MODE\=_LIBCPP_HARDENING_MODE_DEBUG -swift-version 5 -I /Users/admin/builder/spi-builder-workspace/.derivedData/Build/Products/Debug-appletvos -Isystem /Applications/Xcode-26.5.0.app/Contents/Developer/Platforms/AppleTVOS.platform/Developer/usr/lib -F /Users/admin/builder/spi-builder-workspace/.derivedData/Build/Products/Debug-appletvos/PackageFrameworks -F /Users/admin/builder/spi-builder-workspace/.derivedData/Build/Products/Debug-appletvos/PackageFrameworks -F /Users/admin/builder/spi-builder-workspace/.derivedData/Build/Products/Debug-appletvos/PackageFrameworks -F /Users/admin/builder/spi-builder-workspace/.derivedData/Build/Products/Debug-appletvos/PackageFrameworks -F /Users/admin/builder/spi-builder-workspace/.derivedData/Build/Products/Debug-appletvos/PackageFrameworks -F /Users/admin/builder/spi-builder-workspace/.derivedData/Build/Products/Debug-appletvos/PackageFrameworks -F /Users/admin/builder/spi-builder-workspace/.derivedData/Build/Products/Debug-appletvos -F /Applications/Xcode-26.5.0.app/Contents/Developer/Platforms/AppleTVOS.platform/Developer/Library/Frameworks -F /Applications/Xcode-26.5.0.app/Contents/Developer/Platforms/AppleTVOS.platform/Developer/SDKs/AppleTVOS26.5.sdk/Developer/Library/Frameworks -c -j10 -enable-batch-mode -incremental -Xcc -ivfsstatcache -Xcc /Users/admin/builder/spi-builder-workspace/.derivedData/SDKStatCaches.noindex/appletvos26.5-23L470-688ef53f1462e2c8f657fdc38a81448fa2efe9286588b677106490127979b81c.sdkstatcache -output-file-map /Users/admin/builder/spi-builder-workspace/.derivedData/Build/Intermediates.noindex/RxAppKit.build/Debug-appletvos/RxAppKit.build/Objects-normal/arm64/RxAppKit-OutputFileMap.json -use-frontend-parseable-output -save-temps -no-color-diagnostics -explicit-module-build -module-cache-path /Users/admin/builder/spi-builder-workspace/.derivedData/Build/Intermediates.noindex/SwiftExplicitPrecompiledModules -clang-scanner-module-cache-path /Users/admin/builder/spi-builder-workspace/.derivedData/ModuleCache.noindex -sdk-module-cache-path /Users/admin/builder/spi-builder-workspace/.derivedData/ModuleCache.noindex -serialize-diagnostics -emit-dependencies -emit-module -emit-module-path /Users/admin/builder/spi-builder-workspace/.derivedData/Build/Intermediates.noindex/RxAppKit.build/Debug-appletvos/RxAppKit.build/Objects-normal/arm64/RxAppKit.swiftmodule -validate-clang-modules-once -clang-build-session-file /Users/admin/builder/spi-builder-workspace/.derivedData/ModuleCache.noindex/Session.modulevalidation -package-name spi_builder_workspace -Xcc -I/Users/admin/builder/spi-builder-workspace/.derivedData/Build/Intermediates.noindex/RxAppKit.build/Debug-appletvos/RxAppKit.build/swift-overrides.hmap -emit-const-values -Xfrontend -const-gather-protocols-file -Xfrontend /Users/admin/builder/spi-builder-workspace/.derivedData/Build/Intermediates.noindex/RxAppKit.build/Debug-appletvos/RxAppKit.build/Objects-normal/arm64/RxAppKit_const_extract_protocols.json -Xcc -I/Users/admin/builder/spi-builder-workspace/.dependencies/checkouts/RxSwift/Sources/RxCocoaRuntime/include -Xcc -I/Users/admin/builder/spi-builder-workspace/Sources/RxAppKitObjC/include -Xcc -I/Users/admin/builder/spi-builder-workspace/.derivedData/Build/Products/Debug-appletvos/include -Xcc -I/Users/admin/builder/spi-builder-workspace/.derivedData/Build/Intermediates.noindex/RxAppKit.build/Debug-appletvos/RxAppKit.build/DerivedSources-normal/arm64 -Xcc -I/Users/admin/builder/spi-builder-workspace/.derivedData/Build/Intermediates.noindex/RxAppKit.build/Debug-appletvos/RxAppKit.build/DerivedSources/arm64 -Xcc -I/Users/admin/builder/spi-builder-workspace/.derivedData/Build/Intermediates.noindex/RxAppKit.build/Debug-appletvos/RxAppKit.build/DerivedSources -Xcc -DSWIFT_PACKAGE -Xcc -DDEBUG\=1 -emit-objc-header -emit-objc-header-path /Users/admin/builder/spi-builder-workspace/.derivedData/Build/Intermediates.noindex/RxAppKit.build/Debug-appletvos/RxAppKit.build/Objects-normal/arm64/RxAppKit-Swift.h -working-directory /Users/admin/builder/spi-builder-workspace/.swiftpm/xcode -experimental-emit-module-separately -disable-cmo
/Users/admin/builder/spi-builder-workspace/Sources/RxAppKit/Common/DelegateProxyType.swift:1:8: error: Unable to resolve module dependency: 'AppKit'
import AppKit
^ (in target 'RxAppKit' from project 'RxAppKit')
/Users/admin/builder/spi-builder-workspace/Sources/RxAppKit/Common/DelegateProxyType.swift:1:8: note: A dependency of main module 'RxAppKit'
import AppKit
^ (in target 'RxAppKit' from project 'RxAppKit')
/Users/admin/builder/spi-builder-workspace/Sources/RxAppKit/Common/TableViewAnimationConfiguration.swift:1:8: note: Also imported here
import AppKit
^ (in target 'RxAppKit' from project 'RxAppKit')
/Users/admin/builder/spi-builder-workspace/Sources/RxAppKit/Components/HasDoubleAction+Rx.swift:1:8: note: Also imported here
import AppKit
^ (in target 'RxAppKit' from project 'RxAppKit')
/Users/admin/builder/spi-builder-workspace/Sources/RxAppKit/Components/NSAlert+Rx.swift:1:8: note: Also imported here
import AppKit
^ (in target 'RxAppKit' from project 'RxAppKit')
/Users/admin/builder/spi-builder-workspace/Sources/RxAppKit/Components/NSApplication+Rx.swift:1:8: note: Also imported here
import AppKit
^ (in target 'RxAppKit' from project 'RxAppKit')
/Users/admin/builder/spi-builder-workspace/Sources/RxAppKit/Components/NSBrowser+Rx.swift:1:8: note: Also imported here
import AppKit
^ (in target 'RxAppKit' from project 'RxAppKit')
/Users/admin/builder/spi-builder-workspace/Sources/RxAppKit/Components/NSButton+Rx.swift:1:8: note: Also imported here
import AppKit
^ (in target 'RxAppKit' from project 'RxAppKit')
/Users/admin/builder/spi-builder-workspace/Sources/RxAppKit/Components/NSCollectionView+Rx.swift:1:8: note: Also imported here
import AppKit
^ (in target 'RxAppKit' from project 'RxAppKit')
/Users/admin/builder/spi-builder-workspace/Sources/RxAppKit/Components/NSCollectionViewItem+Rx.swift:1:8: note: Also imported here
import AppKit
^ (in target 'RxAppKit' from project 'RxAppKit')
/Users/admin/builder/spi-builder-workspace/Sources/RxAppKit/Components/NSColorPanel+Rx.swift:1:8: note: Also imported here
import AppKit
^ (in target 'RxAppKit' from project 'RxAppKit')
/Users/admin/builder/spi-builder-workspace/Sources/RxAppKit/Components/NSColorWell+Rx.swift:1:8: note: Also imported here
import AppKit
^ (in target 'RxAppKit' from project 'RxAppKit')
/Users/admin/builder/spi-builder-workspace/Sources/RxAppKit/Components/NSComboBox+Rx.swift:1:8: note: Also imported here
import AppKit
^ (in target 'RxAppKit' from project 'RxAppKit')
/Users/admin/builder/spi-builder-workspace/Sources/RxAppKit/Components/NSControl+Rx.swift:1:8: note: Also imported here
import AppKit
^ (in target 'RxAppKit' from project 'RxAppKit')
/Users/admin/builder/spi-builder-workspace/Sources/RxAppKit/Components/NSDatePicker+Rx.swift:1:8: note: Also imported here
import AppKit
^ (in target 'RxAppKit' from project 'RxAppKit')
/Users/admin/builder/spi-builder-workspace/Sources/RxAppKit/Components/NSFontManager+Rx.swift:1:8: note: Also imported here
import AppKit
^ (in target 'RxAppKit' from project 'RxAppKit')
/Users/admin/builder/spi-builder-workspace/Sources/RxAppKit/Components/NSGestureRecognizer+Rx.swift:1:8: note: Also imported here
import AppKit
^ (in target 'RxAppKit' from project 'RxAppKit')
/Users/admin/builder/spi-builder-workspace/Sources/RxAppKit/Components/NSMenu+Rx.swift:1:8: note: Also imported here
import AppKit
^ (in target 'RxAppKit' from project 'RxAppKit')
/Users/admin/builder/spi-builder-workspace/Sources/RxAppKit/Components/NSOutlineView+Rx.swift:1:8: note: Also imported here
import AppKit
^ (in target 'RxAppKit' from project 'RxAppKit')
/Users/admin/builder/spi-builder-workspace/Sources/RxAppKit/Components/NSPageController+Rx.swift:1:8: note: Also imported here
import AppKit
^ (in target 'RxAppKit' from project 'RxAppKit')
/Users/admin/builder/spi-builder-workspace/Sources/RxAppKit/Components/NSPopUpButton+Rx.swift:1:8: note: Also imported here
import AppKit
^ (in target 'RxAppKit' from project 'RxAppKit')
/Users/admin/builder/spi-builder-workspace/Sources/RxAppKit/Components/NSPopover+Rx.swift:1:8: note: Also imported here
import AppKit
^ (in target 'RxAppKit' from project 'RxAppKit')
/Users/admin/builder/spi-builder-workspace/Sources/RxAppKit/Components/NSProgressIndicator+Rx.swift:1:8: note: Also imported here
import AppKit
^ (in target 'RxAppKit' from project 'RxAppKit')
/Users/admin/builder/spi-builder-workspace/Sources/RxAppKit/Components/NSResponder+Rx.swift:1:8: note: Also imported here
import AppKit
^ (in target 'RxAppKit' from project 'RxAppKit')
/Users/admin/builder/spi-builder-workspace/Sources/RxAppKit/Components/NSSavePanel+Rx.swift:1:8: note: Also imported here
import AppKit
^ (in target 'RxAppKit' from project 'RxAppKit')
/Users/admin/builder/spi-builder-workspace/Sources/RxAppKit/Components/NSScrollView+Rx.swift:1:8: note: Also imported here
import AppKit
^ (in target 'RxAppKit' from project 'RxAppKit')
/Users/admin/builder/spi-builder-workspace/Sources/RxAppKit/Components/NSSearchField+Rx.swift:1:8: note: Also imported here
import AppKit
^ (in target 'RxAppKit' from project 'RxAppKit')
/Users/admin/builder/spi-builder-workspace/Sources/RxAppKit/Components/NSSegmentedControl+Rx.swift:1:8: note: Also imported here
import AppKit
^ (in target 'RxAppKit' from project 'RxAppKit')
/Users/admin/builder/spi-builder-workspace/Sources/RxAppKit/Components/NSSplitView+Rx.swift:1:8: note: Also imported here
import AppKit
^ (in target 'RxAppKit' from project 'RxAppKit')
/Users/admin/builder/spi-builder-workspace/Sources/RxAppKit/Components/NSStackView+Rx.swift:1:8: note: Also imported here
import AppKit
^ (in target 'RxAppKit' from project 'RxAppKit')
/Users/admin/builder/spi-builder-workspace/Sources/RxAppKit/Components/NSStepper+Rx.swift:1:8: note: Also imported here
import AppKit
^ (in target 'RxAppKit' from project 'RxAppKit')
/Users/admin/builder/spi-builder-workspace/Sources/RxAppKit/Components/NSSwitch+Rx.swift:1:8: note: Also imported here
import AppKit
^ (in target 'RxAppKit' from project 'RxAppKit')
/Users/admin/builder/spi-builder-workspace/Sources/RxAppKit/Components/NSTabView+Rx.swift:1:8: note: Also imported here
import AppKit
^ (in target 'RxAppKit' from project 'RxAppKit')
/Users/admin/builder/spi-builder-workspace/Sources/RxAppKit/Components/NSTabViewController+Rx.swift:1:8: note: Also imported here
import AppKit
^ (in target 'RxAppKit' from project 'RxAppKit')
/Users/admin/builder/spi-builder-workspace/Sources/RxAppKit/Components/NSTableView+Rx.swift:1:8: note: Also imported here
import AppKit
^ (in target 'RxAppKit' from project 'RxAppKit')
/Users/admin/builder/spi-builder-workspace/Sources/RxAppKit/Components/NSTextField+Rx.swift:1:8: note: Also imported here
import AppKit
^ (in target 'RxAppKit' from project 'RxAppKit')
/Users/admin/builder/spi-builder-workspace/Sources/RxAppKit/Components/NSTextStorage+Rx.swift:1:8: note: Also imported here
import AppKit
^ (in target 'RxAppKit' from project 'RxAppKit')
/Users/admin/builder/spi-builder-workspace/Sources/RxAppKit/Components/NSTextView+Rx.swift:1:8: note: Also imported here
import AppKit
^ (in target 'RxAppKit' from project 'RxAppKit')
/Users/admin/builder/spi-builder-workspace/Sources/RxAppKit/Components/NSToolbarItem+Rx.swift:1:8: note: Also imported here
import AppKit
^ (in target 'RxAppKit' from project 'RxAppKit')
/Users/admin/builder/spi-builder-workspace/Sources/RxAppKit/Components/NSView+Rx.swift:1:8: note: Also imported here
import AppKit
^ (in target 'RxAppKit' from project 'RxAppKit')
/Users/admin/builder/spi-builder-workspace/Sources/RxAppKit/Components/NSViewController+Rx.swift:8:8: note: Also imported here
import AppKit
^ (in target 'RxAppKit' from project 'RxAppKit')
/Users/admin/builder/spi-builder-workspace/Sources/RxAppKit/Components/NSWindow+Rx.swift:1:8: note: Also imported here
import AppKit
^ (in target 'RxAppKit' from project 'RxAppKit')
/Users/admin/builder/spi-builder-workspace/Sources/RxAppKit/Components/NSWindowController+Rx.swift:8:8: note: Also imported here
import AppKit
^ (in target 'RxAppKit' from project 'RxAppKit')
/Users/admin/builder/spi-builder-workspace/Sources/RxAppKit/DataSources & Adapters/Browser/BrowserAdapter.swift:1:8: note: Also imported here
import AppKit
^ (in target 'RxAppKit' from project 'RxAppKit')
/Users/admin/builder/spi-builder-workspace/Sources/RxAppKit/DataSources & Adapters/Browser/RxNSBrowserAdapter.swift:1:8: note: Also imported here
import AppKit
^ (in target 'RxAppKit' from project 'RxAppKit')
/Users/admin/builder/spi-builder-workspace/Sources/RxAppKit/DataSources & Adapters/CollectionView/CollectionViewArrayDataSource.swift:1:8: note: Also imported here
import AppKit
^ (in target 'RxAppKit' from project 'RxAppKit')
/Users/admin/builder/spi-builder-workspace/Sources/RxAppKit/DataSources & Adapters/CollectionView/CollectionViewSectionedDataSource.swift:1:8: note: Also imported here
import AppKit
^ (in target 'RxAppKit' from project 'RxAppKit')
/Users/admin/builder/spi-builder-workspace/Sources/RxAppKit/DataSources & Adapters/CollectionView/RxNSCollectionViewArrayDataSource.swift:1:8: note: Also imported here
import AppKit
^ (in target 'RxAppKit' from project 'RxAppKit')
/Users/admin/builder/spi-builder-workspace/Sources/RxAppKit/DataSources & Adapters/CollectionView/RxNSCollectionViewSectionedDataSource.swift:1:8: note: Also imported here
import AppKit
^ (in target 'RxAppKit' from project 'RxAppKit')
/Users/admin/builder/spi-builder-workspace/Sources/RxAppKit/DataSources & Adapters/ComboBox/ComboBoxDataSource.swift:1:8: note: Also imported here
import AppKit
^ (in target 'RxAppKit' from project 'RxAppKit')
/Users/admin/builder/spi-builder-workspace/Sources/RxAppKit/DataSources & Adapters/ComboBox/RxNSComboBoxDataSource.swift:1:8: note: Also imported here
import AppKit
^ (in target 'RxAppKit' from project 'RxAppKit')
/Users/admin/builder/spi-builder-workspace/Sources/RxAppKit/DataSources & Adapters/OutlineView/NSOutlineView+StagedChangeset.swift:1:8: note: Also imported here
import AppKit
^ (in target 'RxAppKit' from project 'RxAppKit')
/Users/admin/builder/spi-builder-workspace/Sources/RxAppKit/DataSources & Adapters/OutlineView/OutlineViewAdapter.swift:1:8: note: Also imported here
import AppKit
^ (in target 'RxAppKit' from project 'RxAppKit')
/Users/admin/builder/spi-builder-workspace/Sources/RxAppKit/DataSources & Adapters/OutlineView/ReorderableOutlineViewAdapter.swift:1:8: note: Also imported here
import AppKit
^ (in target 'RxAppKit' from project 'RxAppKit')
/Users/admin/builder/spi-builder-workspace/Sources/RxAppKit/DataSources & Adapters/OutlineView/RxNSOutlineViewAdapter.swift:1:8: note: Also imported here
import AppKit
^ (in target 'RxAppKit' from project 'RxAppKit')
/Users/admin/builder/spi-builder-workspace/Sources/RxAppKit/DataSources & Adapters/OutlineView/RxNSOutlineViewSectionedAdapter.swift:1:8: note: Also imported here
import AppKit
^ (in target 'RxAppKit' from project 'RxAppKit')
/Users/admin/builder/spi-builder-workspace/Sources/RxAppKit/DataSources & Adapters/PageController/PageControllerAdapter.swift:8:8: note: Also imported here
import AppKit
^ (in target 'RxAppKit' from project 'RxAppKit')
/Users/admin/builder/spi-builder-workspace/Sources/RxAppKit/DataSources & Adapters/PageController/RxNSPageControllerAdapter.swift:8:8: note: Also imported here
import AppKit
^ (in target 'RxAppKit' from project 'RxAppKit')
/Users/admin/builder/spi-builder-workspace/Sources/RxAppKit/DataSources & Adapters/TableView/ReorderableTableViewAdapter.swift:1:8: note: Also imported here
import AppKit
^ (in target 'RxAppKit' from project 'RxAppKit')
/Users/admin/builder/spi-builder-workspace/Sources/RxAppKit/DataSources & Adapters/TableView/RxNSTableViewAdapter.swift:1:8: note: Also imported here
import AppKit
^ (in target 'RxAppKit' from project 'RxAppKit')
/Users/admin/builder/spi-builder-workspace/Sources/RxAppKit/DataSources & Adapters/TableView/RxNSTableViewSectionedReloadAdapter.swift:1:8: note: Also imported here
import AppKit
^ (in target 'RxAppKit' from project 'RxAppKit')
/Users/admin/builder/spi-builder-workspace/Sources/RxAppKit/DataSources & Adapters/TableView/SectionedTableViewAdapter.swift:1:8: note: Also imported here
import AppKit
^ (in target 'RxAppKit' from project 'RxAppKit')
/Users/admin/builder/spi-builder-workspace/Sources/RxAppKit/DataSources & Adapters/TableView/TableViewAdapter.swift:1:8: note: Also imported here
import AppKit
^ (in target 'RxAppKit' from project 'RxAppKit')
/Users/admin/builder/spi-builder-workspace/Sources/RxAppKit/Protocols/RxNSBrowserDelegateType.swift:1:8: note: Also imported here
import AppKit
^ (in target 'RxAppKit' from project 'RxAppKit')
/Users/admin/builder/spi-builder-workspace/Sources/RxAppKit/Protocols/RxNSCollectionViewDataSourceType.swift:1:8: note: Also imported here
import AppKit
^ (in target 'RxAppKit' from project 'RxAppKit')
/Users/admin/builder/spi-builder-workspace/Sources/RxAppKit/Protocols/RxNSComboBoxDataSourceType.swift:1:8: note: Also imported here
import AppKit
^ (in target 'RxAppKit' from project 'RxAppKit')
/Users/admin/builder/spi-builder-workspace/Sources/RxAppKit/Protocols/RxNSOutlineViewDataSourceType.swift:1:8: note: Also imported here
import AppKit
^ (in target 'RxAppKit' from project 'RxAppKit')
/Users/admin/builder/spi-builder-workspace/Sources/RxAppKit/Protocols/RxNSPageControllerDelegateType.swift:1:8: note: Also imported here
import AppKit
^ (in target 'RxAppKit' from project 'RxAppKit')
/Users/admin/builder/spi-builder-workspace/Sources/RxAppKit/Protocols/RxNSTableViewDataSourceType.swift:1:8: note: Also imported here
import AppKit
^ (in target 'RxAppKit' from project 'RxAppKit')
/Users/admin/builder/spi-builder-workspace/Sources/RxAppKit/Proxies/RxNSBrowserDelegateProxy.swift:1:8: note: Also imported here
import AppKit
^ (in target 'RxAppKit' from project 'RxAppKit')
/Users/admin/builder/spi-builder-workspace/Sources/RxAppKit/Proxies/RxNSCollectionViewDataSourceProxy.swift:1:8: note: Also imported here
import AppKit
^ (in target 'RxAppKit' from project 'RxAppKit')
/Users/admin/builder/spi-builder-workspace/Sources/RxAppKit/Proxies/RxNSCollectionViewDelegateProxy.swift:1:8: note: Also imported here
import AppKit
^ (in target 'RxAppKit' from project 'RxAppKit')
/Users/admin/builder/spi-builder-workspace/Sources/RxAppKit/Proxies/RxNSComboBoxDataSourceProxy.swift:1:8: note: Also imported here
import AppKit
^ (in target 'RxAppKit' from project 'RxAppKit')
/Users/admin/builder/spi-builder-workspace/Sources/RxAppKit/Proxies/RxNSOpenSavePanelDelegateProxy.swift:1:8: note: Also imported here
import AppKit
^ (in target 'RxAppKit' from project 'RxAppKit')
/Users/admin/builder/spi-builder-workspace/Sources/RxAppKit/Proxies/RxNSOutlineViewDataSourceProxy.swift:2:8: note: Also imported here
import AppKit
^ (in target 'RxAppKit' from project 'RxAppKit')
/Users/admin/builder/spi-builder-workspace/Sources/RxAppKit/Proxies/RxNSOutlineViewDelegateProxy.swift:9:8: note: Also imported here
import AppKit
^ (in target 'RxAppKit' from project 'RxAppKit')
/Users/admin/builder/spi-builder-workspace/Sources/RxAppKit/Proxies/RxNSPageControllDelegateProxy.swift:1:8: note: Also imported here
import AppKit
^ (in target 'RxAppKit' from project 'RxAppKit')
/Users/admin/builder/spi-builder-workspace/Sources/RxAppKit/Proxies/RxNSPopoverDelegateProxy.swift:1:8: note: Also imported here
import AppKit
^ (in target 'RxAppKit' from project 'RxAppKit')
/Users/admin/builder/spi-builder-workspace/Sources/RxAppKit/Proxies/RxNSSearchFieldDelegateProxy.swift:1:8: note: Also imported here
import AppKit
^ (in target 'RxAppKit' from project 'RxAppKit')
/Users/admin/builder/spi-builder-workspace/Sources/RxAppKit/Proxies/RxNSStackViewDelegateProxy.swift:1:8: note: Also imported here
import AppKit
^ (in target 'RxAppKit' from project 'RxAppKit')
/Users/admin/builder/spi-builder-workspace/Sources/RxAppKit/Proxies/RxNSTabViewDelegateProxy.swift:1:8: note: Also imported here
import AppKit
^ (in target 'RxAppKit' from project 'RxAppKit')
/Users/admin/builder/spi-builder-workspace/Sources/RxAppKit/Proxies/RxNSTableViewDataSourceProxy.swift:1:8: note: Also imported here
import AppKit
^ (in target 'RxAppKit' from project 'RxAppKit')
/Users/admin/builder/spi-builder-workspace/Sources/RxAppKit/Proxies/RxNSTableViewDelegateProxy.swift:1:8: note: Also imported here
import AppKit
^ (in target 'RxAppKit' from project 'RxAppKit')
/Users/admin/builder/spi-builder-workspace/Sources/RxAppKit/Proxies/RxNSTextFieldDelegateProxy.swift:1:8: note: Also imported here
import AppKit
^ (in target 'RxAppKit' from project 'RxAppKit')
/Users/admin/builder/spi-builder-workspace/Sources/RxAppKit/Proxies/RxNSTextStorageDelegateProxy.swift:1:8: note: Also imported here
import AppKit
^ (in target 'RxAppKit' from project 'RxAppKit')
/Users/admin/builder/spi-builder-workspace/Sources/RxAppKit/Target-Action/ActionProxy/ActionProxy.swift:1:8: note: Also imported here
import AppKit
^ (in target 'RxAppKit' from project 'RxAppKit')
RegisterExecutionPolicyException /Users/admin/builder/spi-builder-workspace/.derivedData/Build/Products/Debug-appletvos/DifferenceKit.o (in target 'DifferenceKit' from project 'DifferenceKit')
cd /Users/admin/builder/spi-builder-workspace/.dependencies/checkouts/DifferenceKit
builtin-RegisterExecutionPolicyException /Users/admin/builder/spi-builder-workspace/.derivedData/Build/Products/Debug-appletvos/DifferenceKit.o
RegisterExecutionPolicyException /Users/admin/builder/spi-builder-workspace/.derivedData/Build/Products/Debug-appletvos/RxSwift.o (in target 'RxSwift' from project 'RxSwift')
cd /Users/admin/builder/spi-builder-workspace/.dependencies/checkouts/RxSwift
builtin-RegisterExecutionPolicyException /Users/admin/builder/spi-builder-workspace/.derivedData/Build/Products/Debug-appletvos/RxSwift.o
Ld /Users/admin/builder/spi-builder-workspace/.derivedData/Build/Products/Debug-appletvos/RxCocoaRuntime.o normal (in target 'RxCocoaRuntime' from project 'RxSwift')
cd /Users/admin/builder/spi-builder-workspace/.dependencies/checkouts/RxSwift
/Applications/Xcode-26.5.0.app/Contents/Developer/Toolchains/XcodeDefault.xctoolchain/usr/bin/clang -Xlinker -reproducible -target arm64-apple-tvos12.0 -r -isysroot /Applications/Xcode-26.5.0.app/Contents/Developer/Platforms/AppleTVOS.platform/Developer/SDKs/AppleTVOS26.5.sdk -O0 -w -F/Users/admin/builder/spi-builder-workspace/.derivedData/Build/Intermediates.noindex/EagerLinkingTBDs/Debug-appletvos -F/Users/admin/builder/spi-builder-workspace/.derivedData/Build/Products/Debug-appletvos/PackageFrameworks -F/Users/admin/builder/spi-builder-workspace/.derivedData/Build/Products/Debug-appletvos -iframework /Applications/Xcode-26.5.0.app/Contents/Developer/Platforms/AppleTVOS.platform/Developer/Library/Frameworks -iframework /Applications/Xcode-26.5.0.app/Contents/Developer/Platforms/AppleTVOS.platform/Developer/SDKs/AppleTVOS26.5.sdk/Developer/Library/Frameworks -filelist /Users/admin/builder/spi-builder-workspace/.derivedData/Build/Intermediates.noindex/RxSwift.build/Debug-appletvos/RxCocoaRuntime.build/Objects-normal/arm64/RxCocoaRuntime.LinkFileList -nostdlib -Xlinker -object_path_lto -Xlinker /Users/admin/builder/spi-builder-workspace/.derivedData/Build/Intermediates.noindex/RxSwift.build/Debug-appletvos/RxCocoaRuntime.build/Objects-normal/arm64/RxCocoaRuntime_lto.o -Xlinker -no_deduplicate -Xlinker -debug_variant -Xlinker -dependency_info -Xlinker /Users/admin/builder/spi-builder-workspace/.derivedData/Build/Intermediates.noindex/RxSwift.build/Debug-appletvos/RxCocoaRuntime.build/Objects-normal/arm64/RxCocoaRuntime_dependency_info.dat -fobjc-arc -fobjc-link-runtime -o /Users/admin/builder/spi-builder-workspace/.derivedData/Build/Products/Debug-appletvos/RxCocoaRuntime.o
Ld /Users/admin/builder/spi-builder-workspace/.derivedData/Build/Products/Debug-appletvos/RxRelay.o normal (in target 'RxRelay' from project 'RxSwift')
cd /Users/admin/builder/spi-builder-workspace/.dependencies/checkouts/RxSwift
/Applications/Xcode-26.5.0.app/Contents/Developer/Toolchains/XcodeDefault.xctoolchain/usr/bin/clang -Xlinker -reproducible -target arm64-apple-tvos12.0 -r -isysroot /Applications/Xcode-26.5.0.app/Contents/Developer/Platforms/AppleTVOS.platform/Developer/SDKs/AppleTVOS26.5.sdk -O0 -w -F/Users/admin/builder/spi-builder-workspace/.derivedData/Build/Intermediates.noindex/EagerLinkingTBDs/Debug-appletvos -F/Users/admin/builder/spi-builder-workspace/.derivedData/Build/Products/Debug-appletvos/PackageFrameworks -F/Users/admin/builder/spi-builder-workspace/.derivedData/Build/Products/Debug-appletvos -iframework /Applications/Xcode-26.5.0.app/Contents/Developer/Platforms/AppleTVOS.platform/Developer/Library/Frameworks -iframework /Applications/Xcode-26.5.0.app/Contents/Developer/Platforms/AppleTVOS.platform/Developer/SDKs/AppleTVOS26.5.sdk/Developer/Library/Frameworks -filelist /Users/admin/builder/spi-builder-workspace/.derivedData/Build/Intermediates.noindex/RxSwift.build/Debug-appletvos/RxRelay.build/Objects-normal/arm64/RxRelay.LinkFileList -nostdlib -Xlinker -object_path_lto -Xlinker /Users/admin/builder/spi-builder-workspace/.derivedData/Build/Intermediates.noindex/RxSwift.build/Debug-appletvos/RxRelay.build/Objects-normal/arm64/RxRelay_lto.o -Xlinker -no_deduplicate -Xlinker -debug_variant -Xlinker -dependency_info -Xlinker /Users/admin/builder/spi-builder-workspace/.derivedData/Build/Intermediates.noindex/RxSwift.build/Debug-appletvos/RxRelay.build/Objects-normal/arm64/RxRelay_dependency_info.dat -fobjc-link-runtime -L/Applications/Xcode-26.5.0.app/Contents/Developer/Toolchains/XcodeDefault.xctoolchain/usr/lib/swift/appletvos -L/usr/lib/swift -Xlinker -add_ast_path -Xlinker /Users/admin/builder/spi-builder-workspace/.derivedData/Build/Intermediates.noindex/RxSwift.build/Debug-appletvos/RxRelay.build/Objects-normal/arm64/RxRelay.swiftmodule @/Users/admin/builder/spi-builder-workspace/.derivedData/Build/Intermediates.noindex/RxSwift.build/Debug-appletvos/RxRelay.build/Objects-normal/arm64/RxRelay-linker-args.resp -o /Users/admin/builder/spi-builder-workspace/.derivedData/Build/Products/Debug-appletvos/RxRelay.o
ExtractAppIntentsMetadata (in target 'RxRelay' from project 'RxSwift')
cd /Users/admin/builder/spi-builder-workspace/.dependencies/checkouts/RxSwift
/Applications/Xcode-26.5.0.app/Contents/Developer/Toolchains/XcodeDefault.xctoolchain/usr/bin/appintentsmetadataprocessor --toolchain-dir /var/run/com.apple.security.cryptexd/mnt/com.apple.MobileAsset.MetalToolchain-v17.6.42.0.pZjybf/Metal.xctoolchain --module-name RxRelay --sdk-root /Applications/Xcode-26.5.0.app/Contents/Developer/Platforms/AppleTVOS.platform/Developer/SDKs/AppleTVOS26.5.sdk --xcode-version 17F42 --platform-family tvOS --deployment-target 12.0 --bundle-identifier rxswift.RxRelay --output /Users/admin/builder/spi-builder-workspace/.derivedData/Build/Products/Debug-appletvos/RxRelay.appintents --target-triple arm64-apple-tvos12.0 --binary-file /Users/admin/builder/spi-builder-workspace/.derivedData/Build/Products/Debug-appletvos/RxRelay.o --dependency-file /Users/admin/builder/spi-builder-workspace/.derivedData/Build/Intermediates.noindex/RxSwift.build/Debug-appletvos/RxRelay.build/Objects-normal/arm64/RxRelay_dependency_info.dat --stringsdata-file /Users/admin/builder/spi-builder-workspace/.derivedData/Build/Intermediates.noindex/RxSwift.build/Debug-appletvos/RxRelay.build/Objects-normal/arm64/ExtractedAppShortcutsMetadata.stringsdata --source-file-list /Users/admin/builder/spi-builder-workspace/.derivedData/Build/Intermediates.noindex/RxSwift.build/Debug-appletvos/RxRelay.build/Objects-normal/arm64/RxRelay.SwiftFileList --metadata-file-list /Users/admin/builder/spi-builder-workspace/.derivedData/Build/Intermediates.noindex/RxSwift.build/Debug-appletvos/RxRelay.build/RxRelay.DependencyMetadataFileList --static-metadata-file-list /Users/admin/builder/spi-builder-workspace/.derivedData/Build/Intermediates.noindex/RxSwift.build/Debug-appletvos/RxRelay.build/RxRelay.DependencyStaticMetadataFileList --swift-const-vals-list /Users/admin/builder/spi-builder-workspace/.derivedData/Build/Intermediates.noindex/RxSwift.build/Debug-appletvos/RxRelay.build/Objects-normal/arm64/RxRelay.SwiftConstValuesFileList --force --compile-time-extraction --deployment-aware-processing --validate-assistant-intents --no-app-shortcuts-localization
2026-09-27 16:43:47.313 appintentsmetadataprocessor[1203:6991] Starting appintentsmetadataprocessor export
2026-09-27 16:43:47.332 appintentsmetadataprocessor[1203:6991] Extracted no relevant App Intents symbols, skipping writing output
RegisterExecutionPolicyException /Users/admin/builder/spi-builder-workspace/.derivedData/Build/Products/Debug-appletvos/RxCocoaRuntime.o (in target 'RxCocoaRuntime' from project 'RxSwift')
cd /Users/admin/builder/spi-builder-workspace/.dependencies/checkouts/RxSwift
builtin-RegisterExecutionPolicyException /Users/admin/builder/spi-builder-workspace/.derivedData/Build/Products/Debug-appletvos/RxCocoaRuntime.o
RegisterExecutionPolicyException /Users/admin/builder/spi-builder-workspace/.derivedData/Build/Products/Debug-appletvos/RxRelay.o (in target 'RxRelay' from project 'RxSwift')
cd /Users/admin/builder/spi-builder-workspace/.dependencies/checkouts/RxSwift
builtin-RegisterExecutionPolicyException /Users/admin/builder/spi-builder-workspace/.derivedData/Build/Products/Debug-appletvos/RxRelay.o
SwiftCompile normal arm64 Compiling\ ControlEvent+Driver.swift /Users/admin/builder/spi-builder-workspace/.dependencies/checkouts/RxSwift/Sources/RxCocoa/ControlEvent+Driver.swift (in target 'RxCocoa' from project 'RxSwift')
SwiftCompile normal arm64 Compiling\ ControlEvent+Signal.swift /Users/admin/builder/spi-builder-workspace/.dependencies/checkouts/RxSwift/Sources/RxCocoa/ControlEvent+Signal.swift (in target 'RxCocoa' from project 'RxSwift')
SwiftCompile normal arm64 Compiling\ ControlProperty+Driver.swift /Users/admin/builder/spi-builder-workspace/.dependencies/checkouts/RxSwift/Sources/RxCocoa/ControlProperty+Driver.swift (in target 'RxCocoa' from project 'RxSwift')
SwiftCompile normal arm64 Compiling\ resource_bundle_accessor.swift /Users/admin/builder/spi-builder-workspace/.derivedData/Build/Intermediates.noindex/RxSwift.build/Debug-appletvos/RxCocoa.build/DerivedSources/resource_bundle_accessor.swift (in target 'RxCocoa' from project 'RxSwift')
SwiftCompile normal arm64 Compiling\ ControlProperty.swift /Users/admin/builder/spi-builder-workspace/.dependencies/checkouts/RxSwift/Sources/RxCocoa/ControlProperty.swift (in target 'RxCocoa' from project 'RxSwift')
SwiftCompile normal arm64 Compiling\ ControlTarget.swift /Users/admin/builder/spi-builder-workspace/.dependencies/checkouts/RxSwift/Sources/RxCocoa/ControlTarget.swift (in target 'RxCocoa' from project 'RxSwift')
SwiftCompile normal arm64 Compiling\ DelegateProxyType.swift /Users/admin/builder/spi-builder-workspace/.dependencies/checkouts/RxSwift/Sources/RxCocoa/DelegateProxyType.swift (in target 'RxCocoa' from project 'RxSwift')
SwiftCompile normal arm64 Compiling\ BehaviorRelay+Driver.swift /Users/admin/builder/spi-builder-workspace/.dependencies/checkouts/RxSwift/Sources/RxCocoa/BehaviorRelay+Driver.swift (in target 'RxCocoa' from project 'RxSwift')
SwiftCompile normal arm64 Compiling\ ControlEvent.swift /Users/admin/builder/spi-builder-workspace/.dependencies/checkouts/RxSwift/Sources/RxCocoa/ControlEvent.swift (in target 'RxCocoa' from project 'RxSwift')
SwiftEmitModule normal arm64 Emitting\ module\ for\ RxCocoa (in target 'RxCocoa' from project 'RxSwift')
2026-09-27 16:43:46.200 xcodebuild[1186:6865] [MT] IDERunDestination: Supported platforms for the buildables in the current scheme is empty.
/Users/admin/builder/spi-builder-workspace/Sources/RxAppKit/Common/DelegateProxyType.swift:1:8: error: unable to resolve module dependency: 'AppKit'
import AppKit
^
/Users/admin/builder/spi-builder-workspace/Sources/RxAppKit/Common/DelegateProxyType.swift:1:8: note: a dependency of main module 'RxAppKit'
import AppKit
^
/Users/admin/builder/spi-builder-workspace/Sources/RxAppKit/Common/TableViewAnimationConfiguration.swift:1:8: note: also imported here
import AppKit
^
/Users/admin/builder/spi-builder-workspace/Sources/RxAppKit/Components/HasDoubleAction+Rx.swift:1:8: note: also imported here
import AppKit
^
/Users/admin/builder/spi-builder-workspace/Sources/RxAppKit/Components/NSAlert+Rx.swift:1:8: note: also imported here
import AppKit
^
/Users/admin/builder/spi-builder-workspace/Sources/RxAppKit/Components/NSApplication+Rx.swift:1:8: note: also imported here
import AppKit
^
/Users/admin/builder/spi-builder-workspace/Sources/RxAppKit/Components/NSBrowser+Rx.swift:1:8: note: also imported here
import AppKit
^
/Users/admin/builder/spi-builder-workspace/Sources/RxAppKit/Components/NSButton+Rx.swift:1:8: note: also imported here
import AppKit
^
/Users/admin/builder/spi-builder-workspace/Sources/RxAppKit/Components/NSCollectionView+Rx.swift:1:8: note: also imported here
import AppKit
^
/Users/admin/builder/spi-builder-workspace/Sources/RxAppKit/Components/NSCollectionViewItem+Rx.swift:1:8: note: also imported here
import AppKit
^
/Users/admin/builder/spi-builder-workspace/Sources/RxAppKit/Components/NSColorPanel+Rx.swift:1:8: note: also imported here
import AppKit
^
/Users/admin/builder/spi-builder-workspace/Sources/RxAppKit/Components/NSColorWell+Rx.swift:1:8: note: also imported here
import AppKit
^
/Users/admin/builder/spi-builder-workspace/Sources/RxAppKit/Components/NSComboBox+Rx.swift:1:8: note: also imported here
import AppKit
^
/Users/admin/builder/spi-builder-workspace/Sources/RxAppKit/Components/NSControl+Rx.swift:1:8: note: also imported here
import AppKit
^
/Users/admin/builder/spi-builder-workspace/Sources/RxAppKit/Components/NSDatePicker+Rx.swift:1:8: note: also imported here
import AppKit
^
/Users/admin/builder/spi-builder-workspace/Sources/RxAppKit/Components/NSFontManager+Rx.swift:1:8: note: also imported here
import AppKit
^
/Users/admin/builder/spi-builder-workspace/Sources/RxAppKit/Components/NSGestureRecognizer+Rx.swift:1:8: note: also imported here
import AppKit
^
/Users/admin/builder/spi-builder-workspace/Sources/RxAppKit/Components/NSMenu+Rx.swift:1:8: note: also imported here
import AppKit
^
/Users/admin/builder/spi-builder-workspace/Sources/RxAppKit/Components/NSOutlineView+Rx.swift:1:8: note: also imported here
import AppKit
^
/Users/admin/builder/spi-builder-workspace/Sources/RxAppKit/Components/NSPageController+Rx.swift:1:8: note: also imported here
import AppKit
^
/Users/admin/builder/spi-builder-workspace/Sources/RxAppKit/Components/NSPopUpButton+Rx.swift:1:8: note: also imported here
import AppKit
^
/Users/admin/builder/spi-builder-workspace/Sources/RxAppKit/Components/NSPopover+Rx.swift:1:8: note: also imported here
import AppKit
^
/Users/admin/builder/spi-builder-workspace/Sources/RxAppKit/Components/NSProgressIndicator+Rx.swift:1:8: note: also imported here
import AppKit
^
/Users/admin/builder/spi-builder-workspace/Sources/RxAppKit/Components/NSResponder+Rx.swift:1:8: note: also imported here
import AppKit
^
/Users/admin/builder/spi-builder-workspace/Sources/RxAppKit/Components/NSSavePanel+Rx.swift:1:8: note: also imported here
import AppKit
^
/Users/admin/builder/spi-builder-workspace/Sources/RxAppKit/Components/NSScrollView+Rx.swift:1:8: note: also imported here
import AppKit
^
/Users/admin/builder/spi-builder-workspace/Sources/RxAppKit/Components/NSSearchField+Rx.swift:1:8: note: also imported here
import AppKit
^
/Users/admin/builder/spi-builder-workspace/Sources/RxAppKit/Components/NSSegmentedControl+Rx.swift:1:8: note: also imported here
import AppKit
^
/Users/admin/builder/spi-builder-workspace/Sources/RxAppKit/Components/NSSplitView+Rx.swift:1:8: note: also imported here
import AppKit
^
/Users/admin/builder/spi-builder-workspace/Sources/RxAppKit/Components/NSStackView+Rx.swift:1:8: note: also imported here
import AppKit
^
/Users/admin/builder/spi-builder-workspace/Sources/RxAppKit/Components/NSStepper+Rx.swift:1:8: note: also imported here
import AppKit
^
/Users/admin/builder/spi-builder-workspace/Sources/RxAppKit/Components/NSSwitch+Rx.swift:1:8: note: also imported here
import AppKit
^
/Users/admin/builder/spi-builder-workspace/Sources/RxAppKit/Components/NSTabView+Rx.swift:1:8: note: also imported here
import AppKit
^
/Users/admin/builder/spi-builder-workspace/Sources/RxAppKit/Components/NSTabViewController+Rx.swift:1:8: note: also imported here
import AppKit
^
/Users/admin/builder/spi-builder-workspace/Sources/RxAppKit/Components/NSTableView+Rx.swift:1:8: note: also imported here
import AppKit
^
/Users/admin/builder/spi-builder-workspace/Sources/RxAppKit/Components/NSTextField+Rx.swift:1:8: note: also imported here
import AppKit
^
/Users/admin/builder/spi-builder-workspace/Sources/RxAppKit/Components/NSTextStorage+Rx.swift:1:8: note: also imported here
import AppKit
^
/Users/admin/builder/spi-builder-workspace/Sources/RxAppKit/Components/NSTextView+Rx.swift:1:8: note: also imported here
import AppKit
^
/Users/admin/builder/spi-builder-workspace/Sources/RxAppKit/Components/NSToolbarItem+Rx.swift:1:8: note: also imported here
import AppKit
^
/Users/admin/builder/spi-builder-workspace/Sources/RxAppKit/Components/NSView+Rx.swift:1:8: note: also imported here
import AppKit
^
/Users/admin/builder/spi-builder-workspace/Sources/RxAppKit/Components/NSViewController+Rx.swift:8:8: note: also imported here
import AppKit
^
/Users/admin/builder/spi-builder-workspace/Sources/RxAppKit/Components/NSWindow+Rx.swift:1:8: note: also imported here
import AppKit
^
/Users/admin/builder/spi-builder-workspace/Sources/RxAppKit/Components/NSWindowController+Rx.swift:8:8: note: also imported here
import AppKit
^
/Users/admin/builder/spi-builder-workspace/Sources/RxAppKit/DataSources & Adapters/Browser/BrowserAdapter.swift:1:8: note: also imported here
import AppKit
^
/Users/admin/builder/spi-builder-workspace/Sources/RxAppKit/DataSources & Adapters/Browser/RxNSBrowserAdapter.swift:1:8: note: also imported here
import AppKit
^
/Users/admin/builder/spi-builder-workspace/Sources/RxAppKit/DataSources & Adapters/CollectionView/CollectionViewArrayDataSource.swift:1:8: note: also imported here
import AppKit
^
/Users/admin/builder/spi-builder-workspace/Sources/RxAppKit/DataSources & Adapters/CollectionView/CollectionViewSectionedDataSource.swift:1:8: note: also imported here
import AppKit
^
/Users/admin/builder/spi-builder-workspace/Sources/RxAppKit/DataSources & Adapters/CollectionView/RxNSCollectionViewArrayDataSource.swift:1:8: note: also imported here
import AppKit
^
/Users/admin/builder/spi-builder-workspace/Sources/RxAppKit/DataSources & Adapters/CollectionView/RxNSCollectionViewSectionedDataSource.swift:1:8: note: also imported here
import AppKit
^
/Users/admin/builder/spi-builder-workspace/Sources/RxAppKit/DataSources & Adapters/ComboBox/ComboBoxDataSource.swift:1:8: note: also imported here
import AppKit
^
/Users/admin/builder/spi-builder-workspace/Sources/RxAppKit/DataSources & Adapters/ComboBox/RxNSComboBoxDataSource.swift:1:8: note: also imported here
import AppKit
^
/Users/admin/builder/spi-builder-workspace/Sources/RxAppKit/DataSources & Adapters/OutlineView/NSOutlineView+StagedChangeset.swift:1:8: note: also imported here
import AppKit
^
/Users/admin/builder/spi-builder-workspace/Sources/RxAppKit/DataSources & Adapters/OutlineView/OutlineViewAdapter.swift:1:8: note: also imported here
import AppKit
^
/Users/admin/builder/spi-builder-workspace/Sources/RxAppKit/DataSources & Adapters/OutlineView/ReorderableOutlineViewAdapter.swift:1:8: note: also imported here
import AppKit
^
/Users/admin/builder/spi-builder-workspace/Sources/RxAppKit/DataSources & Adapters/OutlineView/RxNSOutlineViewAdapter.swift:1:8: note: also imported here
import AppKit
^
/Users/admin/builder/spi-builder-workspace/Sources/RxAppKit/DataSources & Adapters/OutlineView/RxNSOutlineViewSectionedAdapter.swift:1:8: note: also imported here
import AppKit
^
/Users/admin/builder/spi-builder-workspace/Sources/RxAppKit/DataSources & Adapters/PageController/PageControllerAdapter.swift:8:8: note: also imported here
import AppKit
^
/Users/admin/builder/spi-builder-workspace/Sources/RxAppKit/DataSources & Adapters/PageController/RxNSPageControllerAdapter.swift:8:8: note: also imported here
import AppKit
^
/Users/admin/builder/spi-builder-workspace/Sources/RxAppKit/DataSources & Adapters/TableView/ReorderableTableViewAdapter.swift:1:8: note: also imported here
import AppKit
^
/Users/admin/builder/spi-builder-workspace/Sources/RxAppKit/DataSources & Adapters/TableView/RxNSTableViewAdapter.swift:1:8: note: also imported here
import AppKit
^
/Users/admin/builder/spi-builder-workspace/Sources/RxAppKit/DataSources & Adapters/TableView/RxNSTableViewSectionedReloadAdapter.swift:1:8: note: also imported here
import AppKit
^
/Users/admin/builder/spi-builder-workspace/Sources/RxAppKit/DataSources & Adapters/TableView/SectionedTableViewAdapter.swift:1:8: note: also imported here
import AppKit
^
/Users/admin/builder/spi-builder-workspace/Sources/RxAppKit/DataSources & Adapters/TableView/TableViewAdapter.swift:1:8: note: also imported here
import AppKit
^
/Users/admin/builder/spi-builder-workspace/Sources/RxAppKit/Protocols/RxNSBrowserDelegateType.swift:1:8: note: also imported here
import AppKit
^
/Users/admin/builder/spi-builder-workspace/Sources/RxAppKit/Protocols/RxNSCollectionViewDataSourceType.swift:1:8: note: also imported here
import AppKit
^
/Users/admin/builder/spi-builder-workspace/Sources/RxAppKit/Protocols/RxNSComboBoxDataSourceType.swift:1:8: note: also imported here
import AppKit
^
/Users/admin/builder/spi-builder-workspace/Sources/RxAppKit/Protocols/RxNSOutlineViewDataSourceType.swift:1:8: note: also imported here
import AppKit
^
/Users/admin/builder/spi-builder-workspace/Sources/RxAppKit/Protocols/RxNSPageControllerDelegateType.swift:1:8: note: also imported here
import AppKit
^
/Users/admin/builder/spi-builder-workspace/Sources/RxAppKit/Protocols/RxNSTableViewDataSourceType.swift:1:8: note: also imported here
import AppKit
^
/Users/admin/builder/spi-builder-workspace/Sources/RxAppKit/Proxies/RxNSBrowserDelegateProxy.swift:1:8: note: also imported here
import AppKit
^
/Users/admin/builder/spi-builder-workspace/Sources/RxAppKit/Proxies/RxNSCollectionViewDataSourceProxy.swift:1:8: note: also imported here
import AppKit
^
/Users/admin/builder/spi-builder-workspace/Sources/RxAppKit/Proxies/RxNSCollectionViewDelegateProxy.swift:1:8: note: also imported here
import AppKit
^
/Users/admin/builder/spi-builder-workspace/Sources/RxAppKit/Proxies/RxNSComboBoxDataSourceProxy.swift:1:8: note: also imported here
import AppKit
^
/Users/admin/builder/spi-builder-workspace/Sources/RxAppKit/Proxies/RxNSOpenSavePanelDelegateProxy.swift:1:8: note: also imported here
import AppKit
^
/Users/admin/builder/spi-builder-workspace/Sources/RxAppKit/Proxies/RxNSOutlineViewDataSourceProxy.swift:2:8: note: also imported here
import AppKit
^
/Users/admin/builder/spi-builder-workspace/Sources/RxAppKit/Proxies/RxNSOutlineViewDelegateProxy.swift:9:8: note: also imported here
import AppKit
^
/Users/admin/builder/spi-builder-workspace/Sources/RxAppKit/Proxies/RxNSPageControllDelegateProxy.swift:1:8: note: also imported here
import AppKit
^
/Users/admin/builder/spi-builder-workspace/Sources/RxAppKit/Proxies/RxNSPopoverDelegateProxy.swift:1:8: note: also imported here
import AppKit
^
/Users/admin/builder/spi-builder-workspace/Sources/RxAppKit/Proxies/RxNSSearchFieldDelegateProxy.swift:1:8: note: also imported here
import AppKit
^
/Users/admin/builder/spi-builder-workspace/Sources/RxAppKit/Proxies/RxNSStackViewDelegateProxy.swift:1:8: note: also imported here
import AppKit
^
/Users/admin/builder/spi-builder-workspace/Sources/RxAppKit/Proxies/RxNSTabViewDelegateProxy.swift:1:8: note: also imported here
import AppKit
^
/Users/admin/builder/spi-builder-workspace/Sources/RxAppKit/Proxies/RxNSTableViewDataSourceProxy.swift:1:8: note: also imported here
import AppKit
^
/Users/admin/builder/spi-builder-workspace/Sources/RxAppKit/Proxies/RxNSTableViewDelegateProxy.swift:1:8: note: also imported here
import AppKit
^
/Users/admin/builder/spi-builder-workspace/Sources/RxAppKit/Proxies/RxNSTextFieldDelegateProxy.swift:1:8: note: also imported here
import AppKit
^
/Users/admin/builder/spi-builder-workspace/Sources/RxAppKit/Proxies/RxNSTextStorageDelegateProxy.swift:1:8: note: also imported here
import AppKit
^
/Users/admin/builder/spi-builder-workspace/Sources/RxAppKit/Target-Action/ActionProxy/ActionProxy.swift:1:8: note: also imported here
import AppKit
^
** BUILD FAILED **
The following build commands failed:
SwiftDriver RxAppKit normal arm64 com.apple.xcode.tools.swift.compiler (in target 'RxAppKit' from project 'RxAppKit')
Building workspace spi-builder-workspace with scheme RxAppKit
(2 failures)
BUILD FAILURE 6.3 tvOS