Build Information
Failed to build WWExpandableTextView, reference main (8fb7db), with Swift 6.4 for tvOS using Xcode 27.0 on 22 Sep 2026 05:52:51 UTC.
Build Command
env DEVELOPER_DIR=/Applications/Xcode-27.0.0-Release.Candidate.app xcrun xcodebuild -IDEClonedSourcePackagesDirPathOverride=$PWD/.dependencies -skipMacroValidation -skipPackagePluginValidation -derivedDataPath $PWD/.derivedData build -scheme WWExpandableTextView -destination generic/platform=tvOSBuild Log
========================================
RunAll
========================================
Builder version: 5.1.0
Interrupt handler set up.
========================================
Checkout
========================================
Clone URL: https://github.com/William-Weng/WWExpandableTextView.git
Reference: main
Initialized empty Git repository in /Users/admin/builder/spi-builder-workspace/.git/
From https://github.com/William-Weng/WWExpandableTextView
* branch main -> FETCH_HEAD
* [new branch] main -> origin/main
HEAD is now at 8fb7db7 - 移除測試Code
Cloned https://github.com/William-Weng/WWExpandableTextView.git
Revision (git rev-parse @):
8fb7db74d9b3e5faf9dbb790444dc0f4ba527968
SUCCESS checkout https://github.com/William-Weng/WWExpandableTextView.git at main
========================================
Build
========================================
Selected platform: tvOS
Swift version: 6.4
Building package at path: $PWD
https://github.com/William-Weng/WWExpandableTextView.git
Command line invocation:
/Applications/Xcode-27.0.0-Release.Candidate.app/Contents/Developer/usr/bin/xcodebuild -IDEClonedSourcePackagesDirPathOverride=/Users/admin/builder/spi-builder-workspace/.dependencies -resolvePackageDependencies
Resolve Package Graph
Resolve Package Graph
Resolved source packages:
WWExpandableTextView: /Users/admin/builder/spi-builder-workspace
resolved source packages: WWExpandableTextView
2026-09-22 01:52:02.191 xcodebuild[528:3051] [MT] IDERunDestination: Supported platforms for the buildables in the current scheme is empty.
{
"dependencies" : [
],
"manifest_display_name" : "WWExpandableTextView",
"name" : "WWExpandableTextView",
"path" : "/Users/admin/builder/spi-builder-workspace",
"platforms" : [
{
"name" : "ios",
"version" : "15.0"
}
],
"products" : [
{
"name" : "WWExpandableTextView",
"targets" : [
"WWExpandableTextView"
],
"type" : {
"library" : [
"automatic"
]
}
}
],
"swift_languages_versions" : [
"5"
],
"targets" : [
{
"c99name" : "WWExpandableTextView",
"module_type" : "SwiftTarget",
"name" : "WWExpandableTextView",
"path" : "Sources/WWExpandableTextView",
"product_memberships" : [
"WWExpandableTextView"
],
"resources" : [
{
"path" : "/Users/admin/builder/spi-builder-workspace/Sources/WWExpandableTextView/Privacy",
"rule" : {
"copy" : {
}
}
},
{
"path" : "/Users/admin/builder/spi-builder-workspace/Sources/WWExpandableTextView/Xib/WWExpandableTextView.xib",
"rule" : {
"process" : {
}
}
}
],
"sources" : [
"WWExpandableTextView.swift"
],
"type" : "library"
}
],
"tools_version" : "5.7"
}
{
"workspace" : {
"name" : "WWExpandableTextView",
"schemes" : [
"WWExpandableTextView"
]
}
}
2026-09-22 01:52:43.686 xcodebuild[653:4190] [MT] IDERunDestination: Supported platforms for the buildables in the current scheme is empty.
Running build ...
env DEVELOPER_DIR=/Applications/Xcode-27.0.0-Release.Candidate.app xcrun xcodebuild -IDEClonedSourcePackagesDirPathOverride=$PWD/.dependencies -skipMacroValidation -skipPackagePluginValidation -derivedDataPath $PWD/.derivedData build -scheme WWExpandableTextView -destination generic/platform=tvOS
Command line invocation:
/Applications/Xcode-27.0.0-Release.Candidate.app/Contents/Developer/usr/bin/xcodebuild -IDEClonedSourcePackagesDirPathOverride=/Users/admin/builder/spi-builder-workspace/.dependencies -skipMacroValidation -skipPackagePluginValidation -derivedDataPath /Users/admin/builder/spi-builder-workspace/.derivedData build -scheme WWExpandableTextView -destination generic/platform=tvOS
Resolve Package Graph
Resolved source packages:
WWExpandableTextView: /Users/admin/builder/spi-builder-workspace
ComputePackagePrebuildTargetDependencyGraph
Prepare packages
CreateBuildRequest
SendProjectDescription
CreateBuildOperation
ComputeTargetDependencyGraph
note: Building targets in dependency order
note: Target dependency graph (3 targets)
Target 'WWExpandableTextView-product' in project 'WWExpandableTextView'
➜ Explicit dependency on target 'WWExpandableTextView' in project 'WWExpandableTextView'
➜ Explicit dependency on target 'WWExpandableTextView_WWExpandableTextView' in project 'WWExpandableTextView'
Target 'WWExpandableTextView' in project 'WWExpandableTextView'
➜ Explicit dependency on target 'WWExpandableTextView_WWExpandableTextView' in project 'WWExpandableTextView'
Target 'WWExpandableTextView_WWExpandableTextView' in project 'WWExpandableTextView' (no dependencies)
GatherProvisioningInputs
CreateBuildDescription
ExecuteExternalTool /Applications/Xcode-27.0.0-Release.Candidate.app/Contents/Developer/Toolchains/XcodeDefault.xctoolchain/usr/bin/clang -v -E -dM -isysroot /Applications/Xcode-27.0.0-Release.Candidate.app/Contents/Developer/Platforms/AppleTVOS.platform/Developer/SDKs/AppleTVOS27.0.sdk -x c -c /dev/null
ExecuteExternalTool /Applications/Xcode-27.0.0-Release.Candidate.app/Contents/Developer/Toolchains/XcodeDefault.xctoolchain/usr/bin/swiftc --version
ExecuteExternalTool /Applications/Xcode-27.0.0-Release.Candidate.app/Contents/Developer/usr/bin/ibtool --version --output-format xml1
ExecuteExternalTool /Applications/Xcode-27.0.0-Release.Candidate.app/Contents/Developer/Toolchains/XcodeDefault.xctoolchain/usr/bin/ld -version_details
Build description signature: 12f226ac33d7cfa3e3168686c7672be8
Build description path: /Users/admin/builder/spi-builder-workspace/.derivedData/Build/Intermediates.noindex/XCBuildData/12f226ac33d7cfa3e3168686c7672be8.xcbuilddata
CreateBuildDirectory /Users/admin/builder/spi-builder-workspace/.derivedData/SDKExplicitPrecompiledModules
cd /Users/admin/builder/spi-builder-workspace/.swiftpm/xcode
builtin-create-build-directory /Users/admin/builder/spi-builder-workspace/.derivedData/SDKExplicitPrecompiledModules
CreateBuildDirectory /Users/admin/builder/spi-builder-workspace/.derivedData/CompilationCache.noindex
cd /Users/admin/builder/spi-builder-workspace/.swiftpm/xcode
builtin-create-build-directory /Users/admin/builder/spi-builder-workspace/.derivedData/CompilationCache.noindex
CreateBuildDirectory /Users/admin/builder/spi-builder-workspace/.derivedData/ModuleCache.noindex
cd /Users/admin/builder/spi-builder-workspace/.swiftpm/xcode
builtin-create-build-directory /Users/admin/builder/spi-builder-workspace/.derivedData/ModuleCache.noindex
CreateBuildDirectory /Users/admin/builder/spi-builder-workspace/.derivedData/Build/Intermediates.noindex
cd /Users/admin/builder/spi-builder-workspace/.swiftpm/xcode
builtin-create-build-directory /Users/admin/builder/spi-builder-workspace/.derivedData/Build/Intermediates.noindex
CreateBuildDirectory /Users/admin/builder/spi-builder-workspace/.derivedData/Build/Products
cd /Users/admin/builder/spi-builder-workspace/.swiftpm/xcode
builtin-create-build-directory /Users/admin/builder/spi-builder-workspace/.derivedData/Build/Products
ClangStatCache /Applications/Xcode-27.0.0-Release.Candidate.app/Contents/Developer/Toolchains/XcodeDefault.xctoolchain/usr/bin/clang-stat-cache /Applications/Xcode-27.0.0-Release.Candidate.app/Contents/Developer/Platforms/AppleTVOS.platform/Developer/SDKs/AppleTVOS27.0.sdk /Users/admin/builder/spi-builder-workspace/.derivedData/SDKStatCaches.noindex/appletvos27.0-24J360-e829b21a6f8c9b70876ba0858053c044b32bfd8d43560033f8d89884cdb90028.sdkstatcache
cd /Users/admin/builder/spi-builder-workspace/.swiftpm/xcode
/Applications/Xcode-27.0.0-Release.Candidate.app/Contents/Developer/Toolchains/XcodeDefault.xctoolchain/usr/bin/clang-stat-cache /Applications/Xcode-27.0.0-Release.Candidate.app/Contents/Developer/Platforms/AppleTVOS.platform/Developer/SDKs/AppleTVOS27.0.sdk -o /Users/admin/builder/spi-builder-workspace/.derivedData/SDKStatCaches.noindex/appletvos27.0-24J360-e829b21a6f8c9b70876ba0858053c044b32bfd8d43560033f8d89884cdb90028.sdkstatcache
CreateBuildDirectory /Users/admin/builder/spi-builder-workspace/.derivedData/Build/Intermediates.noindex/SwiftExplicitPrecompiledModules
cd /Users/admin/builder/spi-builder-workspace/.swiftpm/xcode
builtin-create-build-directory /Users/admin/builder/spi-builder-workspace/.derivedData/Build/Intermediates.noindex/SwiftExplicitPrecompiledModules
CreateBuildDirectory /Users/admin/builder/spi-builder-workspace/.derivedData/Build/Intermediates.noindex/ExplicitPrecompiledModules
cd /Users/admin/builder/spi-builder-workspace/.swiftpm/xcode
builtin-create-build-directory /Users/admin/builder/spi-builder-workspace/.derivedData/Build/Intermediates.noindex/ExplicitPrecompiledModules
CreateBuildDirectory /Users/admin/builder/spi-builder-workspace/.derivedData/Build/Intermediates.noindex/PrecompiledHeaders
cd /Users/admin/builder/spi-builder-workspace/.swiftpm/xcode
builtin-create-build-directory /Users/admin/builder/spi-builder-workspace/.derivedData/Build/Intermediates.noindex/PrecompiledHeaders
CreateBuildDirectory /Users/admin/builder/spi-builder-workspace/.derivedData/Build/Intermediates.noindex/EagerLinkingTBDs/Debug-appletvos
cd /Users/admin/builder/spi-builder-workspace/.swiftpm/xcode
builtin-create-build-directory /Users/admin/builder/spi-builder-workspace/.derivedData/Build/Intermediates.noindex/EagerLinkingTBDs/Debug-appletvos
CreateBuildDirectory /Users/admin/builder/spi-builder-workspace/.derivedData/Build/Products/Debug-appletvos
cd /Users/admin/builder/spi-builder-workspace/.swiftpm/xcode
builtin-create-build-directory /Users/admin/builder/spi-builder-workspace/.derivedData/Build/Products/Debug-appletvos
CreateBuildDirectory /Users/admin/builder/spi-builder-workspace/.derivedData/Build/Products/Debug-appletvos/PackageFrameworks
cd /Users/admin/builder/spi-builder-workspace/.swiftpm/xcode
builtin-create-build-directory /Users/admin/builder/spi-builder-workspace/.derivedData/Build/Products/Debug-appletvos/PackageFrameworks
MkDir /Users/admin/builder/spi-builder-workspace/.derivedData/Build/Products/Debug-appletvos/WWExpandableTextView_WWExpandableTextView.bundle (in target 'WWExpandableTextView_WWExpandableTextView' from project 'WWExpandableTextView')
cd /Users/admin/builder/spi-builder-workspace
/bin/mkdir -p /Users/admin/builder/spi-builder-workspace/.derivedData/Build/Products/Debug-appletvos/WWExpandableTextView_WWExpandableTextView.bundle
WriteAuxiliaryFile /Users/admin/builder/spi-builder-workspace/.derivedData/Build/Intermediates.noindex/WWExpandableTextView.build/Debug-appletvos/WWExpandableTextView-t.build/WWExpandableTextView.modulemap (in target 'WWExpandableTextView' from project 'WWExpandableTextView')
cd /Users/admin/builder/spi-builder-workspace
write-file /Users/admin/builder/spi-builder-workspace/.derivedData/Build/Intermediates.noindex/WWExpandableTextView.build/Debug-appletvos/WWExpandableTextView-t.build/WWExpandableTextView.modulemap
WriteAuxiliaryFile /Users/admin/builder/spi-builder-workspace/.derivedData/Build/Intermediates.noindex/WWExpandableTextView.build/Debug-appletvos/WWExpandableTextView_WWExpandableTextView-b.build/empty-WWExpandableTextView_WWExpandableTextView.plist (in target 'WWExpandableTextView_WWExpandableTextView' from project 'WWExpandableTextView')
cd /Users/admin/builder/spi-builder-workspace
write-file /Users/admin/builder/spi-builder-workspace/.derivedData/Build/Intermediates.noindex/WWExpandableTextView.build/Debug-appletvos/WWExpandableTextView_WWExpandableTextView-b.build/empty-WWExpandableTextView_WWExpandableTextView.plist
WriteAuxiliaryFile /Users/admin/builder/spi-builder-workspace/.derivedData/Build/Intermediates.noindex/WWExpandableTextView.build/Debug-appletvos/WWExpandableTextView-t.build/WWExpandableTextView.DependencyMetadataFileList (in target 'WWExpandableTextView' from project 'WWExpandableTextView')
cd /Users/admin/builder/spi-builder-workspace
write-file /Users/admin/builder/spi-builder-workspace/.derivedData/Build/Intermediates.noindex/WWExpandableTextView.build/Debug-appletvos/WWExpandableTextView-t.build/WWExpandableTextView.DependencyMetadataFileList
WriteAuxiliaryFile /Users/admin/builder/spi-builder-workspace/.derivedData/Build/Intermediates.noindex/WWExpandableTextView.build/Debug-appletvos/WWExpandableTextView_WWExpandableTextView-b.build/WWExpandableTextView_WWExpandableTextView.DependencyMetadataFileList (in target 'WWExpandableTextView_WWExpandableTextView' from project 'WWExpandableTextView')
cd /Users/admin/builder/spi-builder-workspace
write-file /Users/admin/builder/spi-builder-workspace/.derivedData/Build/Intermediates.noindex/WWExpandableTextView.build/Debug-appletvos/WWExpandableTextView_WWExpandableTextView-b.build/WWExpandableTextView_WWExpandableTextView.DependencyMetadataFileList
WriteAuxiliaryFile /Users/admin/builder/spi-builder-workspace/.derivedData/Build/Intermediates.noindex/WWExpandableTextView.build/Debug-appletvos/WWExpandableTextView_WWExpandableTextView-b.build/WWExpandableTextView_WWExpandableTextView.DependencyStaticMetadataFileList (in target 'WWExpandableTextView_WWExpandableTextView' from project 'WWExpandableTextView')
cd /Users/admin/builder/spi-builder-workspace
write-file /Users/admin/builder/spi-builder-workspace/.derivedData/Build/Intermediates.noindex/WWExpandableTextView.build/Debug-appletvos/WWExpandableTextView_WWExpandableTextView-b.build/WWExpandableTextView_WWExpandableTextView.DependencyStaticMetadataFileList
WriteAuxiliaryFile /Users/admin/builder/spi-builder-workspace/.derivedData/Build/Intermediates.noindex/WWExpandableTextView.build/Debug-appletvos/WWExpandableTextView-t.build/WWExpandableTextView.DependencyStaticMetadataFileList (in target 'WWExpandableTextView' from project 'WWExpandableTextView')
cd /Users/admin/builder/spi-builder-workspace
write-file /Users/admin/builder/spi-builder-workspace/.derivedData/Build/Intermediates.noindex/WWExpandableTextView.build/Debug-appletvos/WWExpandableTextView-t.build/WWExpandableTextView.DependencyStaticMetadataFileList
WriteAuxiliaryFile /Users/admin/builder/spi-builder-workspace/.derivedData/Build/Intermediates.noindex/WWExpandableTextView.build/Debug-appletvos/WWExpandableTextView-t.build/Objects-normal/arm64/WWExpandableTextView_const_extract_protocols.json (in target 'WWExpandableTextView' from project 'WWExpandableTextView')
cd /Users/admin/builder/spi-builder-workspace
write-file /Users/admin/builder/spi-builder-workspace/.derivedData/Build/Intermediates.noindex/WWExpandableTextView.build/Debug-appletvos/WWExpandableTextView-t.build/Objects-normal/arm64/WWExpandableTextView_const_extract_protocols.json
WriteAuxiliaryFile /Users/admin/builder/spi-builder-workspace/.derivedData/Build/Intermediates.noindex/WWExpandableTextView.build/Debug-appletvos/WWExpandableTextView-t.build/Objects-normal/arm64/WWExpandableTextView.SwiftFileList (in target 'WWExpandableTextView' from project 'WWExpandableTextView')
cd /Users/admin/builder/spi-builder-workspace
write-file /Users/admin/builder/spi-builder-workspace/.derivedData/Build/Intermediates.noindex/WWExpandableTextView.build/Debug-appletvos/WWExpandableTextView-t.build/Objects-normal/arm64/WWExpandableTextView.SwiftFileList
WriteAuxiliaryFile /Users/admin/builder/spi-builder-workspace/.derivedData/Build/Intermediates.noindex/WWExpandableTextView.build/Debug-appletvos/WWExpandableTextView-t.build/Objects-normal/arm64/WWExpandableTextView.SwiftConstValuesFileList (in target 'WWExpandableTextView' from project 'WWExpandableTextView')
cd /Users/admin/builder/spi-builder-workspace
write-file /Users/admin/builder/spi-builder-workspace/.derivedData/Build/Intermediates.noindex/WWExpandableTextView.build/Debug-appletvos/WWExpandableTextView-t.build/Objects-normal/arm64/WWExpandableTextView.SwiftConstValuesFileList
WriteAuxiliaryFile /Users/admin/builder/spi-builder-workspace/.derivedData/Build/Intermediates.noindex/WWExpandableTextView.build/Debug-appletvos/WWExpandableTextView-t.build/Objects-normal/arm64/WWExpandableTextView.LinkFileList (in target 'WWExpandableTextView' from project 'WWExpandableTextView')
cd /Users/admin/builder/spi-builder-workspace
write-file /Users/admin/builder/spi-builder-workspace/.derivedData/Build/Intermediates.noindex/WWExpandableTextView.build/Debug-appletvos/WWExpandableTextView-t.build/Objects-normal/arm64/WWExpandableTextView.LinkFileList
WriteAuxiliaryFile /Users/admin/builder/spi-builder-workspace/.derivedData/Build/Intermediates.noindex/WWExpandableTextView.build/Debug-appletvos/WWExpandableTextView-t.build/Objects-normal/arm64/WWExpandableTextView-OutputFileMap.json (in target 'WWExpandableTextView' from project 'WWExpandableTextView')
cd /Users/admin/builder/spi-builder-workspace
write-file /Users/admin/builder/spi-builder-workspace/.derivedData/Build/Intermediates.noindex/WWExpandableTextView.build/Debug-appletvos/WWExpandableTextView-t.build/Objects-normal/arm64/WWExpandableTextView-OutputFileMap.json
WriteAuxiliaryFile /Users/admin/builder/spi-builder-workspace/.derivedData/Build/Intermediates.noindex/WWExpandableTextView.build/Debug-appletvos/WWExpandableTextView-t.build/DerivedSources/resource_bundle_accessor.swift (in target 'WWExpandableTextView' from project 'WWExpandableTextView')
cd /Users/admin/builder/spi-builder-workspace
write-file /Users/admin/builder/spi-builder-workspace/.derivedData/Build/Intermediates.noindex/WWExpandableTextView.build/Debug-appletvos/WWExpandableTextView-t.build/DerivedSources/resource_bundle_accessor.swift
Copy /Users/admin/builder/spi-builder-workspace/.derivedData/Build/Intermediates.noindex/GeneratedModuleMaps-appletvos/WWExpandableTextView.modulemap /Users/admin/builder/spi-builder-workspace/.derivedData/Build/Intermediates.noindex/WWExpandableTextView.build/Debug-appletvos/WWExpandableTextView-t.build/WWExpandableTextView.modulemap (in target 'WWExpandableTextView' from project 'WWExpandableTextView')
cd /Users/admin/builder/spi-builder-workspace
builtin-copy -exclude .DS_Store -exclude CVS -exclude .svn -exclude .git -exclude .hg -resolve-src-symlinks /Users/admin/builder/spi-builder-workspace/.derivedData/Build/Intermediates.noindex/WWExpandableTextView.build/Debug-appletvos/WWExpandableTextView-t.build/WWExpandableTextView.modulemap /Users/admin/builder/spi-builder-workspace/.derivedData/Build/Intermediates.noindex/GeneratedModuleMaps-appletvos
CpResource /Users/admin/builder/spi-builder-workspace/.derivedData/Build/Products/Debug-appletvos/WWExpandableTextView_WWExpandableTextView.bundle/Privacy /Users/admin/builder/spi-builder-workspace/Sources/WWExpandableTextView/Privacy (in target 'WWExpandableTextView_WWExpandableTextView' from project 'WWExpandableTextView')
cd /Users/admin/builder/spi-builder-workspace
builtin-copy -exclude .DS_Store -exclude CVS -exclude .svn -exclude .git -exclude .hg -resolve-src-symlinks /Users/admin/builder/spi-builder-workspace/Sources/WWExpandableTextView/Privacy /Users/admin/builder/spi-builder-workspace/.derivedData/Build/Products/Debug-appletvos/WWExpandableTextView_WWExpandableTextView.bundle
CompileXIB /Users/admin/builder/spi-builder-workspace/Sources/WWExpandableTextView/Xib/WWExpandableTextView.xib (in target 'WWExpandableTextView_WWExpandableTextView' from project 'WWExpandableTextView')
cd /Users/admin/builder/spi-builder-workspace
/Applications/Xcode-27.0.0-Release.Candidate.app/Contents/Developer/usr/bin/ibtool --errors --warnings --notices --module WWExpandableTextView_WWExpandableTextView --output-partial-info-plist /Users/admin/builder/spi-builder-workspace/.derivedData/Build/Intermediates.noindex/WWExpandableTextView.build/Debug-appletvos/WWExpandableTextView_WWExpandableTextView-b.build/WWExpandableTextView-PartialInfo.plist --auto-activate-custom-fonts --target-device tv --minimum-deployment-target 15.0 --output-format human-readable-text --compile /Users/admin/builder/spi-builder-workspace/.derivedData/Build/Products/Debug-appletvos/WWExpandableTextView_WWExpandableTextView.bundle/WWExpandableTextView.nib /Users/admin/builder/spi-builder-workspace/Sources/WWExpandableTextView/Xib/WWExpandableTextView.xib
/* com.apple.ibtool.errors */
/Users/admin/builder/spi-builder-workspace/Sources/WWExpandableTextView/Xib/WWExpandableTextView.xib: error: iOS xibs do not support target device type "tv".
PruneExplicitPrecompiledModules /Users/admin/builder/spi-builder-workspace/.derivedData/Build/Intermediates.noindex/SwiftExplicitPrecompiledModules
PruneExplicitPrecompiledModules /Users/admin/builder/spi-builder-workspace/.derivedData/SDKExplicitPrecompiledModules
PruneExplicitPrecompiledModules /Users/admin/builder/spi-builder-workspace/.derivedData/Build/Intermediates.noindex/ExplicitPrecompiledModules
2026-09-22 01:52:45.264 xcodebuild[654:4233] [MT] IDERunDestination: Supported platforms for the buildables in the current scheme is empty.
** BUILD FAILED **
The following build commands failed:
CompileXIB /Users/admin/builder/spi-builder-workspace/Sources/WWExpandableTextView/Xib/WWExpandableTextView.xib (in target 'WWExpandableTextView_WWExpandableTextView' from project 'WWExpandableTextView')
Building workspace WWExpandableTextView with scheme WWExpandableTextView
(2 failures)
Command line invocation:
/Applications/Xcode-27.0.0-Release.Candidate.app/Contents/Developer/usr/bin/xcodebuild -IDEClonedSourcePackagesDirPathOverride=/Users/admin/builder/spi-builder-workspace/.dependencies -resolvePackageDependencies
Resolve Package Graph
Resolved source packages:
WWExpandableTextView: /Users/admin/builder/spi-builder-workspace
resolved source packages: WWExpandableTextView
2026-09-22 01:52:48.740 xcodebuild[673:4383] [MT] IDERunDestination: Supported platforms for the buildables in the current scheme is empty.
{
"dependencies" : [
],
"manifest_display_name" : "WWExpandableTextView",
"name" : "WWExpandableTextView",
"path" : "/Users/admin/builder/spi-builder-workspace",
"platforms" : [
{
"name" : "ios",
"version" : "15.0"
}
],
"products" : [
{
"name" : "WWExpandableTextView",
"targets" : [
"WWExpandableTextView"
],
"type" : {
"library" : [
"automatic"
]
}
}
],
"swift_languages_versions" : [
"5"
],
"targets" : [
{
"c99name" : "WWExpandableTextView",
"module_type" : "SwiftTarget",
"name" : "WWExpandableTextView",
"path" : "Sources/WWExpandableTextView",
"product_memberships" : [
"WWExpandableTextView"
],
"resources" : [
{
"path" : "/Users/admin/builder/spi-builder-workspace/Sources/WWExpandableTextView/Privacy",
"rule" : {
"copy" : {
}
}
},
{
"path" : "/Users/admin/builder/spi-builder-workspace/Sources/WWExpandableTextView/Xib/WWExpandableTextView.xib",
"rule" : {
"process" : {
}
}
}
],
"sources" : [
"WWExpandableTextView.swift"
],
"type" : "library"
}
],
"tools_version" : "5.7"
}
{
"workspace" : {
"name" : "WWExpandableTextView",
"schemes" : [
"WWExpandableTextView"
]
}
}
2026-09-22 01:52:49.886 xcodebuild[681:4446] [MT] IDERunDestination: Supported platforms for the buildables in the current scheme is empty.
Running build ...
env DEVELOPER_DIR=/Applications/Xcode-27.0.0-Release.Candidate.app xcrun xcodebuild -IDEClonedSourcePackagesDirPathOverride=$PWD/.dependencies -skipMacroValidation -skipPackagePluginValidation -derivedDataPath $PWD/.derivedData build -scheme WWExpandableTextView -destination generic/platform=tvOS
Command line invocation:
/Applications/Xcode-27.0.0-Release.Candidate.app/Contents/Developer/usr/bin/xcodebuild -IDEClonedSourcePackagesDirPathOverride=/Users/admin/builder/spi-builder-workspace/.dependencies -skipMacroValidation -skipPackagePluginValidation -derivedDataPath /Users/admin/builder/spi-builder-workspace/.derivedData build -scheme WWExpandableTextView -destination generic/platform=tvOS
Resolve Package Graph
Resolved source packages:
WWExpandableTextView: /Users/admin/builder/spi-builder-workspace
ComputePackagePrebuildTargetDependencyGraph
Prepare packages
CreateBuildRequest
SendProjectDescription
CreateBuildOperation
ComputeTargetDependencyGraph
note: Building targets in dependency order
note: Target dependency graph (3 targets)
Target 'WWExpandableTextView-product' in project 'WWExpandableTextView'
➜ Explicit dependency on target 'WWExpandableTextView' in project 'WWExpandableTextView'
➜ Explicit dependency on target 'WWExpandableTextView_WWExpandableTextView' in project 'WWExpandableTextView'
Target 'WWExpandableTextView' in project 'WWExpandableTextView'
➜ Explicit dependency on target 'WWExpandableTextView_WWExpandableTextView' in project 'WWExpandableTextView'
Target 'WWExpandableTextView_WWExpandableTextView' in project 'WWExpandableTextView' (no dependencies)
GatherProvisioningInputs
CreateBuildDescription
ClangStatCache /Applications/Xcode-27.0.0-Release.Candidate.app/Contents/Developer/Toolchains/XcodeDefault.xctoolchain/usr/bin/clang-stat-cache /Applications/Xcode-27.0.0-Release.Candidate.app/Contents/Developer/Platforms/AppleTVOS.platform/Developer/SDKs/AppleTVOS27.0.sdk /Users/admin/builder/spi-builder-workspace/.derivedData/SDKStatCaches.noindex/appletvos27.0-24J360-e829b21a6f8c9b70876ba0858053c044b32bfd8d43560033f8d89884cdb90028.sdkstatcache
cd /Users/admin/builder/spi-builder-workspace/.swiftpm/xcode
/Applications/Xcode-27.0.0-Release.Candidate.app/Contents/Developer/Toolchains/XcodeDefault.xctoolchain/usr/bin/clang-stat-cache /Applications/Xcode-27.0.0-Release.Candidate.app/Contents/Developer/Platforms/AppleTVOS.platform/Developer/SDKs/AppleTVOS27.0.sdk -o /Users/admin/builder/spi-builder-workspace/.derivedData/SDKStatCaches.noindex/appletvos27.0-24J360-e829b21a6f8c9b70876ba0858053c044b32bfd8d43560033f8d89884cdb90028.sdkstatcache
CompileXIB /Users/admin/builder/spi-builder-workspace/Sources/WWExpandableTextView/Xib/WWExpandableTextView.xib (in target 'WWExpandableTextView_WWExpandableTextView' from project 'WWExpandableTextView')
cd /Users/admin/builder/spi-builder-workspace
/Applications/Xcode-27.0.0-Release.Candidate.app/Contents/Developer/usr/bin/ibtool --errors --warnings --notices --module WWExpandableTextView_WWExpandableTextView --output-partial-info-plist /Users/admin/builder/spi-builder-workspace/.derivedData/Build/Intermediates.noindex/WWExpandableTextView.build/Debug-appletvos/WWExpandableTextView_WWExpandableTextView-b.build/WWExpandableTextView-PartialInfo.plist --auto-activate-custom-fonts --target-device tv --minimum-deployment-target 15.0 --output-format human-readable-text --compile /Users/admin/builder/spi-builder-workspace/.derivedData/Build/Products/Debug-appletvos/WWExpandableTextView_WWExpandableTextView.bundle/WWExpandableTextView.nib /Users/admin/builder/spi-builder-workspace/Sources/WWExpandableTextView/Xib/WWExpandableTextView.xib
/* com.apple.ibtool.errors */
/Users/admin/builder/spi-builder-workspace/Sources/WWExpandableTextView/Xib/WWExpandableTextView.xib: error: iOS xibs do not support target device type "tv".
PruneExplicitPrecompiledModules /Users/admin/builder/spi-builder-workspace/.derivedData/SDKExplicitPrecompiledModules
PruneExplicitPrecompiledModules /Users/admin/builder/spi-builder-workspace/.derivedData/Build/Intermediates.noindex/ExplicitPrecompiledModules
PruneExplicitPrecompiledModules /Users/admin/builder/spi-builder-workspace/.derivedData/Build/Intermediates.noindex/SwiftExplicitPrecompiledModules
2026-09-22 01:52:50.836 xcodebuild[682:4469] [MT] IDERunDestination: Supported platforms for the buildables in the current scheme is empty.
** BUILD FAILED **
The following build commands failed:
CompileXIB /Users/admin/builder/spi-builder-workspace/Sources/WWExpandableTextView/Xib/WWExpandableTextView.xib (in target 'WWExpandableTextView_WWExpandableTextView' from project 'WWExpandableTextView')
Building workspace WWExpandableTextView with scheme WWExpandableTextView
(2 failures)
BUILD FAILURE 6.4 tvOS