Build Information
Failed to build GoogleCloudNotebooksV2, reference main (6b8ab4), with Swift 6.2 for Android on 12 Oct 2026 01:56:12 UTC.
Build Command
bash -c docker run --pull=always --rm -v "checkouts-54344849-1":/host -w "$PWD" -e JAVA_HOME="/root/.sdkman/candidates/java/current" -e SPI_BUILD="1" -e SPI_PROCESSING="1" registry.gitlab.com/saguaro1/spi-images:android-6.2-latest swift build --swift-sdk aarch64-unknown-linux-android28 2>&1Build Log
========================================
RunAll
========================================
Builder version: 5.1.1
Interrupt handler set up.
========================================
Checkout
========================================
Clone URL: https://github.com/googleapis/swift-google-cloud-notebooks-v2.git
Reference: main
Initialized empty Git repository in /host/spi-builder-workspace/.git/
hint: Using 'master' as the name for the initial branch. This default branch name
hint: is subject to change. To configure the initial branch name to use in all
hint: of your new repositories, which will suppress this warning, call:
hint:
hint: git config --global init.defaultBranch <name>
hint:
hint: Names commonly chosen instead of 'master' are 'main', 'trunk' and
hint: 'development'. The just-created branch can be renamed via this command:
hint:
hint: git branch -m <name>
From https://github.com/googleapis/swift-google-cloud-notebooks-v2
* branch main -> FETCH_HEAD
* [new branch] main -> origin/main
HEAD is now at 6b8ab41 chore: release circa 2026-10-07 (#1382)
Cloned https://github.com/googleapis/swift-google-cloud-notebooks-v2.git
Revision (git rev-parse @):
6b8ab417ab48e16cb31289fe35c2cf123024c887
SPI manifest file found: $PWD/.spi.yml
SUCCESS checkout https://github.com/googleapis/swift-google-cloud-notebooks-v2.git at main
========================================
Build
========================================
Selected platform: android
Swift version: 6.2
Building package at path: $PWD
https://github.com/googleapis/swift-google-cloud-notebooks-v2.git
Running build ...
bash -c docker run --pull=always --rm -v "checkouts-54344849-1":/host -w "$PWD" -e JAVA_HOME="/root/.sdkman/candidates/java/current" -e SPI_BUILD="1" -e SPI_PROCESSING="1" registry.gitlab.com/saguaro1/spi-images:android-6.2-latest swift build --swift-sdk aarch64-unknown-linux-android28 2>&1
android-6.2-latest: Pulling from saguaro1/spi-images
Digest: sha256:a839c9ce201f1dacc8eb056626ec7ab0a1c6d53d7b77c83feda395f4507c51be
Status: Image is up to date for registry.gitlab.com/saguaro1/spi-images:android-6.2-latest
Fetching https://github.com/googleapis/swift-google-iam-v1
Fetching https://github.com/apple/swift-log
Fetching https://github.com/googleapis/swift-google-longrunning
Fetching https://github.com/googleapis/swift-google-rpc
Fetching https://github.com/googleapis/swift-google-gax
Fetching https://github.com/googleapis/swift-google-wkt
[1/422] Fetching swift-google-rpc
[52/1041] Fetching swift-google-rpc, swift-google-longrunning
[182/1747] Fetching swift-google-rpc, swift-google-longrunning, swift-google-iam-v1
[344/10004] Fetching swift-google-rpc, swift-google-longrunning, swift-google-iam-v1, swift-log
[1931/11752] Fetching swift-google-rpc, swift-google-longrunning, swift-google-iam-v1, swift-log, swift-google-gax
[3026/12775] Fetching swift-google-rpc, swift-google-longrunning, swift-google-iam-v1, swift-log, swift-google-gax, swift-google-wkt
Fetched https://github.com/googleapis/swift-google-gax from cache (0.42s)
[266/422] Fetching swift-google-rpc
Fetching https://github.com/googleapis/swift-google-cloud-location
Fetched https://github.com/googleapis/swift-google-wkt from cache (0.45s)
Fetching https://github.com/googleapis/swift-google-auth
Fetched https://github.com/googleapis/swift-google-longrunning from cache (0.50s)
Fetched https://github.com/googleapis/swift-google-iam-v1 from cache (0.50s)
Fetched https://github.com/googleapis/swift-google-rpc from cache (0.50s)
Fetched https://github.com/apple/swift-log from cache (0.50s)
[1/552] Fetching swift-google-cloud-location
Fetched https://github.com/googleapis/swift-google-cloud-location from cache (0.37s)
[1/1023] Fetching swift-google-auth
Fetched https://github.com/googleapis/swift-google-auth from cache (0.41s)
Computing version for https://github.com/googleapis/swift-google-wkt
Computed https://github.com/googleapis/swift-google-wkt at 0.5.0 (1.01s)
Fetching https://github.com/swift-extras/swift-extras-base64
[1/954] Fetching swift-extras-base64
Fetched https://github.com/swift-extras/swift-extras-base64 from cache (0.79s)
Computing version for https://github.com/googleapis/swift-google-rpc
Computed https://github.com/googleapis/swift-google-rpc at 0.5.0 (0.94s)
Computing version for https://github.com/googleapis/swift-google-longrunning
Computed https://github.com/googleapis/swift-google-longrunning at 0.5.0 (0.14s)
Computing version for https://github.com/googleapis/swift-google-iam-v1
Computed https://github.com/googleapis/swift-google-iam-v1 at 0.5.0 (0.14s)
Fetching https://github.com/googleapis/swift-google-type
[1/437] Fetching swift-google-type
Fetched https://github.com/googleapis/swift-google-type from cache (0.34s)
Computing version for https://github.com/googleapis/swift-google-gax
Computed https://github.com/googleapis/swift-google-gax at 0.5.0 (0.49s)
Fetching https://github.com/swift-server/async-http-client.git
Fetching https://github.com/apple/swift-nio
[1/16464] Fetching async-http-client
Fetched https://github.com/swift-server/async-http-client.git from cache (0.90s)
[1/86374] Fetching swift-nio
Fetched https://github.com/apple/swift-nio from cache (3.35s)
Computing version for https://github.com/googleapis/swift-google-cloud-location
Computed https://github.com/googleapis/swift-google-cloud-location at 0.5.0 (3.50s)
Computing version for https://github.com/googleapis/swift-google-auth
Computed https://github.com/googleapis/swift-google-auth at 0.5.0 (0.13s)
Fetching https://github.com/vapor/jwt-kit.git
Fetching https://github.com/apple/swift-system.git
[1/7241] Fetching swift-system
[146/17495] Fetching swift-system, jwt-kit
Fetched https://github.com/apple/swift-system.git from cache (1.47s)
Fetched https://github.com/vapor/jwt-kit.git from cache (1.47s)
Computing version for https://github.com/googleapis/swift-google-type
Computed https://github.com/googleapis/swift-google-type at 0.5.0 (1.61s)
Computing version for https://github.com/swift-extras/swift-extras-base64
Computed https://github.com/swift-extras/swift-extras-base64 at 1.2.0 (0.12s)
Computing version for https://github.com/swift-server/async-http-client.git
Computed https://github.com/swift-server/async-http-client.git at 1.36.2 (0.15s)
Fetching https://github.com/apple/swift-nio-extras.git
Fetching https://github.com/apple/swift-atomics.git
Fetching https://github.com/apple/swift-nio-transport-services.git
Fetching https://github.com/apple/swift-configuration.git
Fetching https://github.com/apple/swift-service-context.git
Fetching https://github.com/apple/swift-nio-http2.git
[1/1501] Fetching swift-service-context
[1502/4368] Fetching swift-service-context, swift-nio-transport-services
[1503/8296] Fetching swift-service-context, swift-nio-transport-services, swift-configuration
[2108/10185] Fetching swift-service-context, swift-nio-transport-services, swift-configuration, swift-atomics
[3831/16888] Fetching swift-service-context, swift-nio-transport-services, swift-configuration, swift-atomics, swift-nio-extras
Fetched https://github.com/apple/swift-service-context.git from cache (0.51s)
Fetching https://github.com/apple/swift-distributed-tracing.git
Fetched https://github.com/apple/swift-nio-transport-services.git from cache (0.51s)
[1/12294] Fetching swift-nio-http2
[12295/18845] Fetching swift-nio-http2, swift-distributed-tracing
Fetched https://github.com/apple/swift-atomics.git from cache (1.06s)
Fetched https://github.com/apple/swift-configuration.git from cache (1.06s)
Fetched https://github.com/apple/swift-nio-extras.git from cache (1.06s)
Fetching https://github.com/apple/swift-nio-ssl.git
Fetched https://github.com/apple/swift-nio-http2.git from cache (1.07s)
[5634/6551] Fetching swift-distributed-tracing
Fetching https://github.com/apple/swift-algorithms.git
Fetched https://github.com/apple/swift-distributed-tracing.git from cache (0.66s)
[1/16880] Fetching swift-nio-ssl
[845/23044] Fetching swift-nio-ssl, swift-algorithms
Fetched https://github.com/apple/swift-algorithms.git from cache (0.52s)
[3039/16880] Fetching swift-nio-ssl
Fetched https://github.com/apple/swift-nio-ssl.git from cache (1.19s)
Computing version for https://github.com/apple/swift-service-context.git
Computed https://github.com/apple/swift-service-context.git at 1.3.0 (2.39s)
Computing version for https://github.com/apple/swift-algorithms.git
Computed https://github.com/apple/swift-algorithms.git at 1.2.1 (0.84s)
Fetching https://github.com/apple/swift-numerics.git
[1/6742] Fetching swift-numerics
Fetched https://github.com/apple/swift-numerics.git from cache (0.50s)
Computing version for https://github.com/apple/swift-log
Computed https://github.com/apple/swift-log at 1.16.1 (0.64s)
Computing version for https://github.com/apple/swift-distributed-tracing.git
Computed https://github.com/apple/swift-distributed-tracing.git at 1.5.0 (0.13s)
Computing version for https://github.com/apple/swift-atomics.git
Computed https://github.com/apple/swift-atomics.git at 1.3.1 (0.13s)
Computing version for https://github.com/apple/swift-numerics.git
Computed https://github.com/apple/swift-numerics.git at 1.1.1 (0.12s)
Computing version for https://github.com/apple/swift-nio
Computed https://github.com/apple/swift-nio at 2.104.0 (0.32s)
Fetching https://github.com/apple/swift-collections.git
[1/28703] Fetching swift-collections
Fetched https://github.com/apple/swift-collections.git from cache (1.22s)
Computing version for https://github.com/apple/swift-configuration.git
Computed https://github.com/apple/swift-configuration.git at 1.2.2 (1.99s)
Fetching https://github.com/swift-server/swift-service-lifecycle
[1/2867] Fetching swift-service-lifecycle
Fetched https://github.com/swift-server/swift-service-lifecycle from cache (0.43s)
Computing version for https://github.com/apple/swift-nio-transport-services.git
Computed https://github.com/apple/swift-nio-transport-services.git at 1.28.0 (0.58s)
Computing version for https://github.com/swift-server/swift-service-lifecycle
Computed https://github.com/swift-server/swift-service-lifecycle at 2.12.1 (0.13s)
Fetching https://github.com/apple/swift-async-algorithms.git
[1/6820] Fetching swift-async-algorithms
Fetched https://github.com/apple/swift-async-algorithms.git from cache (0.53s)
Computing version for https://github.com/apple/swift-async-algorithms.git
Computed https://github.com/apple/swift-async-algorithms.git at 1.1.7 (0.73s)
Computing version for https://github.com/apple/swift-collections.git
Computed https://github.com/apple/swift-collections.git at 1.7.2 (0.22s)
Computing version for https://github.com/apple/swift-nio-http2.git
Computed https://github.com/apple/swift-nio-http2.git at 1.46.0 (0.15s)
Computing version for https://github.com/vapor/jwt-kit.git
Computed https://github.com/vapor/jwt-kit.git at 5.7.1 (0.13s)
Fetching https://github.com/apple/swift-crypto.git
Fetching https://github.com/apple/swift-certificates.git
[1/18629] Fetching swift-crypto
[188/26242] Fetching swift-crypto, swift-certificates
Fetched https://github.com/apple/swift-certificates.git from cache (0.52s)
[2050/18629] Fetching swift-crypto
Fetched https://github.com/apple/swift-crypto.git from cache (1.15s)
Computing version for https://github.com/apple/swift-crypto.git
Computed https://github.com/apple/swift-crypto.git at 4.5.2 (1.74s)
Fetching https://github.com/apple/swift-asn1.git
[1/2009] Fetching swift-asn1
Fetched https://github.com/apple/swift-asn1.git from cache (0.41s)
Computing version for https://github.com/apple/swift-asn1.git
Computed https://github.com/apple/swift-asn1.git at 1.7.3 (0.58s)
Computing version for https://github.com/apple/swift-certificates.git
Computed https://github.com/apple/swift-certificates.git at 1.21.0 (0.18s)
Computing version for https://github.com/apple/swift-nio-ssl.git
Computed https://github.com/apple/swift-nio-ssl.git at 2.37.5 (0.17s)
Computing version for https://github.com/apple/swift-system.git
Computed https://github.com/apple/swift-system.git at 1.8.1 (0.16s)
Computing version for https://github.com/apple/swift-nio-extras.git
Computed https://github.com/apple/swift-nio-extras.git at 1.35.1 (0.24s)
Fetching https://github.com/apple/swift-http-types.git
Fetching https://github.com/apple/swift-http-structured-headers.git
[1/1253] Fetching swift-http-structured-headers
[39/3192] Fetching swift-http-structured-headers, swift-http-types
Fetched https://github.com/apple/swift-http-structured-headers.git from cache (0.47s)
Fetched https://github.com/apple/swift-http-types.git from cache (0.47s)
Computing version for https://github.com/apple/swift-http-structured-headers.git
Computed https://github.com/apple/swift-http-structured-headers.git at 1.7.0 (0.61s)
Computing version for https://github.com/apple/swift-http-types.git
Computed https://github.com/apple/swift-http-types.git at 1.8.0 (0.15s)
Creating working copy for https://github.com/apple/swift-collections.git
Working copy of https://github.com/apple/swift-collections.git resolved at 1.7.2
Creating working copy for https://github.com/apple/swift-configuration.git
Working copy of https://github.com/apple/swift-configuration.git resolved at 1.2.2
Creating working copy for https://github.com/apple/swift-nio
Working copy of https://github.com/apple/swift-nio resolved at 2.104.0
Creating working copy for https://github.com/googleapis/swift-google-gax
Working copy of https://github.com/googleapis/swift-google-gax resolved at 0.5.0
Creating working copy for https://github.com/apple/swift-nio-http2.git
Working copy of https://github.com/apple/swift-nio-http2.git resolved at 1.46.0
Creating working copy for https://github.com/apple/swift-nio-ssl.git
Working copy of https://github.com/apple/swift-nio-ssl.git resolved at 2.37.5
Creating working copy for https://github.com/googleapis/swift-google-rpc
Working copy of https://github.com/googleapis/swift-google-rpc resolved at 0.5.0
Creating working copy for https://github.com/apple/swift-distributed-tracing.git
Working copy of https://github.com/apple/swift-distributed-tracing.git resolved at 1.5.0
Creating working copy for https://github.com/googleapis/swift-google-type
Working copy of https://github.com/googleapis/swift-google-type resolved at 0.5.0
Creating working copy for https://github.com/googleapis/swift-google-iam-v1
Working copy of https://github.com/googleapis/swift-google-iam-v1 resolved at 0.5.0
Creating working copy for https://github.com/apple/swift-nio-extras.git
Working copy of https://github.com/apple/swift-nio-extras.git resolved at 1.35.1
Creating working copy for https://github.com/apple/swift-http-types.git
Working copy of https://github.com/apple/swift-http-types.git resolved at 1.8.0
Creating working copy for https://github.com/apple/swift-atomics.git
Working copy of https://github.com/apple/swift-atomics.git resolved at 1.3.1
Creating working copy for https://github.com/swift-server/swift-service-lifecycle
Working copy of https://github.com/swift-server/swift-service-lifecycle resolved at 2.12.1
Creating working copy for https://github.com/apple/swift-certificates.git
Working copy of https://github.com/apple/swift-certificates.git resolved at 1.21.0
Creating working copy for https://github.com/apple/swift-async-algorithms.git
Working copy of https://github.com/apple/swift-async-algorithms.git resolved at 1.1.7
Creating working copy for https://github.com/apple/swift-log
Working copy of https://github.com/apple/swift-log resolved at 1.16.1
Creating working copy for https://github.com/apple/swift-asn1.git
Working copy of https://github.com/apple/swift-asn1.git resolved at 1.7.3
Creating working copy for https://github.com/apple/swift-nio-transport-services.git
Working copy of https://github.com/apple/swift-nio-transport-services.git resolved at 1.28.0
Creating working copy for https://github.com/swift-extras/swift-extras-base64
Working copy of https://github.com/swift-extras/swift-extras-base64 resolved at 1.2.0
Creating working copy for https://github.com/apple/swift-crypto.git
Working copy of https://github.com/apple/swift-crypto.git resolved at 4.5.2
Creating working copy for https://github.com/googleapis/swift-google-longrunning
Working copy of https://github.com/googleapis/swift-google-longrunning resolved at 0.5.0
Creating working copy for https://github.com/apple/swift-service-context.git
Working copy of https://github.com/apple/swift-service-context.git resolved at 1.3.0
Creating working copy for https://github.com/apple/swift-numerics.git
Working copy of https://github.com/apple/swift-numerics.git resolved at 1.1.1
Creating working copy for https://github.com/googleapis/swift-google-cloud-location
Working copy of https://github.com/googleapis/swift-google-cloud-location resolved at 0.5.0
Creating working copy for https://github.com/vapor/jwt-kit.git
Working copy of https://github.com/vapor/jwt-kit.git resolved at 5.7.1
Creating working copy for https://github.com/googleapis/swift-google-wkt
Working copy of https://github.com/googleapis/swift-google-wkt resolved at 0.5.0
Creating working copy for https://github.com/swift-server/async-http-client.git
Working copy of https://github.com/swift-server/async-http-client.git resolved at 1.36.2
Creating working copy for https://github.com/googleapis/swift-google-auth
Working copy of https://github.com/googleapis/swift-google-auth resolved at 0.5.0
Creating working copy for https://github.com/apple/swift-algorithms.git
Working copy of https://github.com/apple/swift-algorithms.git resolved at 1.2.1
Creating working copy for https://github.com/apple/swift-system.git
Working copy of https://github.com/apple/swift-system.git resolved at 1.8.1
Creating working copy for https://github.com/apple/swift-http-structured-headers.git
Working copy of https://github.com/apple/swift-http-structured-headers.git resolved at 1.7.0
Building for debugging...
[0/978] Write sources
[30/978] Compiling p256-armv8-asm-win.S
[31/978] Compiling p256_beeu-armv8-asm-apple.S
[31/978] Compiling p256-x86_64-asm-apple.S
[31/978] Compiling p256-x86_64-asm-linux.S
[31/978] Write sources
[31/978] Compiling p256-armv8-asm-apple.S
[31/978] Write sources
[70/978] Compiling p256_beeu-armv8-asm-linux.S
[71/978] Compiling _NumericsShims _NumericsShims.c
[72/978] Compiling _AtomicsShims.c
[73/978] Compiling p256-armv8-asm-linux.S
[74/978] Compiling CXKCPShims shims.c
[75/978] Compiling SimpleFIPS202.c
[75/978] Compiling KeccakSponge.c
[77/978] Compiling CNIOWindows shim.c
[78/978] Write swift-version--11D90AFD9DD3AB2.txt
[79/978] Compiling CNIOWindows WSAStartup.c
[79/978] Compiling KeccakHash.c
[81/978] Compiling CNIOWASI CNIOWASI.c
[82/978] Compiling CNIOPosix event_loop_id.c
[83/978] Compiling CNIOOpenBSD shim.c
[84/978] Compiling CSystem shims.c
[85/1004] Compiling CNIOLinux shim.c
[87/1054] Emitting module _NIOBase64
[87/1054] Compiling KeccakP-1600-opt64.c
[89/1065] Compiling ServiceContextModule ServiceContextKey.swift
[90/1065] Compiling _NIOBase64 Base64.swift
[91/1066] Compiling Logging LogEvent.swift
[92/1066] Compiling Logging LogHandler.swift
[93/1066] Compiling Logging MultiplexLogHandler.swift
[94/1066] Emitting module ServiceContextModule
[95/1066] Compiling ServiceContextModule ServiceContext.swift
[97/1069] Compiling Logging StreamLogHandler.swift
[98/1069] Compiling Logging SwiftLogNoOpLogHandler.swift
[99/1069] Compiling Logging Locks.swift
[100/1069] Compiling SystemPackage IOCompletion.swift
[101/1069] Compiling SystemPackage IORequest.swift
[103/1082] Compiling Logging Logger+With.swift
[104/1097] Compiling InternalCollectionsUtilities RandomAccessCollection+Offsets.swift
[105/1097] Compiling InternalCollectionsUtilities Span+Extras.swift
[106/1098] Compiling InternalCollectionsUtilities Iterable+CopyContents.swift
[107/1098] Compiling InternalCollectionsUtilities Iterable+Equality.swift
[108/1098] Emitting module RealModule
[109/1098] Compiling RealModule RealFunctions.swift
[110/1098] Compiling RealModule Real.swift
[111/1098] Compiling InternalCollectionsUtilities BorrowingIteratorProtocol+Equality.swift
[112/1098] Compiling InternalCollectionsUtilities BorrowingIteratorProtocol+Extras.swift
[113/1103] Compiling InternalCollectionsUtilities UInt+first and last set bit.swift
[114/1103] Compiling InternalCollectionsUtilities UInt+reversed.swift
[117/1103] Compiling InternalCollectionsUtilities LifetimeOverride.swift
[118/1109] Emitting module SystemPackage
[119/1109] Compiling RealModule RelaxedArithmetic.swift
[120/1109] Compiling Logging Logger+Attributes.swift
[123/1109] Compiling InternalCollectionsUtilities FixedWidthInteger+roundUpToPowerOfTwo.swift
[124/1109] Compiling InternalCollectionsUtilities Integer rank.swift
[125/1109] Compiling RealModule Float16+Real.swift
[126/1109] Compiling InternalCollectionsUtilities Debugging.swift
[127/1109] Compiling InternalCollectionsUtilities Descriptions.swift
[128/1109] Compiling RealModule Float80+Real.swift
[130/1110] Compiling Logging LoggingSystem.swift
[131/1110] Compiling Logging Logger.swift
[132/1110] Compiling _CertificateInternals _TinyArray.swift
[133/1110] Compiling InternalCollectionsUtilities UnsafeMutablePointer+Extras.swift
[134/1110] Compiling InternalCollectionsUtilities UnsafeMutableRawBufferPointer+Extras.swift
[135/1110] Compiling InternalCollectionsUtilities UnsafePointer+Extras.swift
[136/1110] Emitting module _CertificateInternals
[138/1114] Compiling _NIODataStructures Heap.swift
[139/1114] Compiling _NIODataStructures _TinyArray.swift
[140/1114] Emitting module _NIODataStructures
[141/1114] Compiling _NIODataStructures PriorityQueue.swift
[142/1121] Wrapping AST for _NIOBase64 for debugging
[143/1121] Wrapping AST for _CertificateInternals for debugging
[144/1121] Wrapping AST for _NIODataStructures for debugging
[146/1121] Compiling Instrumentation NoOpInstrument.swift
[146/1121] Wrapping AST for ServiceContextModule for debugging
[147/1121] Wrapping AST for RealModule for debugging
[149/1121] Emitting module SwiftASN1
[149/1121] Compiling CNIOLinux liburing_shims.c
[151/1121] Compiling InternalCollectionsUtilities UnsafeRawBufferPointer+Extras.swift
[152/1121] Compiling InternalCollectionsUtilities _SortedCollection.swift
[153/1121] Compiling InternalCollectionsUtilities _UniqueCollection.swift
[161/1121] Compiling CNIOLLHTTP c_nio_http.c
[163/1121] Compiling Instrumentation MultiplexInstrument.swift
[163/1121] Compiling CNIOLLHTTP c_nio_api.c
[164/1121] Compiling CNIOFreeBSD shim.c
[165/1121] Compiling CNIOLLHTTP c_nio_llhttp.c
[167/1121] Compiling InternalCollectionsUtilities Strideable+LimitHelpers.swift
[168/1121] Compiling InternalCollectionsUtilities String+Padding.swift
[168/1121] Compiling CNIOExtrasZlib zutil.c
[170/1121] Compiling InternalCollectionsUtilities MutableSpan+Extras.swift
[171/1121] Compiling InternalCollectionsUtilities OutputSpan+Extras.swift
[177/1121] Compiling InternalCollectionsUtilities MutableRef.swift
[177/1121] Compiling CNIOExtrasZlib trees.c
[178/1121] Compiling CNIOExtrasZlib inftrees.c
[179/1121] Compiling CNIOExtrasZlib inffast.c
[180/1121] Compiling CNIOExtrasZlib inflate.c
[182/1121] Emitting module InternalCollectionsUtilities
[182/1121] Compiling CNIOExtrasZlib crc32.c
[183/1121] Compiling CNIOExtrasZlib adler32.c
[184/1121] Compiling CNIOExtrasZlib deflate.c
[185/1121] Compiling CNIODarwin shim.c
[186/1121] Compiling fiat_p256_adx_sqr.S
[187/1121] Compiling fiat_p256_adx_mul.S
[189/1121] Compiling ExtrasBase64 Base32.swift
[189/1121] Compiling fiat_curve25519_adx_square.S
[190/1121] Compiling fiat_curve25519_adx_mul.S
[192/1121] Compiling SystemPackage SystemString.swift
[193/1121] Compiling SystemPackage Util+StringArray.swift
[194/1121] Compiling SystemPackage Util.swift
[195/1121] Compiling SystemPackage UtilConsumers.swift
[196/1121] Compiling SystemPackage WinSDK+Overlay.swift
[199/1121] Compiling InternalCollectionsUtilities TemporaryAllocation.swift
[200/1121] Compiling InternalCollectionsUtilities _UnsafeBitSet+Index.swift
[201/1121] Compiling InternalCollectionsUtilities _UnsafeBitSet+_Word.swift
[202/1121] Compiling InternalCollectionsUtilities _UnsafeBitSet.swift
[203/1121] Compiling InternalCollectionsUtilities UnsafeBufferPointer+Extras.swift
[204/1121] Compiling InternalCollectionsUtilities UnsafeMutableBufferPointer+Extras.swift
[204/1122] Compiling CNIOBoringSSLShims shims.c
[209/1122] Compiling Instrumentation Locks.swift
[210/1122] Compiling Instrumentation InstrumentationSystem.swift
[211/1122] Emitting module Instrumentation
[212/1122] Compiling Instrumentation Instrument.swift
[219/1128] Compiling SpanPreview OutputSpan+InputSpanHelpers.swift
[220/1128] Compiling SpanPreview MutableSpan+InputSpanHelpers.swift
[221/1128] Emitting module SpanPreview
[222/1128] Compiling SpanPreview InputSpan.swift
[224/1131] Compiling Logging MetadataProvider.swift
[225/1137] Compiling Tracing InstrumentationSystem+Tracing.swift
[226/1138] Compiling SystemPackage FileFlags.swift
[227/1138] Compiling SystemPackage FileMode.swift
[228/1138] Compiling SystemPackage FileType.swift
[229/1138] Compiling SystemPackage Identifiers.swift
[230/1138] Compiling SystemPackage Stat.swift
[256/1139] Compiling SystemPackage PlatformString.swift
[257/1180] Emitting module Logging
[258/1180] Compiling DequeModule Deque+Testing.swift
[259/1180] Compiling DequeModule Deque._Storage.swift
[260/1182] Compiling Tracing WithTracer.swift
[263/1182] Compiling Tracing TracingTime.swift
[263/1182] Wrapping AST for SwiftASN1 for debugging
[264/1182] Wrapping AST for SpanPreview for debugging
[265/1182] Wrapping AST for Logging for debugging
[267/1182] Compiling Tracing TracerProtocol.swift
[267/1182] Wrapping AST for SystemPackage for debugging
[268/1182] Wrapping AST for InternalCollectionsUtilities for debugging
[269/1182] Wrapping AST for Instrumentation for debugging
[271/1182] Compiling DequeModule UniqueDeque+Initializers.swift
[272/1182] Compiling DequeModule UniqueDeque+Insertions.swift
[273/1182] Compiling DequeModule UniqueDeque+Iterable.swift
[274/1182] Compiling DequeModule UniqueDeque+Prepend.swift
[275/1182] Compiling DequeModule UniqueDeque+Removals.swift
[276/1187] Compiling Tracing TracerProtocol+Legacy.swift
[277/1187] Compiling Tracing Tracer.swift
[277/1187] Compiling tls_record.cc
[279/1187] Compiling DequeModule _DequeBuffer.swift
[280/1187] Compiling DequeModule _DequeBufferHeader.swift
[281/1187] Compiling DequeModule RigidDeque+Append.swift
[282/1187] Compiling DequeModule RigidDeque+Consumption.swift
[283/1187] Compiling DequeModule RigidDeque+ContainerOperations.swift
[284/1187] Compiling DequeModule RigidDeque+Deprecations.swift
[285/1187] Compiling DequeModule RigidDeque+Descriptions.swift
[286/1187] Compiling DequeModule RigidDeque+Equatable.swift
[287/1187] Compiling DequeModule RigidDeque+Hashable.swift
[288/1187] Compiling DequeModule RigidDeque+Initializers.swift
[289/1187] Compiling DequeModule RigidDeque+Insertions.swift
[290/1187] Compiling DequeModule RigidDeque+Iterable.swift
[291/1187] Compiling DequeModule UniqueDeque+Consumption.swift
[292/1187] Compiling DequeModule UniqueDeque+ContainerOperations.swift
[293/1187] Compiling DequeModule UniqueDeque+Deprecations.swift
[294/1187] Compiling DequeModule UniqueDeque+Descriptions.swift
[295/1187] Compiling DequeModule UniqueDeque+Equatable.swift
[296/1187] Compiling DequeModule UniqueDeque+Hashable.swift
[297/1187] Compiling Tracing NoOpTracer.swift
[298/1187] Compiling Tracing SpanProtocol.swift
[299/1187] Emitting module Tracing
[300/1187] Compiling DequeModule RigidDeque+Prepend.swift
[301/1187] Compiling DequeModule RigidDeque+Removals.swift
[302/1187] Compiling DequeModule RigidDeque+Replacements.swift
[303/1187] Compiling DequeModule RigidDeque+Testing.swift
[304/1187] Compiling DequeModule RigidDeque.swift
[305/1187] Compiling DequeModule UniqueDeque+Append.swift
[305/1188] Compiling tls_method.cc
[307/1188] Compiling tls13_server.cc
[308/1188] Wrapping AST for Tracing for debugging
[310/1188] Compiling DequeModule Deque+Codable.swift
[311/1188] Compiling DequeModule Deque+Collection.swift
[312/1188] Compiling DequeModule Deque+CustomReflectable.swift
[313/1188] Compiling DequeModule Deque+Descriptions.swift
[314/1188] Compiling DequeModule Deque+Equatable.swift
[315/1188] Compiling DequeModule Deque+ExpressibleByArrayLiteral.swift
[316/1188] Compiling DequeModule Deque+Extras.swift
[317/1188] Compiling DequeModule Deque+Hashable.swift
[320/1188] Compiling DequeModule Deque._UnsafeHandle.swift
[321/1188] Compiling DequeModule Deque.swift
[321/1188] Compiling tls13_client.cc
[322/1188] Compiling tls13_both.cc
[323/1188] Compiling ssl_x509.cc
[324/1188] Compiling t1_enc.cc
[325/1188] Compiling tls13_enc.cc
[326/1188] Compiling ssl_versions.cc
[327/1188] Compiling ssl_transcript.cc
[329/1188] Compiling DequeModule UniqueDeque+Replacements.swift
[330/1188] Compiling DequeModule UniqueDeque.swift
[331/1188] Compiling DequeModule _DequeSlot.swift
[332/1188] Compiling DequeModule _UnsafeDequeHandle.swift
[333/1188] Compiling DequeModule _UnsafeDequeSegments.swift
[333/1188] Compiling ssl_privkey.cc
[334/1188] Compiling ssl_session.cc
[335/1188] Compiling ssl_stat.cc
[337/1188] Emitting module DequeModule
[338/1189] Compiling ssl_key_share.cc
[339/1229] Wrapping AST for DequeModule for debugging
[341/1232] Compiling ExtrasBase64 Base64.swift
[342/1232] Compiling ExtrasBase64 Base32+Span.swift
[343/1232] Compiling ExtrasBase64 Base64+Span.swift
[344/1232] Emitting module ExtrasBase64
[345/1233] Compiling ssl_file.cc
[347/1233] Compiling Configuration Deprecations.swift
[348/1233] Compiling Configuration ExpressibleByConfigInt.swift
[349/1233] Compiling Configuration ExpressibleByConfigString.swift
[350/1233] Compiling Configuration CLIKeyEncoder.swift
[351/1233] Compiling Configuration ConfigKeyEncoder.swift
[352/1233] Compiling Configuration DotSeparatorKeyDecoder.swift
[352/1269] Compiling ssl_lib.cc
[353/1269] Wrapping AST for ExtrasBase64 for debugging
[355/1269] Emitting module Configuration
[355/1269] Compiling ssl_buffer.cc
[356/1269] Compiling ssl_cert.cc
[357/1269] Compiling ssl_cipher.cc
[358/1269] Compiling ssl_credential.cc
[360/1269] Compiling GoogleWKT WKTValue.swift
[361/1269] Compiling GoogleWKT WKTApi.swift
[362/1269] Compiling GoogleWKT WKTEnum.swift
[363/1269] Compiling GoogleWKT WKTEnumValue.swift
[364/1269] Compiling GoogleWKT WKTFloatValue.swift
[365/1269] Compiling GoogleWKT WKTInt32Value.swift
[366/1269] Emitting module GoogleWKT
[367/1273] Compiling GoogleWKT WKTStringValue.swift
[368/1273] Compiling GoogleWKT WKTTimestamp.swift
[369/1273] Compiling GoogleWKT WKTUInt32Value.swift
[370/1273] Compiling GoogleWKT WKTUInt64Value.swift
[371/1273] Compiling GoogleWKT WKTField.swift
[372/1273] Compiling GoogleWKT WKTMethod.swift
[373/1273] Compiling GoogleWKT WKTMixin.swift
[374/1273] Compiling GoogleWKT WKTOption.swift
[374/1273] Compiling ssl_asn1.cc
[376/1273] Compiling GoogleWKT WKTDoubleValue.swift
[377/1273] Compiling GoogleWKT WKTDuration.swift
[378/1273] Compiling GoogleWKT WKTEmpty.swift
[379/1273] Compiling GoogleWKT WKTFieldMask.swift
[380/1273] Compiling GoogleWKT UnknownFields.swift
[381/1273] Compiling GoogleWKT WKTAny.swift
[382/1273] Compiling GoogleWKT WKTAnyError.swift
[383/1273] Compiling GoogleWKT WKTBoolValue.swift
[384/1273] Compiling GoogleWKT WKTBytesValue.swift
[385/1273] Compiling GoogleWKT WKTSourceContext.swift
[386/1273] Compiling GoogleWKT WKTSyntax.swift
[387/1273] Compiling GoogleWKT WKTType.swift
[388/1273] Compiling GoogleWKT PackageVersion.swift
[388/1273] Compiling ssl_aead_ctx.cc
[392/1273] Compiling GoogleWKT WKTInt64Value.swift
[393/1273] Compiling GoogleWKT WKTRecursive.swift
[397/1273] Compiling s3_lib.cc
[398/1273] Compiling s3_both.cc
[400/1273] Compiling GoogleWKT AnyPackable.swift
[401/1273] Compiling GoogleWKT DecodeToDefault.swift
[402/1273] Compiling GoogleWKT DiscoveryBase64.swift
[403/1273] Compiling GoogleWKT ProtoJSONDecoder.swift
[404/1273] Compiling GoogleWKT ProtoJSONEncoder.swift
[405/1274] Compiling s3_pkt.cc
[406/1292] Compiling handshake_server.cc
[408/1307] Compiling GoogleRpc Help.swift
[409/1307] Compiling GoogleRpc HttpHeader.swift
[410/1307] Compiling GoogleRpc HttpRequest.swift
[411/1307] Compiling GoogleRpc HttpResponse.swift
[412/1307] Compiling GoogleRpc PreconditionFailure.swift
[413/1307] Compiling GoogleRpc QuotaFailure.swift
[418/1307] Compiling Configuration YAMLSnapshot.swift
[419/1307] Compiling Configuration InMemoryProvider.swift
[420/1307] Compiling Configuration MutableInMemoryProvider.swift
[421/1307] Compiling Configuration ConfigProvider+Operators.swift
[422/1307] Compiling Configuration KeyMappingProvider.swift
[423/1307] Compiling Configuration SecretsSpecifier.swift
[424/1307] Compiling Configuration AsyncCombineLatestManySequence.swift
[425/1307] Compiling Configuration CombineLatestManyStateMachine.swift
[425/1307] Compiling handshake_client.cc
[428/1307] Compiling GoogleRpc RequestInfo.swift
[429/1307] Compiling GoogleRpc ResourceInfo.swift
[430/1307] Compiling GoogleType Quaternion.swift
[431/1309] Compiling Configuration CombineLatestManyStorage.swift
[432/1309] Compiling Configuration AsyncSequences.swift
[433/1309] Compiling Configuration FoundationExtensions.swift
[434/1309] Compiling Configuration Span.swift
[435/1309] Compiling Configuration ConfigBytesFromStringDecoder.swift
[436/1309] Compiling GoogleRpc ErrorInfo.swift
[437/1309] Compiling GoogleRpc LocalizedMessage.swift
[437/1309] Wrapping AST for GoogleWKT for debugging
[439/1309] Compiling GoogleRpc BadRequest.swift
[440/1309] Compiling GoogleRpc Code.swift
[441/1309] Compiling GoogleRpc DebugInfo.swift
[444/1309] Compiling GoogleRpc PackageVersion.swift
[445/1309] Compiling GoogleType PackageVersion.swift
[446/1309] Compiling GoogleType PhoneNumber.swift
[453/1309] Emitting module GoogleType
[458/1311] Compiling handshake.cc
[460/1311] Emitting module GoogleRpc
[469/1311] Compiling GoogleType TimeOfDay.swift
[470/1311] Compiling GoogleType TimeZone.swift
[475/1312] Compiling handoff.cc
[476/1312] Compiling extensions.cc
[477/1312] Wrapping AST for GoogleType for debugging
[479/1312] Compiling GoogleRpc RetryInfo.swift
[480/1312] Compiling GoogleRpc Status.swift
[481/1313] Wrapping AST for GoogleRpc for debugging
[482/1313] Compiling encrypted_client_hello.cc
[490/1314] Wrapping AST for Configuration for debugging
[491/1314] Compiling md5-x86_64-linux.S
[492/1314] Compiling md5-x86_64-apple.S
[493/1314] Compiling dtls_record.cc
[494/1314] Compiling md5-586-linux.S
[495/1314] Compiling md5-586-apple.S
[496/1314] Compiling chacha20_poly1305_x86_64-linux.S
[497/1314] Compiling chacha20_poly1305_x86_64-apple.S
[498/1314] Compiling chacha20_poly1305_armv8-win.S
[499/1314] Compiling dtls_method.cc
[500/1314] Compiling chacha20_poly1305_armv8-linux.S
[501/1314] Compiling chacha20_poly1305_armv8-apple.S
[502/1314] Compiling chacha-x86_64-linux.S
[503/1314] Compiling chacha-x86_64-apple.S
[504/1314] Compiling chacha-x86-linux.S
[505/1314] Compiling chacha-x86-apple.S
[506/1314] Compiling chacha-armv8-win.S
[507/1314] Compiling err_data.cc
[508/1314] Compiling chacha-armv8-apple.S
[509/1314] Compiling chacha-armv4-linux.S
[510/1314] Compiling chacha-armv8-linux.S
[511/1314] Compiling aes128gcmsiv-x86_64-linux.S
[512/1314] Compiling aes128gcmsiv-x86_64-apple.S
[513/1314] Compiling x86_64-mont5-linux.S
[514/1314] Compiling x86_64-mont5-apple.S
[514/1314] Compiling x86_64-mont-linux.S
[516/1314] Compiling d1_srtp.cc
[517/1314] Compiling x86_64-mont-apple.S
[518/1314] Compiling bio_ssl.cc
[519/1314] Compiling x86-mont-linux.S
[520/1314] Compiling x86-mont-apple.S
[521/1314] Compiling vpaes-x86_64-apple.S
[521/1314] Compiling vpaes-x86_64-linux.S
[523/1314] Compiling vpaes-x86-linux.S
[524/1314] Compiling vpaes-x86-apple.S
[525/1314] Compiling d1_pkt.cc
[526/1314] Compiling vpaes-armv8-win.S
[526/1314] Compiling vpaes-armv8-apple.S
[528/1314] Compiling vpaes-armv8-linux.S
[529/1314] Compiling vpaes-armv7-linux.S
[530/1314] Compiling sha512-x86_64-linux.S
[531/1314] Compiling sha512-armv8-win.S
[532/1314] Compiling sha512-x86_64-apple.S
[533/1314] Compiling sha512-armv8-apple.S
[534/1314] Compiling sha512-586-linux.S
[534/1314] Compiling sha512-armv8-linux.S
[536/1314] Compiling sha512-armv4-linux.S
[537/1314] Compiling sha512-586-apple.S
[537/1314] Compiling sha256-x86_64-linux.S
[539/1314] Compiling sha256-x86_64-apple.S
[540/1314] Compiling sha256-armv8-win.S
[541/1314] Compiling sha256-armv8-apple.S
[542/1314] Compiling sha256-586-linux.S
[543/1314] Compiling sha256-586-apple.S
[544/1314] Compiling sha256-armv4-linux.S
[544/1314] Compiling d1_lib.cc
[546/1314] Compiling sha256-armv8-linux.S
[547/1314] Compiling sha1-x86_64-apple.S
[548/1314] Compiling sha1-x86_64-linux.S
[549/1314] Compiling sha1-armv8-win.S
[550/1314] Compiling sha1-armv8-apple.S
[551/1314] Compiling sha1-armv4-large-linux.S
[552/1314] Compiling sha1-586-linux.S
[553/1314] Compiling sha1-armv8-linux.S
[554/1314] Compiling sha1-586-apple.S
[555/1314] Compiling rsaz-avx2-linux.S
[556/1314] Compiling rdrand-x86_64-linux.S
[557/1314] Compiling rsaz-avx2-apple.S
[558/1314] Compiling rdrand-x86_64-apple.S
[559/1314] Compiling p256_beeu-x86_64-asm-linux.S
[560/1314] Compiling p256_beeu-x86_64-asm-apple.S
[561/1314] Compiling p256_beeu-armv8-asm-win.S
[562/1314] Compiling ghashv8-armv8-win.S
[563/1314] Compiling ghashv8-armv8-apple.S
[564/1314] Compiling ghashv8-armv8-linux.S
[565/1314] Compiling ghashv8-armv7-linux.S
[566/1314] Compiling ghash-x86_64-apple.S
[567/1314] Compiling ghash-x86_64-linux.S
[568/1314] Compiling ghash-x86-linux.S
[569/1314] Compiling ghash-x86-apple.S
[570/1314] Compiling ghash-ssse3-x86_64-linux.S
[571/1314] Compiling ghash-ssse3-x86_64-apple.S
[572/1314] Compiling ghash-ssse3-x86-linux.S
[573/1314] Compiling ghash-ssse3-x86-apple.S
[574/1314] Compiling ghash-neon-armv8-win.S
[575/1314] Compiling d1_both.cc
[576/1314] Compiling ghash-neon-armv8-apple.S
[576/1314] Compiling ghash-neon-armv8-linux.S
[576/1314] Compiling ghash-armv4-linux.S
[579/1314] Compiling co-586-linux.S
[580/1314] Compiling bsaes-armv7-linux.S
[580/1314] Compiling co-586-apple.S
[582/1314] Compiling bn-armv8-win.S
[583/1314] Compiling bn-586-linux.S
[584/1314] Compiling bn-armv8-linux.S
[584/1314] Compiling bn-armv8-apple.S
[584/1314] Compiling bn-586-apple.S
[587/1314] Compiling armv8-mont-win.S
[588/1314] Compiling armv8-mont-apple.S
[589/1314] Compiling armv4-mont-linux.S
[590/1314] Compiling armv8-mont-linux.S
[591/1314] Compiling aesv8-gcm-armv8-win.S
[592/1314] Compiling aesv8-gcm-armv8-apple.S
[593/1314] Compiling aesv8-armv8-win.S
[594/1314] Compiling aesv8-gcm-armv8-linux.S
[595/1314] Compiling aesv8-armv8-apple.S
[596/1314] Compiling aesv8-armv8-linux.S
[597/1314] Compiling aesv8-armv7-linux.S
[598/1314] Compiling aesni-x86_64-linux.S
[599/1314] Compiling aesni-x86_64-apple.S
[600/1314] Compiling aesni-x86-linux.S
[601/1314] Compiling aesni-x86-apple.S
[602/1314] Compiling aesni-gcm-x86_64-apple.S
[603/1314] Compiling aesni-gcm-x86_64-linux.S
[604/1314] Compiling aes-gcm-avx2-x86_64-linux.S
[605/1314] Compiling aes-gcm-avx2-x86_64-apple.S
[606/1314] Compiling aes-gcm-avx10-x86_64-linux.S
[606/1314] Compiling aes-gcm-avx10-x86_64-apple.S
[608/1314] Compiling x_sig.cc
[609/1314] Compiling x_x509a.cc
[610/1314] Compiling x_val.cc
[611/1314] Compiling x_spki.cc
[612/1314] Compiling x_req.cc
[613/1314] Compiling x_pubkey.cc
[614/1314] Compiling x_x509.cc
[615/1314] Compiling x_name.cc
[616/1314] Compiling x_exten.cc
[617/1314] Compiling x509spki.cc
[618/1314] Compiling x_algor.cc
[619/1314] Compiling x_attrib.cc
[620/1314] Compiling x_crl.cc
[621/1314] Compiling x509rset.cc
[622/1314] Compiling x_all.cc
[623/1314] Compiling x509name.cc
[624/1314] Compiling x509_txt.cc
[625/1314] Compiling x509_vpm.cc
[626/1314] Compiling x509cset.cc
[627/1314] Compiling x509_v3.cc
[628/1314] Compiling x509_trs.cc
[629/1314] Compiling x509_set.cc
[630/1314] Compiling x509_vfy.cc
[631/1314] Compiling x509_req.cc
[632/1314] Compiling x509_obj.cc
[633/1314] Compiling x509_d2.cc
[634/1314] Compiling x509_def.cc
[635/1314] Compiling x509_ext.cc
[636/1314] Compiling x509_lu.cc
[637/1314] Compiling x509.cc
[638/1314] Compiling x509_cmp.cc
[639/1314] Compiling x509_att.cc
[640/1314] Compiling v3_prn.cc
[641/1314] Compiling v3_skey.cc
[642/1314] Compiling v3_ocsp.cc
[643/1314] Compiling v3_purp.cc
[644/1314] Compiling v3_pmaps.cc
[645/1314] Compiling v3_pcons.cc
[646/1314] Compiling v3_utl.cc
[647/1314] Compiling v3_ncons.cc
[648/1314] Compiling v3_int.cc
[649/1314] Compiling v3_lib.cc
[650/1314] Compiling v3_info.cc
[651/1314] Compiling v3_ia5.cc
[652/1314] Compiling v3_enum.cc
[653/1314] Compiling v3_genn.cc
[654/1314] Compiling v3_extku.cc
[655/1314] Compiling v3_crld.cc
[656/1314] Compiling v3_conf.cc
[657/1314] Compiling v3_bitst.cc
[658/1314] Compiling v3_bcons.cc
[659/1314] Compiling v3_cpols.cc
[660/1314] Compiling v3_akeya.cc
[661/1314] Compiling v3_akey.cc
[662/1314] Compiling v3_alt.cc
[663/1314] Compiling t_x509a.cc
[664/1314] Compiling i2d_pr.cc
[665/1314] Compiling t_crl.cc
[666/1314] Compiling name_print.cc
[667/1314] Compiling t_x509.cc
[668/1314] Compiling t_req.cc
[669/1314] Compiling rsa_pss.cc
[670/1314] Compiling by_file.cc
[671/1314] Compiling policy.cc
[672/1314] Compiling by_dir.cc
[673/1314] Compiling a_digest.cc
[674/1314] Compiling trust_token.cc
[674/1314] Compiling voprf.cc
[676/1314] Compiling a_verify.cc
[677/1314] Compiling algorithm.cc
[678/1314] Compiling asn1_gen.cc
[679/1314] Compiling a_sign.cc
[680/1314] Compiling thread.cc
[681/1314] Compiling thread_none.cc
[681/1314] Compiling thread_win.cc
[683/1314] Compiling thread_pthread.cc
[684/1314] Compiling stack.cc
[685/1314] Compiling pmbtoken.cc
[686/1314] Compiling slhdsa.cc
[687/1314] Compiling spake2plus.cc
[688/1314] Compiling sha512.cc
[689/1314] Compiling sha256.cc
[690/1314] Compiling siphash.cc
[691/1314] Compiling sha1.cc
[692/1314] Compiling rsa_extra.cc
[693/1314] Compiling rsa_print.cc
[694/1314] Compiling rsa_crypt.cc
[695/1314] Compiling rc4.cc
[696/1314] Compiling refcount.cc
[697/1314] Compiling windows.cc
[698/1314] Compiling trusty.cc
[699/1314] Compiling rand.cc
[700/1314] Compiling urandom.cc
[701/1314] Compiling rsa_asn1.cc
[702/1314] Compiling passive.cc
[703/1314] Compiling poly1305_arm_asm.S
[704/1314] Compiling ios.cc
[705/1314] Compiling getentropy.cc
[706/1314] Compiling deterministic.cc
[707/1314] Compiling forkunsafe.cc
[708/1314] Compiling fork_detect.cc
[709/1314] Compiling poly1305_vec.cc
[710/1314] Compiling pool.cc
[711/1314] Compiling poly1305_arm.cc
[712/1314] Compiling poly1305.cc
[713/1314] Compiling pkcs8.cc
[714/1314] Compiling p5_pbev2.cc
[715/1314] Compiling pkcs8_x509.cc
[716/1314] Compiling pkcs7_x509.cc
[717/1314] Compiling pkcs7.cc
[718/1314] Compiling pem_xaux.cc
[719/1314] Compiling pem_x509.cc
[720/1314] Compiling pem_pkey.cc
[721/1314] Compiling mlkem.cc
[721/1314] Compiling pem_pk8.cc
[723/1314] Compiling pem_oth.cc
[724/1314] Compiling pem_info.cc
[725/1314] Compiling pem_lib.cc
[726/1314] Compiling obj_xref.cc
[726/1314] Compiling pem_all.cc
[728/1314] Compiling obj.cc
[729/1314] Compiling poly_rq_mul.S
[730/1314] Compiling mldsa.cc
[731/1314] Compiling fips_shared_support.cc
[732/1314] Compiling mem.cc
[733/1314] Compiling md5.cc
[734/1314] Compiling md4.cc
[735/1314] Compiling lhash.cc
[736/1314] Compiling kyber.cc
[737/1314] Compiling hrss.cc
[738/1314] Compiling ex_data.cc
[739/1314] Compiling sign.cc
[740/1314] Compiling scrypt.cc
[741/1314] Compiling hpke.cc
[742/1314] Compiling print.cc
[743/1314] Compiling pbkdf.cc
[744/1314] Compiling p_x25519.cc
[745/1314] Compiling p_x25519_asn1.cc
[746/1314] Compiling p_rsa_asn1.cc
[747/1314] Compiling p_rsa.cc
[748/1314] Compiling p_hkdf.cc
[749/1314] Compiling p_ed25519_asn1.cc
[750/1314] Compiling p_ed25519.cc
[751/1314] Compiling p_ec_asn1.cc
[752/1314] Compiling p_ec.cc
[753/1314] Compiling p_dh.cc
[754/1314] Compiling p_dh_asn1.cc
[755/1314] Compiling evp_ctx.cc
[756/1314] Compiling p_dsa_asn1.cc
[757/1314] Compiling evp_asn1.cc
[758/1314] Compiling evp.cc
[759/1314] Compiling engine.cc
[760/1314] Compiling err.cc
[761/1314] Compiling ecdh.cc
[762/1314] Compiling ecdsa_asn1.cc
[763/1314] Compiling hash_to_curve.cc
[764/1314] Compiling ec_derive.cc
[765/1314] Compiling dsa.cc
[766/1314] Compiling dsa_asn1.cc
[767/1314] Compiling ec_asn1.cc
[768/1314] Compiling params.cc
[769/1314] Compiling x25519-asm-arm.S
[770/1314] Compiling bcm.cc
[771/1314] Compiling digest_extra.cc
[772/1314] Compiling des.cc
[773/1314] Compiling dh_asn1.cc
[774/1314] Compiling curve25519_64_adx.cc
[775/1314] Compiling crypto.cc
[776/1314] Compiling spake25519.cc
[777/1314] Compiling cpu_intel.cc
[778/1314] Compiling cpu_arm_linux.cc
[779/1314] Compiling curve25519.cc
[780/1314] Compiling cpu_arm_freebsd.cc
[781/1314] Compiling cpu_aarch64_win.cc
[782/1314] Compiling cpu_aarch64_sysreg.cc
[783/1314] Compiling cpu_aarch64_openbsd.cc
[784/1314] Compiling cpu_aarch64_fuchsia.cc
[785/1314] Compiling cpu_aarch64_linux.cc
[786/1314] Compiling cpu_aarch64_apple.cc
[787/1314] Compiling tls_cbc.cc
[788/1314] Compiling get_cipher.cc
[789/1314] Compiling conf.cc
[790/1314] Compiling e_tls.cc
[791/1314] Compiling e_rc4.cc
[792/1314] Compiling e_null.cc
[793/1314] Compiling e_rc2.cc
[794/1314] Compiling e_des.cc
[795/1314] Compiling e_chacha20poly1305.cc
[796/1314] Compiling e_aesgcmsiv.cc
[797/1314] Compiling e_aesctrhmac.cc
[798/1314] Compiling derive_key.cc
[799/1314] Compiling chacha.cc
[800/1314] Compiling unicode.cc
[801/1314] Compiling buf.cc
[802/1314] Compiling cbb.cc
[803/1314] Compiling cbs.cc
[804/1314] Compiling ber.cc
[805/1314] Compiling asn1_compat.cc
[806/1314] Compiling bn_asn1.cc
[807/1314] Compiling convert.cc
[808/1314] Compiling blake2.cc
[809/1314] Compiling socket_helper.cc
[810/1314] Compiling socket.cc
[811/1314] Compiling printf.cc
[812/1314] Compiling pair.cc
[813/1314] Compiling hexdump.cc
[814/1314] Compiling file.cc
[815/1314] Compiling fd.cc
[816/1314] Compiling errno.cc
[817/1314] Compiling connect.cc
[818/1314] Compiling bio_mem.cc
[819/1314] Compiling bio.cc
[820/1314] Compiling base64.cc
[821/1314] Compiling tasn_typ.cc
[822/1314] Compiling tasn_fre.cc
[823/1314] Compiling tasn_utl.cc
[824/1314] Compiling tasn_enc.cc
[825/1314] Compiling posix_time.cc
[826/1314] Compiling tasn_new.cc
[827/1314] Compiling f_string.cc
[828/1314] Compiling tasn_dec.cc
[829/1314] Compiling f_int.cc
[830/1314] Compiling asn_pack.cc
[831/1314] Compiling asn1_par.cc
[832/1314] Compiling asn1_lib.cc
[833/1314] Compiling a_utctm.cc
[834/1314] Compiling a_type.cc
[835/1314] Compiling a_time.cc
[836/1314] Compiling a_octet.cc
[837/1314] Compiling a_strnid.cc
[838/1314] Compiling a_strex.cc
[839/1314] Compiling a_object.cc
[840/1314] Compiling a_i2d_fp.cc
[841/1314] Compiling a_dup.cc
[842/1314] Compiling a_d2i_fp.cc
[843/1314] Compiling a_mbstr.cc
[844/1314] Compiling a_int.cc
[845/1314] Compiling CGoogleGaxCRC32C CGoogleGaxCRC32C.c
[846/1314] Compiling a_gentm.cc
[847/1314] Compiling fiat_p256_adx_sqr.S
[848/1314] Compiling fiat_p256_adx_mul.S
[849/1314] Compiling fiat_curve25519_adx_square.S
[850/1314] Compiling md5-x86_64-linux.S
[851/1314] Compiling fiat_curve25519_adx_mul.S
[852/1314] Compiling md5-x86_64-apple.S
[853/1314] Compiling a_bitstr.cc
[854/1314] Compiling md5-586-apple.S
[854/1314] Compiling md5-586-linux.S
[856/1314] Compiling chacha20_poly1305_x86_64-linux.S
[857/1314] Compiling chacha20_poly1305_armv8-win.S
[857/1314] Compiling chacha20_poly1305_x86_64-apple.S
[859/1314] Compiling chacha-x86_64-linux.S
[860/1314] Compiling chacha20_poly1305_armv8-apple.S
[861/1314] Compiling CCryptoBoringSSLShims shims.c
[862/1314] Compiling chacha20_poly1305_armv8-linux.S
[863/1314] Compiling chacha-x86_64-apple.S
[864/1314] Compiling a_bool.cc
[865/1314] Compiling chacha-x86-linux.S
[866/1314] Compiling chacha-x86-apple.S
[867/1314] Compiling chacha-armv8-win.S
[868/1314] Compiling chacha-armv4-linux.S
[868/1314] Compiling chacha-armv8-apple.S
[870/1314] Compiling aes128gcmsiv-x86_64-linux.S
[871/1314] Compiling chacha-armv8-linux.S
[872/1314] Compiling x86_64-mont5-linux.S
[873/1314] Compiling x86_64-mont5-apple.S
[874/1314] Compiling aes128gcmsiv-x86_64-apple.S
[875/1314] Compiling x86_64-mont-linux.S
[876/1314] Compiling x86_64-mont-apple.S
[877/1314] Compiling x86-mont-apple.S
[878/1314] Compiling x86-mont-linux.S
[879/1314] Compiling vpaes-x86_64-linux.S
[880/1314] Compiling vpaes-x86_64-apple.S
[881/1314] Compiling vpaes-x86-linux.S
[882/1314] Compiling vpaes-x86-apple.S
[883/1314] Compiling vpaes-armv8-win.S
[884/1314] Compiling vpaes-armv8-linux.S
[885/1314] Compiling vpaes-armv8-apple.S
[886/1314] Compiling vpaes-armv7-linux.S
[887/1314] Compiling sha512-x86_64-linux.S
[888/1314] Compiling sha512-x86_64-apple.S
[889/1314] Compiling sha512-armv8-apple.S
[890/1314] Compiling sha512-armv8-win.S
[891/1314] Compiling sha512-armv4-linux.S
[892/1314] Compiling sha512-586-linux.S
[893/1314] Compiling sha512-armv8-linux.S
[894/1314] Compiling sha512-586-apple.S
[895/1314] Compiling sha256-x86_64-linux.S
[896/1314] Compiling sha256-x86_64-apple.S
[897/1314] Compiling sha256-armv8-win.S
[898/1314] Compiling sha256-armv8-apple.S
[899/1314] Compiling err_data.cc
[900/1314] Compiling sha256-armv8-linux.S
[901/1314] Compiling sha256-586-linux.S
[902/1314] Compiling sha256-armv4-linux.S
[903/1314] Compiling sha256-586-apple.S
[904/1314] Compiling sha1-x86_64-linux.S
[905/1314] Compiling sha1-x86_64-apple.S
[906/1314] Compiling sha1-armv8-win.S
[907/1314] Compiling sha1-armv8-apple.S
[908/1314] Compiling sha1-armv4-large-linux.S
[909/1314] Compiling sha1-586-linux.S
[910/1314] Compiling sha1-armv8-linux.S
[911/1314] Compiling rsaz-avx2-linux.S
[912/1314] Compiling sha1-586-apple.S
[913/1314] Compiling rsaz-avx2-apple.S
[914/1314] Compiling rdrand-x86_64-linux.S
[915/1314] Compiling rdrand-x86_64-apple.S
[916/1314] Compiling p256_beeu-x86_64-asm-linux.S
[917/1314] Compiling p256_beeu-armv8-asm-win.S
[918/1314] Compiling p256_beeu-x86_64-asm-apple.S
[919/1314] Compiling p256_beeu-armv8-asm-apple.S
[920/1314] Compiling p256_beeu-armv8-asm-linux.S
[921/1314] Compiling p256-x86_64-asm-linux.S
[922/1314] Compiling p256-x86_64-asm-apple.S
[923/1314] Compiling p256-armv8-asm-win.S
[924/1314] Compiling p256-armv8-asm-apple.S
[925/1314] Compiling ghashv8-armv8-win.S
[926/1314] Compiling p256-armv8-asm-linux.S
[927/1314] Compiling ghashv8-armv8-linux.S
[928/1314] Compiling ghashv8-armv8-apple.S
[929/1314] Compiling ghash-x86_64-linux.S
[930/1314] Compiling ghashv8-armv7-linux.S
[931/1314] Compiling ghash-x86-apple.S
[932/1314] Compiling ghash-x86_64-apple.S
[933/1314] Compiling ghash-ssse3-x86_64-linux.S
[934/1314] Compiling ghash-x86-linux.S
[935/1314] Compiling ghash-ssse3-x86_64-apple.S
[936/1314] Compiling ghash-ssse3-x86-linux.S
[937/1314] Compiling ghash-ssse3-x86-apple.S
[938/1314] Compiling ghash-neon-armv8-linux.S
[939/1314] Compiling ghash-neon-armv8-win.S
[940/1314] Compiling ghash-neon-armv8-apple.S
[941/1314] Compiling ghash-armv4-linux.S
[942/1314] Compiling co-586-apple.S
[943/1314] Compiling bsaes-armv7-linux.S
[943/1314] Compiling co-586-linux.S
[945/1314] Compiling bn-armv8-win.S
[946/1314] Compiling bn-armv8-linux.S
[947/1314] Compiling bn-armv8-apple.S
[948/1314] Compiling bn-586-apple.S
[949/1314] Compiling bn-586-linux.S
[949/1314] Compiling armv8-mont-win.S
[951/1314] Compiling armv4-mont-linux.S
[952/1314] Compiling armv8-mont-linux.S
[953/1314] Compiling armv8-mont-apple.S
[954/1314] Compiling aesv8-gcm-armv8-win.S
[955/1314] Compiling aesv8-gcm-armv8-apple.S
[956/1314] Compiling aesv8-gcm-armv8-linux.S
[957/1314] Compiling aesv8-armv8-win.S
[958/1314] Compiling aesv8-armv8-apple.S
[959/1314] Compiling aesni-x86_64-linux.S
[960/1314] Compiling aesv8-armv7-linux.S
[961/1314] Compiling aesv8-armv8-linux.S
[962/1314] Compiling aesni-x86_64-apple.S
[963/1314] Compiling aesni-x86-linux.S
[964/1314] Compiling aesni-x86-apple.S
[965/1314] Compiling aesni-gcm-x86_64-linux.S
[966/1314] Compiling aesni-gcm-x86_64-apple.S
[967/1314] Compiling aes-gcm-avx512-x86_64-linux.S
[968/1314] Compiling aes-gcm-avx512-x86_64-apple.S
[968/1314] Compiling aes-gcm-avx2-x86_64-linux.S
[970/1314] Compiling aes-gcm-avx2-x86_64-apple.S
[971/1314] Compiling xwing.cc
[972/1314] Compiling x_sig.cc
[973/1314] Compiling x_req.cc
[974/1314] Compiling x_spki.cc
[975/1314] Compiling x_x509a.cc
[976/1314] Compiling x_x509.cc
[977/1314] Compiling c-nioatomics.c
[978/1314] Compiling x_pubkey.cc
[979/1314] Compiling x_exten.cc
[979/1314] Compiling x_name.cc
[981/1314] Compiling x_crl.cc
[982/1314] Compiling x_attrib.cc
[983/1314] Compiling c-atomics.c
[984/1314] Compiling x_all.cc
[985/1321] Compiling x509spki.cc
[986/1321] Compiling x_algor.cc
[988/1321] Compiling NIOConcurrencyHelpers NIOLock.swift
[989/1321] Emitting module NIOConcurrencyHelpers
[990/1321] Compiling NIOConcurrencyHelpers NIOAtomic.swift
[991/1321] Compiling NIOConcurrencyHelpers lock.swift
[992/1321] Compiling NIOConcurrencyHelpers NIOThreadPoolWorkAvailable.swift
[992/1321] Compiling x509cset.cc
[994/1321] Compiling NIOConcurrencyHelpers NIOLockedValueBox.swift
[995/1321] Compiling NIOConcurrencyHelpers atomics.swift
[995/1322] Compiling x509_vpm.cc
[997/1322] Compiling x509name.cc
[998/1322] Compiling x509rset.cc
[999/1322] Wrapping AST for NIOConcurrencyHelpers for debugging
[1000/1322] Compiling x509_vfy.cc
[1001/1322] Compiling x509_v3.cc
[1002/1322] Compiling x509_txt.cc
[1003/1322] Compiling x509_trs.cc
[1004/1322] Compiling x509_set.cc
[1005/1322] Compiling x509_req.cc
[1006/1322] Compiling x509_obj.cc
[1007/1322] Compiling x509_ext.cc
[1008/1322] Compiling x509_lu.cc
[1009/1322] Compiling x509_def.cc
[1010/1322] Compiling x509_d2.cc
[1011/1322] Compiling x509_cmp.cc
[1012/1322] Compiling x509_att.cc
[1013/1322] Compiling x509.cc
[1014/1322] Compiling v3_utl.cc
[1015/1322] Compiling v3_skey.cc
[1016/1322] Compiling v3_purp.cc
[1017/1322] Compiling v3_prn.cc
[1018/1322] Compiling v3_pmaps.cc
[1019/1322] Compiling v3_pcons.cc
[1020/1322] Compiling v3_ocsp.cc
[1021/1322] Compiling v3_ncons.cc
[1022/1322] Compiling v3_lib.cc
[1023/1322] Compiling v3_int.cc
[1024/1322] Compiling v3_info.cc
[1025/1322] Compiling v3_ia5.cc
[1026/1322] Compiling v3_genn.cc
[1027/1322] Compiling v3_extku.cc
[1028/1322] Compiling v3_enum.cc
[1029/1322] Compiling v3_crld.cc
[1030/1322] Compiling v3_cpols.cc
[1031/1322] Compiling v3_conf.cc
[1032/1322] Compiling v3_bitst.cc
[1033/1322] Compiling v3_bcons.cc
[1034/1322] Compiling v3_alt.cc
[1035/1322] Compiling v3_akeya.cc
[1036/1322] Compiling v3_akey.cc
[1037/1322] Compiling t_x509a.cc
[1038/1322] Compiling t_x509.cc
[1039/1322] Compiling t_crl.cc
[1040/1322] Compiling t_req.cc
[1041/1322] Compiling rsa_pss.cc
[1042/1322] Compiling i2d_pr.cc
[1043/1322] Compiling policy.cc
[1044/1322] Compiling name_print.cc
[1045/1322] Compiling by_file.cc
[1046/1322] Compiling by_dir.cc
[1047/1322] Compiling algorithm.cc
[1048/1322] Compiling asn1_gen.cc
[1049/1322] Compiling a_verify.cc
[1050/1322] Compiling a_digest.cc
[1051/1322] Compiling a_sign.cc
[1052/1322] Compiling voprf.cc
[1052/1322] Compiling thread_win.cc
[1054/1322] Compiling thread_pthread.cc
[1055/1322] Compiling thread_none.cc
[1056/1322] Compiling trust_token.cc
[1057/1322] Compiling thread.cc
[1058/1322] Compiling stack.cc
[1059/1322] Compiling pmbtoken.cc
[1060/1322] Compiling siphash.cc
[1061/1322] Compiling sha512.cc
[1062/1322] Compiling sha256.cc
[1063/1322] Compiling slhdsa.cc
[1064/1322] Compiling sha1.cc
[1065/1322] Compiling rsa_print.cc
[1066/1322] Compiling spake2plus.cc
[1067/1322] Compiling rsa_extra.cc
[1068/1322] Compiling refcount.cc
[1069/1322] Compiling rsa_crypt.cc
[1070/1322] Compiling rc4.cc
[1071/1322] Compiling windows.cc
[1072/1322] Compiling trusty.cc
[1073/1322] Compiling rand.cc
[1074/1322] Compiling urandom.cc
[1075/1322] Compiling rsa_asn1.cc
[1076/1322] Compiling ios.cc
[1077/1322] Compiling passive.cc
[1078/1322] Compiling poly1305_arm_asm.S
[1079/1322] Compiling getentropy.cc
[1080/1322] Compiling forkunsafe.cc
[1081/1322] Compiling deterministic.cc
[1082/1322] Compiling fork_detect.cc
[1083/1322] Compiling poly1305_vec.cc
[1084/1322] Compiling poly1305_arm.cc
[1085/1322] Compiling pool.cc
[1086/1322] Compiling poly1305.cc
[1087/1322] Compiling pkcs8_x509.cc
[1088/1322] Compiling pkcs8.cc
[1089/1322] Compiling p5_pbev2.cc
[1090/1322] Compiling pkcs7.cc
[1091/1322] Compiling pkcs7_x509.cc
[1092/1322] Compiling pem_xaux.cc
[1093/1322] Compiling pem_x509.cc
[1094/1322] Compiling pem_pkey.cc
[1095/1322] Compiling mlkem.cc
[1096/1322] Compiling pem_oth.cc
[1097/1322] Compiling pem_pk8.cc
[1098/1322] Compiling pem_info.cc
[1099/1322] Compiling obj_xref.cc
[1100/1322] Compiling pem_lib.cc
[1101/1322] Compiling pem_all.cc
[1102/1322] Compiling obj.cc
[1103/1322] Compiling poly_rq_mul.S
[1104/1322] Compiling mldsa.cc
[1105/1322] Compiling mem.cc
[1106/1322] Compiling fips_shared_support.cc
[1107/1322] Compiling lhash.cc
[1108/1322] Compiling md5.cc
[1109/1322] Compiling md4.cc
[1110/1322] Compiling kyber.cc
[1111/1322] Compiling fuzzer_mode.cc
[1112/1322] Compiling hrss.cc
[1113/1322] Compiling ex_data.cc
[1114/1322] Compiling hpke.cc
[1115/1322] Compiling scrypt.cc
[1116/1322] Compiling pbkdf.cc
[1117/1322] Compiling print.cc
[1118/1322] Compiling sign.cc
[1119/1322] Compiling p_x25519_asn1.cc
[1120/1322] Compiling p_x25519.cc
[1121/1322] Compiling p_rsa_asn1.cc
[1122/1322] Compiling p_rsa.cc
[1123/1322] Compiling p_ed25519.cc
[1124/1322] Compiling p_hkdf.cc
[1125/1322] Compiling p_ed25519_asn1.cc
[1126/1322] Compiling p_ec_asn1.cc
[1127/1322] Compiling p_dsa_asn1.cc
[1128/1322] Compiling p_ec.cc
[1129/1322] Compiling p_dh_asn1.cc
[1130/1322] Compiling p_dh.cc
[1131/1322] Compiling err.cc
[1132/1322] Compiling evp_ctx.cc
[1133/1322] Compiling engine.cc
[1134/1322] Compiling evp_asn1.cc
[1135/1322] Compiling evp.cc
[1136/1322] Compiling ecdsa_p1363.cc
[1137/1322] Compiling ecdh.cc
[1138/1322] Compiling ec_derive.cc
[1139/1322] Compiling ecdsa_asn1.cc
[1140/1322] Compiling hash_to_curve.cc
[1141/1322] Compiling dsa.cc
[1142/1322] Compiling ec_asn1.cc
[1143/1322] Compiling digest_extra.cc
[1144/1322] Compiling dsa_asn1.cc
[1145/1322] Compiling x25519-asm-arm.S
[1146/1322] Compiling des.cc
[1147/1322] Compiling params.cc
[1148/1322] Compiling dh_asn1.cc
[1149/1322] Compiling curve25519_64_adx.cc
[1150/1322] Compiling crypto.cc
[1151/1322] Compiling curve25519.cc
[1152/1322] Compiling spake25519.cc
[1153/1322] Compiling cpu_intel.cc
[1154/1322] Compiling cpu_arm_linux.cc
[1155/1322] Compiling cpu_arm_freebsd.cc
[1156/1322] Compiling cpu_aarch64_win.cc
[1157/1322] Compiling cpu_aarch64_openbsd.cc
[1158/1322] Compiling cpu_aarch64_sysreg.cc
[1159/1322] Compiling cpu_aarch64_linux.cc
[1160/1322] Compiling cpu_aarch64_fuchsia.cc
[1161/1322] Compiling cpu_aarch64_apple.cc
[1162/1322] Compiling tls_cbc.cc
[1163/1322] Compiling conf.cc
[1164/1322] Compiling get_cipher.cc
[1165/1322] Compiling e_tls.cc
[1166/1322] Compiling e_rc4.cc
[1167/1322] Compiling e_rc2.cc
[1168/1322] Compiling cms.cc
[1169/1322] Compiling e_null.cc
[1170/1322] Compiling e_des.cc
[1171/1322] Compiling e_chacha20poly1305.cc
[1172/1322] Compiling e_aesgcmsiv.cc
[1173/1322] Compiling e_aeseax.cc
[1174/1322] Compiling e_aesctrhmac.cc
[1175/1322] Compiling chacha.cc
[1176/1322] Compiling derive_key.cc
[1177/1322] Compiling buf.cc
[1178/1322] Compiling unicode.cc
[1179/1322] Compiling sqrt.cc
[1180/1322] Compiling cbs.cc
[1181/1322] Compiling cbb.cc
[1182/1322] Compiling ber.cc
[1183/1322] Compiling asn1_compat.cc
[1184/1322] Compiling exponentiation.cc
[1185/1322] Compiling div.cc
[1186/1322] Compiling blake2.cc
[1187/1322] Compiling printf.cc
[1188/1322] Compiling pair.cc
[1189/1322] Compiling bn_asn1.cc
[1190/1322] Compiling convert.cc
[1191/1322] Compiling hexdump.cc
[1192/1322] Compiling file.cc
[1193/1322] Compiling fd.cc
[1194/1322] Compiling errno.cc
[1195/1322] Compiling bio_mem.cc
[1196/1322] Compiling base64.cc
[1197/1322] Compiling bio.cc
[1198/1322] Compiling tasn_typ.cc
[1199/1322] Compiling tasn_utl.cc
[1200/1322] Compiling tasn_fre.cc
[1201/1322] Compiling tasn_enc.cc
[1202/1322] Compiling posix_time.cc
[1203/1322] Compiling tasn_new.cc
[1204/1322] Compiling f_string.cc
[1205/1322] Compiling tasn_dec.cc
[1206/1322] Compiling f_int.cc
[1207/1322] Compiling asn_pack.cc
[1208/1322] Compiling asn1_par.cc
[1209/1322] Compiling asn1_lib.cc
[1210/1322] Compiling a_utctm.cc
[1211/1322] Compiling a_type.cc
[1212/1322] Compiling a_octet.cc
[1213/1322] Compiling a_time.cc
[1214/1322] Compiling a_strnid.cc
[1215/1322] Compiling bcm.cc
[1216/1322] Compiling a_strex.cc
[1217/1322] Compiling a_i2d_fp.cc
[1218/1322] Compiling a_dup.cc
[1219/1322] Compiling a_d2i_fp.cc
[1220/1322] Compiling a_mbstr.cc
[1220/1322] Write sources
[1223/1322] Compiling a_object.cc
[1224/1322] Write sources
[1225/1322] Compiling CAsyncHTTPClient CAsyncHTTPClient.c
[1226/1365] Compiling a_gentm.cc
[1227/1365] Compiling a_int.cc
[1228/1365] Compiling a_bool.cc
[1230/1365] Compiling Algorithms Combinations.swift
[1231/1365] Compiling Algorithms FlattenCollection.swift
[1232/1367] Compiling Algorithms Compacted.swift
[1233/1367] Compiling Algorithms Cycle.swift
[1234/1367] Compiling Algorithms EitherSequence.swift
[1235/1367] Compiling Algorithms FirstNonNil.swift
[1236/1367] Compiling Algorithms Partition.swift
[1237/1367] Compiling Algorithms Permutations.swift
[1237/1367] Compiling aes.cc
[1239/1367] Compiling Atomics IntegerOperations.swift
[1240/1367] Compiling Atomics Unmanaged extensions.swift
[1241/1367] Compiling Algorithms Grouped.swift
[1242/1367] Compiling Algorithms Indexed.swift
[1243/1367] Compiling Algorithms Intersperse.swift
[1243/1367] Compiling a_bitstr.cc
[1245/1375] Compiling Algorithms RandomSample.swift
[1246/1375] Compiling Algorithms Reductions.swift
[1247/1375] Compiling Algorithms Rotate.swift
[1249/1375] Compiling Algorithms Stride.swift
[1250/1375] Compiling Algorithms Suffix.swift
[1255/1378] Compiling Algorithms Joined.swift
[1256/1378] Compiling Algorithms Keyed.swift
[1257/1378] Compiling Algorithms MinMax.swift
[1261/1378] Compiling Algorithms Trim.swift
[1262/1378] Compiling Algorithms Unique.swift
[1263/1378] Compiling Algorithms Windows.swift
[1268/1378] Compiling Algorithms AdjacentPairs.swift
[1269/1378] Compiling Algorithms Chain.swift
[1270/1378] Compiling Algorithms Chunked.swift
[1272/1378] Compiling CryptoBoringWrapper CryptoKitErrors_boring.swift
[1273/1378] Compiling CryptoBoringWrapper RandomBytes.swift
[1274/1378] Compiling CryptoBoringWrapper FiniteFieldArithmeticContext.swift
[1275/1378] Compiling CryptoBoringWrapper EllipticCurve.swift
[1276/1378] Compiling CryptoBoringWrapper BoringSSLAEAD.swift
[1277/1378] Emitting module CryptoBoringWrapper
[1278/1378] Compiling CryptoBoringWrapper EllipticCurvePoint.swift
[1279/1378] Compiling CryptoBoringWrapper ArbitraryPrecisionInteger.swift
[1280/1379] Emitting module Atomics
[1281/1379] Wrapping AST for CryptoBoringWrapper for debugging
[1283/1395] Compiling Crypto ASN1BitString.swift
[1284/1395] Compiling Crypto ASN1Boolean.swift
[1285/1395] Compiling Crypto ASN1Identifier.swift
[1286/1396] Compiling Crypto AES-GCM.swift
[1287/1397] Compiling Crypto AES-GCM_boring.swift
[1288/1397] Compiling Crypto ChaChaPoly_boring.swift
[1289/1464] Wrapping AST for Atomics for debugging
[1291/1528] Emitting module Algorithms
[1292/1529] Wrapping AST for Algorithms for debugging
[1294/1529] Compiling NIOCore NIOCoreSendableMetatype.swift
[1295/1529] Compiling NIOCore NIODecodedAsyncSequence.swift
[1296/1529] Compiling NIOCore NIOLoopBound.swift
[1297/1529] Compiling NIOCore NIOPooledRecvBufferAllocator.swift
[1298/1529] Compiling NIOCore NIOScheduledCallback.swift
[1299/1529] Compiling NIOCore NIOSendable.swift
[1300/1529] Compiling NIOCore NIOSplitLinesMessageDecoder.swift
[1301/1529] Compiling NIOCore NIOTransportAccessibleChannelCore.swift
[1302/1529] Compiling NIOCore RecvByteBufferAllocator.swift
[1303/1537] Compiling NIOCore AddressedEnvelope.swift
[1304/1537] Compiling NIOCore AsyncAwaitSupport.swift
[1305/1537] Compiling NIOCore AsyncChannel.swift
[1306/1537] Compiling NIOCore AsyncChannelHandler.swift
[1307/1537] Compiling NIOCore AsyncChannelInboundStream.swift
[1308/1537] Compiling NIOCore AsyncChannelOutboundWriter.swift
[1309/1537] Compiling NIOCore NIOAsyncSequenceProducer.swift
[1310/1537] Compiling NIOCore NIOAsyncSequenceProducerStrategies.swift
[1311/1537] Compiling NIOCore NIOAsyncWriter.swift
[1312/1537] Compiling NIOCore NIOThrowingAsyncSequenceProducer.swift
[1313/1537] Compiling NIOCore BSDSocketAPI.swift
[1314/1537] Compiling NIOCore ByteBuffer-aux.swift
[1315/1548] Compiling NIOCore ByteBuffer-binaryEncodedLengthPrefix.swift
[1316/1548] Compiling NIOCore ByteBuffer-conversions.swift
[1317/1548] Compiling NIOCore ByteBuffer-core.swift
[1318/1548] Compiling NIOCore ByteBuffer-hex.swift
[1319/1548] Compiling NIOCore ByteBuffer-int.swift
[1320/1548] Compiling NIOCore ByteBuffer-lengthPrefix.swift
[1321/1548] Compiling NIOCore ByteBuffer-multi-int.swift
[1322/1548] Compiling NIOCore ByteBuffer-quicBinaryEncodingStrategy.swift
[1323/1548] Compiling NIOCore ByteBuffer-views.swift
[1324/1548] Compiling NIOCore Channel.swift
[1325/1548] Compiling NIOCore ChannelHandler.swift
[1326/1548] Compiling NIOCore ChannelHandlers.swift
[1327/1548] Compiling NIOCore ChannelInvoker.swift
[1328/1548] Compiling NIOCore ChannelOption.swift
[1329/1548] Compiling NIOCore ChannelPipeline.swift
[1330/1548] Compiling NIOCore EventLoopFuture+Deprecated.swift
[1331/1548] Compiling NIOCore EventLoopFuture+WithEventLoop.swift
[1332/1548] Compiling NIOCore EventLoopFuture.swift
[1333/1548] Compiling NIOCore FileDescriptor.swift
[1334/1548] Compiling NIOCore FileHandle.swift
[1335/1548] Compiling NIOCore FileRegion.swift
[1336/1548] Compiling NIOCore GlobalSingletons.swift
[1337/1548] Compiling NIOCore IO.swift
[1338/1548] Compiling NIOCore IOData.swift
[1339/1548] Compiling NIOCore IPProtocol.swift
[1340/1548] Compiling NIOCore IntegerBitPacking.swift
[1341/1548] Compiling NIOCore IntegerTypes.swift
[1342/1548] Compiling NIOCore Interfaces.swift
[1343/1548] Compiling NIOCore Linux.swift
[1344/1548] Compiling NIOCore MarkedCircularBuffer.swift
[1345/1548] Compiling NIOCore MulticastChannel.swift
[1346/1548] Compiling NIOCore NIOAny.swift
[1347/1548] Compiling NIOCore NIOCloseOnErrorHandler.swift
[1357/1548] Emitting module Crypto
[1358/1548] Compiling NIOCore CircularBuffer.swift
[1359/1548] Compiling NIOCore Codec.swift
[1360/1548] Compiling NIOCore ConvenienceOptionSupport.swift
[1361/1548] Compiling NIOCore DeadChannel.swift
[1362/1548] Compiling NIOCore DispatchQueue+WithFuture.swift
[1363/1548] Compiling NIOCore EventLoop+Deprecated.swift
[1364/1548] Compiling NIOCore EventLoop+SerialExecutor.swift
[1365/1548] Compiling NIOCore EventLoop.swift
[1366/1548] Compiling NIOCore EventLoopFuture+AssumeIsolated.swift
[1379/1548] Compiling Crypto Signature.swift
[1380/1548] Compiling Crypto CryptoKitErrors_boring.swift
[1381/1548] Compiling Crypto Optional+withUnsafeBytes_boring.swift
[1382/1548] Compiling Crypto RNG_boring.swift
[1383/1548] Compiling Crypto SafeCompare_boring.swift
[1384/1548] Compiling Crypto Zeroization_boring.swift
[1385/1548] Compiling Crypto _CryptoModuleAnchor.swift
[1386/1548] Compiling Crypto PrettyBytes.swift
[1387/1548] Compiling Crypto SafeCompare.swift
[1388/1548] Compiling Crypto SecureBytes.swift
[1389/1548] Compiling Crypto Zeroization.swift
[1390/1548] Compiling Crypto MACFunctions.swift
[1391/1548] Compiling Crypto MessageAuthenticationCode.swift
[1392/1548] Compiling Crypto AES.swift
[1393/1548] Compiling Crypto ECDSASignature_boring.swift
[1394/1548] Compiling Crypto ECDSA_boring.swift
[1395/1548] Compiling Crypto EdDSA_boring.swift
[1396/1548] Compiling Crypto MLDSA_boring.swift
[1397/1548] Compiling Crypto MLDSA_wrapper.swift
[1398/1548] Compiling Crypto ECDSA.swift
[1399/1548] Compiling Crypto Ed25519.swift
[1400/1548] Compiling Crypto MLDSA.swift
[1416/1548] Compiling NIOCore SingleStepByteToMessageDecoder.swift
[1417/1548] Compiling NIOCore SocketAddresses.swift
[1418/1548] Compiling NIOCore SocketOptionProvider.swift
[1419/1548] Compiling NIOCore SystemCallHelpers.swift
[1420/1548] Compiling NIOCore TimeAmount+Duration.swift
[1421/1548] Compiling NIOCore TypeAssistedChannelHandler.swift
[1422/1548] Compiling NIOCore UniversalBootstrapSupport.swift
[1423/1548] Compiling NIOCore Utilities.swift
[1424/1548] Compiling Crypto CryptoError_boring.swift
[1425/1549] Wrapping AST for Crypto for debugging
[1435/1611] Compiling CryptoExtras PBKDF2.swift
[1436/1611] Compiling CryptoExtras Scrypt_boring.swift
[1437/1611] Compiling CryptoExtras Scrypt.swift
[1438/1611] Compiling CryptoExtras OPRF.swift
[1439/1611] Compiling CryptoExtras OPRFClient.swift
[1440/1611] Compiling CryptoExtras OPRFServer.swift
[1441/1611] Compiling CryptoExtras VOPRF+API.swift
[1442/1611] Compiling CryptoExtras VOPRFClient.swift
[1443/1611] Compiling CryptoExtras VOPRFServer.swift
[1444/1611] Compiling CryptoExtras ARCServer.swift
[1445/1611] Compiling CryptoExtras ChaCha20CTR_boring.swift
[1446/1611] Compiling CryptoExtras ChaCha20CTR.swift
[1447/1611] Compiling CryptoExtras BoringSSLSHA512256Context.swift
[1448/1611] Compiling CryptoExtras BoringSSLSHA512256HashFunction.swift
[1449/1611] Compiling CryptoExtras SHA512256.swift
[1450/1611] Compiling CryptoExtras SHA512256Digest.swift
[1451/1611] Compiling CryptoExtras Curve25519+PEM.swift
[1452/1611] Compiling CryptoExtras ObjectIdentifier.swift
[1453/1619] Compiling CryptoExtras AES_CBC.swift
[1454/1619] Compiling CryptoExtras AES_CFB.swift
[1455/1619] Compiling CryptoExtras AES_CTR.swift
[1456/1619] Compiling CryptoExtras AES_GCM_SIV.swift
[1457/1619] Compiling CryptoExtras Block Function.swift
[1458/1619] Compiling CryptoExtras AES_CBC_boring.swift
[1459/1619] Compiling CryptoExtras AES_CFB_boring.swift
[1460/1619] Compiling CryptoExtras AES_CTR_boring.swift
[1461/1619] Compiling CryptoExtras AES_GCM_SIV_boring.swift
[1462/1619] Compiling CryptoExtras ThreadOps.swift
[1463/1619] Compiling CryptoExtras ThreadPosix.swift
[1464/1619] Compiling CryptoExtras ThreadSpecific.swift
[1465/1619] Compiling CryptoExtras ThreadWindows.swift
[1466/1619] Compiling CryptoExtras DLEQ.swift
[1467/1619] Compiling CryptoExtras Prover.swift
[1468/1619] Compiling CryptoExtras Verifier.swift
[1469/1619] Compiling CryptoExtras ZKPToolbox.swift
[1470/1619] Compiling CryptoExtras PKCS8DERRepresentation.swift
[1471/1619] Compiling CryptoExtras PKCS8PrivateKey.swift
[1472/1619] Compiling CryptoExtras RFC8410AlgorithmIdentifier.swift
[1473/1619] Compiling CryptoExtras ECToolbox_boring.swift
[1474/1619] Compiling CryptoExtras ECToolbox.swift
[1475/1619] Compiling CryptoExtras HashToField.swift
[1476/1619] Compiling CryptoExtras KDF.swift
[1477/1619] Compiling CryptoExtras PBKDF2_boring.swift
[1478/1619] Compiling CryptoExtras PBKDF2_commoncrypto.swift
[1479/1619] Compiling CryptoExtras Data+Extensions.swift
[1480/1619] Compiling CryptoExtras DigestType.swift
[1481/1619] Compiling CryptoExtras Error.swift
[1482/1619] Compiling CryptoExtras I2OSP.swift
[1483/1619] Compiling CryptoExtras IntegerEncoding.swift
[1484/1619] Compiling CryptoExtras PEMDocument.swift
[1485/1619] Compiling CryptoExtras PrettyBytes.swift
[1486/1619] Compiling CryptoExtras SubjectPublicKeyInfo.swift
[1487/1619] Compiling CryptoExtras BoringSSLPassphraseCallbackManager.swift
[1488/1619] Compiling CryptoExtras RSA+BlindSigning.swift
[1489/1619] Compiling CryptoExtras RSA.swift
[1490/1619] Compiling CryptoExtras RSA_boring.swift
[1491/1619] Compiling CryptoExtras Reexport.swift
[1492/1619] Compiling CryptoExtras Zeroization_boring.swift
[1493/1619] Compiling CryptoExtras BoringSSLHelpers.swift
[1494/1619] Compiling CryptoExtras CryptoKitErrors_boring.swift
[1495/1619] Compiling CryptoExtras CMAC.swift
[1496/1619] Compiling CryptoExtras ARC+API.swift
[1497/1619] Compiling CryptoExtras ARC.swift
[1498/1619] Compiling CryptoExtras ARCCredential.swift
[1499/1619] Compiling CryptoExtras ARCEncoding.swift
[1500/1619] Compiling CryptoExtras ARCPrecredential.swift
[1501/1619] Compiling CryptoExtras ARCPresentation.swift
[1502/1619] Compiling CryptoExtras ARCRequest.swift
[1503/1619] Compiling CryptoExtras ARCResponse.swift
[1504/1619] Emitting module CryptoExtras
[1505/1620] Wrapping AST for CryptoExtras for debugging
[1507/1622] Emitting module _CryptoExtras
[1508/1622] Compiling _CryptoExtras Exports.swift
[1509/1623] Wrapping AST for _CryptoExtras for debugging
[1511/1718] Compiling X509 OrganizationalUnitName.swift
[1512/1718] Compiling X509 StateOrProvinceName.swift
[1513/1718] Compiling X509 StreetAddress.swift
[1514/1718] Compiling X509 Error.swift
[1515/1718] Compiling X509 AuthorityInformationAccess.swift
[1516/1718] Compiling X509 AuthorityKeyIdentifier.swift
[1517/1718] Compiling X509 BasicConstraints.swift
[1518/1718] Compiling X509 ExtendedKeyUsage.swift
[1519/1718] Compiling X509 ExtensionIdentifiers.swift
[1520/1718] Compiling X509 CSRAttribute.swift
[1521/1718] Compiling X509 CSRAttributes.swift
[1522/1718] Compiling X509 CSRVersion.swift
[1523/1718] Compiling X509 CertificateSigningRequest.swift
[1524/1718] Compiling X509 CertificationRequestInfo.swift
[1525/1718] Compiling X509 ExtensionRequest.swift
[1526/1718] Compiling X509 Certificate.swift
[1527/1718] Compiling X509 CertificatePrivateKey.swift
[1528/1718] Compiling X509 CertificatePublicKey.swift
[1529/1718] Compiling X509 CertificateSerialNumber.swift
[1530/1718] Compiling X509 CertificateVersion.swift
[1531/1718] Compiling X509 CMSAttribute.swift
[1532/1718] Compiling X509 CMSContentInfo.swift
[1533/1718] Compiling X509 CMSEncapsulatedContentInfo.swift
[1534/1718] Compiling X509 DomainComponent.swift
[1535/1718] Compiling X509 EmailAddress.swift
[1536/1718] Compiling X509 LocalityName.swift
[1537/1718] Compiling X509 OrganizationName.swift
[1538/1718] Emitting module NIOCore
[1539/1719] Wrapping AST for NIOCore for debugging
[1541/1776] Emitting module NIOFoundationEssentialsCompat
[1542/1776] Compiling NIOFoundationEssentialsCompat Codable+ByteBuffer.swift
[1543/1776] Compiling NIOFoundationEssentialsCompat ByteBuffer-foundation.swift
[1544/1777] Wrapping AST for NIOFoundationEssentialsCompat for debugging
[1546/1777] Compiling NIOPosix MultiThreadedEventLoopGroup.swift
[1547/1777] Compiling NIOPosix NIOPosixSendableMetatype.swift
[1548/1777] Compiling NIOPosix NIORandomizedDNSResolver.swift
[1549/1777] Compiling NIOPosix NIOThreadPool.swift
[1550/1777] Compiling NIOPosix NonBlockingFileIO.swift
[1551/1777] Compiling NIOPosix PendingDatagramWritesManager.swift
[1552/1777] Compiling NIOPosix PendingWritesManager.swift
[1553/1777] Compiling NIOPosix HappyEyeballs.swift
[1554/1777] Compiling NIOPosix IO.swift
[1555/1777] Compiling NIOPosix IntegerBitPacking.swift
[1556/1777] Compiling NIOPosix IntegerTypes.swift
[1557/1777] Compiling NIOPosix Linux.swift
[1558/1777] Compiling NIOPosix LinuxCPUSet.swift
[1559/1777] Compiling NIOPosix LinuxUring.swift
[1560/1790] Compiling NIOEmbedded AsyncTestingChannel.swift
[1561/1790] Compiling NIOEmbedded Embedded.swift
[1562/1790] Emitting module NIOEmbedded
[1563/1790] Compiling NIOEmbedded AsyncTestingEventLoop.swift
[1565/1791] Compiling NIOPosix BSDSocketAPICommon.swift
[1566/1791] Compiling NIOPosix BSDSocketAPIPosix.swift
[1567/1791] Compiling NIOPosix BSDSocketAPIWindows.swift
[1568/1791] Compiling NIOPosix BaseSocket.swift
[1569/1791] Compiling NIOPosix BaseSocketChannel+AccessibleTransport.swift
[1570/1791] Compiling NIOPosix BaseSocketChannel+SocketOptionProvider.swift
[1571/1791] Compiling NIOPosix BaseSocketChannel.swift
[1572/1791] Compiling NIOPosix BaseStreamSocketChannel.swift
[1573/1791] Compiling NIOPosix Bootstrap.swift
[1574/1791] Compiling NIOPosix ControlMessage.swift
[1575/1791] Compiling NIOPosix DatagramVectorReadManager.swift
[1576/1791] Compiling NIOPosix Errors+Any.swift
[1577/1791] Compiling NIOPosix FileDescriptor.swift
[1578/1791] Compiling NIOPosix GetaddrinfoResolver.swift
[1578/1791] Wrapping AST for NIOEmbedded for debugging
[1580/1791] Compiling X509 NameConstraints.swift
[1581/1791] Compiling X509 SubjectAlternativeName.swift
[1582/1791] Compiling X509 SubjectKeyIdentifier.swift
[1583/1791] Compiling X509 Extension.swift
[1584/1791] Compiling X509 Extensions.swift
[1585/1791] Compiling X509 ExtensionsBuilder.swift
[1586/1791] Compiling X509 GeneralName.swift
[1587/1791] Compiling X509 Lock.swift
[1588/1791] Compiling X509 LockedValueBox.swift
[1589/1791] Compiling X509 BasicOCSPResponse.swift
[1590/1791] Compiling X509 DirectoryString.swift
[1591/1791] Compiling X509 OCSPCertID.swift
[1592/1791] Compiling X509 OCSPCertStatus.swift
[1593/1791] Compiling NIOPosix SelectorUring.swift
[1594/1791] Compiling NIOPosix SelectorWSAPoll.swift
[1595/1791] Compiling NIOPosix ServerSocket.swift
[1596/1791] Compiling NIOPosix Socket.swift
[1597/1791] Compiling NIOPosix SocketChannel.swift
[1598/1791] Compiling NIOPosix SocketProtocols.swift
[1599/1791] Compiling NIOPosix StructuredConcurrencyHelpers.swift
[1600/1791] Compiling NIOPosix System.swift
[1601/1791] Compiling X509 URIConstraints.swift
[1602/1791] Compiling X509 VersionPolicy.swift
[1603/1791] Compiling X509 ServerIdentityPolicy.swift
[1604/1791] Compiling X509 TrustRootLoading.swift
[1605/1791] Compiling X509 UnverifiedChain.swift
[1606/1791] Compiling NIOPosix PipeChannel.swift
[1607/1791] Compiling NIOPosix PipePair.swift
[1608/1791] Compiling NIOPosix Pool.swift
[1609/1791] Compiling NIOPosix PosixSingletons+ConcurrencyTakeOver.swift
[1610/1791] Compiling NIOPosix PosixSingletons.swift
[1611/1791] Compiling NIOPosix RawSocketBootstrap.swift
[1612/1791] Compiling NIOPosix Resolver.swift
[1613/1791] Compiling NIOPosix Selectable.swift
[1614/1791] Compiling NIOPosix SelectableChannel.swift
[1615/1791] Compiling NIOPosix SelectableEventLoop.swift
[1616/1791] Compiling NIOPosix SelectorEpoll.swift
[1617/1791] Compiling NIOPosix SelectorGeneric.swift
[1618/1791] Compiling NIOPosix SelectorKqueue.swift
[1619/1791] Compiling X509 CMSIssuerAndSerialNumber.swift
[1620/1791] Compiling X509 CMSOperations.swift
[1621/1791] Compiling X509 CMSSignature.swift
[1622/1791] Compiling X509 CMSSignedData.swift
[1623/1791] Compiling X509 CMSSignerIdentifier.swift
[1624/1791] Compiling X509 CMSSignerInfo.swift
[1625/1791] Compiling X509 CMSVersion.swift
[1626/1791] Compiling X509 Curve25519+DER.swift
[1627/1791] Compiling X509 CustomPrivateKey.swift
[1628/1791] Compiling X509 Digests.swift
[1629/1791] Compiling X509 DistinguishedName.swift
[1630/1791] Compiling X509 CommonName.swift
[1631/1791] Compiling X509 CountryName.swift
[1632/1791] Compiling X509 DNBuilder.swift
[1633/1791] Compiling X509 OCSPExtensionID.swift
[1634/1791] Compiling X509 OCSPNonce.swift
[1635/1791] Compiling X509 OCSPPolicy.swift
[1636/1791] Compiling X509 OCSPRequest.swift
[1637/1791] Compiling X509 OCSPResponse.swift
[1638/1791] Compiling X509 OCSPResponseBytes.swift
[1639/1791] Compiling X509 OCSPResponseData.swift
[1640/1791] Compiling X509 OCSPResponseStatus.swift
[1641/1791] Compiling X509 OCSPSignature.swift
[1642/1791] Compiling X509 OCSPSingleRequest.swift
[1643/1791] Compiling X509 OCSPSingleResponse.swift
[1644/1791] Compiling X509 OCSPTBSRequest.swift
[1645/1791] Compiling X509 OCSPVersion.swift
[1681/1798] Emitting module NIOPosix
[1696/1798] Emitting module X509
[1697/1798] Compiling NIOPosix Thread.swift
[1698/1798] Compiling NIOPosix ThreadPosix.swift
[1699/1798] Compiling NIOPosix ThreadWindows.swift
[1700/1798] Compiling NIOPosix Utilities.swift
[1701/1798] Compiling NIOPosix VsockAddress.swift
[1702/1798] Compiling NIOPosix VsockChannelEvents.swift
[1703/1798] Compiling NIOPosix Windows.swift
[1704/1799] Wrapping AST for NIOPosix for debugging
[1706/1801] Emitting module NIO
[1707/1801] Compiling NIO Exports.swift
[1708/1806] Wrapping AST for NIO for debugging
[1710/1841] Compiling NIOFoundationCompat JSONSerialization+ByteBuffer.swift
[1711/1841] Compiling NIOTLS TLSEvents.swift
[1712/1841] Emitting module NIOFoundationCompat
[1713/1841] Compiling NIOFoundationCompat Exports.swift
[1714/1841] Compiling NIOFoundationCompat WaitSpinningRunLoop.swift
[1716/1842] Compiling NIOSOCKS SOCKSResponse.swift
[1717/1843] Compiling NIOTLS NIOTypedApplicationProtocolNegotiationHandler.swift
[1718/1843] Emitting module NIOTLS
[1718/1843] Wrapping AST for NIOFoundationCompat for debugging
[1720/1843] Compiling NIOSOCKS ClientStateMachine.swift
[1721/1843] Compiling NIOSOCKS SelectedAuthenticationMethod.swift
[1722/1843] Compiling NIOSOCKS AuthenticationMethod.swift
[1723/1843] Compiling NIOSOCKS ClientGreeting.swift
[1724/1843] Emitting module NIOSOCKS
[1725/1843] Compiling NIOSOCKS SOCKSClientHandler.swift
[1726/1843] Compiling NIOSOCKS SOCKSServerHandshakeHandler.swift
[1727/1843] Compiling NIOSOCKS ServerStateMachine.swift
[1728/1843] Compiling NIOHTTP1 HTTPServerRequestMethodQueue.swift
[1729/1843] Compiling NIOHTTP1 HTTPServerUpgradeHandler.swift
[1730/1845] Compiling NIOHTTP1 NIOTypedHTTPClientUpgradeHandler.swift
[1731/1845] Compiling NIOHTTP1 NIOTypedHTTPClientUpgraderStateMachine.swift
[1733/1845] Compiling NIOSOCKS Messages.swift
[1734/1845] Compiling X509 ValidatedCertificateChain.swift
[1735/1845] Compiling X509 VerificationDiagnostic.swift
[1736/1845] Compiling X509 Verifier.swift
[1737/1845] Compiling X509 VerifierPolicy.swift
[1738/1845] Compiling X509 AlgorithmIdentifier.swift
[1739/1845] Compiling X509 ECDSASignature.swift
[1740/1845] Compiling X509 RSAPKCS1PublicKey.swift
[1741/1845] Compiling X509 SubjectPublicKeyInfo.swift
[1742/1845] Compiling X509 TBSCertificate.swift
[1743/1845] Compiling X509 Time.swift
[1744/1845] Compiling X509 TimeCalculations.swift
[1745/1845] Compiling X509 Validity.swift
[1746/1845] Compiling X509 X509SendableMetatype.swift
[1747/1845] Compiling NIOTLS ProtocolNegotiationHandlerStateMachine.swift
[1748/1845] Compiling NIOTLS ApplicationProtocolNegotiationHandler.swift
[1749/1845] Compiling NIOTLS SNIHandler.swift
[1751/1846] Compiling NIOSOCKS SOCKSRequest.swift
[1752/1846] Compiling NIOSOCKS Errors.swift
[1753/1846] Compiling NIOSOCKS Helpers.swift
[1756/1848] Wrapping AST for NIOSOCKS for debugging
[1760/1848] Wrapping AST for NIOTLS for debugging
[1762/1878] Compiling NIOSSL SSLConnection.swift
[1763/1878] Compiling NIOSSL SSLContext.swift
[1763/1879] Wrapping AST for X509 for debugging
[1765/1945] Compiling JWTKit MLDSAType.swift
[1766/1945] Compiling JWTKit JWTKeyCollection+UnsecuredNone.swift
[1767/1945] Compiling JWTKit UnsecuredNoneSigner.swift
[1768/1945] Compiling JWTKit JWTKeyCollection+RSA.swift
[1769/1945] Compiling JWTKit RSA.swift
[1770/1945] Compiling JWTKit RSAError.swift
[1771/1945] Compiling JWTKit RSASigner.swift
[1772/1945] Compiling JWTKit Base64URL.swift
[1773/1945] Compiling JWTKit CryptoSigner.swift
[1774/1954] Compiling JWTKit JWK.swift
[1775/1954] Compiling JWTKit JWKIdentifier.swift
[1776/1954] Compiling JWTKit JWKS.swift
[1777/1954] Emitting module NIOHTTP1
[1778/1954] Compiling JWTKit JWTClaim.swift
[1779/1954] Compiling JWTKit JWTMultiValueClaim.swift
[1780/1954] Compiling JWTKit JWTSerializer.swift
[1781/1954] Compiling JWTKit JWTSigner.swift
[1782/1954] Compiling JWTKit JWTKeyCollection+MLDSA.swift
[1783/1954] Compiling JWTKit MLDSA.swift
[1784/1954] Compiling JWTKit MLDSA65+MLDSAKey.swift
[1785/1954] Compiling JWTKit MLDSA87+MLDSAKey.swift
[1786/1954] Compiling JWTKit MLDSAError.swift
[1787/1954] Compiling JWTKit MLDSAKey.swift
[1788/1954] Compiling JWTKit MLDSASigner.swift
[1789/1954] Compiling JWTKit BoolClaim.swift
[1790/1954] Compiling JWTKit ExpirationClaim.swift
[1792/1955] Emitting module JWTKit
[1792/1955] Wrapping AST for NIOHTTP1 for debugging
[1794/1972] Compiling JWTKit AudienceClaim.swift
[1797/1972] Compiling JWTKit GoogleHostedDomainClaim.swift
[1798/1972] Compiling JWTKit IDClaim.swift
[1799/1972] Compiling JWTKit IssuedAtClaim.swift
[1800/1972] Compiling JWTKit IssuerClaim.swift
[1803/1972] Compiling JWTKit JWTUnixEpochClaim.swift
[1804/1972] Compiling NIOHPACK HPACKHeader.swift
[1805/1972] Compiling NIOHPACK HeaderTables.swift
[1806/1972] Compiling NIOHPACK DynamicHeaderTable.swift
[1807/1972] Compiling NIOHPACK HPACKDecoder.swift
[1808/1972] Compiling NIOHPACK HPACKEncoder.swift
[1809/1972] Compiling NIOHPACK HPACKErrors.swift
[1812/1972] Compiling JWTKit JWKSigner.swift
[1813/1972] Compiling NIOHPACK IndexedHeaderTable.swift
[1814/1972] Compiling NIOHPACK IntegerCoding.swift
[1815/1973] Compiling NIOHTTPCompression HTTPDecompressor.swift
[1816/1973] Emitting module NIOSSL
[1817/1977] Emitting module NIOHPACK
[1818/1977] Emitting module NIOHTTPCompression
[1819/1977] Compiling NIOHTTPCompression HTTPCompression.swift
[1820/1977] Compiling NIOHTTPCompression HTTPRequestCompressor.swift
[1821/1977] Compiling NIOHTTPCompression HTTPResponseCompressor.swift
[1822/1977] Compiling NIOHTTPCompression HTTPDecompression.swift
[1824/1978] Compiling NIOHPACK HuffmanCoding.swift
[1825/1978] Compiling NIOHPACK HuffmanTables.swift
[1826/1978] Compiling NIOHPACK StaticHeaderTable.swift
[1826/1978] Wrapping AST for NIOHTTPCompression for debugging
[1836/1979] Compiling JWTKit LocaleClaim.swift
[1837/1979] Compiling JWTKit NotBeforeClaim.swift
[1838/1979] Compiling JWTKit ECDSACurveType.swift
[1839/1979] Compiling JWTKit ECDSAError.swift
[1840/1979] Compiling JWTKit ECDSAKeyTypes.swift
[1841/1979] Compiling JWTKit ECDSASigner.swift
[1842/1979] Compiling JWTKit JWTAlgorithm.swift
[1843/1979] Compiling JWTKit JWTError.swift
[1844/1979] Compiling JWTKit JWTHeader+CommonFields.swift
[1845/1979] Compiling JWTKit JWTHeader.swift
[1846/1979] Compiling JWTKit JWTHeaderField.swift
[1847/1979] Compiling JWTKit JWTKeyCollection.swift
[1848/1979] Compiling JWTKit JWTParser+MandatoryVerificationFields.swift
[1849/1979] Compiling JWTKit JWTParser.swift
[1850/1979] Compiling JWTKit JWTPayload.swift
[1853/1979] Compiling JWTKit SubjectClaim.swift
[1854/1979] Compiling JWTKit TenantIDClaim.swift
[1855/1979] Compiling JWTKit ECDSA.swift
[1856/1979] Compiling JWTKit ECDSACurve.swift
[1861/1979] Compiling JWTKit ECDSASigningAlgorithm.swift
[1862/1979] Compiling JWTKit JWTKeyCollection+ECDSA.swift
[1863/1979] Compiling JWTKit P256+CurveType.swift
[1864/1979] Compiling JWTKit P384+CurveType.swift
[1865/1979] Compiling JWTKit P521+CurveType.swift
[1866/1979] Compiling JWTKit EdDSA.swift
[1867/1979] Compiling JWTKit EdDSACurve.swift
[1868/1979] Compiling JWTKit EdDSAError.swift
[1869/1979] Compiling JWTKit EdDSASigner.swift
[1870/1979] Compiling JWTKit JWTKeyCollection+EdDSA.swift
[1871/1979] Wrapping AST for NIOHPACK for debugging
[1877/2042] Compiling NIOHTTP2 SendingPushPromiseState.swift
[1878/2042] Compiling NIOHTTP2 SendingRstStreamState.swift
[1879/2042] Compiling NIOHTTP2 SendingWindowUpdateState.swift
[1880/2042] Compiling NIOHTTP2 HTTP2SettingsState.swift
[1881/2042] Compiling NIOHTTP2 HasExtendedConnectSettings.swift
[1882/2042] Compiling JWTKit CustomizedJSONCoders.swift
[1883/2042] Compiling JWTKit Utilities.swift
[1884/2042] Compiling JWTKit AppleIdentityToken.swift
[1885/2042] Compiling JWTKit FirebaseAuthIdentityToken.swift
[1886/2042] Compiling JWTKit GoogleIdentityToken.swift
[1887/2042] Compiling JWTKit MicrosoftIdentityToken.swift
[1888/2042] Compiling JWTKit EmptyPolicy.swift
[1889/2042] Compiling JWTKit ValidationTimePayload.swift
[1890/2042] Compiling JWTKit X5CVerifier.swift
[1891/2043] Wrapping AST for JWTKit for debugging
[1893/2043] Compiling NIOHTTP2 DOSHeuristics.swift
[1894/2043] Compiling NIOHTTP2 Error+Any.swift
[1895/2043] Compiling NIOHTTP2 ConcurrentStreamBuffer.swift
[1896/2043] Compiling NIOHTTP2 ControlFrameBuffer.swift
[1897/2043] Compiling NIOHTTP2 HTTP2ConnectionStateChange.swift
[1898/2043] Compiling NIOHTTP2 HTTP2Error.swift
[1899/2043] Compiling NIOHTTP2 HTTP2ErrorCode.swift
[1900/2043] Compiling NIOHTTP2 HTTP2FlowControlWindow.swift
[1901/2043] Compiling NIOHTTP2 OutboundFlowControlBuffer.swift
[1902/2043] Compiling NIOHTTP2 OutboundFrameBuffer.swift
[1903/2043] Compiling NIOHTTP2 GlitchesMonitor.swift
[1904/2043] Compiling NIOHTTP2 HPACKHeaders+Validation.swift
[1905/2043] Compiling NIOHTTP2 MaySendFrames.swift
[1906/2043] Compiling NIOHTTP2 SendingDataState.swift
[1907/2043] Compiling NIOHTTP2 SendingGoawayState.swift
[1908/2043] Compiling NIOHTTP2 SendingHeadersState.swift
[1914/2051] Compiling NIOHTTP2 HasRemoteSettings.swift
[1915/2051] Compiling NIOHTTP2 LocallyQuiescingState.swift
[1916/2051] Compiling NIOHTTP2 QuiescingState.swift
[1917/2051] Compiling NIOHTTP2 RemotelyQuiescingState.swift
[1918/2051] Compiling NIOHTTP2 HasFlowControlWindows.swift
[1919/2051] Compiling NIOHTTP2 HasLocalSettings.swift
[1924/2051] Compiling NIOHTTP2 SendAndReceiveGoawayState.swift
[1925/2051] Compiling NIOHTTP2 StateMachineResult.swift
[1926/2051] Compiling NIOHTTP2 ContentLengthVerifier.swift
[1927/2052] Wrapping AST for NIOSSL for debugging
[1929/2052] Compiling NIOHTTP2 HTTP2StreamMultiplexer.swift
[1930/2052] Compiling NIOHTTP2 HTTP2ToHTTP1Codec.swift
[1931/2052] Compiling NIOHTTP2 HTTP2UserEvents.swift
[1932/2052] Compiling NIOHTTP2 InboundEventBuffer.swift
[1933/2052] Compiling NIOHTTP2 InboundWindowManager.swift
[1934/2052] Compiling NIOHTTP2 MultiplexerAbstractChannel.swift
[1935/2052] Compiling NIOHTTP2 NIOHTTP2FrameDelegate.swift
[1936/2052] Compiling NIOHTTP2 NIOHTTP2ServerConnectionManagementHandler+StateMachine.swift
[1945/2052] Compiling NIOHTTP2 HTTP2ChannelHandler+InboundStreamMultiplexer.swift
[1946/2052] Compiling NIOHTTP2 NIOHTTP2ServerConnectionManagementHandler.swift
[1947/2052] Compiling NIOHTTP2 StreamChannelFlowController.swift
[1948/2052] Compiling NIOHTTP2 StreamChannelList.swift
[1949/2052] Compiling NIOHTTP2 StreamMap.swift
[1950/2052] Compiling NIOHTTP2 StreamStateMachine.swift
[1951/2052] Compiling NIOHTTP2 Timer.swift
[1952/2052] Compiling NIOHTTP2 UnsafeTransfer.swift
[1953/2052] Compiling NIOHTTP2 WatermarkedFlowController.swift
[1954/2052] Compiling NIOHTTP2 HTTP2FrameParser.swift
[1955/2052] Compiling NIOHTTP2 HTTP2PingData.swift
[1956/2052] Compiling NIOHTTP2 HTTP2PipelineHelpers.swift
[1957/2052] Compiling NIOHTTP2 HTTP2Settings.swift
[1958/2052] Compiling NIOHTTP2 HTTP2Stream.swift
[1959/2052] Compiling NIOHTTP2 HTTP2StreamChannel+OutboundStreamMultiplexer.swift
[1960/2052] Compiling NIOHTTP2 HTTP2StreamChannel.swift
[1961/2052] Compiling NIOHTTP2 HTTP2StreamDelegate.swift
[1962/2052] Compiling NIOHTTP2 HTTP2StreamID.swift
[1963/2052] Emitting module NIOHTTP2
[1964/2052] Compiling NIOHTTP2 ConnectionStateMachine.swift
[1965/2052] Compiling NIOHTTP2 ConnectionStreamsState.swift
[1966/2052] Compiling NIOHTTP2 MayReceiveFrames.swift
[1967/2052] Compiling NIOHTTP2 ReceivingDataState.swift
[1968/2052] Compiling NIOHTTP2 ReceivingGoAwayState.swift
[1969/2052] Compiling NIOHTTP2 ReceivingHeadersState.swift
[1970/2052] Compiling NIOHTTP2 ReceivingPushPromiseState.swift
[1971/2052] Compiling NIOHTTP2 ReceivingRstStreamState.swift
[1972/2052] Compiling NIOHTTP2 ReceivingWindowUpdateState.swift
[1973/2052] Compiling NIOHTTP2 HTTP2ChannelHandler+InlineStreamMultiplexer.swift
[1974/2052] Compiling NIOHTTP2 HTTP2ChannelHandler.swift
[1975/2052] Compiling NIOHTTP2 HTTP2CommonInboundStreamMultiplexer.swift
[1980/2052] Compiling NIOHTTP2 HTTP2Frame.swift
[1981/2052] Compiling NIOHTTP2 HTTP2FrameEncoder.swift
[1982/2053] Wrapping AST for NIOHTTP2 for debugging
[1984/2117] Emitting module AsyncHTTPClient
[1985/2125] Compiling AsyncHTTPClient AnyAsyncSequence.swift
[1986/2125] Compiling AsyncHTTPClient AnyAsyncSequenceProucerDelete.swift
[1987/2125] Compiling AsyncHTTPClient AsyncLazySequence.swift
[1988/2125] Compiling AsyncHTTPClient HTTPClient+execute.swift
[1989/2125] Compiling AsyncHTTPClient HTTPClient+shutdown.swift
[1990/2125] Compiling AsyncHTTPClient HTTPClient+tracing.swift
[1991/2125] Compiling AsyncHTTPClient HTTPClientRequest+Prepared.swift
[1992/2125] Compiling AsyncHTTPClient HTTPClientRequest+auth.swift
[1993/2125] Compiling AsyncHTTPClient HTTPClientRequest.swift
[1994/2125] Compiling AsyncHTTPClient HTTPClientResponse.swift
[1995/2125] Compiling AsyncHTTPClient SingleIteratorPrecondition.swift
[1996/2125] Compiling AsyncHTTPClient Transaction+StateMachine.swift
[1997/2125] Compiling AsyncHTTPClient Transaction.swift
[1998/2125] Compiling AsyncHTTPClient Base64.swift
[1999/2125] Compiling AsyncHTTPClient BasicAuth.swift
[2000/2125] Compiling AsyncHTTPClient BestEffortHashableTLSConfiguration.swift
[2001/2125] Compiling AsyncHTTPClient Configuration+BrowserLike.swift
[2002/2125] Compiling AsyncHTTPClient ConnectionPool.swift
[2003/2125] Compiling AsyncHTTPClient LRUCache.swift
[2004/2125] Compiling AsyncHTTPClient NIOLoopBound+Execute.swift
[2005/2125] Compiling AsyncHTTPClient NWErrorHandler.swift
[2006/2125] Compiling AsyncHTTPClient NWWaitingHandler.swift
[2007/2125] Compiling AsyncHTTPClient TLSConfiguration.swift
[2008/2125] Compiling AsyncHTTPClient RedirectState.swift
[2009/2125] Compiling AsyncHTTPClient RequestBag+StateMachine.swift
[2010/2125] Compiling AsyncHTTPClient RequestBag+Tracing.swift
[2011/2125] Compiling AsyncHTTPClient RequestBag.swift
[2012/2125] Compiling AsyncHTTPClient HTTP1ProxyConnectHandler.swift
[2013/2125] Compiling AsyncHTTPClient SOCKSEventsHandler.swift
[2014/2125] Compiling AsyncHTTPClient TLSEventsHandler.swift
[2015/2125] Compiling AsyncHTTPClient HTTP1ClientChannelHandler.swift
[2016/2125] Compiling AsyncHTTPClient HTTP1Connection.swift
[2017/2125] Compiling AsyncHTTPClient HTTP1ConnectionStateMachine.swift
[2018/2125] Compiling AsyncHTTPClient HTTP2ClientRequestHandler.swift
[2019/2125] Compiling AsyncHTTPClient HTTP2Connection.swift
[2020/2125] Compiling AsyncHTTPClient HTTP2IdleHandler.swift
[2021/2125] Compiling AsyncHTTPClient RequestValidation.swift
[2022/2125] Compiling AsyncHTTPClient SSLContextCache.swift
[2023/2125] Compiling AsyncHTTPClient Scheme.swift
[2024/2125] Compiling AsyncHTTPClient Singleton.swift
[2025/2125] Compiling AsyncHTTPClient StringConvertibleInstances.swift
[2026/2125] Compiling AsyncHTTPClient StructuredConcurrencyHelpers.swift
[2027/2125] Compiling AsyncHTTPClient TracingSupport.swift
[2028/2125] Compiling AsyncHTTPClient Utils.swift
[2029/2125] Compiling AsyncHTTPClient RequestOptions.swift
[2030/2125] Compiling AsyncHTTPClient HTTPConnectionPool+Backoff.swift
[2031/2125] Compiling AsyncHTTPClient HTTPConnectionPool+HTTP1Connections.swift
[2032/2125] Compiling AsyncHTTPClient HTTPConnectionPool+HTTP1StateMachine.swift
[2033/2125] Compiling AsyncHTTPClient HTTPConnectionPool+HTTP2Connections.swift
[2034/2125] Compiling AsyncHTTPClient HTTPConnectionPool+HTTP2StateMachine.swift
[2035/2125] Compiling AsyncHTTPClient HTTPConnectionPool+RequestQueue.swift
[2036/2125] Compiling AsyncHTTPClient HTTPConnectionPool+StateMachine.swift
[2037/2125] Compiling AsyncHTTPClient ConnectionTarget.swift
[2038/2125] Compiling AsyncHTTPClient HTTPConnectionEvent.swift
[2039/2125] Compiling AsyncHTTPClient HTTPConnectionPool+Factory.swift
[2040/2125] Compiling AsyncHTTPClient HTTPConnectionPool+Manager.swift
[2041/2125] Compiling AsyncHTTPClient HTTPConnectionPool.swift
[2042/2125] Compiling AsyncHTTPClient HTTPExecutableRequest.swift
[2043/2125] Compiling AsyncHTTPClient HTTPRequestStateMachine+Demand.swift
[2044/2125] Compiling AsyncHTTPClient HTTPRequestStateMachine.swift
[2045/2125] Compiling AsyncHTTPClient RequestBodyLength.swift
[2046/2125] Compiling AsyncHTTPClient RequestFramingMetadata.swift
[2047/2125] Compiling AsyncHTTPClient DeconstructedURL.swift
[2048/2125] Compiling AsyncHTTPClient FileDownloadDelegate.swift
[2049/2125] Compiling AsyncHTTPClient FoundationExtensions.swift
[2050/2125] Compiling AsyncHTTPClient HTTPClient+HTTPCookie.swift
[2051/2125] Compiling AsyncHTTPClient HTTPClient+Proxy.swift
[2052/2125] Compiling AsyncHTTPClient HTTPClient+StructuredConcurrency.swift
[2053/2125] Compiling AsyncHTTPClient HTTPClient.swift
[2054/2125] Compiling AsyncHTTPClient HTTPClientConfiguration+SwiftConfiguration.swift
[2055/2125] Compiling AsyncHTTPClient HTTPHandler.swift
[2056/2126] Wrapping AST for AsyncHTTPClient for debugging
[2058/2149] Compiling GoogleAuth ADC.swift
[2059/2149] Compiling GoogleAuth ADCPath.swift
[2060/2149] Compiling GoogleAuth ADCResolver.swift
[2061/2149] Compiling GoogleAuth AuthHeaders.swift
[2062/2152] Emitting module GoogleAuth
[2063/2152] Compiling GoogleAuth CredentialParserRegistry.swift
[2064/2152] Compiling GoogleAuth Credentials.swift
[2065/2152] Compiling GoogleAuth CredentialsError.swift
[2066/2152] Compiling GoogleAuth UserAccountData.swift
[2067/2152] Compiling GoogleAuth UserAccountTokenProvider.swift
[2068/2152] Compiling GoogleAuth UserCredentials.swift
[2069/2152] Compiling GoogleAuth ServiceAccountCredentials.swift
[2070/2152] Compiling GoogleAuth ServiceAccountData.swift
[2071/2152] Compiling GoogleAuth ServiceAccountTokenProvider.swift
[2072/2152] Compiling GoogleAuth AuthHTTPClient.swift
[2073/2152] Compiling GoogleAuth AuthHTTPError.swift
[2074/2152] Compiling GoogleAuth RetryEngine.swift
[2075/2152] Compiling GoogleAuth AnonymousCredentials.swift
[2076/2152] Compiling GoogleAuth ApiKeyCredentials.swift
[2077/2152] Compiling GoogleAuth ExternalAccountCredentials.swift
[2078/2152] Compiling GoogleAuth SubjectTokenProvider.swift
[2079/2152] Compiling GoogleAuth MDSAccessTokenProvider.swift
[2080/2152] Compiling GoogleAuth MDSCredentials.swift
[2081/2152] Compiling GoogleAuth STSHandler.swift
[2082/2152] Compiling GoogleAuth TokenCache.swift
[2083/2152] Compiling GoogleAuth PackageVersion.swift
[2084/2153] Wrapping AST for GoogleAuth for debugging
[2086/2211] Compiling GoogleGax AIP194+PollingErrorPolicy.swift
[2087/2211] Compiling GoogleGax AIP194+RetryPolicy.swift
[2088/2211] Compiling GoogleGax AIP194.swift
[2089/2211] Compiling GoogleGax AdaptiveThrottler.swift
[2090/2211] Compiling GoogleGax AlwaysPoll.swift
[2091/2211] Compiling GoogleGax AlwaysRetry.swift
[2092/2211] Compiling GoogleGax ApiClientHeader.swift
[2093/2211] Compiling GoogleGax BackoffPolicy.swift
[2094/2211] Compiling GoogleGax BasePollingErrorPolicy.swift
[2095/2219] Emitting module GoogleGax
[2096/2219] Compiling GoogleGax LimitedAttemptCount+PollingErrorPolicy.swift
[2097/2219] Compiling GoogleGax LimitedAttemptCount+RetryPolicy.swift
[2098/2219] Compiling GoogleGax LimitedAttemptCount.swift
[2099/2219] Compiling GoogleGax LimitedElapsedTime+PollingErrorPolicy.swift
[2100/2219] Compiling GoogleGax LimitedElapsedTime+RetryPolicy.swift
[2101/2219] Compiling GoogleGax LimitedElapsedTime.swift
[2102/2219] Compiling GoogleGax LongRunningOperations.swift
[2103/2219] Compiling GoogleGax NeverRetry.swift
[2104/2219] Compiling GoogleGax RequestOptions.swift
[2105/2219] Compiling GoogleGax RetryLoop.swift
[2106/2219] Compiling GoogleGax RetryPolicy.swift
[2107/2219] Compiling GoogleGax RetryResult.swift
[2108/2219] Compiling GoogleGax RetryState.swift
[2109/2219] Compiling GoogleGax RetryThrottler.swift
[2110/2219] Compiling GoogleGax RetryThrottlerError.swift
[2111/2219] Compiling GoogleGax RoutingMatcher.swift
[2112/2219] Compiling GoogleGax ContinueOnIO.swift
[2113/2219] Compiling GoogleGax CredentialsProtocol.swift
[2114/2219] Compiling GoogleGax ErrorWrapper.swift
[2115/2219] Compiling GoogleGax ExponentialBackoff+BackoffPolicy.swift
[2116/2219] Compiling GoogleGax ExponentialBackoff+PollingBackoffPolicy.swift
[2117/2219] Compiling GoogleGax ExponentialBackoff.swift
[2118/2219] Compiling GoogleGax HTTPClient.swift
[2119/2219] Compiling GoogleGax HTTPClientHolder.swift
[2120/2219] Compiling GoogleGax BaseRetryPolicy.swift
[2121/2219] Compiling GoogleGax BindingError.swift
[2122/2219] Compiling GoogleGax CRC32C.swift
[2123/2219] Compiling GoogleGax CircuitBreaker.swift
[2124/2219] Compiling GoogleGax ClientError.swift
[2125/2219] Compiling GoogleGax ClientOptions.swift
[2126/2219] Compiling GoogleGax ContinueOnIO+PollingErrorPolicy.swift
[2127/2219] Compiling GoogleGax ContinueOnIO+RetryPolicy.swift
[2128/2219] Compiling GoogleGax Pagination.swift
/host/spi-builder-workspace/.build/checkouts/swift-google-gax/Sources/GoogleGax/Pagination.swift:44:22: error: cannot convert '@Sendable (String) async throws -> (response: ResponseType, items: [Item], nextToken: String)' to 'nonisolated(nonsending) @Sendable (String) async throws -> (response: ResponseType, items: [Item], nextToken: String)' because crossing of an isolation boundary requires parameter and result types to conform to 'Sendable' protocol
42 | ) where ResponseType: _PaginatedResponse<Item> {
43 | self.initialPageToken = initialPageToken ?? ""
44 | self.fetchPage = { token in
| |- error: cannot convert '@Sendable (String) async throws -> (response: ResponseType, items: [Item], nextToken: String)' to 'nonisolated(nonsending) @Sendable (String) async throws -> (response: ResponseType, items: [Item], nextToken: String)' because crossing of an isolation boundary requires parameter and result types to conform to 'Sendable' protocol
| `- note: type 'Item' does not conform to 'Sendable' protocol
45 | let response = try await listRpc(token)
46 | return (response, response._getPaginatedItems(), response._nextPageToken())
[2129/2219] Compiling GoogleGax PollingBackoffPolicy.swift
/host/spi-builder-workspace/.build/checkouts/swift-google-gax/Sources/GoogleGax/Pagination.swift:44:22: error: cannot convert '@Sendable (String) async throws -> (response: ResponseType, items: [Item], nextToken: String)' to 'nonisolated(nonsending) @Sendable (String) async throws -> (response: ResponseType, items: [Item], nextToken: String)' because crossing of an isolation boundary requires parameter and result types to conform to 'Sendable' protocol
42 | ) where ResponseType: _PaginatedResponse<Item> {
43 | self.initialPageToken = initialPageToken ?? ""
44 | self.fetchPage = { token in
| |- error: cannot convert '@Sendable (String) async throws -> (response: ResponseType, items: [Item], nextToken: String)' to 'nonisolated(nonsending) @Sendable (String) async throws -> (response: ResponseType, items: [Item], nextToken: String)' because crossing of an isolation boundary requires parameter and result types to conform to 'Sendable' protocol
| `- note: type 'Item' does not conform to 'Sendable' protocol
45 | let response = try await listRpc(token)
46 | return (response, response._getPaginatedItems(), response._nextPageToken())
[2130/2219] Compiling GoogleGax PollingErrorPolicy.swift
/host/spi-builder-workspace/.build/checkouts/swift-google-gax/Sources/GoogleGax/Pagination.swift:44:22: error: cannot convert '@Sendable (String) async throws -> (response: ResponseType, items: [Item], nextToken: String)' to 'nonisolated(nonsending) @Sendable (String) async throws -> (response: ResponseType, items: [Item], nextToken: String)' because crossing of an isolation boundary requires parameter and result types to conform to 'Sendable' protocol
42 | ) where ResponseType: _PaginatedResponse<Item> {
43 | self.initialPageToken = initialPageToken ?? ""
44 | self.fetchPage = { token in
| |- error: cannot convert '@Sendable (String) async throws -> (response: ResponseType, items: [Item], nextToken: String)' to 'nonisolated(nonsending) @Sendable (String) async throws -> (response: ResponseType, items: [Item], nextToken: String)' because crossing of an isolation boundary requires parameter and result types to conform to 'Sendable' protocol
| `- note: type 'Item' does not conform to 'Sendable' protocol
45 | let response = try await listRpc(token)
46 | return (response, response._getPaginatedItems(), response._nextPageToken())
[2131/2219] Compiling GoogleGax PollingResult.swift
/host/spi-builder-workspace/.build/checkouts/swift-google-gax/Sources/GoogleGax/Pagination.swift:44:22: error: cannot convert '@Sendable (String) async throws -> (response: ResponseType, items: [Item], nextToken: String)' to 'nonisolated(nonsending) @Sendable (String) async throws -> (response: ResponseType, items: [Item], nextToken: String)' because crossing of an isolation boundary requires parameter and result types to conform to 'Sendable' protocol
42 | ) where ResponseType: _PaginatedResponse<Item> {
43 | self.initialPageToken = initialPageToken ?? ""
44 | self.fetchPage = { token in
| |- error: cannot convert '@Sendable (String) async throws -> (response: ResponseType, items: [Item], nextToken: String)' to 'nonisolated(nonsending) @Sendable (String) async throws -> (response: ResponseType, items: [Item], nextToken: String)' because crossing of an isolation boundary requires parameter and result types to conform to 'Sendable' protocol
| `- note: type 'Item' does not conform to 'Sendable' protocol
45 | let response = try await listRpc(token)
46 | return (response, response._getPaginatedItems(), response._nextPageToken())
[2132/2219] Compiling GoogleGax PollingState.swift
/host/spi-builder-workspace/.build/checkouts/swift-google-gax/Sources/GoogleGax/Pagination.swift:44:22: error: cannot convert '@Sendable (String) async throws -> (response: ResponseType, items: [Item], nextToken: String)' to 'nonisolated(nonsending) @Sendable (String) async throws -> (response: ResponseType, items: [Item], nextToken: String)' because crossing of an isolation boundary requires parameter and result types to conform to 'Sendable' protocol
42 | ) where ResponseType: _PaginatedResponse<Item> {
43 | self.initialPageToken = initialPageToken ?? ""
44 | self.fetchPage = { token in
| |- error: cannot convert '@Sendable (String) async throws -> (response: ResponseType, items: [Item], nextToken: String)' to 'nonisolated(nonsending) @Sendable (String) async throws -> (response: ResponseType, items: [Item], nextToken: String)' because crossing of an isolation boundary requires parameter and result types to conform to 'Sendable' protocol
| `- note: type 'Item' does not conform to 'Sendable' protocol
45 | let response = try await listRpc(token)
46 | return (response, response._getPaginatedItems(), response._nextPageToken())
[2133/2219] Compiling GoogleGax ProtobufConversionError.swift
/host/spi-builder-workspace/.build/checkouts/swift-google-gax/Sources/GoogleGax/Pagination.swift:44:22: error: cannot convert '@Sendable (String) async throws -> (response: ResponseType, items: [Item], nextToken: String)' to 'nonisolated(nonsending) @Sendable (String) async throws -> (response: ResponseType, items: [Item], nextToken: String)' because crossing of an isolation boundary requires parameter and result types to conform to 'Sendable' protocol
42 | ) where ResponseType: _PaginatedResponse<Item> {
43 | self.initialPageToken = initialPageToken ?? ""
44 | self.fetchPage = { token in
| |- error: cannot convert '@Sendable (String) async throws -> (response: ResponseType, items: [Item], nextToken: String)' to 'nonisolated(nonsending) @Sendable (String) async throws -> (response: ResponseType, items: [Item], nextToken: String)' because crossing of an isolation boundary requires parameter and result types to conform to 'Sendable' protocol
| `- note: type 'Item' does not conform to 'Sendable' protocol
45 | let response = try await listRpc(token)
46 | return (response, response._getPaginatedItems(), response._nextPageToken())
[2134/2219] Compiling GoogleGax QueryParameter.swift
/host/spi-builder-workspace/.build/checkouts/swift-google-gax/Sources/GoogleGax/Pagination.swift:44:22: error: cannot convert '@Sendable (String) async throws -> (response: ResponseType, items: [Item], nextToken: String)' to 'nonisolated(nonsending) @Sendable (String) async throws -> (response: ResponseType, items: [Item], nextToken: String)' because crossing of an isolation boundary requires parameter and result types to conform to 'Sendable' protocol
42 | ) where ResponseType: _PaginatedResponse<Item> {
43 | self.initialPageToken = initialPageToken ?? ""
44 | self.fetchPage = { token in
| |- error: cannot convert '@Sendable (String) async throws -> (response: ResponseType, items: [Item], nextToken: String)' to 'nonisolated(nonsending) @Sendable (String) async throws -> (response: ResponseType, items: [Item], nextToken: String)' because crossing of an isolation boundary requires parameter and result types to conform to 'Sendable' protocol
| `- note: type 'Item' does not conform to 'Sendable' protocol
45 | let response = try await listRpc(token)
46 | return (response, response._getPaginatedItems(), response._nextPageToken())
[2135/2219] Compiling GoogleGax RequestError.swift
/host/spi-builder-workspace/.build/checkouts/swift-google-gax/Sources/GoogleGax/Pagination.swift:44:22: error: cannot convert '@Sendable (String) async throws -> (response: ResponseType, items: [Item], nextToken: String)' to 'nonisolated(nonsending) @Sendable (String) async throws -> (response: ResponseType, items: [Item], nextToken: String)' because crossing of an isolation boundary requires parameter and result types to conform to 'Sendable' protocol
42 | ) where ResponseType: _PaginatedResponse<Item> {
43 | self.initialPageToken = initialPageToken ?? ""
44 | self.fetchPage = { token in
| |- error: cannot convert '@Sendable (String) async throws -> (response: ResponseType, items: [Item], nextToken: String)' to 'nonisolated(nonsending) @Sendable (String) async throws -> (response: ResponseType, items: [Item], nextToken: String)' because crossing of an isolation boundary requires parameter and result types to conform to 'Sendable' protocol
| `- note: type 'Item' does not conform to 'Sendable' protocol
45 | let response = try await listRpc(token)
46 | return (response, response._getPaginatedItems(), response._nextPageToken())
[2136/2219] Compiling GoogleGax HTTPClientProtocol.swift
[2137/2219] Compiling GoogleGax HTTPClientRequest.swift
[2138/2219] Compiling GoogleGax HTTPClientResponse.swift
[2139/2219] Compiling GoogleGax HTTPHeaders.swift
[2140/2219] Compiling GoogleGax HTTPResponseBody.swift
[2141/2219] Compiling GoogleGax HeaderNames.swift
[2142/2219] Compiling GoogleGax Host.swift
[2143/2219] Compiling GoogleGax InProgressResult.swift
[2144/2219] Compiling GoogleGax ServiceError.swift
[2145/2219] Compiling GoogleGax StatusDetail.swift
[2146/2219] Compiling GoogleGax StrictIdempotency.swift
[2147/2219] Compiling GoogleGax ThrottleResult.swift
[2148/2219] Compiling GoogleGax TooManyRequests+PollingErrorPolicy.swift
[2149/2219] Compiling GoogleGax TooManyRequests+RetryPolicy.swift
[2150/2219] Compiling GoogleGax TooManyRequests.swift
[2151/2219] Compiling GoogleGax PackageVersion.swift
BUILD FAILURE 6.2 android