Build Information
Failed to build GoogleCloudSecureSourceManagerV1, reference 0.5.0 (368f76), with Swift 6.2 for Android on 11 Oct 2026 21:25:36 UTC.
Build Command
bash -c docker run --pull=always --rm -v "checkouts-54344849-2":/host -w "$PWD" -e JAVA_HOME="/root/.sdkman/candidates/java/current" -e SPI_BUILD="1" -e SPI_PROCESSING="1" registry.gitlab.com/saguaro1/spi-images:android-6.2-latest swift build --swift-sdk aarch64-unknown-linux-android28 2>&1Build Log
========================================
RunAll
========================================
Builder version: 5.1.1
Interrupt handler set up.
========================================
Checkout
========================================
Clone URL: https://github.com/googleapis/swift-google-cloud-securesourcemanager-v1.git
Reference: 0.5.0
Initialized empty Git repository in /host/spi-builder-workspace/.git/
hint: Using 'master' as the name for the initial branch. This default branch name
hint: is subject to change. To configure the initial branch name to use in all
hint: of your new repositories, which will suppress this warning, call:
hint:
hint: git config --global init.defaultBranch <name>
hint:
hint: Names commonly chosen instead of 'master' are 'main', 'trunk' and
hint: 'development'. The just-created branch can be renamed via this command:
hint:
hint: git branch -m <name>
From https://github.com/googleapis/swift-google-cloud-securesourcemanager-v1
* tag 0.5.0 -> FETCH_HEAD
HEAD is now at 368f760 chore: release circa 2026-10-07 (#1382)
Cloned https://github.com/googleapis/swift-google-cloud-securesourcemanager-v1.git
Revision (git rev-parse @):
368f7608af6b25d950741a828c6b259e918bab4e
SPI manifest file found: $PWD/.spi.yml
SUCCESS checkout https://github.com/googleapis/swift-google-cloud-securesourcemanager-v1.git at 0.5.0
========================================
Build
========================================
Selected platform: android
Swift version: 6.2
Building package at path: $PWD
https://github.com/googleapis/swift-google-cloud-securesourcemanager-v1.git
Running build ...
bash -c docker run --pull=always --rm -v "checkouts-54344849-2":/host -w "$PWD" -e JAVA_HOME="/root/.sdkman/candidates/java/current" -e SPI_BUILD="1" -e SPI_PROCESSING="1" registry.gitlab.com/saguaro1/spi-images:android-6.2-latest swift build --swift-sdk aarch64-unknown-linux-android28 2>&1
android-6.2-latest: Pulling from saguaro1/spi-images
Digest: sha256:a839c9ce201f1dacc8eb056626ec7ab0a1c6d53d7b77c83feda395f4507c51be
Status: Image is up to date for registry.gitlab.com/saguaro1/spi-images:android-6.2-latest
Fetching https://github.com/apple/swift-log
Fetching https://github.com/googleapis/swift-google-iam-v1
Fetching https://github.com/googleapis/swift-google-longrunning
Fetching https://github.com/googleapis/swift-google-gax
Fetching https://github.com/googleapis/swift-google-wkt
Fetching https://github.com/googleapis/swift-google-rpc
[1/422] Fetching swift-google-rpc
[18/1128] Fetching swift-google-rpc, swift-google-iam-v1
[19/1747] Fetching swift-google-rpc, swift-google-iam-v1, swift-google-longrunning
[66/2770] Fetching swift-google-rpc, swift-google-iam-v1, swift-google-longrunning, swift-google-wkt
[98/11027] Fetching swift-google-rpc, swift-google-iam-v1, swift-google-longrunning, swift-google-wkt, swift-log
[446/12775] Fetching swift-google-rpc, swift-google-iam-v1, swift-google-longrunning, swift-google-wkt, swift-log, swift-google-gax
Fetched https://github.com/googleapis/swift-google-rpc from cache (0.38s)
[5546/12353] Fetching swift-google-iam-v1, swift-google-longrunning, swift-google-wkt, swift-log, swift-google-gax
Fetching https://github.com/googleapis/swift-google-cloud-location
Fetched https://github.com/googleapis/swift-google-iam-v1 from cache (0.51s)
Fetched https://github.com/googleapis/swift-google-wkt from cache (0.51s)
Fetched https://github.com/googleapis/swift-google-longrunning from cache (0.51s)
Fetched https://github.com/googleapis/swift-google-gax from cache (0.51s)
Fetching https://github.com/googleapis/swift-google-auth
Fetched https://github.com/apple/swift-log from cache (0.51s)
[1/552] Fetching swift-google-cloud-location
Fetched https://github.com/googleapis/swift-google-cloud-location from cache (0.41s)
[1/1023] Fetching swift-google-auth
Fetched https://github.com/googleapis/swift-google-auth from cache (0.39s)
Computing version for https://github.com/googleapis/swift-google-wkt
Computed https://github.com/googleapis/swift-google-wkt at 0.5.0 (1.05s)
Fetching https://github.com/swift-extras/swift-extras-base64
[1/954] Fetching swift-extras-base64
Fetched https://github.com/swift-extras/swift-extras-base64 from cache (0.39s)
Computing version for https://github.com/googleapis/swift-google-rpc
Computed https://github.com/googleapis/swift-google-rpc at 0.5.0 (0.56s)
Computing version for https://github.com/googleapis/swift-google-longrunning
Computed https://github.com/googleapis/swift-google-longrunning at 0.5.0 (0.16s)
Computing version for https://github.com/googleapis/swift-google-iam-v1
Computed https://github.com/googleapis/swift-google-iam-v1 at 0.5.0 (0.15s)
Fetching https://github.com/googleapis/swift-google-type
[1/437] Fetching swift-google-type
Fetched https://github.com/googleapis/swift-google-type from cache (0.34s)
Computing version for https://github.com/googleapis/swift-google-gax
Computed https://github.com/googleapis/swift-google-gax at 0.5.0 (0.52s)
Fetching https://github.com/apple/swift-nio
Fetching https://github.com/swift-server/async-http-client.git
[1/16464] Fetching async-http-client
[16465/102838] Fetching async-http-client, swift-nio
Fetched https://github.com/swift-server/async-http-client.git from cache (3.69s)
Fetched https://github.com/apple/swift-nio from cache (3.73s)
Computing version for https://github.com/googleapis/swift-google-cloud-location
Computed https://github.com/googleapis/swift-google-cloud-location at 0.5.0 (3.88s)
Computing version for https://github.com/googleapis/swift-google-auth
Computed https://github.com/googleapis/swift-google-auth at 0.5.0 (0.13s)
Fetching https://github.com/apple/swift-system.git
Fetching https://github.com/vapor/jwt-kit.git
[1/7241] Fetching swift-system
[2/17495] Fetching swift-system, jwt-kit
Fetched https://github.com/apple/swift-system.git from cache (0.85s)
Fetched https://github.com/vapor/jwt-kit.git from cache (0.86s)
Computing version for https://github.com/googleapis/swift-google-type
Computed https://github.com/googleapis/swift-google-type at 0.5.0 (1.02s)
Computing version for https://github.com/swift-extras/swift-extras-base64
Computed https://github.com/swift-extras/swift-extras-base64 at 1.2.0 (0.13s)
Computing version for https://github.com/swift-server/async-http-client.git
Computed https://github.com/swift-server/async-http-client.git at 1.36.2 (0.16s)
Fetching https://github.com/apple/swift-configuration.git
Fetching https://github.com/apple/swift-service-context.git
Fetching https://github.com/apple/swift-nio-extras.git
Fetching https://github.com/apple/swift-algorithms.git
Fetching https://github.com/apple/swift-nio-ssl.git
Fetching https://github.com/apple/swift-atomics.git
[1/3928] Fetching swift-configuration
[2/5429] Fetching swift-configuration, swift-service-context
[3367/11593] Fetching swift-configuration, swift-service-context, swift-algorithms
[3882/13482] Fetching swift-configuration, swift-service-context, swift-algorithms, swift-atomics
[5415/30353] Fetching swift-configuration, swift-service-context, swift-algorithms, swift-atomics, swift-nio-ssl
[7526/37056] Fetching swift-configuration, swift-service-context, swift-algorithms, swift-atomics, swift-nio-ssl, swift-nio-extras
Fetched https://github.com/apple/swift-atomics.git from cache (0.51s)
Fetching https://github.com/apple/swift-nio-http2.git
[18137/35167] Fetching swift-configuration, swift-service-context, swift-algorithms, swift-nio-ssl, swift-nio-extras
Fetched https://github.com/apple/swift-algorithms.git from cache (0.53s)
Fetching https://github.com/apple/swift-distributed-tracing.git
[13651/29003] Fetching swift-configuration, swift-service-context, swift-nio-ssl, swift-nio-extras
[29004/35554] Fetching swift-configuration, swift-service-context, swift-nio-ssl, swift-nio-extras, swift-distributed-tracing
[30315/47848] Fetching swift-configuration, swift-service-context, swift-nio-ssl, swift-nio-extras, swift-distributed-tracing, swift-nio-http2
Fetched https://github.com/apple/swift-distributed-tracing.git from cache (0.74s)
[32077/41297] Fetching swift-configuration, swift-service-context, swift-nio-ssl, swift-nio-extras, swift-nio-http2
Fetching https://github.com/apple/swift-nio-transport-services.git
[41298/44164] Fetching swift-configuration, swift-service-context, swift-nio-ssl, swift-nio-extras, swift-nio-http2, swift-nio-transport-services
Fetched https://github.com/apple/swift-nio-transport-services.git from cache (0.56s)
Fetched https://github.com/apple/swift-service-context.git from cache (1.92s)
Fetched https://github.com/apple/swift-configuration.git from cache (1.92s)
Fetched https://github.com/apple/swift-nio-extras.git from cache (1.93s)
Fetched https://github.com/apple/swift-nio-ssl.git from cache (1.94s)
Fetched https://github.com/apple/swift-nio-http2.git from cache (1.50s)
Computing version for https://github.com/apple/swift-service-context.git
Computed https://github.com/apple/swift-service-context.git at 1.3.0 (2.16s)
Computing version for https://github.com/apple/swift-algorithms.git
Computed https://github.com/apple/swift-algorithms.git at 1.2.1 (0.87s)
Fetching https://github.com/apple/swift-numerics.git
[1/6742] Fetching swift-numerics
Fetched https://github.com/apple/swift-numerics.git from cache (0.50s)
Computing version for https://github.com/apple/swift-log
Computed https://github.com/apple/swift-log at 1.16.1 (0.66s)
Computing version for https://github.com/apple/swift-distributed-tracing.git
Computed https://github.com/apple/swift-distributed-tracing.git at 1.5.0 (0.14s)
Computing version for https://github.com/apple/swift-atomics.git
Computed https://github.com/apple/swift-atomics.git at 1.3.1 (0.14s)
Computing version for https://github.com/apple/swift-numerics.git
Computed https://github.com/apple/swift-numerics.git at 1.1.1 (0.13s)
Computing version for https://github.com/apple/swift-nio
Computed https://github.com/apple/swift-nio at 2.104.0 (0.33s)
Fetching https://github.com/apple/swift-collections.git
[1/28703] Fetching swift-collections
Fetched https://github.com/apple/swift-collections.git from cache (1.26s)
Computing version for https://github.com/apple/swift-configuration.git
Computed https://github.com/apple/swift-configuration.git at 1.2.2 (2.05s)
Fetching https://github.com/swift-server/swift-service-lifecycle
[1/2867] Fetching swift-service-lifecycle
Fetched https://github.com/swift-server/swift-service-lifecycle from cache (0.58s)
Computing version for https://github.com/apple/swift-nio-transport-services.git
Computed https://github.com/apple/swift-nio-transport-services.git at 1.28.0 (0.73s)
Computing version for https://github.com/swift-server/swift-service-lifecycle
Computed https://github.com/swift-server/swift-service-lifecycle at 2.12.1 (0.13s)
Fetching https://github.com/apple/swift-async-algorithms.git
[1/6820] Fetching swift-async-algorithms
Fetched https://github.com/apple/swift-async-algorithms.git from cache (0.62s)
Computing version for https://github.com/apple/swift-async-algorithms.git
Computed https://github.com/apple/swift-async-algorithms.git at 1.1.7 (0.82s)
Computing version for https://github.com/apple/swift-collections.git
Computed https://github.com/apple/swift-collections.git at 1.7.2 (0.23s)
Computing version for https://github.com/apple/swift-nio-http2.git
Computed https://github.com/apple/swift-nio-http2.git at 1.46.0 (0.16s)
Computing version for https://github.com/vapor/jwt-kit.git
Computed https://github.com/vapor/jwt-kit.git at 5.7.1 (0.14s)
Fetching https://github.com/apple/swift-certificates.git
Fetching https://github.com/apple/swift-crypto.git
[1/18629] Fetching swift-crypto
[747/26242] Fetching swift-crypto, swift-certificates
Fetched https://github.com/apple/swift-certificates.git from cache (0.59s)
[2236/18629] Fetching swift-crypto
Fetched https://github.com/apple/swift-crypto.git from cache (1.33s)
Computing version for https://github.com/apple/swift-crypto.git
Computed https://github.com/apple/swift-crypto.git at 4.5.2 (1.92s)
Fetching https://github.com/apple/swift-asn1.git
[1/2009] Fetching swift-asn1
Fetched https://github.com/apple/swift-asn1.git from cache (0.39s)
Computing version for https://github.com/apple/swift-asn1.git
Computed https://github.com/apple/swift-asn1.git at 1.7.3 (0.57s)
Computing version for https://github.com/apple/swift-certificates.git
Computed https://github.com/apple/swift-certificates.git at 1.21.0 (0.20s)
Computing version for https://github.com/apple/swift-nio-ssl.git
Computed https://github.com/apple/swift-nio-ssl.git at 2.37.5 (0.18s)
Computing version for https://github.com/apple/swift-system.git
Computed https://github.com/apple/swift-system.git at 1.8.1 (0.17s)
Computing version for https://github.com/apple/swift-nio-extras.git
Computed https://github.com/apple/swift-nio-extras.git at 1.35.1 (0.25s)
Fetching https://github.com/apple/swift-http-structured-headers.git
Fetching https://github.com/apple/swift-http-types.git
[1/1939] Fetching swift-http-types
Fetched https://github.com/apple/swift-http-types.git from cache (0.41s)
[1/1253] Fetching swift-http-structured-headers
Fetched https://github.com/apple/swift-http-structured-headers.git from cache (0.58s)
Computing version for https://github.com/apple/swift-http-structured-headers.git
Computed https://github.com/apple/swift-http-structured-headers.git at 1.7.0 (0.72s)
Computing version for https://github.com/apple/swift-http-types.git
Computed https://github.com/apple/swift-http-types.git at 1.8.0 (0.16s)
Creating working copy for https://github.com/swift-server/async-http-client.git
Working copy of https://github.com/swift-server/async-http-client.git resolved at 1.36.2
Creating working copy for https://github.com/googleapis/swift-google-type
Working copy of https://github.com/googleapis/swift-google-type resolved at 0.5.0
Creating working copy for https://github.com/apple/swift-collections.git
Working copy of https://github.com/apple/swift-collections.git resolved at 1.7.2
Creating working copy for https://github.com/googleapis/swift-google-wkt
Working copy of https://github.com/googleapis/swift-google-wkt resolved at 0.5.0
Creating working copy for https://github.com/apple/swift-asn1.git
Working copy of https://github.com/apple/swift-asn1.git resolved at 1.7.3
Creating working copy for https://github.com/apple/swift-log
Working copy of https://github.com/apple/swift-log resolved at 1.16.1
Creating working copy for https://github.com/apple/swift-service-context.git
Working copy of https://github.com/apple/swift-service-context.git resolved at 1.3.0
Creating working copy for https://github.com/googleapis/swift-google-iam-v1
Working copy of https://github.com/googleapis/swift-google-iam-v1 resolved at 0.5.0
Creating working copy for https://github.com/googleapis/swift-google-longrunning
Working copy of https://github.com/googleapis/swift-google-longrunning resolved at 0.5.0
Creating working copy for https://github.com/apple/swift-system.git
Working copy of https://github.com/apple/swift-system.git resolved at 1.8.1
Creating working copy for https://github.com/swift-extras/swift-extras-base64
Working copy of https://github.com/swift-extras/swift-extras-base64 resolved at 1.2.0
Creating working copy for https://github.com/apple/swift-certificates.git
Working copy of https://github.com/apple/swift-certificates.git resolved at 1.21.0
Creating working copy for https://github.com/apple/swift-nio-ssl.git
Working copy of https://github.com/apple/swift-nio-ssl.git resolved at 2.37.5
Creating working copy for https://github.com/apple/swift-configuration.git
Working copy of https://github.com/apple/swift-configuration.git resolved at 1.2.2
Creating working copy for https://github.com/apple/swift-nio-extras.git
Working copy of https://github.com/apple/swift-nio-extras.git resolved at 1.35.1
Creating working copy for https://github.com/apple/swift-async-algorithms.git
Working copy of https://github.com/apple/swift-async-algorithms.git resolved at 1.1.7
Creating working copy for https://github.com/googleapis/swift-google-gax
Working copy of https://github.com/googleapis/swift-google-gax resolved at 0.5.0
Creating working copy for https://github.com/apple/swift-http-types.git
Working copy of https://github.com/apple/swift-http-types.git resolved at 1.8.0
Creating working copy for https://github.com/apple/swift-algorithms.git
Working copy of https://github.com/apple/swift-algorithms.git resolved at 1.2.1
Creating working copy for https://github.com/apple/swift-nio-transport-services.git
Working copy of https://github.com/apple/swift-nio-transport-services.git resolved at 1.28.0
Creating working copy for https://github.com/apple/swift-nio
Working copy of https://github.com/apple/swift-nio resolved at 2.104.0
Creating working copy for https://github.com/googleapis/swift-google-auth
Working copy of https://github.com/googleapis/swift-google-auth resolved at 0.5.0
Creating working copy for https://github.com/swift-server/swift-service-lifecycle
Working copy of https://github.com/swift-server/swift-service-lifecycle resolved at 2.12.1
Creating working copy for https://github.com/vapor/jwt-kit.git
Working copy of https://github.com/vapor/jwt-kit.git resolved at 5.7.1
Creating working copy for https://github.com/apple/swift-atomics.git
Working copy of https://github.com/apple/swift-atomics.git resolved at 1.3.1
Creating working copy for https://github.com/apple/swift-distributed-tracing.git
Working copy of https://github.com/apple/swift-distributed-tracing.git resolved at 1.5.0
Creating working copy for https://github.com/apple/swift-crypto.git
Working copy of https://github.com/apple/swift-crypto.git resolved at 4.5.2
Creating working copy for https://github.com/googleapis/swift-google-rpc
Working copy of https://github.com/googleapis/swift-google-rpc resolved at 0.5.0
Creating working copy for https://github.com/apple/swift-http-structured-headers.git
Working copy of https://github.com/apple/swift-http-structured-headers.git resolved at 1.7.0
Creating working copy for https://github.com/apple/swift-nio-http2.git
Working copy of https://github.com/apple/swift-nio-http2.git resolved at 1.46.0
Creating working copy for https://github.com/apple/swift-numerics.git
Working copy of https://github.com/apple/swift-numerics.git resolved at 1.1.1
Creating working copy for https://github.com/googleapis/swift-google-cloud-location
Working copy of https://github.com/googleapis/swift-google-cloud-location resolved at 0.5.0
Building for debugging...
[0/1142] Write sources
[71/1142] Compiling bn-586-apple.S
[72/1142] Compiling _NumericsShims _NumericsShims.c
[72/1142] Write sources
[77/1142] Write swift-version--11D90AFD9DD3AB2.txt
[78/1142] Write sources
[79/1142] Compiling _AtomicsShims.c
[80/1148] Compiling pair.cc
[81/1148] Compiling x509_txt.cc
[82/1148] Compiling x509_v3.cc
[82/1148] Write sources
[106/1178] Compiling x509_set.cc
[107/1181] Compiling x509_trs.cc
[109/1181] Emitting module ServiceContextModule
[109/1192] Compiling x509_req.cc
[111/1192] Emitting module _NIODataStructures
[112/1220] Emitting module Logging
[113/1221] Compiling _NIOBase64 Base64.swift
[114/1221] Emitting module _NIOBase64
[115/1222] Compiling RealModule RealFunctions.swift
[116/1223] Write sources
[117/1223] Compiling RealModule Real.swift
[119/1223] Compiling RealModule Float80+Real.swift
[120/1223] Emitting module RealModule
[121/1223] Compiling InternalCollectionsUtilities BorrowingIteratorProtocol+Equality.swift
[122/1223] Compiling InternalCollectionsUtilities BorrowingIteratorProtocol+Extras.swift
[123/1223] Compiling InternalCollectionsUtilities Iterable+CopyContents.swift
[124/1223] Compiling InternalCollectionsUtilities Iterable+Equality.swift
[125/1223] Compiling RealModule Float16+Real.swift
[126/1225] Compiling RealModule RelaxedArithmetic.swift
[126/1225] Wrapping AST for _NIOBase64 for debugging
[127/1225] Write sources
[129/1225] Compiling InternalCollectionsUtilities FixedWidthInteger+roundUpToPowerOfTwo.swift
[130/1225] Compiling InternalCollectionsUtilities Integer rank.swift
[133/1225] Compiling InternalCollectionsUtilities UInt+first and last set bit.swift
[134/1227] Compiling Logging Logger+With.swift
[135/1230] Emitting module _CertificateInternals
[136/1230] Compiling _CertificateInternals _TinyArray.swift
[139/1230] Compiling InternalCollectionsUtilities LifetimeOverride.swift
[140/1230] Compiling InternalCollectionsUtilities MutableRef.swift
[141/1234] Compiling InternalCollectionsUtilities MutableSpan+Extras.swift
[142/1234] Compiling InternalCollectionsUtilities OutputSpan+Extras.swift
[143/1234] Compiling InternalCollectionsUtilities RandomAccessCollection+Offsets.swift
[144/1234] Compiling InternalCollectionsUtilities Span+Extras.swift
[145/1234] Compiling SwiftASN1 DER.swift
[146/1234] Compiling SwiftASN1 Errors.swift
[147/1234] Compiling InternalCollectionsUtilities TemporaryAllocation.swift
[148/1234] Compiling InternalCollectionsUtilities _UnsafeBitSet+Index.swift
[149/1234] Compiling InternalCollectionsUtilities _UnsafeBitSet+_Word.swift
[150/1234] Compiling InternalCollectionsUtilities _UnsafeBitSet.swift
[151/1234] Compiling InternalCollectionsUtilities UnsafeBufferPointer+Extras.swift
[152/1234] Compiling InternalCollectionsUtilities UnsafeMutableBufferPointer+Extras.swift
[153/1234] Compiling InternalCollectionsUtilities UnsafeMutablePointer+Extras.swift
[154/1234] Compiling InternalCollectionsUtilities UnsafeMutableRawBufferPointer+Extras.swift
[155/1234] Compiling InternalCollectionsUtilities UnsafePointer+Extras.swift
[156/1234] Compiling ServiceContextModule ServiceContext.swift
[157/1234] Compiling ServiceContextModule ServiceContextKey.swift
[162/1235] Compiling InternalCollectionsUtilities UInt+reversed.swift
[165/1235] Compiling InternalCollectionsUtilities Debugging.swift
[166/1235] Compiling InternalCollectionsUtilities Descriptions.swift
[167/1235] Emitting module InternalCollectionsUtilities
[167/1235] Write sources
[173/1235] Emitting module SwiftASN1
[179/1236] Compiling InternalCollectionsUtilities UnsafeRawBufferPointer+Extras.swift
[180/1236] Compiling InternalCollectionsUtilities _SortedCollection.swift
[181/1236] Compiling InternalCollectionsUtilities _UniqueCollection.swift
[182/1237] Compiling _NIODataStructures _TinyArray.swift
[182/1237] Compiling CXKCPShims shims.c
[184/1237] Wrapping AST for _CertificateInternals for debugging
[187/1237] Compiling _NIODataStructures PriorityQueue.swift
[188/1237] Compiling _NIODataStructures Heap.swift
[188/1238] Wrapping AST for InternalCollectionsUtilities for debugging
[189/1238] Wrapping AST for ServiceContextModule for debugging
[191/1248] Wrapping AST for RealModule for debugging
[192/1248] Compiling KeccakSponge.c
[193/1248] Compiling SimpleFIPS202.c
[195/1248] Compiling SpanPreview MutableSpan+InputSpanHelpers.swift
[196/1248] Compiling SpanPreview OutputSpan+InputSpanHelpers.swift
[197/1248] Compiling SpanPreview InputSpan.swift
[197/1248] Wrapping AST for _NIODataStructures for debugging
[199/1248] Emitting module SpanPreview
[200/1248] Compiling Logging Logger+Attributes.swift
[200/1249] Compiling KeccakHash.c
[202/1249] Compiling Instrumentation NoOpInstrument.swift
[203/1249] Compiling Logging LoggingSystem.swift
[204/1249] Compiling Logging Logger.swift
[204/1249] Compiling CSystem shims.c
[205/1249] Compiling CNIOWindows shim.c
[206/1249] Compiling CNIOWindows WSAStartup.c
[209/1249] Compiling Instrumentation MultiplexInstrument.swift
[209/1249] Compiling CNIOPosix event_loop_id.c
[210/1249] Compiling CNIOWASI CNIOWASI.c
[211/1262] Wrapping AST for SpanPreview for debugging
[213/1278] Compiling Instrumentation Instrument.swift
[213/1283] Compiling CNIOOpenBSD shim.c
[214/1328] Compiling CNIOLinux shim.c
[215/1328] Compiling CNIOLinux liburing_shims.c
[216/1328] Compiling KeccakP-1600-opt64.c
[217/1328] Compiling CNIOLLHTTP c_nio_http.c
[219/1328] Compiling DequeModule UniqueDeque+Initializers.swift
[220/1328] Compiling DequeModule UniqueDeque+Insertions.swift
[221/1328] Compiling DequeModule UniqueDeque+Iterable.swift
[222/1328] Compiling DequeModule UniqueDeque+Prepend.swift
[223/1328] Compiling DequeModule UniqueDeque+Removals.swift
[224/1333] Compiling SystemPackage FileFlags.swift
[225/1333] Compiling SystemPackage FileMode.swift
[225/1333] Compiling CNIOLLHTTP c_nio_api.c
[226/1333] Compiling CNIOFreeBSD shim.c
[227/1333] Compiling CNIOExtrasZlib zutil.c
[228/1333] Compiling CNIOLLHTTP c_nio_llhttp.c
[230/1333] Compiling SystemPackage Errno.swift
[231/1333] Compiling SystemPackage ErrnoWindows.swift
[232/1333] Compiling SystemPackage FileDescriptor.swift
[233/1333] Compiling SystemPackage FileHelpers.swift
[234/1333] Compiling SystemPackage FileOperations.swift
[235/1333] Compiling SystemPackage FilePath.swift
[235/1333] Compiling CNIOExtrasZlib inftrees.c
[236/1333] Compiling CNIOExtrasZlib trees.c
[238/1333] Compiling SystemPackage Mocking.swift
[239/1333] Compiling SystemPackage RawBuffer.swift
[240/1333] Compiling SystemPackage Syscalls.swift
[241/1333] Compiling SystemPackage WindowsSyscallAdapters.swift
[242/1333] Compiling SystemPackage MachPort.swift
[243/1333] Compiling SystemPackage PlatformString.swift
[244/1333] Compiling SystemPackage FileType.swift
[245/1333] Compiling SystemPackage Identifiers.swift
[246/1333] Compiling SystemPackage Stat.swift
[247/1333] Compiling SystemPackage IOCompletion.swift
[248/1333] Compiling SystemPackage IORequest.swift
[249/1333] Compiling SystemPackage IORing+Util.swift
[250/1333] Compiling SystemPackage IORing.swift
[251/1333] Compiling SystemPackage RawIORequest.swift
[252/1333] Compiling SystemPackage Backcompat.swift
[253/1333] Compiling SystemPackage CInterop.swift
[254/1333] Compiling SystemPackage Constants.swift
[255/1333] Compiling SystemPackage Exports.swift
[255/1333] Compiling CNIOExtrasZlib inffast.c
[256/1333] Compiling CNIOExtrasZlib inflate.c
[257/1333] Compiling CNIOExtrasZlib crc32.c
[258/1333] Compiling CNIOExtrasZlib deflate.c
[259/1333] Compiling CNIOExtrasZlib adler32.c
[260/1333] Compiling CNIODarwin shim.c
[261/1333] Compiling fiat_p256_adx_sqr.S
[263/1333] Compiling ExtrasBase64 Base32.swift
[264/1333] Compiling ExtrasBase64 Base32+Span.swift
[264/1333] Compiling fiat_p256_adx_mul.S
[268/1333] Compiling Logging MetadataProvider.swift
[285/1339] Compiling fiat_curve25519_adx_square.S
[288/1339] Compiling SystemPackage FilePathTemp.swift
[289/1339] Compiling SystemPackage FilePathTempPosix.swift
[290/1339] Compiling SystemPackage FilePathTempWindows.swift
[291/1339] Compiling SystemPackage FilePathWindows.swift
[292/1339] Compiling SystemPackage FilePermissions.swift
[293/1339] Compiling SystemPackage FilePathComponentView.swift
[294/1339] Compiling SystemPackage FilePathString.swift
[295/1339] Compiling SystemPackage FilePathSyntax.swift
[305/1340] Compiling SystemPackage FilePathComponents.swift
[306/1340] Compiling SystemPackage FilePathParsing.swift
[310/1340] Compiling fiat_curve25519_adx_mul.S
[312/1340] Emitting module Instrumentation
[313/1340] Compiling Instrumentation InstrumentationSystem.swift
[314/1340] Compiling Instrumentation Locks.swift
[321/1341] Wrapping AST for Logging for debugging
[322/1344] Wrapping AST for Instrumentation for debugging
[323/1349] Wrapping AST for SwiftASN1 for debugging
[324/1349] Compiling CNIOBoringSSLShims shims.c
[326/1349] Compiling Tracing InstrumentationSystem+Tracing.swift
[332/1350] Compiling Tracing NoOpTracer.swift
[333/1350] Compiling Tracing TracingTime.swift
[334/1350] Compiling Tracing WithTracer.swift
[335/1350] Emitting module Tracing
[336/1350] Compiling Tracing TracerProtocol.swift
[337/1350] Compiling Tracing Tracer.swift
[338/1350] Compiling Tracing TracerProtocol+Legacy.swift
[350/1350] Emitting module SystemPackage
[351/1350] Compiling Tracing SpanProtocol.swift
[353/1351] Compiling SystemPackage SystemString.swift
[354/1351] Compiling SystemPackage Util+StringArray.swift
[355/1351] Compiling SystemPackage Util.swift
[356/1351] Compiling SystemPackage UtilConsumers.swift
[357/1351] Compiling SystemPackage WinSDK+Overlay.swift
[358/1352] Wrapping AST for Tracing for debugging
[359/1352] Wrapping AST for SystemPackage for debugging
[360/1352] Compiling tls_method.cc
[361/1352] Compiling tls_record.cc
[362/1352] Compiling tls13_server.cc
[363/1352] Compiling tls13_enc.cc
[365/1352] Emitting module DequeModule
[366/1352] Compiling DequeModule UniqueDeque+Replacements.swift
[367/1352] Compiling DequeModule UniqueDeque.swift
[368/1352] Compiling DequeModule _DequeSlot.swift
[369/1352] Compiling DequeModule _UnsafeDequeHandle.swift
[370/1352] Compiling DequeModule _UnsafeDequeSegments.swift
[371/1353] Compiling tls13_client.cc
[372/1353] Compiling t1_enc.cc
[373/1353] Wrapping AST for DequeModule for debugging
[374/1396] Compiling tls13_both.cc
[375/1396] Compiling ssl_x509.cc
[376/1396] Compiling ssl_transcript.cc
[377/1396] Compiling ssl_versions.cc
[378/1396] Compiling ssl_stat.cc
[380/1396] Compiling Configuration EnvironmentKeyEncoder.swift
[381/1396] Compiling Configuration EnvironmentVariablesProvider.swift
[382/1396] Compiling Configuration CommonProviderFileSystem.swift
[383/1396] Compiling Configuration DirectoryFilesProvider.swift
[384/1396] Compiling Configuration FileProvider.swift
[385/1396] Compiling Configuration FileProviderSnapshot.swift
[385/1401] Compiling ssl_key_share.cc
[386/1401] Compiling ssl_privkey.cc
[387/1401] Compiling ssl_session.cc
[389/1401] Emitting module ExtrasBase64
[389/1401] Compiling ssl_file.cc
[390/1401] Compiling ssl_lib.cc
[392/1401] Compiling ExtrasBase64 Base64+Span.swift
[393/1401] Compiling ExtrasBase64 Base64.swift
[394/1402] Compiling ssl_credential.cc
[395/1402] Compiling ssl_cipher.cc
[396/1402] Wrapping AST for ExtrasBase64 for debugging
[397/1433] Compiling ssl_asn1.cc
[398/1433] Compiling ssl_cert.cc
[399/1433] Compiling ssl_buffer.cc
[401/1433] Compiling GoogleWKT ProtoJSONEncoder.swift
[402/1433] Compiling GoogleWKT UnknownFields.swift
[403/1433] Compiling GoogleWKT WKTAny.swift
[404/1433] Compiling GoogleWKT WKTAnyError.swift
[405/1433] Compiling GoogleWKT WKTBoolValue.swift
[406/1433] Compiling GoogleWKT WKTBytesValue.swift
[407/1433] Compiling Configuration JSONSnapshot.swift
[408/1433] Compiling Configuration PropertyListSnapshot.swift
[409/1433] Compiling Configuration ReloadingFileProvider.swift
[410/1433] Compiling Configuration ReloadingFileProviderMetrics.swift
[411/1433] Compiling Configuration YAMLSnapshot.swift
[412/1433] Compiling Configuration InMemoryProvider.swift
[413/1433] Compiling Configuration MutableInMemoryProvider.swift
[414/1433] Compiling Configuration ConfigProvider+Operators.swift
[415/1433] Compiling Configuration KeyMappingProvider.swift
[416/1433] Compiling Configuration SecretsSpecifier.swift
[417/1433] Compiling Configuration AsyncCombineLatestManySequence.swift
[418/1433] Compiling Configuration CombineLatestManyStateMachine.swift
[419/1433] Compiling Configuration CombineLatestManyStorage.swift
[420/1433] Compiling Configuration AsyncSequences.swift
[421/1433] Compiling Configuration FoundationExtensions.swift
[422/1433] Compiling Configuration Span.swift
[423/1433] Compiling Configuration ConfigBytesFromStringDecoder.swift
[423/1433] Compiling ssl_aead_ctx.cc
[424/1433] Compiling s3_pkt.cc
[426/1433] Compiling GoogleWKT WKTFloatValue.swift
[427/1433] Compiling GoogleWKT WKTInt32Value.swift
[428/1433] Compiling GoogleWKT WKTInt64Value.swift
[429/1433] Compiling GoogleWKT WKTRecursive.swift
[430/1433] Emitting module GoogleWKT
[430/1437] Compiling s3_lib.cc
[432/1437] Compiling GoogleWKT WKTValue.swift
[433/1437] Compiling GoogleWKT WKTApi.swift
[434/1437] Compiling GoogleWKT WKTEnum.swift
[435/1437] Compiling GoogleWKT WKTEnumValue.swift
[441/1437] Compiling GoogleWKT WKTDoubleValue.swift
[442/1437] Compiling GoogleWKT WKTDuration.swift
[443/1437] Compiling GoogleWKT WKTEmpty.swift
[444/1437] Compiling GoogleWKT WKTFieldMask.swift
[445/1437] Compiling GoogleWKT WKTStringValue.swift
[446/1437] Compiling GoogleWKT WKTTimestamp.swift
[447/1437] Compiling GoogleWKT WKTUInt32Value.swift
[448/1437] Compiling GoogleWKT WKTUInt64Value.swift
[449/1437] Compiling GoogleWKT WKTField.swift
[450/1437] Compiling GoogleWKT WKTMethod.swift
[451/1437] Compiling GoogleWKT WKTMixin.swift
[452/1437] Compiling GoogleWKT WKTOption.swift
[453/1437] Compiling GoogleWKT WKTSourceContext.swift
[454/1437] Compiling GoogleWKT WKTSyntax.swift
[455/1437] Compiling GoogleWKT WKTType.swift
[456/1437] Compiling GoogleWKT PackageVersion.swift
[456/1437] Compiling handshake_server.cc
[457/1437] Compiling s3_both.cc
[458/1437] Compiling handshake_client.cc
[460/1437] Emitting module Configuration
[469/1437] Compiling GoogleWKT AnyPackable.swift
[470/1437] Compiling GoogleWKT DecodeToDefault.swift
[471/1437] Compiling GoogleWKT DiscoveryBase64.swift
[472/1437] Compiling GoogleWKT ProtoJSONDecoder.swift
[485/1439] Wrapping AST for Configuration for debugging
[486/1457] Compiling handshake.cc
[487/1472] Compiling handoff.cc
[488/1472] Wrapping AST for GoogleWKT for debugging
[490/1472] Compiling GoogleRpc RequestInfo.swift
[491/1472] Compiling GoogleRpc ResourceInfo.swift
[492/1474] Compiling GoogleRpc HttpResponse.swift
[493/1474] Compiling GoogleRpc LocalizedMessage.swift
[494/1476] Compiling GoogleRpc DebugInfo.swift
[495/1476] Compiling GoogleRpc ErrorInfo.swift
[495/1476] Compiling extensions.cc
[497/1476] Compiling GoogleRpc PreconditionFailure.swift
[498/1476] Compiling GoogleRpc QuotaFailure.swift
[499/1476] Compiling GoogleRpc HttpRequest.swift
[500/1476] Emitting module GoogleType
[503/1476] Compiling GoogleRpc BadRequest.swift
[504/1476] Compiling GoogleRpc Code.swift
[505/1476] Compiling GoogleRpc Help.swift
[506/1476] Compiling GoogleRpc HttpHeader.swift
[509/1476] Compiling GoogleRpc PackageVersion.swift
[512/1476] Compiling GoogleRpc RetryInfo.swift
[513/1476] Compiling GoogleRpc Status.swift
[514/1476] Compiling GoogleType Quaternion.swift
[517/1476] Emitting module GoogleRpc
[517/1476] Compiling dtls_record.cc
[518/1476] Compiling dtls_method.cc
[529/1477] Compiling GoogleType TimeOfDay.swift
[530/1477] Compiling GoogleType TimeZone.swift
[531/1478] Compiling encrypted_client_hello.cc
[532/1478] Compiling md5-x86_64-linux.S
[533/1478] Wrapping AST for GoogleType for debugging
[534/1478] Wrapping AST for GoogleRpc for debugging
[535/1478] Compiling md5-x86_64-apple.S
[536/1478] Compiling md5-586-linux.S
[537/1478] Compiling md5-586-apple.S
[538/1478] Compiling chacha20_poly1305_x86_64-linux.S
[539/1478] Compiling d1_srtp.cc
[540/1478] Compiling chacha20_poly1305_x86_64-apple.S
[541/1478] Compiling chacha20_poly1305_armv8-win.S
[542/1478] Compiling chacha20_poly1305_armv8-apple.S
[543/1478] Compiling chacha20_poly1305_armv8-linux.S
[544/1478] Compiling chacha-x86_64-linux.S
[545/1478] Compiling chacha-x86_64-apple.S
[546/1478] Compiling chacha-x86-linux.S
[547/1478] Compiling chacha-x86-apple.S
[548/1478] Compiling chacha-armv8-win.S
[549/1478] Compiling chacha-armv8-linux.S
[549/1478] Compiling chacha-armv8-apple.S
[551/1478] Compiling chacha-armv4-linux.S
[552/1478] Compiling aes128gcmsiv-x86_64-linux.S
[553/1478] Compiling x86_64-mont5-linux.S
[554/1478] Compiling aes128gcmsiv-x86_64-apple.S
[555/1478] Compiling x86_64-mont-apple.S
[556/1478] Compiling x86_64-mont5-apple.S
[557/1478] Compiling x86_64-mont-linux.S
[558/1478] Compiling x86-mont-linux.S
[559/1478] Compiling x86-mont-apple.S
[560/1478] Compiling vpaes-x86_64-linux.S
[561/1478] Compiling vpaes-x86_64-apple.S
[562/1478] Compiling vpaes-x86-apple.S
[563/1478] Compiling vpaes-x86-linux.S
[564/1478] Compiling vpaes-armv8-win.S
[565/1478] Compiling vpaes-armv8-linux.S
[566/1478] Compiling vpaes-armv7-linux.S
[567/1478] Compiling vpaes-armv8-apple.S
[568/1478] Compiling sha512-x86_64-linux.S
[569/1478] Compiling d1_pkt.cc
[570/1478] Compiling sha512-x86_64-apple.S
[571/1478] Compiling sha512-armv8-win.S
[572/1478] Compiling sha512-armv4-linux.S
[573/1478] Compiling sha512-armv8-apple.S
[574/1478] Compiling sha512-586-linux.S
[575/1478] Compiling sha512-armv8-linux.S
[576/1478] Compiling sha256-x86_64-apple.S
[577/1478] Compiling sha256-x86_64-linux.S
[578/1478] Compiling sha512-586-apple.S
[579/1478] Compiling sha256-armv8-win.S
[580/1478] Compiling sha256-armv4-linux.S
[581/1478] Compiling sha256-armv8-apple.S
[582/1478] Compiling sha256-586-linux.S
[583/1478] Compiling err_data.cc
[584/1478] Compiling sha256-586-apple.S
[585/1478] Compiling sha256-armv8-linux.S
[586/1478] Compiling sha1-x86_64-linux.S
[587/1478] Compiling sha1-x86_64-apple.S
[588/1478] Compiling sha1-armv8-apple.S
[589/1478] Compiling sha1-armv8-win.S
[590/1478] Compiling sha1-armv4-large-linux.S
[591/1478] Compiling sha1-586-linux.S
[592/1478] Compiling sha1-586-apple.S
[593/1478] Compiling sha1-armv8-linux.S
[594/1478] Compiling rsaz-avx2-linux.S
[595/1478] Compiling bio_ssl.cc
[596/1478] Compiling rsaz-avx2-apple.S
[596/1478] Compiling rdrand-x86_64-linux.S
[598/1478] Compiling p256_beeu-armv8-asm-apple.S
[599/1478] Compiling p256_beeu-x86_64-asm-apple.S
[600/1478] Compiling p256_beeu-x86_64-asm-linux.S
[601/1478] Compiling p256_beeu-armv8-asm-win.S
[602/1478] Compiling rdrand-x86_64-apple.S
[603/1478] Compiling p256_beeu-armv8-asm-linux.S
[604/1478] Compiling p256-x86_64-asm-linux.S
[604/1478] Compiling p256-x86_64-asm-apple.S
[606/1478] Compiling p256-armv8-asm-apple.S
[607/1478] Compiling p256-armv8-asm-win.S
[608/1478] Compiling p256-armv8-asm-linux.S
[609/1478] Compiling ghashv8-armv8-win.S
[610/1478] Compiling ghashv8-armv8-apple.S
[611/1478] Compiling ghashv8-armv7-linux.S
[612/1478] Compiling ghash-x86_64-linux.S
[613/1478] Compiling ghash-x86-linux.S
[614/1478] Compiling ghashv8-armv8-linux.S
[615/1478] Compiling ghash-x86_64-apple.S
[616/1478] Compiling ghash-ssse3-x86-linux.S
[617/1478] Compiling ghash-ssse3-x86_64-linux.S
[618/1478] Compiling ghash-x86-apple.S
[619/1478] Compiling ghash-ssse3-x86-apple.S
[620/1478] Compiling ghash-ssse3-x86_64-apple.S
[621/1478] Compiling ghash-neon-armv8-linux.S
[622/1478] Compiling ghash-neon-armv8-win.S
[623/1478] Compiling ghash-armv4-linux.S
[624/1478] Compiling ghash-neon-armv8-apple.S
[625/1478] Compiling co-586-linux.S
[626/1478] Compiling bsaes-armv7-linux.S
[627/1478] Compiling co-586-apple.S
[628/1478] Compiling bn-armv8-win.S
[629/1478] Compiling bn-586-apple.S
[630/1478] Compiling bn-586-linux.S
[631/1478] Compiling bn-armv8-linux.S
[631/1478] Compiling bn-armv8-apple.S
[633/1478] Compiling armv8-mont-win.S
[634/1478] Compiling armv8-mont-linux.S
[635/1478] Compiling armv4-mont-linux.S
[636/1478] Compiling aesv8-gcm-armv8-win.S
[637/1478] Compiling armv8-mont-apple.S
[638/1478] Compiling aesv8-gcm-armv8-apple.S
[639/1478] Compiling aesv8-gcm-armv8-linux.S
[640/1478] Compiling aesv8-armv8-linux.S
[641/1478] Compiling aesv8-armv8-apple.S
[642/1478] Compiling aesv8-armv8-win.S
[643/1478] Compiling aesni-x86_64-linux.S
[644/1478] Compiling d1_both.cc
[645/1478] Compiling aesv8-armv7-linux.S
[646/1478] Compiling aesni-x86_64-apple.S
[647/1478] Compiling aesni-x86-linux.S
[648/1478] Compiling aes-gcm-avx10-x86_64-apple.S
[649/1478] Compiling aes-gcm-avx2-x86_64-linux.S
[650/1478] Compiling aes-gcm-avx2-x86_64-apple.S
[651/1478] Compiling aesni-x86-apple.S
[652/1478] Compiling aes-gcm-avx10-x86_64-linux.S
[653/1478] Compiling aesni-gcm-x86_64-apple.S
[653/1478] Compiling aesni-gcm-x86_64-linux.S
[655/1478] Compiling d1_lib.cc
[656/1478] Compiling x_spki.cc
[657/1478] Compiling x_sig.cc
[658/1478] Compiling x_name.cc
[659/1478] Compiling x_val.cc
[660/1478] Compiling x_x509a.cc
[661/1478] Compiling x_x509.cc
[662/1478] Compiling x_req.cc
[663/1478] Compiling x_pubkey.cc
[664/1478] Compiling x_exten.cc
[665/1478] Compiling x_attrib.cc
[666/1478] Compiling x_crl.cc
[667/1478] Compiling x509spki.cc
[668/1478] Compiling x_algor.cc
[669/1478] Compiling x_all.cc
[670/1478] Compiling x509rset.cc
[671/1478] Compiling x509name.cc
[672/1478] Compiling x509_vfy.cc
[673/1478] Compiling x509cset.cc
[674/1478] Compiling x509_req.cc
[675/1478] Compiling x509_trs.cc
[676/1478] Compiling x509_vpm.cc
[677/1478] Compiling x509_v3.cc
[678/1478] Compiling x509_txt.cc
[679/1478] Compiling x509_set.cc
[680/1478] Compiling x509_obj.cc
[681/1478] Compiling x509_lu.cc
[682/1478] Compiling x509_def.cc
[683/1478] Compiling x509_ext.cc
[684/1478] Compiling x509_d2.cc
[685/1478] Compiling x509_cmp.cc
[686/1478] Compiling x509.cc
[687/1478] Compiling x509_att.cc
[688/1478] Compiling v3_prn.cc
[689/1478] Compiling v3_utl.cc
[690/1478] Compiling v3_pmaps.cc
[691/1478] Compiling v3_purp.cc
[692/1478] Compiling v3_skey.cc
[693/1478] Compiling v3_pcons.cc
[694/1478] Compiling v3_ocsp.cc
[695/1478] Compiling v3_ncons.cc
[696/1478] Compiling v3_info.cc
[697/1478] Compiling v3_int.cc
[698/1478] Compiling v3_lib.cc
[699/1478] Compiling v3_ia5.cc
[700/1478] Compiling v3_extku.cc
[701/1478] Compiling v3_enum.cc
[702/1478] Compiling v3_genn.cc
[703/1478] Compiling v3_conf.cc
[704/1478] Compiling v3_crld.cc
[705/1478] Compiling v3_cpols.cc
[706/1478] Compiling v3_bitst.cc
[707/1478] Compiling v3_bcons.cc
[708/1478] Compiling v3_akeya.cc
[709/1478] Compiling v3_alt.cc
[710/1478] Compiling v3_akey.cc
[711/1478] Compiling t_x509a.cc
[712/1478] Compiling t_x509.cc
[713/1478] Compiling policy.cc
[714/1478] Compiling t_req.cc
[715/1478] Compiling t_crl.cc
[716/1478] Compiling i2d_pr.cc
[717/1478] Compiling rsa_pss.cc
[718/1478] Compiling name_print.cc
[719/1478] Compiling by_file.cc
[720/1478] Compiling asn1_gen.cc
[721/1478] Compiling by_dir.cc
[722/1478] Compiling algorithm.cc
[723/1478] Compiling a_verify.cc
[724/1478] Compiling a_sign.cc
[725/1478] Compiling a_digest.cc
[726/1478] Compiling thread_pthread.cc
[727/1478] Compiling thread_win.cc
[728/1478] Compiling voprf.cc
[729/1478] Compiling trust_token.cc
[730/1478] Compiling thread_none.cc
[731/1478] Compiling pmbtoken.cc
[732/1478] Compiling thread.cc
[733/1478] Compiling stack.cc
[734/1478] Compiling sha512.cc
[735/1478] Compiling rsa_print.cc
[736/1478] Compiling siphash.cc
[737/1478] Compiling sha256.cc
[738/1478] Compiling slhdsa.cc
[739/1478] Compiling spake2plus.cc
[740/1478] Compiling sha1.cc
[741/1478] Compiling rsa_extra.cc
[742/1478] Compiling rsa_crypt.cc
[743/1478] Compiling windows.cc
[744/1478] Compiling ios.cc
[745/1478] Compiling rc4.cc
[746/1478] Compiling refcount.cc
[747/1478] Compiling urandom.cc
[748/1478] Compiling trusty.cc
[749/1478] Compiling rand.cc
[750/1478] Compiling rsa_asn1.cc
[751/1478] Compiling poly1305_arm_asm.S
[752/1478] Compiling forkunsafe.cc
[753/1478] Compiling passive.cc
[754/1478] Compiling poly1305.cc
[755/1478] Compiling fork_detect.cc
[756/1478] Compiling getentropy.cc
[757/1478] Compiling deterministic.cc
[758/1478] Compiling poly1305_vec.cc
[759/1478] Compiling poly1305_arm.cc
[760/1478] Compiling pool.cc
[761/1478] Compiling pem_x509.cc
[762/1478] Compiling p5_pbev2.cc
[763/1478] Compiling pkcs7.cc
[764/1478] Compiling pkcs8.cc
[765/1478] Compiling pkcs8_x509.cc
[766/1478] Compiling pkcs7_x509.cc
[767/1478] Compiling pem_xaux.cc
[768/1478] Compiling pem_pkey.cc
[769/1478] Compiling obj_xref.cc
[770/1478] Compiling pem_pk8.cc
[771/1478] Compiling pem_oth.cc
[772/1478] Compiling mlkem.cc
[773/1478] Compiling pem_lib.cc
[774/1478] Compiling pem_info.cc
[775/1478] Compiling pem_all.cc
[776/1478] Compiling obj.cc
[777/1478] Compiling poly_rq_mul.S
[778/1478] Compiling md5.cc
[779/1478] Compiling fips_shared_support.cc
[780/1478] Compiling mldsa.cc
[781/1478] Compiling lhash.cc
[782/1478] Compiling mem.cc
[783/1478] Compiling md4.cc
[784/1478] Compiling kyber.cc
[785/1478] Compiling hrss.cc
[786/1478] Compiling scrypt.cc
[787/1478] Compiling sign.cc
[788/1478] Compiling ex_data.cc
[789/1478] Compiling print.cc
[790/1478] Compiling hpke.cc
[791/1478] Compiling pbkdf.cc
[792/1478] Compiling p_x25519.cc
[793/1478] Compiling p_ed25519.cc
[794/1478] Compiling p_rsa.cc
[795/1478] Compiling p_rsa_asn1.cc
[796/1478] Compiling p_x25519_asn1.cc
[797/1478] Compiling p_hkdf.cc
[798/1478] Compiling p_ec.cc
[799/1478] Compiling p_ed25519_asn1.cc
[800/1478] Compiling evp_ctx.cc
[801/1478] Compiling p_dsa_asn1.cc
[802/1478] Compiling p_dh_asn1.cc
[803/1478] Compiling p_dh.cc
[804/1478] Compiling p_ec_asn1.cc
[805/1478] Compiling ecdh.cc
[806/1478] Compiling evp.cc
[807/1478] Compiling engine.cc
[808/1478] Compiling err.cc
[809/1478] Compiling evp_asn1.cc
[810/1478] Compiling ec_derive.cc
[811/1478] Compiling bcm.cc
[812/1478] Compiling hash_to_curve.cc
[813/1478] Compiling ecdsa_asn1.cc
[814/1478] Compiling dsa.cc
[815/1478] Compiling params.cc
[816/1478] Compiling ec_asn1.cc
[817/1478] Compiling x25519-asm-arm.S
[818/1478] Compiling digest_extra.cc
[819/1478] Compiling spake25519.cc
[820/1478] Compiling des.cc
[821/1478] Compiling dsa_asn1.cc
[822/1478] Compiling dh_asn1.cc
[823/1478] Compiling curve25519_64_adx.cc
[824/1478] Compiling cpu_intel.cc
[825/1478] Compiling cpu_arm_linux.cc
[826/1478] Compiling crypto.cc
[827/1478] Compiling cpu_arm_freebsd.cc
[828/1478] Compiling cpu_aarch64_win.cc
[829/1478] Compiling cpu_aarch64_sysreg.cc
[830/1478] Compiling curve25519.cc
[831/1478] Compiling cpu_aarch64_linux.cc
[832/1478] Compiling tls_cbc.cc
[833/1478] Compiling cpu_aarch64_openbsd.cc
[834/1478] Compiling cpu_aarch64_fuchsia.cc
[835/1478] Compiling cpu_aarch64_apple.cc
[836/1478] Compiling get_cipher.cc
[837/1478] Compiling conf.cc
[838/1478] Compiling e_tls.cc
[839/1478] Compiling e_rc2.cc
[840/1478] Compiling e_rc4.cc
[841/1478] Compiling e_aesctrhmac.cc
[842/1478] Compiling e_null.cc
[843/1478] Compiling e_des.cc
[844/1478] Compiling e_chacha20poly1305.cc
[845/1478] Compiling e_aesgcmsiv.cc
[846/1478] Compiling derive_key.cc
[847/1478] Compiling chacha.cc
[848/1478] Compiling cbb.cc
[849/1478] Compiling unicode.cc
[850/1478] Compiling asn1_compat.cc
[851/1478] Compiling cbs.cc
[852/1478] Compiling buf.cc
[853/1478] Compiling ber.cc
[854/1478] Compiling bn_asn1.cc
[855/1478] Compiling convert.cc
[856/1478] Compiling socket_helper.cc
[857/1478] Compiling hexdump.cc
[858/1478] Compiling blake2.cc
[859/1478] Compiling socket.cc
[860/1478] Compiling printf.cc
[861/1478] Compiling fd.cc
[862/1478] Compiling file.cc
[863/1478] Compiling errno.cc
[864/1478] Compiling tasn_typ.cc
[865/1478] Compiling bio_mem.cc
[866/1478] Compiling connect.cc
[867/1478] Compiling base64.cc
[868/1478] Compiling bio.cc
[869/1478] Compiling tasn_fre.cc
[870/1478] Compiling tasn_new.cc
[871/1478] Compiling tasn_utl.cc
[872/1478] Compiling tasn_enc.cc
[873/1478] Compiling posix_time.cc
[874/1478] Compiling f_string.cc
[875/1478] Compiling f_int.cc
[876/1478] Compiling asn_pack.cc
[877/1478] Compiling tasn_dec.cc
[878/1478] Compiling asn1_par.cc
[879/1478] Compiling a_time.cc
[880/1478] Compiling asn1_lib.cc
[881/1478] Compiling a_utctm.cc
[882/1478] Compiling a_type.cc
[883/1478] Compiling a_octet.cc
[884/1478] Compiling a_dup.cc
[885/1478] Compiling a_strnid.cc
[886/1478] Compiling a_mbstr.cc
[887/1478] Compiling a_object.cc
[887/1478] Compiling a_strex.cc
[889/1478] Compiling a_i2d_fp.cc
[890/1478] Compiling CGoogleGaxCRC32C CGoogleGaxCRC32C.c
[891/1478] Compiling a_d2i_fp.cc
[892/1478] Compiling fiat_p256_adx_sqr.S
[893/1478] Compiling fiat_p256_adx_mul.S
[894/1478] Compiling fiat_curve25519_adx_square.S
[895/1478] Compiling a_int.cc
[896/1478] Compiling fiat_curve25519_adx_mul.S
[897/1478] Compiling md5-x86_64-linux.S
[898/1478] Compiling md5-586-linux.S
[899/1478] Compiling md5-x86_64-apple.S
[900/1478] Compiling md5-586-apple.S
[901/1478] Compiling a_gentm.cc
[902/1478] Compiling chacha20_poly1305_x86_64-linux.S
[903/1478] Compiling CCryptoBoringSSLShims shims.c
[904/1478] Compiling chacha20_poly1305_x86_64-apple.S
[905/1478] Compiling chacha20_poly1305_armv8-win.S
[906/1478] Compiling chacha20_poly1305_armv8-apple.S
[907/1478] Compiling chacha-x86_64-linux.S
[908/1478] Compiling a_bitstr.cc
[909/1478] Compiling chacha20_poly1305_armv8-linux.S
[910/1478] Compiling chacha-x86_64-apple.S
[911/1478] Compiling chacha-x86-apple.S
[912/1478] Compiling chacha-x86-linux.S
[913/1478] Compiling chacha-armv8-win.S
[914/1478] Compiling chacha-armv8-apple.S
[915/1478] Compiling chacha-armv8-linux.S
[916/1478] Compiling chacha-armv4-linux.S
[917/1478] Compiling aes128gcmsiv-x86_64-linux.S
[918/1478] Compiling aes128gcmsiv-x86_64-apple.S
[919/1478] Compiling x86_64-mont5-linux.S
[920/1478] Compiling x86_64-mont5-apple.S
[921/1478] Compiling x86_64-mont-linux.S
[922/1478] Compiling x86_64-mont-apple.S
[923/1478] Compiling x86-mont-linux.S
[924/1478] Compiling vpaes-x86_64-linux.S
[925/1478] Compiling vpaes-x86_64-apple.S
[926/1478] Compiling x86-mont-apple.S
[927/1478] Compiling vpaes-x86-linux.S
[928/1478] Compiling vpaes-armv8-win.S
[929/1478] Compiling vpaes-armv8-linux.S
[930/1478] Compiling vpaes-x86-apple.S
[931/1478] Compiling vpaes-armv8-apple.S
[932/1478] Compiling sha512-x86_64-linux.S
[933/1478] Compiling vpaes-armv7-linux.S
[934/1478] Compiling sha512-armv8-win.S
[935/1478] Compiling sha512-x86_64-apple.S
[936/1478] Compiling sha512-armv8-apple.S
[937/1478] Compiling sha512-586-linux.S
[938/1478] Compiling sha512-armv4-linux.S
[939/1478] Compiling a_bool.cc
[940/1478] Compiling sha512-armv8-linux.S
[941/1478] Compiling sha512-586-apple.S
[942/1478] Compiling err_data.cc
[943/1478] Compiling sha256-x86_64-apple.S
[944/1478] Compiling sha256-x86_64-linux.S
[945/1478] Compiling sha256-armv8-win.S
[946/1478] Compiling sha256-armv8-apple.S
[947/1478] Compiling sha256-586-linux.S
[948/1478] Compiling sha256-armv4-linux.S
[949/1478] Compiling sha256-armv8-linux.S
[950/1478] Compiling sha256-586-apple.S
[951/1478] Compiling sha1-x86_64-linux.S
[952/1478] Compiling sha1-x86_64-apple.S
[953/1478] Compiling sha1-armv8-apple.S
[954/1478] Compiling sha1-armv4-large-linux.S
[955/1478] Compiling sha1-armv8-linux.S
[956/1478] Compiling sha1-armv8-win.S
[957/1478] Compiling sha1-586-linux.S
[957/1478] Compiling sha1-586-apple.S
[959/1478] Compiling rsaz-avx2-apple.S
[960/1478] Compiling rsaz-avx2-linux.S
[961/1478] Compiling rdrand-x86_64-apple.S
[962/1478] Compiling rdrand-x86_64-linux.S
[963/1478] Compiling p256_beeu-x86_64-asm-linux.S
[964/1478] Compiling p256_beeu-x86_64-asm-apple.S
[965/1478] Compiling p256_beeu-armv8-asm-linux.S
[966/1478] Compiling p256_beeu-armv8-asm-win.S
[967/1478] Compiling p256_beeu-armv8-asm-apple.S
[968/1478] Compiling p256-x86_64-asm-linux.S
[969/1478] Compiling p256-x86_64-asm-apple.S
[970/1478] Compiling p256-armv8-asm-win.S
[971/1478] Compiling p256-armv8-asm-apple.S
[972/1478] Compiling ghashv8-armv8-win.S
[973/1478] Compiling ghashv8-armv7-linux.S
[974/1478] Compiling p256-armv8-asm-linux.S
[975/1478] Compiling ghashv8-armv8-apple.S
[976/1478] Compiling ghashv8-armv8-linux.S
[977/1478] Compiling ghash-x86_64-linux.S
[978/1478] Compiling ghash-x86_64-apple.S
[979/1478] Compiling ghash-x86-apple.S
[980/1478] Compiling ghash-x86-linux.S
[981/1478] Compiling ghash-ssse3-x86_64-apple.S
[982/1478] Compiling ghash-ssse3-x86_64-linux.S
[983/1478] Compiling ghash-ssse3-x86-apple.S
[984/1478] Compiling ghash-ssse3-x86-linux.S
[985/1478] Compiling ghash-armv4-linux.S
[986/1478] Compiling co-586-linux.S
[987/1478] Compiling ghash-neon-armv8-win.S
[988/1478] Compiling ghash-neon-armv8-linux.S
[989/1478] Compiling ghash-neon-armv8-apple.S
[990/1478] Compiling co-586-apple.S
[991/1478] Compiling bsaes-armv7-linux.S
[992/1478] Compiling bn-armv8-linux.S
[993/1478] Compiling bn-armv8-win.S
[994/1478] Compiling bn-armv8-apple.S
[995/1478] Compiling armv8-mont-win.S
[996/1478] Compiling bn-586-linux.S
[997/1478] Compiling armv8-mont-linux.S
[998/1478] Compiling armv8-mont-apple.S
[999/1478] Compiling aesv8-gcm-armv8-apple.S
[1000/1478] Compiling aesv8-armv8-win.S
[1001/1478] Compiling armv4-mont-linux.S
[1002/1478] Compiling aesv8-gcm-armv8-win.S
[1003/1478] Compiling aesv8-armv8-linux.S
[1004/1478] Compiling aesv8-gcm-armv8-linux.S
[1005/1478] Compiling aesv8-armv8-apple.S
[1006/1478] Compiling aesv8-armv7-linux.S
[1007/1478] Compiling aesni-x86-linux.S
[1008/1478] Compiling aesni-x86_64-apple.S
[1009/1478] Compiling aesni-x86_64-linux.S
[1010/1478] Compiling aesni-x86-apple.S
[1011/1478] Compiling aesni-gcm-x86_64-linux.S
[1012/1478] Compiling aesni-gcm-x86_64-apple.S
[1013/1478] Compiling aes-gcm-avx512-x86_64-linux.S
[1014/1478] Compiling aes-gcm-avx2-x86_64-linux.S
[1015/1478] Compiling aes-gcm-avx512-x86_64-apple.S
[1015/1478] Compiling aes-gcm-avx2-x86_64-apple.S
[1017/1478] Compiling xwing.cc
[1018/1478] Compiling x_x509a.cc
[1019/1478] Compiling x_spki.cc
[1020/1478] Compiling x_x509.cc
[1021/1478] Compiling x_sig.cc
[1022/1478] Compiling x_req.cc
[1023/1478] Compiling c-atomics.c
[1024/1478] Compiling x_name.cc
[1025/1478] Compiling c-nioatomics.c
[1026/1478] Compiling x_pubkey.cc
[1028/1485] Compiling NIOConcurrencyHelpers NIOLockedValueBox.swift
[1028/1485] Compiling x_exten.cc
[1029/1485] Compiling x_crl.cc
[1030/1485] Compiling x_attrib.cc
[1032/1485] Compiling NIOConcurrencyHelpers NIOLock.swift
[1032/1485] Compiling x_all.cc
[1034/1485] Compiling NIOConcurrencyHelpers NIOAtomic.swift
[1035/1485] Emitting module NIOConcurrencyHelpers
[1035/1485] Compiling x509spki.cc
[1037/1485] Compiling NIOConcurrencyHelpers atomics.swift
[1038/1485] Compiling NIOConcurrencyHelpers lock.swift
[1039/1485] Compiling NIOConcurrencyHelpers NIOThreadPoolWorkAvailable.swift
[1039/1486] Compiling x_algor.cc
[1040/1486] Compiling x509rset.cc
[1042/1486] Wrapping AST for NIOConcurrencyHelpers for debugging
[1043/1486] Compiling x509cset.cc
[1044/1486] Compiling x509_vpm.cc
[1045/1486] Compiling x509name.cc
[1046/1486] Compiling x509_def.cc
[1047/1486] Compiling x509_vfy.cc
[1048/1486] Compiling x509_obj.cc
[1049/1486] Compiling x509_lu.cc
[1050/1486] Compiling x509_ext.cc
[1051/1486] Compiling x509_d2.cc
[1052/1486] Compiling x509_cmp.cc
[1053/1486] Compiling x509_att.cc
[1054/1486] Compiling x509.cc
[1055/1486] Compiling v3_pmaps.cc
[1056/1486] Compiling v3_purp.cc
[1057/1486] Compiling v3_prn.cc
[1058/1486] Compiling v3_skey.cc
[1059/1486] Compiling v3_pcons.cc
[1060/1486] Compiling v3_utl.cc
[1061/1486] Compiling v3_ocsp.cc
[1062/1486] Compiling v3_ncons.cc
[1063/1486] Compiling v3_int.cc
[1064/1486] Compiling v3_genn.cc
[1065/1486] Compiling v3_extku.cc
[1066/1486] Compiling v3_lib.cc
[1067/1486] Compiling v3_ia5.cc
[1068/1486] Compiling v3_info.cc
[1069/1486] Compiling v3_crld.cc
[1070/1486] Compiling v3_alt.cc
[1071/1486] Compiling v3_enum.cc
[1072/1486] Compiling v3_cpols.cc
[1073/1486] Compiling v3_bitst.cc
[1074/1486] Compiling v3_bcons.cc
[1075/1486] Compiling v3_conf.cc
[1076/1486] Compiling v3_akeya.cc
[1077/1486] Compiling t_crl.cc
[1078/1486] Compiling name_print.cc
[1079/1486] Compiling rsa_pss.cc
[1080/1486] Compiling v3_akey.cc
[1081/1486] Compiling t_x509a.cc
[1082/1486] Compiling t_x509.cc
[1083/1486] Compiling t_req.cc
[1084/1486] Compiling i2d_pr.cc
[1085/1486] Compiling algorithm.cc
[1086/1486] Compiling policy.cc
[1087/1486] Compiling by_file.cc
[1088/1486] Compiling voprf.cc
[1089/1486] Compiling by_dir.cc
[1090/1486] Compiling a_digest.cc
[1091/1486] Compiling a_verify.cc
[1092/1486] Compiling a_sign.cc
[1093/1486] Compiling asn1_gen.cc
[1094/1486] Compiling thread.cc
[1095/1486] Compiling thread_pthread.cc
[1096/1486] Compiling trust_token.cc
[1097/1486] Compiling thread_win.cc
[1098/1486] Compiling thread_none.cc
[1099/1486] Compiling pmbtoken.cc
[1100/1486] Compiling stack.cc
[1101/1486] Compiling slhdsa.cc
[1102/1486] Compiling sha512.cc
[1103/1486] Compiling siphash.cc
[1104/1486] Compiling spake2plus.cc
[1105/1486] Compiling sha256.cc
[1106/1486] Compiling sha1.cc
[1107/1486] Compiling rsa_extra.cc
[1108/1486] Compiling rsa_print.cc
[1109/1486] Compiling windows.cc
[1110/1486] Compiling rand.cc
[1111/1486] Compiling rc4.cc
[1112/1486] Compiling refcount.cc
[1113/1486] Compiling rsa_crypt.cc
[1114/1486] Compiling urandom.cc
[1115/1486] Compiling trusty.cc
[1116/1486] Compiling passive.cc
[1117/1486] Compiling rsa_asn1.cc
[1118/1486] Compiling getentropy.cc
[1119/1486] Compiling poly1305_arm_asm.S
[1120/1486] Compiling ios.cc
[1121/1486] Compiling fork_detect.cc
[1122/1486] Compiling forkunsafe.cc
[1123/1486] Compiling deterministic.cc
[1124/1486] Compiling poly1305_vec.cc
[1125/1486] Compiling poly1305_arm.cc
[1126/1486] Compiling pool.cc
[1127/1486] Compiling poly1305.cc
[1128/1486] Compiling pkcs8_x509.cc
[1129/1486] Compiling pkcs7_x509.cc
[1130/1486] Compiling pkcs8.cc
[1131/1486] Compiling p5_pbev2.cc
[1132/1486] Compiling pem_x509.cc
[1133/1486] Compiling pkcs7.cc
[1134/1486] Compiling pem_pkey.cc
[1135/1486] Compiling pem_xaux.cc
[1136/1486] Compiling obj.cc
[1137/1486] Compiling mlkem.cc
[1138/1486] Compiling mldsa.cc
[1139/1486] Compiling obj_xref.cc
[1140/1486] Compiling pem_pk8.cc
[1141/1486] Compiling pem_oth.cc
[1142/1486] Compiling pem_info.cc
[1143/1486] Compiling pem_all.cc
[1144/1486] Compiling poly_rq_mul.S
[1145/1486] Compiling pem_lib.cc
[1146/1486] Compiling mem.cc
[1147/1486] Compiling lhash.cc
[1148/1486] Compiling fips_shared_support.cc
[1149/1486] Compiling hrss.cc
[1150/1486] Compiling md4.cc
[1151/1486] Compiling fuzzer_mode.cc
[1152/1486] Compiling scrypt.cc
[1153/1486] Compiling md5.cc
[1154/1486] Compiling kyber.cc
[1155/1486] Compiling pbkdf.cc
[1156/1486] Compiling ex_data.cc
[1157/1486] Compiling hpke.cc
[1158/1486] Compiling sign.cc
[1159/1486] Compiling print.cc
[1160/1486] Compiling p_rsa_asn1.cc
[1161/1486] Compiling p_x25519_asn1.cc
[1162/1486] Compiling p_ed25519.cc
[1163/1486] Compiling p_x25519.cc
[1164/1486] Compiling p_hkdf.cc
[1165/1486] Compiling p_rsa.cc
[1166/1486] Compiling p_dh.cc
[1167/1486] Compiling evp_ctx.cc
[1168/1486] Compiling p_ed25519_asn1.cc
[1169/1486] Compiling evp.cc
[1170/1486] Compiling p_dh_asn1.cc
[1171/1486] Compiling p_ec_asn1.cc
[1172/1486] Compiling p_ec.cc
[1173/1486] Compiling evp_asn1.cc
[1174/1486] Compiling p_dsa_asn1.cc
[1175/1486] Compiling err.cc
[1176/1486] Compiling ecdsa_p1363.cc
[1177/1486] Compiling ec_derive.cc
[1178/1486] Compiling engine.cc
[1179/1486] Compiling dsa_asn1.cc
[1180/1486] Compiling ecdh.cc
[1181/1486] Compiling ec_asn1.cc
[1182/1486] Compiling ecdsa_asn1.cc
[1183/1486] Compiling dsa.cc
[1184/1486] Compiling params.cc
[1185/1486] Compiling hash_to_curve.cc
[1186/1486] Compiling x25519-asm-arm.S
[1186/1486] Compiling digest_extra.cc
[1188/1486] Compiling cpu_intel.cc
[1189/1486] Compiling curve25519_64_adx.cc
[1190/1486] Compiling des.cc
[1191/1486] Compiling dh_asn1.cc
[1192/1486] Compiling spake25519.cc
[1193/1486] Compiling crypto.cc
[1194/1486] Compiling curve25519.cc
[1195/1486] Compiling cpu_arm_linux.cc
[1196/1486] Compiling cpu_arm_freebsd.cc
[1197/1486] Compiling cpu_aarch64_win.cc
[1198/1486] Compiling cpu_aarch64_openbsd.cc
[1199/1486] Compiling cpu_aarch64_fuchsia.cc
[1200/1486] Compiling cpu_aarch64_sysreg.cc
[1201/1486] Compiling cpu_aarch64_apple.cc
[1202/1486] Compiling get_cipher.cc
[1203/1486] Compiling tls_cbc.cc
[1204/1486] Compiling cpu_aarch64_linux.cc
[1205/1486] Compiling conf.cc
[1206/1486] Compiling e_tls.cc
[1207/1486] Compiling e_rc4.cc
[1208/1486] Compiling e_rc2.cc
[1209/1486] Compiling e_null.cc
[1210/1486] Compiling e_chacha20poly1305.cc
[1211/1486] Compiling cms.cc
[1212/1486] Compiling e_aesgcmsiv.cc
[1213/1486] Compiling e_des.cc
[1214/1486] Compiling e_aesctrhmac.cc
[1215/1486] Compiling e_aeseax.cc
[1216/1486] Compiling unicode.cc
[1217/1486] Compiling derive_key.cc
[1218/1486] Compiling chacha.cc
[1219/1486] Compiling sqrt.cc
[1220/1486] Compiling buf.cc
[1221/1486] Compiling cbb.cc
[1222/1486] Compiling asn1_compat.cc
[1223/1486] Compiling cbs.cc
[1224/1486] Compiling ber.cc
[1225/1486] Compiling exponentiation.cc
[1226/1486] Compiling div.cc
[1227/1486] Compiling convert.cc
[1228/1486] Compiling printf.cc
[1229/1486] Compiling blake2.cc
[1230/1486] Compiling hexdump.cc
[1231/1486] Compiling pair.cc
[1232/1486] Compiling bn_asn1.cc
[1233/1486] Compiling file.cc
[1234/1486] Compiling bio_mem.cc
[1235/1486] Compiling fd.cc
[1236/1486] Compiling errno.cc
[1237/1486] Compiling bio.cc
[1238/1486] Compiling base64.cc
[1239/1486] Compiling tasn_utl.cc
[1240/1486] Compiling tasn_typ.cc
[1241/1486] Compiling tasn_new.cc
[1242/1486] Compiling tasn_enc.cc
[1243/1486] Compiling tasn_fre.cc
[1244/1486] Compiling posix_time.cc
[1245/1486] Compiling f_string.cc
[1246/1486] Compiling tasn_dec.cc
[1247/1486] Compiling f_int.cc
[1248/1486] Compiling asn1_par.cc
[1249/1486] Compiling asn_pack.cc
[1250/1486] Compiling asn1_lib.cc
[1251/1486] Compiling a_utctm.cc
[1252/1486] Compiling a_object.cc
[1253/1486] Compiling a_time.cc
[1254/1486] Compiling a_octet.cc
[1255/1486] Compiling a_type.cc
[1256/1486] Compiling a_strnid.cc
[1257/1486] Compiling a_strex.cc
[1258/1486] Compiling a_int.cc
[1259/1486] Compiling a_mbstr.cc
[1260/1486] Compiling a_i2d_fp.cc
[1261/1486] Compiling CAsyncHTTPClient CAsyncHTTPClient.c
[1261/1486] Write sources
[1264/1496] Compiling a_dup.cc
[1264/1496] Write sources
[1266/1504] Compiling a_d2i_fp.cc
[1267/1504] Compiling a_gentm.cc
[1269/1529] Compiling Algorithms Keyed.swift
[1270/1529] Compiling Algorithms MinMax.swift
[1270/1531] Compiling aes.cc
[1272/1531] Compiling Algorithms Combinations.swift
[1273/1531] Compiling Algorithms Joined.swift
[1274/1531] Compiling Algorithms Indexed.swift
[1275/1531] Compiling Algorithms Intersperse.swift
[1276/1531] Compiling Algorithms AdjacentPairs.swift
[1277/1531] Compiling Algorithms Chain.swift
[1278/1531] Compiling Algorithms Chunked.swift
[1279/1531] Compiling Algorithms Partition.swift
[1280/1531] Compiling Algorithms Permutations.swift
[1280/1531] Compiling a_bool.cc
[1281/1531] Compiling a_bitstr.cc
[1283/1531] Compiling Atomics IntegerOperations.swift
[1284/1531] Compiling Atomics Unmanaged extensions.swift
[1284/1531] Compiling bcm.cc
[1286/1539] Compiling Algorithms Split.swift
[1287/1539] Compiling Algorithms Stride.swift
[1288/1539] Compiling Algorithms Suffix.swift
[1290/1542] Compiling Algorithms Reductions.swift
[1291/1542] Compiling Algorithms Rotate.swift
[1295/1542] Compiling Algorithms Trim.swift
[1296/1542] Compiling Algorithms Unique.swift
[1297/1542] Compiling Algorithms Windows.swift
[1301/1542] Compiling CryptoBoringWrapper FiniteFieldArithmeticContext.swift
[1302/1542] Compiling CryptoBoringWrapper RandomBytes.swift
[1307/1542] Compiling Algorithms Compacted.swift
[1308/1542] Compiling Algorithms Cycle.swift
[1309/1542] Compiling Algorithms EitherSequence.swift
[1310/1542] Compiling Algorithms FirstNonNil.swift
[1311/1542] Compiling Algorithms FlattenCollection.swift
[1312/1542] Compiling Algorithms Grouped.swift
[1315/1542] Compiling CryptoBoringWrapper BoringSSLAEAD.swift
[1316/1542] Emitting module CryptoBoringWrapper
[1317/1542] Compiling CryptoBoringWrapper CryptoKitErrors_boring.swift
[1318/1542] Compiling CryptoBoringWrapper EllipticCurvePoint.swift
[1319/1542] Compiling CryptoBoringWrapper EllipticCurve.swift
[1320/1542] Compiling CryptoBoringWrapper ArbitraryPrecisionInteger.swift
[1321/1543] Wrapping AST for CryptoBoringWrapper for debugging
[1326/1543] Emitting module Atomics
[1330/1628] Wrapping AST for Atomics for debugging
[1332/1692] Emitting module Algorithms
[1333/1693] Wrapping AST for Algorithms for debugging
[1335/1693] Compiling NIOCore NIOCoreSendableMetatype.swift
[1336/1693] Compiling NIOCore NIODecodedAsyncSequence.swift
[1337/1693] Compiling NIOCore NIOLoopBound.swift
[1338/1693] Compiling NIOCore NIOPooledRecvBufferAllocator.swift
[1339/1693] Compiling NIOCore NIOScheduledCallback.swift
[1340/1693] Compiling NIOCore NIOSendable.swift
[1341/1693] Compiling NIOCore NIOSplitLinesMessageDecoder.swift
[1342/1693] Compiling NIOCore NIOTransportAccessibleChannelCore.swift
[1343/1693] Compiling NIOCore RecvByteBufferAllocator.swift
[1344/1701] Compiling NIOCore IntegerTypes.swift
[1345/1701] Compiling NIOCore Interfaces.swift
[1346/1701] Compiling NIOCore Linux.swift
[1347/1701] Compiling NIOCore MarkedCircularBuffer.swift
[1348/1701] Compiling NIOCore MulticastChannel.swift
[1349/1701] Compiling NIOCore NIOAny.swift
[1350/1701] Compiling NIOCore NIOCloseOnErrorHandler.swift
[1356/1712] Compiling NIOCore IPProtocol.swift
[1357/1712] Compiling NIOCore IntegerBitPacking.swift
[1365/1712] Compiling NIOCore EventLoopFuture+Deprecated.swift
[1366/1712] Compiling NIOCore EventLoopFuture+WithEventLoop.swift
[1367/1712] Compiling NIOCore EventLoopFuture.swift
[1368/1712] Compiling NIOCore FileDescriptor.swift
[1369/1712] Compiling NIOCore FileHandle.swift
[1370/1712] Compiling NIOCore FileRegion.swift
[1371/1712] Compiling NIOCore GlobalSingletons.swift
[1372/1712] Compiling NIOCore IO.swift
[1373/1712] Compiling NIOCore IOData.swift
[1374/1712] Compiling NIOCore NIOThrowingAsyncSequenceProducer.swift
[1375/1712] Compiling NIOCore BSDSocketAPI.swift
[1376/1712] Compiling NIOCore ByteBuffer-aux.swift
[1377/1712] Compiling NIOCore ByteBuffer-binaryEncodedLengthPrefix.swift
[1378/1712] Compiling NIOCore ByteBuffer-conversions.swift
[1379/1712] Compiling NIOCore ByteBuffer-core.swift
[1380/1712] Compiling NIOCore ByteBuffer-hex.swift
[1381/1712] Compiling NIOCore ByteBuffer-int.swift
[1382/1712] Compiling NIOCore ByteBuffer-lengthPrefix.swift
[1383/1712] Compiling NIOCore AddressedEnvelope.swift
[1384/1712] Compiling NIOCore AsyncAwaitSupport.swift
[1385/1712] Compiling NIOCore AsyncChannel.swift
[1386/1712] Emitting module Crypto
[1387/1712] Compiling Crypto Signature.swift
[1388/1712] Compiling Crypto CryptoKitErrors_boring.swift
[1389/1712] Compiling Crypto Optional+withUnsafeBytes_boring.swift
[1390/1712] Compiling Crypto RNG_boring.swift
[1391/1712] Compiling Crypto SafeCompare_boring.swift
[1392/1712] Compiling Crypto Zeroization_boring.swift
[1393/1712] Compiling Crypto _CryptoModuleAnchor.swift
[1394/1712] Compiling Crypto PrettyBytes.swift
[1395/1712] Compiling Crypto SafeCompare.swift
[1396/1712] Compiling Crypto SecureBytes.swift
[1397/1712] Compiling Crypto Zeroization.swift
[1398/1712] Compiling NIOCore ByteBuffer-multi-int.swift
[1399/1712] Compiling NIOCore ByteBuffer-quicBinaryEncodingStrategy.swift
[1400/1712] Compiling NIOCore ByteBuffer-views.swift
[1401/1712] Compiling NIOCore Channel.swift
[1402/1712] Compiling NIOCore ChannelHandler.swift
[1403/1712] Compiling NIOCore ChannelHandlers.swift
[1404/1712] Compiling NIOCore ChannelInvoker.swift
[1405/1712] Compiling NIOCore ChannelOption.swift
[1406/1712] Compiling NIOCore ChannelPipeline.swift
[1409/1712] Compiling Crypto AES-GCM.swift
[1410/1712] Compiling Crypto AES-GCM_boring.swift
[1411/1712] Compiling Crypto ChaChaPoly_boring.swift
[1412/1712] Compiling Crypto ChaChaPoly.swift
[1413/1712] Compiling Crypto Cipher.swift
[1414/1712] Compiling Crypto Nonces.swift
[1415/1712] Compiling Crypto ASN1.swift
[1416/1712] Compiling Crypto ASN1Any.swift
[1417/1712] Compiling Crypto ASN1BitString.swift
[1418/1712] Compiling Crypto ASN1Boolean.swift
[1419/1712] Compiling Crypto ASN1Identifier.swift
[1420/1712] Compiling Crypto ASN1Integer.swift
[1421/1712] Compiling NIOCore CircularBuffer.swift
[1422/1712] Compiling NIOCore Codec.swift
[1423/1712] Compiling NIOCore ConvenienceOptionSupport.swift
[1424/1712] Compiling NIOCore DeadChannel.swift
[1425/1712] Compiling NIOCore DispatchQueue+WithFuture.swift
[1426/1712] Compiling NIOCore EventLoop+Deprecated.swift
[1427/1712] Compiling NIOCore EventLoop+SerialExecutor.swift
[1428/1712] Compiling NIOCore EventLoop.swift
[1429/1712] Compiling NIOCore EventLoopFuture+AssumeIsolated.swift
[1433/1712] Compiling NIOCore AsyncChannelHandler.swift
[1434/1712] Compiling NIOCore AsyncChannelInboundStream.swift
[1435/1712] Compiling NIOCore AsyncChannelOutboundWriter.swift
[1436/1712] Compiling NIOCore NIOAsyncSequenceProducer.swift
[1437/1712] Compiling NIOCore NIOAsyncSequenceProducerStrategies.swift
[1438/1712] Compiling NIOCore NIOAsyncWriter.swift
[1455/1712] Compiling NIOCore SingleStepByteToMessageDecoder.swift
[1456/1712] Compiling NIOCore SocketAddresses.swift
[1457/1712] Compiling NIOCore SocketOptionProvider.swift
[1458/1712] Compiling NIOCore SystemCallHelpers.swift
[1459/1712] Compiling NIOCore TimeAmount+Duration.swift
[1460/1712] Compiling NIOCore TypeAssistedChannelHandler.swift
[1461/1712] Compiling NIOCore UniversalBootstrapSupport.swift
[1462/1712] Compiling NIOCore Utilities.swift
[1483/1713] Wrapping AST for Crypto for debugging
[1485/1775] Compiling CryptoExtras AES_CBC.swift
[1486/1775] Compiling CryptoExtras AES_CFB.swift
[1487/1775] Compiling CryptoExtras AES_CTR.swift
[1488/1775] Compiling CryptoExtras AES_GCM_SIV.swift
[1489/1775] Compiling CryptoExtras Block Function.swift
[1490/1775] Compiling CryptoExtras AES_CBC_boring.swift
[1491/1775] Compiling CryptoExtras AES_CFB_boring.swift
[1492/1775] Compiling CryptoExtras AES_CTR_boring.swift
[1493/1775] Compiling CryptoExtras AES_GCM_SIV_boring.swift
[1494/1775] Compiling CryptoExtras Data+Extensions.swift
[1495/1775] Compiling CryptoExtras DigestType.swift
[1496/1775] Compiling CryptoExtras Error.swift
[1497/1775] Compiling CryptoExtras I2OSP.swift
[1498/1775] Compiling CryptoExtras IntegerEncoding.swift
[1499/1775] Compiling CryptoExtras PEMDocument.swift
[1500/1775] Compiling CryptoExtras PrettyBytes.swift
[1501/1775] Compiling CryptoExtras SubjectPublicKeyInfo.swift
[1502/1783] Compiling CryptoExtras ARCServer.swift
[1503/1783] Compiling CryptoExtras ChaCha20CTR_boring.swift
[1504/1783] Compiling CryptoExtras ChaCha20CTR.swift
[1505/1783] Compiling CryptoExtras BoringSSLSHA512256Context.swift
[1506/1783] Compiling CryptoExtras BoringSSLSHA512256HashFunction.swift
[1507/1783] Compiling CryptoExtras SHA512256.swift
[1508/1783] Compiling CryptoExtras SHA512256Digest.swift
[1509/1783] Compiling CryptoExtras Curve25519+PEM.swift
[1510/1783] Compiling CryptoExtras ObjectIdentifier.swift
[1511/1783] Compiling CryptoExtras PKCS8DERRepresentation.swift
[1512/1783] Compiling CryptoExtras PKCS8PrivateKey.swift
[1513/1783] Compiling CryptoExtras RFC8410AlgorithmIdentifier.swift
[1514/1783] Compiling CryptoExtras ECToolbox_boring.swift
[1515/1783] Compiling CryptoExtras ECToolbox.swift
[1516/1783] Compiling CryptoExtras HashToField.swift
[1517/1783] Compiling CryptoExtras KDF.swift
[1518/1783] Compiling CryptoExtras PBKDF2_boring.swift
[1519/1783] Compiling CryptoExtras PBKDF2_commoncrypto.swift
[1520/1783] Compiling CryptoExtras PBKDF2.swift
[1521/1783] Compiling CryptoExtras Scrypt_boring.swift
[1522/1783] Compiling CryptoExtras Scrypt.swift
[1523/1783] Compiling CryptoExtras OPRF.swift
[1524/1783] Compiling CryptoExtras OPRFClient.swift
[1525/1783] Compiling CryptoExtras OPRFServer.swift
[1526/1783] Compiling CryptoExtras VOPRF+API.swift
[1527/1783] Compiling CryptoExtras VOPRFClient.swift
[1528/1783] Compiling CryptoExtras VOPRFServer.swift
[1529/1783] Compiling CryptoExtras ThreadOps.swift
[1530/1783] Compiling CryptoExtras ThreadPosix.swift
[1531/1783] Compiling CryptoExtras ThreadSpecific.swift
[1532/1783] Compiling CryptoExtras ThreadWindows.swift
[1533/1783] Compiling CryptoExtras DLEQ.swift
[1534/1783] Compiling CryptoExtras Prover.swift
[1535/1783] Compiling CryptoExtras Verifier.swift
[1536/1783] Compiling CryptoExtras ZKPToolbox.swift
[1537/1783] Emitting module CryptoExtras
[1538/1783] Compiling CryptoExtras CMAC.swift
[1539/1783] Compiling CryptoExtras ARC+API.swift
[1540/1783] Compiling CryptoExtras ARC.swift
[1541/1783] Compiling CryptoExtras ARCCredential.swift
[1542/1783] Compiling CryptoExtras ARCEncoding.swift
[1543/1783] Compiling CryptoExtras ARCPrecredential.swift
[1544/1783] Compiling CryptoExtras ARCPresentation.swift
[1545/1783] Compiling CryptoExtras ARCRequest.swift
[1546/1783] Compiling CryptoExtras ARCResponse.swift
[1556/1783] Compiling CryptoExtras BoringSSLPassphraseCallbackManager.swift
[1557/1783] Compiling CryptoExtras RSA+BlindSigning.swift
[1558/1783] Compiling CryptoExtras RSA.swift
[1559/1783] Compiling CryptoExtras RSA_boring.swift
[1560/1783] Compiling CryptoExtras Reexport.swift
[1561/1783] Compiling CryptoExtras Zeroization_boring.swift
[1562/1783] Compiling CryptoExtras BoringSSLHelpers.swift
[1563/1783] Compiling CryptoExtras CryptoKitErrors_boring.swift
[1564/1784] Wrapping AST for CryptoExtras for debugging
[1566/1786] Emitting module _CryptoExtras
[1567/1786] Compiling _CryptoExtras Exports.swift
[1568/1787] Wrapping AST for _CryptoExtras for debugging
[1570/1882] Emitting module NIOCore
[1571/1882] Compiling X509 OCSPSignature.swift
[1572/1882] Compiling X509 OCSPSingleRequest.swift
[1573/1882] Compiling X509 OCSPSingleResponse.swift
[1574/1882] Compiling X509 OCSPTBSRequest.swift
[1575/1882] Compiling X509 OCSPVersion.swift
[1576/1882] Compiling X509 NameConstraints.swift
[1577/1882] Compiling X509 SubjectAlternativeName.swift
[1578/1882] Compiling X509 SubjectKeyIdentifier.swift
[1579/1882] Compiling X509 Extension.swift
[1580/1885] Wrapping AST for NIOCore for debugging
[1582/1940] Compiling NIOFoundationEssentialsCompat Codable+ByteBuffer.swift
[1583/1940] Emitting module NIOFoundationEssentialsCompat
[1584/1940] Compiling NIOFoundationEssentialsCompat ByteBuffer-foundation.swift
[1585/1940] Emitting module NIOEmbedded
[1586/1941] Wrapping AST for NIOFoundationEssentialsCompat for debugging
[1588/1941] Compiling NIOPosix HappyEyeballs.swift
[1589/1941] Compiling NIOPosix IO.swift
[1590/1941] Compiling NIOPosix IntegerBitPacking.swift
[1591/1941] Compiling NIOPosix IntegerTypes.swift
[1592/1941] Compiling NIOPosix Linux.swift
[1593/1941] Compiling NIOPosix LinuxCPUSet.swift
[1594/1941] Compiling NIOPosix LinuxUring.swift
[1595/1948] Compiling NIOEmbedded Embedded.swift
[1596/1948] Compiling NIOEmbedded AsyncTestingChannel.swift
[1597/1948] Compiling NIOEmbedded AsyncTestingEventLoop.swift
[1598/1948] Compiling NIOPosix BSDSocketAPICommon.swift
[1599/1948] Compiling NIOPosix BSDSocketAPIPosix.swift
[1600/1948] Compiling NIOPosix BSDSocketAPIWindows.swift
[1601/1948] Compiling NIOPosix BaseSocket.swift
[1602/1948] Compiling NIOPosix BaseSocketChannel+AccessibleTransport.swift
[1603/1948] Compiling NIOPosix BaseSocketChannel+SocketOptionProvider.swift
[1604/1948] Compiling NIOPosix BaseSocketChannel.swift
[1605/1948] Compiling NIOPosix BaseStreamSocketChannel.swift
[1606/1948] Compiling NIOPosix Bootstrap.swift
[1607/1948] Compiling NIOPosix ControlMessage.swift
[1608/1948] Compiling NIOPosix DatagramVectorReadManager.swift
[1609/1948] Compiling NIOPosix Errors+Any.swift
[1610/1948] Compiling NIOPosix FileDescriptor.swift
[1611/1948] Compiling NIOPosix GetaddrinfoResolver.swift
[1613/1962] Compiling X509 PKCS8PrivateKey.swift
[1614/1962] Compiling X509 PromiseAndFuture.swift
[1615/1962] Compiling X509 RDNAttribute.swift
[1616/1962] Compiling X509 RandomNumberGenerator+bytes.swift
[1617/1962] Compiling X509 RelativeDistinguishedName.swift
[1618/1962] Compiling X509 SEC1PrivateKey.swift
[1619/1962] Compiling X509 SecKeyWrapper.swift
[1620/1962] Compiling X509 Signature.swift
[1621/1962] Compiling X509 SignatureAlgorithm.swift
[1622/1962] Compiling X509 AllOfPolicies.swift
[1623/1962] Compiling X509 AnyPolicy.swift
[1624/1962] Compiling X509 CertificateStore.swift
[1625/1962] Compiling X509 CustomCertificateStore.swift
[1625/1962] Wrapping AST for NIOEmbedded for debugging
[1627/1962] Compiling X509 OneOfPolicies.swift
[1628/1962] Compiling X509 PolicyBuilder.swift
[1629/1962] Compiling X509 BasicConstraintsPolicy.swift
[1630/1962] Compiling X509 DNSNames.swift
[1631/1962] Compiling X509 ExpiryPolicy.swift
[1632/1962] Compiling X509 IPConstraints.swift
[1633/1962] Compiling X509 NameConstraintsPolicy.swift
[1634/1962] Compiling X509 RFC5280Policy.swift
[1635/1962] Compiling X509 URIConstraints.swift
[1636/1962] Compiling X509 VersionPolicy.swift
[1637/1962] Compiling X509 ServerIdentityPolicy.swift
[1638/1962] Compiling X509 TrustRootLoading.swift
[1639/1962] Compiling X509 UnverifiedChain.swift
[1640/1962] Compiling NIOPosix VsockChannelEvents.swift
[1641/1962] Compiling NIOPosix Windows.swift
[1642/1962] Compiling X509 CMSSignature.swift
[1643/1962] Compiling X509 CMSSignedData.swift
[1644/1962] Compiling X509 CMSSignerIdentifier.swift
[1645/1962] Compiling X509 CMSSignerInfo.swift
[1646/1962] Compiling X509 CMSVersion.swift
[1647/1962] Compiling X509 Curve25519+DER.swift
[1648/1962] Compiling X509 CustomPrivateKey.swift
[1649/1962] Compiling X509 Digests.swift
[1650/1962] Compiling X509 DistinguishedName.swift
[1651/1962] Compiling X509 CommonName.swift
[1652/1962] Compiling X509 CountryName.swift
[1653/1962] Compiling X509 DNBuilder.swift
[1661/1962] Compiling NIOPosix MultiThreadedEventLoopGroup.swift
[1662/1962] Compiling NIOPosix NIOPosixSendableMetatype.swift
[1663/1962] Compiling NIOPosix NIORandomizedDNSResolver.swift
[1664/1962] Compiling NIOPosix NIOThreadPool.swift
[1665/1962] Compiling NIOPosix NonBlockingFileIO.swift
[1666/1962] Compiling NIOPosix PendingDatagramWritesManager.swift
[1667/1962] Compiling NIOPosix PendingWritesManager.swift
[1668/1962] Compiling NIOPosix Thread.swift
[1669/1962] Compiling NIOPosix ThreadPosix.swift
[1670/1962] Compiling NIOPosix ThreadWindows.swift
[1671/1962] Compiling NIOPosix Utilities.swift
[1672/1962] Compiling NIOPosix VsockAddress.swift
[1675/1962] Compiling NIOPosix SelectorWSAPoll.swift
[1676/1962] Compiling NIOPosix ServerSocket.swift
[1677/1962] Compiling NIOPosix Socket.swift
[1678/1962] Compiling NIOPosix SocketChannel.swift
[1679/1962] Compiling NIOPosix SocketProtocols.swift
[1680/1962] Compiling NIOPosix StructuredConcurrencyHelpers.swift
[1681/1962] Compiling NIOPosix System.swift
[1682/1962] Compiling NIOPosix SelectorUring.swift
[1695/1962] Compiling NIOPosix PipeChannel.swift
[1696/1962] Compiling NIOPosix PipePair.swift
[1697/1962] Compiling NIOPosix Pool.swift
[1698/1962] Compiling NIOPosix PosixSingletons+ConcurrencyTakeOver.swift
[1699/1962] Compiling NIOPosix PosixSingletons.swift
[1700/1962] Compiling NIOPosix RawSocketBootstrap.swift
[1701/1962] Compiling NIOPosix Resolver.swift
[1702/1962] Compiling NIOPosix Selectable.swift
[1703/1962] Compiling NIOPosix SelectableChannel.swift
[1704/1962] Compiling NIOPosix SelectableEventLoop.swift
[1705/1962] Compiling NIOPosix SelectorEpoll.swift
[1706/1962] Compiling NIOPosix SelectorGeneric.swift
[1707/1962] Compiling NIOPosix SelectorKqueue.swift
[1729/1962] Emitting module NIOPosix
[1744/1963] Emitting module X509
[1745/1963] Wrapping AST for NIOPosix for debugging
[1747/1965] Emitting module NIO
[1748/1965] Compiling NIO Exports.swift
[1749/1968] Wrapping AST for NIO for debugging
[1751/2005] Compiling NIOTLS TLSEvents.swift
[1752/2005] Compiling NIOFoundationCompat Exports.swift
[1753/2005] Compiling NIOSOCKS SelectedAuthenticationMethod.swift
[1754/2006] Compiling NIOTLS ApplicationProtocolNegotiationHandler.swift
[1755/2006] Emitting module NIOFoundationCompat
[1756/2006] Compiling NIOFoundationCompat JSONSerialization+ByteBuffer.swift
[1757/2006] Compiling NIOFoundationCompat WaitSpinningRunLoop.swift
[1759/2007] Compiling NIOSOCKS ClientStateMachine.swift
[1760/2007] Compiling NIOSOCKS SOCKSResponse.swift
[1761/2007] Compiling NIOHTTP1 ByteCollectionUtils.swift
[1762/2007] Compiling NIOHTTP1 HTTPDecoder.swift
[1763/2007] Compiling NIOHTTP1 HTTPEncoder.swift
[1764/2007] Compiling NIOHTTP1 HTTPHeaderValidator.swift
[1765/2007] Emitting module NIOSOCKS
[1765/2007] Wrapping AST for NIOFoundationCompat for debugging
[1767/2007] Compiling NIOSOCKS ServerStateMachine.swift
[1768/2007] Compiling NIOHTTP1 HTTPHeaders+Validation.swift
[1769/2007] Compiling NIOHTTP1 HTTPPipelineSetup.swift
[1770/2007] Compiling NIOHTTP1 NIOHTTPClientUpgradeHandler.swift
[1771/2007] Compiling NIOHTTP1 NIOHTTPObjectAggregator.swift
[1772/2007] Compiling NIOHTTP1 HTTPServerPipelineHandler.swift
[1773/2007] Compiling NIOHTTP1 HTTPServerProtocolErrorHandler.swift
[1774/2010] Compiling X509 ValidatedCertificateChain.swift
[1775/2010] Compiling X509 VerificationDiagnostic.swift
[1776/2010] Compiling X509 Verifier.swift
[1777/2010] Compiling X509 VerifierPolicy.swift
[1778/2010] Compiling X509 AlgorithmIdentifier.swift
[1779/2010] Compiling X509 ECDSASignature.swift
[1780/2010] Compiling X509 RSAPKCS1PublicKey.swift
[1781/2010] Compiling X509 SubjectPublicKeyInfo.swift
[1782/2010] Compiling X509 TBSCertificate.swift
[1783/2010] Compiling X509 Time.swift
[1784/2010] Compiling X509 TimeCalculations.swift
[1785/2010] Compiling X509 Validity.swift
[1786/2010] Compiling X509 X509SendableMetatype.swift
[1787/2010] Compiling NIOTLS SNIHandler.swift
[1788/2010] Compiling NIOTLS ProtocolNegotiationHandlerStateMachine.swift
[1789/2010] Compiling NIOTLS NIOTypedApplicationProtocolNegotiationHandler.swift
[1790/2010] Emitting module NIOTLS
[1791/2012] Compiling NIOHTTP1 NIOTypedHTTPClientUpgradeHandler.swift
[1792/2012] Compiling NIOHTTP1 NIOTypedHTTPClientUpgraderStateMachine.swift
[1800/2012] Wrapping AST for NIOSOCKS for debugging
[1801/2012] Wrapping AST for NIOTLS for debugging
[1802/2101] Wrapping AST for X509 for debugging
[1804/2109] Compiling JWTKit ExpirationClaim.swift
[1805/2109] Compiling JWTKit GoogleHostedDomainClaim.swift
[1806/2109] Compiling JWTKit ECDSAKeyTypes.swift
[1807/2109] Compiling JWTKit ECDSASigner.swift
[1808/2109] Compiling JWTKit LocaleClaim.swift
[1809/2109] Compiling JWTKit NotBeforeClaim.swift
[1810/2109] Compiling JWTKit SubjectClaim.swift
[1811/2109] Compiling JWTKit TenantIDClaim.swift
[1812/2109] Compiling JWTKit ECDSA.swift
[1813/2109] Compiling JWTKit ECDSACurve.swift
[1814/2109] Compiling JWTKit ECDSACurveType.swift
[1815/2109] Compiling JWTKit ECDSAError.swift
[1818/2118] Compiling JWTKit IssuerClaim.swift
[1819/2118] Compiling JWTKit JWTClaim.swift
[1820/2118] Compiling JWTKit MLDSAType.swift
[1821/2118] Compiling JWTKit JWTKeyCollection+UnsecuredNone.swift
[1822/2118] Compiling JWTKit UnsecuredNoneSigner.swift
[1823/2118] Compiling JWTKit JWTKeyCollection+RSA.swift
[1824/2118] Compiling JWTKit RSA.swift
[1825/2118] Compiling JWTKit RSAError.swift
[1826/2118] Compiling JWTKit RSASigner.swift
[1827/2118] Compiling JWTKit Base64URL.swift
[1828/2118] Compiling JWTKit CryptoSigner.swift
[1829/2118] Compiling JWTKit JWTSerializer.swift
[1830/2118] Compiling JWTKit JWTSigner.swift
[1831/2118] Compiling JWTKit JWTKeyCollection+MLDSA.swift
[1832/2118] Compiling JWTKit MLDSA.swift
[1833/2118] Compiling JWTKit MLDSA65+MLDSAKey.swift
[1834/2118] Compiling JWTKit MLDSA87+MLDSAKey.swift
[1835/2118] Compiling JWTKit MLDSAError.swift
[1836/2118] Compiling JWTKit MLDSAKey.swift
[1837/2118] Compiling JWTKit MLDSASigner.swift
[1838/2118] Compiling JWTKit AudienceClaim.swift
[1839/2118] Compiling JWTKit BoolClaim.swift
[1842/2118] Compiling JWTKit IDClaim.swift
[1843/2118] Compiling JWTKit IssuedAtClaim.swift
[1846/2118] Compiling JWTKit JWTMultiValueClaim.swift
[1847/2118] Compiling JWTKit JWTUnixEpochClaim.swift
[1848/2118] Emitting module NIOHTTP1
[1853/2119] Compiling JWTKit ECDSASigningAlgorithm.swift
[1854/2119] Compiling JWTKit JWTKeyCollection+ECDSA.swift
[1855/2119] Compiling JWTKit P256+CurveType.swift
[1856/2119] Compiling JWTKit P384+CurveType.swift
[1857/2119] Compiling JWTKit P521+CurveType.swift
[1858/2119] Compiling JWTKit EdDSA.swift
[1859/2119] Compiling JWTKit EdDSACurve.swift
[1860/2119] Compiling JWTKit EdDSAError.swift
[1861/2119] Compiling JWTKit EdDSASigner.swift
[1862/2119] Compiling JWTKit JWTKeyCollection+EdDSA.swift
[1863/2119] Compiling JWTKit JWTAlgorithm.swift
[1864/2119] Compiling JWTKit JWTError.swift
[1865/2119] Compiling JWTKit JWTHeader+CommonFields.swift
[1866/2119] Compiling JWTKit JWTHeader.swift
[1867/2119] Compiling JWTKit JWTHeaderField.swift
[1868/2119] Compiling JWTKit JWTKeyCollection.swift
[1869/2119] Compiling JWTKit JWTParser+MandatoryVerificationFields.swift
[1870/2119] Compiling JWTKit JWTParser.swift
[1871/2119] Compiling JWTKit JWTPayload.swift
[1872/2119] Compiling JWTKit HMAC.swift
[1873/2119] Compiling JWTKit HMACError.swift
[1874/2119] Compiling JWTKit HMACSigner.swift
[1875/2119] Compiling JWTKit JWTKeyCollection+HMAC.swift
[1876/2119] Compiling JWTKit Insecure.swift
[1877/2119] Compiling JWTKit JWK.swift
[1878/2119] Compiling JWTKit JWKIdentifier.swift
[1879/2119] Compiling JWTKit JWKS.swift
[1880/2119] Compiling JWTKit JWKSigner.swift
[1881/2124] Emitting module JWTKit
[1881/2125] Wrapping AST for NIOHTTP1 for debugging
[1883/2136] Emitting module NIOSSL
[1884/2140] Compiling NIOHPACK IndexedHeaderTable.swift
[1885/2140] Compiling NIOHPACK IntegerCoding.swift
[1886/2140] Compiling NIOHPACK HuffmanTables.swift
[1887/2141] Compiling NIOHTTPCompression HTTPDecompressor.swift
[1888/2141] Compiling NIOHTTPCompression HTTPRequestCompressor.swift
[1889/2141] Emitting module NIOHTTPCompression
[1890/2141] Compiling NIOHTTPCompression HTTPResponseCompressor.swift
[1891/2141] Compiling NIOHPACK DynamicHeaderTable.swift
[1892/2141] Compiling NIOHPACK HPACKDecoder.swift
[1893/2141] Compiling NIOHTTPCompression HTTPCompression.swift
[1894/2141] Compiling NIOHTTPCompression HTTPDecompression.swift
[1895/2142] Compiling NIOHPACK HuffmanCoding.swift
[1897/2142] Compiling NIOHPACK StaticHeaderTable.swift
[1898/2142] Emitting module NIOHPACK
[1902/2142] Wrapping AST for NIOHTTPCompression for debugging
[1904/2142] Compiling NIOHPACK HPACKEncoder.swift
[1905/2142] Compiling NIOHPACK HPACKErrors.swift
[1906/2142] Compiling NIOHPACK HPACKHeader.swift
[1907/2142] Compiling NIOHPACK HeaderTables.swift
[1925/2143] Compiling JWTKit CustomizedJSONCoders.swift
[1926/2143] Compiling JWTKit Utilities.swift
[1927/2143] Compiling JWTKit AppleIdentityToken.swift
[1928/2143] Compiling JWTKit FirebaseAuthIdentityToken.swift
[1929/2143] Compiling JWTKit GoogleIdentityToken.swift
[1930/2143] Compiling JWTKit MicrosoftIdentityToken.swift
[1931/2143] Compiling JWTKit EmptyPolicy.swift
[1932/2143] Compiling JWTKit ValidationTimePayload.swift
[1933/2143] Compiling JWTKit X5CVerifier.swift
[1942/2144] Wrapping AST for NIOHPACK for debugging
[1944/2207] Wrapping AST for JWTKit for debugging
[1946/2207] Compiling NIOHTTP2 MaySendFrames.swift
[1947/2207] Compiling NIOHTTP2 SendingDataState.swift
[1948/2207] Compiling NIOHTTP2 SendingGoawayState.swift
[1949/2207] Compiling NIOHTTP2 SendingHeadersState.swift
[1950/2207] Compiling NIOHTTP2 SendingPushPromiseState.swift
[1951/2207] Compiling NIOHTTP2 SendingRstStreamState.swift
[1952/2207] Compiling NIOHTTP2 SendingWindowUpdateState.swift
[1953/2207] Compiling NIOHTTP2 HTTP2SettingsState.swift
[1954/2207] Compiling NIOHTTP2 HasExtendedConnectSettings.swift
[1955/2215] Compiling NIOHTTP2 ConcurrentStreamBuffer.swift
[1956/2215] Compiling NIOHTTP2 ControlFrameBuffer.swift
[1957/2215] Compiling NIOHTTP2 OutboundFlowControlBuffer.swift
[1958/2215] Compiling NIOHTTP2 OutboundFrameBuffer.swift
[1959/2216] Wrapping AST for NIOSSL for debugging
[1961/2216] Emitting module NIOHTTP2
[1962/2216] Compiling NIOHTTP2 NIOHTTP2ServerConnectionManagementHandler.swift
[1963/2216] Compiling NIOHTTP2 StreamChannelFlowController.swift
[1964/2216] Compiling NIOHTTP2 StreamChannelList.swift
[1965/2216] Compiling NIOHTTP2 StreamMap.swift
[1966/2216] Compiling NIOHTTP2 StreamStateMachine.swift
[1967/2216] Compiling NIOHTTP2 Timer.swift
[1968/2216] Compiling NIOHTTP2 UnsafeTransfer.swift
[1969/2216] Compiling NIOHTTP2 WatermarkedFlowController.swift
[1970/2216] Compiling NIOHTTP2 HTTP2StreamMultiplexer.swift
[1971/2216] Compiling NIOHTTP2 HTTP2ToHTTP1Codec.swift
[1972/2216] Compiling NIOHTTP2 HTTP2UserEvents.swift
[1973/2216] Compiling NIOHTTP2 InboundEventBuffer.swift
[1974/2216] Compiling NIOHTTP2 InboundWindowManager.swift
[1975/2216] Compiling NIOHTTP2 MultiplexerAbstractChannel.swift
[1976/2216] Compiling NIOHTTP2 NIOHTTP2FrameDelegate.swift
[1977/2216] Compiling NIOHTTP2 NIOHTTP2ServerConnectionManagementHandler+StateMachine.swift
[1978/2216] Compiling NIOHTTP2 DOSHeuristics.swift
[1979/2216] Compiling NIOHTTP2 Error+Any.swift
[1984/2216] Compiling NIOHTTP2 GlitchesMonitor.swift
[1985/2216] Compiling NIOHTTP2 HPACKHeaders+Validation.swift
[1986/2216] Compiling NIOHTTP2 HTTP2ChannelHandler+InboundStreamMultiplexer.swift
[1987/2216] Compiling NIOHTTP2 ConnectionStateMachine.swift
[1988/2216] Compiling NIOHTTP2 ConnectionStreamsState.swift
[1989/2216] Compiling NIOHTTP2 MayReceiveFrames.swift
[1990/2216] Compiling NIOHTTP2 ReceivingDataState.swift
[1991/2216] Compiling NIOHTTP2 ReceivingGoAwayState.swift
[1992/2216] Compiling NIOHTTP2 ReceivingHeadersState.swift
[1993/2216] Compiling NIOHTTP2 ReceivingPushPromiseState.swift
[1994/2216] Compiling NIOHTTP2 ReceivingRstStreamState.swift
[1995/2216] Compiling NIOHTTP2 ReceivingWindowUpdateState.swift
[1996/2216] Compiling NIOHTTP2 HTTP2FrameParser.swift
[1997/2216] Compiling NIOHTTP2 HTTP2PingData.swift
[1998/2216] Compiling NIOHTTP2 HTTP2PipelineHelpers.swift
[1999/2216] Compiling NIOHTTP2 HTTP2Settings.swift
[2000/2216] Compiling NIOHTTP2 HTTP2Stream.swift
[2001/2216] Compiling NIOHTTP2 HTTP2StreamChannel+OutboundStreamMultiplexer.swift
[2002/2216] Compiling NIOHTTP2 HTTP2StreamChannel.swift
[2003/2216] Compiling NIOHTTP2 HTTP2StreamDelegate.swift
[2004/2216] Compiling NIOHTTP2 HTTP2StreamID.swift
[2005/2216] Compiling NIOHTTP2 HTTP2ChannelHandler+InlineStreamMultiplexer.swift
[2006/2216] Compiling NIOHTTP2 HTTP2ChannelHandler.swift
[2007/2216] Compiling NIOHTTP2 HTTP2CommonInboundStreamMultiplexer.swift
[2008/2216] Compiling NIOHTTP2 HTTP2ConnectionStateChange.swift
[2009/2216] Compiling NIOHTTP2 HTTP2Error.swift
[2010/2216] Compiling NIOHTTP2 HTTP2ErrorCode.swift
[2011/2216] Compiling NIOHTTP2 HTTP2FlowControlWindow.swift
[2012/2216] Compiling NIOHTTP2 HTTP2Frame.swift
[2013/2216] Compiling NIOHTTP2 HTTP2FrameEncoder.swift
[2014/2216] Compiling NIOHTTP2 HasFlowControlWindows.swift
[2015/2216] Compiling NIOHTTP2 HasLocalSettings.swift
[2016/2216] Compiling NIOHTTP2 HasRemoteSettings.swift
[2017/2216] Compiling NIOHTTP2 LocallyQuiescingState.swift
[2018/2216] Compiling NIOHTTP2 QuiescingState.swift
[2019/2216] Compiling NIOHTTP2 RemotelyQuiescingState.swift
[2020/2216] Compiling NIOHTTP2 SendAndReceiveGoawayState.swift
[2021/2216] Compiling NIOHTTP2 StateMachineResult.swift
[2022/2216] Compiling NIOHTTP2 ContentLengthVerifier.swift
[2023/2217] Wrapping AST for NIOHTTP2 for debugging
[2025/2281] Compiling AsyncHTTPClient LRUCache.swift
[2026/2281] Compiling AsyncHTTPClient NIOLoopBound+Execute.swift
[2027/2281] Compiling AsyncHTTPClient NWErrorHandler.swift
[2028/2281] Compiling AsyncHTTPClient NWWaitingHandler.swift
[2029/2281] Compiling AsyncHTTPClient TLSConfiguration.swift
[2030/2281] Compiling AsyncHTTPClient RedirectState.swift
[2031/2281] Compiling AsyncHTTPClient RequestBag+StateMachine.swift
[2032/2281] Compiling AsyncHTTPClient RequestBag+Tracing.swift
[2033/2281] Compiling AsyncHTTPClient RequestBag.swift
[2034/2289] Compiling AsyncHTTPClient RequestValidation.swift
[2035/2289] Compiling AsyncHTTPClient SSLContextCache.swift
[2036/2289] Compiling AsyncHTTPClient Scheme.swift
[2037/2289] Compiling AsyncHTTPClient Singleton.swift
[2038/2289] Compiling AsyncHTTPClient StringConvertibleInstances.swift
[2039/2289] Compiling AsyncHTTPClient StructuredConcurrencyHelpers.swift
[2040/2289] Compiling AsyncHTTPClient TracingSupport.swift
[2041/2289] Compiling AsyncHTTPClient Utils.swift
[2042/2289] Emitting module AsyncHTTPClient
[2043/2289] Compiling AsyncHTTPClient AnyAsyncSequence.swift
[2044/2289] Compiling AsyncHTTPClient AnyAsyncSequenceProucerDelete.swift
[2045/2289] Compiling AsyncHTTPClient AsyncLazySequence.swift
[2046/2289] Compiling AsyncHTTPClient HTTPClient+execute.swift
[2047/2289] Compiling AsyncHTTPClient HTTPClient+shutdown.swift
[2048/2289] Compiling AsyncHTTPClient HTTPClient+tracing.swift
[2049/2289] Compiling AsyncHTTPClient HTTPClientRequest+Prepared.swift
[2050/2289] Compiling AsyncHTTPClient HTTPClientRequest+auth.swift
[2051/2289] Compiling AsyncHTTPClient HTTPClientRequest.swift
[2052/2289] Compiling AsyncHTTPClient RequestOptions.swift
[2053/2289] Compiling AsyncHTTPClient HTTPConnectionPool+Backoff.swift
[2054/2289] Compiling AsyncHTTPClient HTTPConnectionPool+HTTP1Connections.swift
[2055/2289] Compiling AsyncHTTPClient HTTPConnectionPool+HTTP1StateMachine.swift
[2056/2289] Compiling AsyncHTTPClient HTTPConnectionPool+HTTP2Connections.swift
[2057/2289] Compiling AsyncHTTPClient HTTPConnectionPool+HTTP2StateMachine.swift
[2058/2289] Compiling AsyncHTTPClient HTTPConnectionPool+RequestQueue.swift
[2059/2289] Compiling AsyncHTTPClient HTTPConnectionPool+StateMachine.swift
[2060/2289] Compiling AsyncHTTPClient ConnectionTarget.swift
[2061/2289] Compiling AsyncHTTPClient HTTPConnectionEvent.swift
[2062/2289] Compiling AsyncHTTPClient HTTPConnectionPool+Factory.swift
[2063/2289] Compiling AsyncHTTPClient HTTPConnectionPool+Manager.swift
[2064/2289] Compiling AsyncHTTPClient HTTPConnectionPool.swift
[2065/2289] Compiling AsyncHTTPClient HTTPExecutableRequest.swift
[2066/2289] Compiling AsyncHTTPClient HTTPRequestStateMachine+Demand.swift
[2067/2289] Compiling AsyncHTTPClient HTTPRequestStateMachine.swift
[2068/2289] Compiling AsyncHTTPClient RequestBodyLength.swift
[2069/2289] Compiling AsyncHTTPClient RequestFramingMetadata.swift
[2070/2289] Compiling AsyncHTTPClient HTTP1ProxyConnectHandler.swift
[2071/2289] Compiling AsyncHTTPClient SOCKSEventsHandler.swift
[2072/2289] Compiling AsyncHTTPClient TLSEventsHandler.swift
[2073/2289] Compiling AsyncHTTPClient HTTP1ClientChannelHandler.swift
[2074/2289] Compiling AsyncHTTPClient HTTP1Connection.swift
[2075/2289] Compiling AsyncHTTPClient HTTP1ConnectionStateMachine.swift
[2076/2289] Compiling AsyncHTTPClient HTTP2ClientRequestHandler.swift
[2077/2289] Compiling AsyncHTTPClient HTTP2Connection.swift
[2078/2289] Compiling AsyncHTTPClient HTTP2IdleHandler.swift
[2079/2289] Compiling AsyncHTTPClient HTTPClientResponse.swift
[2080/2289] Compiling AsyncHTTPClient SingleIteratorPrecondition.swift
[2081/2289] Compiling AsyncHTTPClient Transaction+StateMachine.swift
[2082/2289] Compiling AsyncHTTPClient Transaction.swift
[2083/2289] Compiling AsyncHTTPClient Base64.swift
[2084/2289] Compiling AsyncHTTPClient BasicAuth.swift
[2085/2289] Compiling AsyncHTTPClient BestEffortHashableTLSConfiguration.swift
[2086/2289] Compiling AsyncHTTPClient Configuration+BrowserLike.swift
[2087/2289] Compiling AsyncHTTPClient ConnectionPool.swift
[2088/2289] Compiling AsyncHTTPClient DeconstructedURL.swift
[2089/2289] Compiling AsyncHTTPClient FileDownloadDelegate.swift
[2090/2289] Compiling AsyncHTTPClient FoundationExtensions.swift
[2091/2289] Compiling AsyncHTTPClient HTTPClient+HTTPCookie.swift
[2092/2289] Compiling AsyncHTTPClient HTTPClient+Proxy.swift
[2093/2289] Compiling AsyncHTTPClient HTTPClient+StructuredConcurrency.swift
[2094/2289] Compiling AsyncHTTPClient HTTPClient.swift
[2095/2289] Compiling AsyncHTTPClient HTTPClientConfiguration+SwiftConfiguration.swift
[2096/2289] Compiling AsyncHTTPClient HTTPHandler.swift
[2097/2290] Wrapping AST for AsyncHTTPClient for debugging
[2099/2313] Compiling GoogleAuth ADC.swift
[2100/2313] Compiling GoogleAuth ADCPath.swift
[2101/2313] Compiling GoogleAuth ADCResolver.swift
[2102/2313] Compiling GoogleAuth AuthHeaders.swift
[2103/2316] Compiling GoogleAuth ServiceAccountCredentials.swift
[2104/2316] Compiling GoogleAuth ServiceAccountData.swift
[2105/2316] Compiling GoogleAuth ServiceAccountTokenProvider.swift
[2106/2316] Compiling GoogleAuth SubjectTokenProvider.swift
[2107/2316] Compiling GoogleAuth MDSAccessTokenProvider.swift
[2108/2316] Compiling GoogleAuth MDSCredentials.swift
[2109/2316] Compiling GoogleAuth UserAccountData.swift
[2110/2316] Compiling GoogleAuth UserAccountTokenProvider.swift
[2111/2316] Compiling GoogleAuth UserCredentials.swift
[2112/2316] Compiling GoogleAuth AnonymousCredentials.swift
[2113/2316] Compiling GoogleAuth ApiKeyCredentials.swift
[2114/2316] Compiling GoogleAuth ExternalAccountCredentials.swift
[2115/2316] Compiling GoogleAuth CredentialParserRegistry.swift
[2116/2316] Compiling GoogleAuth Credentials.swift
[2117/2316] Compiling GoogleAuth CredentialsError.swift
[2118/2316] Emitting module GoogleAuth
[2119/2316] Compiling GoogleAuth AuthHTTPClient.swift
[2120/2316] Compiling GoogleAuth AuthHTTPError.swift
[2121/2316] Compiling GoogleAuth RetryEngine.swift
[2122/2316] Compiling GoogleAuth STSHandler.swift
[2123/2316] Compiling GoogleAuth TokenCache.swift
[2124/2316] Compiling GoogleAuth PackageVersion.swift
[2125/2317] Wrapping AST for GoogleAuth for debugging
[2127/2375] Compiling GoogleGax AIP194+PollingErrorPolicy.swift
[2128/2375] Compiling GoogleGax AIP194+RetryPolicy.swift
[2129/2375] Compiling GoogleGax AIP194.swift
[2130/2375] Compiling GoogleGax AdaptiveThrottler.swift
[2131/2375] Compiling GoogleGax AlwaysPoll.swift
[2132/2375] Compiling GoogleGax AlwaysRetry.swift
[2133/2375] Compiling GoogleGax ApiClientHeader.swift
[2134/2375] Compiling GoogleGax BackoffPolicy.swift
[2135/2375] Compiling GoogleGax BasePollingErrorPolicy.swift
[2136/2383] Compiling GoogleGax RequestOptions.swift
[2137/2383] Compiling GoogleGax RetryLoop.swift
[2138/2383] Compiling GoogleGax RetryPolicy.swift
[2139/2383] Compiling GoogleGax RetryResult.swift
[2140/2383] Compiling GoogleGax RetryState.swift
[2141/2383] Compiling GoogleGax RetryThrottler.swift
[2142/2383] Compiling GoogleGax RetryThrottlerError.swift
[2143/2383] Compiling GoogleGax RoutingMatcher.swift
[2144/2383] Compiling GoogleGax LimitedAttemptCount+PollingErrorPolicy.swift
[2145/2383] Compiling GoogleGax LimitedAttemptCount+RetryPolicy.swift
[2146/2383] Compiling GoogleGax LimitedAttemptCount.swift
[2147/2383] Compiling GoogleGax LimitedElapsedTime+PollingErrorPolicy.swift
[2148/2383] Compiling GoogleGax LimitedElapsedTime+RetryPolicy.swift
[2149/2383] Compiling GoogleGax LimitedElapsedTime.swift
[2150/2383] Compiling GoogleGax LongRunningOperations.swift
[2151/2383] Compiling GoogleGax NeverRetry.swift
[2152/2383] Compiling GoogleGax Pagination.swift
/host/spi-builder-workspace/.build/checkouts/swift-google-gax/Sources/GoogleGax/Pagination.swift:44:22: error: cannot convert '@Sendable (String) async throws -> (response: ResponseType, items: [Item], nextToken: String)' to 'nonisolated(nonsending) @Sendable (String) async throws -> (response: ResponseType, items: [Item], nextToken: String)' because crossing of an isolation boundary requires parameter and result types to conform to 'Sendable' protocol
42 | ) where ResponseType: _PaginatedResponse<Item> {
43 | self.initialPageToken = initialPageToken ?? ""
44 | self.fetchPage = { token in
| |- error: cannot convert '@Sendable (String) async throws -> (response: ResponseType, items: [Item], nextToken: String)' to 'nonisolated(nonsending) @Sendable (String) async throws -> (response: ResponseType, items: [Item], nextToken: String)' because crossing of an isolation boundary requires parameter and result types to conform to 'Sendable' protocol
| `- note: type 'Item' does not conform to 'Sendable' protocol
45 | let response = try await listRpc(token)
46 | return (response, response._getPaginatedItems(), response._nextPageToken())
[2153/2383] Compiling GoogleGax PollingBackoffPolicy.swift
/host/spi-builder-workspace/.build/checkouts/swift-google-gax/Sources/GoogleGax/Pagination.swift:44:22: error: cannot convert '@Sendable (String) async throws -> (response: ResponseType, items: [Item], nextToken: String)' to 'nonisolated(nonsending) @Sendable (String) async throws -> (response: ResponseType, items: [Item], nextToken: String)' because crossing of an isolation boundary requires parameter and result types to conform to 'Sendable' protocol
42 | ) where ResponseType: _PaginatedResponse<Item> {
43 | self.initialPageToken = initialPageToken ?? ""
44 | self.fetchPage = { token in
| |- error: cannot convert '@Sendable (String) async throws -> (response: ResponseType, items: [Item], nextToken: String)' to 'nonisolated(nonsending) @Sendable (String) async throws -> (response: ResponseType, items: [Item], nextToken: String)' because crossing of an isolation boundary requires parameter and result types to conform to 'Sendable' protocol
| `- note: type 'Item' does not conform to 'Sendable' protocol
45 | let response = try await listRpc(token)
46 | return (response, response._getPaginatedItems(), response._nextPageToken())
[2154/2383] Compiling GoogleGax PollingErrorPolicy.swift
/host/spi-builder-workspace/.build/checkouts/swift-google-gax/Sources/GoogleGax/Pagination.swift:44:22: error: cannot convert '@Sendable (String) async throws -> (response: ResponseType, items: [Item], nextToken: String)' to 'nonisolated(nonsending) @Sendable (String) async throws -> (response: ResponseType, items: [Item], nextToken: String)' because crossing of an isolation boundary requires parameter and result types to conform to 'Sendable' protocol
42 | ) where ResponseType: _PaginatedResponse<Item> {
43 | self.initialPageToken = initialPageToken ?? ""
44 | self.fetchPage = { token in
| |- error: cannot convert '@Sendable (String) async throws -> (response: ResponseType, items: [Item], nextToken: String)' to 'nonisolated(nonsending) @Sendable (String) async throws -> (response: ResponseType, items: [Item], nextToken: String)' because crossing of an isolation boundary requires parameter and result types to conform to 'Sendable' protocol
| `- note: type 'Item' does not conform to 'Sendable' protocol
45 | let response = try await listRpc(token)
46 | return (response, response._getPaginatedItems(), response._nextPageToken())
[2155/2383] Compiling GoogleGax PollingResult.swift
/host/spi-builder-workspace/.build/checkouts/swift-google-gax/Sources/GoogleGax/Pagination.swift:44:22: error: cannot convert '@Sendable (String) async throws -> (response: ResponseType, items: [Item], nextToken: String)' to 'nonisolated(nonsending) @Sendable (String) async throws -> (response: ResponseType, items: [Item], nextToken: String)' because crossing of an isolation boundary requires parameter and result types to conform to 'Sendable' protocol
42 | ) where ResponseType: _PaginatedResponse<Item> {
43 | self.initialPageToken = initialPageToken ?? ""
44 | self.fetchPage = { token in
| |- error: cannot convert '@Sendable (String) async throws -> (response: ResponseType, items: [Item], nextToken: String)' to 'nonisolated(nonsending) @Sendable (String) async throws -> (response: ResponseType, items: [Item], nextToken: String)' because crossing of an isolation boundary requires parameter and result types to conform to 'Sendable' protocol
| `- note: type 'Item' does not conform to 'Sendable' protocol
45 | let response = try await listRpc(token)
46 | return (response, response._getPaginatedItems(), response._nextPageToken())
[2156/2383] Compiling GoogleGax PollingState.swift
/host/spi-builder-workspace/.build/checkouts/swift-google-gax/Sources/GoogleGax/Pagination.swift:44:22: error: cannot convert '@Sendable (String) async throws -> (response: ResponseType, items: [Item], nextToken: String)' to 'nonisolated(nonsending) @Sendable (String) async throws -> (response: ResponseType, items: [Item], nextToken: String)' because crossing of an isolation boundary requires parameter and result types to conform to 'Sendable' protocol
42 | ) where ResponseType: _PaginatedResponse<Item> {
43 | self.initialPageToken = initialPageToken ?? ""
44 | self.fetchPage = { token in
| |- error: cannot convert '@Sendable (String) async throws -> (response: ResponseType, items: [Item], nextToken: String)' to 'nonisolated(nonsending) @Sendable (String) async throws -> (response: ResponseType, items: [Item], nextToken: String)' because crossing of an isolation boundary requires parameter and result types to conform to 'Sendable' protocol
| `- note: type 'Item' does not conform to 'Sendable' protocol
45 | let response = try await listRpc(token)
46 | return (response, response._getPaginatedItems(), response._nextPageToken())
[2157/2383] Compiling GoogleGax ProtobufConversionError.swift
/host/spi-builder-workspace/.build/checkouts/swift-google-gax/Sources/GoogleGax/Pagination.swift:44:22: error: cannot convert '@Sendable (String) async throws -> (response: ResponseType, items: [Item], nextToken: String)' to 'nonisolated(nonsending) @Sendable (String) async throws -> (response: ResponseType, items: [Item], nextToken: String)' because crossing of an isolation boundary requires parameter and result types to conform to 'Sendable' protocol
42 | ) where ResponseType: _PaginatedResponse<Item> {
43 | self.initialPageToken = initialPageToken ?? ""
44 | self.fetchPage = { token in
| |- error: cannot convert '@Sendable (String) async throws -> (response: ResponseType, items: [Item], nextToken: String)' to 'nonisolated(nonsending) @Sendable (String) async throws -> (response: ResponseType, items: [Item], nextToken: String)' because crossing of an isolation boundary requires parameter and result types to conform to 'Sendable' protocol
| `- note: type 'Item' does not conform to 'Sendable' protocol
45 | let response = try await listRpc(token)
46 | return (response, response._getPaginatedItems(), response._nextPageToken())
[2158/2383] Compiling GoogleGax QueryParameter.swift
/host/spi-builder-workspace/.build/checkouts/swift-google-gax/Sources/GoogleGax/Pagination.swift:44:22: error: cannot convert '@Sendable (String) async throws -> (response: ResponseType, items: [Item], nextToken: String)' to 'nonisolated(nonsending) @Sendable (String) async throws -> (response: ResponseType, items: [Item], nextToken: String)' because crossing of an isolation boundary requires parameter and result types to conform to 'Sendable' protocol
42 | ) where ResponseType: _PaginatedResponse<Item> {
43 | self.initialPageToken = initialPageToken ?? ""
44 | self.fetchPage = { token in
| |- error: cannot convert '@Sendable (String) async throws -> (response: ResponseType, items: [Item], nextToken: String)' to 'nonisolated(nonsending) @Sendable (String) async throws -> (response: ResponseType, items: [Item], nextToken: String)' because crossing of an isolation boundary requires parameter and result types to conform to 'Sendable' protocol
| `- note: type 'Item' does not conform to 'Sendable' protocol
45 | let response = try await listRpc(token)
46 | return (response, response._getPaginatedItems(), response._nextPageToken())
[2159/2383] Compiling GoogleGax RequestError.swift
/host/spi-builder-workspace/.build/checkouts/swift-google-gax/Sources/GoogleGax/Pagination.swift:44:22: error: cannot convert '@Sendable (String) async throws -> (response: ResponseType, items: [Item], nextToken: String)' to 'nonisolated(nonsending) @Sendable (String) async throws -> (response: ResponseType, items: [Item], nextToken: String)' because crossing of an isolation boundary requires parameter and result types to conform to 'Sendable' protocol
42 | ) where ResponseType: _PaginatedResponse<Item> {
43 | self.initialPageToken = initialPageToken ?? ""
44 | self.fetchPage = { token in
| |- error: cannot convert '@Sendable (String) async throws -> (response: ResponseType, items: [Item], nextToken: String)' to 'nonisolated(nonsending) @Sendable (String) async throws -> (response: ResponseType, items: [Item], nextToken: String)' because crossing of an isolation boundary requires parameter and result types to conform to 'Sendable' protocol
| `- note: type 'Item' does not conform to 'Sendable' protocol
45 | let response = try await listRpc(token)
46 | return (response, response._getPaginatedItems(), response._nextPageToken())
[2160/2383] Compiling GoogleGax ContinueOnIO.swift
[2161/2383] Compiling GoogleGax CredentialsProtocol.swift
[2162/2383] Compiling GoogleGax ErrorWrapper.swift
[2163/2383] Compiling GoogleGax ExponentialBackoff+BackoffPolicy.swift
[2164/2383] Compiling GoogleGax ExponentialBackoff+PollingBackoffPolicy.swift
[2165/2383] Compiling GoogleGax ExponentialBackoff.swift
[2166/2383] Compiling GoogleGax HTTPClient.swift
[2167/2383] Compiling GoogleGax HTTPClientHolder.swift
[2168/2383] Emitting module GoogleGax
[2169/2383] Compiling GoogleGax HTTPClientProtocol.swift
[2170/2383] Compiling GoogleGax HTTPClientRequest.swift
[2171/2383] Compiling GoogleGax HTTPClientResponse.swift
[2172/2383] Compiling GoogleGax HTTPHeaders.swift
[2173/2383] Compiling GoogleGax HTTPResponseBody.swift
[2174/2383] Compiling GoogleGax HeaderNames.swift
[2175/2383] Compiling GoogleGax Host.swift
[2176/2383] Compiling GoogleGax InProgressResult.swift
[2177/2383] Compiling GoogleGax BaseRetryPolicy.swift
[2178/2383] Compiling GoogleGax BindingError.swift
[2179/2383] Compiling GoogleGax CRC32C.swift
[2180/2383] Compiling GoogleGax CircuitBreaker.swift
[2181/2383] Compiling GoogleGax ClientError.swift
[2182/2383] Compiling GoogleGax ClientOptions.swift
[2183/2383] Compiling GoogleGax ContinueOnIO+PollingErrorPolicy.swift
[2184/2383] Compiling GoogleGax ContinueOnIO+RetryPolicy.swift
[2185/2383] Compiling GoogleGax ServiceError.swift
[2186/2383] Compiling GoogleGax StatusDetail.swift
[2187/2383] Compiling GoogleGax StrictIdempotency.swift
[2188/2383] Compiling GoogleGax ThrottleResult.swift
[2189/2383] Compiling GoogleGax TooManyRequests+PollingErrorPolicy.swift
[2190/2383] Compiling GoogleGax TooManyRequests+RetryPolicy.swift
[2191/2383] Compiling GoogleGax TooManyRequests.swift
[2192/2383] Compiling GoogleGax PackageVersion.swift
BUILD FAILURE 6.2 android