The Swift Package Index logo.Swift Package Index

Build Information

Failed to build Netable, reference main (d1dc98), with Swift 6.4 for watchOS using Xcode 27.0 on 19 Sep 2026 07:47:46 UTC.

Build Command

env DEVELOPER_DIR=/Applications/Xcode-27.0.0-Release.Candidate.app xcrun xcodebuild -IDEClonedSourcePackagesDirPathOverride=$PWD/.dependencies -skipMacroValidation -skipPackagePluginValidation -derivedDataPath $PWD/.derivedData build -scheme Netable -destination generic/platform=watchOS

Build Log

========================================
RunAll
========================================
Builder version: 5.1.0
Interrupt handler set up.
========================================
Checkout
========================================
Clone URL: https://github.com/steamclock/netable.git
Reference: main
Initialized empty Git repository in /Users/admin/builder/spi-builder-workspace/.git/
From https://github.com/steamclock/netable
 * branch            main       -> FETCH_HEAD
 * [new branch]      main       -> origin/main
HEAD is now at d1dc982 fix changelog missing 2.2.0, update interceptor stuff to 2.3.0
Cloned https://github.com/steamclock/netable.git
Revision (git rev-parse @):
d1dc982cd6a0ec0db37e6d3873069f929422c074
SUCCESS checkout https://github.com/steamclock/netable.git at main
========================================
Build
========================================
Selected platform:         watchOS
Swift version:             6.4
Building package at path:  $PWD
https://github.com/steamclock/netable.git
Command line invocation:
    /Applications/Xcode-27.0.0-Release.Candidate.app/Contents/Developer/usr/bin/xcodebuild -IDEClonedSourcePackagesDirPathOverride=/Users/admin/builder/spi-builder-workspace/.dependencies -resolvePackageDependencies
Resolve Package Graph
Resolve Package Graph
Resolved source packages:
  Netable: /Users/admin/builder/spi-builder-workspace
resolved source packages: Netable
2026-09-19 03:46:54.792 xcodebuild[529:3048] [MT] IDERunDestination: Supported platforms for the buildables in the current scheme is empty.
{
  "dependencies" : [
  ],
  "manifest_display_name" : "Netable",
  "name" : "Netable",
  "path" : "/Users/admin/builder/spi-builder-workspace",
  "platforms" : [
    {
      "name" : "ios",
      "version" : "13.0"
    },
    {
      "name" : "macos",
      "version" : "10.15"
    }
  ],
  "products" : [
    {
      "name" : "Netable",
      "targets" : [
        "Netable"
      ],
      "type" : {
        "library" : [
          "automatic"
        ]
      }
    }
  ],
  "targets" : [
    {
      "c99name" : "Netable",
      "module_type" : "SwiftTarget",
      "name" : "Netable",
      "path" : "Netable/Netable",
      "product_memberships" : [
        "Netable"
      ],
      "sources" : [
        "Config.swift",
        "DecodingError+Logging.swift",
        "Error.swift",
        "GraphQLRequest.swift",
        "HTTPMethod.swift",
        "Helper/ArrayDecodeStrategy.swift",
        "Helper/Netable+Equatable.swift",
        "Helper/Netable+Error.swift",
        "Helper/String+FullyQualifiedURL.swift",
        "Interceptors/AdaptedRequest.swift",
        "Interceptors/Interceptor.swift",
        "Interceptors/InterceptorList.swift",
        "LogDestination.swift",
        "LossyArray.swift",
        "Netable.swift",
        "Request.swift",
        "RequestFailedDelegate.swift",
        "RetryConfiguration.swift",
        "SmartUnwrap.swift",
        "URLRequest+EncodeParameters.swift",
        "URLRequest+EncodeURL.swift",
        "URLRequest+Multipart.swift"
      ],
      "type" : "library"
    }
  ],
  "tools_version" : "5.1"
}
{
  "workspace" : {
    "name" : "Netable",
    "schemes" : [
      "Netable"
    ]
  }
}
2026-09-19 03:47:36.048 xcodebuild[659:4228] [MT] IDERunDestination: Supported platforms for the buildables in the current scheme is empty.
Running build ...
env DEVELOPER_DIR=/Applications/Xcode-27.0.0-Release.Candidate.app xcrun xcodebuild -IDEClonedSourcePackagesDirPathOverride=$PWD/.dependencies -skipMacroValidation -skipPackagePluginValidation -derivedDataPath $PWD/.derivedData build -scheme Netable -destination generic/platform=watchOS
Command line invocation:
    /Applications/Xcode-27.0.0-Release.Candidate.app/Contents/Developer/usr/bin/xcodebuild -IDEClonedSourcePackagesDirPathOverride=/Users/admin/builder/spi-builder-workspace/.dependencies -skipMacroValidation -skipPackagePluginValidation -derivedDataPath /Users/admin/builder/spi-builder-workspace/.derivedData build -scheme Netable -destination generic/platform=watchOS
Resolve Package Graph
Resolved source packages:
  Netable: /Users/admin/builder/spi-builder-workspace
ComputePackagePrebuildTargetDependencyGraph
Prepare packages
CreateBuildRequest
SendProjectDescription
CreateBuildOperation
ComputeTargetDependencyGraph
note: Building targets in dependency order
note: Target dependency graph (2 targets)
    Target 'Netable-product' in project 'Netable'
        ➜ Explicit dependency on target 'Netable' in project 'Netable'
    Target 'Netable' in project 'Netable' (no dependencies)
GatherProvisioningInputs
CreateBuildDescription
ExecuteExternalTool /Applications/Xcode-27.0.0-Release.Candidate.app/Contents/Developer/Toolchains/XcodeDefault.xctoolchain/usr/bin/clang -v -E -dM -isysroot /Applications/Xcode-27.0.0-Release.Candidate.app/Contents/Developer/Platforms/WatchOS.platform/Developer/SDKs/WatchOS27.0.sdk -x c -c /dev/null
ExecuteExternalTool /Applications/Xcode-27.0.0-Release.Candidate.app/Contents/Developer/Toolchains/XcodeDefault.xctoolchain/usr/bin/swiftc --version
ExecuteExternalTool /Applications/Xcode-27.0.0-Release.Candidate.app/Contents/Developer/Toolchains/XcodeDefault.xctoolchain/usr/bin/ld -version_details
Build description signature: c115571fe5b1987c13a952ab337745b4
Build description path: /Users/admin/builder/spi-builder-workspace/.derivedData/Build/Intermediates.noindex/XCBuildData/c115571fe5b1987c13a952ab337745b4.xcbuilddata
CreateBuildDirectory /Users/admin/builder/spi-builder-workspace/.derivedData/SDKExplicitPrecompiledModules
    cd /Users/admin/builder/spi-builder-workspace/.swiftpm/xcode
    builtin-create-build-directory /Users/admin/builder/spi-builder-workspace/.derivedData/SDKExplicitPrecompiledModules
CreateBuildDirectory /Users/admin/builder/spi-builder-workspace/.derivedData/CompilationCache.noindex
    cd /Users/admin/builder/spi-builder-workspace/.swiftpm/xcode
    builtin-create-build-directory /Users/admin/builder/spi-builder-workspace/.derivedData/CompilationCache.noindex
CreateBuildDirectory /Users/admin/builder/spi-builder-workspace/.derivedData/ModuleCache.noindex
    cd /Users/admin/builder/spi-builder-workspace/.swiftpm/xcode
    builtin-create-build-directory /Users/admin/builder/spi-builder-workspace/.derivedData/ModuleCache.noindex
CreateBuildDirectory /Users/admin/builder/spi-builder-workspace/.derivedData/Build/Products
    cd /Users/admin/builder/spi-builder-workspace/.swiftpm/xcode
    builtin-create-build-directory /Users/admin/builder/spi-builder-workspace/.derivedData/Build/Products
CreateBuildDirectory /Users/admin/builder/spi-builder-workspace/.derivedData/Build/Intermediates.noindex
    cd /Users/admin/builder/spi-builder-workspace/.swiftpm/xcode
    builtin-create-build-directory /Users/admin/builder/spi-builder-workspace/.derivedData/Build/Intermediates.noindex
ClangStatCache /Applications/Xcode-27.0.0-Release.Candidate.app/Contents/Developer/Toolchains/XcodeDefault.xctoolchain/usr/bin/clang-stat-cache /Applications/Xcode-27.0.0-Release.Candidate.app/Contents/Developer/Platforms/WatchOS.platform/Developer/SDKs/WatchOS27.0.sdk /Users/admin/builder/spi-builder-workspace/.derivedData/SDKStatCaches.noindex/watchos27.0-24R360-e829b21a6f8c9b70876ba0858053c04477534ef55a1706bf4c1112bbb242f0a2.sdkstatcache
    cd /Users/admin/builder/spi-builder-workspace/.swiftpm/xcode
    /Applications/Xcode-27.0.0-Release.Candidate.app/Contents/Developer/Toolchains/XcodeDefault.xctoolchain/usr/bin/clang-stat-cache /Applications/Xcode-27.0.0-Release.Candidate.app/Contents/Developer/Platforms/WatchOS.platform/Developer/SDKs/WatchOS27.0.sdk -o /Users/admin/builder/spi-builder-workspace/.derivedData/SDKStatCaches.noindex/watchos27.0-24R360-e829b21a6f8c9b70876ba0858053c04477534ef55a1706bf4c1112bbb242f0a2.sdkstatcache
CreateBuildDirectory /Users/admin/builder/spi-builder-workspace/.derivedData/Build/Intermediates.noindex/SwiftExplicitPrecompiledModules
    cd /Users/admin/builder/spi-builder-workspace/.swiftpm/xcode
    builtin-create-build-directory /Users/admin/builder/spi-builder-workspace/.derivedData/Build/Intermediates.noindex/SwiftExplicitPrecompiledModules
CreateBuildDirectory /Users/admin/builder/spi-builder-workspace/.derivedData/Build/Intermediates.noindex/PrecompiledHeaders
    cd /Users/admin/builder/spi-builder-workspace/.swiftpm/xcode
    builtin-create-build-directory /Users/admin/builder/spi-builder-workspace/.derivedData/Build/Intermediates.noindex/PrecompiledHeaders
CreateBuildDirectory /Users/admin/builder/spi-builder-workspace/.derivedData/Build/Intermediates.noindex/ExplicitPrecompiledModules
    cd /Users/admin/builder/spi-builder-workspace/.swiftpm/xcode
    builtin-create-build-directory /Users/admin/builder/spi-builder-workspace/.derivedData/Build/Intermediates.noindex/ExplicitPrecompiledModules
CreateBuildDirectory /Users/admin/builder/spi-builder-workspace/.derivedData/Build/Products/Debug-watchos
    cd /Users/admin/builder/spi-builder-workspace/.swiftpm/xcode
    builtin-create-build-directory /Users/admin/builder/spi-builder-workspace/.derivedData/Build/Products/Debug-watchos
CreateBuildDirectory /Users/admin/builder/spi-builder-workspace/.derivedData/Build/Intermediates.noindex/EagerLinkingTBDs/Debug-watchos
    cd /Users/admin/builder/spi-builder-workspace/.swiftpm/xcode
    builtin-create-build-directory /Users/admin/builder/spi-builder-workspace/.derivedData/Build/Intermediates.noindex/EagerLinkingTBDs/Debug-watchos
CreateBuildDirectory /Users/admin/builder/spi-builder-workspace/.derivedData/Build/Products/Debug-watchos/PackageFrameworks
    cd /Users/admin/builder/spi-builder-workspace/.swiftpm/xcode
    builtin-create-build-directory /Users/admin/builder/spi-builder-workspace/.derivedData/Build/Products/Debug-watchos/PackageFrameworks
WriteAuxiliaryFile /Users/admin/builder/spi-builder-workspace/.derivedData/Build/Intermediates.noindex/Netable.build/Debug-watchos/Netable-t.build/Netable.modulemap (in target 'Netable' from project 'Netable')
    cd /Users/admin/builder/spi-builder-workspace
    write-file /Users/admin/builder/spi-builder-workspace/.derivedData/Build/Intermediates.noindex/Netable.build/Debug-watchos/Netable-t.build/Netable.modulemap
WriteAuxiliaryFile /Users/admin/builder/spi-builder-workspace/.derivedData/Build/Intermediates.noindex/Netable.build/Debug-watchos/Netable-t.build/Objects-normal/arm64/Netable_const_extract_protocols.json (in target 'Netable' from project 'Netable')
    cd /Users/admin/builder/spi-builder-workspace
    write-file /Users/admin/builder/spi-builder-workspace/.derivedData/Build/Intermediates.noindex/Netable.build/Debug-watchos/Netable-t.build/Objects-normal/arm64/Netable_const_extract_protocols.json
WriteAuxiliaryFile /Users/admin/builder/spi-builder-workspace/.derivedData/Build/Intermediates.noindex/Netable.build/Debug-watchos/Netable-t.build/Objects-normal/arm64/Netable.LinkFileList (in target 'Netable' from project 'Netable')
    cd /Users/admin/builder/spi-builder-workspace
    write-file /Users/admin/builder/spi-builder-workspace/.derivedData/Build/Intermediates.noindex/Netable.build/Debug-watchos/Netable-t.build/Objects-normal/arm64/Netable.LinkFileList
WriteAuxiliaryFile /Users/admin/builder/spi-builder-workspace/.derivedData/Build/Intermediates.noindex/Netable.build/Debug-watchos/Netable-t.build/Objects-normal/arm64_32/Netable.LinkFileList (in target 'Netable' from project 'Netable')
    cd /Users/admin/builder/spi-builder-workspace
    write-file /Users/admin/builder/spi-builder-workspace/.derivedData/Build/Intermediates.noindex/Netable.build/Debug-watchos/Netable-t.build/Objects-normal/arm64_32/Netable.LinkFileList
WriteAuxiliaryFile /Users/admin/builder/spi-builder-workspace/.derivedData/Build/Intermediates.noindex/Netable.build/Debug-watchos/Netable-t.build/Objects-normal/arm64_32/Netable_const_extract_protocols.json (in target 'Netable' from project 'Netable')
    cd /Users/admin/builder/spi-builder-workspace
    write-file /Users/admin/builder/spi-builder-workspace/.derivedData/Build/Intermediates.noindex/Netable.build/Debug-watchos/Netable-t.build/Objects-normal/arm64_32/Netable_const_extract_protocols.json
WriteAuxiliaryFile /Users/admin/builder/spi-builder-workspace/.derivedData/Build/Intermediates.noindex/Netable.build/Debug-watchos/Netable-t.build/Objects-normal/arm64_32/Netable.SwiftConstValuesFileList (in target 'Netable' from project 'Netable')
    cd /Users/admin/builder/spi-builder-workspace
    write-file /Users/admin/builder/spi-builder-workspace/.derivedData/Build/Intermediates.noindex/Netable.build/Debug-watchos/Netable-t.build/Objects-normal/arm64_32/Netable.SwiftConstValuesFileList
WriteAuxiliaryFile /Users/admin/builder/spi-builder-workspace/.derivedData/Build/Intermediates.noindex/Netable.build/Debug-watchos/Netable-t.build/Objects-normal/arm64_32/Netable.SwiftFileList (in target 'Netable' from project 'Netable')
    cd /Users/admin/builder/spi-builder-workspace
    write-file /Users/admin/builder/spi-builder-workspace/.derivedData/Build/Intermediates.noindex/Netable.build/Debug-watchos/Netable-t.build/Objects-normal/arm64_32/Netable.SwiftFileList
WriteAuxiliaryFile /Users/admin/builder/spi-builder-workspace/.derivedData/Build/Intermediates.noindex/Netable.build/Debug-watchos/Netable-t.build/Objects-normal/arm64/Netable-OutputFileMap.json (in target 'Netable' from project 'Netable')
    cd /Users/admin/builder/spi-builder-workspace
    write-file /Users/admin/builder/spi-builder-workspace/.derivedData/Build/Intermediates.noindex/Netable.build/Debug-watchos/Netable-t.build/Objects-normal/arm64/Netable-OutputFileMap.json
WriteAuxiliaryFile /Users/admin/builder/spi-builder-workspace/.derivedData/Build/Intermediates.noindex/Netable.build/Debug-watchos/Netable-t.build/Objects-normal/arm64_32/Netable-OutputFileMap.json (in target 'Netable' from project 'Netable')
    cd /Users/admin/builder/spi-builder-workspace
    write-file /Users/admin/builder/spi-builder-workspace/.derivedData/Build/Intermediates.noindex/Netable.build/Debug-watchos/Netable-t.build/Objects-normal/arm64_32/Netable-OutputFileMap.json
WriteAuxiliaryFile /Users/admin/builder/spi-builder-workspace/.derivedData/Build/Intermediates.noindex/Netable.build/Debug-watchos/Netable-t.build/Objects-normal/arm64/Netable.SwiftFileList (in target 'Netable' from project 'Netable')
    cd /Users/admin/builder/spi-builder-workspace
    write-file /Users/admin/builder/spi-builder-workspace/.derivedData/Build/Intermediates.noindex/Netable.build/Debug-watchos/Netable-t.build/Objects-normal/arm64/Netable.SwiftFileList
WriteAuxiliaryFile /Users/admin/builder/spi-builder-workspace/.derivedData/Build/Intermediates.noindex/Netable.build/Debug-watchos/Netable-t.build/Objects-normal/arm64/Netable.SwiftConstValuesFileList (in target 'Netable' from project 'Netable')
    cd /Users/admin/builder/spi-builder-workspace
    write-file /Users/admin/builder/spi-builder-workspace/.derivedData/Build/Intermediates.noindex/Netable.build/Debug-watchos/Netable-t.build/Objects-normal/arm64/Netable.SwiftConstValuesFileList
WriteAuxiliaryFile /Users/admin/builder/spi-builder-workspace/.derivedData/Build/Intermediates.noindex/Netable.build/Debug-watchos/Netable-t.build/Netable.DependencyStaticMetadataFileList (in target 'Netable' from project 'Netable')
    cd /Users/admin/builder/spi-builder-workspace
    write-file /Users/admin/builder/spi-builder-workspace/.derivedData/Build/Intermediates.noindex/Netable.build/Debug-watchos/Netable-t.build/Netable.DependencyStaticMetadataFileList
WriteAuxiliaryFile /Users/admin/builder/spi-builder-workspace/.derivedData/Build/Intermediates.noindex/Netable.build/Debug-watchos/Netable-t.build/Netable.DependencyMetadataFileList (in target 'Netable' from project 'Netable')
    cd /Users/admin/builder/spi-builder-workspace
    write-file /Users/admin/builder/spi-builder-workspace/.derivedData/Build/Intermediates.noindex/Netable.build/Debug-watchos/Netable-t.build/Netable.DependencyMetadataFileList
Copy /Users/admin/builder/spi-builder-workspace/.derivedData/Build/Intermediates.noindex/GeneratedModuleMaps-watchos/Netable.modulemap /Users/admin/builder/spi-builder-workspace/.derivedData/Build/Intermediates.noindex/Netable.build/Debug-watchos/Netable-t.build/Netable.modulemap (in target 'Netable' from project 'Netable')
    cd /Users/admin/builder/spi-builder-workspace
    builtin-copy -exclude .DS_Store -exclude CVS -exclude .svn -exclude .git -exclude .hg -resolve-src-symlinks /Users/admin/builder/spi-builder-workspace/.derivedData/Build/Intermediates.noindex/Netable.build/Debug-watchos/Netable-t.build/Netable.modulemap /Users/admin/builder/spi-builder-workspace/.derivedData/Build/Intermediates.noindex/GeneratedModuleMaps-watchos
SwiftDriver Netable normal arm64_32 com.apple.xcode.tools.swift.compiler (in target 'Netable' from project 'Netable')
    cd /Users/admin/builder/spi-builder-workspace/.swiftpm/xcode
    builtin-SwiftDriver -- /Applications/Xcode-27.0.0-Release.Candidate.app/Contents/Developer/Toolchains/XcodeDefault.xctoolchain/usr/bin/swiftc -parse-as-library -module-name Netable -Onone @/Users/admin/builder/spi-builder-workspace/.derivedData/Build/Intermediates.noindex/Netable.build/Debug-watchos/Netable-t.build/Objects-normal/arm64_32/Netable.SwiftFileList -DSWIFT_PACKAGE -DDEBUG -DSWIFT_MODULE_RESOURCE_BUNDLE_UNAVAILABLE -DXcode -plugin-path /Applications/Xcode-27.0.0-Release.Candidate.app/Contents/Developer/Toolchains/XcodeDefault.xctoolchain/usr/lib/swift/host/plugins/testing -enable-experimental-feature DebugDescriptionMacro -sdk /Applications/Xcode-27.0.0-Release.Candidate.app/Contents/Developer/Platforms/WatchOS.platform/Developer/SDKs/WatchOS27.0.sdk -target arm64_32-apple-watchos9.0 -g -module-cache-path /Users/admin/builder/spi-builder-workspace/.derivedData/ModuleCache.noindex -Xfrontend -serialize-debugging-options -enable-testing -index-store-path /Users/admin/builder/spi-builder-workspace/.derivedData/Index.noindex/DataStore -Xcc -D_LIBCPP_HARDENING_MODE\=_LIBCPP_HARDENING_MODE_DEBUG -swift-version 5 -I /Users/admin/builder/spi-builder-workspace/.derivedData/Build/Products/Debug-watchos -Isystem /Applications/Xcode-27.0.0-Release.Candidate.app/Contents/Developer/Platforms/WatchOS.platform/Developer/usr/lib -F /Users/admin/builder/spi-builder-workspace/.derivedData/Build/Products/Debug-watchos -F /Applications/Xcode-27.0.0-Release.Candidate.app/Contents/Developer/Platforms/WatchOS.platform/Developer/Library/Frameworks -F /Applications/Xcode-27.0.0-Release.Candidate.app/Contents/Developer/Platforms/WatchOS.platform/Developer/SDKs/WatchOS27.0.sdk/Developer/Library/Frameworks -c -j10 -enable-batch-mode -incremental -Xcc -ivfsstatcache -Xcc /Users/admin/builder/spi-builder-workspace/.derivedData/SDKStatCaches.noindex/watchos27.0-24R360-e829b21a6f8c9b70876ba0858053c04477534ef55a1706bf4c1112bbb242f0a2.sdkstatcache -output-file-map /Users/admin/builder/spi-builder-workspace/.derivedData/Build/Intermediates.noindex/Netable.build/Debug-watchos/Netable-t.build/Objects-normal/arm64_32/Netable-OutputFileMap.json -save-temps -no-color-diagnostics -explicit-module-build -module-cache-path /Users/admin/builder/spi-builder-workspace/.derivedData/Build/Intermediates.noindex/SwiftExplicitPrecompiledModules -clang-scanner-module-cache-path /Users/admin/builder/spi-builder-workspace/.derivedData/ModuleCache.noindex -sdk-module-cache-path /Users/admin/builder/spi-builder-workspace/.derivedData/SDKExplicitPrecompiledModules -emit-dependencies -emit-module -emit-module-path /Users/admin/builder/spi-builder-workspace/.derivedData/Build/Intermediates.noindex/Netable.build/Debug-watchos/Netable-t.build/Objects-normal/arm64_32/Netable.swiftmodule -serialize-diagnostics -dependency-scan-serialize-diagnostics-path /Users/admin/builder/spi-builder-workspace/.derivedData/Build/Intermediates.noindex/Netable.build/Debug-watchos/Netable-t.build/Objects-normal/arm64_32/Netable-dependency-scan.dia -validate-clang-modules-once -clang-build-session-file /Users/admin/builder/spi-builder-workspace/.derivedData/ModuleCache.noindex/Session.modulevalidation -Xcc -fmodules-prune-interval\=86400 -Xcc -fmodules-prune-after\=345600 -emit-const-values -const-gather-protocols-list /Users/admin/builder/spi-builder-workspace/.derivedData/Build/Intermediates.noindex/Netable.build/Debug-watchos/Netable-t.build/Objects-normal/arm64_32/Netable_const_extract_protocols.json -Xcc -I/Users/admin/builder/spi-builder-workspace/.derivedData/Build/Products/Debug-watchos/include -Xcc -I/Users/admin/builder/spi-builder-workspace/.derivedData/Build/Intermediates.noindex/Netable.build/Debug-watchos/Netable-t.build/DerivedSources-normal/arm64_32 -Xcc -I/Users/admin/builder/spi-builder-workspace/.derivedData/Build/Intermediates.noindex/Netable.build/Debug-watchos/Netable-t.build/DerivedSources/arm64_32 -Xcc -I/Users/admin/builder/spi-builder-workspace/.derivedData/Build/Intermediates.noindex/Netable.build/Debug-watchos/Netable-t.build/DerivedSources -Xcc -DSWIFT_PACKAGE -Xcc -DDEBUG\=1 -emit-objc-header -emit-objc-header-path /Users/admin/builder/spi-builder-workspace/.derivedData/Build/Intermediates.noindex/Netable.build/Debug-watchos/Netable-t.build/Objects-normal/arm64_32/Netable-Swift.h -working-directory /Users/admin/builder/spi-builder-workspace/.swiftpm/xcode -experimental-emit-module-separately -disable-cmo
SwiftDriver Netable normal arm64 com.apple.xcode.tools.swift.compiler (in target 'Netable' from project 'Netable')
    cd /Users/admin/builder/spi-builder-workspace/.swiftpm/xcode
    builtin-SwiftDriver -- /Applications/Xcode-27.0.0-Release.Candidate.app/Contents/Developer/Toolchains/XcodeDefault.xctoolchain/usr/bin/swiftc -parse-as-library -module-name Netable -Onone @/Users/admin/builder/spi-builder-workspace/.derivedData/Build/Intermediates.noindex/Netable.build/Debug-watchos/Netable-t.build/Objects-normal/arm64/Netable.SwiftFileList -DSWIFT_PACKAGE -DDEBUG -DSWIFT_MODULE_RESOURCE_BUNDLE_UNAVAILABLE -DXcode -plugin-path /Applications/Xcode-27.0.0-Release.Candidate.app/Contents/Developer/Toolchains/XcodeDefault.xctoolchain/usr/lib/swift/host/plugins/testing -enable-experimental-feature DebugDescriptionMacro -sdk /Applications/Xcode-27.0.0-Release.Candidate.app/Contents/Developer/Platforms/WatchOS.platform/Developer/SDKs/WatchOS27.0.sdk -target arm64-apple-watchos9.0 -g -module-cache-path /Users/admin/builder/spi-builder-workspace/.derivedData/ModuleCache.noindex -Xfrontend -serialize-debugging-options -enable-testing -index-store-path /Users/admin/builder/spi-builder-workspace/.derivedData/Index.noindex/DataStore -Xcc -D_LIBCPP_HARDENING_MODE\=_LIBCPP_HARDENING_MODE_DEBUG -swift-version 5 -I /Users/admin/builder/spi-builder-workspace/.derivedData/Build/Products/Debug-watchos -Isystem /Applications/Xcode-27.0.0-Release.Candidate.app/Contents/Developer/Platforms/WatchOS.platform/Developer/usr/lib -F /Users/admin/builder/spi-builder-workspace/.derivedData/Build/Products/Debug-watchos -F /Applications/Xcode-27.0.0-Release.Candidate.app/Contents/Developer/Platforms/WatchOS.platform/Developer/Library/Frameworks -F /Applications/Xcode-27.0.0-Release.Candidate.app/Contents/Developer/Platforms/WatchOS.platform/Developer/SDKs/WatchOS27.0.sdk/Developer/Library/Frameworks -c -j10 -enable-batch-mode -incremental -Xcc -ivfsstatcache -Xcc /Users/admin/builder/spi-builder-workspace/.derivedData/SDKStatCaches.noindex/watchos27.0-24R360-e829b21a6f8c9b70876ba0858053c04477534ef55a1706bf4c1112bbb242f0a2.sdkstatcache -output-file-map /Users/admin/builder/spi-builder-workspace/.derivedData/Build/Intermediates.noindex/Netable.build/Debug-watchos/Netable-t.build/Objects-normal/arm64/Netable-OutputFileMap.json -save-temps -no-color-diagnostics -explicit-module-build -module-cache-path /Users/admin/builder/spi-builder-workspace/.derivedData/Build/Intermediates.noindex/SwiftExplicitPrecompiledModules -clang-scanner-module-cache-path /Users/admin/builder/spi-builder-workspace/.derivedData/ModuleCache.noindex -sdk-module-cache-path /Users/admin/builder/spi-builder-workspace/.derivedData/SDKExplicitPrecompiledModules -emit-dependencies -emit-module -emit-module-path /Users/admin/builder/spi-builder-workspace/.derivedData/Build/Intermediates.noindex/Netable.build/Debug-watchos/Netable-t.build/Objects-normal/arm64/Netable.swiftmodule -serialize-diagnostics -dependency-scan-serialize-diagnostics-path /Users/admin/builder/spi-builder-workspace/.derivedData/Build/Intermediates.noindex/Netable.build/Debug-watchos/Netable-t.build/Objects-normal/arm64/Netable-dependency-scan.dia -validate-clang-modules-once -clang-build-session-file /Users/admin/builder/spi-builder-workspace/.derivedData/ModuleCache.noindex/Session.modulevalidation -Xcc -fmodules-prune-interval\=86400 -Xcc -fmodules-prune-after\=345600 -emit-const-values -const-gather-protocols-list /Users/admin/builder/spi-builder-workspace/.derivedData/Build/Intermediates.noindex/Netable.build/Debug-watchos/Netable-t.build/Objects-normal/arm64/Netable_const_extract_protocols.json -Xcc -I/Users/admin/builder/spi-builder-workspace/.derivedData/Build/Products/Debug-watchos/include -Xcc -I/Users/admin/builder/spi-builder-workspace/.derivedData/Build/Intermediates.noindex/Netable.build/Debug-watchos/Netable-t.build/DerivedSources-normal/arm64 -Xcc -I/Users/admin/builder/spi-builder-workspace/.derivedData/Build/Intermediates.noindex/Netable.build/Debug-watchos/Netable-t.build/DerivedSources/arm64 -Xcc -I/Users/admin/builder/spi-builder-workspace/.derivedData/Build/Intermediates.noindex/Netable.build/Debug-watchos/Netable-t.build/DerivedSources -Xcc -DSWIFT_PACKAGE -Xcc -DDEBUG\=1 -emit-objc-header -emit-objc-header-path /Users/admin/builder/spi-builder-workspace/.derivedData/Build/Intermediates.noindex/Netable.build/Debug-watchos/Netable-t.build/Objects-normal/arm64/Netable-Swift.h -working-directory /Users/admin/builder/spi-builder-workspace/.swiftpm/xcode -experimental-emit-module-separately -disable-cmo
SwiftExplicitDependencyGeneratePcm arm64_32 /Users/admin/builder/spi-builder-workspace/.derivedData/SDKExplicitPrecompiledModules/ptrcheck-7ELIH9BTIGVKX3UBITM9N72WD.pcm
SwiftExplicitDependencyGeneratePcm arm64_32 /Users/admin/builder/spi-builder-workspace/.derivedData/SDKExplicitPrecompiledModules/ptrauth-BFXF358ME5AK535N5A9Z766WU.pcm
SwiftExplicitDependencyGeneratePcm arm64_32 /Users/admin/builder/spi-builder-workspace/.derivedData/SDKExplicitPrecompiledModules/_Builtin_stdbool-A967K8W8YUYEC9SN52KJ7OO88.pcm
SwiftExplicitDependencyGeneratePcm arm64_32 /Users/admin/builder/spi-builder-workspace/.derivedData/SDKExplicitPrecompiledModules/_Builtin_stddef-H44EFHQX6XSS5MZ7QP6YJZ76.pcm
SwiftExplicitDependencyGeneratePcm arm64_32 /Users/admin/builder/spi-builder-workspace/.derivedData/SDKExplicitPrecompiledModules/_Builtin_float-6KO8O3PEWRCA4WC6PPLOYO6WJ.pcm
SwiftExplicitDependencyGeneratePcm arm64_32 /Users/admin/builder/spi-builder-workspace/.derivedData/SDKExplicitPrecompiledModules/_SwiftConcurrencyShims-6RTBPQ03V7BM9SPRK8SUE055H.pcm
SwiftExplicitDependencyGeneratePcm arm64_32 /Users/admin/builder/spi-builder-workspace/.derivedData/SDKExplicitPrecompiledModules/_AvailabilityInternal-244WAN3Z1QBT7PIA64EZEFY1R.pcm
SwiftExplicitDependencyGeneratePcm arm64_32 /Users/admin/builder/spi-builder-workspace/.derivedData/SDKExplicitPrecompiledModules/_Builtin_stdarg-D305JG44A2WPI6CJY37X3QJE8.pcm
SwiftExplicitDependencyGeneratePcm arm64_32 /Users/admin/builder/spi-builder-workspace/.derivedData/SDKExplicitPrecompiledModules/SwiftShims-9CQQGWTSNTN9EB5NSHDWUJICH.pcm
SwiftExplicitDependencyGeneratePcm arm64 /Users/admin/builder/spi-builder-workspace/.derivedData/SDKExplicitPrecompiledModules/_Builtin_stdbool-83J96QSOFE9VX04AAS6310UAE.pcm
SwiftExplicitDependencyGeneratePcm arm64 /Users/admin/builder/spi-builder-workspace/.derivedData/SDKExplicitPrecompiledModules/SwiftShims-4MXFZPV6FEB0XBYXCGPWAMQGL.pcm
SwiftExplicitDependencyGeneratePcm arm64 /Users/admin/builder/spi-builder-workspace/.derivedData/SDKExplicitPrecompiledModules/_Builtin_stdarg-A7UU8LE6MP85SM26YO7PBZNUQ.pcm
SwiftExplicitDependencyGeneratePcm arm64 /Users/admin/builder/spi-builder-workspace/.derivedData/SDKExplicitPrecompiledModules/_Builtin_stddef-1FU30Y8SWFB7OUUHMJQH5J6FM.pcm
SwiftExplicitDependencyGeneratePcm arm64 /Users/admin/builder/spi-builder-workspace/.derivedData/SDKExplicitPrecompiledModules/_Builtin_float-C0CW5Q4HGBQYKE77TC42IAFB5.pcm
SwiftExplicitDependencyGeneratePcm arm64 /Users/admin/builder/spi-builder-workspace/.derivedData/SDKExplicitPrecompiledModules/ptrcheck-AIF0NDOYZ8ORBNHQAQR5NNB8M.pcm
SwiftExplicitDependencyGeneratePcm arm64 /Users/admin/builder/spi-builder-workspace/.derivedData/SDKExplicitPrecompiledModules/ptrauth-3TZ9WJCGLYD25HQPWH4968ONX.pcm
SwiftExplicitDependencyGeneratePcm arm64 /Users/admin/builder/spi-builder-workspace/.derivedData/SDKExplicitPrecompiledModules/_SwiftConcurrencyShims-659N52XSKR5F0QSB880BH2FJR.pcm
SwiftExplicitDependencyGeneratePcm arm64 /Users/admin/builder/spi-builder-workspace/.derivedData/SDKExplicitPrecompiledModules/_AvailabilityInternal-BUNV3UXM65NT37THI4W1AM0SF.pcm
SwiftExplicitDependencyGeneratePcm arm64_32 /Users/admin/builder/spi-builder-workspace/.derivedData/SDKExplicitPrecompiledModules/_DarwinFoundation1-2GWF9RFMPLQW4PDHS3NARVI3G.pcm
SwiftExplicitDependencyGeneratePcm arm64 /Users/admin/builder/spi-builder-workspace/.derivedData/SDKExplicitPrecompiledModules/_DarwinFoundation1-7SPX3MD0HMP55E4OLNCPNDQ53.pcm
SwiftExplicitDependencyGeneratePcm arm64_32 /Users/admin/builder/spi-builder-workspace/.derivedData/SDKExplicitPrecompiledModules/_DarwinFoundation2-9MY8GOSYRO0M9MKNXF6D3MBNK.pcm
SwiftExplicitDependencyGeneratePcm arm64_32 /Users/admin/builder/spi-builder-workspace/.derivedData/SDKExplicitPrecompiledModules/_Builtin_limits-3VKBU2AFTD65PAJZ5CJ3LHFM2.pcm
SwiftExplicitDependencyGeneratePcm arm64 /Users/admin/builder/spi-builder-workspace/.derivedData/SDKExplicitPrecompiledModules/_DarwinFoundation2-D0XAPJU49S5E9XMKYOFGSTB1Q.pcm
SwiftExplicitDependencyGeneratePcm arm64 /Users/admin/builder/spi-builder-workspace/.derivedData/SDKExplicitPrecompiledModules/_Builtin_limits-9GWPA2B0H20DYUNYHYCWKABJG.pcm
SwiftExplicitDependencyGeneratePcm arm64_32 /Users/admin/builder/spi-builder-workspace/.derivedData/SDKExplicitPrecompiledModules/sys_types-8TLLMW08ZJWDGIIPKOYFGHHZW.pcm
SwiftExplicitDependencyGeneratePcm arm64_32 /Users/admin/builder/spi-builder-workspace/.derivedData/SDKExplicitPrecompiledModules/_Builtin_stdint-1HMXWI3V0V4TXHRWZOMZGZ80Y.pcm
SwiftExplicitDependencyGeneratePcm arm64_32 /Users/admin/builder/spi-builder-workspace/.derivedData/SDKExplicitPrecompiledModules/string_h-BFVLUQUSBZWYMLCU9QI7VZALW.pcm
SwiftExplicitDependencyGeneratePcm arm64_32 /Users/admin/builder/spi-builder-workspace/.derivedData/SDKExplicitPrecompiledModules/_DarwinFoundation3-3DUTYQDQSD9HUAAVY947NMWOI.pcm
SwiftExplicitDependencyGeneratePcm arm64 /Users/admin/builder/spi-builder-workspace/.derivedData/SDKExplicitPrecompiledModules/_Builtin_stdint-8XMILLJZEGRN2XG7XZUXZ5RLX.pcm
SwiftExplicitDependencyGeneratePcm arm64 /Users/admin/builder/spi-builder-workspace/.derivedData/SDKExplicitPrecompiledModules/sys_types-2KXQLI78OUCDP779AE68GZJ2.pcm
SwiftExplicitDependencyGeneratePcm arm64 /Users/admin/builder/spi-builder-workspace/.derivedData/SDKExplicitPrecompiledModules/string_h-E6PRXK75PHIPCZFWOFCQ3QBMK.pcm
SwiftExplicitDependencyGeneratePcm arm64 /Users/admin/builder/spi-builder-workspace/.derivedData/SDKExplicitPrecompiledModules/_DarwinFoundation3-B97LRG0E9GON2NUE65TVG81HU.pcm
SwiftExplicitDependencyGeneratePcm arm64_32 /Users/admin/builder/spi-builder-workspace/.derivedData/SDKExplicitPrecompiledModules/_Builtin_inttypes-D2KPCR4PEX9AQA33NGLUT5SBR.pcm
SwiftExplicitDependencyGeneratePcm arm64_32 /Users/admin/builder/spi-builder-workspace/.derivedData/SDKExplicitPrecompiledModules/Darwin-3FVT1SKLN2ZQ5RVOABMTQBB34.pcm
SwiftExplicitDependencyGeneratePcm arm64 /Users/admin/builder/spi-builder-workspace/.derivedData/SDKExplicitPrecompiledModules/_Builtin_inttypes-3UQSCM7WNM9EK4HZML8TY5J3D.pcm
SwiftExplicitDependencyGeneratePcm arm64 /Users/admin/builder/spi-builder-workspace/.derivedData/SDKExplicitPrecompiledModules/Darwin-3984OXKFNSPE77NT743WK8SEX.pcm
SwiftExplicitDependencyGeneratePcm arm64_32 /Users/admin/builder/spi-builder-workspace/.derivedData/SDKExplicitPrecompiledModules/ObjectiveC-6IJNELR2E80E7LUKESVCP2KET.pcm
SwiftExplicitDependencyGeneratePcm arm64 /Users/admin/builder/spi-builder-workspace/.derivedData/SDKExplicitPrecompiledModules/ObjectiveC-72IVD3VS2RS8Q28D9PIMY0KQP.pcm
SwiftExplicitDependencyGeneratePcm arm64_32 /Users/admin/builder/spi-builder-workspace/.derivedData/SDKExplicitPrecompiledModules/os_object-5YWTC6L4756IWSTPGXS5NM0D0.pcm
SwiftExplicitDependencyGeneratePcm arm64 /Users/admin/builder/spi-builder-workspace/.derivedData/SDKExplicitPrecompiledModules/os_object-3SDKD7F87FTZ26OON37DRYT6O.pcm
SwiftExplicitDependencyGeneratePcm arm64_32 /Users/admin/builder/spi-builder-workspace/.derivedData/SDKExplicitPrecompiledModules/os_workgroup-5JHTPDMNBUNHLJI8LPHKQK1JK.pcm
SwiftExplicitDependencyGeneratePcm arm64 /Users/admin/builder/spi-builder-workspace/.derivedData/SDKExplicitPrecompiledModules/os_workgroup-89GG5G7YC2D0ZTK6AZXXQ20DH.pcm
SwiftExplicitDependencyGeneratePcm arm64_32 /Users/admin/builder/spi-builder-workspace/.derivedData/SDKExplicitPrecompiledModules/Dispatch-2P62F1T4XV63S4P99TUDTOK2Q.pcm
SwiftExplicitDependencyGeneratePcm arm64 /Users/admin/builder/spi-builder-workspace/.derivedData/SDKExplicitPrecompiledModules/Dispatch-1NLJOVAK60XP0DUB05XA59EIM.pcm
SwiftExplicitDependencyGeneratePcm arm64_32 /Users/admin/builder/spi-builder-workspace/.derivedData/SDKExplicitPrecompiledModules/XPC-81Y45QFY96XYYFCW2GT6FY8S4.pcm
SwiftExplicitDependencyGeneratePcm arm64_32 /Users/admin/builder/spi-builder-workspace/.derivedData/SDKExplicitPrecompiledModules/CoreFoundation-8E6Y4BA3EXYKUGJ24GT9LGV3N.pcm
SwiftExplicitDependencyGeneratePcm arm64 /Users/admin/builder/spi-builder-workspace/.derivedData/SDKExplicitPrecompiledModules/XPC-40DR0X1DHKGCV4J1IOLFS8MOU.pcm
SwiftExplicitDependencyGeneratePcm arm64 /Users/admin/builder/spi-builder-workspace/.derivedData/SDKExplicitPrecompiledModules/CoreFoundation-8T2L24YC5NU7WO6WQJWRY7W08.pcm
SwiftExplicitDependencyGeneratePcm arm64_32 /Users/admin/builder/spi-builder-workspace/.derivedData/SDKExplicitPrecompiledModules/CoreGraphics-9FDXYX6BKBUT6TJ2VF819E7T5.pcm
SwiftExplicitDependencyGeneratePcm arm64_32 /Users/admin/builder/spi-builder-workspace/.derivedData/SDKExplicitPrecompiledModules/Security-D7TOWF88VWF67TB9HAFP5UWB1.pcm
SwiftExplicitDependencyGeneratePcm arm64 /Users/admin/builder/spi-builder-workspace/.derivedData/SDKExplicitPrecompiledModules/Security-6RZ6YBRU8WCUHRFFRVUK5WKMM.pcm
SwiftExplicitDependencyGeneratePcm arm64 /Users/admin/builder/spi-builder-workspace/.derivedData/SDKExplicitPrecompiledModules/CoreGraphics-DWNZ73GEH98SBJXZ7DEXB420K.pcm
SwiftExplicitDependencyGeneratePcm arm64_32 /Users/admin/builder/spi-builder-workspace/.derivedData/SDKExplicitPrecompiledModules/Foundation-BJ2VQGI3OGR34500MEQ1VKHPH.pcm
SwiftExplicitDependencyGeneratePcm arm64_32 /Users/admin/builder/spi-builder-workspace/.derivedData/SDKExplicitPrecompiledModules/CoreVideo-2P8HI0403J99LBDPKNFJ5D4DL.pcm
SwiftExplicitDependencyGeneratePcm arm64 /Users/admin/builder/spi-builder-workspace/.derivedData/SDKExplicitPrecompiledModules/Foundation-DLBKUSGXN8QHAT8W0OARR9S8A.pcm
SwiftExplicitDependencyGeneratePcm arm64 /Users/admin/builder/spi-builder-workspace/.derivedData/SDKExplicitPrecompiledModules/CoreVideo-8MRR5MNWUOAW2DBPGUQ8FKK4.pcm
SwiftExplicitDependencyGeneratePcm arm64_32 /Users/admin/builder/spi-builder-workspace/.derivedData/SDKExplicitPrecompiledModules/QuartzCore-6375NPYACK5NYVHPMC1QQ8MC2.pcm
SwiftExplicitDependencyGeneratePcm arm64 /Users/admin/builder/spi-builder-workspace/.derivedData/SDKExplicitPrecompiledModules/QuartzCore-94KFMWNOU7ZLUZNB4T5DLZC9D.pcm
SwiftCompile normal arm64_32 Compiling\ Netable.swift,\ Request.swift /Users/admin/builder/spi-builder-workspace/Netable/Netable/Netable.swift /Users/admin/builder/spi-builder-workspace/Netable/Netable/Request.swift (in target 'Netable' from project 'Netable')
/Users/admin/builder/spi-builder-workspace/Netable/Netable/Netable.swift:317:1: warning: extension declares a conformance of imported type 'AnyPublisher' to imported protocol 'Sendable'; this will not behave correctly if the owners of 'Combine' introduce this conformance in the future
315 | }
316 |
317 | extension AnyPublisher: @unchecked Sendable {}
    | |- warning: extension declares a conformance of imported type 'AnyPublisher' to imported protocol 'Sendable'; this will not behave correctly if the owners of 'Combine' introduce this conformance in the future
    | `- note: add '@retroactive' to silence this warning
318 |
/Users/admin/builder/spi-builder-workspace/Netable/Netable/Netable.swift:194:30: error: 'CACurrentMediaTime()' is unavailable in watchOS
192 |         id: String
193 |     ) async throws -> T.FinalResource {
194 |         let startTimestamp = CACurrentMediaTime()
    |                              `- error: 'CACurrentMediaTime()' is unavailable in watchOS
195 |
196 |         var finalUrlRequest = urlRequest
/Applications/Xcode-27.0.0-Release.Candidate.app/Contents/Developer/Platforms/WatchOS.platform/Developer/SDKs/WatchOS27.0.sdk/System/Library/Frameworks/QuartzCore.framework/Headers/CABase.h:127:26: note: 'CACurrentMediaTime()' has been explicitly marked unavailable here
125 |  * calling mach_absolute_time () and converting the units to seconds. */
126 |
127 | CA_EXTERN CFTimeInterval CACurrentMediaTime (void)
    |                          `- note: 'CACurrentMediaTime()' has been explicitly marked unavailable here
128 |     API_AVAILABLE(macos(10.5), ios(2.0)) API_UNAVAILABLE(watchos);
129 |
/Users/admin/builder/spi-builder-workspace/Netable/Netable/Netable.swift:239:80: error: 'CACurrentMediaTime()' is unavailable in watchOS
237 |                 let finalizedResult = try await finalize(request: request, data: data)
238 |
239 |                 await self.log(.requestSuccess(request: requestInfo, taskTime: CACurrentMediaTime() - startTimestamp, statusCode: response.statusCode, responseData: data, finalizedResult: finalizedResult))
    |                                                                                `- error: 'CACurrentMediaTime()' is unavailable in watchOS
240 |
241 |                 return finalizedResult
/Applications/Xcode-27.0.0-Release.Candidate.app/Contents/Developer/Platforms/WatchOS.platform/Developer/SDKs/WatchOS27.0.sdk/System/Library/Frameworks/QuartzCore.framework/Headers/CABase.h:127:26: note: 'CACurrentMediaTime()' has been explicitly marked unavailable here
125 |  * calling mach_absolute_time () and converting the units to seconds. */
126 |
127 | CA_EXTERN CFTimeInterval CACurrentMediaTime (void)
    |                          `- note: 'CACurrentMediaTime()' has been explicitly marked unavailable here
128 |     API_AVAILABLE(macos(10.5), ios(2.0)) API_UNAVAILABLE(watchos);
129 |
/Users/admin/builder/spi-builder-workspace/Netable/Netable/Netable.swift:244:28: error: 'CACurrentMediaTime()' is unavailable in watchOS
242 |             } catch {
243 |                 let netableError = error.netableError
244 |                 let time = CACurrentMediaTime() - startTimestamp
    |                            `- error: 'CACurrentMediaTime()' is unavailable in watchOS
245 |
246 |                 var dontRetry = false
/Applications/Xcode-27.0.0-Release.Candidate.app/Contents/Developer/Platforms/WatchOS.platform/Developer/SDKs/WatchOS27.0.sdk/System/Library/Frameworks/QuartzCore.framework/Headers/CABase.h:127:26: note: 'CACurrentMediaTime()' has been explicitly marked unavailable here
125 |  * calling mach_absolute_time () and converting the units to seconds. */
126 |
127 | CA_EXTERN CFTimeInterval CACurrentMediaTime (void)
    |                          `- note: 'CACurrentMediaTime()' has been explicitly marked unavailable here
128 |     API_AVAILABLE(macos(10.5), ios(2.0)) API_UNAVAILABLE(watchos);
129 |
Failed frontend command:
SwiftCompile normal arm64_32 /Users/admin/builder/spi-builder-workspace/Netable/Netable/Netable.swift (in target 'Netable' from project 'Netable')
    cd /Users/admin/builder/spi-builder-workspace/.swiftpm/xcode
    builtin-SwiftPerFileCompile Netable.swift
SwiftCompile normal arm64_32 /Users/admin/builder/spi-builder-workspace/Netable/Netable/Request.swift (in target 'Netable' from project 'Netable')
    cd /Users/admin/builder/spi-builder-workspace/.swiftpm/xcode
    builtin-SwiftPerFileCompile Request.swift
/Applications/Xcode-27.0.0-Release.Candidate.app/Contents/Developer/Toolchains/XcodeDefault.xctoolchain/usr/bin/swift-frontend -frontend -c /Users/admin/builder/spi-builder-workspace/Netable/Netable/Config.swift /Users/admin/builder/spi-builder-workspace/Netable/Netable/DecodingError+Logging.swift /Users/admin/builder/spi-builder-workspace/Netable/Netable/Error.swift /Users/admin/builder/spi-builder-workspace/Netable/Netable/GraphQLRequest.swift /Users/admin/builder/spi-builder-workspace/Netable/Netable/HTTPMethod.swift /Users/admin/builder/spi-builder-workspace/Netable/Netable/Helper/ArrayDecodeStrategy.swift /Users/admin/builder/spi-builder-workspace/Netable/Netable/Helper/Netable+Equatable.swift /Users/admin/builder/spi-builder-workspace/Netable/Netable/Helper/Netable+Error.swift /Users/admin/builder/spi-builder-workspace/Netable/Netable/Helper/String+FullyQualifiedURL.swift /Users/admin/builder/spi-builder-workspace/Netable/Netable/Interceptors/AdaptedRequest.swift /Users/admin/builder/spi-builder-workspace/Netable/Netable/Interceptors/Interceptor.swift /Users/admin/builder/spi-builder-workspace/Netable/Netable/Interceptors/InterceptorList.swift /Users/admin/builder/spi-builder-workspace/Netable/Netable/LogDestination.swift /Users/admin/builder/spi-builder-workspace/Netable/Netable/LossyArray.swift -primary-file /Users/admin/builder/spi-builder-workspace/Netable/Netable/Netable.swift -primary-file /Users/admin/builder/spi-builder-workspace/Netable/Netable/Request.swift /Users/admin/builder/spi-builder-workspace/Netable/Netable/RequestFailedDelegate.swift /Users/admin/builder/spi-builder-workspace/Netable/Netable/RetryConfiguration.swift /Users/admin/builder/spi-builder-workspace/Netable/Netable/SmartUnwrap.swift /Users/admin/builder/spi-builder-workspace/Netable/Netable/URLRequest+EncodeParameters.swift /Users/admin/builder/spi-builder-workspace/Netable/Netable/URLRequest+EncodeURL.swift /Users/admin/builder/spi-builder-workspace/Netable/Netable/URLRequest+Multipart.swift -emit-dependencies-path /Users/admin/builder/spi-builder-workspace/.derivedData/Build/Intermediates.noindex/Netable.build/Debug-watchos/Netable-t.build/Objects-normal/arm64_32/Netable.d -emit-const-values-path /Users/admin/builder/spi-builder-workspace/.derivedData/Build/Intermediates.noindex/Netable.build/Debug-watchos/Netable-t.build/Objects-normal/arm64_32/Netable.swiftconstvalues -emit-reference-dependencies-path /Users/admin/builder/spi-builder-workspace/.derivedData/Build/Intermediates.noindex/Netable.build/Debug-watchos/Netable-t.build/Objects-normal/arm64_32/Netable.swiftdeps -serialize-diagnostics-path /Users/admin/builder/spi-builder-workspace/.derivedData/Build/Intermediates.noindex/Netable.build/Debug-watchos/Netable-t.build/Objects-normal/arm64_32/Netable.dia -emit-dependencies-path /Users/admin/builder/spi-builder-workspace/.derivedData/Build/Intermediates.noindex/Netable.build/Debug-watchos/Netable-t.build/Objects-normal/arm64_32/Request.d -emit-const-values-path /Users/admin/builder/spi-builder-workspace/.derivedData/Build/Intermediates.noindex/Netable.build/Debug-watchos/Netable-t.build/Objects-normal/arm64_32/Request.swiftconstvalues -emit-reference-dependencies-path /Users/admin/builder/spi-builder-workspace/.derivedData/Build/Intermediates.noindex/Netable.build/Debug-watchos/Netable-t.build/Objects-normal/arm64_32/Request.swiftdeps -serialize-diagnostics-path /Users/admin/builder/spi-builder-workspace/.derivedData/Build/Intermediates.noindex/Netable.build/Debug-watchos/Netable-t.build/Objects-normal/arm64_32/Request.dia -target arm64_32-apple-watchos9.0 -module-can-import-version QuartzCore 5 1223.0.14 -disable-cross-import-overlay-search -load-resolved-plugin /Applications/Xcode-27.0.0-Release.Candidate.app/Contents/Developer/Platforms/WatchOS.platform/Developer/usr/lib/swift/host/plugins/libFoundationMacros.dylib\#/Applications/Xcode-27.0.0-Release.Candidate.app/Contents/Developer/Platforms/WatchOS.platform/Developer/usr/bin/swift-plugin-server\#FoundationMacros -load-resolved-plugin /Applications/Xcode-27.0.0-Release.Candidate.app/Contents/Developer/Platforms/WatchOS.platform/Developer/usr/lib/swift/host/plugins/libObservationMacros.dylib\#/Applications/Xcode-27.0.0-Release.Candidate.app/Contents/Developer/Platforms/WatchOS.platform/Developer/usr/bin/swift-plugin-server\#ObservationMacros -load-resolved-plugin /Applications/Xcode-27.0.0-Release.Candidate.app/Contents/Developer/Platforms/WatchOS.platform/Developer/usr/lib/swift/host/plugins/libSwiftMacros.dylib\#/Applications/Xcode-27.0.0-Release.Candidate.app/Contents/Developer/Platforms/WatchOS.platform/Developer/usr/bin/swift-plugin-server\#SwiftMacros -disable-implicit-swift-modules -Xcc -fno-implicit-modules -Xcc -fno-implicit-module-maps -explicit-swift-module-map-file /Users/admin/builder/spi-builder-workspace/.derivedData/Build/Intermediates.noindex/Netable.build/Debug-watchos/Netable-t.build/Objects-normal/arm64_32/Netable-dependencies-2.json -enable-objc-interop -sdk /Applications/Xcode-27.0.0-Release.Candidate.app/Contents/Developer/Platforms/WatchOS.platform/Developer/SDKs/WatchOS27.0.sdk -I /Users/admin/builder/spi-builder-workspace/.derivedData/Build/Products/Debug-watchos -Isystem /Applications/Xcode-27.0.0-Release.Candidate.app/Contents/Developer/Platforms/WatchOS.platform/Developer/usr/lib -F /Users/admin/builder/spi-builder-workspace/.derivedData/Build/Products/Debug-watchos -F /Applications/Xcode-27.0.0-Release.Candidate.app/Contents/Developer/Platforms/WatchOS.platform/Developer/Library/Frameworks -F /Applications/Xcode-27.0.0-Release.Candidate.app/Contents/Developer/Platforms/WatchOS.platform/Developer/SDKs/WatchOS27.0.sdk/Developer/Library/Frameworks -module-cache-path /Users/admin/builder/spi-builder-workspace/.derivedData/Build/Intermediates.noindex/SwiftExplicitPrecompiledModules -no-color-diagnostics -Xcc -fno-color-diagnostics -enable-testing -g -debug-info-format\=dwarf -dwarf-version\=4 -swift-version 5 -Onone -D SWIFT_PACKAGE -D DEBUG -D SWIFT_MODULE_RESOURCE_BUNDLE_UNAVAILABLE -D Xcode -serialize-debugging-options -enable-experimental-feature DebugDescriptionMacro -empty-abi-descriptor -validate-clang-modules-once -clang-build-session-file /Users/admin/builder/spi-builder-workspace/.derivedData/ModuleCache.noindex/Session.modulevalidation -Xcc -working-directory -Xcc /Users/admin/builder/spi-builder-workspace/.swiftpm/xcode -enable-anonymous-context-mangled-names -file-compilation-dir /Users/admin/builder/spi-builder-workspace/.swiftpm/xcode -Xcc -D_LIBCPP_HARDENING_MODE\=_LIBCPP_HARDENING_MODE_DEBUG -Xcc -ivfsstatcache -Xcc /Users/admin/builder/spi-builder-workspace/.derivedData/SDKStatCaches.noindex/watchos27.0-24R360-e829b21a6f8c9b70876ba0858053c04477534ef55a1706bf4c1112bbb242f0a2.sdkstatcache -Xcc -fmodules-prune-interval\=86400 -Xcc -fmodules-prune-after\=345600 -Xcc -I/Users/admin/builder/spi-builder-workspace/.derivedData/Build/Products/Debug-watchos/include -Xcc -I/Users/admin/builder/spi-builder-workspace/.derivedData/Build/Intermediates.noindex/Netable.build/Debug-watchos/Netable-t.build/DerivedSources-normal/arm64_32 -Xcc -I/Users/admin/builder/spi-builder-workspace/.derivedData/Build/Intermediates.noindex/Netable.build/Debug-watchos/Netable-t.build/DerivedSources/arm64_32 -Xcc -I/Users/admin/builder/spi-builder-workspace/.derivedData/Build/Intermediates.noindex/Netable.build/Debug-watchos/Netable-t.build/DerivedSources -Xcc -DSWIFT_PACKAGE -Xcc -DDEBUG\=1 -no-auto-bridging-header-chaining -module-name Netable -const-gather-protocols-file /Users/admin/builder/spi-builder-workspace/.derivedData/Build/Intermediates.noindex/Netable.build/Debug-watchos/Netable-t.build/Objects-normal/arm64_32/Netable_const_extract_protocols.json -disable-clang-spi -clang-target arm64_32-apple-watchos27.0 -target-sdk-version 27.0 -target-sdk-name watchos27.0 -in-process-plugin-server-path /Applications/Xcode-27.0.0-Release.Candidate.app/Contents/Developer/Toolchains/XcodeDefault.xctoolchain/usr/lib/swift/host/libSwiftInProcPluginServer.dylib -parse-as-library -o /Users/admin/builder/spi-builder-workspace/.derivedData/Build/Intermediates.noindex/Netable.build/Debug-watchos/Netable-t.build/Objects-normal/arm64_32/Netable.o -o /Users/admin/builder/spi-builder-workspace/.derivedData/Build/Intermediates.noindex/Netable.build/Debug-watchos/Netable-t.build/Objects-normal/arm64_32/Request.o -debug-module-path /Users/admin/builder/spi-builder-workspace/.derivedData/Build/Intermediates.noindex/Netable.build/Debug-watchos/Netable-t.build/Objects-normal/arm64_32/Netable.swiftmodule -index-unit-output-path /Netable.build/Debug-watchos/Netable-t.build/Objects-normal/arm64_32/Netable.o -index-unit-output-path /Netable.build/Debug-watchos/Netable-t.build/Objects-normal/arm64_32/Request.o -index-store-path /Users/admin/builder/spi-builder-workspace/.derivedData/Index.noindex/DataStore -index-system-modules
SwiftCompile normal arm64_32 Compiling\ RequestFailedDelegate.swift,\ RetryConfiguration.swift /Users/admin/builder/spi-builder-workspace/Netable/Netable/RequestFailedDelegate.swift /Users/admin/builder/spi-builder-workspace/Netable/Netable/RetryConfiguration.swift (in target 'Netable' from project 'Netable')
SwiftCompile normal arm64_32 /Users/admin/builder/spi-builder-workspace/Netable/Netable/RequestFailedDelegate.swift (in target 'Netable' from project 'Netable')
    cd /Users/admin/builder/spi-builder-workspace/.swiftpm/xcode
    builtin-SwiftPerFileCompile RequestFailedDelegate.swift
SwiftCompile normal arm64_32 /Users/admin/builder/spi-builder-workspace/Netable/Netable/RetryConfiguration.swift (in target 'Netable' from project 'Netable')
    cd /Users/admin/builder/spi-builder-workspace/.swiftpm/xcode
    builtin-SwiftPerFileCompile RetryConfiguration.swift
SwiftCompile normal arm64_32 Compiling\ SmartUnwrap.swift,\ URLRequest+EncodeParameters.swift /Users/admin/builder/spi-builder-workspace/Netable/Netable/SmartUnwrap.swift /Users/admin/builder/spi-builder-workspace/Netable/Netable/URLRequest+EncodeParameters.swift (in target 'Netable' from project 'Netable')
SwiftCompile normal arm64_32 /Users/admin/builder/spi-builder-workspace/Netable/Netable/SmartUnwrap.swift (in target 'Netable' from project 'Netable')
    cd /Users/admin/builder/spi-builder-workspace/.swiftpm/xcode
    builtin-SwiftPerFileCompile SmartUnwrap.swift
SwiftCompile normal arm64_32 /Users/admin/builder/spi-builder-workspace/Netable/Netable/URLRequest+EncodeParameters.swift (in target 'Netable' from project 'Netable')
    cd /Users/admin/builder/spi-builder-workspace/.swiftpm/xcode
    builtin-SwiftPerFileCompile URLRequest+EncodeParameters.swift
SwiftCompile normal arm64_32 Compiling\ URLRequest+EncodeURL.swift,\ URLRequest+Multipart.swift /Users/admin/builder/spi-builder-workspace/Netable/Netable/URLRequest+EncodeURL.swift /Users/admin/builder/spi-builder-workspace/Netable/Netable/URLRequest+Multipart.swift (in target 'Netable' from project 'Netable')
SwiftCompile normal arm64_32 /Users/admin/builder/spi-builder-workspace/Netable/Netable/URLRequest+EncodeURL.swift (in target 'Netable' from project 'Netable')
    cd /Users/admin/builder/spi-builder-workspace/.swiftpm/xcode
    builtin-SwiftPerFileCompile URLRequest+EncodeURL.swift
SwiftCompile normal arm64_32 /Users/admin/builder/spi-builder-workspace/Netable/Netable/URLRequest+Multipart.swift (in target 'Netable' from project 'Netable')
    cd /Users/admin/builder/spi-builder-workspace/.swiftpm/xcode
    builtin-SwiftPerFileCompile URLRequest+Multipart.swift
SwiftCompile normal arm64_32 Compiling\ Netable+Equatable.swift,\ Netable+Error.swift /Users/admin/builder/spi-builder-workspace/Netable/Netable/Helper/Netable+Equatable.swift /Users/admin/builder/spi-builder-workspace/Netable/Netable/Helper/Netable+Error.swift (in target 'Netable' from project 'Netable')
SwiftCompile normal arm64_32 /Users/admin/builder/spi-builder-workspace/Netable/Netable/Helper/Netable+Equatable.swift (in target 'Netable' from project 'Netable')
    cd /Users/admin/builder/spi-builder-workspace/.swiftpm/xcode
    builtin-SwiftPerFileCompile Netable+Equatable.swift
SwiftCompile normal arm64_32 /Users/admin/builder/spi-builder-workspace/Netable/Netable/Helper/Netable+Error.swift (in target 'Netable' from project 'Netable')
    cd /Users/admin/builder/spi-builder-workspace/.swiftpm/xcode
    builtin-SwiftPerFileCompile Netable+Error.swift
SwiftCompile normal arm64_32 Compiling\ String+FullyQualifiedURL.swift,\ AdaptedRequest.swift /Users/admin/builder/spi-builder-workspace/Netable/Netable/Helper/String+FullyQualifiedURL.swift /Users/admin/builder/spi-builder-workspace/Netable/Netable/Interceptors/AdaptedRequest.swift (in target 'Netable' from project 'Netable')
SwiftCompile normal arm64_32 /Users/admin/builder/spi-builder-workspace/Netable/Netable/Helper/String+FullyQualifiedURL.swift (in target 'Netable' from project 'Netable')
    cd /Users/admin/builder/spi-builder-workspace/.swiftpm/xcode
    builtin-SwiftPerFileCompile String+FullyQualifiedURL.swift
SwiftCompile normal arm64_32 /Users/admin/builder/spi-builder-workspace/Netable/Netable/Interceptors/AdaptedRequest.swift (in target 'Netable' from project 'Netable')
    cd /Users/admin/builder/spi-builder-workspace/.swiftpm/xcode
    builtin-SwiftPerFileCompile AdaptedRequest.swift
SwiftCompile normal arm64_32 Compiling\ Interceptor.swift,\ InterceptorList.swift /Users/admin/builder/spi-builder-workspace/Netable/Netable/Interceptors/Interceptor.swift /Users/admin/builder/spi-builder-workspace/Netable/Netable/Interceptors/InterceptorList.swift (in target 'Netable' from project 'Netable')
SwiftCompile normal arm64_32 /Users/admin/builder/spi-builder-workspace/Netable/Netable/Interceptors/Interceptor.swift (in target 'Netable' from project 'Netable')
    cd /Users/admin/builder/spi-builder-workspace/.swiftpm/xcode
    builtin-SwiftPerFileCompile Interceptor.swift
SwiftCompile normal arm64_32 /Users/admin/builder/spi-builder-workspace/Netable/Netable/Interceptors/InterceptorList.swift (in target 'Netable' from project 'Netable')
    cd /Users/admin/builder/spi-builder-workspace/.swiftpm/xcode
    builtin-SwiftPerFileCompile InterceptorList.swift
SwiftCompile normal arm64_32 Compiling\ LogDestination.swift,\ LossyArray.swift /Users/admin/builder/spi-builder-workspace/Netable/Netable/LogDestination.swift /Users/admin/builder/spi-builder-workspace/Netable/Netable/LossyArray.swift (in target 'Netable' from project 'Netable')
/Users/admin/builder/spi-builder-workspace/Netable/Netable/LossyArray.swift:26:37: warning: generic parameter 'Element' shadows generic parameter from outer scope with the same name; this is an error in the Swift 6 language mode
13 | /// Array container that allows for partial decoding of elements.
14 | /// If an element of the array fails to decode, it will be omitted rather than the rest of the array failing to decode.
15 | public struct LossyArray<Element>: Sendable where Element: Sendable {
   |                          `- note: 'Element' previously declared here
16 |     /// All elements of the array that decoded successfully.
17 |     public var elements: [Element]
   :
24 | extension LossyArray: Decodable where Element: Decodable {
25 |     /// Decode non-optional item into an optional element.
26 |     public struct FailableDecodable<Element: Decodable>: Decodable {
   |                                     `- warning: generic parameter 'Element' shadows generic parameter from outer scope with the same name; this is an error in the Swift 6 language mode
27 |         public var element: Element?
28 |
SwiftCompile normal arm64_32 /Users/admin/builder/spi-builder-workspace/Netable/Netable/LogDestination.swift (in target 'Netable' from project 'Netable')
    cd /Users/admin/builder/spi-builder-workspace/.swiftpm/xcode
    builtin-SwiftPerFileCompile LogDestination.swift
SwiftCompile normal arm64_32 /Users/admin/builder/spi-builder-workspace/Netable/Netable/LossyArray.swift (in target 'Netable' from project 'Netable')
    cd /Users/admin/builder/spi-builder-workspace/.swiftpm/xcode
    builtin-SwiftPerFileCompile LossyArray.swift
SwiftCompile normal arm64_32 Compiling\ GraphQLRequest.swift,\ HTTPMethod.swift,\ ArrayDecodeStrategy.swift /Users/admin/builder/spi-builder-workspace/Netable/Netable/GraphQLRequest.swift /Users/admin/builder/spi-builder-workspace/Netable/Netable/HTTPMethod.swift /Users/admin/builder/spi-builder-workspace/Netable/Netable/Helper/ArrayDecodeStrategy.swift (in target 'Netable' from project 'Netable')
SwiftCompile normal arm64_32 /Users/admin/builder/spi-builder-workspace/Netable/Netable/GraphQLRequest.swift (in target 'Netable' from project 'Netable')
    cd /Users/admin/builder/spi-builder-workspace/.swiftpm/xcode
    builtin-SwiftPerFileCompile GraphQLRequest.swift
SwiftCompile normal arm64_32 /Users/admin/builder/spi-builder-workspace/Netable/Netable/HTTPMethod.swift (in target 'Netable' from project 'Netable')
    cd /Users/admin/builder/spi-builder-workspace/.swiftpm/xcode
    builtin-SwiftPerFileCompile HTTPMethod.swift
SwiftCompile normal arm64_32 /Users/admin/builder/spi-builder-workspace/Netable/Netable/Helper/ArrayDecodeStrategy.swift (in target 'Netable' from project 'Netable')
    cd /Users/admin/builder/spi-builder-workspace/.swiftpm/xcode
    builtin-SwiftPerFileCompile ArrayDecodeStrategy.swift
SwiftEmitModule normal arm64_32 Emitting\ module\ for\ Netable (in target 'Netable' from project 'Netable')
/Users/admin/builder/spi-builder-workspace/Netable/Netable/LossyArray.swift:26:37: warning: generic parameter 'Element' shadows generic parameter from outer scope with the same name; this is an error in the Swift 6 language mode
13 | /// Array container that allows for partial decoding of elements.
14 | /// If an element of the array fails to decode, it will be omitted rather than the rest of the array failing to decode.
15 | public struct LossyArray<Element>: Sendable where Element: Sendable {
   |                          `- note: 'Element' previously declared here
16 |     /// All elements of the array that decoded successfully.
17 |     public var elements: [Element]
   :
24 | extension LossyArray: Decodable where Element: Decodable {
25 |     /// Decode non-optional item into an optional element.
26 |     public struct FailableDecodable<Element: Decodable>: Decodable {
   |                                     `- warning: generic parameter 'Element' shadows generic parameter from outer scope with the same name; this is an error in the Swift 6 language mode
27 |         public var element: Element?
28 |
/Users/admin/builder/spi-builder-workspace/Netable/Netable/Netable.swift:317:1: warning: extension declares a conformance of imported type 'AnyPublisher' to imported protocol 'Sendable'; this will not behave correctly if the owners of 'Combine' introduce this conformance in the future
315 | }
316 |
317 | extension AnyPublisher: @unchecked Sendable {}
    | |- warning: extension declares a conformance of imported type 'AnyPublisher' to imported protocol 'Sendable'; this will not behave correctly if the owners of 'Combine' introduce this conformance in the future
    | `- note: add '@retroactive' to silence this warning
318 |
SwiftCompile normal arm64_32 (in target 'Netable' from project 'Netable')
    cd /Users/admin/builder/spi-builder-workspace/.swiftpm/xcode

SwiftEmitModule normal arm64 Emitting\ module\ for\ Netable (in target 'Netable' from project 'Netable')
/Users/admin/builder/spi-builder-workspace/Netable/Netable/LossyArray.swift:26:37: warning: generic parameter 'Element' shadows generic parameter from outer scope with the same name; this is an error in the Swift 6 language mode
13 | /// Array container that allows for partial decoding of elements.
14 | /// If an element of the array fails to decode, it will be omitted rather than the rest of the array failing to decode.
15 | public struct LossyArray<Element>: Sendable where Element: Sendable {
   |                          `- note: 'Element' previously declared here
16 |     /// All elements of the array that decoded successfully.
17 |     public var elements: [Element]
   :
24 | extension LossyArray: Decodable where Element: Decodable {
25 |     /// Decode non-optional item into an optional element.
26 |     public struct FailableDecodable<Element: Decodable>: Decodable {
   |                                     `- warning: generic parameter 'Element' shadows generic parameter from outer scope with the same name; this is an error in the Swift 6 language mode
27 |         public var element: Element?
28 |
/Users/admin/builder/spi-builder-workspace/Netable/Netable/Netable.swift:317:1: warning: extension declares a conformance of imported type 'AnyPublisher' to imported protocol 'Sendable'; this will not behave correctly if the owners of 'Combine' introduce this conformance in the future
315 | }
316 |
317 | extension AnyPublisher: @unchecked Sendable {}
    | |- warning: extension declares a conformance of imported type 'AnyPublisher' to imported protocol 'Sendable'; this will not behave correctly if the owners of 'Combine' introduce this conformance in the future
    | `- note: add '@retroactive' to silence this warning
318 |
SwiftCompile normal arm64 (in target 'Netable' from project 'Netable')
    cd /Users/admin/builder/spi-builder-workspace/.swiftpm/xcode

SwiftDriverJobDiscovery normal arm64_32 Emitting module for Netable (in target 'Netable' from project 'Netable')
SwiftDriver\ Compilation\ Requirements Netable normal arm64_32 com.apple.xcode.tools.swift.compiler (in target 'Netable' from project 'Netable')
    cd /Users/admin/builder/spi-builder-workspace/.swiftpm/xcode
    builtin-Swift-Compilation-Requirements -- /Applications/Xcode-27.0.0-Release.Candidate.app/Contents/Developer/Toolchains/XcodeDefault.xctoolchain/usr/bin/swiftc -parse-as-library -module-name Netable -Onone @/Users/admin/builder/spi-builder-workspace/.derivedData/Build/Intermediates.noindex/Netable.build/Debug-watchos/Netable-t.build/Objects-normal/arm64_32/Netable.SwiftFileList -DSWIFT_PACKAGE -DDEBUG -DSWIFT_MODULE_RESOURCE_BUNDLE_UNAVAILABLE -DXcode -plugin-path /Applications/Xcode-27.0.0-Release.Candidate.app/Contents/Developer/Toolchains/XcodeDefault.xctoolchain/usr/lib/swift/host/plugins/testing -enable-experimental-feature DebugDescriptionMacro -sdk /Applications/Xcode-27.0.0-Release.Candidate.app/Contents/Developer/Platforms/WatchOS.platform/Developer/SDKs/WatchOS27.0.sdk -target arm64_32-apple-watchos9.0 -g -module-cache-path /Users/admin/builder/spi-builder-workspace/.derivedData/ModuleCache.noindex -Xfrontend -serialize-debugging-options -enable-testing -index-store-path /Users/admin/builder/spi-builder-workspace/.derivedData/Index.noindex/DataStore -Xcc -D_LIBCPP_HARDENING_MODE\=_LIBCPP_HARDENING_MODE_DEBUG -swift-version 5 -I /Users/admin/builder/spi-builder-workspace/.derivedData/Build/Products/Debug-watchos -Isystem /Applications/Xcode-27.0.0-Release.Candidate.app/Contents/Developer/Platforms/WatchOS.platform/Developer/usr/lib -F /Users/admin/builder/spi-builder-workspace/.derivedData/Build/Products/Debug-watchos -F /Applications/Xcode-27.0.0-Release.Candidate.app/Contents/Developer/Platforms/WatchOS.platform/Developer/Library/Frameworks -F /Applications/Xcode-27.0.0-Release.Candidate.app/Contents/Developer/Platforms/WatchOS.platform/Developer/SDKs/WatchOS27.0.sdk/Developer/Library/Frameworks -c -j10 -enable-batch-mode -incremental -Xcc -ivfsstatcache -Xcc /Users/admin/builder/spi-builder-workspace/.derivedData/SDKStatCaches.noindex/watchos27.0-24R360-e829b21a6f8c9b70876ba0858053c04477534ef55a1706bf4c1112bbb242f0a2.sdkstatcache -output-file-map /Users/admin/builder/spi-builder-workspace/.derivedData/Build/Intermediates.noindex/Netable.build/Debug-watchos/Netable-t.build/Objects-normal/arm64_32/Netable-OutputFileMap.json -save-temps -no-color-diagnostics -explicit-module-build -module-cache-path /Users/admin/builder/spi-builder-workspace/.derivedData/Build/Intermediates.noindex/SwiftExplicitPrecompiledModules -clang-scanner-module-cache-path /Users/admin/builder/spi-builder-workspace/.derivedData/ModuleCache.noindex -sdk-module-cache-path /Users/admin/builder/spi-builder-workspace/.derivedData/SDKExplicitPrecompiledModules -emit-dependencies -emit-module -emit-module-path /Users/admin/builder/spi-builder-workspace/.derivedData/Build/Intermediates.noindex/Netable.build/Debug-watchos/Netable-t.build/Objects-normal/arm64_32/Netable.swiftmodule -serialize-diagnostics -dependency-scan-serialize-diagnostics-path /Users/admin/builder/spi-builder-workspace/.derivedData/Build/Intermediates.noindex/Netable.build/Debug-watchos/Netable-t.build/Objects-normal/arm64_32/Netable-dependency-scan.dia -validate-clang-modules-once -clang-build-session-file /Users/admin/builder/spi-builder-workspace/.derivedData/ModuleCache.noindex/Session.modulevalidation -Xcc -fmodules-prune-interval\=86400 -Xcc -fmodules-prune-after\=345600 -emit-const-values -const-gather-protocols-list /Users/admin/builder/spi-builder-workspace/.derivedData/Build/Intermediates.noindex/Netable.build/Debug-watchos/Netable-t.build/Objects-normal/arm64_32/Netable_const_extract_protocols.json -Xcc -I/Users/admin/builder/spi-builder-workspace/.derivedData/Build/Products/Debug-watchos/include -Xcc -I/Users/admin/builder/spi-builder-workspace/.derivedData/Build/Intermediates.noindex/Netable.build/Debug-watchos/Netable-t.build/DerivedSources-normal/arm64_32 -Xcc -I/Users/admin/builder/spi-builder-workspace/.derivedData/Build/Intermediates.noindex/Netable.build/Debug-watchos/Netable-t.build/DerivedSources/arm64_32 -Xcc -I/Users/admin/builder/spi-builder-workspace/.derivedData/Build/Intermediates.noindex/Netable.build/Debug-watchos/Netable-t.build/DerivedSources -Xcc -DSWIFT_PACKAGE -Xcc -DDEBUG\=1 -emit-objc-header -emit-objc-header-path /Users/admin/builder/spi-builder-workspace/.derivedData/Build/Intermediates.noindex/Netable.build/Debug-watchos/Netable-t.build/Objects-normal/arm64_32/Netable-Swift.h -working-directory /Users/admin/builder/spi-builder-workspace/.swiftpm/xcode -experimental-emit-module-separately -disable-cmo
SwiftDriverJobDiscovery normal arm64 Emitting module for Netable (in target 'Netable' from project 'Netable')
SwiftDriver\ Compilation\ Requirements Netable normal arm64 com.apple.xcode.tools.swift.compiler (in target 'Netable' from project 'Netable')
    cd /Users/admin/builder/spi-builder-workspace/.swiftpm/xcode
    builtin-Swift-Compilation-Requirements -- /Applications/Xcode-27.0.0-Release.Candidate.app/Contents/Developer/Toolchains/XcodeDefault.xctoolchain/usr/bin/swiftc -parse-as-library -module-name Netable -Onone @/Users/admin/builder/spi-builder-workspace/.derivedData/Build/Intermediates.noindex/Netable.build/Debug-watchos/Netable-t.build/Objects-normal/arm64/Netable.SwiftFileList -DSWIFT_PACKAGE -DDEBUG -DSWIFT_MODULE_RESOURCE_BUNDLE_UNAVAILABLE -DXcode -plugin-path /Applications/Xcode-27.0.0-Release.Candidate.app/Contents/Developer/Toolchains/XcodeDefault.xctoolchain/usr/lib/swift/host/plugins/testing -enable-experimental-feature DebugDescriptionMacro -sdk /Applications/Xcode-27.0.0-Release.Candidate.app/Contents/Developer/Platforms/WatchOS.platform/Developer/SDKs/WatchOS27.0.sdk -target arm64-apple-watchos9.0 -g -module-cache-path /Users/admin/builder/spi-builder-workspace/.derivedData/ModuleCache.noindex -Xfrontend -serialize-debugging-options -enable-testing -index-store-path /Users/admin/builder/spi-builder-workspace/.derivedData/Index.noindex/DataStore -Xcc -D_LIBCPP_HARDENING_MODE\=_LIBCPP_HARDENING_MODE_DEBUG -swift-version 5 -I /Users/admin/builder/spi-builder-workspace/.derivedData/Build/Products/Debug-watchos -Isystem /Applications/Xcode-27.0.0-Release.Candidate.app/Contents/Developer/Platforms/WatchOS.platform/Developer/usr/lib -F /Users/admin/builder/spi-builder-workspace/.derivedData/Build/Products/Debug-watchos -F /Applications/Xcode-27.0.0-Release.Candidate.app/Contents/Developer/Platforms/WatchOS.platform/Developer/Library/Frameworks -F /Applications/Xcode-27.0.0-Release.Candidate.app/Contents/Developer/Platforms/WatchOS.platform/Developer/SDKs/WatchOS27.0.sdk/Developer/Library/Frameworks -c -j10 -enable-batch-mode -incremental -Xcc -ivfsstatcache -Xcc /Users/admin/builder/spi-builder-workspace/.derivedData/SDKStatCaches.noindex/watchos27.0-24R360-e829b21a6f8c9b70876ba0858053c04477534ef55a1706bf4c1112bbb242f0a2.sdkstatcache -output-file-map /Users/admin/builder/spi-builder-workspace/.derivedData/Build/Intermediates.noindex/Netable.build/Debug-watchos/Netable-t.build/Objects-normal/arm64/Netable-OutputFileMap.json -save-temps -no-color-diagnostics -explicit-module-build -module-cache-path /Users/admin/builder/spi-builder-workspace/.derivedData/Build/Intermediates.noindex/SwiftExplicitPrecompiledModules -clang-scanner-module-cache-path /Users/admin/builder/spi-builder-workspace/.derivedData/ModuleCache.noindex -sdk-module-cache-path /Users/admin/builder/spi-builder-workspace/.derivedData/SDKExplicitPrecompiledModules -emit-dependencies -emit-module -emit-module-path /Users/admin/builder/spi-builder-workspace/.derivedData/Build/Intermediates.noindex/Netable.build/Debug-watchos/Netable-t.build/Objects-normal/arm64/Netable.swiftmodule -serialize-diagnostics -dependency-scan-serialize-diagnostics-path /Users/admin/builder/spi-builder-workspace/.derivedData/Build/Intermediates.noindex/Netable.build/Debug-watchos/Netable-t.build/Objects-normal/arm64/Netable-dependency-scan.dia -validate-clang-modules-once -clang-build-session-file /Users/admin/builder/spi-builder-workspace/.derivedData/ModuleCache.noindex/Session.modulevalidation -Xcc -fmodules-prune-interval\=86400 -Xcc -fmodules-prune-after\=345600 -emit-const-values -const-gather-protocols-list /Users/admin/builder/spi-builder-workspace/.derivedData/Build/Intermediates.noindex/Netable.build/Debug-watchos/Netable-t.build/Objects-normal/arm64/Netable_const_extract_protocols.json -Xcc -I/Users/admin/builder/spi-builder-workspace/.derivedData/Build/Products/Debug-watchos/include -Xcc -I/Users/admin/builder/spi-builder-workspace/.derivedData/Build/Intermediates.noindex/Netable.build/Debug-watchos/Netable-t.build/DerivedSources-normal/arm64 -Xcc -I/Users/admin/builder/spi-builder-workspace/.derivedData/Build/Intermediates.noindex/Netable.build/Debug-watchos/Netable-t.build/DerivedSources/arm64 -Xcc -I/Users/admin/builder/spi-builder-workspace/.derivedData/Build/Intermediates.noindex/Netable.build/Debug-watchos/Netable-t.build/DerivedSources -Xcc -DSWIFT_PACKAGE -Xcc -DDEBUG\=1 -emit-objc-header -emit-objc-header-path /Users/admin/builder/spi-builder-workspace/.derivedData/Build/Intermediates.noindex/Netable.build/Debug-watchos/Netable-t.build/Objects-normal/arm64/Netable-Swift.h -working-directory /Users/admin/builder/spi-builder-workspace/.swiftpm/xcode -experimental-emit-module-separately -disable-cmo
SwiftCompile normal arm64 Compiling\ String+FullyQualifiedURL.swift,\ AdaptedRequest.swift /Users/admin/builder/spi-builder-workspace/Netable/Netable/Helper/String+FullyQualifiedURL.swift /Users/admin/builder/spi-builder-workspace/Netable/Netable/Interceptors/AdaptedRequest.swift (in target 'Netable' from project 'Netable')
SwiftCompile normal arm64 /Users/admin/builder/spi-builder-workspace/Netable/Netable/Helper/String+FullyQualifiedURL.swift (in target 'Netable' from project 'Netable')
    cd /Users/admin/builder/spi-builder-workspace/.swiftpm/xcode
    builtin-SwiftPerFileCompile String+FullyQualifiedURL.swift
SwiftCompile normal arm64 /Users/admin/builder/spi-builder-workspace/Netable/Netable/Interceptors/AdaptedRequest.swift (in target 'Netable' from project 'Netable')
    cd /Users/admin/builder/spi-builder-workspace/.swiftpm/xcode
    builtin-SwiftPerFileCompile AdaptedRequest.swift
SwiftMergeGeneratedHeaders /Users/admin/builder/spi-builder-workspace/.derivedData/Build/Intermediates.noindex/GeneratedModuleMaps-watchos/Netable-Swift.h /Users/admin/builder/spi-builder-workspace/.derivedData/Build/Intermediates.noindex/Netable.build/Debug-watchos/Netable-t.build/Objects-normal/arm64/Netable-Swift.h /Users/admin/builder/spi-builder-workspace/.derivedData/Build/Intermediates.noindex/Netable.build/Debug-watchos/Netable-t.build/Objects-normal/arm64_32/Netable-Swift.h (in target 'Netable' from project 'Netable')
    cd /Users/admin/builder/spi-builder-workspace
    builtin-swiftHeaderTool -arch arm64 /Users/admin/builder/spi-builder-workspace/.derivedData/Build/Intermediates.noindex/Netable.build/Debug-watchos/Netable-t.build/Objects-normal/arm64/Netable-Swift.h -arch arm64_32 /Users/admin/builder/spi-builder-workspace/.derivedData/Build/Intermediates.noindex/Netable.build/Debug-watchos/Netable-t.build/Objects-normal/arm64_32/Netable-Swift.h -o /Users/admin/builder/spi-builder-workspace/.derivedData/Build/Intermediates.noindex/GeneratedModuleMaps-watchos/Netable-Swift.h
SwiftDriverJobDiscovery normal arm64_32 Compiling Interceptor.swift, InterceptorList.swift (in target 'Netable' from project 'Netable')
Copy /Users/admin/builder/spi-builder-workspace/.derivedData/Build/Products/Debug-watchos/Netable.swiftmodule/arm64_32-apple-watchos.swiftmodule /Users/admin/builder/spi-builder-workspace/.derivedData/Build/Intermediates.noindex/Netable.build/Debug-watchos/Netable-t.build/Objects-normal/arm64_32/Netable.swiftmodule (in target 'Netable' from project 'Netable')
    cd /Users/admin/builder/spi-builder-workspace
    builtin-copy -exclude .DS_Store -exclude CVS -exclude .svn -exclude .git -exclude .hg -resolve-src-symlinks -rename /Users/admin/builder/spi-builder-workspace/.derivedData/Build/Intermediates.noindex/Netable.build/Debug-watchos/Netable-t.build/Objects-normal/arm64_32/Netable.swiftmodule /Users/admin/builder/spi-builder-workspace/.derivedData/Build/Products/Debug-watchos/Netable.swiftmodule/arm64_32-apple-watchos.swiftmodule
Copy /Users/admin/builder/spi-builder-workspace/.derivedData/Build/Products/Debug-watchos/Netable.swiftmodule/arm64_32-apple-watchos.swiftdoc /Users/admin/builder/spi-builder-workspace/.derivedData/Build/Intermediates.noindex/Netable.build/Debug-watchos/Netable-t.build/Objects-normal/arm64_32/Netable.swiftdoc (in target 'Netable' from project 'Netable')
    cd /Users/admin/builder/spi-builder-workspace
    builtin-copy -exclude .DS_Store -exclude CVS -exclude .svn -exclude .git -exclude .hg -resolve-src-symlinks -rename /Users/admin/builder/spi-builder-workspace/.derivedData/Build/Intermediates.noindex/Netable.build/Debug-watchos/Netable-t.build/Objects-normal/arm64_32/Netable.swiftdoc /Users/admin/builder/spi-builder-workspace/.derivedData/Build/Products/Debug-watchos/Netable.swiftmodule/arm64_32-apple-watchos.swiftdoc
Copy /Users/admin/builder/spi-builder-workspace/.derivedData/Build/Products/Debug-watchos/Netable.swiftmodule/arm64_32-apple-watchos.abi.json /Users/admin/builder/spi-builder-workspace/.derivedData/Build/Intermediates.noindex/Netable.build/Debug-watchos/Netable-t.build/Objects-normal/arm64_32/Netable.abi.json (in target 'Netable' from project 'Netable')
    cd /Users/admin/builder/spi-builder-workspace
    builtin-copy -exclude .DS_Store -exclude CVS -exclude .svn -exclude .git -exclude .hg -resolve-src-symlinks -rename /Users/admin/builder/spi-builder-workspace/.derivedData/Build/Intermediates.noindex/Netable.build/Debug-watchos/Netable-t.build/Objects-normal/arm64_32/Netable.abi.json /Users/admin/builder/spi-builder-workspace/.derivedData/Build/Products/Debug-watchos/Netable.swiftmodule/arm64_32-apple-watchos.abi.json
SwiftDriverJobDiscovery normal arm64_32 Compiling RequestFailedDelegate.swift, RetryConfiguration.swift (in target 'Netable' from project 'Netable')
Copy /Users/admin/builder/spi-builder-workspace/.derivedData/Build/Products/Debug-watchos/Netable.swiftmodule/arm64-apple-watchos.swiftmodule /Users/admin/builder/spi-builder-workspace/.derivedData/Build/Intermediates.noindex/Netable.build/Debug-watchos/Netable-t.build/Objects-normal/arm64/Netable.swiftmodule (in target 'Netable' from project 'Netable')
    cd /Users/admin/builder/spi-builder-workspace
    builtin-copy -exclude .DS_Store -exclude CVS -exclude .svn -exclude .git -exclude .hg -resolve-src-symlinks -rename /Users/admin/builder/spi-builder-workspace/.derivedData/Build/Intermediates.noindex/Netable.build/Debug-watchos/Netable-t.build/Objects-normal/arm64/Netable.swiftmodule /Users/admin/builder/spi-builder-workspace/.derivedData/Build/Products/Debug-watchos/Netable.swiftmodule/arm64-apple-watchos.swiftmodule
Copy /Users/admin/builder/spi-builder-workspace/.derivedData/Build/Products/Debug-watchos/Netable.swiftmodule/arm64-apple-watchos.swiftdoc /Users/admin/builder/spi-builder-workspace/.derivedData/Build/Intermediates.noindex/Netable.build/Debug-watchos/Netable-t.build/Objects-normal/arm64/Netable.swiftdoc (in target 'Netable' from project 'Netable')
    cd /Users/admin/builder/spi-builder-workspace
    builtin-copy -exclude .DS_Store -exclude CVS -exclude .svn -exclude .git -exclude .hg -resolve-src-symlinks -rename /Users/admin/builder/spi-builder-workspace/.derivedData/Build/Intermediates.noindex/Netable.build/Debug-watchos/Netable-t.build/Objects-normal/arm64/Netable.swiftdoc /Users/admin/builder/spi-builder-workspace/.derivedData/Build/Products/Debug-watchos/Netable.swiftmodule/arm64-apple-watchos.swiftdoc
SwiftDriverJobDiscovery normal arm64_32 Compiling String+FullyQualifiedURL.swift, AdaptedRequest.swift (in target 'Netable' from project 'Netable')
Copy /Users/admin/builder/spi-builder-workspace/.derivedData/Build/Products/Debug-watchos/Netable.swiftmodule/arm64-apple-watchos.abi.json /Users/admin/builder/spi-builder-workspace/.derivedData/Build/Intermediates.noindex/Netable.build/Debug-watchos/Netable-t.build/Objects-normal/arm64/Netable.abi.json (in target 'Netable' from project 'Netable')
    cd /Users/admin/builder/spi-builder-workspace
    builtin-copy -exclude .DS_Store -exclude CVS -exclude .svn -exclude .git -exclude .hg -resolve-src-symlinks -rename /Users/admin/builder/spi-builder-workspace/.derivedData/Build/Intermediates.noindex/Netable.build/Debug-watchos/Netable-t.build/Objects-normal/arm64/Netable.abi.json /Users/admin/builder/spi-builder-workspace/.derivedData/Build/Products/Debug-watchos/Netable.swiftmodule/arm64-apple-watchos.abi.json
Copy /Users/admin/builder/spi-builder-workspace/.derivedData/Build/Products/Debug-watchos/Netable.swiftmodule/Project/arm64_32-apple-watchos.swiftsourceinfo /Users/admin/builder/spi-builder-workspace/.derivedData/Build/Intermediates.noindex/Netable.build/Debug-watchos/Netable-t.build/Objects-normal/arm64_32/Netable.swiftsourceinfo (in target 'Netable' from project 'Netable')
    cd /Users/admin/builder/spi-builder-workspace
    builtin-copy -exclude .DS_Store -exclude CVS -exclude .svn -exclude .git -exclude .hg -resolve-src-symlinks -rename /Users/admin/builder/spi-builder-workspace/.derivedData/Build/Intermediates.noindex/Netable.build/Debug-watchos/Netable-t.build/Objects-normal/arm64_32/Netable.swiftsourceinfo /Users/admin/builder/spi-builder-workspace/.derivedData/Build/Products/Debug-watchos/Netable.swiftmodule/Project/arm64_32-apple-watchos.swiftsourceinfo
Copy /Users/admin/builder/spi-builder-workspace/.derivedData/Build/Products/Debug-watchos/Netable.swiftmodule/Project/arm64-apple-watchos.swiftsourceinfo /Users/admin/builder/spi-builder-workspace/.derivedData/Build/Intermediates.noindex/Netable.build/Debug-watchos/Netable-t.build/Objects-normal/arm64/Netable.swiftsourceinfo (in target 'Netable' from project 'Netable')
    cd /Users/admin/builder/spi-builder-workspace
    builtin-copy -exclude .DS_Store -exclude CVS -exclude .svn -exclude .git -exclude .hg -resolve-src-symlinks -rename /Users/admin/builder/spi-builder-workspace/.derivedData/Build/Intermediates.noindex/Netable.build/Debug-watchos/Netable-t.build/Objects-normal/arm64/Netable.swiftsourceinfo /Users/admin/builder/spi-builder-workspace/.derivedData/Build/Products/Debug-watchos/Netable.swiftmodule/Project/arm64-apple-watchos.swiftsourceinfo
SwiftCompile normal arm64 Compiling\ Netable.swift,\ Request.swift /Users/admin/builder/spi-builder-workspace/Netable/Netable/Netable.swift /Users/admin/builder/spi-builder-workspace/Netable/Netable/Request.swift (in target 'Netable' from project 'Netable')
SwiftCompile normal arm64 /Users/admin/builder/spi-builder-workspace/Netable/Netable/Netable.swift (in target 'Netable' from project 'Netable')
    cd /Users/admin/builder/spi-builder-workspace/.swiftpm/xcode
    builtin-SwiftPerFileCompile Netable.swift
SwiftCompile normal arm64 /Users/admin/builder/spi-builder-workspace/Netable/Netable/Request.swift (in target 'Netable' from project 'Netable')
    cd /Users/admin/builder/spi-builder-workspace/.swiftpm/xcode
    builtin-SwiftPerFileCompile Request.swift
SwiftCompile normal arm64 Compiling\ LogDestination.swift,\ LossyArray.swift /Users/admin/builder/spi-builder-workspace/Netable/Netable/LogDestination.swift /Users/admin/builder/spi-builder-workspace/Netable/Netable/LossyArray.swift (in target 'Netable' from project 'Netable')
SwiftCompile normal arm64 /Users/admin/builder/spi-builder-workspace/Netable/Netable/LogDestination.swift (in target 'Netable' from project 'Netable')
    cd /Users/admin/builder/spi-builder-workspace/.swiftpm/xcode
    builtin-SwiftPerFileCompile LogDestination.swift
SwiftCompile normal arm64 /Users/admin/builder/spi-builder-workspace/Netable/Netable/LossyArray.swift (in target 'Netable' from project 'Netable')
    cd /Users/admin/builder/spi-builder-workspace/.swiftpm/xcode
    builtin-SwiftPerFileCompile LossyArray.swift
SwiftCompile normal arm64 Compiling\ Interceptor.swift,\ InterceptorList.swift /Users/admin/builder/spi-builder-workspace/Netable/Netable/Interceptors/Interceptor.swift /Users/admin/builder/spi-builder-workspace/Netable/Netable/Interceptors/InterceptorList.swift (in target 'Netable' from project 'Netable')
SwiftCompile normal arm64 /Users/admin/builder/spi-builder-workspace/Netable/Netable/Interceptors/Interceptor.swift (in target 'Netable' from project 'Netable')
    cd /Users/admin/builder/spi-builder-workspace/.swiftpm/xcode
    builtin-SwiftPerFileCompile Interceptor.swift
SwiftCompile normal arm64 /Users/admin/builder/spi-builder-workspace/Netable/Netable/Interceptors/InterceptorList.swift (in target 'Netable' from project 'Netable')
    cd /Users/admin/builder/spi-builder-workspace/.swiftpm/xcode
    builtin-SwiftPerFileCompile InterceptorList.swift
SwiftCompile normal arm64 Compiling\ GraphQLRequest.swift,\ HTTPMethod.swift,\ ArrayDecodeStrategy.swift /Users/admin/builder/spi-builder-workspace/Netable/Netable/GraphQLRequest.swift /Users/admin/builder/spi-builder-workspace/Netable/Netable/HTTPMethod.swift /Users/admin/builder/spi-builder-workspace/Netable/Netable/Helper/ArrayDecodeStrategy.swift (in target 'Netable' from project 'Netable')
SwiftCompile normal arm64 /Users/admin/builder/spi-builder-workspace/Netable/Netable/GraphQLRequest.swift (in target 'Netable' from project 'Netable')
    cd /Users/admin/builder/spi-builder-workspace/.swiftpm/xcode
    builtin-SwiftPerFileCompile GraphQLRequest.swift
SwiftCompile normal arm64 /Users/admin/builder/spi-builder-workspace/Netable/Netable/HTTPMethod.swift (in target 'Netable' from project 'Netable')
    cd /Users/admin/builder/spi-builder-workspace/.swiftpm/xcode
    builtin-SwiftPerFileCompile HTTPMethod.swift
SwiftCompile normal arm64 /Users/admin/builder/spi-builder-workspace/Netable/Netable/Helper/ArrayDecodeStrategy.swift (in target 'Netable' from project 'Netable')
    cd /Users/admin/builder/spi-builder-workspace/.swiftpm/xcode
    builtin-SwiftPerFileCompile ArrayDecodeStrategy.swift
SwiftDriverJobDiscovery normal arm64_32 Compiling SmartUnwrap.swift, URLRequest+EncodeParameters.swift (in target 'Netable' from project 'Netable')
SwiftCompile normal arm64 Compiling\ SmartUnwrap.swift,\ URLRequest+EncodeParameters.swift /Users/admin/builder/spi-builder-workspace/Netable/Netable/SmartUnwrap.swift /Users/admin/builder/spi-builder-workspace/Netable/Netable/URLRequest+EncodeParameters.swift (in target 'Netable' from project 'Netable')
SwiftCompile normal arm64 /Users/admin/builder/spi-builder-workspace/Netable/Netable/SmartUnwrap.swift (in target 'Netable' from project 'Netable')
    cd /Users/admin/builder/spi-builder-workspace/.swiftpm/xcode
    builtin-SwiftPerFileCompile SmartUnwrap.swift
SwiftCompile normal arm64 /Users/admin/builder/spi-builder-workspace/Netable/Netable/URLRequest+EncodeParameters.swift (in target 'Netable' from project 'Netable')
    cd /Users/admin/builder/spi-builder-workspace/.swiftpm/xcode
    builtin-SwiftPerFileCompile URLRequest+EncodeParameters.swift
SwiftCompile normal arm64_32 Compiling\ Config.swift,\ DecodingError+Logging.swift,\ Error.swift /Users/admin/builder/spi-builder-workspace/Netable/Netable/Config.swift /Users/admin/builder/spi-builder-workspace/Netable/Netable/DecodingError+Logging.swift /Users/admin/builder/spi-builder-workspace/Netable/Netable/Error.swift (in target 'Netable' from project 'Netable')
SwiftCompile normal arm64_32 /Users/admin/builder/spi-builder-workspace/Netable/Netable/Config.swift (in target 'Netable' from project 'Netable')
    cd /Users/admin/builder/spi-builder-workspace/.swiftpm/xcode
    builtin-SwiftPerFileCompile Config.swift
SwiftCompile normal arm64_32 /Users/admin/builder/spi-builder-workspace/Netable/Netable/DecodingError+Logging.swift (in target 'Netable' from project 'Netable')
    cd /Users/admin/builder/spi-builder-workspace/.swiftpm/xcode
    builtin-SwiftPerFileCompile DecodingError+Logging.swift
SwiftCompile normal arm64_32 /Users/admin/builder/spi-builder-workspace/Netable/Netable/Error.swift (in target 'Netable' from project 'Netable')
    cd /Users/admin/builder/spi-builder-workspace/.swiftpm/xcode
    builtin-SwiftPerFileCompile Error.swift
SwiftCompile normal arm64 Compiling\ Config.swift,\ DecodingError+Logging.swift,\ Error.swift /Users/admin/builder/spi-builder-workspace/Netable/Netable/Config.swift /Users/admin/builder/spi-builder-workspace/Netable/Netable/DecodingError+Logging.swift /Users/admin/builder/spi-builder-workspace/Netable/Netable/Error.swift (in target 'Netable' from project 'Netable')
SwiftCompile normal arm64 /Users/admin/builder/spi-builder-workspace/Netable/Netable/Config.swift (in target 'Netable' from project 'Netable')
    cd /Users/admin/builder/spi-builder-workspace/.swiftpm/xcode
    builtin-SwiftPerFileCompile Config.swift
SwiftCompile normal arm64 /Users/admin/builder/spi-builder-workspace/Netable/Netable/DecodingError+Logging.swift (in target 'Netable' from project 'Netable')
    cd /Users/admin/builder/spi-builder-workspace/.swiftpm/xcode
    builtin-SwiftPerFileCompile DecodingError+Logging.swift
SwiftCompile normal arm64 /Users/admin/builder/spi-builder-workspace/Netable/Netable/Error.swift (in target 'Netable' from project 'Netable')
    cd /Users/admin/builder/spi-builder-workspace/.swiftpm/xcode
    builtin-SwiftPerFileCompile Error.swift
SwiftCompile normal arm64 Compiling\ Netable+Equatable.swift,\ Netable+Error.swift /Users/admin/builder/spi-builder-workspace/Netable/Netable/Helper/Netable+Equatable.swift /Users/admin/builder/spi-builder-workspace/Netable/Netable/Helper/Netable+Error.swift (in target 'Netable' from project 'Netable')
SwiftCompile normal arm64 /Users/admin/builder/spi-builder-workspace/Netable/Netable/Helper/Netable+Equatable.swift (in target 'Netable' from project 'Netable')
    cd /Users/admin/builder/spi-builder-workspace/.swiftpm/xcode
    builtin-SwiftPerFileCompile Netable+Equatable.swift
SwiftCompile normal arm64 /Users/admin/builder/spi-builder-workspace/Netable/Netable/Helper/Netable+Error.swift (in target 'Netable' from project 'Netable')
    cd /Users/admin/builder/spi-builder-workspace/.swiftpm/xcode
    builtin-SwiftPerFileCompile Netable+Error.swift
SwiftDriverJobDiscovery normal arm64_32 Compiling Netable+Equatable.swift, Netable+Error.swift (in target 'Netable' from project 'Netable')
SwiftDriverJobDiscovery normal arm64_32 Compiling URLRequest+EncodeURL.swift, URLRequest+Multipart.swift (in target 'Netable' from project 'Netable')
SwiftDriverJobDiscovery normal arm64_32 Compiling LogDestination.swift, LossyArray.swift (in target 'Netable' from project 'Netable')
SwiftDriverJobDiscovery normal arm64_32 Compiling GraphQLRequest.swift, HTTPMethod.swift, ArrayDecodeStrategy.swift (in target 'Netable' from project 'Netable')
PruneExplicitPrecompiledModules /Users/admin/builder/spi-builder-workspace/.derivedData/SDKExplicitPrecompiledModules
PruneExplicitPrecompiledModules /Users/admin/builder/spi-builder-workspace/.derivedData/Build/Intermediates.noindex/ExplicitPrecompiledModules
PruneExplicitPrecompiledModules /Users/admin/builder/spi-builder-workspace/.derivedData/Build/Intermediates.noindex/SwiftExplicitPrecompiledModules
2026-09-19 03:47:37.674 xcodebuild[660:4271] [MT] IDERunDestination: Supported platforms for the buildables in the current scheme is empty.
** BUILD FAILED **
The following build commands failed:
	SwiftCompile normal arm64_32 /Users/admin/builder/spi-builder-workspace/Netable/Netable/Netable.swift (in target 'Netable' from project 'Netable')
	SwiftCompile normal arm64_32 Compiling\ Netable.swift,\ Request.swift /Users/admin/builder/spi-builder-workspace/Netable/Netable/Netable.swift /Users/admin/builder/spi-builder-workspace/Netable/Netable/Request.swift (in target 'Netable' from project 'Netable')
	Building workspace Netable with scheme Netable
(3 failures)
Command line invocation:
    /Applications/Xcode-27.0.0-Release.Candidate.app/Contents/Developer/usr/bin/xcodebuild -IDEClonedSourcePackagesDirPathOverride=/Users/admin/builder/spi-builder-workspace/.dependencies -resolvePackageDependencies
Resolve Package Graph
Resolved source packages:
  Netable: /Users/admin/builder/spi-builder-workspace
resolved source packages: Netable
2026-09-19 03:47:43.602 xcodebuild[753:4656] [MT] IDERunDestination: Supported platforms for the buildables in the current scheme is empty.
{
  "dependencies" : [
  ],
  "manifest_display_name" : "Netable",
  "name" : "Netable",
  "path" : "/Users/admin/builder/spi-builder-workspace",
  "platforms" : [
    {
      "name" : "ios",
      "version" : "13.0"
    },
    {
      "name" : "macos",
      "version" : "10.15"
    }
  ],
  "products" : [
    {
      "name" : "Netable",
      "targets" : [
        "Netable"
      ],
      "type" : {
        "library" : [
          "automatic"
        ]
      }
    }
  ],
  "targets" : [
    {
      "c99name" : "Netable",
      "module_type" : "SwiftTarget",
      "name" : "Netable",
      "path" : "Netable/Netable",
      "product_memberships" : [
        "Netable"
      ],
      "sources" : [
        "Config.swift",
        "DecodingError+Logging.swift",
        "Error.swift",
        "GraphQLRequest.swift",
        "HTTPMethod.swift",
        "Helper/ArrayDecodeStrategy.swift",
        "Helper/Netable+Equatable.swift",
        "Helper/Netable+Error.swift",
        "Helper/String+FullyQualifiedURL.swift",
        "Interceptors/AdaptedRequest.swift",
        "Interceptors/Interceptor.swift",
        "Interceptors/InterceptorList.swift",
        "LogDestination.swift",
        "LossyArray.swift",
        "Netable.swift",
        "Request.swift",
        "RequestFailedDelegate.swift",
        "RetryConfiguration.swift",
        "SmartUnwrap.swift",
        "URLRequest+EncodeParameters.swift",
        "URLRequest+EncodeURL.swift",
        "URLRequest+Multipart.swift"
      ],
      "type" : "library"
    }
  ],
  "tools_version" : "5.1"
}
{
  "workspace" : {
    "name" : "Netable",
    "schemes" : [
      "Netable"
    ]
  }
}
2026-09-19 03:47:44.769 xcodebuild[761:4726] [MT] IDERunDestination: Supported platforms for the buildables in the current scheme is empty.
Running build ...
env DEVELOPER_DIR=/Applications/Xcode-27.0.0-Release.Candidate.app xcrun xcodebuild -IDEClonedSourcePackagesDirPathOverride=$PWD/.dependencies -skipMacroValidation -skipPackagePluginValidation -derivedDataPath $PWD/.derivedData build -scheme Netable -destination generic/platform=watchOS
Command line invocation:
    /Applications/Xcode-27.0.0-Release.Candidate.app/Contents/Developer/usr/bin/xcodebuild -IDEClonedSourcePackagesDirPathOverride=/Users/admin/builder/spi-builder-workspace/.dependencies -skipMacroValidation -skipPackagePluginValidation -derivedDataPath /Users/admin/builder/spi-builder-workspace/.derivedData build -scheme Netable -destination generic/platform=watchOS
Resolve Package Graph
Resolved source packages:
  Netable: /Users/admin/builder/spi-builder-workspace
ComputePackagePrebuildTargetDependencyGraph
Prepare packages
CreateBuildRequest
SendProjectDescription
CreateBuildOperation
ComputeTargetDependencyGraph
note: Building targets in dependency order
note: Target dependency graph (2 targets)
    Target 'Netable-product' in project 'Netable'
        ➜ Explicit dependency on target 'Netable' in project 'Netable'
    Target 'Netable' in project 'Netable' (no dependencies)
GatherProvisioningInputs
CreateBuildDescription
ClangStatCache /Applications/Xcode-27.0.0-Release.Candidate.app/Contents/Developer/Toolchains/XcodeDefault.xctoolchain/usr/bin/clang-stat-cache /Applications/Xcode-27.0.0-Release.Candidate.app/Contents/Developer/Platforms/WatchOS.platform/Developer/SDKs/WatchOS27.0.sdk /Users/admin/builder/spi-builder-workspace/.derivedData/SDKStatCaches.noindex/watchos27.0-24R360-e829b21a6f8c9b70876ba0858053c04477534ef55a1706bf4c1112bbb242f0a2.sdkstatcache
    cd /Users/admin/builder/spi-builder-workspace/.swiftpm/xcode
    /Applications/Xcode-27.0.0-Release.Candidate.app/Contents/Developer/Toolchains/XcodeDefault.xctoolchain/usr/bin/clang-stat-cache /Applications/Xcode-27.0.0-Release.Candidate.app/Contents/Developer/Platforms/WatchOS.platform/Developer/SDKs/WatchOS27.0.sdk -o /Users/admin/builder/spi-builder-workspace/.derivedData/SDKStatCaches.noindex/watchos27.0-24R360-e829b21a6f8c9b70876ba0858053c04477534ef55a1706bf4c1112bbb242f0a2.sdkstatcache
SwiftDriver Netable normal arm64 com.apple.xcode.tools.swift.compiler (in target 'Netable' from project 'Netable')
    cd /Users/admin/builder/spi-builder-workspace/.swiftpm/xcode
    builtin-SwiftDriver -- /Applications/Xcode-27.0.0-Release.Candidate.app/Contents/Developer/Toolchains/XcodeDefault.xctoolchain/usr/bin/swiftc -parse-as-library -module-name Netable -Onone @/Users/admin/builder/spi-builder-workspace/.derivedData/Build/Intermediates.noindex/Netable.build/Debug-watchos/Netable-t.build/Objects-normal/arm64/Netable.SwiftFileList -DSWIFT_PACKAGE -DDEBUG -DSWIFT_MODULE_RESOURCE_BUNDLE_UNAVAILABLE -DXcode -plugin-path /Applications/Xcode-27.0.0-Release.Candidate.app/Contents/Developer/Toolchains/XcodeDefault.xctoolchain/usr/lib/swift/host/plugins/testing -enable-experimental-feature DebugDescriptionMacro -sdk /Applications/Xcode-27.0.0-Release.Candidate.app/Contents/Developer/Platforms/WatchOS.platform/Developer/SDKs/WatchOS27.0.sdk -target arm64-apple-watchos9.0 -g -module-cache-path /Users/admin/builder/spi-builder-workspace/.derivedData/ModuleCache.noindex -Xfrontend -serialize-debugging-options -enable-testing -index-store-path /Users/admin/builder/spi-builder-workspace/.derivedData/Index.noindex/DataStore -Xcc -D_LIBCPP_HARDENING_MODE\=_LIBCPP_HARDENING_MODE_DEBUG -swift-version 5 -I /Users/admin/builder/spi-builder-workspace/.derivedData/Build/Products/Debug-watchos -Isystem /Applications/Xcode-27.0.0-Release.Candidate.app/Contents/Developer/Platforms/WatchOS.platform/Developer/usr/lib -F /Users/admin/builder/spi-builder-workspace/.derivedData/Build/Products/Debug-watchos -F /Applications/Xcode-27.0.0-Release.Candidate.app/Contents/Developer/Platforms/WatchOS.platform/Developer/Library/Frameworks -F /Applications/Xcode-27.0.0-Release.Candidate.app/Contents/Developer/Platforms/WatchOS.platform/Developer/SDKs/WatchOS27.0.sdk/Developer/Library/Frameworks -c -j10 -enable-batch-mode -incremental -Xcc -ivfsstatcache -Xcc /Users/admin/builder/spi-builder-workspace/.derivedData/SDKStatCaches.noindex/watchos27.0-24R360-e829b21a6f8c9b70876ba0858053c04477534ef55a1706bf4c1112bbb242f0a2.sdkstatcache -output-file-map /Users/admin/builder/spi-builder-workspace/.derivedData/Build/Intermediates.noindex/Netable.build/Debug-watchos/Netable-t.build/Objects-normal/arm64/Netable-OutputFileMap.json -save-temps -no-color-diagnostics -explicit-module-build -module-cache-path /Users/admin/builder/spi-builder-workspace/.derivedData/Build/Intermediates.noindex/SwiftExplicitPrecompiledModules -clang-scanner-module-cache-path /Users/admin/builder/spi-builder-workspace/.derivedData/ModuleCache.noindex -sdk-module-cache-path /Users/admin/builder/spi-builder-workspace/.derivedData/SDKExplicitPrecompiledModules -emit-dependencies -emit-module -emit-module-path /Users/admin/builder/spi-builder-workspace/.derivedData/Build/Intermediates.noindex/Netable.build/Debug-watchos/Netable-t.build/Objects-normal/arm64/Netable.swiftmodule -serialize-diagnostics -dependency-scan-serialize-diagnostics-path /Users/admin/builder/spi-builder-workspace/.derivedData/Build/Intermediates.noindex/Netable.build/Debug-watchos/Netable-t.build/Objects-normal/arm64/Netable-dependency-scan.dia -validate-clang-modules-once -clang-build-session-file /Users/admin/builder/spi-builder-workspace/.derivedData/ModuleCache.noindex/Session.modulevalidation -Xcc -fmodules-prune-interval\=86400 -Xcc -fmodules-prune-after\=345600 -emit-const-values -const-gather-protocols-list /Users/admin/builder/spi-builder-workspace/.derivedData/Build/Intermediates.noindex/Netable.build/Debug-watchos/Netable-t.build/Objects-normal/arm64/Netable_const_extract_protocols.json -Xcc -I/Users/admin/builder/spi-builder-workspace/.derivedData/Build/Products/Debug-watchos/include -Xcc -I/Users/admin/builder/spi-builder-workspace/.derivedData/Build/Intermediates.noindex/Netable.build/Debug-watchos/Netable-t.build/DerivedSources-normal/arm64 -Xcc -I/Users/admin/builder/spi-builder-workspace/.derivedData/Build/Intermediates.noindex/Netable.build/Debug-watchos/Netable-t.build/DerivedSources/arm64 -Xcc -I/Users/admin/builder/spi-builder-workspace/.derivedData/Build/Intermediates.noindex/Netable.build/Debug-watchos/Netable-t.build/DerivedSources -Xcc -DSWIFT_PACKAGE -Xcc -DDEBUG\=1 -emit-objc-header -emit-objc-header-path /Users/admin/builder/spi-builder-workspace/.derivedData/Build/Intermediates.noindex/Netable.build/Debug-watchos/Netable-t.build/Objects-normal/arm64/Netable-Swift.h -working-directory /Users/admin/builder/spi-builder-workspace/.swiftpm/xcode -experimental-emit-module-separately -disable-cmo
SwiftDriver Netable normal arm64_32 com.apple.xcode.tools.swift.compiler (in target 'Netable' from project 'Netable')
    cd /Users/admin/builder/spi-builder-workspace/.swiftpm/xcode
    builtin-SwiftDriver -- /Applications/Xcode-27.0.0-Release.Candidate.app/Contents/Developer/Toolchains/XcodeDefault.xctoolchain/usr/bin/swiftc -parse-as-library -module-name Netable -Onone @/Users/admin/builder/spi-builder-workspace/.derivedData/Build/Intermediates.noindex/Netable.build/Debug-watchos/Netable-t.build/Objects-normal/arm64_32/Netable.SwiftFileList -DSWIFT_PACKAGE -DDEBUG -DSWIFT_MODULE_RESOURCE_BUNDLE_UNAVAILABLE -DXcode -plugin-path /Applications/Xcode-27.0.0-Release.Candidate.app/Contents/Developer/Toolchains/XcodeDefault.xctoolchain/usr/lib/swift/host/plugins/testing -enable-experimental-feature DebugDescriptionMacro -sdk /Applications/Xcode-27.0.0-Release.Candidate.app/Contents/Developer/Platforms/WatchOS.platform/Developer/SDKs/WatchOS27.0.sdk -target arm64_32-apple-watchos9.0 -g -module-cache-path /Users/admin/builder/spi-builder-workspace/.derivedData/ModuleCache.noindex -Xfrontend -serialize-debugging-options -enable-testing -index-store-path /Users/admin/builder/spi-builder-workspace/.derivedData/Index.noindex/DataStore -Xcc -D_LIBCPP_HARDENING_MODE\=_LIBCPP_HARDENING_MODE_DEBUG -swift-version 5 -I /Users/admin/builder/spi-builder-workspace/.derivedData/Build/Products/Debug-watchos -Isystem /Applications/Xcode-27.0.0-Release.Candidate.app/Contents/Developer/Platforms/WatchOS.platform/Developer/usr/lib -F /Users/admin/builder/spi-builder-workspace/.derivedData/Build/Products/Debug-watchos -F /Applications/Xcode-27.0.0-Release.Candidate.app/Contents/Developer/Platforms/WatchOS.platform/Developer/Library/Frameworks -F /Applications/Xcode-27.0.0-Release.Candidate.app/Contents/Developer/Platforms/WatchOS.platform/Developer/SDKs/WatchOS27.0.sdk/Developer/Library/Frameworks -c -j10 -enable-batch-mode -incremental -Xcc -ivfsstatcache -Xcc /Users/admin/builder/spi-builder-workspace/.derivedData/SDKStatCaches.noindex/watchos27.0-24R360-e829b21a6f8c9b70876ba0858053c04477534ef55a1706bf4c1112bbb242f0a2.sdkstatcache -output-file-map /Users/admin/builder/spi-builder-workspace/.derivedData/Build/Intermediates.noindex/Netable.build/Debug-watchos/Netable-t.build/Objects-normal/arm64_32/Netable-OutputFileMap.json -save-temps -no-color-diagnostics -explicit-module-build -module-cache-path /Users/admin/builder/spi-builder-workspace/.derivedData/Build/Intermediates.noindex/SwiftExplicitPrecompiledModules -clang-scanner-module-cache-path /Users/admin/builder/spi-builder-workspace/.derivedData/ModuleCache.noindex -sdk-module-cache-path /Users/admin/builder/spi-builder-workspace/.derivedData/SDKExplicitPrecompiledModules -emit-dependencies -emit-module -emit-module-path /Users/admin/builder/spi-builder-workspace/.derivedData/Build/Intermediates.noindex/Netable.build/Debug-watchos/Netable-t.build/Objects-normal/arm64_32/Netable.swiftmodule -serialize-diagnostics -dependency-scan-serialize-diagnostics-path /Users/admin/builder/spi-builder-workspace/.derivedData/Build/Intermediates.noindex/Netable.build/Debug-watchos/Netable-t.build/Objects-normal/arm64_32/Netable-dependency-scan.dia -validate-clang-modules-once -clang-build-session-file /Users/admin/builder/spi-builder-workspace/.derivedData/ModuleCache.noindex/Session.modulevalidation -Xcc -fmodules-prune-interval\=86400 -Xcc -fmodules-prune-after\=345600 -emit-const-values -const-gather-protocols-list /Users/admin/builder/spi-builder-workspace/.derivedData/Build/Intermediates.noindex/Netable.build/Debug-watchos/Netable-t.build/Objects-normal/arm64_32/Netable_const_extract_protocols.json -Xcc -I/Users/admin/builder/spi-builder-workspace/.derivedData/Build/Products/Debug-watchos/include -Xcc -I/Users/admin/builder/spi-builder-workspace/.derivedData/Build/Intermediates.noindex/Netable.build/Debug-watchos/Netable-t.build/DerivedSources-normal/arm64_32 -Xcc -I/Users/admin/builder/spi-builder-workspace/.derivedData/Build/Intermediates.noindex/Netable.build/Debug-watchos/Netable-t.build/DerivedSources/arm64_32 -Xcc -I/Users/admin/builder/spi-builder-workspace/.derivedData/Build/Intermediates.noindex/Netable.build/Debug-watchos/Netable-t.build/DerivedSources -Xcc -DSWIFT_PACKAGE -Xcc -DDEBUG\=1 -emit-objc-header -emit-objc-header-path /Users/admin/builder/spi-builder-workspace/.derivedData/Build/Intermediates.noindex/Netable.build/Debug-watchos/Netable-t.build/Objects-normal/arm64_32/Netable-Swift.h -working-directory /Users/admin/builder/spi-builder-workspace/.swiftpm/xcode -experimental-emit-module-separately -disable-cmo
SwiftCompile normal arm64_32 Compiling\ Netable.swift /Users/admin/builder/spi-builder-workspace/Netable/Netable/Netable.swift (in target 'Netable' from project 'Netable')
/Users/admin/builder/spi-builder-workspace/Netable/Netable/Netable.swift:317:1: warning: extension declares a conformance of imported type 'AnyPublisher' to imported protocol 'Sendable'; this will not behave correctly if the owners of 'Combine' introduce this conformance in the future
315 | }
316 |
317 | extension AnyPublisher: @unchecked Sendable {}
    | |- warning: extension declares a conformance of imported type 'AnyPublisher' to imported protocol 'Sendable'; this will not behave correctly if the owners of 'Combine' introduce this conformance in the future
    | `- note: add '@retroactive' to silence this warning
318 |
/Users/admin/builder/spi-builder-workspace/Netable/Netable/Netable.swift:194:30: error: 'CACurrentMediaTime()' is unavailable in watchOS
192 |         id: String
193 |     ) async throws -> T.FinalResource {
194 |         let startTimestamp = CACurrentMediaTime()
    |                              `- error: 'CACurrentMediaTime()' is unavailable in watchOS
195 |
196 |         var finalUrlRequest = urlRequest
/Applications/Xcode-27.0.0-Release.Candidate.app/Contents/Developer/Platforms/WatchOS.platform/Developer/SDKs/WatchOS27.0.sdk/System/Library/Frameworks/QuartzCore.framework/Headers/CABase.h:127:26: note: 'CACurrentMediaTime()' has been explicitly marked unavailable here
125 |  * calling mach_absolute_time () and converting the units to seconds. */
126 |
127 | CA_EXTERN CFTimeInterval CACurrentMediaTime (void)
    |                          `- note: 'CACurrentMediaTime()' has been explicitly marked unavailable here
128 |     API_AVAILABLE(macos(10.5), ios(2.0)) API_UNAVAILABLE(watchos);
129 |
/Users/admin/builder/spi-builder-workspace/Netable/Netable/Netable.swift:239:80: error: 'CACurrentMediaTime()' is unavailable in watchOS
237 |                 let finalizedResult = try await finalize(request: request, data: data)
238 |
239 |                 await self.log(.requestSuccess(request: requestInfo, taskTime: CACurrentMediaTime() - startTimestamp, statusCode: response.statusCode, responseData: data, finalizedResult: finalizedResult))
    |                                                                                `- error: 'CACurrentMediaTime()' is unavailable in watchOS
240 |
241 |                 return finalizedResult
/Applications/Xcode-27.0.0-Release.Candidate.app/Contents/Developer/Platforms/WatchOS.platform/Developer/SDKs/WatchOS27.0.sdk/System/Library/Frameworks/QuartzCore.framework/Headers/CABase.h:127:26: note: 'CACurrentMediaTime()' has been explicitly marked unavailable here
125 |  * calling mach_absolute_time () and converting the units to seconds. */
126 |
127 | CA_EXTERN CFTimeInterval CACurrentMediaTime (void)
    |                          `- note: 'CACurrentMediaTime()' has been explicitly marked unavailable here
128 |     API_AVAILABLE(macos(10.5), ios(2.0)) API_UNAVAILABLE(watchos);
129 |
/Users/admin/builder/spi-builder-workspace/Netable/Netable/Netable.swift:244:28: error: 'CACurrentMediaTime()' is unavailable in watchOS
242 |             } catch {
243 |                 let netableError = error.netableError
244 |                 let time = CACurrentMediaTime() - startTimestamp
    |                            `- error: 'CACurrentMediaTime()' is unavailable in watchOS
245 |
246 |                 var dontRetry = false
/Applications/Xcode-27.0.0-Release.Candidate.app/Contents/Developer/Platforms/WatchOS.platform/Developer/SDKs/WatchOS27.0.sdk/System/Library/Frameworks/QuartzCore.framework/Headers/CABase.h:127:26: note: 'CACurrentMediaTime()' has been explicitly marked unavailable here
125 |  * calling mach_absolute_time () and converting the units to seconds. */
126 |
127 | CA_EXTERN CFTimeInterval CACurrentMediaTime (void)
    |                          `- note: 'CACurrentMediaTime()' has been explicitly marked unavailable here
128 |     API_AVAILABLE(macos(10.5), ios(2.0)) API_UNAVAILABLE(watchos);
129 |
Failed frontend command:
SwiftCompile normal arm64_32 /Users/admin/builder/spi-builder-workspace/Netable/Netable/Netable.swift (in target 'Netable' from project 'Netable')
    cd /Users/admin/builder/spi-builder-workspace/.swiftpm/xcode
    builtin-SwiftPerFileCompile Netable.swift
/Applications/Xcode-27.0.0-Release.Candidate.app/Contents/Developer/Toolchains/XcodeDefault.xctoolchain/usr/bin/swift-frontend -frontend -c /Users/admin/builder/spi-builder-workspace/Netable/Netable/Config.swift /Users/admin/builder/spi-builder-workspace/Netable/Netable/DecodingError+Logging.swift /Users/admin/builder/spi-builder-workspace/Netable/Netable/Error.swift /Users/admin/builder/spi-builder-workspace/Netable/Netable/GraphQLRequest.swift /Users/admin/builder/spi-builder-workspace/Netable/Netable/HTTPMethod.swift /Users/admin/builder/spi-builder-workspace/Netable/Netable/Helper/ArrayDecodeStrategy.swift /Users/admin/builder/spi-builder-workspace/Netable/Netable/Helper/Netable+Equatable.swift /Users/admin/builder/spi-builder-workspace/Netable/Netable/Helper/Netable+Error.swift /Users/admin/builder/spi-builder-workspace/Netable/Netable/Helper/String+FullyQualifiedURL.swift /Users/admin/builder/spi-builder-workspace/Netable/Netable/Interceptors/AdaptedRequest.swift /Users/admin/builder/spi-builder-workspace/Netable/Netable/Interceptors/Interceptor.swift /Users/admin/builder/spi-builder-workspace/Netable/Netable/Interceptors/InterceptorList.swift /Users/admin/builder/spi-builder-workspace/Netable/Netable/LogDestination.swift /Users/admin/builder/spi-builder-workspace/Netable/Netable/LossyArray.swift -primary-file /Users/admin/builder/spi-builder-workspace/Netable/Netable/Netable.swift /Users/admin/builder/spi-builder-workspace/Netable/Netable/Request.swift /Users/admin/builder/spi-builder-workspace/Netable/Netable/RequestFailedDelegate.swift /Users/admin/builder/spi-builder-workspace/Netable/Netable/RetryConfiguration.swift /Users/admin/builder/spi-builder-workspace/Netable/Netable/SmartUnwrap.swift /Users/admin/builder/spi-builder-workspace/Netable/Netable/URLRequest+EncodeParameters.swift /Users/admin/builder/spi-builder-workspace/Netable/Netable/URLRequest+EncodeURL.swift /Users/admin/builder/spi-builder-workspace/Netable/Netable/URLRequest+Multipart.swift -emit-dependencies-path /Users/admin/builder/spi-builder-workspace/.derivedData/Build/Intermediates.noindex/Netable.build/Debug-watchos/Netable-t.build/Objects-normal/arm64_32/Netable.d -emit-const-values-path /Users/admin/builder/spi-builder-workspace/.derivedData/Build/Intermediates.noindex/Netable.build/Debug-watchos/Netable-t.build/Objects-normal/arm64_32/Netable.swiftconstvalues -emit-reference-dependencies-path /Users/admin/builder/spi-builder-workspace/.derivedData/Build/Intermediates.noindex/Netable.build/Debug-watchos/Netable-t.build/Objects-normal/arm64_32/Netable.swiftdeps -serialize-diagnostics-path /Users/admin/builder/spi-builder-workspace/.derivedData/Build/Intermediates.noindex/Netable.build/Debug-watchos/Netable-t.build/Objects-normal/arm64_32/Netable.dia -target arm64_32-apple-watchos9.0 -module-can-import-version QuartzCore 5 1223.0.14 -disable-cross-import-overlay-search -load-resolved-plugin /Applications/Xcode-27.0.0-Release.Candidate.app/Contents/Developer/Platforms/WatchOS.platform/Developer/usr/lib/swift/host/plugins/libFoundationMacros.dylib\#/Applications/Xcode-27.0.0-Release.Candidate.app/Contents/Developer/Platforms/WatchOS.platform/Developer/usr/bin/swift-plugin-server\#FoundationMacros -load-resolved-plugin /Applications/Xcode-27.0.0-Release.Candidate.app/Contents/Developer/Platforms/WatchOS.platform/Developer/usr/lib/swift/host/plugins/libObservationMacros.dylib\#/Applications/Xcode-27.0.0-Release.Candidate.app/Contents/Developer/Platforms/WatchOS.platform/Developer/usr/bin/swift-plugin-server\#ObservationMacros -load-resolved-plugin /Applications/Xcode-27.0.0-Release.Candidate.app/Contents/Developer/Platforms/WatchOS.platform/Developer/usr/lib/swift/host/plugins/libSwiftMacros.dylib\#/Applications/Xcode-27.0.0-Release.Candidate.app/Contents/Developer/Platforms/WatchOS.platform/Developer/usr/bin/swift-plugin-server\#SwiftMacros -disable-implicit-swift-modules -Xcc -fno-implicit-modules -Xcc -fno-implicit-module-maps -explicit-swift-module-map-file /Users/admin/builder/spi-builder-workspace/.derivedData/Build/Intermediates.noindex/Netable.build/Debug-watchos/Netable-t.build/Objects-normal/arm64_32/Netable-dependencies-2.json -enable-objc-interop -sdk /Applications/Xcode-27.0.0-Release.Candidate.app/Contents/Developer/Platforms/WatchOS.platform/Developer/SDKs/WatchOS27.0.sdk -I /Users/admin/builder/spi-builder-workspace/.derivedData/Build/Products/Debug-watchos -Isystem /Applications/Xcode-27.0.0-Release.Candidate.app/Contents/Developer/Platforms/WatchOS.platform/Developer/usr/lib -F /Users/admin/builder/spi-builder-workspace/.derivedData/Build/Products/Debug-watchos -F /Applications/Xcode-27.0.0-Release.Candidate.app/Contents/Developer/Platforms/WatchOS.platform/Developer/Library/Frameworks -F /Applications/Xcode-27.0.0-Release.Candidate.app/Contents/Developer/Platforms/WatchOS.platform/Developer/SDKs/WatchOS27.0.sdk/Developer/Library/Frameworks -module-cache-path /Users/admin/builder/spi-builder-workspace/.derivedData/Build/Intermediates.noindex/SwiftExplicitPrecompiledModules -no-color-diagnostics -Xcc -fno-color-diagnostics -enable-testing -g -debug-info-format\=dwarf -dwarf-version\=4 -swift-version 5 -Onone -D SWIFT_PACKAGE -D DEBUG -D SWIFT_MODULE_RESOURCE_BUNDLE_UNAVAILABLE -D Xcode -serialize-debugging-options -enable-experimental-feature DebugDescriptionMacro -empty-abi-descriptor -validate-clang-modules-once -clang-build-session-file /Users/admin/builder/spi-builder-workspace/.derivedData/ModuleCache.noindex/Session.modulevalidation -Xcc -working-directory -Xcc /Users/admin/builder/spi-builder-workspace/.swiftpm/xcode -enable-anonymous-context-mangled-names -file-compilation-dir /Users/admin/builder/spi-builder-workspace/.swiftpm/xcode -Xcc -D_LIBCPP_HARDENING_MODE\=_LIBCPP_HARDENING_MODE_DEBUG -Xcc -ivfsstatcache -Xcc /Users/admin/builder/spi-builder-workspace/.derivedData/SDKStatCaches.noindex/watchos27.0-24R360-e829b21a6f8c9b70876ba0858053c04477534ef55a1706bf4c1112bbb242f0a2.sdkstatcache -Xcc -fmodules-prune-interval\=86400 -Xcc -fmodules-prune-after\=345600 -Xcc -I/Users/admin/builder/spi-builder-workspace/.derivedData/Build/Products/Debug-watchos/include -Xcc -I/Users/admin/builder/spi-builder-workspace/.derivedData/Build/Intermediates.noindex/Netable.build/Debug-watchos/Netable-t.build/DerivedSources-normal/arm64_32 -Xcc -I/Users/admin/builder/spi-builder-workspace/.derivedData/Build/Intermediates.noindex/Netable.build/Debug-watchos/Netable-t.build/DerivedSources/arm64_32 -Xcc -I/Users/admin/builder/spi-builder-workspace/.derivedData/Build/Intermediates.noindex/Netable.build/Debug-watchos/Netable-t.build/DerivedSources -Xcc -DSWIFT_PACKAGE -Xcc -DDEBUG\=1 -no-auto-bridging-header-chaining -module-name Netable -const-gather-protocols-file /Users/admin/builder/spi-builder-workspace/.derivedData/Build/Intermediates.noindex/Netable.build/Debug-watchos/Netable-t.build/Objects-normal/arm64_32/Netable_const_extract_protocols.json -disable-clang-spi -clang-target arm64_32-apple-watchos27.0 -target-sdk-version 27.0 -target-sdk-name watchos27.0 -in-process-plugin-server-path /Applications/Xcode-27.0.0-Release.Candidate.app/Contents/Developer/Toolchains/XcodeDefault.xctoolchain/usr/lib/swift/host/libSwiftInProcPluginServer.dylib -parse-as-library -o /Users/admin/builder/spi-builder-workspace/.derivedData/Build/Intermediates.noindex/Netable.build/Debug-watchos/Netable-t.build/Objects-normal/arm64_32/Netable.o -debug-module-path /Users/admin/builder/spi-builder-workspace/.derivedData/Build/Intermediates.noindex/Netable.build/Debug-watchos/Netable-t.build/Objects-normal/arm64_32/Netable.swiftmodule -index-unit-output-path /Netable.build/Debug-watchos/Netable-t.build/Objects-normal/arm64_32/Netable.o -index-store-path /Users/admin/builder/spi-builder-workspace/.derivedData/Index.noindex/DataStore -index-system-modules
SwiftCompile normal arm64_32 Compiling\ Request.swift /Users/admin/builder/spi-builder-workspace/Netable/Netable/Request.swift (in target 'Netable' from project 'Netable')
SwiftCompile normal arm64_32 /Users/admin/builder/spi-builder-workspace/Netable/Netable/Request.swift (in target 'Netable' from project 'Netable')
    cd /Users/admin/builder/spi-builder-workspace/.swiftpm/xcode
    builtin-SwiftPerFileCompile Request.swift
SwiftEmitModule normal arm64_32 Emitting\ module\ for\ Netable (in target 'Netable' from project 'Netable')
SwiftCompile normal arm64_32 (in target 'Netable' from project 'Netable')
    cd /Users/admin/builder/spi-builder-workspace/.swiftpm/xcode

/Users/admin/builder/spi-builder-workspace/Netable/Netable/LossyArray.swift:26:37: warning: generic parameter 'Element' shadows generic parameter from outer scope with the same name; this is an error in the Swift 6 language mode
13 | /// Array container that allows for partial decoding of elements.
14 | /// If an element of the array fails to decode, it will be omitted rather than the rest of the array failing to decode.
15 | public struct LossyArray<Element>: Sendable where Element: Sendable {
   |                          `- note: 'Element' previously declared here
16 |     /// All elements of the array that decoded successfully.
17 |     public var elements: [Element]
   :
24 | extension LossyArray: Decodable where Element: Decodable {
25 |     /// Decode non-optional item into an optional element.
26 |     public struct FailableDecodable<Element: Decodable>: Decodable {
   |                                     `- warning: generic parameter 'Element' shadows generic parameter from outer scope with the same name; this is an error in the Swift 6 language mode
27 |         public var element: Element?
28 |
SwiftCompile normal arm64_32 Compiling\ DecodingError+Logging.swift /Users/admin/builder/spi-builder-workspace/Netable/Netable/DecodingError+Logging.swift (in target 'Netable' from project 'Netable')
SwiftCompile normal arm64_32 /Users/admin/builder/spi-builder-workspace/Netable/Netable/DecodingError+Logging.swift (in target 'Netable' from project 'Netable')
    cd /Users/admin/builder/spi-builder-workspace/.swiftpm/xcode
    builtin-SwiftPerFileCompile DecodingError+Logging.swift
SwiftCompile normal arm64_32 Compiling\ Error.swift /Users/admin/builder/spi-builder-workspace/Netable/Netable/Error.swift (in target 'Netable' from project 'Netable')
SwiftCompile normal arm64_32 /Users/admin/builder/spi-builder-workspace/Netable/Netable/Error.swift (in target 'Netable' from project 'Netable')
    cd /Users/admin/builder/spi-builder-workspace/.swiftpm/xcode
    builtin-SwiftPerFileCompile Error.swift
SwiftCompile normal arm64_32 Compiling\ Config.swift /Users/admin/builder/spi-builder-workspace/Netable/Netable/Config.swift (in target 'Netable' from project 'Netable')
SwiftCompile normal arm64_32 /Users/admin/builder/spi-builder-workspace/Netable/Netable/Config.swift (in target 'Netable' from project 'Netable')
    cd /Users/admin/builder/spi-builder-workspace/.swiftpm/xcode
    builtin-SwiftPerFileCompile Config.swift
SwiftCompile normal arm64 Compiling\ String+FullyQualifiedURL.swift,\ AdaptedRequest.swift /Users/admin/builder/spi-builder-workspace/Netable/Netable/Helper/String+FullyQualifiedURL.swift /Users/admin/builder/spi-builder-workspace/Netable/Netable/Interceptors/AdaptedRequest.swift (in target 'Netable' from project 'Netable')
SwiftCompile normal arm64 /Users/admin/builder/spi-builder-workspace/Netable/Netable/Helper/String+FullyQualifiedURL.swift (in target 'Netable' from project 'Netable')
    cd /Users/admin/builder/spi-builder-workspace/.swiftpm/xcode
    builtin-SwiftPerFileCompile String+FullyQualifiedURL.swift
SwiftCompile normal arm64 /Users/admin/builder/spi-builder-workspace/Netable/Netable/Interceptors/AdaptedRequest.swift (in target 'Netable' from project 'Netable')
    cd /Users/admin/builder/spi-builder-workspace/.swiftpm/xcode
    builtin-SwiftPerFileCompile AdaptedRequest.swift
SwiftCompile normal arm64 Compiling\ GraphQLRequest.swift,\ HTTPMethod.swift,\ ArrayDecodeStrategy.swift /Users/admin/builder/spi-builder-workspace/Netable/Netable/GraphQLRequest.swift /Users/admin/builder/spi-builder-workspace/Netable/Netable/HTTPMethod.swift /Users/admin/builder/spi-builder-workspace/Netable/Netable/Helper/ArrayDecodeStrategy.swift (in target 'Netable' from project 'Netable')
SwiftCompile normal arm64 /Users/admin/builder/spi-builder-workspace/Netable/Netable/GraphQLRequest.swift (in target 'Netable' from project 'Netable')
    cd /Users/admin/builder/spi-builder-workspace/.swiftpm/xcode
    builtin-SwiftPerFileCompile GraphQLRequest.swift
SwiftCompile normal arm64 /Users/admin/builder/spi-builder-workspace/Netable/Netable/HTTPMethod.swift (in target 'Netable' from project 'Netable')
    cd /Users/admin/builder/spi-builder-workspace/.swiftpm/xcode
    builtin-SwiftPerFileCompile HTTPMethod.swift
SwiftCompile normal arm64 /Users/admin/builder/spi-builder-workspace/Netable/Netable/Helper/ArrayDecodeStrategy.swift (in target 'Netable' from project 'Netable')
    cd /Users/admin/builder/spi-builder-workspace/.swiftpm/xcode
    builtin-SwiftPerFileCompile ArrayDecodeStrategy.swift
SwiftCompile normal arm64 Compiling\ LogDestination.swift,\ LossyArray.swift /Users/admin/builder/spi-builder-workspace/Netable/Netable/LogDestination.swift /Users/admin/builder/spi-builder-workspace/Netable/Netable/LossyArray.swift (in target 'Netable' from project 'Netable')
SwiftCompile normal arm64 /Users/admin/builder/spi-builder-workspace/Netable/Netable/LogDestination.swift (in target 'Netable' from project 'Netable')
    cd /Users/admin/builder/spi-builder-workspace/.swiftpm/xcode
    builtin-SwiftPerFileCompile LogDestination.swift
SwiftCompile normal arm64 /Users/admin/builder/spi-builder-workspace/Netable/Netable/LossyArray.swift (in target 'Netable' from project 'Netable')
    cd /Users/admin/builder/spi-builder-workspace/.swiftpm/xcode
    builtin-SwiftPerFileCompile LossyArray.swift
SwiftEmitModule normal arm64 Emitting\ module\ for\ Netable (in target 'Netable' from project 'Netable')
/Users/admin/builder/spi-builder-workspace/Netable/Netable/LossyArray.swift:26:37: warning: generic parameter 'Element' shadows generic parameter from outer scope with the same name; this is an error in the Swift 6 language mode
13 | /// Array container that allows for partial decoding of elements.
14 | /// If an element of the array fails to decode, it will be omitted rather than the rest of the array failing to decode.
15 | public struct LossyArray<Element>: Sendable where Element: Sendable {
   |                          `- note: 'Element' previously declared here
16 |     /// All elements of the array that decoded successfully.
17 |     public var elements: [Element]
   :
24 | extension LossyArray: Decodable where Element: Decodable {
25 |     /// Decode non-optional item into an optional element.
26 |     public struct FailableDecodable<Element: Decodable>: Decodable {
   |                                     `- warning: generic parameter 'Element' shadows generic parameter from outer scope with the same name; this is an error in the Swift 6 language mode
27 |         public var element: Element?
28 |
SwiftCompile normal arm64 (in target 'Netable' from project 'Netable')
    cd /Users/admin/builder/spi-builder-workspace/.swiftpm/xcode

SwiftCompile normal arm64 Compiling\ URLRequest+EncodeURL.swift,\ URLRequest+Multipart.swift /Users/admin/builder/spi-builder-workspace/Netable/Netable/URLRequest+EncodeURL.swift /Users/admin/builder/spi-builder-workspace/Netable/Netable/URLRequest+Multipart.swift (in target 'Netable' from project 'Netable')
SwiftCompile normal arm64 /Users/admin/builder/spi-builder-workspace/Netable/Netable/URLRequest+EncodeURL.swift (in target 'Netable' from project 'Netable')
    cd /Users/admin/builder/spi-builder-workspace/.swiftpm/xcode
    builtin-SwiftPerFileCompile URLRequest+EncodeURL.swift
SwiftCompile normal arm64 /Users/admin/builder/spi-builder-workspace/Netable/Netable/URLRequest+Multipart.swift (in target 'Netable' from project 'Netable')
    cd /Users/admin/builder/spi-builder-workspace/.swiftpm/xcode
    builtin-SwiftPerFileCompile URLRequest+Multipart.swift
SwiftDriverJobDiscovery normal arm64_32 Compiling Config.swift (in target 'Netable' from project 'Netable')
SwiftCompile normal arm64 Compiling\ Netable.swift,\ Request.swift /Users/admin/builder/spi-builder-workspace/Netable/Netable/Netable.swift /Users/admin/builder/spi-builder-workspace/Netable/Netable/Request.swift (in target 'Netable' from project 'Netable')
SwiftCompile normal arm64 /Users/admin/builder/spi-builder-workspace/Netable/Netable/Netable.swift (in target 'Netable' from project 'Netable')
    cd /Users/admin/builder/spi-builder-workspace/.swiftpm/xcode
    builtin-SwiftPerFileCompile Netable.swift
SwiftCompile normal arm64 /Users/admin/builder/spi-builder-workspace/Netable/Netable/Request.swift (in target 'Netable' from project 'Netable')
    cd /Users/admin/builder/spi-builder-workspace/.swiftpm/xcode
    builtin-SwiftPerFileCompile Request.swift
SwiftDriverJobDiscovery normal arm64_32 Compiling DecodingError+Logging.swift (in target 'Netable' from project 'Netable')
SwiftCompile normal arm64 Compiling\ Config.swift,\ DecodingError+Logging.swift,\ Error.swift /Users/admin/builder/spi-builder-workspace/Netable/Netable/Config.swift /Users/admin/builder/spi-builder-workspace/Netable/Netable/DecodingError+Logging.swift /Users/admin/builder/spi-builder-workspace/Netable/Netable/Error.swift (in target 'Netable' from project 'Netable')
SwiftCompile normal arm64 /Users/admin/builder/spi-builder-workspace/Netable/Netable/Config.swift (in target 'Netable' from project 'Netable')
    cd /Users/admin/builder/spi-builder-workspace/.swiftpm/xcode
    builtin-SwiftPerFileCompile Config.swift
SwiftCompile normal arm64 /Users/admin/builder/spi-builder-workspace/Netable/Netable/DecodingError+Logging.swift (in target 'Netable' from project 'Netable')
    cd /Users/admin/builder/spi-builder-workspace/.swiftpm/xcode
    builtin-SwiftPerFileCompile DecodingError+Logging.swift
SwiftCompile normal arm64 /Users/admin/builder/spi-builder-workspace/Netable/Netable/Error.swift (in target 'Netable' from project 'Netable')
    cd /Users/admin/builder/spi-builder-workspace/.swiftpm/xcode
    builtin-SwiftPerFileCompile Error.swift
PruneExplicitPrecompiledModules /Users/admin/builder/spi-builder-workspace/.derivedData/Build/Intermediates.noindex/SwiftExplicitPrecompiledModules
PruneExplicitPrecompiledModules /Users/admin/builder/spi-builder-workspace/.derivedData/SDKExplicitPrecompiledModules
PruneExplicitPrecompiledModules /Users/admin/builder/spi-builder-workspace/.derivedData/Build/Intermediates.noindex/ExplicitPrecompiledModules
2026-09-19 03:47:45.692 xcodebuild[762:4751] [MT] IDERunDestination: Supported platforms for the buildables in the current scheme is empty.
** BUILD FAILED **
The following build commands failed:
	SwiftCompile normal arm64_32 /Users/admin/builder/spi-builder-workspace/Netable/Netable/Netable.swift (in target 'Netable' from project 'Netable')
	SwiftCompile normal arm64_32 Compiling\ Netable.swift /Users/admin/builder/spi-builder-workspace/Netable/Netable/Netable.swift (in target 'Netable' from project 'Netable')
	Building workspace Netable with scheme Netable
(3 failures)
BUILD FAILURE 6.4 watchOS