Build Information
Failed to build AATKitSPM, reference 3.14.5 (a4c7c0), with Swift 6.4 for tvOS using Xcode 27.0 on 23 Sep 2026 12:43:10 UTC.
Build Command
env DEVELOPER_DIR=/Applications/Xcode-27.0.0-Release.Candidate.app xcrun xcodebuild -IDEClonedSourcePackagesDirPathOverride=$PWD/.dependencies -skipMacroValidation -skipPackagePluginValidation -derivedDataPath $PWD/.derivedData build -scheme AATKitSPM-Package -destination generic/platform=tvOSBuild Log
/Users/admin/builder/spi-builder-workspace/.dependencies/artifacts/applovin-max-swift-package/AppLovinSDK/AppLovinSDK.xcframework:1:1: error: While building for tvOS, no library for this platform was found in '/Users/admin/builder/spi-builder-workspace/.dependencies/artifacts/applovin-max-swift-package/AppLovinSDK/AppLovinSDK.xcframework'. (in target 'AATKit-AppLovin-product' from project 'AATKitSPM')
/Users/admin/builder/spi-builder-workspace/Dependencies/TeadsSDK/TeadsSDK.xcframework:1:1: error: While building for tvOS, no library for this platform was found in '/Users/admin/builder/spi-builder-workspace/Dependencies/TeadsSDK/TeadsSDK.xcframework'. (in target 'AATKit-Teads' from project 'AATKitSPM')
/Users/admin/builder/spi-builder-workspace/Dependencies/AATKit/Adapters/AATTeadsAdapter.xcframework:1:1: error: While building for tvOS, no library for this platform was found in '/Users/admin/builder/spi-builder-workspace/Dependencies/AATKit/Adapters/AATTeadsAdapter.xcframework'. (in target 'AATKit-Teads' from project 'AATKitSPM')
/Users/admin/builder/spi-builder-workspace/.dependencies/artifacts/spi-builder-workspace/AATAppNexusSDKTarget/AppNexusSDKDynamic.xcframework:1:1: error: While building for tvOS, no library for this platform was found in '/Users/admin/builder/spi-builder-workspace/.dependencies/artifacts/spi-builder-workspace/AATAppNexusSDKTarget/AppNexusSDKDynamic.xcframework'. (in target 'AATKit-AppNexus' from project 'AATKitSPM')
/Users/admin/builder/spi-builder-workspace/Dependencies/AATKit/Adapters/AATAppNexusAdapter.xcframework:1:1: error: While building for tvOS, no library for this platform was found in '/Users/admin/builder/spi-builder-workspace/Dependencies/AATKit/Adapters/AATAppNexusAdapter.xcframework'. (in target 'AATKit-AppNexus' from project 'AATKitSPM')
/Users/admin/builder/spi-builder-workspace/Dependencies/Vungle/VungleAdsSDK.xcframework:1:1: error: While building for tvOS, no library for this platform was found in '/Users/admin/builder/spi-builder-workspace/Dependencies/Vungle/VungleAdsSDK.xcframework'. (in target 'AATKit-Vungle-product' from project 'AATKitSPM')
/Users/admin/builder/spi-builder-workspace/Dependencies/AATKit/Adapters/AATVungleAdapter.xcframework:1:1: error: While building for tvOS, no library for this platform was found in '/Users/admin/builder/spi-builder-workspace/Dependencies/AATKit/Adapters/AATVungleAdapter.xcframework'. (in target 'AATKit-Vungle-product' from project 'AATKitSPM')
/Users/admin/builder/spi-builder-workspace/Dependencies/InMobi/InMobiSDK.xcframework:1:1: error: While building for tvOS, no library for this platform was found in '/Users/admin/builder/spi-builder-workspace/Dependencies/InMobi/InMobiSDK.xcframework'. (in target 'AATKit-InMobi-product' from project 'AATKitSPM')
/Users/admin/builder/spi-builder-workspace/Dependencies/AATKit/Adapters/AATInMobiAdapter.xcframework:1:1: error: While building for tvOS, no library for this platform was found in '/Users/admin/builder/spi-builder-workspace/Dependencies/AATKit/Adapters/AATInMobiAdapter.xcframework'. (in target 'AATKit-InMobi-product' from project 'AATKitSPM')
/Users/admin/builder/spi-builder-workspace/Dependencies/AATKit/Adapters/AATGoogleAdsAdapter.xcframework:1:1: error: While building for tvOS, no library for this platform was found in '/Users/admin/builder/spi-builder-workspace/Dependencies/AATKit/Adapters/AATGoogleAdsAdapter.xcframework'. (in target 'AATKit-AATAdMobDSPAdapter' from project 'AATKitSPM')
/Users/admin/builder/spi-builder-workspace/Dependencies/AATKit/AATKit.xcframework:1:1: error: While building for tvOS, no library for this platform was found in '/Users/admin/builder/spi-builder-workspace/Dependencies/AATKit/AATKit.xcframework'. (in target 'AATKit-AATAdMobDSPAdapter' from project 'AATKitSPM')
/Users/admin/builder/spi-builder-workspace/Dependencies/AATKit/Adapters/AATGraviteRTBAdapter.xcframework:1:1: error: While building for tvOS, no library for this platform was found in '/Users/admin/builder/spi-builder-workspace/Dependencies/AATKit/Adapters/AATGraviteRTBAdapter.xcframework'. (in target 'AATKit-AATAdMobDSPAdapter' from project 'AATKitSPM')
/Users/admin/builder/spi-builder-workspace/.dependencies/checkouts/RTBSPM/Dependencies/RTBSDK/RTBSDK.xcframework:1:1: error: While building for tvOS, no library for this platform was found in '/Users/admin/builder/spi-builder-workspace/.dependencies/checkouts/RTBSPM/Dependencies/RTBSDK/RTBSDK.xcframework'. (in target 'AATKit-AATAdMobDSPAdapter' from project 'AATKitSPM')
/Users/admin/builder/spi-builder-workspace/Dependencies/AATKit/Adapters/AATAdMobDSPAdapter.xcframework:1:1: error: While building for tvOS, no library for this platform was found in '/Users/admin/builder/spi-builder-workspace/Dependencies/AATKit/Adapters/AATAdMobDSPAdapter.xcframework'. (in target 'AATKit-AATAdMobDSPAdapter' from project 'AATKitSPM')
/Users/admin/builder/spi-builder-workspace/Dependencies/YOC/VisxSDK.xcframework:1:1: error: While building for tvOS, no library for this platform was found in '/Users/admin/builder/spi-builder-workspace/Dependencies/YOC/VisxSDK.xcframework'. (in target 'AATKit-YOC-product' from project 'AATKitSPM')
/Users/admin/builder/spi-builder-workspace/Dependencies/AATKit/Adapters/AATYOCAdapter.xcframework:1:1: error: While building for tvOS, no library for this platform was found in '/Users/admin/builder/spi-builder-workspace/Dependencies/AATKit/Adapters/AATYOCAdapter.xcframework'. (in target 'AATKit-YOC-product' from project 'AATKitSPM')
/Users/admin/builder/spi-builder-workspace/Dependencies/AATKit/Adapters/AATGraviteRTBAdapter.xcframework:1:1: error: While building for tvOS, no library for this platform was found in '/Users/admin/builder/spi-builder-workspace/Dependencies/AATKit/Adapters/AATGraviteRTBAdapter.xcframework'. (in target 'AATKit-GraviteRTB-product' from project 'AATKitSPM')
/Users/admin/builder/spi-builder-workspace/.dependencies/checkouts/RTBSPM/Dependencies/RTBSDK/RTBSDK.xcframework:1:1: error: While building for tvOS, no library for this platform was found in '/Users/admin/builder/spi-builder-workspace/.dependencies/checkouts/RTBSPM/Dependencies/RTBSDK/RTBSDK.xcframework'. (in target 'AATKit-GraviteRTB-product' from project 'AATKitSPM')
/Users/admin/builder/spi-builder-workspace/.dependencies/checkouts/RTBSPM/Dependencies/RTBSDK/RTBSDK.xcframework:1:1: error: While building for tvOS, no library for this platform was found in '/Users/admin/builder/spi-builder-workspace/.dependencies/checkouts/RTBSPM/Dependencies/RTBSDK/RTBSDK.xcframework'. (in target 'AATKit-GraviteRTB-product' from project 'AATKitSPM')
/Users/admin/builder/spi-builder-workspace/Dependencies/AATKit/Adapters/AATGoogleCMPAdapter.xcframework:1:1: error: While building for tvOS, no library for this platform was found in '/Users/admin/builder/spi-builder-workspace/Dependencies/AATKit/Adapters/AATGoogleCMPAdapter.xcframework'. (in target 'AATKit-GoogleCMP' from project 'AATKitSPM')
/Users/admin/builder/spi-builder-workspace/Dependencies/Tappx/TappxFramework.xcframework:1:1: error: While building for tvOS, no library for this platform was found in '/Users/admin/builder/spi-builder-workspace/Dependencies/Tappx/TappxFramework.xcframework'. (in target 'AATKit-Tappx' from project 'AATKitSPM')
/Users/admin/builder/spi-builder-workspace/Dependencies/AATKit/Adapters/AATTappxAdapter.xcframework:1:1: error: While building for tvOS, no library for this platform was found in '/Users/admin/builder/spi-builder-workspace/Dependencies/AATKit/Adapters/AATTappxAdapter.xcframework'. (in target 'AATKit-Tappx' from project 'AATKitSPM')
/Users/admin/builder/spi-builder-workspace/Dependencies/FeedAd/FeedAd.xcframework:1:1: error: While building for tvOS, no library for this platform was found in '/Users/admin/builder/spi-builder-workspace/Dependencies/FeedAd/FeedAd.xcframework'. (in target 'AATKit-FeedAd' from project 'AATKitSPM')
/Users/admin/builder/spi-builder-workspace/Dependencies/AATKit/Adapters/AATFeedAdAdapter.xcframework:1:1: error: While building for tvOS, no library for this platform was found in '/Users/admin/builder/spi-builder-workspace/Dependencies/AATKit/Adapters/AATFeedAdAdapter.xcframework'. (in target 'AATKit-FeedAd' from project 'AATKitSPM')
/Users/admin/builder/spi-builder-workspace/Dependencies/AATKit/Adapters/AATAppNexusAdapter.xcframework:1:1: error: While building for tvOS, no library for this platform was found in '/Users/admin/builder/spi-builder-workspace/Dependencies/AATKit/Adapters/AATAppNexusAdapter.xcframework'. (in target 'AATAppNexusAdapter-product' from project 'AATKitSPM')
/Users/admin/builder/spi-builder-workspace/Dependencies/AATKit/AATKit.xcframework:1:1: error: While building for tvOS, no library for this platform was found in '/Users/admin/builder/spi-builder-workspace/Dependencies/AATKit/AATKit.xcframework'. (in target 'AATKit-Core-product' from project 'AATKitSPM')
/Users/admin/builder/spi-builder-workspace/Dependencies/AATKit/AATKit.xcframework:1:1: error: While building for tvOS, no library for this platform was found in '/Users/admin/builder/spi-builder-workspace/Dependencies/AATKit/AATKit.xcframework'. (in target 'AATKit-AATMetaBiddingAdapter-product' from project 'AATKitSPM')
/Users/admin/builder/spi-builder-workspace/Dependencies/AATKit/Adapters/AATGraviteRTBAdapter.xcframework:1:1: error: While building for tvOS, no library for this platform was found in '/Users/admin/builder/spi-builder-workspace/Dependencies/AATKit/Adapters/AATGraviteRTBAdapter.xcframework'. (in target 'AATKit-AATMetaBiddingAdapter-product' from project 'AATKitSPM')
/Users/admin/builder/spi-builder-workspace/.dependencies/checkouts/RTBSPM/Dependencies/RTBSDK/RTBSDK.xcframework:1:1: error: While building for tvOS, no library for this platform was found in '/Users/admin/builder/spi-builder-workspace/.dependencies/checkouts/RTBSPM/Dependencies/RTBSDK/RTBSDK.xcframework'. (in target 'AATKit-AATMetaBiddingAdapter-product' from project 'AATKitSPM')
/Users/admin/builder/spi-builder-workspace/Dependencies/AATKit/Adapters/AATFacebookAdapter.xcframework:1:1: error: While building for tvOS, no library for this platform was found in '/Users/admin/builder/spi-builder-workspace/Dependencies/AATKit/Adapters/AATFacebookAdapter.xcframework'. (in target 'AATKit-AATMetaBiddingAdapter-product' from project 'AATKitSPM')
/Users/admin/builder/spi-builder-workspace/Dependencies/Facebook/FBAudienceNetwork.xcframework:1:1: error: While building for tvOS, no library for this platform was found in '/Users/admin/builder/spi-builder-workspace/Dependencies/Facebook/FBAudienceNetwork.xcframework'. (in target 'AATKit-AATMetaBiddingAdapter-product' from project 'AATKitSPM')
/Users/admin/builder/spi-builder-workspace/Dependencies/Facebook/MetaAdapter.xcframework:1:1: error: While building for tvOS, no library for this platform was found in '/Users/admin/builder/spi-builder-workspace/Dependencies/Facebook/MetaAdapter.xcframework'. (in target 'AATKit-AATMetaBiddingAdapter-product' from project 'AATKitSPM')
/Users/admin/builder/spi-builder-workspace/Dependencies/AATKit/Adapters/AATMetaBiddingAdapter.xcframework:1:1: error: While building for tvOS, no library for this platform was found in '/Users/admin/builder/spi-builder-workspace/Dependencies/AATKit/Adapters/AATMetaBiddingAdapter.xcframework'. (in target 'AATKit-AATMetaBiddingAdapter-product' from project 'AATKitSPM')
/Users/admin/builder/spi-builder-workspace/.dependencies/checkouts/RTBSPM/Dependencies/RTBSDK/RTBSDK.xcframework:1:1: error: While building for tvOS, no library for this platform was found in '/Users/admin/builder/spi-builder-workspace/.dependencies/checkouts/RTBSPM/Dependencies/RTBSDK/RTBSDK.xcframework'. (in target 'AATKit-AATMetaBiddingAdapter-product' from project 'AATKitSPM')
/Users/admin/builder/spi-builder-workspace/.dependencies/artifacts/swift-package-manager-google-mobile-ads/GoogleMobileAds/GoogleMobileAds.xcframework:1:1: error: While building for tvOS, no library for this platform was found in '/Users/admin/builder/spi-builder-workspace/.dependencies/artifacts/swift-package-manager-google-mobile-ads/GoogleMobileAds/GoogleMobileAds.xcframework'. (in target 'AATKit-AATMetaBiddingAdapter-product' from project 'AATKitSPM')
/Users/admin/builder/spi-builder-workspace/.dependencies/artifacts/swift-package-manager-google-user-messaging-platform/UserMessagingPlatform/UserMessagingPlatform.xcframework:1:1: error: While building for tvOS, no library for this platform was found in '/Users/admin/builder/spi-builder-workspace/.dependencies/artifacts/swift-package-manager-google-user-messaging-platform/UserMessagingPlatform/UserMessagingPlatform.xcframework'. (in target 'AATKit-AATMetaBiddingAdapter-product' from project 'AATKitSPM')
/Users/admin/builder/spi-builder-workspace/Dependencies/AATKit/Adapters/AATGraviteRTBAdapter.xcframework:1:1: error: While building for tvOS, no library for this platform was found in '/Users/admin/builder/spi-builder-workspace/Dependencies/AATKit/Adapters/AATGraviteRTBAdapter.xcframework'. (in target 'AATKit-GraviteRTB' from project 'AATKitSPM')
/Users/admin/builder/spi-builder-workspace/.dependencies/checkouts/RTBSPM/Dependencies/RTBSDK/RTBSDK.xcframework:1:1: error: While building for tvOS, no library for this platform was found in '/Users/admin/builder/spi-builder-workspace/.dependencies/checkouts/RTBSPM/Dependencies/RTBSDK/RTBSDK.xcframework'. (in target 'AATKit-GraviteRTB' from project 'AATKitSPM')
/Users/admin/builder/spi-builder-workspace/Dependencies/AATKit/AATKit.xcframework:1:1: error: While building for tvOS, no library for this platform was found in '/Users/admin/builder/spi-builder-workspace/Dependencies/AATKit/AATKit.xcframework'. (in target 'AATKit-GooglePartnerBidding-product' from project 'AATKitSPM')
/Users/admin/builder/spi-builder-workspace/Dependencies/AATKit/Adapters/AATGraviteRTBAdapter.xcframework:1:1: error: While building for tvOS, no library for this platform was found in '/Users/admin/builder/spi-builder-workspace/Dependencies/AATKit/Adapters/AATGraviteRTBAdapter.xcframework'. (in target 'AATKit-GooglePartnerBidding-product' from project 'AATKitSPM')
/Users/admin/builder/spi-builder-workspace/.dependencies/checkouts/RTBSPM/Dependencies/RTBSDK/RTBSDK.xcframework:1:1: error: While building for tvOS, no library for this platform was found in '/Users/admin/builder/spi-builder-workspace/.dependencies/checkouts/RTBSPM/Dependencies/RTBSDK/RTBSDK.xcframework'. (in target 'AATKit-GooglePartnerBidding-product' from project 'AATKitSPM')
/Users/admin/builder/spi-builder-workspace/Dependencies/AATKit/Adapters/AATAdMobDSPAdapter.xcframework:1:1: error: While building for tvOS, no library for this platform was found in '/Users/admin/builder/spi-builder-workspace/Dependencies/AATKit/Adapters/AATAdMobDSPAdapter.xcframework'. (in target 'AATKit-GooglePartnerBidding-product' from project 'AATKitSPM')
/Users/admin/builder/spi-builder-workspace/.dependencies/checkouts/RTBSPM/Dependencies/RTBSDK/RTBSDK.xcframework:1:1: error: While building for tvOS, no library for this platform was found in '/Users/admin/builder/spi-builder-workspace/.dependencies/checkouts/RTBSPM/Dependencies/RTBSDK/RTBSDK.xcframework'. (in target 'AATKit-GooglePartnerBidding-product' from project 'AATKitSPM')
/Users/admin/builder/spi-builder-workspace/.dependencies/artifacts/swift-package-manager-google-mobile-ads/GoogleMobileAds/GoogleMobileAds.xcframework:1:1: error: While building for tvOS, no library for this platform was found in '/Users/admin/builder/spi-builder-workspace/.dependencies/artifacts/swift-package-manager-google-mobile-ads/GoogleMobileAds/GoogleMobileAds.xcframework'. (in target 'AATKit-GooglePartnerBidding-product' from project 'AATKitSPM')
/Users/admin/builder/spi-builder-workspace/.dependencies/artifacts/swift-package-manager-google-user-messaging-platform/UserMessagingPlatform/UserMessagingPlatform.xcframework:1:1: error: While building for tvOS, no library for this platform was found in '/Users/admin/builder/spi-builder-workspace/.dependencies/artifacts/swift-package-manager-google-user-messaging-platform/UserMessagingPlatform/UserMessagingPlatform.xcframework'. (in target 'AATKit-GooglePartnerBidding-product' from project 'AATKitSPM')
/Users/admin/builder/spi-builder-workspace/Dependencies/Pubnative/HyBid.xcframework:1:1: error: While building for tvOS, no library for this platform was found in '/Users/admin/builder/spi-builder-workspace/Dependencies/Pubnative/HyBid.xcframework'. (in target 'AATKit-PubNative-product' from project 'AATKitSPM')
/Users/admin/builder/spi-builder-workspace/Dependencies/Pubnative/ATOM.xcframework:1:1: error: While building for tvOS, no library for this platform was found in '/Users/admin/builder/spi-builder-workspace/Dependencies/Pubnative/ATOM.xcframework'. (in target 'AATKit-PubNative-product' from project 'AATKitSPM')
/Users/admin/builder/spi-builder-workspace/Dependencies/AATKit/Adapters/AATPubNativeAdapter.xcframework:1:1: error: While building for tvOS, no library for this platform was found in '/Users/admin/builder/spi-builder-workspace/Dependencies/AATKit/Adapters/AATPubNativeAdapter.xcframework'. (in target 'AATKit-PubNative-product' from project 'AATKitSPM')
/Users/admin/builder/spi-builder-workspace/Dependencies/Kidoz/KidozSDK.xcframework:1:1: error: While building for tvOS, no library for this platform was found in '/Users/admin/builder/spi-builder-workspace/Dependencies/Kidoz/KidozSDK.xcframework'. (in target 'AATKit-Kidoz' from project 'AATKitSPM')
/Users/admin/builder/spi-builder-workspace/Dependencies/AATKit/Adapters/AATKidozAdapter.xcframework:1:1: error: While building for tvOS, no library for this platform was found in '/Users/admin/builder/spi-builder-workspace/Dependencies/AATKit/Adapters/AATKidozAdapter.xcframework'. (in target 'AATKit-Kidoz' from project 'AATKitSPM')
/Users/admin/builder/spi-builder-workspace/Dependencies/Kidoz/KidozSDK.xcframework:1:1: error: While building for tvOS, no library for this platform was found in '/Users/admin/builder/spi-builder-workspace/Dependencies/Kidoz/KidozSDK.xcframework'. (in target 'AATKit-Kidoz-product' from project 'AATKitSPM')
/Users/admin/builder/spi-builder-workspace/Dependencies/AATKit/Adapters/AATKidozAdapter.xcframework:1:1: error: While building for tvOS, no library for this platform was found in '/Users/admin/builder/spi-builder-workspace/Dependencies/AATKit/Adapters/AATKidozAdapter.xcframework'. (in target 'AATKit-Kidoz-product' from project 'AATKitSPM')
/Users/admin/builder/spi-builder-workspace/Dependencies/AATKit/AATKit.xcframework:1:1: error: While building for tvOS, no library for this platform was found in '/Users/admin/builder/spi-builder-workspace/Dependencies/AATKit/AATKit.xcframework'. (in target 'AATKit-Core' from project 'AATKitSPM')
/Users/admin/builder/spi-builder-workspace/Dependencies/Unity/UnityAds.xcframework:1:1: error: While building for tvOS, no library for this platform was found in '/Users/admin/builder/spi-builder-workspace/Dependencies/Unity/UnityAds.xcframework'. (in target 'AATKit-Unity' from project 'AATKitSPM')
/Users/admin/builder/spi-builder-workspace/Dependencies/AATKit/Adapters/AATUnityAdapter.xcframework:1:1: error: While building for tvOS, no library for this platform was found in '/Users/admin/builder/spi-builder-workspace/Dependencies/AATKit/Adapters/AATUnityAdapter.xcframework'. (in target 'AATKit-Unity' from project 'AATKitSPM')
/Users/admin/builder/spi-builder-workspace/Dependencies/DisplayIO/DIOSDK.xcframework:1:1: error: While building for tvOS, no library for this platform was found in '/Users/admin/builder/spi-builder-workspace/Dependencies/DisplayIO/DIOSDK.xcframework'. (in target 'AATKit-DisplayIO' from project 'AATKitSPM')
/Users/admin/builder/spi-builder-workspace/Dependencies/AATKit/Adapters/AATDisplayIOAdapter.xcframework:1:1: error: While building for tvOS, no library for this platform was found in '/Users/admin/builder/spi-builder-workspace/Dependencies/AATKit/Adapters/AATDisplayIOAdapter.xcframework'. (in target 'AATKit-DisplayIO' from project 'AATKitSPM')
/Users/admin/builder/spi-builder-workspace/Dependencies/Ogury/OgurySdk.xcframework:1:1: error: While building for tvOS, no library for this platform was found in '/Users/admin/builder/spi-builder-workspace/Dependencies/Ogury/OgurySdk.xcframework'. (in target 'AATKit-OguryAds-product' from project 'AATKitSPM')
/Users/admin/builder/spi-builder-workspace/Dependencies/Ogury/OguryAds.xcframework:1:1: error: While building for tvOS, no library for this platform was found in '/Users/admin/builder/spi-builder-workspace/Dependencies/Ogury/OguryAds.xcframework'. (in target 'AATKit-OguryAds-product' from project 'AATKitSPM')
/Users/admin/builder/spi-builder-workspace/Dependencies/Ogury/OguryCore.xcframework:1:1: error: While building for tvOS, no library for this platform was found in '/Users/admin/builder/spi-builder-workspace/Dependencies/Ogury/OguryCore.xcframework'. (in target 'AATKit-OguryAds-product' from project 'AATKitSPM')
/Users/admin/builder/spi-builder-workspace/Dependencies/AATKit/Adapters/AATOguryAdapter.xcframework:1:1: error: While building for tvOS, no library for this platform was found in '/Users/admin/builder/spi-builder-workspace/Dependencies/AATKit/Adapters/AATOguryAdapter.xcframework'. (in target 'AATKit-OguryAds-product' from project 'AATKitSPM')
/Users/admin/builder/spi-builder-workspace/Dependencies/Mintegral/MTGSDK.xcframework:1:1: error: While building for tvOS, no library for this platform was found in '/Users/admin/builder/spi-builder-workspace/Dependencies/Mintegral/MTGSDK.xcframework'. (in target 'AATKit-Mintegral' from project 'AATKitSPM')
/Users/admin/builder/spi-builder-workspace/Dependencies/Mintegral/MTGSDKNativeAdvanced.xcframework:1:1: error: While building for tvOS, no library for this platform was found in '/Users/admin/builder/spi-builder-workspace/Dependencies/Mintegral/MTGSDKNativeAdvanced.xcframework'. (in target 'AATKit-Mintegral' from project 'AATKitSPM')
/Users/admin/builder/spi-builder-workspace/Dependencies/Mintegral/MTGSDKBanner.xcframework:1:1: error: While building for tvOS, no library for this platform was found in '/Users/admin/builder/spi-builder-workspace/Dependencies/Mintegral/MTGSDKBanner.xcframework'. (in target 'AATKit-Mintegral' from project 'AATKitSPM')
/Users/admin/builder/spi-builder-workspace/Dependencies/Mintegral/MTGSDKNewInterstitial.xcframework:1:1: error: While building for tvOS, no library for this platform was found in '/Users/admin/builder/spi-builder-workspace/Dependencies/Mintegral/MTGSDKNewInterstitial.xcframework'. (in target 'AATKit-Mintegral' from project 'AATKitSPM')
/Users/admin/builder/spi-builder-workspace/Dependencies/Mintegral/MTGSDKBidding.xcframework:1:1: error: While building for tvOS, no library for this platform was found in '/Users/admin/builder/spi-builder-workspace/Dependencies/Mintegral/MTGSDKBidding.xcframework'. (in target 'AATKit-Mintegral' from project 'AATKitSPM')
/Users/admin/builder/spi-builder-workspace/Dependencies/Mintegral/MTGSDKReward.xcframework:1:1: error: While building for tvOS, no library for this platform was found in '/Users/admin/builder/spi-builder-workspace/Dependencies/Mintegral/MTGSDKReward.xcframework'. (in target 'AATKit-Mintegral' from project 'AATKitSPM')
/Users/admin/builder/spi-builder-workspace/Dependencies/Mintegral/MTGSDKSplash.xcframework:1:1: error: While building for tvOS, no library for this platform was found in '/Users/admin/builder/spi-builder-workspace/Dependencies/Mintegral/MTGSDKSplash.xcframework'. (in target 'AATKit-Mintegral' from project 'AATKitSPM')
/Users/admin/builder/spi-builder-workspace/Dependencies/Mintegral/MTGSDKInterstitialVideo.xcframework:1:1: error: While building for tvOS, no library for this platform was found in '/Users/admin/builder/spi-builder-workspace/Dependencies/Mintegral/MTGSDKInterstitialVideo.xcframework'. (in target 'AATKit-Mintegral' from project 'AATKitSPM')
/Users/admin/builder/spi-builder-workspace/Dependencies/AATKit/Adapters/AATMintegralAdapter.xcframework:1:1: error: While building for tvOS, no library for this platform was found in '/Users/admin/builder/spi-builder-workspace/Dependencies/AATKit/Adapters/AATMintegralAdapter.xcframework'. (in target 'AATKit-Mintegral' from project 'AATKitSPM')
/Users/admin/builder/spi-builder-workspace/Dependencies/InMobi/InMobiSDK.xcframework:1:1: error: While building for tvOS, no library for this platform was found in '/Users/admin/builder/spi-builder-workspace/Dependencies/InMobi/InMobiSDK.xcframework'. (in target 'AATKit-InMobi' from project 'AATKitSPM')
/Users/admin/builder/spi-builder-workspace/Dependencies/AATKit/Adapters/AATInMobiAdapter.xcframework:1:1: error: While building for tvOS, no library for this platform was found in '/Users/admin/builder/spi-builder-workspace/Dependencies/AATKit/Adapters/AATInMobiAdapter.xcframework'. (in target 'AATKit-InMobi' from project 'AATKitSPM')
/Users/admin/builder/spi-builder-workspace/Dependencies/AATKit/Adapters/AATSourcePointCMPAdapter.xcframework:1:1: error: While building for tvOS, no library for this platform was found in '/Users/admin/builder/spi-builder-workspace/Dependencies/AATKit/Adapters/AATSourcePointCMPAdapter.xcframework'. (in target 'AATKit-SourcePointCMP' from project 'AATKitSPM')
/Users/admin/builder/spi-builder-workspace/Dependencies/Mintegral/MTGSDK.xcframework:1:1: error: While building for tvOS, no library for this platform was found in '/Users/admin/builder/spi-builder-workspace/Dependencies/Mintegral/MTGSDK.xcframework'. (in target 'AATKit-Mintegral-product' from project 'AATKitSPM')
/Users/admin/builder/spi-builder-workspace/Dependencies/Mintegral/MTGSDKNativeAdvanced.xcframework:1:1: error: While building for tvOS, no library for this platform was found in '/Users/admin/builder/spi-builder-workspace/Dependencies/Mintegral/MTGSDKNativeAdvanced.xcframework'. (in target 'AATKit-Mintegral-product' from project 'AATKitSPM')
/Users/admin/builder/spi-builder-workspace/Dependencies/Mintegral/MTGSDKBanner.xcframework:1:1: error: While building for tvOS, no library for this platform was found in '/Users/admin/builder/spi-builder-workspace/Dependencies/Mintegral/MTGSDKBanner.xcframework'. (in target 'AATKit-Mintegral-product' from project 'AATKitSPM')
/Users/admin/builder/spi-builder-workspace/Dependencies/Mintegral/MTGSDKNewInterstitial.xcframework:1:1: error: While building for tvOS, no library for this platform was found in '/Users/admin/builder/spi-builder-workspace/Dependencies/Mintegral/MTGSDKNewInterstitial.xcframework'. (in target 'AATKit-Mintegral-product' from project 'AATKitSPM')
/Users/admin/builder/spi-builder-workspace/Dependencies/Mintegral/MTGSDKBidding.xcframework:1:1: error: While building for tvOS, no library for this platform was found in '/Users/admin/builder/spi-builder-workspace/Dependencies/Mintegral/MTGSDKBidding.xcframework'. (in target 'AATKit-Mintegral-product' from project 'AATKitSPM')
/Users/admin/builder/spi-builder-workspace/Dependencies/Mintegral/MTGSDKReward.xcframework:1:1: error: While building for tvOS, no library for this platform was found in '/Users/admin/builder/spi-builder-workspace/Dependencies/Mintegral/MTGSDKReward.xcframework'. (in target 'AATKit-Mintegral-product' from project 'AATKitSPM')
/Users/admin/builder/spi-builder-workspace/Dependencies/Mintegral/MTGSDKSplash.xcframework:1:1: error: While building for tvOS, no library for this platform was found in '/Users/admin/builder/spi-builder-workspace/Dependencies/Mintegral/MTGSDKSplash.xcframework'. (in target 'AATKit-Mintegral-product' from project 'AATKitSPM')
/Users/admin/builder/spi-builder-workspace/Dependencies/Mintegral/MTGSDKInterstitialVideo.xcframework:1:1: error: While building for tvOS, no library for this platform was found in '/Users/admin/builder/spi-builder-workspace/Dependencies/Mintegral/MTGSDKInterstitialVideo.xcframework'. (in target 'AATKit-Mintegral-product' from project 'AATKitSPM')
/Users/admin/builder/spi-builder-workspace/Dependencies/AATKit/Adapters/AATMintegralAdapter.xcframework:1:1: error: While building for tvOS, no library for this platform was found in '/Users/admin/builder/spi-builder-workspace/Dependencies/AATKit/Adapters/AATMintegralAdapter.xcframework'. (in target 'AATKit-Mintegral-product' from project 'AATKitSPM')
/Users/admin/builder/spi-builder-workspace/Dependencies/Prebid/PrebidMobile.xcframework:1:1: error: While building for tvOS, no library for this platform was found in '/Users/admin/builder/spi-builder-workspace/Dependencies/Prebid/PrebidMobile.xcframework'. (in target 'AATKit-Prebid-product' from project 'AATKitSPM')
/Users/admin/builder/spi-builder-workspace/Dependencies/AATKit/Adapters/AATDFPPrebidAdapter.xcframework:1:1: error: While building for tvOS, no library for this platform was found in '/Users/admin/builder/spi-builder-workspace/Dependencies/AATKit/Adapters/AATDFPPrebidAdapter.xcframework'. (in target 'AATKit-Prebid-product' from project 'AATKitSPM')
/Users/admin/builder/spi-builder-workspace/Dependencies/AATKit/Adapters/AATGoogleAdsAdapter.xcframework:1:1: error: While building for tvOS, no library for this platform was found in '/Users/admin/builder/spi-builder-workspace/Dependencies/AATKit/Adapters/AATGoogleAdsAdapter.xcframework'. (in target 'AATKit-Default-product' from project 'AATKitSPM')
/Users/admin/builder/spi-builder-workspace/Dependencies/AATKit/Adapters/AATAppLovinAdapter.xcframework:1:1: error: While building for tvOS, no library for this platform was found in '/Users/admin/builder/spi-builder-workspace/Dependencies/AATKit/Adapters/AATAppLovinAdapter.xcframework'. (in target 'AATKit-Default-product' from project 'AATKitSPM')
/Users/admin/builder/spi-builder-workspace/Dependencies/AATKit/Adapters/AATGraviteRTBAdapter.xcframework:1:1: error: While building for tvOS, no library for this platform was found in '/Users/admin/builder/spi-builder-workspace/Dependencies/AATKit/Adapters/AATGraviteRTBAdapter.xcframework'. (in target 'AATKit-Default-product' from project 'AATKitSPM')
/Users/admin/builder/spi-builder-workspace/.dependencies/checkouts/RTBSPM/Dependencies/RTBSDK/RTBSDK.xcframework:1:1: error: While building for tvOS, no library for this platform was found in '/Users/admin/builder/spi-builder-workspace/.dependencies/checkouts/RTBSPM/Dependencies/RTBSDK/RTBSDK.xcframework'. (in target 'AATKit-Default-product' from project 'AATKitSPM')
/Users/admin/builder/spi-builder-workspace/Dependencies/SmartAd/SASDisplayKit.xcframework:1:1: error: While building for tvOS, no library for this platform was found in '/Users/admin/builder/spi-builder-workspace/Dependencies/SmartAd/SASDisplayKit.xcframework'. (in target 'AATKit-Default-product' from project 'AATKitSPM')
/Users/admin/builder/spi-builder-workspace/Dependencies/AATKit/Adapters/AATSmartAdAdapter.xcframework:1:1: error: While building for tvOS, no library for this platform was found in '/Users/admin/builder/spi-builder-workspace/Dependencies/AATKit/Adapters/AATSmartAdAdapter.xcframework'. (in target 'AATKit-Default-product' from project 'AATKitSPM')
/Users/admin/builder/spi-builder-workspace/Dependencies/YOC/VisxSDK.xcframework:1:1: error: While building for tvOS, no library for this platform was found in '/Users/admin/builder/spi-builder-workspace/Dependencies/YOC/VisxSDK.xcframework'. (in target 'AATKit-Default-product' from project 'AATKitSPM')
/Users/admin/builder/spi-builder-workspace/Dependencies/AATKit/Adapters/AATYOCAdapter.xcframework:1:1: error: While building for tvOS, no library for this platform was found in '/Users/admin/builder/spi-builder-workspace/Dependencies/AATKit/Adapters/AATYOCAdapter.xcframework'. (in target 'AATKit-Default-product' from project 'AATKitSPM')
/Users/admin/builder/spi-builder-workspace/Dependencies/InMobi/InMobiSDK.xcframework:1:1: error: While building for tvOS, no library for this platform was found in '/Users/admin/builder/spi-builder-workspace/Dependencies/InMobi/InMobiSDK.xcframework'. (in target 'AATKit-Default-product' from project 'AATKitSPM')
/Users/admin/builder/spi-builder-workspace/Dependencies/AATKit/Adapters/AATInMobiAdapter.xcframework:1:1: error: While building for tvOS, no library for this platform was found in '/Users/admin/builder/spi-builder-workspace/Dependencies/AATKit/Adapters/AATInMobiAdapter.xcframework'. (in target 'AATKit-Default-product' from project 'AATKitSPM')
/Users/admin/builder/spi-builder-workspace/Dependencies/IronSource/IronSource.xcframework:1:1: error: While building for tvOS, no library for this platform was found in '/Users/admin/builder/spi-builder-workspace/Dependencies/IronSource/IronSource.xcframework'. (in target 'AATKit-Default-product' from project 'AATKitSPM')
/Users/admin/builder/spi-builder-workspace/Dependencies/AATKit/Adapters/AATIronSourceAdapter.xcframework:1:1: error: While building for tvOS, no library for this platform was found in '/Users/admin/builder/spi-builder-workspace/Dependencies/AATKit/Adapters/AATIronSourceAdapter.xcframework'. (in target 'AATKit-Default-product' from project 'AATKitSPM')
/Users/admin/builder/spi-builder-workspace/Dependencies/Ogury/OgurySdk.xcframework:1:1: error: While building for tvOS, no library for this platform was found in '/Users/admin/builder/spi-builder-workspace/Dependencies/Ogury/OgurySdk.xcframework'. (in target 'AATKit-Default-product' from project 'AATKitSPM')
/Users/admin/builder/spi-builder-workspace/Dependencies/Ogury/OguryAds.xcframework:1:1: error: While building for tvOS, no library for this platform was found in '/Users/admin/builder/spi-builder-workspace/Dependencies/Ogury/OguryAds.xcframework'. (in target 'AATKit-Default-product' from project 'AATKitSPM')
/Users/admin/builder/spi-builder-workspace/Dependencies/Ogury/OguryCore.xcframework:1:1: error: While building for tvOS, no library for this platform was found in '/Users/admin/builder/spi-builder-workspace/Dependencies/Ogury/OguryCore.xcframework'. (in target 'AATKit-Default-product' from project 'AATKitSPM')
/Users/admin/builder/spi-builder-workspace/Dependencies/AATKit/Adapters/AATOguryAdapter.xcframework:1:1: error: While building for tvOS, no library for this platform was found in '/Users/admin/builder/spi-builder-workspace/Dependencies/AATKit/Adapters/AATOguryAdapter.xcframework'. (in target 'AATKit-Default-product' from project 'AATKitSPM')
/Users/admin/builder/spi-builder-workspace/Dependencies/Pubnative/HyBid.xcframework:1:1: error: While building for tvOS, no library for this platform was found in '/Users/admin/builder/spi-builder-workspace/Dependencies/Pubnative/HyBid.xcframework'. (in target 'AATKit-Default-product' from project 'AATKitSPM')
/Users/admin/builder/spi-builder-workspace/Dependencies/Pubnative/ATOM.xcframework:1:1: error: While building for tvOS, no library for this platform was found in '/Users/admin/builder/spi-builder-workspace/Dependencies/Pubnative/ATOM.xcframework'. (in target 'AATKit-Default-product' from project 'AATKitSPM')
/Users/admin/builder/spi-builder-workspace/Dependencies/AATKit/Adapters/AATPubNativeAdapter.xcframework:1:1: error: While building for tvOS, no library for this platform was found in '/Users/admin/builder/spi-builder-workspace/Dependencies/AATKit/Adapters/AATPubNativeAdapter.xcframework'. (in target 'AATKit-Default-product' from project 'AATKitSPM')
/Users/admin/builder/spi-builder-workspace/Dependencies/Unity/UnityAds.xcframework:1:1: error: While building for tvOS, no library for this platform was found in '/Users/admin/builder/spi-builder-workspace/Dependencies/Unity/UnityAds.xcframework'. (in target 'AATKit-Default-product' from project 'AATKitSPM')
/Users/admin/builder/spi-builder-workspace/Dependencies/AATKit/Adapters/AATUnityAdapter.xcframework:1:1: error: While building for tvOS, no library for this platform was found in '/Users/admin/builder/spi-builder-workspace/Dependencies/AATKit/Adapters/AATUnityAdapter.xcframework'. (in target 'AATKit-Default-product' from project 'AATKitSPM')
/Users/admin/builder/spi-builder-workspace/Dependencies/Vungle/VungleAdsSDK.xcframework:1:1: error: While building for tvOS, no library for this platform was found in '/Users/admin/builder/spi-builder-workspace/Dependencies/Vungle/VungleAdsSDK.xcframework'. (in target 'AATKit-Default-product' from project 'AATKitSPM')
/Users/admin/builder/spi-builder-workspace/Dependencies/AATKit/Adapters/AATVungleAdapter.xcframework:1:1: error: While building for tvOS, no library for this platform was found in '/Users/admin/builder/spi-builder-workspace/Dependencies/AATKit/Adapters/AATVungleAdapter.xcframework'. (in target 'AATKit-Default-product' from project 'AATKitSPM')
/Users/admin/builder/spi-builder-workspace/Dependencies/Mintegral/MTGSDK.xcframework:1:1: error: While building for tvOS, no library for this platform was found in '/Users/admin/builder/spi-builder-workspace/Dependencies/Mintegral/MTGSDK.xcframework'. (in target 'AATKit-Default-product' from project 'AATKitSPM')
/Users/admin/builder/spi-builder-workspace/Dependencies/Mintegral/MTGSDKNativeAdvanced.xcframework:1:1: error: While building for tvOS, no library for this platform was found in '/Users/admin/builder/spi-builder-workspace/Dependencies/Mintegral/MTGSDKNativeAdvanced.xcframework'. (in target 'AATKit-Default-product' from project 'AATKitSPM')
/Users/admin/builder/spi-builder-workspace/Dependencies/Mintegral/MTGSDKBanner.xcframework:1:1: error: While building for tvOS, no library for this platform was found in '/Users/admin/builder/spi-builder-workspace/Dependencies/Mintegral/MTGSDKBanner.xcframework'. (in target 'AATKit-Default-product' from project 'AATKitSPM')
/Users/admin/builder/spi-builder-workspace/Dependencies/Mintegral/MTGSDKNewInterstitial.xcframework:1:1: error: While building for tvOS, no library for this platform was found in '/Users/admin/builder/spi-builder-workspace/Dependencies/Mintegral/MTGSDKNewInterstitial.xcframework'. (in target 'AATKit-Default-product' from project 'AATKitSPM')
/Users/admin/builder/spi-builder-workspace/Dependencies/Mintegral/MTGSDKBidding.xcframework:1:1: error: While building for tvOS, no library for this platform was found in '/Users/admin/builder/spi-builder-workspace/Dependencies/Mintegral/MTGSDKBidding.xcframework'. (in target 'AATKit-Default-product' from project 'AATKitSPM')
/Users/admin/builder/spi-builder-workspace/Dependencies/Mintegral/MTGSDKReward.xcframework:1:1: error: While building for tvOS, no library for this platform was found in '/Users/admin/builder/spi-builder-workspace/Dependencies/Mintegral/MTGSDKReward.xcframework'. (in target 'AATKit-Default-product' from project 'AATKitSPM')
/Users/admin/builder/spi-builder-workspace/Dependencies/Mintegral/MTGSDKSplash.xcframework:1:1: error: While building for tvOS, no library for this platform was found in '/Users/admin/builder/spi-builder-workspace/Dependencies/Mintegral/MTGSDKSplash.xcframework'. (in target 'AATKit-Default-product' from project 'AATKitSPM')
/Users/admin/builder/spi-builder-workspace/Dependencies/Mintegral/MTGSDKInterstitialVideo.xcframework:1:1: error: While building for tvOS, no library for this platform was found in '/Users/admin/builder/spi-builder-workspace/Dependencies/Mintegral/MTGSDKInterstitialVideo.xcframework'. (in target 'AATKit-Default-product' from project 'AATKitSPM')
/Users/admin/builder/spi-builder-workspace/Dependencies/AATKit/Adapters/AATMintegralAdapter.xcframework:1:1: error: While building for tvOS, no library for this platform was found in '/Users/admin/builder/spi-builder-workspace/Dependencies/AATKit/Adapters/AATMintegralAdapter.xcframework'. (in target 'AATKit-Default-product' from project 'AATKitSPM')
/Users/admin/builder/spi-builder-workspace/Dependencies/AATKit/AATKit.xcframework:1:1: error: While building for tvOS, no library for this platform was found in '/Users/admin/builder/spi-builder-workspace/Dependencies/AATKit/AATKit.xcframework'. (in target 'AATKit-Default-product' from project 'AATKitSPM')
/Users/admin/builder/spi-builder-workspace/Dependencies/AATKit/Adapters/AATAdMobDSPAdapter.xcframework:1:1: error: While building for tvOS, no library for this platform was found in '/Users/admin/builder/spi-builder-workspace/Dependencies/AATKit/Adapters/AATAdMobDSPAdapter.xcframework'. (in target 'AATKit-Default-product' from project 'AATKitSPM')
/Users/admin/builder/spi-builder-workspace/Dependencies/Tappx/TappxFramework.xcframework:1:1: error: While building for tvOS, no library for this platform was found in '/Users/admin/builder/spi-builder-workspace/Dependencies/Tappx/TappxFramework.xcframework'. (in target 'AATKit-Default-product' from project 'AATKitSPM')
/Users/admin/builder/spi-builder-workspace/Dependencies/AATKit/Adapters/AATTappxAdapter.xcframework:1:1: error: While building for tvOS, no library for this platform was found in '/Users/admin/builder/spi-builder-workspace/Dependencies/AATKit/Adapters/AATTappxAdapter.xcframework'. (in target 'AATKit-Default-product' from project 'AATKitSPM')
/Users/admin/builder/spi-builder-workspace/Dependencies/AATKit/Adapters/AATFacebookAdapter.xcframework:1:1: error: While building for tvOS, no library for this platform was found in '/Users/admin/builder/spi-builder-workspace/Dependencies/AATKit/Adapters/AATFacebookAdapter.xcframework'. (in target 'AATKit-Default-product' from project 'AATKitSPM')
/Users/admin/builder/spi-builder-workspace/Dependencies/Facebook/FBAudienceNetwork.xcframework:1:1: error: While building for tvOS, no library for this platform was found in '/Users/admin/builder/spi-builder-workspace/Dependencies/Facebook/FBAudienceNetwork.xcframework'. (in target 'AATKit-Default-product' from project 'AATKitSPM')
/Users/admin/builder/spi-builder-workspace/Dependencies/Facebook/MetaAdapter.xcframework:1:1: error: While building for tvOS, no library for this platform was found in '/Users/admin/builder/spi-builder-workspace/Dependencies/Facebook/MetaAdapter.xcframework'. (in target 'AATKit-Default-product' from project 'AATKitSPM')
/Users/admin/builder/spi-builder-workspace/.dependencies/artifacts/spi-builder-workspace/AATAppNexusSDKTarget/AppNexusSDKDynamic.xcframework:1:1: error: While building for tvOS, no library for this platform was found in '/Users/admin/builder/spi-builder-workspace/.dependencies/artifacts/spi-builder-workspace/AATAppNexusSDKTarget/AppNexusSDKDynamic.xcframework'. (in target 'AATKit-Default-product' from project 'AATKitSPM')
/Users/admin/builder/spi-builder-workspace/Dependencies/AATKit/Adapters/AATAppNexusAdapter.xcframework:1:1: error: While building for tvOS, no library for this platform was found in '/Users/admin/builder/spi-builder-workspace/Dependencies/AATKit/Adapters/AATAppNexusAdapter.xcframework'. (in target 'AATKit-Default-product' from project 'AATKitSPM')
/Users/admin/builder/spi-builder-workspace/Dependencies/Prebid/PrebidMobile.xcframework:1:1: error: While building for tvOS, no library for this platform was found in '/Users/admin/builder/spi-builder-workspace/Dependencies/Prebid/PrebidMobile.xcframework'. (in target 'AATKit-Default-product' from project 'AATKitSPM')
/Users/admin/builder/spi-builder-workspace/Dependencies/AATKit/Adapters/AATDFPPrebidAdapter.xcframework:1:1: error: While building for tvOS, no library for this platform was found in '/Users/admin/builder/spi-builder-workspace/Dependencies/AATKit/Adapters/AATDFPPrebidAdapter.xcframework'. (in target 'AATKit-Default-product' from project 'AATKitSPM')
/Users/admin/builder/spi-builder-workspace/Dependencies/AATKit/Adapters/AATMetaBiddingAdapter.xcframework:1:1: error: While building for tvOS, no library for this platform was found in '/Users/admin/builder/spi-builder-workspace/Dependencies/AATKit/Adapters/AATMetaBiddingAdapter.xcframework'. (in target 'AATKit-Default-product' from project 'AATKitSPM')
/Users/admin/builder/spi-builder-workspace/.dependencies/artifacts/swift-package-manager-google-mobile-ads/GoogleMobileAds/GoogleMobileAds.xcframework:1:1: error: While building for tvOS, no library for this platform was found in '/Users/admin/builder/spi-builder-workspace/.dependencies/artifacts/swift-package-manager-google-mobile-ads/GoogleMobileAds/GoogleMobileAds.xcframework'. (in target 'AATKit-Default-product' from project 'AATKitSPM')
/Users/admin/builder/spi-builder-workspace/.dependencies/artifacts/applovin-max-swift-package/AppLovinSDK/AppLovinSDK.xcframework:1:1: error: While building for tvOS, no library for this platform was found in '/Users/admin/builder/spi-builder-workspace/.dependencies/artifacts/applovin-max-swift-package/AppLovinSDK/AppLovinSDK.xcframework'. (in target 'AATKit-Default-product' from project 'AATKitSPM')
/Users/admin/builder/spi-builder-workspace/.dependencies/checkouts/RTBSPM/Dependencies/RTBSDK/RTBSDK.xcframework:1:1: error: While building for tvOS, no library for this platform was found in '/Users/admin/builder/spi-builder-workspace/.dependencies/checkouts/RTBSPM/Dependencies/RTBSDK/RTBSDK.xcframework'. (in target 'AATKit-Default-product' from project 'AATKitSPM')
/Users/admin/builder/spi-builder-workspace/.dependencies/artifacts/swift-package-manager-google-user-messaging-platform/UserMessagingPlatform/UserMessagingPlatform.xcframework:1:1: error: While building for tvOS, no library for this platform was found in '/Users/admin/builder/spi-builder-workspace/.dependencies/artifacts/swift-package-manager-google-user-messaging-platform/UserMessagingPlatform/UserMessagingPlatform.xcframework'. (in target 'AATKit-Default-product' from project 'AATKitSPM')
/Users/admin/builder/spi-builder-workspace/.dependencies/checkouts/RTBSPM/Dependencies/RTBSDK/RTBSDK.xcframework:1:1: error: While building for tvOS, no library for this platform was found in '/Users/admin/builder/spi-builder-workspace/.dependencies/checkouts/RTBSPM/Dependencies/RTBSDK/RTBSDK.xcframework'. (in target 'RTBSPM-product' from project 'RTBSPM')
/Users/admin/builder/spi-builder-workspace/Dependencies/Unity/UnityAds.xcframework:1:1: error: While building for tvOS, no library for this platform was found in '/Users/admin/builder/spi-builder-workspace/Dependencies/Unity/UnityAds.xcframework'. (in target 'AATKit-Unity-product' from project 'AATKitSPM')
/Users/admin/builder/spi-builder-workspace/Dependencies/AATKit/Adapters/AATUnityAdapter.xcframework:1:1: error: While building for tvOS, no library for this platform was found in '/Users/admin/builder/spi-builder-workspace/Dependencies/AATKit/Adapters/AATUnityAdapter.xcframework'. (in target 'AATKit-Unity-product' from project 'AATKitSPM')
/Users/admin/builder/spi-builder-workspace/Dependencies/YOC/VisxSDK.xcframework:1:1: error: While building for tvOS, no library for this platform was found in '/Users/admin/builder/spi-builder-workspace/Dependencies/YOC/VisxSDK.xcframework'. (in target 'AATKit-YOC' from project 'AATKitSPM')
/Users/admin/builder/spi-builder-workspace/Dependencies/AATKit/Adapters/AATYOCAdapter.xcframework:1:1: error: While building for tvOS, no library for this platform was found in '/Users/admin/builder/spi-builder-workspace/Dependencies/AATKit/Adapters/AATYOCAdapter.xcframework'. (in target 'AATKit-YOC' from project 'AATKitSPM')
/Users/admin/builder/spi-builder-workspace/.dependencies/artifacts/swift-package-manager-google-user-messaging-platform/UserMessagingPlatform/UserMessagingPlatform.xcframework:1:1: error: While building for tvOS, no library for this platform was found in '/Users/admin/builder/spi-builder-workspace/.dependencies/artifacts/swift-package-manager-google-user-messaging-platform/UserMessagingPlatform/UserMessagingPlatform.xcframework'. (in target 'GoogleUserMessagingPlatform-product' from project 'GoogleUserMessagingPlatform')
/Users/admin/builder/spi-builder-workspace/.dependencies/artifacts/applovin-max-swift-package/AppLovinSDK/AppLovinSDK.xcframework:1:1: error: While building for tvOS, no library for this platform was found in '/Users/admin/builder/spi-builder-workspace/.dependencies/artifacts/applovin-max-swift-package/AppLovinSDK/AppLovinSDK.xcframework'. (in target 'AppLovinSDK-product' from project 'AppLovinSDK')
/Users/admin/builder/spi-builder-workspace/Dependencies/AATKit/Adapters/AATGoogleAdsAdapter.xcframework:1:1: error: While building for tvOS, no library for this platform was found in '/Users/admin/builder/spi-builder-workspace/Dependencies/AATKit/Adapters/AATGoogleAdsAdapter.xcframework'. (in target 'AATKit-AATAdMobMediationAdapter' from project 'AATKitSPM')
/Users/admin/builder/spi-builder-workspace/Dependencies/AATKit/AATKit.xcframework:1:1: error: While building for tvOS, no library for this platform was found in '/Users/admin/builder/spi-builder-workspace/Dependencies/AATKit/AATKit.xcframework'. (in target 'AATKit-AATAdMobMediationAdapter' from project 'AATKitSPM')
/Users/admin/builder/spi-builder-workspace/Dependencies/AATKit/Adapters/AATSourcePointCMPAdapter.xcframework:1:1: error: While building for tvOS, no library for this platform was found in '/Users/admin/builder/spi-builder-workspace/Dependencies/AATKit/Adapters/AATSourcePointCMPAdapter.xcframework'. (in target 'AATKit-SourcePointCMP-product' from project 'AATKitSPM')
/Users/admin/builder/spi-builder-workspace/Dependencies/DisplayIO/DIOSDK.xcframework:1:1: error: While building for tvOS, no library for this platform was found in '/Users/admin/builder/spi-builder-workspace/Dependencies/DisplayIO/DIOSDK.xcframework'. (in target 'AATKit-DisplayIO-product' from project 'AATKitSPM')
/Users/admin/builder/spi-builder-workspace/Dependencies/AATKit/Adapters/AATDisplayIOAdapter.xcframework:1:1: error: While building for tvOS, no library for this platform was found in '/Users/admin/builder/spi-builder-workspace/Dependencies/AATKit/Adapters/AATDisplayIOAdapter.xcframework'. (in target 'AATKit-DisplayIO-product' from project 'AATKitSPM')
/Users/admin/builder/spi-builder-workspace/.dependencies/artifacts/applovin-max-swift-package/AppLovinSDK/AppLovinSDK.xcframework:1:1: error: While building for tvOS, no library for this platform was found in '/Users/admin/builder/spi-builder-workspace/.dependencies/artifacts/applovin-max-swift-package/AppLovinSDK/AppLovinSDK.xcframework'. (in target 'AppLovinSDKResources' from project 'AppLovinSDK')
/Users/admin/builder/spi-builder-workspace/Dependencies/TeadsSDK/TeadsSDK.xcframework:1:1: error: While building for tvOS, no library for this platform was found in '/Users/admin/builder/spi-builder-workspace/Dependencies/TeadsSDK/TeadsSDK.xcframework'. (in target 'AATKit-Teads-product' from project 'AATKitSPM')
/Users/admin/builder/spi-builder-workspace/Dependencies/AATKit/Adapters/AATTeadsAdapter.xcframework:1:1: error: While building for tvOS, no library for this platform was found in '/Users/admin/builder/spi-builder-workspace/Dependencies/AATKit/Adapters/AATTeadsAdapter.xcframework'. (in target 'AATKit-Teads-product' from project 'AATKitSPM')
/Users/admin/builder/spi-builder-workspace/Dependencies/Ogury/OgurySdk.xcframework:1:1: error: While building for tvOS, no library for this platform was found in '/Users/admin/builder/spi-builder-workspace/Dependencies/Ogury/OgurySdk.xcframework'. (in target 'AATKit-OgurySdk' from project 'AATKitSPM')
/Users/admin/builder/spi-builder-workspace/Dependencies/Ogury/OguryAds.xcframework:1:1: error: While building for tvOS, no library for this platform was found in '/Users/admin/builder/spi-builder-workspace/Dependencies/Ogury/OguryAds.xcframework'. (in target 'AATKit-OgurySdk' from project 'AATKitSPM')
/Users/admin/builder/spi-builder-workspace/Dependencies/Ogury/OguryCore.xcframework:1:1: error: While building for tvOS, no library for this platform was found in '/Users/admin/builder/spi-builder-workspace/Dependencies/Ogury/OguryCore.xcframework'. (in target 'AATKit-OgurySdk' from project 'AATKitSPM')
/Users/admin/builder/spi-builder-workspace/Dependencies/AATKit/Adapters/AATOguryAdapter.xcframework:1:1: error: While building for tvOS, no library for this platform was found in '/Users/admin/builder/spi-builder-workspace/Dependencies/AATKit/Adapters/AATOguryAdapter.xcframework'. (in target 'AATKit-OgurySdk' from project 'AATKitSPM')
/Users/admin/builder/spi-builder-workspace/Dependencies/Prebid/PrebidMobile.xcframework:1:1: error: While building for tvOS, no library for this platform was found in '/Users/admin/builder/spi-builder-workspace/Dependencies/Prebid/PrebidMobile.xcframework'. (in target 'AATKit-Prebid' from project 'AATKitSPM')
/Users/admin/builder/spi-builder-workspace/Dependencies/AATKit/Adapters/AATDFPPrebidAdapter.xcframework:1:1: error: While building for tvOS, no library for this platform was found in '/Users/admin/builder/spi-builder-workspace/Dependencies/AATKit/Adapters/AATDFPPrebidAdapter.xcframework'. (in target 'AATKit-Prebid' from project 'AATKitSPM')
/Users/admin/builder/spi-builder-workspace/Dependencies/AATKit/Adapters/AATGoogleAdsAdapter.xcframework:1:1: error: While building for tvOS, no library for this platform was found in '/Users/admin/builder/spi-builder-workspace/Dependencies/AATKit/Adapters/AATGoogleAdsAdapter.xcframework'. (in target 'AATKit-GoogleMobileAds-product' from project 'AATKitSPM')
/Users/admin/builder/spi-builder-workspace/.dependencies/artifacts/swift-package-manager-google-mobile-ads/GoogleMobileAds/GoogleMobileAds.xcframework:1:1: error: While building for tvOS, no library for this platform was found in '/Users/admin/builder/spi-builder-workspace/.dependencies/artifacts/swift-package-manager-google-mobile-ads/GoogleMobileAds/GoogleMobileAds.xcframework'. (in target 'AATKit-GoogleMobileAds-product' from project 'AATKitSPM')
/Users/admin/builder/spi-builder-workspace/.dependencies/artifacts/swift-package-manager-google-user-messaging-platform/UserMessagingPlatform/UserMessagingPlatform.xcframework:1:1: error: While building for tvOS, no library for this platform was found in '/Users/admin/builder/spi-builder-workspace/.dependencies/artifacts/swift-package-manager-google-user-messaging-platform/UserMessagingPlatform/UserMessagingPlatform.xcframework'. (in target 'AATKit-GoogleMobileAds-product' from project 'AATKitSPM')
2026-09-23 08:42:54.303 xcodebuild[1199:6887] [MT] IDERunDestination: Supported platforms for the buildables in the current scheme is empty.
2026-09-23 08:42:54.403 xcodebuild[1199:6887] [MT] IDERunDestination: Supported platforms for the buildables in the current scheme is empty.
2026-09-23 08:42:58.120 xcodebuild[1199:6887] [MT] IDERunDestination: Supported platforms for the buildables in the current scheme is empty.
** BUILD FAILED **
The following build commands failed:
Building workspace AATKitSPM with scheme AATKitSPM-Package
(1 failure)
Command line invocation:
/Applications/Xcode-27.0.0-Release.Candidate.app/Contents/Developer/usr/bin/xcodebuild -IDEClonedSourcePackagesDirPathOverride=/Users/admin/builder/spi-builder-workspace/.dependencies -resolvePackageDependencies
Resolve Package Graph
Resolved source packages:
AppLovinSDK: https://github.com/AppLovin/AppLovin-MAX-Swift-Package.git @ 13.3.1
GoogleMobileAds: https://github.com/googleads/swift-package-manager-google-mobile-ads.git @ 12.7.0
AATKitSPM: /Users/admin/builder/spi-builder-workspace
AppHarbrSDK: https://github.com/GeoEdgeSDK/AppHarbrSDK.git @ 1.24.1
GoogleUserMessagingPlatform: https://github.com/googleads/swift-package-manager-google-user-messaging-platform.git @ 3.1.0
RTBSPM: https://github.com/AddApptr/RTBSPM.git @ 1.8.1
resolved source packages: AppLovinSDK, GoogleMobileAds, AATKitSPM, AppHarbrSDK, GoogleUserMessagingPlatform, RTBSPM
2026-09-23 08:43:02.803 xcodebuild[1257:7229] [MT] IDERunDestination: Supported platforms for the buildables in the current scheme is empty.
2026-09-23 08:43:02.907 xcodebuild[1257:7229] [MT] IDERunDestination: Supported platforms for the buildables in the current scheme is empty.
{
"default_localization" : "en",
"dependencies" : [
{
"identity" : "applovin-max-swift-package",
"requirement" : {
"exact" : [
"13.3.1"
]
},
"type" : "sourceControl",
"url" : "https://github.com/AppLovin/AppLovin-MAX-Swift-Package.git"
},
{
"identity" : "swift-package-manager-google-mobile-ads",
"requirement" : {
"exact" : [
"12.7.0"
]
},
"type" : "sourceControl",
"url" : "https://github.com/googleads/swift-package-manager-google-mobile-ads.git"
},
{
"identity" : "appharbrsdk",
"requirement" : {
"exact" : [
"1.24.1"
]
},
"type" : "sourceControl",
"url" : "https://github.com/GeoEdgeSDK/AppHarbrSDK.git"
},
{
"identity" : "swift-package-manager-google-user-messaging-platform",
"requirement" : {
"range" : [
{
"lower_bound" : "1.1.0",
"upper_bound" : "4.0.0"
}
]
},
"type" : "sourceControl",
"url" : "https://github.com/googleads/swift-package-manager-google-user-messaging-platform.git"
},
{
"identity" : "rtbspm",
"requirement" : {
"exact" : [
"1.8.1"
]
},
"type" : "sourceControl",
"url" : "https://github.com/AddApptr/RTBSPM.git"
}
],
"manifest_display_name" : "AATKitSPM",
"name" : "AATKitSPM",
"path" : "/Users/admin/builder/spi-builder-workspace",
"platforms" : [
{
"name" : "ios",
"version" : "12.0"
}
],
"products" : [
{
"name" : "AATKit-Core",
"targets" : [
"AATKit-Core"
],
"type" : {
"library" : [
"automatic"
]
}
},
{
"name" : "AATKit-AATAdMobMediationAdapter",
"targets" : [
"AATKit-AATAdMobMediationAdapter"
],
"type" : {
"library" : [
"automatic"
]
}
},
{
"name" : "AATKit-AATAdMobDSPAdapter",
"targets" : [
"AATKit-AATAdMobDSPAdapter"
],
"type" : {
"library" : [
"automatic"
]
}
},
{
"name" : "AATKit-GooglePartnerBidding",
"targets" : [
"AATKit-GooglePartnerBidding"
],
"type" : {
"library" : [
"automatic"
]
}
},
{
"name" : "AATKit-GoogleMobileAds",
"targets" : [
"AATKit-GoogleMobileAds"
],
"type" : {
"library" : [
"automatic"
]
}
},
{
"name" : "AATKit-AppLovin",
"targets" : [
"AATKit-AppLovin"
],
"type" : {
"library" : [
"automatic"
]
}
},
{
"name" : "AATKit-AppNexus",
"targets" : [
"AATKit-AppNexus"
],
"type" : {
"library" : [
"automatic"
]
}
},
{
"name" : "AATKit-AppHarbr",
"targets" : [
"AATKit-AppHarbr"
],
"type" : {
"library" : [
"automatic"
]
}
},
{
"name" : "AATKit-Amazon",
"targets" : [
"AATKit-Amazon"
],
"type" : {
"library" : [
"automatic"
]
}
},
{
"name" : "AATKit-FeedAd",
"targets" : [
"AATKit-FeedAd"
],
"type" : {
"library" : [
"automatic"
]
}
},
{
"name" : "AATKit-GraviteRTB",
"targets" : [
"AATKit-GraviteRTB"
],
"type" : {
"library" : [
"automatic"
]
}
},
{
"name" : "AATKit-SmartAd",
"targets" : [
"AATKit-SmartAd"
],
"type" : {
"library" : [
"automatic"
]
}
},
{
"name" : "AATKit-YOC",
"targets" : [
"AATKit-YOC"
],
"type" : {
"library" : [
"automatic"
]
}
},
{
"name" : "AATKit-InMobi",
"targets" : [
"AATKit-InMobi"
],
"type" : {
"library" : [
"automatic"
]
}
},
{
"name" : "AATKit-IronSource",
"targets" : [
"AATKit-IronSource"
],
"type" : {
"library" : [
"automatic"
]
}
},
{
"name" : "AATKit-Kidoz",
"targets" : [
"AATKit-Kidoz"
],
"type" : {
"library" : [
"automatic"
]
}
},
{
"name" : "AATKit-PubNative",
"targets" : [
"AATKit-PubNative"
],
"type" : {
"library" : [
"automatic"
]
}
},
{
"name" : "AATKit-Prebid",
"targets" : [
"AATKit-Prebid"
],
"type" : {
"library" : [
"automatic"
]
}
},
{
"name" : "AATKit-Tappx",
"targets" : [
"AATKit-Tappx"
],
"type" : {
"library" : [
"automatic"
]
}
},
{
"name" : "AATKit-Teads",
"targets" : [
"AATKit-Teads"
],
"type" : {
"library" : [
"automatic"
]
}
},
{
"name" : "AATKit-Unity",
"targets" : [
"AATKit-Unity"
],
"type" : {
"library" : [
"automatic"
]
}
},
{
"name" : "AATKit-Vungle",
"targets" : [
"AATKit-Vungle"
],
"type" : {
"library" : [
"automatic"
]
}
},
{
"name" : "AATKit-OguryAds",
"targets" : [
"AATKit-OgurySdk"
],
"type" : {
"library" : [
"automatic"
]
}
},
{
"name" : "AATKit-Mintegral",
"targets" : [
"AATKit-Mintegral"
],
"type" : {
"library" : [
"automatic"
]
}
},
{
"name" : "AATKit-Facebook",
"targets" : [
"AATKit-Facebook"
],
"type" : {
"library" : [
"automatic"
]
}
},
{
"name" : "AATKit-DisplayIO",
"targets" : [
"AATKit-DisplayIO"
],
"type" : {
"library" : [
"automatic"
]
}
},
{
"name" : "AATKit-UTIQ",
"targets" : [
"AATKit-UTIQ"
],
"type" : {
"library" : [
"automatic"
]
}
},
{
"name" : "AATAppNexusAdapter",
"targets" : [
"AATAppNexusAdapter"
],
"type" : {
"library" : [
"automatic"
]
}
},
{
"name" : "AATAmazonAdapter",
"targets" : [
"AATAmazonAdapter"
],
"type" : {
"library" : [
"automatic"
]
}
},
{
"name" : "AATKit-AATMetaBiddingAdapter",
"targets" : [
"AATKit-AATMetaBiddingAdapter"
],
"type" : {
"library" : [
"automatic"
]
}
},
{
"name" : "AATKit-GoogleCMP",
"targets" : [
"AATKit-GoogleCMP"
],
"type" : {
"library" : [
"automatic"
]
}
},
{
"name" : "AATKit-SourcePointCMP",
"targets" : [
"AATKit-SourcePointCMP"
],
"type" : {
"library" : [
"automatic"
]
}
},
{
"name" : "AATKit-AppConsentCMP",
"targets" : [
"AATKit-AppConsentCMP"
],
"type" : {
"library" : [
"automatic"
]
}
},
{
"name" : "AATKit-Default",
"targets" : [
"AATKit-GoogleMobileAds",
"AATKit-AppLovin",
"AATKit-GraviteRTB",
"AATKit-SmartAd",
"AATKit-YOC",
"AATKit-InMobi",
"AATKit-IronSource",
"AATKit-OgurySdk",
"AATKit-PubNative",
"AATKit-Unity",
"AATKit-Vungle",
"AATKit-Mintegral",
"AATKit-GooglePartnerBidding",
"AATKit-Tappx",
"AATKit-Facebook",
"AATKit-AppNexus",
"AATKit-Prebid",
"AATKit-AATMetaBiddingAdapter"
],
"type" : {
"library" : [
"automatic"
]
}
}
],
"targets" : [
{
"c99name" : "AATYOCAdapter",
"module_type" : "BinaryTarget",
"name" : "AATYOCAdapter",
"path" : "Dependencies/AATKit/Adapters/AATYOCAdapter.xcframework",
"product_memberships" : [
"AATKit-YOC",
"AATKit-Default"
],
"sources" : [
],
"type" : "binary"
},
{
"c99name" : "AATVungleSDK",
"module_type" : "BinaryTarget",
"name" : "AATVungleSDK",
"path" : "Dependencies/Vungle/VungleAdsSDK.xcframework",
"product_memberships" : [
"AATKit-Vungle",
"AATKit-Default"
],
"sources" : [
],
"type" : "binary"
},
{
"c99name" : "AATVungleAdapter",
"module_type" : "BinaryTarget",
"name" : "AATVungleAdapter",
"path" : "Dependencies/AATKit/Adapters/AATVungleAdapter.xcframework",
"product_memberships" : [
"AATKit-Vungle",
"AATKit-Default"
],
"sources" : [
],
"type" : "binary"
},
{
"c99name" : "AATVisxSDK",
"module_type" : "BinaryTarget",
"name" : "AATVisxSDK",
"path" : "Dependencies/YOC/VisxSDK.xcframework",
"product_memberships" : [
"AATKit-YOC",
"AATKit-Default"
],
"sources" : [
],
"type" : "binary"
},
{
"c99name" : "AATUnityAds",
"module_type" : "BinaryTarget",
"name" : "AATUnityAds",
"path" : "Dependencies/Unity/UnityAds.xcframework",
"product_memberships" : [
"AATKit-Unity",
"AATKit-Default"
],
"sources" : [
],
"type" : "binary"
},
{
"c99name" : "AATUnityAdapter",
"module_type" : "BinaryTarget",
"name" : "AATUnityAdapter",
"path" : "Dependencies/AATKit/Adapters/AATUnityAdapter.xcframework",
"product_memberships" : [
"AATKit-Unity",
"AATKit-Default"
],
"sources" : [
],
"type" : "binary"
},
{
"c99name" : "AATUTIQAdapter",
"module_type" : "BinaryTarget",
"name" : "AATUTIQAdapter",
"path" : "Dependencies/AATKit/Adapters/AATUTIQAdapter.xcframework",
"product_memberships" : [
"AATKit-UTIQ"
],
"sources" : [
],
"type" : "binary"
},
{
"c99name" : "AATUTIQ",
"module_type" : "BinaryTarget",
"name" : "AATUTIQ",
"path" : "Dependencies/UTIQ/Utiq.xcframework",
"product_memberships" : [
"AATKit-UTIQ"
],
"sources" : [
],
"type" : "binary"
},
{
"c99name" : "AATTeadsSDK",
"module_type" : "BinaryTarget",
"name" : "AATTeadsSDK",
"path" : "Dependencies/TeadsSDK/TeadsSDK.xcframework",
"product_memberships" : [
"AATKit-Teads"
],
"sources" : [
],
"type" : "binary"
},
{
"c99name" : "AATTeadsAdapter",
"module_type" : "BinaryTarget",
"name" : "AATTeadsAdapter",
"path" : "Dependencies/AATKit/Adapters/AATTeadsAdapter.xcframework",
"product_memberships" : [
"AATKit-Teads"
],
"sources" : [
],
"type" : "binary"
},
{
"c99name" : "AATTappxAdapter",
"module_type" : "BinaryTarget",
"name" : "AATTappxAdapter",
"path" : "Dependencies/AATKit/Adapters/AATTappxAdapter.xcframework",
"product_memberships" : [
"AATKit-Tappx",
"AATKit-Default"
],
"sources" : [
],
"type" : "binary"
},
{
"c99name" : "AATTappx",
"module_type" : "BinaryTarget",
"name" : "AATTappx",
"path" : "Dependencies/Tappx/TappxFramework.xcframework",
"product_memberships" : [
"AATKit-Tappx",
"AATKit-Default"
],
"sources" : [
],
"type" : "binary"
},
{
"c99name" : "AATSourcePointCMPAdapter",
"module_type" : "BinaryTarget",
"name" : "AATSourcePointCMPAdapter",
"path" : "Dependencies/AATKit/Adapters/AATSourcePointCMPAdapter.xcframework",
"product_memberships" : [
"AATKit-SourcePointCMP"
],
"sources" : [
],
"type" : "binary"
},
{
"c99name" : "AATSmartAdAdapter",
"module_type" : "BinaryTarget",
"name" : "AATSmartAdAdapter",
"path" : "Dependencies/AATKit/Adapters/AATSmartAdAdapter.xcframework",
"product_memberships" : [
"AATKit-SmartAd",
"AATKit-Default"
],
"sources" : [
],
"type" : "binary"
},
{
"c99name" : "AATSASDisplayKit",
"module_type" : "BinaryTarget",
"name" : "AATSASDisplayKit",
"path" : "Dependencies/SmartAd/SASDisplayKit.xcframework",
"product_memberships" : [
"AATKit-SmartAd",
"AATKit-Default"
],
"sources" : [
],
"type" : "binary"
},
{
"c99name" : "AATPubNativeAdapter",
"module_type" : "BinaryTarget",
"name" : "AATPubNativeAdapter",
"path" : "Dependencies/AATKit/Adapters/AATPubNativeAdapter.xcframework",
"product_memberships" : [
"AATKit-PubNative",
"AATKit-Default"
],
"sources" : [
],
"type" : "binary"
},
{
"c99name" : "AATPrebidMobile",
"module_type" : "BinaryTarget",
"name" : "AATPrebidMobile",
"path" : "Dependencies/Prebid/PrebidMobile.xcframework",
"product_memberships" : [
"AATKit-Prebid",
"AATKit-Default"
],
"sources" : [
],
"type" : "binary"
},
{
"c99name" : "AATOgurySdk",
"module_type" : "BinaryTarget",
"name" : "AATOgurySdk",
"path" : "Dependencies/Ogury/OgurySdk.xcframework",
"product_memberships" : [
"AATKit-OguryAds",
"AATKit-Default"
],
"sources" : [
],
"type" : "binary"
},
{
"c99name" : "AATOguryCore",
"module_type" : "BinaryTarget",
"name" : "AATOguryCore",
"path" : "Dependencies/Ogury/OguryCore.xcframework",
"product_memberships" : [
"AATKit-OguryAds",
"AATKit-Default"
],
"sources" : [
],
"type" : "binary"
},
{
"c99name" : "AATOguryAds",
"module_type" : "BinaryTarget",
"name" : "AATOguryAds",
"path" : "Dependencies/Ogury/OguryAds.xcframework",
"product_memberships" : [
"AATKit-OguryAds",
"AATKit-Default"
],
"sources" : [
],
"type" : "binary"
},
{
"c99name" : "AATOguryAdapter",
"module_type" : "BinaryTarget",
"name" : "AATOguryAdapter",
"path" : "Dependencies/AATKit/Adapters/AATOguryAdapter.xcframework",
"product_memberships" : [
"AATKit-OguryAds",
"AATKit-Default"
],
"sources" : [
],
"type" : "binary"
},
{
"c99name" : "AATOMSDK_Teadstv",
"module_type" : "BinaryTarget",
"name" : "AATOMSDK_Teadstv",
"path" : "Dependencies/TeadsSDK/OMSDK_Teadstv.xcframework",
"product_memberships" : [
"AATKit-Teads"
],
"sources" : [
],
"type" : "binary"
},
{
"c99name" : "AATOMSDK_Tappx",
"module_type" : "BinaryTarget",
"name" : "AATOMSDK_Tappx",
"path" : "Dependencies/Tappx/OMSDK_Tappx.xcframework",
"product_memberships" : [
"AATKit-Tappx",
"AATKit-Default"
],
"sources" : [
],
"type" : "binary"
},
{
"c99name" : "AATOMSDK_Pubnativenet",
"module_type" : "BinaryTarget",
"name" : "AATOMSDK_Pubnativenet",
"path" : "Dependencies/Pubnative/OMSDK_Pubnativenet.xcframework",
"product_memberships" : [
"AATKit-PubNative",
"AATKit-Default"
],
"sources" : [
],
"type" : "binary"
},
{
"c99name" : "AATOMSDK_Ogury",
"module_type" : "BinaryTarget",
"name" : "AATOMSDK_Ogury",
"path" : "Dependencies/Ogury/OMSDK_Ogury.xcframework",
"product_memberships" : [
"AATKit-OguryAds",
"AATKit-Default"
],
"sources" : [
],
"type" : "binary"
},
{
"c99name" : "AATOMSDK_Microsoft",
"module_type" : "BinaryTarget",
"name" : "AATOMSDK_Microsoft",
"path" : "remote/archive/OMSDK_Microsoft.zip",
"product_memberships" : [
"AATKit-AppNexus",
"AATKit-Default"
],
"sources" : [
],
"type" : "binary"
},
{
"c99name" : "AATMintegralAdapter",
"module_type" : "BinaryTarget",
"name" : "AATMintegralAdapter",
"path" : "Dependencies/AATKit/Adapters/AATMintegralAdapter.xcframework",
"product_memberships" : [
"AATKit-Mintegral",
"AATKit-Default"
],
"sources" : [
],
"type" : "binary"
},
{
"c99name" : "AATMetaBiddingAdapter",
"module_type" : "BinaryTarget",
"name" : "AATMetaBiddingAdapter",
"path" : "Dependencies/AATKit/Adapters/AATMetaBiddingAdapter.xcframework",
"product_memberships" : [
"AATKit-AATMetaBiddingAdapter",
"AATKit-Default"
],
"sources" : [
],
"type" : "binary"
},
{
"c99name" : "AATMetaAdapter",
"module_type" : "BinaryTarget",
"name" : "AATMetaAdapter",
"path" : "Dependencies/Facebook/MetaAdapter.xcframework",
"product_memberships" : [
"AATKit-Facebook",
"AATKit-AATMetaBiddingAdapter",
"AATKit-Default"
],
"sources" : [
],
"type" : "binary"
},
{
"c99name" : "AATMTGSDKSplash",
"module_type" : "BinaryTarget",
"name" : "AATMTGSDKSplash",
"path" : "Dependencies/Mintegral/MTGSDKSplash.xcframework",
"product_memberships" : [
"AATKit-Mintegral",
"AATKit-Default"
],
"sources" : [
],
"type" : "binary"
},
{
"c99name" : "AATMTGSDKReward",
"module_type" : "BinaryTarget",
"name" : "AATMTGSDKReward",
"path" : "Dependencies/Mintegral/MTGSDKReward.xcframework",
"product_memberships" : [
"AATKit-Mintegral",
"AATKit-Default"
],
"sources" : [
],
"type" : "binary"
},
{
"c99name" : "AATMTGSDKNewInterstitial",
"module_type" : "BinaryTarget",
"name" : "AATMTGSDKNewInterstitial",
"path" : "Dependencies/Mintegral/MTGSDKNewInterstitial.xcframework",
"product_memberships" : [
"AATKit-Mintegral",
"AATKit-Default"
],
"sources" : [
],
"type" : "binary"
},
{
"c99name" : "AATMTGSDKNativeAdvanced",
"module_type" : "BinaryTarget",
"name" : "AATMTGSDKNativeAdvanced",
"path" : "Dependencies/Mintegral/MTGSDKNativeAdvanced.xcframework",
"product_memberships" : [
"AATKit-Mintegral",
"AATKit-Default"
],
"sources" : [
],
"type" : "binary"
},
{
"c99name" : "AATMTGSDKInterstitialVideo",
"module_type" : "BinaryTarget",
"name" : "AATMTGSDKInterstitialVideo",
"path" : "Dependencies/Mintegral/MTGSDKInterstitialVideo.xcframework",
"product_memberships" : [
"AATKit-Mintegral",
"AATKit-Default"
],
"sources" : [
],
"type" : "binary"
},
{
"c99name" : "AATMTGSDKBidding",
"module_type" : "BinaryTarget",
"name" : "AATMTGSDKBidding",
"path" : "Dependencies/Mintegral/MTGSDKBidding.xcframework",
"product_memberships" : [
"AATKit-Mintegral",
"AATKit-Default"
],
"sources" : [
],
"type" : "binary"
},
{
"c99name" : "AATMTGSDKBanner",
"module_type" : "BinaryTarget",
"name" : "AATMTGSDKBanner",
"path" : "Dependencies/Mintegral/MTGSDKBanner.xcframework",
"product_memberships" : [
"AATKit-Mintegral",
"AATKit-Default"
],
"sources" : [
],
"type" : "binary"
},
{
"c99name" : "AATMTGSDK",
"module_type" : "BinaryTarget",
"name" : "AATMTGSDK",
"path" : "Dependencies/Mintegral/MTGSDK.xcframework",
"product_memberships" : [
"AATKit-Mintegral",
"AATKit-Default"
],
"sources" : [
],
"type" : "binary"
},
{
"c99name" : "AATKit_YOC",
"module_type" : "SwiftTarget",
"name" : "AATKit-YOC",
"path" : "Sources/YOCSources",
"product_memberships" : [
"AATKit-YOC",
"AATKit-Default"
],
"sources" : [
"Dummy.swift"
],
"target_dependencies" : [
"AATVisxSDK",
"AATYOCAdapter"
],
"type" : "library"
},
{
"c99name" : "AATKit_Vungle",
"module_type" : "SwiftTarget",
"name" : "AATKit-Vungle",
"path" : "Sources/VungleSources",
"product_memberships" : [
"AATKit-Vungle",
"AATKit-Default"
],
"sources" : [
"Dummy.swift"
],
"target_dependencies" : [
"AATVungleSDK",
"AATVungleAdapter"
],
"type" : "library"
},
{
"c99name" : "AATKit_Unity",
"module_type" : "SwiftTarget",
"name" : "AATKit-Unity",
"path" : "Sources/UnitySources",
"product_memberships" : [
"AATKit-Unity",
"AATKit-Default"
],
"sources" : [
"Dummy.swift"
],
"target_dependencies" : [
"AATUnityAds",
"AATUnityAdapter"
],
"type" : "library"
},
{
"c99name" : "AATKit_UTIQ",
"module_type" : "SwiftTarget",
"name" : "AATKit-UTIQ",
"path" : "Sources/UTIQSources",
"product_memberships" : [
"AATKit-UTIQ"
],
"sources" : [
"Dummy.swift"
],
"target_dependencies" : [
"AATUTIQ",
"AATUTIQAdapter"
],
"type" : "library"
},
{
"c99name" : "AATKit_Teads",
"module_type" : "SwiftTarget",
"name" : "AATKit-Teads",
"path" : "Sources/TeadsSources",
"product_memberships" : [
"AATKit-Teads"
],
"sources" : [
"Dummy.swift"
],
"target_dependencies" : [
"AATTeadsSDK",
"AATOMSDK_Teadstv",
"AATTeadsAdapter"
],
"type" : "library"
},
{
"c99name" : "AATKit_Tappx",
"module_type" : "SwiftTarget",
"name" : "AATKit-Tappx",
"path" : "Sources/Tappx",
"product_memberships" : [
"AATKit-Tappx",
"AATKit-Default"
],
"sources" : [
"Dummy.swift"
],
"target_dependencies" : [
"AATTappx",
"AATOMSDK_Tappx",
"AATTappxAdapter"
],
"type" : "library"
},
{
"c99name" : "AATKit_SourcePointCMP",
"module_type" : "SwiftTarget",
"name" : "AATKit-SourcePointCMP",
"path" : "Sources/SourcePointSources",
"product_memberships" : [
"AATKit-SourcePointCMP"
],
"sources" : [
"Dummy.swift"
],
"target_dependencies" : [
"AATConsentViewController",
"AATSourcePointCMPAdapter"
],
"type" : "library"
},
{
"c99name" : "AATKit_SmartAd",
"module_type" : "SwiftTarget",
"name" : "AATKit-SmartAd",
"path" : "Sources/SmartAdSources",
"product_memberships" : [
"AATKit-SmartAd",
"AATKit-Default"
],
"sources" : [
"Dummy.swift"
],
"target_dependencies" : [
"AATSASDisplayKit",
"AATSmartAdAdapter"
],
"type" : "library"
},
{
"c99name" : "AATKit_PubNative",
"module_type" : "SwiftTarget",
"name" : "AATKit-PubNative",
"path" : "Sources/PubnativeSources",
"product_memberships" : [
"AATKit-PubNative",
"AATKit-Default"
],
"sources" : [
"Dummy.swift"
],
"target_dependencies" : [
"AATHyBid",
"AATOMSDK_Pubnativenet",
"AATATOM",
"AATPubNativeAdapter"
],
"type" : "library"
},
{
"c99name" : "AATKit_Prebid",
"module_type" : "SwiftTarget",
"name" : "AATKit-Prebid",
"path" : "Sources/PrebidSources",
"product_memberships" : [
"AATKit-Prebid",
"AATKit-Default"
],
"sources" : [
"Dummy.swift"
],
"target_dependencies" : [
"AATPrebidMobile",
"AATDFPPrebidAdapter"
],
"type" : "library"
},
{
"c99name" : "AATKit_OgurySdk",
"module_type" : "SwiftTarget",
"name" : "AATKit-OgurySdk",
"path" : "Sources/OguryAdsSources",
"product_memberships" : [
"AATKit-OguryAds",
"AATKit-Default"
],
"sources" : [
"Dummy.swift"
],
"target_dependencies" : [
"AATOgurySdk",
"AATOguryAds",
"AATOguryCore",
"AATOMSDK_Ogury",
"AATOguryAdapter"
],
"type" : "library"
},
{
"c99name" : "AATKit_Mintegral",
"module_type" : "SwiftTarget",
"name" : "AATKit-Mintegral",
"path" : "Sources/MintegralSources",
"product_memberships" : [
"AATKit-Mintegral",
"AATKit-Default"
],
"sources" : [
"Dummy.swift"
],
"target_dependencies" : [
"AATMTGSDK",
"AATMTGSDKNativeAdvanced",
"AATMTGSDKBanner",
"AATMTGSDKNewInterstitial",
"AATMTGSDKBidding",
"AATMTGSDKReward",
"AATMTGSDKSplash",
"AATMTGSDKInterstitialVideo",
"AATMintegralAdapter"
],
"type" : "library"
},
{
"c99name" : "AATKit_Kidoz",
"module_type" : "SwiftTarget",
"name" : "AATKit-Kidoz",
"path" : "Sources/KidozSources",
"product_memberships" : [
"AATKit-Kidoz"
],
"sources" : [
"Dummy.swift"
],
"target_dependencies" : [
"AATKidoz",
"AATKidozAdapter"
],
"type" : "library"
},
{
"c99name" : "AATKit_IronSource",
"module_type" : "SwiftTarget",
"name" : "AATKit-IronSource",
"path" : "Sources/IronSourceSources",
"product_memberships" : [
"AATKit-IronSource",
"AATKit-Default"
],
"sources" : [
"Dummy.swift"
],
"target_dependencies" : [
"AATIronSource",
"AATIronSourceAdapter"
],
"type" : "library"
},
{
"c99name" : "AATKit_InMobi",
"module_type" : "SwiftTarget",
"name" : "AATKit-InMobi",
"path" : "Sources/InMobiSources",
"product_memberships" : [
"AATKit-InMobi",
"AATKit-Default"
],
"sources" : [
"Dummy.swift"
],
"target_dependencies" : [
"AATInMobiSDK",
"AATInMobiAdapter"
],
"type" : "library"
},
{
"c99name" : "AATKit_GraviteRTB",
"module_type" : "SwiftTarget",
"name" : "AATKit-GraviteRTB",
"path" : "Sources/GraviteRTB",
"product_dependencies" : [
"RTBSPM"
],
"product_memberships" : [
"AATKit-AATAdMobDSPAdapter",
"AATKit-GooglePartnerBidding",
"AATKit-GraviteRTB",
"AATKit-AATMetaBiddingAdapter",
"AATKit-Default"
],
"sources" : [
"Dummy.swift"
],
"target_dependencies" : [
"AATGraviteRTBAdapter"
],
"type" : "library"
},
{
"c99name" : "AATKit_GooglePartnerBidding",
"module_type" : "SwiftTarget",
"name" : "AATKit-GooglePartnerBidding",
"path" : "Sources/GooglePartnerBiddingSources",
"product_dependencies" : [
"GoogleMobileAds"
],
"product_memberships" : [
"AATKit-GooglePartnerBidding",
"AATKit-Default"
],
"sources" : [
"Dummy.swift"
],
"target_dependencies" : [
"AATKit",
"AATKit-GraviteRTB",
"AATAdMobDSPAdapter"
],
"type" : "library"
},
{
"c99name" : "AATKit_GoogleMobileAds",
"module_type" : "SwiftTarget",
"name" : "AATKit-GoogleMobileAds",
"path" : "Sources/GoogleMobileAdsSources",
"product_dependencies" : [
"GoogleMobileAds"
],
"product_memberships" : [
"AATKit-AATAdMobMediationAdapter",
"AATKit-AATAdMobDSPAdapter",
"AATKit-GoogleMobileAds",
"AATKit-Default"
],
"sources" : [
"Dummy.swift"
],
"target_dependencies" : [
"AATGoogleAdsAdapter"
],
"type" : "library"
},
{
"c99name" : "AATKit_GoogleCMP",
"module_type" : "SwiftTarget",
"name" : "AATKit-GoogleCMP",
"path" : "Sources/GoogleCMPSources",
"product_dependencies" : [
"GoogleUserMessagingPlatform",
"GoogleMobileAds"
],
"product_memberships" : [
"AATKit-GoogleCMP"
],
"sources" : [
"Dummy.swift"
],
"target_dependencies" : [
"AATGoogleCMPAdapter"
],
"type" : "library"
},
{
"c99name" : "AATKit_FeedAd",
"module_type" : "SwiftTarget",
"name" : "AATKit-FeedAd",
"path" : "Sources/FeedAdSources",
"product_memberships" : [
"AATKit-FeedAd"
],
"sources" : [
"Dummy.swift"
],
"target_dependencies" : [
"AATFeedAd",
"AATFeedAdAdapter"
],
"type" : "library"
},
{
"c99name" : "AATKit_Facebook",
"module_type" : "SwiftTarget",
"name" : "AATKit-Facebook",
"path" : "Sources/FacebookSources",
"product_dependencies" : [
"GoogleMobileAds"
],
"product_memberships" : [
"AATKit-Facebook",
"AATKit-AATMetaBiddingAdapter",
"AATKit-Default"
],
"sources" : [
"Dummy.swift"
],
"target_dependencies" : [
"AATFacebookAdapter",
"AATFBAudienceNetwork",
"AATMetaAdapter"
],
"type" : "library"
},
{
"c99name" : "AATKit_DisplayIO",
"module_type" : "SwiftTarget",
"name" : "AATKit-DisplayIO",
"path" : "Sources/DisplayIOSources",
"product_memberships" : [
"AATKit-DisplayIO"
],
"sources" : [
"Dummy.swift"
],
"target_dependencies" : [
"AATDisplayIO",
"AATDisplayIOAdapter"
],
"type" : "library"
},
{
"c99name" : "AATKit_Core",
"module_type" : "SwiftTarget",
"name" : "AATKit-Core",
"path" : "Sources/AATKit",
"product_memberships" : [
"AATKit-Core"
],
"sources" : [
"Dummy.swift"
],
"target_dependencies" : [
"AATKit"
],
"type" : "library"
},
{
"c99name" : "AATKit_AppNexus",
"module_type" : "SwiftTarget",
"name" : "AATKit-AppNexus",
"path" : "Sources/AppNexusSources",
"product_memberships" : [
"AATKit-AppNexus",
"AATKit-Default"
],
"sources" : [
"Dummy.swift"
],
"target_dependencies" : [
"AATAppNexusSDKTarget",
"AATOMSDK_Microsoft",
"AATAppNexusAdapter"
],
"type" : "library"
},
{
"c99name" : "AATKit_AppLovin",
"module_type" : "SwiftTarget",
"name" : "AATKit-AppLovin",
"path" : "Sources/AppLovinSources",
"product_dependencies" : [
"AppLovinSDK"
],
"product_memberships" : [
"AATKit-AppLovin",
"AATKit-Default"
],
"sources" : [
"Dummy.swift"
],
"target_dependencies" : [
"AATAppLovinAdapter"
],
"type" : "library"
},
{
"c99name" : "AATKit_AppHarbr",
"module_type" : "SwiftTarget",
"name" : "AATKit-AppHarbr",
"path" : "Sources/AppHarbr",
"product_dependencies" : [
"AppHarbrSDK"
],
"product_memberships" : [
"AATKit-AppHarbr"
],
"sources" : [
"Dummy.swift"
],
"target_dependencies" : [
"AATAppHarbrAdapter"
],
"type" : "library"
},
{
"c99name" : "AATKit_AppConsentCMP",
"module_type" : "SwiftTarget",
"name" : "AATKit-AppConsentCMP",
"path" : "Sources/AppConsentCMP",
"product_memberships" : [
"AATKit-AppConsentCMP"
],
"sources" : [
"Dummy.swift"
],
"target_dependencies" : [
"AATAppConsent",
"AATAppConsentAdapter"
],
"type" : "library"
},
{
"c99name" : "AATKit_Amazon",
"module_type" : "SwiftTarget",
"name" : "AATKit-Amazon",
"path" : "Sources/AmazonSources",
"product_memberships" : [
"AATKit-Amazon"
],
"sources" : [
"Dummy.swift"
],
"target_dependencies" : [
"AATDTBiOSSDK",
"AATAmazonAdapter"
],
"type" : "library"
},
{
"c99name" : "AATKit_AATMetaBiddingAdapter",
"module_type" : "SwiftTarget",
"name" : "AATKit-AATMetaBiddingAdapter",
"path" : "Sources/MetaBidingSources",
"product_memberships" : [
"AATKit-AATMetaBiddingAdapter",
"AATKit-Default"
],
"sources" : [
"Dummy.swift"
],
"target_dependencies" : [
"AATKit",
"AATKit-GraviteRTB",
"AATKit-Facebook",
"AATMetaBiddingAdapter"
],
"type" : "library"
},
{
"c99name" : "AATKit_AATAdMobMediationAdapter",
"module_type" : "SwiftTarget",
"name" : "AATKit-AATAdMobMediationAdapter",
"path" : "Sources/AATAdMobMediationAdapter",
"product_memberships" : [
"AATKit-AATAdMobMediationAdapter"
],
"sources" : [
"Dummy.swift"
],
"target_dependencies" : [
"AATKit-GoogleMobileAds",
"AATKit"
],
"type" : "library"
},
{
"c99name" : "AATKit_AATAdMobDSPAdapter",
"module_type" : "SwiftTarget",
"name" : "AATKit-AATAdMobDSPAdapter",
"path" : "Sources/AATAdMobDSPAdapter",
"product_memberships" : [
"AATKit-AATAdMobDSPAdapter"
],
"sources" : [
"Dummy.swift"
],
"target_dependencies" : [
"AATKit-GoogleMobileAds",
"AATKit",
"AATKit-GraviteRTB",
"AATAdMobDSPAdapter"
],
"type" : "library"
},
{
"c99name" : "AATKit",
"module_type" : "BinaryTarget",
"name" : "AATKit",
"path" : "Dependencies/AATKit/AATKit.xcframework",
"product_memberships" : [
"AATKit-Core",
"AATKit-AATAdMobMediationAdapter",
"AATKit-AATAdMobDSPAdapter",
"AATKit-GooglePartnerBidding",
"AATKit-AATMetaBiddingAdapter",
"AATKit-Default"
],
"sources" : [
],
"type" : "binary"
},
{
"c99name" : "AATKidozAdapter",
"module_type" : "BinaryTarget",
"name" : "AATKidozAdapter",
"path" : "Dependencies/AATKit/Adapters/AATKidozAdapter.xcframework",
"product_memberships" : [
"AATKit-Kidoz"
],
"sources" : [
],
"type" : "binary"
},
{
"c99name" : "AATKidoz",
"module_type" : "BinaryTarget",
"name" : "AATKidoz",
"path" : "Dependencies/Kidoz/KidozSDK.xcframework",
"product_memberships" : [
"AATKit-Kidoz"
],
"sources" : [
],
"type" : "binary"
},
{
"c99name" : "AATIronSourceAdapter",
"module_type" : "BinaryTarget",
"name" : "AATIronSourceAdapter",
"path" : "Dependencies/AATKit/Adapters/AATIronSourceAdapter.xcframework",
"product_memberships" : [
"AATKit-IronSource",
"AATKit-Default"
],
"sources" : [
],
"type" : "binary"
},
{
"c99name" : "AATIronSource",
"module_type" : "BinaryTarget",
"name" : "AATIronSource",
"path" : "Dependencies/IronSource/IronSource.xcframework",
"product_memberships" : [
"AATKit-IronSource",
"AATKit-Default"
],
"sources" : [
],
"type" : "binary"
},
{
"c99name" : "AATInMobiSDK",
"module_type" : "BinaryTarget",
"name" : "AATInMobiSDK",
"path" : "Dependencies/InMobi/InMobiSDK.xcframework",
"product_memberships" : [
"AATKit-InMobi",
"AATKit-Default"
],
"sources" : [
],
"type" : "binary"
},
{
"c99name" : "AATInMobiAdapter",
"module_type" : "BinaryTarget",
"name" : "AATInMobiAdapter",
"path" : "Dependencies/AATKit/Adapters/AATInMobiAdapter.xcframework",
"product_memberships" : [
"AATKit-InMobi",
"AATKit-Default"
],
"sources" : [
],
"type" : "binary"
},
{
"c99name" : "AATHyBid",
"module_type" : "BinaryTarget",
"name" : "AATHyBid",
"path" : "Dependencies/Pubnative/HyBid.xcframework",
"product_memberships" : [
"AATKit-PubNative",
"AATKit-Default"
],
"sources" : [
],
"type" : "binary"
},
{
"c99name" : "AATGraviteRTBAdapter",
"module_type" : "BinaryTarget",
"name" : "AATGraviteRTBAdapter",
"path" : "Dependencies/AATKit/Adapters/AATGraviteRTBAdapter.xcframework",
"product_memberships" : [
"AATKit-AATAdMobDSPAdapter",
"AATKit-GooglePartnerBidding",
"AATKit-GraviteRTB",
"AATKit-AATMetaBiddingAdapter",
"AATKit-Default"
],
"sources" : [
],
"type" : "binary"
},
{
"c99name" : "AATGoogleCMPAdapter",
"module_type" : "BinaryTarget",
"name" : "AATGoogleCMPAdapter",
"path" : "Dependencies/AATKit/Adapters/AATGoogleCMPAdapter.xcframework",
"product_memberships" : [
"AATKit-GoogleCMP"
],
"sources" : [
],
"type" : "binary"
},
{
"c99name" : "AATGoogleAdsAdapter",
"module_type" : "BinaryTarget",
"name" : "AATGoogleAdsAdapter",
"path" : "Dependencies/AATKit/Adapters/AATGoogleAdsAdapter.xcframework",
"product_memberships" : [
"AATKit-AATAdMobMediationAdapter",
"AATKit-AATAdMobDSPAdapter",
"AATKit-GoogleMobileAds",
"AATKit-Default"
],
"sources" : [
],
"type" : "binary"
},
{
"c99name" : "AATFeedAdAdapter",
"module_type" : "BinaryTarget",
"name" : "AATFeedAdAdapter",
"path" : "Dependencies/AATKit/Adapters/AATFeedAdAdapter.xcframework",
"product_memberships" : [
"AATKit-FeedAd"
],
"sources" : [
],
"type" : "binary"
},
{
"c99name" : "AATFeedAd",
"module_type" : "BinaryTarget",
"name" : "AATFeedAd",
"path" : "Dependencies/FeedAd/FeedAd.xcframework",
"product_memberships" : [
"AATKit-FeedAd"
],
"sources" : [
],
"type" : "binary"
},
{
"c99name" : "AATFacebookAdapter",
"module_type" : "BinaryTarget",
"name" : "AATFacebookAdapter",
"path" : "Dependencies/AATKit/Adapters/AATFacebookAdapter.xcframework",
"product_memberships" : [
"AATKit-Facebook",
"AATKit-AATMetaBiddingAdapter",
"AATKit-Default"
],
"sources" : [
],
"type" : "binary"
},
{
"c99name" : "AATFBAudienceNetwork",
"module_type" : "BinaryTarget",
"name" : "AATFBAudienceNetwork",
"path" : "Dependencies/Facebook/FBAudienceNetwork.xcframework",
"product_memberships" : [
"AATKit-Facebook",
"AATKit-AATMetaBiddingAdapter",
"AATKit-Default"
],
"sources" : [
],
"type" : "binary"
},
{
"c99name" : "AATDisplayIOAdapter",
"module_type" : "BinaryTarget",
"name" : "AATDisplayIOAdapter",
"path" : "Dependencies/AATKit/Adapters/AATDisplayIOAdapter.xcframework",
"product_memberships" : [
"AATKit-DisplayIO"
],
"sources" : [
],
"type" : "binary"
},
{
"c99name" : "AATDisplayIO",
"module_type" : "BinaryTarget",
"name" : "AATDisplayIO",
"path" : "Dependencies/DisplayIO/DIOSDK.xcframework",
"product_memberships" : [
"AATKit-DisplayIO"
],
"sources" : [
],
"type" : "binary"
},
{
"c99name" : "AATDTBiOSSDK",
"module_type" : "BinaryTarget",
"name" : "AATDTBiOSSDK",
"path" : "Dependencies/Amazon/DTBiOSSDK.xcframework",
"product_memberships" : [
"AATKit-Amazon"
],
"sources" : [
],
"type" : "binary"
},
{
"c99name" : "AATDFPPrebidAdapter",
"module_type" : "BinaryTarget",
"name" : "AATDFPPrebidAdapter",
"path" : "Dependencies/AATKit/Adapters/AATDFPPrebidAdapter.xcframework",
"product_memberships" : [
"AATKit-Prebid",
"AATKit-Default"
],
"sources" : [
],
"type" : "binary"
},
{
"c99name" : "AATConsentViewController",
"module_type" : "BinaryTarget",
"name" : "AATConsentViewController",
"path" : "Dependencies/SourcePoint/ConsentViewController.xcframework",
"product_memberships" : [
"AATKit-SourcePointCMP"
],
"sources" : [
],
"type" : "binary"
},
{
"c99name" : "AATAppNexusSDKTarget",
"module_type" : "BinaryTarget",
"name" : "AATAppNexusSDKTarget",
"path" : "remote/archive/AppNexusSDKDynamic.zip",
"product_memberships" : [
"AATKit-AppNexus",
"AATKit-Default"
],
"sources" : [
],
"type" : "binary"
},
{
"c99name" : "AATAppNexusAdapter",
"module_type" : "BinaryTarget",
"name" : "AATAppNexusAdapter",
"path" : "Dependencies/AATKit/Adapters/AATAppNexusAdapter.xcframework",
"product_memberships" : [
"AATKit-AppNexus",
"AATAppNexusAdapter",
"AATKit-Default"
],
"sources" : [
],
"type" : "binary"
},
{
"c99name" : "AATAppLovinAdapter",
"module_type" : "BinaryTarget",
"name" : "AATAppLovinAdapter",
"path" : "Dependencies/AATKit/Adapters/AATAppLovinAdapter.xcframework",
"product_memberships" : [
"AATKit-AppLovin",
"AATKit-Default"
],
"sources" : [
],
"type" : "binary"
},
{
"c99name" : "AATAppHarbrAdapter",
"module_type" : "BinaryTarget",
"name" : "AATAppHarbrAdapter",
"path" : "Dependencies/AATKit/Adapters/AATAppHarbrAdapter.xcframework",
"product_memberships" : [
"AATKit-AppHarbr"
],
"sources" : [
],
"type" : "binary"
},
{
"c99name" : "AATAppConsentAdapter",
"module_type" : "BinaryTarget",
"name" : "AATAppConsentAdapter",
"path" : "Dependencies/AATKit/Adapters/AATAppConsentAdapter.xcframework",
"product_memberships" : [
"AATKit-AppConsentCMP"
],
"sources" : [
],
"type" : "binary"
},
{
"c99name" : "AATAppConsent",
"module_type" : "BinaryTarget",
"name" : "AATAppConsent",
"path" : "Dependencies/AppConsentCMP/AppConsent.xcframework",
"product_memberships" : [
"AATKit-AppConsentCMP"
],
"sources" : [
],
"type" : "binary"
},
{
"c99name" : "AATAmazonAdapter",
"module_type" : "BinaryTarget",
"name" : "AATAmazonAdapter",
"path" : "Dependencies/AATKit/Adapters/AATAmazonAdapter.xcframework",
"product_memberships" : [
"AATKit-Amazon",
"AATAmazonAdapter"
],
"sources" : [
],
"type" : "binary"
},
{
"c99name" : "AATAdMobMediationAdapter",
"module_type" : "BinaryTarget",
"name" : "AATAdMobMediationAdapter",
"path" : "Dependencies/AATAdMobMediationAdapter/AATAdMobMediationAdapter.xcframework",
"sources" : [
],
"type" : "binary"
},
{
"c99name" : "AATAdMobDSPAdapter",
"module_type" : "BinaryTarget",
"name" : "AATAdMobDSPAdapter",
"path" : "Dependencies/AATKit/Adapters/AATAdMobDSPAdapter.xcframework",
"product_memberships" : [
"AATKit-AATAdMobDSPAdapter",
"AATKit-GooglePartnerBidding",
"AATKit-Default"
],
"sources" : [
],
"type" : "binary"
},
{
"c99name" : "AATATOM",
"module_type" : "BinaryTarget",
"name" : "AATATOM",
"path" : "Dependencies/Pubnative/ATOM.xcframework",
"product_memberships" : [
"AATKit-PubNative",
"AATKit-Default"
],
"sources" : [
],
"type" : "binary"
}
],
"tools_version" : "5.8"
}
{
"workspace" : {
"name" : "AATKitSPM",
"schemes" : [
"AATAmazonAdapter",
"AATAppNexusAdapter",
"AATKit-AATAdMobDSPAdapter",
"AATKit-AATAdMobMediationAdapter",
"AATKit-AATMetaBiddingAdapter",
"AATKit-Amazon",
"AATKit-AppConsentCMP",
"AATKit-AppHarbr",
"AATKit-AppLovin",
"AATKit-AppNexus",
"AATKit-Core",
"AATKit-Default",
"AATKit-DisplayIO",
"AATKit-Facebook",
"AATKit-FeedAd",
"AATKit-GoogleCMP",
"AATKit-GoogleMobileAds",
"AATKit-GooglePartnerBidding",
"AATKit-GraviteRTB",
"AATKit-InMobi",
"AATKit-IronSource",
"AATKit-Kidoz",
"AATKit-Mintegral",
"AATKit-OguryAds",
"AATKit-Prebid",
"AATKit-PubNative",
"AATKit-SmartAd",
"AATKit-SourcePointCMP",
"AATKit-Tappx",
"AATKit-Teads",
"AATKit-Unity",
"AATKit-UTIQ",
"AATKit-Vungle",
"AATKit-YOC",
"AATKitSPM-M1",
"AATKitSPM-Package"
]
}
}
2026-09-23 08:43:05.297 xcodebuild[1265:7296] [MT] IDERunDestination: Supported platforms for the buildables in the current scheme is empty.
2026-09-23 08:43:05.401 xcodebuild[1265:7296] [MT] IDERunDestination: Supported platforms for the buildables in the current scheme is empty.
Running build ...
env DEVELOPER_DIR=/Applications/Xcode-27.0.0-Release.Candidate.app xcrun xcodebuild -IDEClonedSourcePackagesDirPathOverride=$PWD/.dependencies -skipMacroValidation -skipPackagePluginValidation -derivedDataPath $PWD/.derivedData build -scheme AATKitSPM-Package -destination generic/platform=tvOS
Command line invocation:
/Applications/Xcode-27.0.0-Release.Candidate.app/Contents/Developer/usr/bin/xcodebuild -IDEClonedSourcePackagesDirPathOverride=/Users/admin/builder/spi-builder-workspace/.dependencies -skipMacroValidation -skipPackagePluginValidation -derivedDataPath /Users/admin/builder/spi-builder-workspace/.derivedData build -scheme AATKitSPM-Package -destination generic/platform=tvOS
Resolve Package Graph
Resolved source packages:
GoogleMobileAds: https://github.com/googleads/swift-package-manager-google-mobile-ads.git @ 12.7.0
AATKitSPM: /Users/admin/builder/spi-builder-workspace
GoogleUserMessagingPlatform: https://github.com/googleads/swift-package-manager-google-user-messaging-platform.git @ 3.1.0
RTBSPM: https://github.com/AddApptr/RTBSPM.git @ 1.8.1
AppHarbrSDK: https://github.com/GeoEdgeSDK/AppHarbrSDK.git @ 1.24.1
AppLovinSDK: https://github.com/AppLovin/AppLovin-MAX-Swift-Package.git @ 13.3.1
ComputePackagePrebuildTargetDependencyGraph
Prepare packages
CreateBuildRequest
SendProjectDescription
CreateBuildOperation
ComputeTargetDependencyGraph
note: Building targets in dependency order
note: Target dependency graph (74 targets)
Target 'AATKit-Default-product' in project 'AATKitSPM'
➜ Explicit dependency on target 'AATKit-GoogleMobileAds' in project 'AATKitSPM'
➜ Explicit dependency on target 'AATKit-AppLovin' in project 'AATKitSPM'
➜ Explicit dependency on target 'AATKit-GraviteRTB' in project 'AATKitSPM'
➜ Explicit dependency on target 'AATKit-SmartAd' in project 'AATKitSPM'
➜ Explicit dependency on target 'AATKit-YOC' in project 'AATKitSPM'
➜ Explicit dependency on target 'AATKit-InMobi' in project 'AATKitSPM'
➜ Explicit dependency on target 'AATKit-IronSource' in project 'AATKitSPM'
➜ Explicit dependency on target 'AATKit-OgurySdk' in project 'AATKitSPM'
➜ Explicit dependency on target 'AATKit-PubNative' in project 'AATKitSPM'
➜ Explicit dependency on target 'AATKit-Unity' in project 'AATKitSPM'
➜ Explicit dependency on target 'AATKit-Vungle' in project 'AATKitSPM'
➜ Explicit dependency on target 'AATKit-Mintegral' in project 'AATKitSPM'
➜ Explicit dependency on target 'AATKit-GooglePartnerBidding' in project 'AATKitSPM'
➜ Explicit dependency on target 'AATKit-Tappx' in project 'AATKitSPM'
➜ Explicit dependency on target 'AATKit-Facebook' in project 'AATKitSPM'
➜ Explicit dependency on target 'AATKit-AppNexus' in project 'AATKitSPM'
➜ Explicit dependency on target 'AATKit-Prebid' in project 'AATKitSPM'
➜ Explicit dependency on target 'AATKit-AATMetaBiddingAdapter' in project 'AATKitSPM'
➜ Explicit dependency on target 'GoogleMobileAds-product' in project 'GoogleMobileAds'
➜ Explicit dependency on target 'AppLovinSDK-product' in project 'AppLovinSDK'
➜ Explicit dependency on target 'RTBSPM-product' in project 'RTBSPM'
Target 'AATKit-AppConsentCMP-product' in project 'AATKitSPM'
➜ Explicit dependency on target 'AATKit-AppConsentCMP' in project 'AATKitSPM'
Target 'AATKit-AppConsentCMP' in project 'AATKitSPM' (no dependencies)
Target 'AATKit-SourcePointCMP-product' in project 'AATKitSPM'
➜ Explicit dependency on target 'AATKit-SourcePointCMP' in project 'AATKitSPM'
Target 'AATKit-SourcePointCMP' in project 'AATKitSPM' (no dependencies)
Target 'AATKit-GoogleCMP-product' in project 'AATKitSPM'
➜ Explicit dependency on target 'AATKit-GoogleCMP' in project 'AATKitSPM'
➜ Explicit dependency on target 'GoogleUserMessagingPlatform-product' in project 'GoogleUserMessagingPlatform'
➜ Explicit dependency on target 'GoogleMobileAds-product' in project 'GoogleMobileAds'
Target 'AATKit-GoogleCMP' in project 'AATKitSPM'
➜ Explicit dependency on target 'GoogleUserMessagingPlatform-product' in project 'GoogleUserMessagingPlatform'
➜ Explicit dependency on target 'GoogleMobileAds-product' in project 'GoogleMobileAds'
Target 'AATKit-AATMetaBiddingAdapter-product' in project 'AATKitSPM'
➜ Explicit dependency on target 'AATKit-AATMetaBiddingAdapter' in project 'AATKitSPM'
➜ Explicit dependency on target 'AATKit-GraviteRTB' in project 'AATKitSPM'
➜ Explicit dependency on target 'AATKit-Facebook' in project 'AATKitSPM'
➜ Explicit dependency on target 'RTBSPM-product' in project 'RTBSPM'
➜ Explicit dependency on target 'GoogleMobileAds-product' in project 'GoogleMobileAds'
Target 'AATKit-AATMetaBiddingAdapter' in project 'AATKitSPM'
➜ Explicit dependency on target 'AATKit-GraviteRTB' in project 'AATKitSPM'
➜ Explicit dependency on target 'AATKit-Facebook' in project 'AATKitSPM'
➜ Explicit dependency on target 'RTBSPM-product' in project 'RTBSPM'
➜ Explicit dependency on target 'GoogleMobileAds-product' in project 'GoogleMobileAds'
Target 'AATAmazonAdapter-product' in project 'AATKitSPM' (no dependencies)
Target 'AATAppNexusAdapter-product' in project 'AATKitSPM' (no dependencies)
Target 'AATKit-UTIQ-product' in project 'AATKitSPM'
➜ Explicit dependency on target 'AATKit-UTIQ' in project 'AATKitSPM'
Target 'AATKit-UTIQ' in project 'AATKitSPM' (no dependencies)
Target 'AATKit-DisplayIO-product' in project 'AATKitSPM'
➜ Explicit dependency on target 'AATKit-DisplayIO' in project 'AATKitSPM'
Target 'AATKit-DisplayIO' in project 'AATKitSPM' (no dependencies)
Target 'AATKit-Facebook-product' in project 'AATKitSPM'
➜ Explicit dependency on target 'AATKit-Facebook' in project 'AATKitSPM'
➜ Explicit dependency on target 'GoogleMobileAds-product' in project 'GoogleMobileAds'
Target 'AATKit-Facebook' in project 'AATKitSPM'
➜ Explicit dependency on target 'GoogleMobileAds-product' in project 'GoogleMobileAds'
Target 'AATKit-Mintegral-product' in project 'AATKitSPM'
➜ Explicit dependency on target 'AATKit-Mintegral' in project 'AATKitSPM'
Target 'AATKit-Mintegral' in project 'AATKitSPM' (no dependencies)
Target 'AATKit-OguryAds-product' in project 'AATKitSPM'
➜ Explicit dependency on target 'AATKit-OgurySdk' in project 'AATKitSPM'
Target 'AATKit-OgurySdk' in project 'AATKitSPM' (no dependencies)
Target 'AATKit-Vungle-product' in project 'AATKitSPM'
➜ Explicit dependency on target 'AATKit-Vungle' in project 'AATKitSPM'
Target 'AATKit-Vungle' in project 'AATKitSPM' (no dependencies)
Target 'AATKit-Unity-product' in project 'AATKitSPM'
➜ Explicit dependency on target 'AATKit-Unity' in project 'AATKitSPM'
Target 'AATKit-Unity' in project 'AATKitSPM' (no dependencies)
Target 'AATKit-Teads-product' in project 'AATKitSPM'
➜ Explicit dependency on target 'AATKit-Teads' in project 'AATKitSPM'
Target 'AATKit-Teads' in project 'AATKitSPM' (no dependencies)
Target 'AATKit-Tappx-product' in project 'AATKitSPM'
➜ Explicit dependency on target 'AATKit-Tappx' in project 'AATKitSPM'
Target 'AATKit-Tappx' in project 'AATKitSPM' (no dependencies)
Target 'AATKit-Prebid-product' in project 'AATKitSPM'
➜ Explicit dependency on target 'AATKit-Prebid' in project 'AATKitSPM'
Target 'AATKit-Prebid' in project 'AATKitSPM' (no dependencies)
Target 'AATKit-PubNative-product' in project 'AATKitSPM'
➜ Explicit dependency on target 'AATKit-PubNative' in project 'AATKitSPM'
Target 'AATKit-PubNative' in project 'AATKitSPM' (no dependencies)
Target 'AATKit-Kidoz-product' in project 'AATKitSPM'
➜ Explicit dependency on target 'AATKit-Kidoz' in project 'AATKitSPM'
Target 'AATKit-Kidoz' in project 'AATKitSPM' (no dependencies)
Target 'AATKit-IronSource-product' in project 'AATKitSPM'
➜ Explicit dependency on target 'AATKit-IronSource' in project 'AATKitSPM'
Target 'AATKit-IronSource' in project 'AATKitSPM' (no dependencies)
Target 'AATKit-InMobi-product' in project 'AATKitSPM'
➜ Explicit dependency on target 'AATKit-InMobi' in project 'AATKitSPM'
Target 'AATKit-InMobi' in project 'AATKitSPM' (no dependencies)
Target 'AATKit-YOC-product' in project 'AATKitSPM'
➜ Explicit dependency on target 'AATKit-YOC' in project 'AATKitSPM'
Target 'AATKit-YOC' in project 'AATKitSPM' (no dependencies)
Target 'AATKit-SmartAd-product' in project 'AATKitSPM'
➜ Explicit dependency on target 'AATKit-SmartAd' in project 'AATKitSPM'
Target 'AATKit-SmartAd' in project 'AATKitSPM' (no dependencies)
Target 'AATKit-GraviteRTB-product' in project 'AATKitSPM'
➜ Explicit dependency on target 'AATKit-GraviteRTB' in project 'AATKitSPM'
➜ Explicit dependency on target 'RTBSPM-product' in project 'RTBSPM'
Target 'AATKit-FeedAd-product' in project 'AATKitSPM'
➜ Explicit dependency on target 'AATKit-FeedAd' in project 'AATKitSPM'
Target 'AATKit-FeedAd' in project 'AATKitSPM' (no dependencies)
Target 'AATKit-Amazon-product' in project 'AATKitSPM'
➜ Explicit dependency on target 'AATKit-Amazon' in project 'AATKitSPM'
Target 'AATKit-Amazon' in project 'AATKitSPM' (no dependencies)
Target 'AATKit-AppHarbr-product' in project 'AATKitSPM'
➜ Explicit dependency on target 'AATKit-AppHarbr' in project 'AATKitSPM'
➜ Explicit dependency on target 'AppHarbrSDK-product' in project 'AppHarbrSDK'
Target 'AATKit-AppHarbr' in project 'AATKitSPM'
➜ Explicit dependency on target 'AppHarbrSDK-product' in project 'AppHarbrSDK'
Target 'AppHarbrSDK-product' in project 'AppHarbrSDK' (no dependencies)
Target 'AATKit-AppNexus-product' in project 'AATKitSPM'
➜ Explicit dependency on target 'AATKit-AppNexus' in project 'AATKitSPM'
Target 'AATKit-AppNexus' in project 'AATKitSPM' (no dependencies)
Target 'AATKit-AppLovin-product' in project 'AATKitSPM'
➜ Explicit dependency on target 'AATKit-AppLovin' in project 'AATKitSPM'
➜ Explicit dependency on target 'AppLovinSDK-product' in project 'AppLovinSDK'
Target 'AATKit-AppLovin' in project 'AATKitSPM'
➜ Explicit dependency on target 'AppLovinSDK-product' in project 'AppLovinSDK'
Target 'AppLovinSDK-product' in project 'AppLovinSDK'
➜ Explicit dependency on target 'AppLovinSDKResources' in project 'AppLovinSDK'
Target 'AppLovinSDKResources' in project 'AppLovinSDK' (no dependencies)
Target 'AATKit-GoogleMobileAds-product' in project 'AATKitSPM'
➜ Explicit dependency on target 'AATKit-GoogleMobileAds' in project 'AATKitSPM'
➜ Explicit dependency on target 'GoogleMobileAds-product' in project 'GoogleMobileAds'
Target 'AATKit-GooglePartnerBidding-product' in project 'AATKitSPM'
➜ Explicit dependency on target 'AATKit-GooglePartnerBidding' in project 'AATKitSPM'
➜ Explicit dependency on target 'AATKit-GraviteRTB' in project 'AATKitSPM'
➜ Explicit dependency on target 'RTBSPM-product' in project 'RTBSPM'
➜ Explicit dependency on target 'GoogleMobileAds-product' in project 'GoogleMobileAds'
Target 'AATKit-GooglePartnerBidding' in project 'AATKitSPM'
➜ Explicit dependency on target 'AATKit-GraviteRTB' in project 'AATKitSPM'
➜ Explicit dependency on target 'RTBSPM-product' in project 'RTBSPM'
➜ Explicit dependency on target 'GoogleMobileAds-product' in project 'GoogleMobileAds'
Target 'AATKit-AATAdMobDSPAdapter-product' in project 'AATKitSPM'
➜ Explicit dependency on target 'AATKit-AATAdMobDSPAdapter' in project 'AATKitSPM'
➜ Explicit dependency on target 'AATKit-GoogleMobileAds' in project 'AATKitSPM'
➜ Explicit dependency on target 'AATKit-GraviteRTB' in project 'AATKitSPM'
➜ Explicit dependency on target 'GoogleMobileAds-product' in project 'GoogleMobileAds'
➜ Explicit dependency on target 'RTBSPM-product' in project 'RTBSPM'
Target 'AATKit-AATAdMobDSPAdapter' in project 'AATKitSPM'
➜ Explicit dependency on target 'AATKit-GoogleMobileAds' in project 'AATKitSPM'
➜ Explicit dependency on target 'AATKit-GraviteRTB' in project 'AATKitSPM'
➜ Explicit dependency on target 'GoogleMobileAds-product' in project 'GoogleMobileAds'
➜ Explicit dependency on target 'RTBSPM-product' in project 'RTBSPM'
Target 'AATKit-GraviteRTB' in project 'AATKitSPM'
➜ Explicit dependency on target 'RTBSPM-product' in project 'RTBSPM'
Target 'RTBSPM-product' in project 'RTBSPM'
➜ Explicit dependency on target 'RTBOMSDK' in project 'RTBSPM'
Target 'RTBOMSDK' in project 'RTBSPM' (no dependencies)
Target 'AATKit-AATAdMobMediationAdapter-product' in project 'AATKitSPM'
➜ Explicit dependency on target 'AATKit-AATAdMobMediationAdapter' in project 'AATKitSPM'
➜ Explicit dependency on target 'AATKit-GoogleMobileAds' in project 'AATKitSPM'
➜ Explicit dependency on target 'GoogleMobileAds-product' in project 'GoogleMobileAds'
Target 'AATKit-AATAdMobMediationAdapter' in project 'AATKitSPM'
➜ Explicit dependency on target 'AATKit-GoogleMobileAds' in project 'AATKitSPM'
➜ Explicit dependency on target 'GoogleMobileAds-product' in project 'GoogleMobileAds'
Target 'AATKit-GoogleMobileAds' in project 'AATKitSPM'
➜ Explicit dependency on target 'GoogleMobileAds-product' in project 'GoogleMobileAds'
Target 'GoogleMobileAds-product' in project 'GoogleMobileAds'
➜ Explicit dependency on target 'GoogleMobileAdsTarget' in project 'GoogleMobileAds'
➜ Explicit dependency on target 'GoogleUserMessagingPlatform-product' in project 'GoogleUserMessagingPlatform'
Target 'GoogleMobileAdsTarget' in project 'GoogleMobileAds'
➜ Explicit dependency on target 'GoogleUserMessagingPlatform-product' in project 'GoogleUserMessagingPlatform'
Target 'GoogleUserMessagingPlatform-product' in project 'GoogleUserMessagingPlatform'
➜ Explicit dependency on target 'UserMessagingPlatformTarget' in project 'GoogleUserMessagingPlatform'
Target 'UserMessagingPlatformTarget' in project 'GoogleUserMessagingPlatform' (no dependencies)
Target 'AATKit-Core-product' in project 'AATKitSPM'
➜ Explicit dependency on target 'AATKit-Core' in project 'AATKitSPM'
Target 'AATKit-Core' in project 'AATKitSPM' (no dependencies)
GatherProvisioningInputs
CreateBuildDescription
/Users/admin/builder/spi-builder-workspace/Dependencies/AATKit/Adapters/AATSourcePointCMPAdapter.xcframework:1:1: error: While building for tvOS, no library for this platform was found in '/Users/admin/builder/spi-builder-workspace/Dependencies/AATKit/Adapters/AATSourcePointCMPAdapter.xcframework'. (in target 'AATKit-SourcePointCMP-product' from project 'AATKitSPM')
/Users/admin/builder/spi-builder-workspace/Dependencies/AATKit/Adapters/AATUnityAdapter.xcframework:1:1: error: While building for tvOS, no library for this platform was found in '/Users/admin/builder/spi-builder-workspace/Dependencies/AATKit/Adapters/AATUnityAdapter.xcframework'. (in target 'AATKit-Unity-product' from project 'AATKitSPM')
/Users/admin/builder/spi-builder-workspace/Dependencies/Unity/UnityAds.xcframework:1:1: error: While building for tvOS, no library for this platform was found in '/Users/admin/builder/spi-builder-workspace/Dependencies/Unity/UnityAds.xcframework'. (in target 'AATKit-Unity-product' from project 'AATKitSPM')
/Users/admin/builder/spi-builder-workspace/Dependencies/AATKit/Adapters/AATSmartAdAdapter.xcframework:1:1: error: While building for tvOS, no library for this platform was found in '/Users/admin/builder/spi-builder-workspace/Dependencies/AATKit/Adapters/AATSmartAdAdapter.xcframework'. (in target 'AATKit-SmartAd-product' from project 'AATKitSPM')
/Users/admin/builder/spi-builder-workspace/Dependencies/SmartAd/SASDisplayKit.xcframework:1:1: error: While building for tvOS, no library for this platform was found in '/Users/admin/builder/spi-builder-workspace/Dependencies/SmartAd/SASDisplayKit.xcframework'. (in target 'AATKit-SmartAd-product' from project 'AATKitSPM')
/Users/admin/builder/spi-builder-workspace/.dependencies/artifacts/applovin-max-swift-package/AppLovinSDK/AppLovinSDK.xcframework:1:1: error: While building for tvOS, no library for this platform was found in '/Users/admin/builder/spi-builder-workspace/.dependencies/artifacts/applovin-max-swift-package/AppLovinSDK/AppLovinSDK.xcframework'. (in target 'AppLovinSDKResources' from project 'AppLovinSDK')
/Users/admin/builder/spi-builder-workspace/Dependencies/AATKit/Adapters/AATOguryAdapter.xcframework:1:1: error: While building for tvOS, no library for this platform was found in '/Users/admin/builder/spi-builder-workspace/Dependencies/AATKit/Adapters/AATOguryAdapter.xcframework'. (in target 'AATKit-OguryAds-product' from project 'AATKitSPM')
/Users/admin/builder/spi-builder-workspace/Dependencies/Ogury/OguryAds.xcframework:1:1: error: While building for tvOS, no library for this platform was found in '/Users/admin/builder/spi-builder-workspace/Dependencies/Ogury/OguryAds.xcframework'. (in target 'AATKit-OguryAds-product' from project 'AATKitSPM')
/Users/admin/builder/spi-builder-workspace/Dependencies/Ogury/OguryCore.xcframework:1:1: error: While building for tvOS, no library for this platform was found in '/Users/admin/builder/spi-builder-workspace/Dependencies/Ogury/OguryCore.xcframework'. (in target 'AATKit-OguryAds-product' from project 'AATKitSPM')
/Users/admin/builder/spi-builder-workspace/Dependencies/Ogury/OgurySdk.xcframework:1:1: error: While building for tvOS, no library for this platform was found in '/Users/admin/builder/spi-builder-workspace/Dependencies/Ogury/OgurySdk.xcframework'. (in target 'AATKit-OguryAds-product' from project 'AATKitSPM')
/Users/admin/builder/spi-builder-workspace/.dependencies/artifacts/swift-package-manager-google-mobile-ads/GoogleMobileAds/GoogleMobileAds.xcframework:1:1: error: While building for tvOS, no library for this platform was found in '/Users/admin/builder/spi-builder-workspace/.dependencies/artifacts/swift-package-manager-google-mobile-ads/GoogleMobileAds/GoogleMobileAds.xcframework'. (in target 'AATKit-AATAdMobDSPAdapter-product' from project 'AATKitSPM')
/Users/admin/builder/spi-builder-workspace/.dependencies/artifacts/swift-package-manager-google-user-messaging-platform/UserMessagingPlatform/UserMessagingPlatform.xcframework:1:1: error: While building for tvOS, no library for this platform was found in '/Users/admin/builder/spi-builder-workspace/.dependencies/artifacts/swift-package-manager-google-user-messaging-platform/UserMessagingPlatform/UserMessagingPlatform.xcframework'. (in target 'AATKit-AATAdMobDSPAdapter-product' from project 'AATKitSPM')
/Users/admin/builder/spi-builder-workspace/.dependencies/checkouts/RTBSPM/Dependencies/RTBSDK/RTBSDK.xcframework:1:1: error: While building for tvOS, no library for this platform was found in '/Users/admin/builder/spi-builder-workspace/.dependencies/checkouts/RTBSPM/Dependencies/RTBSDK/RTBSDK.xcframework'. (in target 'AATKit-AATAdMobDSPAdapter-product' from project 'AATKitSPM')
/Users/admin/builder/spi-builder-workspace/.dependencies/checkouts/RTBSPM/Dependencies/RTBSDK/RTBSDK.xcframework:1:1: error: While building for tvOS, no library for this platform was found in '/Users/admin/builder/spi-builder-workspace/.dependencies/checkouts/RTBSPM/Dependencies/RTBSDK/RTBSDK.xcframework'. (in target 'AATKit-AATAdMobDSPAdapter-product' from project 'AATKitSPM')
/Users/admin/builder/spi-builder-workspace/Dependencies/AATKit/AATKit.xcframework:1:1: error: While building for tvOS, no library for this platform was found in '/Users/admin/builder/spi-builder-workspace/Dependencies/AATKit/AATKit.xcframework'. (in target 'AATKit-AATAdMobDSPAdapter-product' from project 'AATKitSPM')
/Users/admin/builder/spi-builder-workspace/Dependencies/AATKit/Adapters/AATAdMobDSPAdapter.xcframework:1:1: error: While building for tvOS, no library for this platform was found in '/Users/admin/builder/spi-builder-workspace/Dependencies/AATKit/Adapters/AATAdMobDSPAdapter.xcframework'. (in target 'AATKit-AATAdMobDSPAdapter-product' from project 'AATKitSPM')
/Users/admin/builder/spi-builder-workspace/Dependencies/AATKit/Adapters/AATGoogleAdsAdapter.xcframework:1:1: error: While building for tvOS, no library for this platform was found in '/Users/admin/builder/spi-builder-workspace/Dependencies/AATKit/Adapters/AATGoogleAdsAdapter.xcframework'. (in target 'AATKit-AATAdMobDSPAdapter-product' from project 'AATKitSPM')
/Users/admin/builder/spi-builder-workspace/Dependencies/AATKit/Adapters/AATGraviteRTBAdapter.xcframework:1:1: error: While building for tvOS, no library for this platform was found in '/Users/admin/builder/spi-builder-workspace/Dependencies/AATKit/Adapters/AATGraviteRTBAdapter.xcframework'. (in target 'AATKit-AATAdMobDSPAdapter-product' from project 'AATKitSPM')
/Users/admin/builder/spi-builder-workspace/Dependencies/AATKit/Adapters/AATPubNativeAdapter.xcframework:1:1: error: While building for tvOS, no library for this platform was found in '/Users/admin/builder/spi-builder-workspace/Dependencies/AATKit/Adapters/AATPubNativeAdapter.xcframework'. (in target 'AATKit-PubNative-product' from project 'AATKitSPM')
/Users/admin/builder/spi-builder-workspace/Dependencies/Pubnative/ATOM.xcframework:1:1: error: While building for tvOS, no library for this platform was found in '/Users/admin/builder/spi-builder-workspace/Dependencies/Pubnative/ATOM.xcframework'. (in target 'AATKit-PubNative-product' from project 'AATKitSPM')
/Users/admin/builder/spi-builder-workspace/Dependencies/Pubnative/HyBid.xcframework:1:1: error: While building for tvOS, no library for this platform was found in '/Users/admin/builder/spi-builder-workspace/Dependencies/Pubnative/HyBid.xcframework'. (in target 'AATKit-PubNative-product' from project 'AATKitSPM')
/Users/admin/builder/spi-builder-workspace/.dependencies/artifacts/swift-package-manager-google-mobile-ads/GoogleMobileAds/GoogleMobileAds.xcframework:1:1: error: While building for tvOS, no library for this platform was found in '/Users/admin/builder/spi-builder-workspace/.dependencies/artifacts/swift-package-manager-google-mobile-ads/GoogleMobileAds/GoogleMobileAds.xcframework'. (in target 'GoogleMobileAds-product' from project 'GoogleMobileAds')
/Users/admin/builder/spi-builder-workspace/.dependencies/artifacts/swift-package-manager-google-user-messaging-platform/UserMessagingPlatform/UserMessagingPlatform.xcframework:1:1: error: While building for tvOS, no library for this platform was found in '/Users/admin/builder/spi-builder-workspace/.dependencies/artifacts/swift-package-manager-google-user-messaging-platform/UserMessagingPlatform/UserMessagingPlatform.xcframework'. (in target 'GoogleMobileAds-product' from project 'GoogleMobileAds')
/Users/admin/builder/spi-builder-workspace/Dependencies/AATKit/Adapters/AATSmartAdAdapter.xcframework:1:1: error: While building for tvOS, no library for this platform was found in '/Users/admin/builder/spi-builder-workspace/Dependencies/AATKit/Adapters/AATSmartAdAdapter.xcframework'. (in target 'AATKit-SmartAd' from project 'AATKitSPM')
/Users/admin/builder/spi-builder-workspace/Dependencies/SmartAd/SASDisplayKit.xcframework:1:1: error: While building for tvOS, no library for this platform was found in '/Users/admin/builder/spi-builder-workspace/Dependencies/SmartAd/SASDisplayKit.xcframework'. (in target 'AATKit-SmartAd' from project 'AATKitSPM')
/Users/admin/builder/spi-builder-workspace/Dependencies/AATKit/Adapters/AATInMobiAdapter.xcframework:1:1: error: While building for tvOS, no library for this platform was found in '/Users/admin/builder/spi-builder-workspace/Dependencies/AATKit/Adapters/AATInMobiAdapter.xcframework'. (in target 'AATKit-InMobi' from project 'AATKitSPM')
/Users/admin/builder/spi-builder-workspace/Dependencies/InMobi/InMobiSDK.xcframework:1:1: error: While building for tvOS, no library for this platform was found in '/Users/admin/builder/spi-builder-workspace/Dependencies/InMobi/InMobiSDK.xcframework'. (in target 'AATKit-InMobi' from project 'AATKitSPM')
/Users/admin/builder/spi-builder-workspace/.dependencies/artifacts/appharbrsdk/AppHarbrSDK/AppHarbrSDK.xcframework:1:1: error: While building for tvOS, no library for this platform was found in '/Users/admin/builder/spi-builder-workspace/.dependencies/artifacts/appharbrsdk/AppHarbrSDK/AppHarbrSDK.xcframework'. (in target 'AATKit-AppHarbr' from project 'AATKitSPM')
/Users/admin/builder/spi-builder-workspace/Dependencies/AATKit/Adapters/AATAppHarbrAdapter.xcframework:1:1: error: While building for tvOS, no library for this platform was found in '/Users/admin/builder/spi-builder-workspace/Dependencies/AATKit/Adapters/AATAppHarbrAdapter.xcframework'. (in target 'AATKit-AppHarbr' from project 'AATKitSPM')
/Users/admin/builder/spi-builder-workspace/.dependencies/artifacts/swift-package-manager-google-mobile-ads/GoogleMobileAds/GoogleMobileAds.xcframework:1:1: error: While building for tvOS, no library for this platform was found in '/Users/admin/builder/spi-builder-workspace/.dependencies/artifacts/swift-package-manager-google-mobile-ads/GoogleMobileAds/GoogleMobileAds.xcframework'. (in target 'GoogleMobileAdsTarget' from project 'GoogleMobileAds')
/Users/admin/builder/spi-builder-workspace/.dependencies/checkouts/RTBSPM/Dependencies/RTBSDK/RTBSDK.xcframework:1:1: error: While building for tvOS, no library for this platform was found in '/Users/admin/builder/spi-builder-workspace/.dependencies/checkouts/RTBSPM/Dependencies/RTBSDK/RTBSDK.xcframework'. (in target 'AATKit-GraviteRTB-product' from project 'AATKitSPM')
/Users/admin/builder/spi-builder-workspace/.dependencies/checkouts/RTBSPM/Dependencies/RTBSDK/RTBSDK.xcframework:1:1: error: While building for tvOS, no library for this platform was found in '/Users/admin/builder/spi-builder-workspace/.dependencies/checkouts/RTBSPM/Dependencies/RTBSDK/RTBSDK.xcframework'. (in target 'AATKit-GraviteRTB-product' from project 'AATKitSPM')
/Users/admin/builder/spi-builder-workspace/Dependencies/AATKit/Adapters/AATGraviteRTBAdapter.xcframework:1:1: error: While building for tvOS, no library for this platform was found in '/Users/admin/builder/spi-builder-workspace/Dependencies/AATKit/Adapters/AATGraviteRTBAdapter.xcframework'. (in target 'AATKit-GraviteRTB-product' from project 'AATKitSPM')
/Users/admin/builder/spi-builder-workspace/.dependencies/artifacts/swift-package-manager-google-mobile-ads/GoogleMobileAds/GoogleMobileAds.xcframework:1:1: error: While building for tvOS, no library for this platform was found in '/Users/admin/builder/spi-builder-workspace/.dependencies/artifacts/swift-package-manager-google-mobile-ads/GoogleMobileAds/GoogleMobileAds.xcframework'. (in target 'AATKit-AATAdMobMediationAdapter-product' from project 'AATKitSPM')
/Users/admin/builder/spi-builder-workspace/.dependencies/artifacts/swift-package-manager-google-user-messaging-platform/UserMessagingPlatform/UserMessagingPlatform.xcframework:1:1: error: While building for tvOS, no library for this platform was found in '/Users/admin/builder/spi-builder-workspace/.dependencies/artifacts/swift-package-manager-google-user-messaging-platform/UserMessagingPlatform/UserMessagingPlatform.xcframework'. (in target 'AATKit-AATAdMobMediationAdapter-product' from project 'AATKitSPM')
/Users/admin/builder/spi-builder-workspace/Dependencies/AATKit/AATKit.xcframework:1:1: error: While building for tvOS, no library for this platform was found in '/Users/admin/builder/spi-builder-workspace/Dependencies/AATKit/AATKit.xcframework'. (in target 'AATKit-AATAdMobMediationAdapter-product' from project 'AATKitSPM')
/Users/admin/builder/spi-builder-workspace/Dependencies/AATKit/Adapters/AATGoogleAdsAdapter.xcframework:1:1: error: While building for tvOS, no library for this platform was found in '/Users/admin/builder/spi-builder-workspace/Dependencies/AATKit/Adapters/AATGoogleAdsAdapter.xcframework'. (in target 'AATKit-AATAdMobMediationAdapter-product' from project 'AATKitSPM')
/Users/admin/builder/spi-builder-workspace/.dependencies/artifacts/spi-builder-workspace/AATAppNexusSDKTarget/AppNexusSDKDynamic.xcframework:1:1: error: While building for tvOS, no library for this platform was found in '/Users/admin/builder/spi-builder-workspace/.dependencies/artifacts/spi-builder-workspace/AATAppNexusSDKTarget/AppNexusSDKDynamic.xcframework'. (in target 'AATKit-AppNexus' from project 'AATKitSPM')
/Users/admin/builder/spi-builder-workspace/Dependencies/AATKit/Adapters/AATAppNexusAdapter.xcframework:1:1: error: While building for tvOS, no library for this platform was found in '/Users/admin/builder/spi-builder-workspace/Dependencies/AATKit/Adapters/AATAppNexusAdapter.xcframework'. (in target 'AATKit-AppNexus' from project 'AATKitSPM')
/Users/admin/builder/spi-builder-workspace/Dependencies/AATKit/Adapters/AATVungleAdapter.xcframework:1:1: error: While building for tvOS, no library for this platform was found in '/Users/admin/builder/spi-builder-workspace/Dependencies/AATKit/Adapters/AATVungleAdapter.xcframework'. (in target 'AATKit-Vungle' from project 'AATKitSPM')
/Users/admin/builder/spi-builder-workspace/Dependencies/Vungle/VungleAdsSDK.xcframework:1:1: error: While building for tvOS, no library for this platform was found in '/Users/admin/builder/spi-builder-workspace/Dependencies/Vungle/VungleAdsSDK.xcframework'. (in target 'AATKit-Vungle' from project 'AATKitSPM')
/Users/admin/builder/spi-builder-workspace/.dependencies/artifacts/swift-package-manager-google-mobile-ads/GoogleMobileAds/GoogleMobileAds.xcframework:1:1: error: While building for tvOS, no library for this platform was found in '/Users/admin/builder/spi-builder-workspace/.dependencies/artifacts/swift-package-manager-google-mobile-ads/GoogleMobileAds/GoogleMobileAds.xcframework'. (in target 'AATKit-GoogleMobileAds-product' from project 'AATKitSPM')
/Users/admin/builder/spi-builder-workspace/.dependencies/artifacts/swift-package-manager-google-user-messaging-platform/UserMessagingPlatform/UserMessagingPlatform.xcframework:1:1: error: While building for tvOS, no library for this platform was found in '/Users/admin/builder/spi-builder-workspace/.dependencies/artifacts/swift-package-manager-google-user-messaging-platform/UserMessagingPlatform/UserMessagingPlatform.xcframework'. (in target 'AATKit-GoogleMobileAds-product' from project 'AATKitSPM')
/Users/admin/builder/spi-builder-workspace/Dependencies/AATKit/Adapters/AATGoogleAdsAdapter.xcframework:1:1: error: While building for tvOS, no library for this platform was found in '/Users/admin/builder/spi-builder-workspace/Dependencies/AATKit/Adapters/AATGoogleAdsAdapter.xcframework'. (in target 'AATKit-GoogleMobileAds-product' from project 'AATKitSPM')
/Users/admin/builder/spi-builder-workspace/Dependencies/AATKit/Adapters/AATTappxAdapter.xcframework:1:1: error: While building for tvOS, no library for this platform was found in '/Users/admin/builder/spi-builder-workspace/Dependencies/AATKit/Adapters/AATTappxAdapter.xcframework'. (in target 'AATKit-Tappx-product' from project 'AATKitSPM')
/Users/admin/builder/spi-builder-workspace/Dependencies/Tappx/TappxFramework.xcframework:1:1: error: While building for tvOS, no library for this platform was found in '/Users/admin/builder/spi-builder-workspace/Dependencies/Tappx/TappxFramework.xcframework'. (in target 'AATKit-Tappx-product' from project 'AATKitSPM')
/Users/admin/builder/spi-builder-workspace/Dependencies/AATKit/Adapters/AATTeadsAdapter.xcframework:1:1: error: While building for tvOS, no library for this platform was found in '/Users/admin/builder/spi-builder-workspace/Dependencies/AATKit/Adapters/AATTeadsAdapter.xcframework'. (in target 'AATKit-Teads-product' from project 'AATKitSPM')
/Users/admin/builder/spi-builder-workspace/Dependencies/TeadsSDK/TeadsSDK.xcframework:1:1: error: While building for tvOS, no library for this platform was found in '/Users/admin/builder/spi-builder-workspace/Dependencies/TeadsSDK/TeadsSDK.xcframework'. (in target 'AATKit-Teads-product' from project 'AATKitSPM')
/Users/admin/builder/spi-builder-workspace/.dependencies/artifacts/swift-package-manager-google-mobile-ads/GoogleMobileAds/GoogleMobileAds.xcframework:1:1: error: While building for tvOS, no library for this platform was found in '/Users/admin/builder/spi-builder-workspace/.dependencies/artifacts/swift-package-manager-google-mobile-ads/GoogleMobileAds/GoogleMobileAds.xcframework'. (in target 'AATKit-AATMetaBiddingAdapter-product' from project 'AATKitSPM')
/Users/admin/builder/spi-builder-workspace/.dependencies/artifacts/swift-package-manager-google-user-messaging-platform/UserMessagingPlatform/UserMessagingPlatform.xcframework:1:1: error: While building for tvOS, no library for this platform was found in '/Users/admin/builder/spi-builder-workspace/.dependencies/artifacts/swift-package-manager-google-user-messaging-platform/UserMessagingPlatform/UserMessagingPlatform.xcframework'. (in target 'AATKit-AATMetaBiddingAdapter-product' from project 'AATKitSPM')
/Users/admin/builder/spi-builder-workspace/.dependencies/checkouts/RTBSPM/Dependencies/RTBSDK/RTBSDK.xcframework:1:1: error: While building for tvOS, no library for this platform was found in '/Users/admin/builder/spi-builder-workspace/.dependencies/checkouts/RTBSPM/Dependencies/RTBSDK/RTBSDK.xcframework'. (in target 'AATKit-AATMetaBiddingAdapter-product' from project 'AATKitSPM')
/Users/admin/builder/spi-builder-workspace/.dependencies/checkouts/RTBSPM/Dependencies/RTBSDK/RTBSDK.xcframework:1:1: error: While building for tvOS, no library for this platform was found in '/Users/admin/builder/spi-builder-workspace/.dependencies/checkouts/RTBSPM/Dependencies/RTBSDK/RTBSDK.xcframework'. (in target 'AATKit-AATMetaBiddingAdapter-product' from project 'AATKitSPM')
/Users/admin/builder/spi-builder-workspace/Dependencies/AATKit/AATKit.xcframework:1:1: error: While building for tvOS, no library for this platform was found in '/Users/admin/builder/spi-builder-workspace/Dependencies/AATKit/AATKit.xcframework'. (in target 'AATKit-AATMetaBiddingAdapter-product' from project 'AATKitSPM')
/Users/admin/builder/spi-builder-workspace/Dependencies/AATKit/Adapters/AATFacebookAdapter.xcframework:1:1: error: While building for tvOS, no library for this platform was found in '/Users/admin/builder/spi-builder-workspace/Dependencies/AATKit/Adapters/AATFacebookAdapter.xcframework'. (in target 'AATKit-AATMetaBiddingAdapter-product' from project 'AATKitSPM')
/Users/admin/builder/spi-builder-workspace/Dependencies/AATKit/Adapters/AATGraviteRTBAdapter.xcframework:1:1: error: While building for tvOS, no library for this platform was found in '/Users/admin/builder/spi-builder-workspace/Dependencies/AATKit/Adapters/AATGraviteRTBAdapter.xcframework'. (in target 'AATKit-AATMetaBiddingAdapter-product' from project 'AATKitSPM')
/Users/admin/builder/spi-builder-workspace/Dependencies/AATKit/Adapters/AATMetaBiddingAdapter.xcframework:1:1: error: While building for tvOS, no library for this platform was found in '/Users/admin/builder/spi-builder-workspace/Dependencies/AATKit/Adapters/AATMetaBiddingAdapter.xcframework'. (in target 'AATKit-AATMetaBiddingAdapter-product' from project 'AATKitSPM')
/Users/admin/builder/spi-builder-workspace/Dependencies/Facebook/FBAudienceNetwork.xcframework:1:1: error: While building for tvOS, no library for this platform was found in '/Users/admin/builder/spi-builder-workspace/Dependencies/Facebook/FBAudienceNetwork.xcframework'. (in target 'AATKit-AATMetaBiddingAdapter-product' from project 'AATKitSPM')
/Users/admin/builder/spi-builder-workspace/Dependencies/Facebook/MetaAdapter.xcframework:1:1: error: While building for tvOS, no library for this platform was found in '/Users/admin/builder/spi-builder-workspace/Dependencies/Facebook/MetaAdapter.xcframework'. (in target 'AATKit-AATMetaBiddingAdapter-product' from project 'AATKitSPM')
/Users/admin/builder/spi-builder-workspace/.dependencies/artifacts/spi-builder-workspace/AATAppNexusSDKTarget/AppNexusSDKDynamic.xcframework:1:1: error: While building for tvOS, no library for this platform was found in '/Users/admin/builder/spi-builder-workspace/.dependencies/artifacts/spi-builder-workspace/AATAppNexusSDKTarget/AppNexusSDKDynamic.xcframework'. (in target 'AATKit-AppNexus-product' from project 'AATKitSPM')
/Users/admin/builder/spi-builder-workspace/Dependencies/AATKit/Adapters/AATAppNexusAdapter.xcframework:1:1: error: While building for tvOS, no library for this platform was found in '/Users/admin/builder/spi-builder-workspace/Dependencies/AATKit/Adapters/AATAppNexusAdapter.xcframework'. (in target 'AATKit-AppNexus-product' from project 'AATKitSPM')
/Users/admin/builder/spi-builder-workspace/Dependencies/AATKit/Adapters/AATTappxAdapter.xcframework:1:1: error: While building for tvOS, no library for this platform was found in '/Users/admin/builder/spi-builder-workspace/Dependencies/AATKit/Adapters/AATTappxAdapter.xcframework'. (in target 'AATKit-Tappx' from project 'AATKitSPM')
/Users/admin/builder/spi-builder-workspace/Dependencies/Tappx/TappxFramework.xcframework:1:1: error: While building for tvOS, no library for this platform was found in '/Users/admin/builder/spi-builder-workspace/Dependencies/Tappx/TappxFramework.xcframework'. (in target 'AATKit-Tappx' from project 'AATKitSPM')
/Users/admin/builder/spi-builder-workspace/Dependencies/AATKit/Adapters/AATIronSourceAdapter.xcframework:1:1: error: While building for tvOS, no library for this platform was found in '/Users/admin/builder/spi-builder-workspace/Dependencies/AATKit/Adapters/AATIronSourceAdapter.xcframework'. (in target 'AATKit-IronSource-product' from project 'AATKitSPM')
/Users/admin/builder/spi-builder-workspace/Dependencies/IronSource/IronSource.xcframework:1:1: error: While building for tvOS, no library for this platform was found in '/Users/admin/builder/spi-builder-workspace/Dependencies/IronSource/IronSource.xcframework'. (in target 'AATKit-IronSource-product' from project 'AATKitSPM')
/Users/admin/builder/spi-builder-workspace/Dependencies/AATKit/Adapters/AATUnityAdapter.xcframework:1:1: error: While building for tvOS, no library for this platform was found in '/Users/admin/builder/spi-builder-workspace/Dependencies/AATKit/Adapters/AATUnityAdapter.xcframework'. (in target 'AATKit-Unity' from project 'AATKitSPM')
/Users/admin/builder/spi-builder-workspace/Dependencies/Unity/UnityAds.xcframework:1:1: error: While building for tvOS, no library for this platform was found in '/Users/admin/builder/spi-builder-workspace/Dependencies/Unity/UnityAds.xcframework'. (in target 'AATKit-Unity' from project 'AATKitSPM')
/Users/admin/builder/spi-builder-workspace/.dependencies/artifacts/appharbrsdk/AppHarbrSDK/AppHarbrSDK.xcframework:1:1: error: While building for tvOS, no library for this platform was found in '/Users/admin/builder/spi-builder-workspace/.dependencies/artifacts/appharbrsdk/AppHarbrSDK/AppHarbrSDK.xcframework'. (in target 'AATKit-AppHarbr-product' from project 'AATKitSPM')
/Users/admin/builder/spi-builder-workspace/.dependencies/artifacts/appharbrsdk/AppHarbrSDK/AppHarbrSDK.xcframework:1:1: error: While building for tvOS, no library for this platform was found in '/Users/admin/builder/spi-builder-workspace/.dependencies/artifacts/appharbrsdk/AppHarbrSDK/AppHarbrSDK.xcframework'. (in target 'AATKit-AppHarbr-product' from project 'AATKitSPM')
/Users/admin/builder/spi-builder-workspace/Dependencies/AATKit/Adapters/AATAppHarbrAdapter.xcframework:1:1: error: While building for tvOS, no library for this platform was found in '/Users/admin/builder/spi-builder-workspace/Dependencies/AATKit/Adapters/AATAppHarbrAdapter.xcframework'. (in target 'AATKit-AppHarbr-product' from project 'AATKitSPM')
/Users/admin/builder/spi-builder-workspace/Dependencies/AATKit/Adapters/AATOguryAdapter.xcframework:1:1: error: While building for tvOS, no library for this platform was found in '/Users/admin/builder/spi-builder-workspace/Dependencies/AATKit/Adapters/AATOguryAdapter.xcframework'. (in target 'AATKit-OgurySdk' from project 'AATKitSPM')
/Users/admin/builder/spi-builder-workspace/Dependencies/Ogury/OguryAds.xcframework:1:1: error: While building for tvOS, no library for this platform was found in '/Users/admin/builder/spi-builder-workspace/Dependencies/Ogury/OguryAds.xcframework'. (in target 'AATKit-OgurySdk' from project 'AATKitSPM')
/Users/admin/builder/spi-builder-workspace/Dependencies/Ogury/OguryCore.xcframework:1:1: error: While building for tvOS, no library for this platform was found in '/Users/admin/builder/spi-builder-workspace/Dependencies/Ogury/OguryCore.xcframework'. (in target 'AATKit-OgurySdk' from project 'AATKitSPM')
/Users/admin/builder/spi-builder-workspace/Dependencies/Ogury/OgurySdk.xcframework:1:1: error: While building for tvOS, no library for this platform was found in '/Users/admin/builder/spi-builder-workspace/Dependencies/Ogury/OgurySdk.xcframework'. (in target 'AATKit-OgurySdk' from project 'AATKitSPM')
/Users/admin/builder/spi-builder-workspace/.dependencies/artifacts/swift-package-manager-google-mobile-ads/GoogleMobileAds/GoogleMobileAds.xcframework:1:1: error: While building for tvOS, no library for this platform was found in '/Users/admin/builder/spi-builder-workspace/.dependencies/artifacts/swift-package-manager-google-mobile-ads/GoogleMobileAds/GoogleMobileAds.xcframework'. (in target 'AATKit-GoogleCMP-product' from project 'AATKitSPM')
/Users/admin/builder/spi-builder-workspace/.dependencies/artifacts/swift-package-manager-google-user-messaging-platform/UserMessagingPlatform/UserMessagingPlatform.xcframework:1:1: error: While building for tvOS, no library for this platform was found in '/Users/admin/builder/spi-builder-workspace/.dependencies/artifacts/swift-package-manager-google-user-messaging-platform/UserMessagingPlatform/UserMessagingPlatform.xcframework'. (in target 'AATKit-GoogleCMP-product' from project 'AATKitSPM')
/Users/admin/builder/spi-builder-workspace/Dependencies/AATKit/Adapters/AATGoogleCMPAdapter.xcframework:1:1: error: While building for tvOS, no library for this platform was found in '/Users/admin/builder/spi-builder-workspace/Dependencies/AATKit/Adapters/AATGoogleCMPAdapter.xcframework'. (in target 'AATKit-GoogleCMP-product' from project 'AATKitSPM')
/Users/admin/builder/spi-builder-workspace/.dependencies/artifacts/applovin-max-swift-package/AppLovinSDK/AppLovinSDK.xcframework:1:1: error: While building for tvOS, no library for this platform was found in '/Users/admin/builder/spi-builder-workspace/.dependencies/artifacts/applovin-max-swift-package/AppLovinSDK/AppLovinSDK.xcframework'. (in target 'AppLovinSDK-product' from project 'AppLovinSDK')
/Users/admin/builder/spi-builder-workspace/.dependencies/checkouts/RTBSPM/Dependencies/RTBSDK/RTBSDK.xcframework:1:1: error: While building for tvOS, no library for this platform was found in '/Users/admin/builder/spi-builder-workspace/.dependencies/checkouts/RTBSPM/Dependencies/RTBSDK/RTBSDK.xcframework'. (in target 'AATKit-AATAdMobDSPAdapter' from project 'AATKitSPM')
/Users/admin/builder/spi-builder-workspace/Dependencies/AATKit/AATKit.xcframework:1:1: error: While building for tvOS, no library for this platform was found in '/Users/admin/builder/spi-builder-workspace/Dependencies/AATKit/AATKit.xcframework'. (in target 'AATKit-AATAdMobDSPAdapter' from project 'AATKitSPM')
/Users/admin/builder/spi-builder-workspace/Dependencies/AATKit/Adapters/AATAdMobDSPAdapter.xcframework:1:1: error: While building for tvOS, no library for this platform was found in '/Users/admin/builder/spi-builder-workspace/Dependencies/AATKit/Adapters/AATAdMobDSPAdapter.xcframework'. (in target 'AATKit-AATAdMobDSPAdapter' from project 'AATKitSPM')
/Users/admin/builder/spi-builder-workspace/Dependencies/AATKit/Adapters/AATGoogleAdsAdapter.xcframework:1:1: error: While building for tvOS, no library for this platform was found in '/Users/admin/builder/spi-builder-workspace/Dependencies/AATKit/Adapters/AATGoogleAdsAdapter.xcframework'. (in target 'AATKit-AATAdMobDSPAdapter' from project 'AATKitSPM')
/Users/admin/builder/spi-builder-workspace/Dependencies/AATKit/Adapters/AATGraviteRTBAdapter.xcframework:1:1: error: While building for tvOS, no library for this platform was found in '/Users/admin/builder/spi-builder-workspace/Dependencies/AATKit/Adapters/AATGraviteRTBAdapter.xcframework'. (in target 'AATKit-AATAdMobDSPAdapter' from project 'AATKitSPM')
/Users/admin/builder/spi-builder-workspace/Dependencies/AATKit/Adapters/AATIronSourceAdapter.xcframework:1:1: error: While building for tvOS, no library for this platform was found in '/Users/admin/builder/spi-builder-workspace/Dependencies/AATKit/Adapters/AATIronSourceAdapter.xcframework'. (in target 'AATKit-IronSource' from project 'AATKitSPM')
/Users/admin/builder/spi-builder-workspace/Dependencies/IronSource/IronSource.xcframework:1:1: error: While building for tvOS, no library for this platform was found in '/Users/admin/builder/spi-builder-workspace/Dependencies/IronSource/IronSource.xcframework'. (in target 'AATKit-IronSource' from project 'AATKitSPM')
/Users/admin/builder/spi-builder-workspace/.dependencies/artifacts/applovin-max-swift-package/AppLovinSDK/AppLovinSDK.xcframework:1:1: error: While building for tvOS, no library for this platform was found in '/Users/admin/builder/spi-builder-workspace/.dependencies/artifacts/applovin-max-swift-package/AppLovinSDK/AppLovinSDK.xcframework'. (in target 'AATKit-Default-product' from project 'AATKitSPM')
/Users/admin/builder/spi-builder-workspace/.dependencies/artifacts/spi-builder-workspace/AATAppNexusSDKTarget/AppNexusSDKDynamic.xcframework:1:1: error: While building for tvOS, no library for this platform was found in '/Users/admin/builder/spi-builder-workspace/.dependencies/artifacts/spi-builder-workspace/AATAppNexusSDKTarget/AppNexusSDKDynamic.xcframework'. (in target 'AATKit-Default-product' from project 'AATKitSPM')
/Users/admin/builder/spi-builder-workspace/.dependencies/artifacts/swift-package-manager-google-mobile-ads/GoogleMobileAds/GoogleMobileAds.xcframework:1:1: error: While building for tvOS, no library for this platform was found in '/Users/admin/builder/spi-builder-workspace/.dependencies/artifacts/swift-package-manager-google-mobile-ads/GoogleMobileAds/GoogleMobileAds.xcframework'. (in target 'AATKit-Default-product' from project 'AATKitSPM')
/Users/admin/builder/spi-builder-workspace/.dependencies/artifacts/swift-package-manager-google-user-messaging-platform/UserMessagingPlatform/UserMessagingPlatform.xcframework:1:1: error: While building for tvOS, no library for this platform was found in '/Users/admin/builder/spi-builder-workspace/.dependencies/artifacts/swift-package-manager-google-user-messaging-platform/UserMessagingPlatform/UserMessagingPlatform.xcframework'. (in target 'AATKit-Default-product' from project 'AATKitSPM')
/Users/admin/builder/spi-builder-workspace/.dependencies/checkouts/RTBSPM/Dependencies/RTBSDK/RTBSDK.xcframework:1:1: error: While building for tvOS, no library for this platform was found in '/Users/admin/builder/spi-builder-workspace/.dependencies/checkouts/RTBSPM/Dependencies/RTBSDK/RTBSDK.xcframework'. (in target 'AATKit-Default-product' from project 'AATKitSPM')
/Users/admin/builder/spi-builder-workspace/.dependencies/checkouts/RTBSPM/Dependencies/RTBSDK/RTBSDK.xcframework:1:1: error: While building for tvOS, no library for this platform was found in '/Users/admin/builder/spi-builder-workspace/.dependencies/checkouts/RTBSPM/Dependencies/RTBSDK/RTBSDK.xcframework'. (in target 'AATKit-Default-product' from project 'AATKitSPM')
/Users/admin/builder/spi-builder-workspace/Dependencies/AATKit/AATKit.xcframework:1:1: error: While building for tvOS, no library for this platform was found in '/Users/admin/builder/spi-builder-workspace/Dependencies/AATKit/AATKit.xcframework'. (in target 'AATKit-Default-product' from project 'AATKitSPM')
/Users/admin/builder/spi-builder-workspace/Dependencies/AATKit/Adapters/AATAdMobDSPAdapter.xcframework:1:1: error: While building for tvOS, no library for this platform was found in '/Users/admin/builder/spi-builder-workspace/Dependencies/AATKit/Adapters/AATAdMobDSPAdapter.xcframework'. (in target 'AATKit-Default-product' from project 'AATKitSPM')
/Users/admin/builder/spi-builder-workspace/Dependencies/AATKit/Adapters/AATAppLovinAdapter.xcframework:1:1: error: While building for tvOS, no library for this platform was found in '/Users/admin/builder/spi-builder-workspace/Dependencies/AATKit/Adapters/AATAppLovinAdapter.xcframework'. (in target 'AATKit-Default-product' from project 'AATKitSPM')
/Users/admin/builder/spi-builder-workspace/Dependencies/AATKit/Adapters/AATAppNexusAdapter.xcframework:1:1: error: While building for tvOS, no library for this platform was found in '/Users/admin/builder/spi-builder-workspace/Dependencies/AATKit/Adapters/AATAppNexusAdapter.xcframework'. (in target 'AATKit-Default-product' from project 'AATKitSPM')
/Users/admin/builder/spi-builder-workspace/Dependencies/AATKit/Adapters/AATDFPPrebidAdapter.xcframework:1:1: error: While building for tvOS, no library for this platform was found in '/Users/admin/builder/spi-builder-workspace/Dependencies/AATKit/Adapters/AATDFPPrebidAdapter.xcframework'. (in target 'AATKit-Default-product' from project 'AATKitSPM')
/Users/admin/builder/spi-builder-workspace/Dependencies/AATKit/Adapters/AATFacebookAdapter.xcframework:1:1: error: While building for tvOS, no library for this platform was found in '/Users/admin/builder/spi-builder-workspace/Dependencies/AATKit/Adapters/AATFacebookAdapter.xcframework'. (in target 'AATKit-Default-product' from project 'AATKitSPM')
/Users/admin/builder/spi-builder-workspace/Dependencies/AATKit/Adapters/AATGoogleAdsAdapter.xcframework:1:1: error: While building for tvOS, no library for this platform was found in '/Users/admin/builder/spi-builder-workspace/Dependencies/AATKit/Adapters/AATGoogleAdsAdapter.xcframework'. (in target 'AATKit-Default-product' from project 'AATKitSPM')
/Users/admin/builder/spi-builder-workspace/Dependencies/AATKit/Adapters/AATGraviteRTBAdapter.xcframework:1:1: error: While building for tvOS, no library for this platform was found in '/Users/admin/builder/spi-builder-workspace/Dependencies/AATKit/Adapters/AATGraviteRTBAdapter.xcframework'. (in target 'AATKit-Default-product' from project 'AATKitSPM')
/Users/admin/builder/spi-builder-workspace/Dependencies/AATKit/Adapters/AATInMobiAdapter.xcframework:1:1: error: While building for tvOS, no library for this platform was found in '/Users/admin/builder/spi-builder-workspace/Dependencies/AATKit/Adapters/AATInMobiAdapter.xcframework'. (in target 'AATKit-Default-product' from project 'AATKitSPM')
/Users/admin/builder/spi-builder-workspace/Dependencies/AATKit/Adapters/AATIronSourceAdapter.xcframework:1:1: error: While building for tvOS, no library for this platform was found in '/Users/admin/builder/spi-builder-workspace/Dependencies/AATKit/Adapters/AATIronSourceAdapter.xcframework'. (in target 'AATKit-Default-product' from project 'AATKitSPM')
/Users/admin/builder/spi-builder-workspace/Dependencies/AATKit/Adapters/AATMetaBiddingAdapter.xcframework:1:1: error: While building for tvOS, no library for this platform was found in '/Users/admin/builder/spi-builder-workspace/Dependencies/AATKit/Adapters/AATMetaBiddingAdapter.xcframework'. (in target 'AATKit-Default-product' from project 'AATKitSPM')
/Users/admin/builder/spi-builder-workspace/Dependencies/AATKit/Adapters/AATMintegralAdapter.xcframework:1:1: error: While building for tvOS, no library for this platform was found in '/Users/admin/builder/spi-builder-workspace/Dependencies/AATKit/Adapters/AATMintegralAdapter.xcframework'. (in target 'AATKit-Default-product' from project 'AATKitSPM')
/Users/admin/builder/spi-builder-workspace/Dependencies/AATKit/Adapters/AATOguryAdapter.xcframework:1:1: error: While building for tvOS, no library for this platform was found in '/Users/admin/builder/spi-builder-workspace/Dependencies/AATKit/Adapters/AATOguryAdapter.xcframework'. (in target 'AATKit-Default-product' from project 'AATKitSPM')
/Users/admin/builder/spi-builder-workspace/Dependencies/AATKit/Adapters/AATPubNativeAdapter.xcframework:1:1: error: While building for tvOS, no library for this platform was found in '/Users/admin/builder/spi-builder-workspace/Dependencies/AATKit/Adapters/AATPubNativeAdapter.xcframework'. (in target 'AATKit-Default-product' from project 'AATKitSPM')
/Users/admin/builder/spi-builder-workspace/Dependencies/AATKit/Adapters/AATSmartAdAdapter.xcframework:1:1: error: While building for tvOS, no library for this platform was found in '/Users/admin/builder/spi-builder-workspace/Dependencies/AATKit/Adapters/AATSmartAdAdapter.xcframework'. (in target 'AATKit-Default-product' from project 'AATKitSPM')
/Users/admin/builder/spi-builder-workspace/Dependencies/AATKit/Adapters/AATTappxAdapter.xcframework:1:1: error: While building for tvOS, no library for this platform was found in '/Users/admin/builder/spi-builder-workspace/Dependencies/AATKit/Adapters/AATTappxAdapter.xcframework'. (in target 'AATKit-Default-product' from project 'AATKitSPM')
/Users/admin/builder/spi-builder-workspace/Dependencies/AATKit/Adapters/AATUnityAdapter.xcframework:1:1: error: While building for tvOS, no library for this platform was found in '/Users/admin/builder/spi-builder-workspace/Dependencies/AATKit/Adapters/AATUnityAdapter.xcframework'. (in target 'AATKit-Default-product' from project 'AATKitSPM')
/Users/admin/builder/spi-builder-workspace/Dependencies/AATKit/Adapters/AATVungleAdapter.xcframework:1:1: error: While building for tvOS, no library for this platform was found in '/Users/admin/builder/spi-builder-workspace/Dependencies/AATKit/Adapters/AATVungleAdapter.xcframework'. (in target 'AATKit-Default-product' from project 'AATKitSPM')
/Users/admin/builder/spi-builder-workspace/Dependencies/AATKit/Adapters/AATYOCAdapter.xcframework:1:1: error: While building for tvOS, no library for this platform was found in '/Users/admin/builder/spi-builder-workspace/Dependencies/AATKit/Adapters/AATYOCAdapter.xcframework'. (in target 'AATKit-Default-product' from project 'AATKitSPM')
/Users/admin/builder/spi-builder-workspace/Dependencies/Facebook/FBAudienceNetwork.xcframework:1:1: error: While building for tvOS, no library for this platform was found in '/Users/admin/builder/spi-builder-workspace/Dependencies/Facebook/FBAudienceNetwork.xcframework'. (in target 'AATKit-Default-product' from project 'AATKitSPM')
/Users/admin/builder/spi-builder-workspace/Dependencies/Facebook/MetaAdapter.xcframework:1:1: error: While building for tvOS, no library for this platform was found in '/Users/admin/builder/spi-builder-workspace/Dependencies/Facebook/MetaAdapter.xcframework'. (in target 'AATKit-Default-product' from project 'AATKitSPM')
/Users/admin/builder/spi-builder-workspace/Dependencies/InMobi/InMobiSDK.xcframework:1:1: error: While building for tvOS, no library for this platform was found in '/Users/admin/builder/spi-builder-workspace/Dependencies/InMobi/InMobiSDK.xcframework'. (in target 'AATKit-Default-product' from project 'AATKitSPM')
/Users/admin/builder/spi-builder-workspace/Dependencies/IronSource/IronSource.xcframework:1:1: error: While building for tvOS, no library for this platform was found in '/Users/admin/builder/spi-builder-workspace/Dependencies/IronSource/IronSource.xcframework'. (in target 'AATKit-Default-product' from project 'AATKitSPM')
/Users/admin/builder/spi-builder-workspace/Dependencies/Mintegral/MTGSDK.xcframework:1:1: error: While building for tvOS, no library for this platform was found in '/Users/admin/builder/spi-builder-workspace/Dependencies/Mintegral/MTGSDK.xcframework'. (in target 'AATKit-Default-product' from project 'AATKitSPM')
/Users/admin/builder/spi-builder-workspace/Dependencies/Mintegral/MTGSDKBanner.xcframework:1:1: error: While building for tvOS, no library for this platform was found in '/Users/admin/builder/spi-builder-workspace/Dependencies/Mintegral/MTGSDKBanner.xcframework'. (in target 'AATKit-Default-product' from project 'AATKitSPM')
/Users/admin/builder/spi-builder-workspace/Dependencies/Mintegral/MTGSDKBidding.xcframework:1:1: error: While building for tvOS, no library for this platform was found in '/Users/admin/builder/spi-builder-workspace/Dependencies/Mintegral/MTGSDKBidding.xcframework'. (in target 'AATKit-Default-product' from project 'AATKitSPM')
/Users/admin/builder/spi-builder-workspace/Dependencies/Mintegral/MTGSDKInterstitialVideo.xcframework:1:1: error: While building for tvOS, no library for this platform was found in '/Users/admin/builder/spi-builder-workspace/Dependencies/Mintegral/MTGSDKInterstitialVideo.xcframework'. (in target 'AATKit-Default-product' from project 'AATKitSPM')
/Users/admin/builder/spi-builder-workspace/Dependencies/Mintegral/MTGSDKNativeAdvanced.xcframework:1:1: error: While building for tvOS, no library for this platform was found in '/Users/admin/builder/spi-builder-workspace/Dependencies/Mintegral/MTGSDKNativeAdvanced.xcframework'. (in target 'AATKit-Default-product' from project 'AATKitSPM')
/Users/admin/builder/spi-builder-workspace/Dependencies/Mintegral/MTGSDKNewInterstitial.xcframework:1:1: error: While building for tvOS, no library for this platform was found in '/Users/admin/builder/spi-builder-workspace/Dependencies/Mintegral/MTGSDKNewInterstitial.xcframework'. (in target 'AATKit-Default-product' from project 'AATKitSPM')
/Users/admin/builder/spi-builder-workspace/Dependencies/Mintegral/MTGSDKReward.xcframework:1:1: error: While building for tvOS, no library for this platform was found in '/Users/admin/builder/spi-builder-workspace/Dependencies/Mintegral/MTGSDKReward.xcframework'. (in target 'AATKit-Default-product' from project 'AATKitSPM')
/Users/admin/builder/spi-builder-workspace/Dependencies/Mintegral/MTGSDKSplash.xcframework:1:1: error: While building for tvOS, no library for this platform was found in '/Users/admin/builder/spi-builder-workspace/Dependencies/Mintegral/MTGSDKSplash.xcframework'. (in target 'AATKit-Default-product' from project 'AATKitSPM')
/Users/admin/builder/spi-builder-workspace/Dependencies/Ogury/OguryAds.xcframework:1:1: error: While building for tvOS, no library for this platform was found in '/Users/admin/builder/spi-builder-workspace/Dependencies/Ogury/OguryAds.xcframework'. (in target 'AATKit-Default-product' from project 'AATKitSPM')
/Users/admin/builder/spi-builder-workspace/Dependencies/Ogury/OguryCore.xcframework:1:1: error: While building for tvOS, no library for this platform was found in '/Users/admin/builder/spi-builder-workspace/Dependencies/Ogury/OguryCore.xcframework'. (in target 'AATKit-Default-product' from project 'AATKitSPM')
/Users/admin/builder/spi-builder-workspace/Dependencies/Ogury/OgurySdk.xcframework:1:1: error: While building for tvOS, no library for this platform was found in '/Users/admin/builder/spi-builder-workspace/Dependencies/Ogury/OgurySdk.xcframework'. (in target 'AATKit-Default-product' from project 'AATKitSPM')
/Users/admin/builder/spi-builder-workspace/Dependencies/Prebid/PrebidMobile.xcframework:1:1: error: While building for tvOS, no library for this platform was found in '/Users/admin/builder/spi-builder-workspace/Dependencies/Prebid/PrebidMobile.xcframework'. (in target 'AATKit-Default-product' from project 'AATKitSPM')
/Users/admin/builder/spi-builder-workspace/Dependencies/Pubnative/ATOM.xcframework:1:1: error: While building for tvOS, no library for this platform was found in '/Users/admin/builder/spi-builder-workspace/Dependencies/Pubnative/ATOM.xcframework'. (in target 'AATKit-Default-product' from project 'AATKitSPM')
/Users/admin/builder/spi-builder-workspace/Dependencies/Pubnative/HyBid.xcframework:1:1: error: While building for tvOS, no library for this platform was found in '/Users/admin/builder/spi-builder-workspace/Dependencies/Pubnative/HyBid.xcframework'. (in target 'AATKit-Default-product' from project 'AATKitSPM')
/Users/admin/builder/spi-builder-workspace/Dependencies/SmartAd/SASDisplayKit.xcframework:1:1: error: While building for tvOS, no library for this platform was found in '/Users/admin/builder/spi-builder-workspace/Dependencies/SmartAd/SASDisplayKit.xcframework'. (in target 'AATKit-Default-product' from project 'AATKitSPM')
/Users/admin/builder/spi-builder-workspace/Dependencies/Tappx/TappxFramework.xcframework:1:1: error: While building for tvOS, no library for this platform was found in '/Users/admin/builder/spi-builder-workspace/Dependencies/Tappx/TappxFramework.xcframework'. (in target 'AATKit-Default-product' from project 'AATKitSPM')
/Users/admin/builder/spi-builder-workspace/Dependencies/Unity/UnityAds.xcframework:1:1: error: While building for tvOS, no library for this platform was found in '/Users/admin/builder/spi-builder-workspace/Dependencies/Unity/UnityAds.xcframework'. (in target 'AATKit-Default-product' from project 'AATKitSPM')
/Users/admin/builder/spi-builder-workspace/Dependencies/Vungle/VungleAdsSDK.xcframework:1:1: error: While building for tvOS, no library for this platform was found in '/Users/admin/builder/spi-builder-workspace/Dependencies/Vungle/VungleAdsSDK.xcframework'. (in target 'AATKit-Default-product' from project 'AATKitSPM')
/Users/admin/builder/spi-builder-workspace/Dependencies/YOC/VisxSDK.xcframework:1:1: error: While building for tvOS, no library for this platform was found in '/Users/admin/builder/spi-builder-workspace/Dependencies/YOC/VisxSDK.xcframework'. (in target 'AATKit-Default-product' from project 'AATKitSPM')
/Users/admin/builder/spi-builder-workspace/Dependencies/AATKit/Adapters/AATAmazonAdapter.xcframework:1:1: error: While building for tvOS, no library for this platform was found in '/Users/admin/builder/spi-builder-workspace/Dependencies/AATKit/Adapters/AATAmazonAdapter.xcframework'. (in target 'AATKit-Amazon' from project 'AATKitSPM')
/Users/admin/builder/spi-builder-workspace/Dependencies/Amazon/DTBiOSSDK.xcframework:1:1: error: While building for tvOS, no library for this platform was found in '/Users/admin/builder/spi-builder-workspace/Dependencies/Amazon/DTBiOSSDK.xcframework'. (in target 'AATKit-Amazon' from project 'AATKitSPM')
/Users/admin/builder/spi-builder-workspace/Dependencies/AATKit/Adapters/AATMintegralAdapter.xcframework:1:1: error: While building for tvOS, no library for this platform was found in '/Users/admin/builder/spi-builder-workspace/Dependencies/AATKit/Adapters/AATMintegralAdapter.xcframework'. (in target 'AATKit-Mintegral-product' from project 'AATKitSPM')
/Users/admin/builder/spi-builder-workspace/Dependencies/Mintegral/MTGSDK.xcframework:1:1: error: While building for tvOS, no library for this platform was found in '/Users/admin/builder/spi-builder-workspace/Dependencies/Mintegral/MTGSDK.xcframework'. (in target 'AATKit-Mintegral-product' from project 'AATKitSPM')
/Users/admin/builder/spi-builder-workspace/Dependencies/Mintegral/MTGSDKBanner.xcframework:1:1: error: While building for tvOS, no library for this platform was found in '/Users/admin/builder/spi-builder-workspace/Dependencies/Mintegral/MTGSDKBanner.xcframework'. (in target 'AATKit-Mintegral-product' from project 'AATKitSPM')
/Users/admin/builder/spi-builder-workspace/Dependencies/Mintegral/MTGSDKBidding.xcframework:1:1: error: While building for tvOS, no library for this platform was found in '/Users/admin/builder/spi-builder-workspace/Dependencies/Mintegral/MTGSDKBidding.xcframework'. (in target 'AATKit-Mintegral-product' from project 'AATKitSPM')
/Users/admin/builder/spi-builder-workspace/Dependencies/Mintegral/MTGSDKInterstitialVideo.xcframework:1:1: error: While building for tvOS, no library for this platform was found in '/Users/admin/builder/spi-builder-workspace/Dependencies/Mintegral/MTGSDKInterstitialVideo.xcframework'. (in target 'AATKit-Mintegral-product' from project 'AATKitSPM')
/Users/admin/builder/spi-builder-workspace/Dependencies/Mintegral/MTGSDKNativeAdvanced.xcframework:1:1: error: While building for tvOS, no library for this platform was found in '/Users/admin/builder/spi-builder-workspace/Dependencies/Mintegral/MTGSDKNativeAdvanced.xcframework'. (in target 'AATKit-Mintegral-product' from project 'AATKitSPM')
/Users/admin/builder/spi-builder-workspace/Dependencies/Mintegral/MTGSDKNewInterstitial.xcframework:1:1: error: While building for tvOS, no library for this platform was found in '/Users/admin/builder/spi-builder-workspace/Dependencies/Mintegral/MTGSDKNewInterstitial.xcframework'. (in target 'AATKit-Mintegral-product' from project 'AATKitSPM')
/Users/admin/builder/spi-builder-workspace/Dependencies/Mintegral/MTGSDKReward.xcframework:1:1: error: While building for tvOS, no library for this platform was found in '/Users/admin/builder/spi-builder-workspace/Dependencies/Mintegral/MTGSDKReward.xcframework'. (in target 'AATKit-Mintegral-product' from project 'AATKitSPM')
/Users/admin/builder/spi-builder-workspace/Dependencies/Mintegral/MTGSDKSplash.xcframework:1:1: error: While building for tvOS, no library for this platform was found in '/Users/admin/builder/spi-builder-workspace/Dependencies/Mintegral/MTGSDKSplash.xcframework'. (in target 'AATKit-Mintegral-product' from project 'AATKitSPM')
/Users/admin/builder/spi-builder-workspace/Dependencies/AATKit/Adapters/AATTeadsAdapter.xcframework:1:1: error: While building for tvOS, no library for this platform was found in '/Users/admin/builder/spi-builder-workspace/Dependencies/AATKit/Adapters/AATTeadsAdapter.xcframework'. (in target 'AATKit-Teads' from project 'AATKitSPM')
/Users/admin/builder/spi-builder-workspace/Dependencies/TeadsSDK/TeadsSDK.xcframework:1:1: error: While building for tvOS, no library for this platform was found in '/Users/admin/builder/spi-builder-workspace/Dependencies/TeadsSDK/TeadsSDK.xcframework'. (in target 'AATKit-Teads' from project 'AATKitSPM')
/Users/admin/builder/spi-builder-workspace/Dependencies/AATKit/Adapters/AATMintegralAdapter.xcframework:1:1: error: While building for tvOS, no library for this platform was found in '/Users/admin/builder/spi-builder-workspace/Dependencies/AATKit/Adapters/AATMintegralAdapter.xcframework'. (in target 'AATKit-Mintegral' from project 'AATKitSPM')
/Users/admin/builder/spi-builder-workspace/Dependencies/Mintegral/MTGSDK.xcframework:1:1: error: While building for tvOS, no library for this platform was found in '/Users/admin/builder/spi-builder-workspace/Dependencies/Mintegral/MTGSDK.xcframework'. (in target 'AATKit-Mintegral' from project 'AATKitSPM')
/Users/admin/builder/spi-builder-workspace/Dependencies/Mintegral/MTGSDKBanner.xcframework:1:1: error: While building for tvOS, no library for this platform was found in '/Users/admin/builder/spi-builder-workspace/Dependencies/Mintegral/MTGSDKBanner.xcframework'. (in target 'AATKit-Mintegral' from project 'AATKitSPM')
/Users/admin/builder/spi-builder-workspace/Dependencies/Mintegral/MTGSDKBidding.xcframework:1:1: error: While building for tvOS, no library for this platform was found in '/Users/admin/builder/spi-builder-workspace/Dependencies/Mintegral/MTGSDKBidding.xcframework'. (in target 'AATKit-Mintegral' from project 'AATKitSPM')
/Users/admin/builder/spi-builder-workspace/Dependencies/Mintegral/MTGSDKInterstitialVideo.xcframework:1:1: error: While building for tvOS, no library for this platform was found in '/Users/admin/builder/spi-builder-workspace/Dependencies/Mintegral/MTGSDKInterstitialVideo.xcframework'. (in target 'AATKit-Mintegral' from project 'AATKitSPM')
/Users/admin/builder/spi-builder-workspace/Dependencies/Mintegral/MTGSDKNativeAdvanced.xcframework:1:1: error: While building for tvOS, no library for this platform was found in '/Users/admin/builder/spi-builder-workspace/Dependencies/Mintegral/MTGSDKNativeAdvanced.xcframework'. (in target 'AATKit-Mintegral' from project 'AATKitSPM')
/Users/admin/builder/spi-builder-workspace/Dependencies/Mintegral/MTGSDKNewInterstitial.xcframework:1:1: error: While building for tvOS, no library for this platform was found in '/Users/admin/builder/spi-builder-workspace/Dependencies/Mintegral/MTGSDKNewInterstitial.xcframework'. (in target 'AATKit-Mintegral' from project 'AATKitSPM')
/Users/admin/builder/spi-builder-workspace/Dependencies/Mintegral/MTGSDKReward.xcframework:1:1: error: While building for tvOS, no library for this platform was found in '/Users/admin/builder/spi-builder-workspace/Dependencies/Mintegral/MTGSDKReward.xcframework'. (in target 'AATKit-Mintegral' from project 'AATKitSPM')
/Users/admin/builder/spi-builder-workspace/Dependencies/Mintegral/MTGSDKSplash.xcframework:1:1: error: While building for tvOS, no library for this platform was found in '/Users/admin/builder/spi-builder-workspace/Dependencies/Mintegral/MTGSDKSplash.xcframework'. (in target 'AATKit-Mintegral' from project 'AATKitSPM')
/Users/admin/builder/spi-builder-workspace/Dependencies/AATKit/Adapters/AATFeedAdAdapter.xcframework:1:1: error: While building for tvOS, no library for this platform was found in '/Users/admin/builder/spi-builder-workspace/Dependencies/AATKit/Adapters/AATFeedAdAdapter.xcframework'. (in target 'AATKit-FeedAd-product' from project 'AATKitSPM')
/Users/admin/builder/spi-builder-workspace/Dependencies/FeedAd/FeedAd.xcframework:1:1: error: While building for tvOS, no library for this platform was found in '/Users/admin/builder/spi-builder-workspace/Dependencies/FeedAd/FeedAd.xcframework'. (in target 'AATKit-FeedAd-product' from project 'AATKitSPM')
/Users/admin/builder/spi-builder-workspace/Dependencies/AATKit/Adapters/AATAmazonAdapter.xcframework:1:1: error: While building for tvOS, no library for this platform was found in '/Users/admin/builder/spi-builder-workspace/Dependencies/AATKit/Adapters/AATAmazonAdapter.xcframework'. (in target 'AATAmazonAdapter-product' from project 'AATKitSPM')
/Users/admin/builder/spi-builder-workspace/Dependencies/AATKit/Adapters/AATAppConsentAdapter.xcframework:1:1: error: While building for tvOS, no library for this platform was found in '/Users/admin/builder/spi-builder-workspace/Dependencies/AATKit/Adapters/AATAppConsentAdapter.xcframework'. (in target 'AATKit-AppConsentCMP' from project 'AATKitSPM')
/Users/admin/builder/spi-builder-workspace/.dependencies/checkouts/RTBSPM/Dependencies/RTBSDK/RTBSDK.xcframework:1:1: error: While building for tvOS, no library for this platform was found in '/Users/admin/builder/spi-builder-workspace/.dependencies/checkouts/RTBSPM/Dependencies/RTBSDK/RTBSDK.xcframework'. (in target 'AATKit-AATMetaBiddingAdapter' from project 'AATKitSPM')
/Users/admin/builder/spi-builder-workspace/Dependencies/AATKit/AATKit.xcframework:1:1: error: While building for tvOS, no library for this platform was found in '/Users/admin/builder/spi-builder-workspace/Dependencies/AATKit/AATKit.xcframework'. (in target 'AATKit-AATMetaBiddingAdapter' from project 'AATKitSPM')
/Users/admin/builder/spi-builder-workspace/Dependencies/AATKit/Adapters/AATFacebookAdapter.xcframework:1:1: error: While building for tvOS, no library for this platform was found in '/Users/admin/builder/spi-builder-workspace/Dependencies/AATKit/Adapters/AATFacebookAdapter.xcframework'. (in target 'AATKit-AATMetaBiddingAdapter' from project 'AATKitSPM')
/Users/admin/builder/spi-builder-workspace/Dependencies/AATKit/Adapters/AATGraviteRTBAdapter.xcframework:1:1: error: While building for tvOS, no library for this platform was found in '/Users/admin/builder/spi-builder-workspace/Dependencies/AATKit/Adapters/AATGraviteRTBAdapter.xcframework'. (in target 'AATKit-AATMetaBiddingAdapter' from project 'AATKitSPM')
/Users/admin/builder/spi-builder-workspace/Dependencies/AATKit/Adapters/AATMetaBiddingAdapter.xcframework:1:1: error: While building for tvOS, no library for this platform was found in '/Users/admin/builder/spi-builder-workspace/Dependencies/AATKit/Adapters/AATMetaBiddingAdapter.xcframework'. (in target 'AATKit-AATMetaBiddingAdapter' from project 'AATKitSPM')
/Users/admin/builder/spi-builder-workspace/Dependencies/Facebook/FBAudienceNetwork.xcframework:1:1: error: While building for tvOS, no library for this platform was found in '/Users/admin/builder/spi-builder-workspace/Dependencies/Facebook/FBAudienceNetwork.xcframework'. (in target 'AATKit-AATMetaBiddingAdapter' from project 'AATKitSPM')
/Users/admin/builder/spi-builder-workspace/Dependencies/Facebook/MetaAdapter.xcframework:1:1: error: While building for tvOS, no library for this platform was found in '/Users/admin/builder/spi-builder-workspace/Dependencies/Facebook/MetaAdapter.xcframework'. (in target 'AATKit-AATMetaBiddingAdapter' from project 'AATKitSPM')
/Users/admin/builder/spi-builder-workspace/Dependencies/AATKit/Adapters/AATDisplayIOAdapter.xcframework:1:1: error: While building for tvOS, no library for this platform was found in '/Users/admin/builder/spi-builder-workspace/Dependencies/AATKit/Adapters/AATDisplayIOAdapter.xcframework'. (in target 'AATKit-DisplayIO' from project 'AATKitSPM')
/Users/admin/builder/spi-builder-workspace/Dependencies/DisplayIO/DIOSDK.xcframework:1:1: error: While building for tvOS, no library for this platform was found in '/Users/admin/builder/spi-builder-workspace/Dependencies/DisplayIO/DIOSDK.xcframework'. (in target 'AATKit-DisplayIO' from project 'AATKitSPM')
/Users/admin/builder/spi-builder-workspace/.dependencies/checkouts/RTBSPM/Dependencies/RTBSDK/RTBSDK.xcframework:1:1: error: While building for tvOS, no library for this platform was found in '/Users/admin/builder/spi-builder-workspace/.dependencies/checkouts/RTBSPM/Dependencies/RTBSDK/RTBSDK.xcframework'. (in target 'AATKit-GraviteRTB' from project 'AATKitSPM')
/Users/admin/builder/spi-builder-workspace/Dependencies/AATKit/Adapters/AATGraviteRTBAdapter.xcframework:1:1: error: While building for tvOS, no library for this platform was found in '/Users/admin/builder/spi-builder-workspace/Dependencies/AATKit/Adapters/AATGraviteRTBAdapter.xcframework'. (in target 'AATKit-GraviteRTB' from project 'AATKitSPM')
/Users/admin/builder/spi-builder-workspace/Dependencies/AATKit/Adapters/AATYOCAdapter.xcframework:1:1: error: While building for tvOS, no library for this platform was found in '/Users/admin/builder/spi-builder-workspace/Dependencies/AATKit/Adapters/AATYOCAdapter.xcframework'. (in target 'AATKit-YOC-product' from project 'AATKitSPM')
/Users/admin/builder/spi-builder-workspace/Dependencies/YOC/VisxSDK.xcframework:1:1: error: While building for tvOS, no library for this platform was found in '/Users/admin/builder/spi-builder-workspace/Dependencies/YOC/VisxSDK.xcframework'. (in target 'AATKit-YOC-product' from project 'AATKitSPM')
/Users/admin/builder/spi-builder-workspace/Dependencies/AATKit/Adapters/AATDisplayIOAdapter.xcframework:1:1: error: While building for tvOS, no library for this platform was found in '/Users/admin/builder/spi-builder-workspace/Dependencies/AATKit/Adapters/AATDisplayIOAdapter.xcframework'. (in target 'AATKit-DisplayIO-product' from project 'AATKitSPM')
/Users/admin/builder/spi-builder-workspace/Dependencies/DisplayIO/DIOSDK.xcframework:1:1: error: While building for tvOS, no library for this platform was found in '/Users/admin/builder/spi-builder-workspace/Dependencies/DisplayIO/DIOSDK.xcframework'. (in target 'AATKit-DisplayIO-product' from project 'AATKitSPM')
/Users/admin/builder/spi-builder-workspace/Dependencies/AATKit/Adapters/AATAppConsentAdapter.xcframework:1:1: error: While building for tvOS, no library for this platform was found in '/Users/admin/builder/spi-builder-workspace/Dependencies/AATKit/Adapters/AATAppConsentAdapter.xcframework'. (in target 'AATKit-AppConsentCMP-product' from project 'AATKitSPM')
/Users/admin/builder/spi-builder-workspace/Dependencies/AATKit/Adapters/AATYOCAdapter.xcframework:1:1: error: While building for tvOS, no library for this platform was found in '/Users/admin/builder/spi-builder-workspace/Dependencies/AATKit/Adapters/AATYOCAdapter.xcframework'. (in target 'AATKit-YOC' from project 'AATKitSPM')
/Users/admin/builder/spi-builder-workspace/Dependencies/YOC/VisxSDK.xcframework:1:1: error: While building for tvOS, no library for this platform was found in '/Users/admin/builder/spi-builder-workspace/Dependencies/YOC/VisxSDK.xcframework'. (in target 'AATKit-YOC' from project 'AATKitSPM')
/Users/admin/builder/spi-builder-workspace/.dependencies/artifacts/swift-package-manager-google-user-messaging-platform/UserMessagingPlatform/UserMessagingPlatform.xcframework:1:1: error: While building for tvOS, no library for this platform was found in '/Users/admin/builder/spi-builder-workspace/.dependencies/artifacts/swift-package-manager-google-user-messaging-platform/UserMessagingPlatform/UserMessagingPlatform.xcframework'. (in target 'GoogleUserMessagingPlatform-product' from project 'GoogleUserMessagingPlatform')
/Users/admin/builder/spi-builder-workspace/Dependencies/AATKit/Adapters/AATDFPPrebidAdapter.xcframework:1:1: error: While building for tvOS, no library for this platform was found in '/Users/admin/builder/spi-builder-workspace/Dependencies/AATKit/Adapters/AATDFPPrebidAdapter.xcframework'. (in target 'AATKit-Prebid-product' from project 'AATKitSPM')
/Users/admin/builder/spi-builder-workspace/Dependencies/Prebid/PrebidMobile.xcframework:1:1: error: While building for tvOS, no library for this platform was found in '/Users/admin/builder/spi-builder-workspace/Dependencies/Prebid/PrebidMobile.xcframework'. (in target 'AATKit-Prebid-product' from project 'AATKitSPM')
/Users/admin/builder/spi-builder-workspace/Dependencies/AATKit/Adapters/AATSourcePointCMPAdapter.xcframework:1:1: error: While building for tvOS, no library for this platform was found in '/Users/admin/builder/spi-builder-workspace/Dependencies/AATKit/Adapters/AATSourcePointCMPAdapter.xcframework'. (in target 'AATKit-SourcePointCMP' from project 'AATKitSPM')
/Users/admin/builder/spi-builder-workspace/.dependencies/artifacts/appharbrsdk/AppHarbrSDK/AppHarbrSDK.xcframework:1:1: error: While building for tvOS, no library for this platform was found in '/Users/admin/builder/spi-builder-workspace/.dependencies/artifacts/appharbrsdk/AppHarbrSDK/AppHarbrSDK.xcframework'. (in target 'AppHarbrSDK-product' from project 'AppHarbrSDK')
/Users/admin/builder/spi-builder-workspace/Dependencies/AATKit/Adapters/AATUTIQAdapter.xcframework:1:1: error: While building for tvOS, no library for this platform was found in '/Users/admin/builder/spi-builder-workspace/Dependencies/AATKit/Adapters/AATUTIQAdapter.xcframework'. (in target 'AATKit-UTIQ' from project 'AATKitSPM')
/Users/admin/builder/spi-builder-workspace/Dependencies/UTIQ/Utiq.xcframework:1:1: error: While building for tvOS, no library for this platform was found in '/Users/admin/builder/spi-builder-workspace/Dependencies/UTIQ/Utiq.xcframework'. (in target 'AATKit-UTIQ' from project 'AATKitSPM')
/Users/admin/builder/spi-builder-workspace/Dependencies/AATKit/Adapters/AATAppLovinAdapter.xcframework:1:1: error: While building for tvOS, no library for this platform was found in '/Users/admin/builder/spi-builder-workspace/Dependencies/AATKit/Adapters/AATAppLovinAdapter.xcframework'. (in target 'AATKit-AppLovin' from project 'AATKitSPM')
/Users/admin/builder/spi-builder-workspace/Dependencies/AATKit/Adapters/AATGoogleCMPAdapter.xcframework:1:1: error: While building for tvOS, no library for this platform was found in '/Users/admin/builder/spi-builder-workspace/Dependencies/AATKit/Adapters/AATGoogleCMPAdapter.xcframework'. (in target 'AATKit-GoogleCMP' from project 'AATKitSPM')
/Users/admin/builder/spi-builder-workspace/Dependencies/AATKit/Adapters/AATFeedAdAdapter.xcframework:1:1: error: While building for tvOS, no library for this platform was found in '/Users/admin/builder/spi-builder-workspace/Dependencies/AATKit/Adapters/AATFeedAdAdapter.xcframework'. (in target 'AATKit-FeedAd' from project 'AATKitSPM')
/Users/admin/builder/spi-builder-workspace/Dependencies/FeedAd/FeedAd.xcframework:1:1: error: While building for tvOS, no library for this platform was found in '/Users/admin/builder/spi-builder-workspace/Dependencies/FeedAd/FeedAd.xcframework'. (in target 'AATKit-FeedAd' from project 'AATKitSPM')
/Users/admin/builder/spi-builder-workspace/Dependencies/AATKit/Adapters/AATInMobiAdapter.xcframework:1:1: error: While building for tvOS, no library for this platform was found in '/Users/admin/builder/spi-builder-workspace/Dependencies/AATKit/Adapters/AATInMobiAdapter.xcframework'. (in target 'AATKit-InMobi-product' from project 'AATKitSPM')
/Users/admin/builder/spi-builder-workspace/Dependencies/InMobi/InMobiSDK.xcframework:1:1: error: While building for tvOS, no library for this platform was found in '/Users/admin/builder/spi-builder-workspace/Dependencies/InMobi/InMobiSDK.xcframework'. (in target 'AATKit-InMobi-product' from project 'AATKitSPM')
/Users/admin/builder/spi-builder-workspace/.dependencies/artifacts/swift-package-manager-google-mobile-ads/GoogleMobileAds/GoogleMobileAds.xcframework:1:1: error: While building for tvOS, no library for this platform was found in '/Users/admin/builder/spi-builder-workspace/.dependencies/artifacts/swift-package-manager-google-mobile-ads/GoogleMobileAds/GoogleMobileAds.xcframework'. (in target 'AATKit-Facebook-product' from project 'AATKitSPM')
/Users/admin/builder/spi-builder-workspace/.dependencies/artifacts/swift-package-manager-google-user-messaging-platform/UserMessagingPlatform/UserMessagingPlatform.xcframework:1:1: error: While building for tvOS, no library for this platform was found in '/Users/admin/builder/spi-builder-workspace/.dependencies/artifacts/swift-package-manager-google-user-messaging-platform/UserMessagingPlatform/UserMessagingPlatform.xcframework'. (in target 'AATKit-Facebook-product' from project 'AATKitSPM')
/Users/admin/builder/spi-builder-workspace/Dependencies/AATKit/Adapters/AATFacebookAdapter.xcframework:1:1: error: While building for tvOS, no library for this platform was found in '/Users/admin/builder/spi-builder-workspace/Dependencies/AATKit/Adapters/AATFacebookAdapter.xcframework'. (in target 'AATKit-Facebook-product' from project 'AATKitSPM')
/Users/admin/builder/spi-builder-workspace/Dependencies/Facebook/FBAudienceNetwork.xcframework:1:1: error: While building for tvOS, no library for this platform was found in '/Users/admin/builder/spi-builder-workspace/Dependencies/Facebook/FBAudienceNetwork.xcframework'. (in target 'AATKit-Facebook-product' from project 'AATKitSPM')
/Users/admin/builder/spi-builder-workspace/Dependencies/Facebook/MetaAdapter.xcframework:1:1: error: While building for tvOS, no library for this platform was found in '/Users/admin/builder/spi-builder-workspace/Dependencies/Facebook/MetaAdapter.xcframework'. (in target 'AATKit-Facebook-product' from project 'AATKitSPM')
/Users/admin/builder/spi-builder-workspace/Dependencies/AATKit/Adapters/AATVungleAdapter.xcframework:1:1: error: While building for tvOS, no library for this platform was found in '/Users/admin/builder/spi-builder-workspace/Dependencies/AATKit/Adapters/AATVungleAdapter.xcframework'. (in target 'AATKit-Vungle-product' from project 'AATKitSPM')
/Users/admin/builder/spi-builder-workspace/Dependencies/Vungle/VungleAdsSDK.xcframework:1:1: error: While building for tvOS, no library for this platform was found in '/Users/admin/builder/spi-builder-workspace/Dependencies/Vungle/VungleAdsSDK.xcframework'. (in target 'AATKit-Vungle-product' from project 'AATKitSPM')
/Users/admin/builder/spi-builder-workspace/.dependencies/checkouts/RTBSPM/Dependencies/RTBSDK/RTBSDK.xcframework:1:1: error: While building for tvOS, no library for this platform was found in '/Users/admin/builder/spi-builder-workspace/.dependencies/checkouts/RTBSPM/Dependencies/RTBSDK/RTBSDK.xcframework'. (in target 'RTBSPM-product' from project 'RTBSPM')
/Users/admin/builder/spi-builder-workspace/Dependencies/AATKit/Adapters/AATGoogleAdsAdapter.xcframework:1:1: error: While building for tvOS, no library for this platform was found in '/Users/admin/builder/spi-builder-workspace/Dependencies/AATKit/Adapters/AATGoogleAdsAdapter.xcframework'. (in target 'AATKit-GoogleMobileAds' from project 'AATKitSPM')
/Users/admin/builder/spi-builder-workspace/Dependencies/AATKit/Adapters/AATAppNexusAdapter.xcframework:1:1: error: While building for tvOS, no library for this platform was found in '/Users/admin/builder/spi-builder-workspace/Dependencies/AATKit/Adapters/AATAppNexusAdapter.xcframework'. (in target 'AATAppNexusAdapter-product' from project 'AATKitSPM')
/Users/admin/builder/spi-builder-workspace/Dependencies/AATKit/AATKit.xcframework:1:1: error: While building for tvOS, no library for this platform was found in '/Users/admin/builder/spi-builder-workspace/Dependencies/AATKit/AATKit.xcframework'. (in target 'AATKit-Core' from project 'AATKitSPM')
/Users/admin/builder/spi-builder-workspace/.dependencies/artifacts/swift-package-manager-google-mobile-ads/GoogleMobileAds/GoogleMobileAds.xcframework:1:1: error: While building for tvOS, no library for this platform was found in '/Users/admin/builder/spi-builder-workspace/.dependencies/artifacts/swift-package-manager-google-mobile-ads/GoogleMobileAds/GoogleMobileAds.xcframework'. (in target 'AATKit-GooglePartnerBidding-product' from project 'AATKitSPM')
/Users/admin/builder/spi-builder-workspace/.dependencies/artifacts/swift-package-manager-google-user-messaging-platform/UserMessagingPlatform/UserMessagingPlatform.xcframework:1:1: error: While building for tvOS, no library for this platform was found in '/Users/admin/builder/spi-builder-workspace/.dependencies/artifacts/swift-package-manager-google-user-messaging-platform/UserMessagingPlatform/UserMessagingPlatform.xcframework'. (in target 'AATKit-GooglePartnerBidding-product' from project 'AATKitSPM')
/Users/admin/builder/spi-builder-workspace/.dependencies/checkouts/RTBSPM/Dependencies/RTBSDK/RTBSDK.xcframework:1:1: error: While building for tvOS, no library for this platform was found in '/Users/admin/builder/spi-builder-workspace/.dependencies/checkouts/RTBSPM/Dependencies/RTBSDK/RTBSDK.xcframework'. (in target 'AATKit-GooglePartnerBidding-product' from project 'AATKitSPM')
/Users/admin/builder/spi-builder-workspace/.dependencies/checkouts/RTBSPM/Dependencies/RTBSDK/RTBSDK.xcframework:1:1: error: While building for tvOS, no library for this platform was found in '/Users/admin/builder/spi-builder-workspace/.dependencies/checkouts/RTBSPM/Dependencies/RTBSDK/RTBSDK.xcframework'. (in target 'AATKit-GooglePartnerBidding-product' from project 'AATKitSPM')
/Users/admin/builder/spi-builder-workspace/Dependencies/AATKit/AATKit.xcframework:1:1: error: While building for tvOS, no library for this platform was found in '/Users/admin/builder/spi-builder-workspace/Dependencies/AATKit/AATKit.xcframework'. (in target 'AATKit-GooglePartnerBidding-product' from project 'AATKitSPM')
/Users/admin/builder/spi-builder-workspace/Dependencies/AATKit/Adapters/AATAdMobDSPAdapter.xcframework:1:1: error: While building for tvOS, no library for this platform was found in '/Users/admin/builder/spi-builder-workspace/Dependencies/AATKit/Adapters/AATAdMobDSPAdapter.xcframework'. (in target 'AATKit-GooglePartnerBidding-product' from project 'AATKitSPM')
/Users/admin/builder/spi-builder-workspace/Dependencies/AATKit/Adapters/AATGraviteRTBAdapter.xcframework:1:1: error: While building for tvOS, no library for this platform was found in '/Users/admin/builder/spi-builder-workspace/Dependencies/AATKit/Adapters/AATGraviteRTBAdapter.xcframework'. (in target 'AATKit-GooglePartnerBidding-product' from project 'AATKitSPM')
/Users/admin/builder/spi-builder-workspace/Dependencies/AATKit/Adapters/AATAmazonAdapter.xcframework:1:1: error: While building for tvOS, no library for this platform was found in '/Users/admin/builder/spi-builder-workspace/Dependencies/AATKit/Adapters/AATAmazonAdapter.xcframework'. (in target 'AATKit-Amazon-product' from project 'AATKitSPM')
/Users/admin/builder/spi-builder-workspace/Dependencies/Amazon/DTBiOSSDK.xcframework:1:1: error: While building for tvOS, no library for this platform was found in '/Users/admin/builder/spi-builder-workspace/Dependencies/Amazon/DTBiOSSDK.xcframework'. (in target 'AATKit-Amazon-product' from project 'AATKitSPM')
/Users/admin/builder/spi-builder-workspace/.dependencies/checkouts/RTBSPM/Dependencies/RTBSDK/RTBSDK.xcframework:1:1: error: While building for tvOS, no library for this platform was found in '/Users/admin/builder/spi-builder-workspace/.dependencies/checkouts/RTBSPM/Dependencies/RTBSDK/RTBSDK.xcframework'. (in target 'AATKit-GooglePartnerBidding' from project 'AATKitSPM')
/Users/admin/builder/spi-builder-workspace/Dependencies/AATKit/AATKit.xcframework:1:1: error: While building for tvOS, no library for this platform was found in '/Users/admin/builder/spi-builder-workspace/Dependencies/AATKit/AATKit.xcframework'. (in target 'AATKit-GooglePartnerBidding' from project 'AATKitSPM')
/Users/admin/builder/spi-builder-workspace/Dependencies/AATKit/Adapters/AATAdMobDSPAdapter.xcframework:1:1: error: While building for tvOS, no library for this platform was found in '/Users/admin/builder/spi-builder-workspace/Dependencies/AATKit/Adapters/AATAdMobDSPAdapter.xcframework'. (in target 'AATKit-GooglePartnerBidding' from project 'AATKitSPM')
/Users/admin/builder/spi-builder-workspace/Dependencies/AATKit/Adapters/AATGraviteRTBAdapter.xcframework:1:1: error: While building for tvOS, no library for this platform was found in '/Users/admin/builder/spi-builder-workspace/Dependencies/AATKit/Adapters/AATGraviteRTBAdapter.xcframework'. (in target 'AATKit-GooglePartnerBidding' from project 'AATKitSPM')
/Users/admin/builder/spi-builder-workspace/Dependencies/AATKit/Adapters/AATPubNativeAdapter.xcframework:1:1: error: While building for tvOS, no library for this platform was found in '/Users/admin/builder/spi-builder-workspace/Dependencies/AATKit/Adapters/AATPubNativeAdapter.xcframework'. (in target 'AATKit-PubNative' from project 'AATKitSPM')
/Users/admin/builder/spi-builder-workspace/Dependencies/Pubnative/ATOM.xcframework:1:1: error: While building for tvOS, no library for this platform was found in '/Users/admin/builder/spi-builder-workspace/Dependencies/Pubnative/ATOM.xcframework'. (in target 'AATKit-PubNative' from project 'AATKitSPM')
/Users/admin/builder/spi-builder-workspace/Dependencies/Pubnative/HyBid.xcframework:1:1: error: While building for tvOS, no library for this platform was found in '/Users/admin/builder/spi-builder-workspace/Dependencies/Pubnative/HyBid.xcframework'. (in target 'AATKit-PubNative' from project 'AATKitSPM')
/Users/admin/builder/spi-builder-workspace/Dependencies/AATKit/Adapters/AATKidozAdapter.xcframework:1:1: error: While building for tvOS, no library for this platform was found in '/Users/admin/builder/spi-builder-workspace/Dependencies/AATKit/Adapters/AATKidozAdapter.xcframework'. (in target 'AATKit-Kidoz-product' from project 'AATKitSPM')
/Users/admin/builder/spi-builder-workspace/Dependencies/Kidoz/KidozSDK.xcframework:1:1: error: While building for tvOS, no library for this platform was found in '/Users/admin/builder/spi-builder-workspace/Dependencies/Kidoz/KidozSDK.xcframework'. (in target 'AATKit-Kidoz-product' from project 'AATKitSPM')
/Users/admin/builder/spi-builder-workspace/.dependencies/artifacts/applovin-max-swift-package/AppLovinSDK/AppLovinSDK.xcframework:1:1: error: While building for tvOS, no library for this platform was found in '/Users/admin/builder/spi-builder-workspace/.dependencies/artifacts/applovin-max-swift-package/AppLovinSDK/AppLovinSDK.xcframework'. (in target 'AATKit-AppLovin-product' from project 'AATKitSPM')
/Users/admin/builder/spi-builder-workspace/Dependencies/AATKit/Adapters/AATAppLovinAdapter.xcframework:1:1: error: While building for tvOS, no library for this platform was found in '/Users/admin/builder/spi-builder-workspace/Dependencies/AATKit/Adapters/AATAppLovinAdapter.xcframework'. (in target 'AATKit-AppLovin-product' from project 'AATKitSPM')
/Users/admin/builder/spi-builder-workspace/Dependencies/AATKit/AATKit.xcframework:1:1: error: While building for tvOS, no library for this platform was found in '/Users/admin/builder/spi-builder-workspace/Dependencies/AATKit/AATKit.xcframework'. (in target 'AATKit-AATAdMobMediationAdapter' from project 'AATKitSPM')
/Users/admin/builder/spi-builder-workspace/Dependencies/AATKit/Adapters/AATGoogleAdsAdapter.xcframework:1:1: error: While building for tvOS, no library for this platform was found in '/Users/admin/builder/spi-builder-workspace/Dependencies/AATKit/Adapters/AATGoogleAdsAdapter.xcframework'. (in target 'AATKit-AATAdMobMediationAdapter' from project 'AATKitSPM')
/Users/admin/builder/spi-builder-workspace/Dependencies/AATKit/Adapters/AATDFPPrebidAdapter.xcframework:1:1: error: While building for tvOS, no library for this platform was found in '/Users/admin/builder/spi-builder-workspace/Dependencies/AATKit/Adapters/AATDFPPrebidAdapter.xcframework'. (in target 'AATKit-Prebid' from project 'AATKitSPM')
/Users/admin/builder/spi-builder-workspace/Dependencies/Prebid/PrebidMobile.xcframework:1:1: error: While building for tvOS, no library for this platform was found in '/Users/admin/builder/spi-builder-workspace/Dependencies/Prebid/PrebidMobile.xcframework'. (in target 'AATKit-Prebid' from project 'AATKitSPM')
/Users/admin/builder/spi-builder-workspace/.dependencies/artifacts/swift-package-manager-google-user-messaging-platform/UserMessagingPlatform/UserMessagingPlatform.xcframework:1:1: error: While building for tvOS, no library for this platform was found in '/Users/admin/builder/spi-builder-workspace/.dependencies/artifacts/swift-package-manager-google-user-messaging-platform/UserMessagingPlatform/UserMessagingPlatform.xcframework'. (in target 'UserMessagingPlatformTarget' from project 'GoogleUserMessagingPlatform')
/Users/admin/builder/spi-builder-workspace/Dependencies/AATKit/Adapters/AATFacebookAdapter.xcframework:1:1: error: While building for tvOS, no library for this platform was found in '/Users/admin/builder/spi-builder-workspace/Dependencies/AATKit/Adapters/AATFacebookAdapter.xcframework'. (in target 'AATKit-Facebook' from project 'AATKitSPM')
/Users/admin/builder/spi-builder-workspace/Dependencies/Facebook/FBAudienceNetwork.xcframework:1:1: error: While building for tvOS, no library for this platform was found in '/Users/admin/builder/spi-builder-workspace/Dependencies/Facebook/FBAudienceNetwork.xcframework'. (in target 'AATKit-Facebook' from project 'AATKitSPM')
/Users/admin/builder/spi-builder-workspace/Dependencies/Facebook/MetaAdapter.xcframework:1:1: error: While building for tvOS, no library for this platform was found in '/Users/admin/builder/spi-builder-workspace/Dependencies/Facebook/MetaAdapter.xcframework'. (in target 'AATKit-Facebook' from project 'AATKitSPM')
/Users/admin/builder/spi-builder-workspace/Dependencies/AATKit/AATKit.xcframework:1:1: error: While building for tvOS, no library for this platform was found in '/Users/admin/builder/spi-builder-workspace/Dependencies/AATKit/AATKit.xcframework'. (in target 'AATKit-Core-product' from project 'AATKitSPM')
/Users/admin/builder/spi-builder-workspace/Dependencies/AATKit/Adapters/AATUTIQAdapter.xcframework:1:1: error: While building for tvOS, no library for this platform was found in '/Users/admin/builder/spi-builder-workspace/Dependencies/AATKit/Adapters/AATUTIQAdapter.xcframework'. (in target 'AATKit-UTIQ-product' from project 'AATKitSPM')
/Users/admin/builder/spi-builder-workspace/Dependencies/UTIQ/Utiq.xcframework:1:1: error: While building for tvOS, no library for this platform was found in '/Users/admin/builder/spi-builder-workspace/Dependencies/UTIQ/Utiq.xcframework'. (in target 'AATKit-UTIQ-product' from project 'AATKitSPM')
/Users/admin/builder/spi-builder-workspace/Dependencies/AATKit/Adapters/AATKidozAdapter.xcframework:1:1: error: While building for tvOS, no library for this platform was found in '/Users/admin/builder/spi-builder-workspace/Dependencies/AATKit/Adapters/AATKidozAdapter.xcframework'. (in target 'AATKit-Kidoz' from project 'AATKitSPM')
/Users/admin/builder/spi-builder-workspace/Dependencies/Kidoz/KidozSDK.xcframework:1:1: error: While building for tvOS, no library for this platform was found in '/Users/admin/builder/spi-builder-workspace/Dependencies/Kidoz/KidozSDK.xcframework'. (in target 'AATKit-Kidoz' from project 'AATKitSPM')
2026-09-23 08:43:07.440 xcodebuild[1266:7325] [MT] IDERunDestination: Supported platforms for the buildables in the current scheme is empty.
2026-09-23 08:43:07.543 xcodebuild[1266:7325] [MT] IDERunDestination: Supported platforms for the buildables in the current scheme is empty.
2026-09-23 08:43:08.783 xcodebuild[1266:7325] [MT] IDERunDestination: Supported platforms for the buildables in the current scheme is empty.
** BUILD FAILED **
The following build commands failed:
Building workspace AATKitSPM with scheme AATKitSPM-Package
(1 failure)
BUILD FAILURE 6.4 tvOS