Build Information
Failed to build SnapshotTestingStitch, reference main (a1c51a), with Swift 6.4 for watchOS using Xcode 27.0 on 18 Sep 2026 02:50:41 UTC.
Build Command
env DEVELOPER_DIR=/Applications/Xcode-27.0.0-Release.Candidate.app xcrun xcodebuild -IDEClonedSourcePackagesDirPathOverride=$PWD/.dependencies -skipMacroValidation -skipPackagePluginValidation -derivedDataPath $PWD/.derivedData build -scheme SnapshotTestingStitch -destination generic/platform=watchOSBuild Log
SwiftDriverJobDiscovery normal arm64 Compiling CALayer.swift, CGPath.swift, CaseIterable.swift (in target 'SnapshotTesting' from project 'swift-snapshot-testing')
SwiftCompile normal arm64_32 Compiling\ String+SpecialCharacters.swift,\ View.swift,\ XCTAttachment.swift,\ Diff.swift /Users/admin/builder/spi-builder-workspace/.dependencies/checkouts/swift-snapshot-testing/Sources/SnapshotTesting/Common/String+SpecialCharacters.swift /Users/admin/builder/spi-builder-workspace/.dependencies/checkouts/swift-snapshot-testing/Sources/SnapshotTesting/Common/View.swift /Users/admin/builder/spi-builder-workspace/.dependencies/checkouts/swift-snapshot-testing/Sources/SnapshotTesting/Common/XCTAttachment.swift /Users/admin/builder/spi-builder-workspace/.dependencies/checkouts/swift-snapshot-testing/Sources/SnapshotTesting/Diff.swift (in target 'SnapshotTesting' from project 'swift-snapshot-testing')
SwiftCompile normal arm64_32 /Users/admin/builder/spi-builder-workspace/.dependencies/checkouts/swift-snapshot-testing/Sources/SnapshotTesting/Common/String+SpecialCharacters.swift (in target 'SnapshotTesting' from project 'swift-snapshot-testing')
cd /Users/admin/builder/spi-builder-workspace/.swiftpm/xcode
builtin-SwiftPerFileCompile String+SpecialCharacters.swift
SwiftCompile normal arm64_32 /Users/admin/builder/spi-builder-workspace/.dependencies/checkouts/swift-snapshot-testing/Sources/SnapshotTesting/Common/View.swift (in target 'SnapshotTesting' from project 'swift-snapshot-testing')
cd /Users/admin/builder/spi-builder-workspace/.swiftpm/xcode
builtin-SwiftPerFileCompile View.swift
SwiftCompile normal arm64_32 /Users/admin/builder/spi-builder-workspace/.dependencies/checkouts/swift-snapshot-testing/Sources/SnapshotTesting/Common/XCTAttachment.swift (in target 'SnapshotTesting' from project 'swift-snapshot-testing')
cd /Users/admin/builder/spi-builder-workspace/.swiftpm/xcode
builtin-SwiftPerFileCompile XCTAttachment.swift
SwiftCompile normal arm64_32 /Users/admin/builder/spi-builder-workspace/.dependencies/checkouts/swift-snapshot-testing/Sources/SnapshotTesting/Diff.swift (in target 'SnapshotTesting' from project 'swift-snapshot-testing')
cd /Users/admin/builder/spi-builder-workspace/.swiftpm/xcode
builtin-SwiftPerFileCompile Diff.swift
Copy /Users/admin/builder/spi-builder-workspace/.derivedData/Build/Products/Debug-watchos/SnapshotTesting.swiftmodule/arm64-apple-watchos.swiftmodule /Users/admin/builder/spi-builder-workspace/.derivedData/Build/Intermediates.noindex/swift-snapshot-testing.build/Debug-watchos/SnapshotTesting-t.build/Objects-normal/arm64/SnapshotTesting.swiftmodule (in target 'SnapshotTesting' from project 'swift-snapshot-testing')
cd /Users/admin/builder/spi-builder-workspace/.dependencies/checkouts/swift-snapshot-testing
builtin-copy -exclude .DS_Store -exclude CVS -exclude .svn -exclude .git -exclude .hg -resolve-src-symlinks -rename /Users/admin/builder/spi-builder-workspace/.derivedData/Build/Intermediates.noindex/swift-snapshot-testing.build/Debug-watchos/SnapshotTesting-t.build/Objects-normal/arm64/SnapshotTesting.swiftmodule /Users/admin/builder/spi-builder-workspace/.derivedData/Build/Products/Debug-watchos/SnapshotTesting.swiftmodule/arm64-apple-watchos.swiftmodule
SwiftDriverJobDiscovery normal arm64_32 Emitting module for SnapshotTesting (in target 'SnapshotTesting' from project 'swift-snapshot-testing')
SwiftDriver\ Compilation\ Requirements SnapshotTesting normal arm64_32 com.apple.xcode.tools.swift.compiler (in target 'SnapshotTesting' from project 'swift-snapshot-testing')
cd /Users/admin/builder/spi-builder-workspace/.swiftpm/xcode
builtin-Swift-Compilation-Requirements -- /Applications/Xcode-27.0.0-Release.Candidate.app/Contents/Developer/Toolchains/XcodeDefault.xctoolchain/usr/bin/swiftc -parse-as-library -module-name SnapshotTesting -Onone @/Users/admin/builder/spi-builder-workspace/.derivedData/Build/Intermediates.noindex/swift-snapshot-testing.build/Debug-watchos/SnapshotTesting-t.build/Objects-normal/arm64_32/SnapshotTesting.SwiftFileList -DSWIFT_PACKAGE -DDEBUG -DSWIFT_MODULE_RESOURCE_BUNDLE_UNAVAILABLE -DXcode -plugin-path /Applications/Xcode-27.0.0-Release.Candidate.app/Contents/Developer/Toolchains/XcodeDefault.xctoolchain/usr/lib/swift/host/plugins/testing -enable-experimental-feature DebugDescriptionMacro -sdk /Applications/Xcode-27.0.0-Release.Candidate.app/Contents/Developer/Platforms/WatchOS.platform/Developer/SDKs/WatchOS27.0.sdk -target arm64_32-apple-watchos9.0 -g -module-cache-path /Users/admin/builder/spi-builder-workspace/.derivedData/ModuleCache.noindex -Xfrontend -serialize-debugging-options -profile-coverage-mapping -profile-generate -enable-testing -suppress-warnings -index-store-path /Users/admin/builder/spi-builder-workspace/.derivedData/Index.noindex/DataStore -Xcc -D_LIBCPP_HARDENING_MODE\=_LIBCPP_HARDENING_MODE_DEBUG -swift-version 5 -I /Users/admin/builder/spi-builder-workspace/.derivedData/Build/Products/Debug-watchos -Isystem /Applications/Xcode-27.0.0-Release.Candidate.app/Contents/Developer/Platforms/WatchOS.platform/Developer/usr/lib -F /Users/admin/builder/spi-builder-workspace/.derivedData/Build/Products/Debug-watchos -F /Applications/Xcode-27.0.0-Release.Candidate.app/Contents/Developer/Platforms/WatchOS.platform/Developer/Library/Frameworks -F /Applications/Xcode-27.0.0-Release.Candidate.app/Contents/Developer/Platforms/WatchOS.platform/Developer/SDKs/WatchOS27.0.sdk/Developer/Library/Frameworks -c -j10 -enable-batch-mode -incremental -Xcc -ivfsstatcache -Xcc /Users/admin/builder/spi-builder-workspace/.derivedData/SDKStatCaches.noindex/watchos27.0-24R360-e829b21a6f8c9b70876ba0858053c04477534ef55a1706bf4c1112bbb242f0a2.sdkstatcache -output-file-map /Users/admin/builder/spi-builder-workspace/.derivedData/Build/Intermediates.noindex/swift-snapshot-testing.build/Debug-watchos/SnapshotTesting-t.build/Objects-normal/arm64_32/SnapshotTesting-OutputFileMap.json -save-temps -no-color-diagnostics -explicit-module-build -module-cache-path /Users/admin/builder/spi-builder-workspace/.derivedData/Build/Intermediates.noindex/SwiftExplicitPrecompiledModules -clang-scanner-module-cache-path /Users/admin/builder/spi-builder-workspace/.derivedData/ModuleCache.noindex -sdk-module-cache-path /Users/admin/builder/spi-builder-workspace/.derivedData/SDKExplicitPrecompiledModules -emit-dependencies -emit-module -emit-module-path /Users/admin/builder/spi-builder-workspace/.derivedData/Build/Intermediates.noindex/swift-snapshot-testing.build/Debug-watchos/SnapshotTesting-t.build/Objects-normal/arm64_32/SnapshotTesting.swiftmodule -serialize-diagnostics -dependency-scan-serialize-diagnostics-path /Users/admin/builder/spi-builder-workspace/.derivedData/Build/Intermediates.noindex/swift-snapshot-testing.build/Debug-watchos/SnapshotTesting-t.build/Objects-normal/arm64_32/SnapshotTesting-dependency-scan.dia -user-module-version 1.19.5 -validate-clang-modules-once -clang-build-session-file /Users/admin/builder/spi-builder-workspace/.derivedData/ModuleCache.noindex/Session.modulevalidation -Xcc -fmodules-prune-interval\=86400 -Xcc -fmodules-prune-after\=345600 -package-name swift_snapshot_testing -emit-const-values -const-gather-protocols-list /Users/admin/builder/spi-builder-workspace/.derivedData/Build/Intermediates.noindex/swift-snapshot-testing.build/Debug-watchos/SnapshotTesting-t.build/Objects-normal/arm64_32/SnapshotTesting_const_extract_protocols.json -Xcc -I/Users/admin/builder/spi-builder-workspace/.derivedData/Build/Products/Debug-watchos/include -Xcc -I/Users/admin/builder/spi-builder-workspace/.derivedData/Build/Intermediates.noindex/swift-snapshot-testing.build/Debug-watchos/SnapshotTesting-t.build/DerivedSources-normal/arm64_32 -Xcc -I/Users/admin/builder/spi-builder-workspace/.derivedData/Build/Intermediates.noindex/swift-snapshot-testing.build/Debug-watchos/SnapshotTesting-t.build/DerivedSources/arm64_32 -Xcc -I/Users/admin/builder/spi-builder-workspace/.derivedData/Build/Intermediates.noindex/swift-snapshot-testing.build/Debug-watchos/SnapshotTesting-t.build/DerivedSources -Xcc -DSWIFT_PACKAGE -Xcc -DDEBUG\=1 -emit-objc-header -emit-objc-header-path /Users/admin/builder/spi-builder-workspace/.derivedData/Build/Intermediates.noindex/swift-snapshot-testing.build/Debug-watchos/SnapshotTesting-t.build/Objects-normal/arm64_32/SnapshotTesting-Swift.h -working-directory /Users/admin/builder/spi-builder-workspace/.swiftpm/xcode -experimental-emit-module-separately -disable-cmo
Copy /Users/admin/builder/spi-builder-workspace/.derivedData/Build/Products/Debug-watchos/SnapshotTesting.swiftmodule/arm64-apple-watchos.swiftdoc /Users/admin/builder/spi-builder-workspace/.derivedData/Build/Intermediates.noindex/swift-snapshot-testing.build/Debug-watchos/SnapshotTesting-t.build/Objects-normal/arm64/SnapshotTesting.swiftdoc (in target 'SnapshotTesting' from project 'swift-snapshot-testing')
cd /Users/admin/builder/spi-builder-workspace/.dependencies/checkouts/swift-snapshot-testing
builtin-copy -exclude .DS_Store -exclude CVS -exclude .svn -exclude .git -exclude .hg -resolve-src-symlinks -rename /Users/admin/builder/spi-builder-workspace/.derivedData/Build/Intermediates.noindex/swift-snapshot-testing.build/Debug-watchos/SnapshotTesting-t.build/Objects-normal/arm64/SnapshotTesting.swiftdoc /Users/admin/builder/spi-builder-workspace/.derivedData/Build/Products/Debug-watchos/SnapshotTesting.swiftmodule/arm64-apple-watchos.swiftdoc
Copy /Users/admin/builder/spi-builder-workspace/.derivedData/Build/Products/Debug-watchos/SnapshotTesting.swiftmodule/arm64-apple-watchos.abi.json /Users/admin/builder/spi-builder-workspace/.derivedData/Build/Intermediates.noindex/swift-snapshot-testing.build/Debug-watchos/SnapshotTesting-t.build/Objects-normal/arm64/SnapshotTesting.abi.json (in target 'SnapshotTesting' from project 'swift-snapshot-testing')
cd /Users/admin/builder/spi-builder-workspace/.dependencies/checkouts/swift-snapshot-testing
builtin-copy -exclude .DS_Store -exclude CVS -exclude .svn -exclude .git -exclude .hg -resolve-src-symlinks -rename /Users/admin/builder/spi-builder-workspace/.derivedData/Build/Intermediates.noindex/swift-snapshot-testing.build/Debug-watchos/SnapshotTesting-t.build/Objects-normal/arm64/SnapshotTesting.abi.json /Users/admin/builder/spi-builder-workspace/.derivedData/Build/Products/Debug-watchos/SnapshotTesting.swiftmodule/arm64-apple-watchos.abi.json
SwiftMergeGeneratedHeaders /Users/admin/builder/spi-builder-workspace/.derivedData/Build/Intermediates.noindex/GeneratedModuleMaps-watchos/SnapshotTesting-Swift.h /Users/admin/builder/spi-builder-workspace/.derivedData/Build/Intermediates.noindex/swift-snapshot-testing.build/Debug-watchos/SnapshotTesting-t.build/Objects-normal/arm64/SnapshotTesting-Swift.h /Users/admin/builder/spi-builder-workspace/.derivedData/Build/Intermediates.noindex/swift-snapshot-testing.build/Debug-watchos/SnapshotTesting-t.build/Objects-normal/arm64_32/SnapshotTesting-Swift.h (in target 'SnapshotTesting' from project 'swift-snapshot-testing')
cd /Users/admin/builder/spi-builder-workspace/.dependencies/checkouts/swift-snapshot-testing
builtin-swiftHeaderTool -arch arm64 /Users/admin/builder/spi-builder-workspace/.derivedData/Build/Intermediates.noindex/swift-snapshot-testing.build/Debug-watchos/SnapshotTesting-t.build/Objects-normal/arm64/SnapshotTesting-Swift.h -arch arm64_32 /Users/admin/builder/spi-builder-workspace/.derivedData/Build/Intermediates.noindex/swift-snapshot-testing.build/Debug-watchos/SnapshotTesting-t.build/Objects-normal/arm64_32/SnapshotTesting-Swift.h -o /Users/admin/builder/spi-builder-workspace/.derivedData/Build/Intermediates.noindex/GeneratedModuleMaps-watchos/SnapshotTesting-Swift.h
Copy /Users/admin/builder/spi-builder-workspace/.derivedData/Build/Products/Debug-watchos/SnapshotTesting.swiftmodule/arm64_32-apple-watchos.swiftmodule /Users/admin/builder/spi-builder-workspace/.derivedData/Build/Intermediates.noindex/swift-snapshot-testing.build/Debug-watchos/SnapshotTesting-t.build/Objects-normal/arm64_32/SnapshotTesting.swiftmodule (in target 'SnapshotTesting' from project 'swift-snapshot-testing')
cd /Users/admin/builder/spi-builder-workspace/.dependencies/checkouts/swift-snapshot-testing
builtin-copy -exclude .DS_Store -exclude CVS -exclude .svn -exclude .git -exclude .hg -resolve-src-symlinks -rename /Users/admin/builder/spi-builder-workspace/.derivedData/Build/Intermediates.noindex/swift-snapshot-testing.build/Debug-watchos/SnapshotTesting-t.build/Objects-normal/arm64_32/SnapshotTesting.swiftmodule /Users/admin/builder/spi-builder-workspace/.derivedData/Build/Products/Debug-watchos/SnapshotTesting.swiftmodule/arm64_32-apple-watchos.swiftmodule
Copy /Users/admin/builder/spi-builder-workspace/.derivedData/Build/Products/Debug-watchos/SnapshotTesting.swiftmodule/arm64_32-apple-watchos.swiftdoc /Users/admin/builder/spi-builder-workspace/.derivedData/Build/Intermediates.noindex/swift-snapshot-testing.build/Debug-watchos/SnapshotTesting-t.build/Objects-normal/arm64_32/SnapshotTesting.swiftdoc (in target 'SnapshotTesting' from project 'swift-snapshot-testing')
cd /Users/admin/builder/spi-builder-workspace/.dependencies/checkouts/swift-snapshot-testing
builtin-copy -exclude .DS_Store -exclude CVS -exclude .svn -exclude .git -exclude .hg -resolve-src-symlinks -rename /Users/admin/builder/spi-builder-workspace/.derivedData/Build/Intermediates.noindex/swift-snapshot-testing.build/Debug-watchos/SnapshotTesting-t.build/Objects-normal/arm64_32/SnapshotTesting.swiftdoc /Users/admin/builder/spi-builder-workspace/.derivedData/Build/Products/Debug-watchos/SnapshotTesting.swiftmodule/arm64_32-apple-watchos.swiftdoc
Copy /Users/admin/builder/spi-builder-workspace/.derivedData/Build/Products/Debug-watchos/SnapshotTesting.swiftmodule/arm64_32-apple-watchos.abi.json /Users/admin/builder/spi-builder-workspace/.derivedData/Build/Intermediates.noindex/swift-snapshot-testing.build/Debug-watchos/SnapshotTesting-t.build/Objects-normal/arm64_32/SnapshotTesting.abi.json (in target 'SnapshotTesting' from project 'swift-snapshot-testing')
cd /Users/admin/builder/spi-builder-workspace/.dependencies/checkouts/swift-snapshot-testing
builtin-copy -exclude .DS_Store -exclude CVS -exclude .svn -exclude .git -exclude .hg -resolve-src-symlinks -rename /Users/admin/builder/spi-builder-workspace/.derivedData/Build/Intermediates.noindex/swift-snapshot-testing.build/Debug-watchos/SnapshotTesting-t.build/Objects-normal/arm64_32/SnapshotTesting.abi.json /Users/admin/builder/spi-builder-workspace/.derivedData/Build/Products/Debug-watchos/SnapshotTesting.swiftmodule/arm64_32-apple-watchos.abi.json
Copy /Users/admin/builder/spi-builder-workspace/.derivedData/Build/Products/Debug-watchos/SnapshotTesting.swiftmodule/Project/arm64_32-apple-watchos.swiftsourceinfo /Users/admin/builder/spi-builder-workspace/.derivedData/Build/Intermediates.noindex/swift-snapshot-testing.build/Debug-watchos/SnapshotTesting-t.build/Objects-normal/arm64_32/SnapshotTesting.swiftsourceinfo (in target 'SnapshotTesting' from project 'swift-snapshot-testing')
cd /Users/admin/builder/spi-builder-workspace/.dependencies/checkouts/swift-snapshot-testing
builtin-copy -exclude .DS_Store -exclude CVS -exclude .svn -exclude .git -exclude .hg -resolve-src-symlinks -rename /Users/admin/builder/spi-builder-workspace/.derivedData/Build/Intermediates.noindex/swift-snapshot-testing.build/Debug-watchos/SnapshotTesting-t.build/Objects-normal/arm64_32/SnapshotTesting.swiftsourceinfo /Users/admin/builder/spi-builder-workspace/.derivedData/Build/Products/Debug-watchos/SnapshotTesting.swiftmodule/Project/arm64_32-apple-watchos.swiftsourceinfo
Copy /Users/admin/builder/spi-builder-workspace/.derivedData/Build/Products/Debug-watchos/SnapshotTesting.swiftmodule/Project/arm64-apple-watchos.swiftsourceinfo /Users/admin/builder/spi-builder-workspace/.derivedData/Build/Intermediates.noindex/swift-snapshot-testing.build/Debug-watchos/SnapshotTesting-t.build/Objects-normal/arm64/SnapshotTesting.swiftsourceinfo (in target 'SnapshotTesting' from project 'swift-snapshot-testing')
cd /Users/admin/builder/spi-builder-workspace/.dependencies/checkouts/swift-snapshot-testing
builtin-copy -exclude .DS_Store -exclude CVS -exclude .svn -exclude .git -exclude .hg -resolve-src-symlinks -rename /Users/admin/builder/spi-builder-workspace/.derivedData/Build/Intermediates.noindex/swift-snapshot-testing.build/Debug-watchos/SnapshotTesting-t.build/Objects-normal/arm64/SnapshotTesting.swiftsourceinfo /Users/admin/builder/spi-builder-workspace/.derivedData/Build/Products/Debug-watchos/SnapshotTesting.swiftmodule/Project/arm64-apple-watchos.swiftsourceinfo
SwiftCompile normal arm64_32 Compiling\ Diffing.swift,\ Wait.swift,\ Deprecations.swift,\ RecordIssue.swift /Users/admin/builder/spi-builder-workspace/.dependencies/checkouts/swift-snapshot-testing/Sources/SnapshotTesting/Diffing.swift /Users/admin/builder/spi-builder-workspace/.dependencies/checkouts/swift-snapshot-testing/Sources/SnapshotTesting/Extensions/Wait.swift /Users/admin/builder/spi-builder-workspace/.dependencies/checkouts/swift-snapshot-testing/Sources/SnapshotTesting/Internal/Deprecations.swift /Users/admin/builder/spi-builder-workspace/.dependencies/checkouts/swift-snapshot-testing/Sources/SnapshotTesting/Internal/RecordIssue.swift (in target 'SnapshotTesting' from project 'swift-snapshot-testing')
SwiftCompile normal arm64_32 /Users/admin/builder/spi-builder-workspace/.dependencies/checkouts/swift-snapshot-testing/Sources/SnapshotTesting/Diffing.swift (in target 'SnapshotTesting' from project 'swift-snapshot-testing')
cd /Users/admin/builder/spi-builder-workspace/.swiftpm/xcode
builtin-SwiftPerFileCompile Diffing.swift
SwiftCompile normal arm64_32 /Users/admin/builder/spi-builder-workspace/.dependencies/checkouts/swift-snapshot-testing/Sources/SnapshotTesting/Extensions/Wait.swift (in target 'SnapshotTesting' from project 'swift-snapshot-testing')
cd /Users/admin/builder/spi-builder-workspace/.swiftpm/xcode
builtin-SwiftPerFileCompile Wait.swift
SwiftCompile normal arm64_32 /Users/admin/builder/spi-builder-workspace/.dependencies/checkouts/swift-snapshot-testing/Sources/SnapshotTesting/Internal/Deprecations.swift (in target 'SnapshotTesting' from project 'swift-snapshot-testing')
cd /Users/admin/builder/spi-builder-workspace/.swiftpm/xcode
builtin-SwiftPerFileCompile Deprecations.swift
SwiftCompile normal arm64_32 /Users/admin/builder/spi-builder-workspace/.dependencies/checkouts/swift-snapshot-testing/Sources/SnapshotTesting/Internal/RecordIssue.swift (in target 'SnapshotTesting' from project 'swift-snapshot-testing')
cd /Users/admin/builder/spi-builder-workspace/.swiftpm/xcode
builtin-SwiftPerFileCompile RecordIssue.swift
SwiftCompile normal arm64_32 Compiling\ SwiftUIView.swift,\ UIBezierPath.swift,\ UIImage.swift /Users/admin/builder/spi-builder-workspace/.dependencies/checkouts/swift-snapshot-testing/Sources/SnapshotTesting/Snapshotting/SwiftUIView.swift /Users/admin/builder/spi-builder-workspace/.dependencies/checkouts/swift-snapshot-testing/Sources/SnapshotTesting/Snapshotting/UIBezierPath.swift /Users/admin/builder/spi-builder-workspace/.dependencies/checkouts/swift-snapshot-testing/Sources/SnapshotTesting/Snapshotting/UIImage.swift (in target 'SnapshotTesting' from project 'swift-snapshot-testing')
SwiftCompile normal arm64_32 /Users/admin/builder/spi-builder-workspace/.dependencies/checkouts/swift-snapshot-testing/Sources/SnapshotTesting/Snapshotting/SwiftUIView.swift (in target 'SnapshotTesting' from project 'swift-snapshot-testing')
cd /Users/admin/builder/spi-builder-workspace/.swiftpm/xcode
builtin-SwiftPerFileCompile SwiftUIView.swift
SwiftCompile normal arm64_32 /Users/admin/builder/spi-builder-workspace/.dependencies/checkouts/swift-snapshot-testing/Sources/SnapshotTesting/Snapshotting/UIBezierPath.swift (in target 'SnapshotTesting' from project 'swift-snapshot-testing')
cd /Users/admin/builder/spi-builder-workspace/.swiftpm/xcode
builtin-SwiftPerFileCompile UIBezierPath.swift
SwiftCompile normal arm64_32 /Users/admin/builder/spi-builder-workspace/.dependencies/checkouts/swift-snapshot-testing/Sources/SnapshotTesting/Snapshotting/UIImage.swift (in target 'SnapshotTesting' from project 'swift-snapshot-testing')
cd /Users/admin/builder/spi-builder-workspace/.swiftpm/xcode
builtin-SwiftPerFileCompile UIImage.swift
SwiftDriverJobDiscovery normal arm64_32 Compiling NSImage.swift, NSView.swift, NSViewController.swift (in target 'SnapshotTesting' from project 'swift-snapshot-testing')
SwiftCompile normal arm64_32 Compiling\ SnapshotTestingConfiguration.swift,\ SnapshotsTestTrait.swift,\ Snapshotting.swift,\ Any.swift /Users/admin/builder/spi-builder-workspace/.dependencies/checkouts/swift-snapshot-testing/Sources/SnapshotTesting/SnapshotTestingConfiguration.swift /Users/admin/builder/spi-builder-workspace/.dependencies/checkouts/swift-snapshot-testing/Sources/SnapshotTesting/SnapshotsTestTrait.swift /Users/admin/builder/spi-builder-workspace/.dependencies/checkouts/swift-snapshot-testing/Sources/SnapshotTesting/Snapshotting.swift /Users/admin/builder/spi-builder-workspace/.dependencies/checkouts/swift-snapshot-testing/Sources/SnapshotTesting/Snapshotting/Any.swift (in target 'SnapshotTesting' from project 'swift-snapshot-testing')
SwiftCompile normal arm64_32 /Users/admin/builder/spi-builder-workspace/.dependencies/checkouts/swift-snapshot-testing/Sources/SnapshotTesting/SnapshotTestingConfiguration.swift (in target 'SnapshotTesting' from project 'swift-snapshot-testing')
cd /Users/admin/builder/spi-builder-workspace/.swiftpm/xcode
builtin-SwiftPerFileCompile SnapshotTestingConfiguration.swift
SwiftCompile normal arm64_32 /Users/admin/builder/spi-builder-workspace/.dependencies/checkouts/swift-snapshot-testing/Sources/SnapshotTesting/SnapshotsTestTrait.swift (in target 'SnapshotTesting' from project 'swift-snapshot-testing')
cd /Users/admin/builder/spi-builder-workspace/.swiftpm/xcode
builtin-SwiftPerFileCompile SnapshotsTestTrait.swift
SwiftCompile normal arm64_32 /Users/admin/builder/spi-builder-workspace/.dependencies/checkouts/swift-snapshot-testing/Sources/SnapshotTesting/Snapshotting.swift (in target 'SnapshotTesting' from project 'swift-snapshot-testing')
cd /Users/admin/builder/spi-builder-workspace/.swiftpm/xcode
builtin-SwiftPerFileCompile Snapshotting.swift
SwiftCompile normal arm64_32 /Users/admin/builder/spi-builder-workspace/.dependencies/checkouts/swift-snapshot-testing/Sources/SnapshotTesting/Snapshotting/Any.swift (in target 'SnapshotTesting' from project 'swift-snapshot-testing')
cd /Users/admin/builder/spi-builder-workspace/.swiftpm/xcode
builtin-SwiftPerFileCompile Any.swift
SwiftDriverJobDiscovery normal arm64 Compiling UIView.swift, UIViewController.swift, URLRequest.swift (in target 'SnapshotTesting' from project 'swift-snapshot-testing')
SwiftDriverJobDiscovery normal arm64 Compiling String+SpecialCharacters.swift, View.swift, XCTAttachment.swift, Diff.swift (in target 'SnapshotTesting' from project 'swift-snapshot-testing')
SwiftCompile normal arm64_32 Compiling\ UIView.swift,\ UIViewController.swift,\ URLRequest.swift /Users/admin/builder/spi-builder-workspace/.dependencies/checkouts/swift-snapshot-testing/Sources/SnapshotTesting/Snapshotting/UIView.swift /Users/admin/builder/spi-builder-workspace/.dependencies/checkouts/swift-snapshot-testing/Sources/SnapshotTesting/Snapshotting/UIViewController.swift /Users/admin/builder/spi-builder-workspace/.dependencies/checkouts/swift-snapshot-testing/Sources/SnapshotTesting/Snapshotting/URLRequest.swift (in target 'SnapshotTesting' from project 'swift-snapshot-testing')
SwiftCompile normal arm64_32 /Users/admin/builder/spi-builder-workspace/.dependencies/checkouts/swift-snapshot-testing/Sources/SnapshotTesting/Snapshotting/UIView.swift (in target 'SnapshotTesting' from project 'swift-snapshot-testing')
cd /Users/admin/builder/spi-builder-workspace/.swiftpm/xcode
builtin-SwiftPerFileCompile UIView.swift
SwiftCompile normal arm64_32 /Users/admin/builder/spi-builder-workspace/.dependencies/checkouts/swift-snapshot-testing/Sources/SnapshotTesting/Snapshotting/UIViewController.swift (in target 'SnapshotTesting' from project 'swift-snapshot-testing')
cd /Users/admin/builder/spi-builder-workspace/.swiftpm/xcode
builtin-SwiftPerFileCompile UIViewController.swift
SwiftCompile normal arm64_32 /Users/admin/builder/spi-builder-workspace/.dependencies/checkouts/swift-snapshot-testing/Sources/SnapshotTesting/Snapshotting/URLRequest.swift (in target 'SnapshotTesting' from project 'swift-snapshot-testing')
cd /Users/admin/builder/spi-builder-workspace/.swiftpm/xcode
builtin-SwiftPerFileCompile URLRequest.swift
SwiftDriverJobDiscovery normal arm64_32 Compiling String+SpecialCharacters.swift, View.swift, XCTAttachment.swift, Diff.swift (in target 'SnapshotTesting' from project 'swift-snapshot-testing')
SwiftCompile normal arm64_32 Compiling\ CALayer.swift,\ CGPath.swift,\ CaseIterable.swift /Users/admin/builder/spi-builder-workspace/.dependencies/checkouts/swift-snapshot-testing/Sources/SnapshotTesting/Snapshotting/CALayer.swift /Users/admin/builder/spi-builder-workspace/.dependencies/checkouts/swift-snapshot-testing/Sources/SnapshotTesting/Snapshotting/CGPath.swift /Users/admin/builder/spi-builder-workspace/.dependencies/checkouts/swift-snapshot-testing/Sources/SnapshotTesting/Snapshotting/CaseIterable.swift (in target 'SnapshotTesting' from project 'swift-snapshot-testing')
SwiftCompile normal arm64_32 /Users/admin/builder/spi-builder-workspace/.dependencies/checkouts/swift-snapshot-testing/Sources/SnapshotTesting/Snapshotting/CALayer.swift (in target 'SnapshotTesting' from project 'swift-snapshot-testing')
cd /Users/admin/builder/spi-builder-workspace/.swiftpm/xcode
builtin-SwiftPerFileCompile CALayer.swift
SwiftCompile normal arm64_32 /Users/admin/builder/spi-builder-workspace/.dependencies/checkouts/swift-snapshot-testing/Sources/SnapshotTesting/Snapshotting/CGPath.swift (in target 'SnapshotTesting' from project 'swift-snapshot-testing')
cd /Users/admin/builder/spi-builder-workspace/.swiftpm/xcode
builtin-SwiftPerFileCompile CGPath.swift
SwiftCompile normal arm64_32 /Users/admin/builder/spi-builder-workspace/.dependencies/checkouts/swift-snapshot-testing/Sources/SnapshotTesting/Snapshotting/CaseIterable.swift (in target 'SnapshotTesting' from project 'swift-snapshot-testing')
cd /Users/admin/builder/spi-builder-workspace/.swiftpm/xcode
builtin-SwiftPerFileCompile CaseIterable.swift
SwiftDriverJobDiscovery normal arm64 Compiling SceneKit.swift, SpriteKit.swift, String.swift (in target 'SnapshotTesting' from project 'swift-snapshot-testing')
SwiftCompile normal arm64_32 Compiling\ AssertSnapshot.swift,\ Async.swift,\ Internal.swift,\ PlistEncoder.swift /Users/admin/builder/spi-builder-workspace/.dependencies/checkouts/swift-snapshot-testing/Sources/SnapshotTesting/AssertSnapshot.swift /Users/admin/builder/spi-builder-workspace/.dependencies/checkouts/swift-snapshot-testing/Sources/SnapshotTesting/Async.swift /Users/admin/builder/spi-builder-workspace/.dependencies/checkouts/swift-snapshot-testing/Sources/SnapshotTesting/Common/Internal.swift /Users/admin/builder/spi-builder-workspace/.dependencies/checkouts/swift-snapshot-testing/Sources/SnapshotTesting/Common/PlistEncoder.swift (in target 'SnapshotTesting' from project 'swift-snapshot-testing')
SwiftCompile normal arm64_32 /Users/admin/builder/spi-builder-workspace/.dependencies/checkouts/swift-snapshot-testing/Sources/SnapshotTesting/AssertSnapshot.swift (in target 'SnapshotTesting' from project 'swift-snapshot-testing')
cd /Users/admin/builder/spi-builder-workspace/.swiftpm/xcode
builtin-SwiftPerFileCompile AssertSnapshot.swift
SwiftCompile normal arm64_32 /Users/admin/builder/spi-builder-workspace/.dependencies/checkouts/swift-snapshot-testing/Sources/SnapshotTesting/Async.swift (in target 'SnapshotTesting' from project 'swift-snapshot-testing')
cd /Users/admin/builder/spi-builder-workspace/.swiftpm/xcode
builtin-SwiftPerFileCompile Async.swift
SwiftCompile normal arm64_32 /Users/admin/builder/spi-builder-workspace/.dependencies/checkouts/swift-snapshot-testing/Sources/SnapshotTesting/Common/Internal.swift (in target 'SnapshotTesting' from project 'swift-snapshot-testing')
cd /Users/admin/builder/spi-builder-workspace/.swiftpm/xcode
builtin-SwiftPerFileCompile Internal.swift
SwiftCompile normal arm64_32 /Users/admin/builder/spi-builder-workspace/.dependencies/checkouts/swift-snapshot-testing/Sources/SnapshotTesting/Common/PlistEncoder.swift (in target 'SnapshotTesting' from project 'swift-snapshot-testing')
cd /Users/admin/builder/spi-builder-workspace/.swiftpm/xcode
builtin-SwiftPerFileCompile PlistEncoder.swift
SwiftCompile normal arm64_32 Compiling\ Data.swift,\ Encodable.swift,\ NSBezierPath.swift /Users/admin/builder/spi-builder-workspace/.dependencies/checkouts/swift-snapshot-testing/Sources/SnapshotTesting/Snapshotting/Data.swift /Users/admin/builder/spi-builder-workspace/.dependencies/checkouts/swift-snapshot-testing/Sources/SnapshotTesting/Snapshotting/Encodable.swift /Users/admin/builder/spi-builder-workspace/.dependencies/checkouts/swift-snapshot-testing/Sources/SnapshotTesting/Snapshotting/NSBezierPath.swift (in target 'SnapshotTesting' from project 'swift-snapshot-testing')
SwiftCompile normal arm64_32 /Users/admin/builder/spi-builder-workspace/.dependencies/checkouts/swift-snapshot-testing/Sources/SnapshotTesting/Snapshotting/Data.swift (in target 'SnapshotTesting' from project 'swift-snapshot-testing')
cd /Users/admin/builder/spi-builder-workspace/.swiftpm/xcode
builtin-SwiftPerFileCompile Data.swift
SwiftCompile normal arm64_32 /Users/admin/builder/spi-builder-workspace/.dependencies/checkouts/swift-snapshot-testing/Sources/SnapshotTesting/Snapshotting/Encodable.swift (in target 'SnapshotTesting' from project 'swift-snapshot-testing')
cd /Users/admin/builder/spi-builder-workspace/.swiftpm/xcode
builtin-SwiftPerFileCompile Encodable.swift
SwiftCompile normal arm64_32 /Users/admin/builder/spi-builder-workspace/.dependencies/checkouts/swift-snapshot-testing/Sources/SnapshotTesting/Snapshotting/NSBezierPath.swift (in target 'SnapshotTesting' from project 'swift-snapshot-testing')
cd /Users/admin/builder/spi-builder-workspace/.swiftpm/xcode
builtin-SwiftPerFileCompile NSBezierPath.swift
SwiftDriverJobDiscovery normal arm64 Compiling Data.swift, Encodable.swift, NSBezierPath.swift (in target 'SnapshotTesting' from project 'swift-snapshot-testing')
SwiftDriverJobDiscovery normal arm64 Compiling SnapshotTestingConfiguration.swift, SnapshotsTestTrait.swift, Snapshotting.swift, Any.swift (in target 'SnapshotTesting' from project 'swift-snapshot-testing')
SwiftCompile normal arm64_32 Compiling\ SceneKit.swift,\ SpriteKit.swift,\ String.swift /Users/admin/builder/spi-builder-workspace/.dependencies/checkouts/swift-snapshot-testing/Sources/SnapshotTesting/Snapshotting/SceneKit.swift /Users/admin/builder/spi-builder-workspace/.dependencies/checkouts/swift-snapshot-testing/Sources/SnapshotTesting/Snapshotting/SpriteKit.swift /Users/admin/builder/spi-builder-workspace/.dependencies/checkouts/swift-snapshot-testing/Sources/SnapshotTesting/Snapshotting/String.swift (in target 'SnapshotTesting' from project 'swift-snapshot-testing')
SwiftCompile normal arm64_32 /Users/admin/builder/spi-builder-workspace/.dependencies/checkouts/swift-snapshot-testing/Sources/SnapshotTesting/Snapshotting/SceneKit.swift (in target 'SnapshotTesting' from project 'swift-snapshot-testing')
cd /Users/admin/builder/spi-builder-workspace/.swiftpm/xcode
builtin-SwiftPerFileCompile SceneKit.swift
SwiftCompile normal arm64_32 /Users/admin/builder/spi-builder-workspace/.dependencies/checkouts/swift-snapshot-testing/Sources/SnapshotTesting/Snapshotting/SpriteKit.swift (in target 'SnapshotTesting' from project 'swift-snapshot-testing')
cd /Users/admin/builder/spi-builder-workspace/.swiftpm/xcode
builtin-SwiftPerFileCompile SpriteKit.swift
SwiftCompile normal arm64_32 /Users/admin/builder/spi-builder-workspace/.dependencies/checkouts/swift-snapshot-testing/Sources/SnapshotTesting/Snapshotting/String.swift (in target 'SnapshotTesting' from project 'swift-snapshot-testing')
cd /Users/admin/builder/spi-builder-workspace/.swiftpm/xcode
builtin-SwiftPerFileCompile String.swift
SwiftCompile normal arm64 Compiling\ AssertSnapshot.swift,\ Async.swift,\ Internal.swift,\ PlistEncoder.swift /Users/admin/builder/spi-builder-workspace/.dependencies/checkouts/swift-snapshot-testing/Sources/SnapshotTesting/AssertSnapshot.swift /Users/admin/builder/spi-builder-workspace/.dependencies/checkouts/swift-snapshot-testing/Sources/SnapshotTesting/Async.swift /Users/admin/builder/spi-builder-workspace/.dependencies/checkouts/swift-snapshot-testing/Sources/SnapshotTesting/Common/Internal.swift /Users/admin/builder/spi-builder-workspace/.dependencies/checkouts/swift-snapshot-testing/Sources/SnapshotTesting/Common/PlistEncoder.swift (in target 'SnapshotTesting' from project 'swift-snapshot-testing')
SwiftCompile normal arm64 /Users/admin/builder/spi-builder-workspace/.dependencies/checkouts/swift-snapshot-testing/Sources/SnapshotTesting/AssertSnapshot.swift (in target 'SnapshotTesting' from project 'swift-snapshot-testing')
cd /Users/admin/builder/spi-builder-workspace/.swiftpm/xcode
builtin-SwiftPerFileCompile AssertSnapshot.swift
SwiftCompile normal arm64 /Users/admin/builder/spi-builder-workspace/.dependencies/checkouts/swift-snapshot-testing/Sources/SnapshotTesting/Async.swift (in target 'SnapshotTesting' from project 'swift-snapshot-testing')
cd /Users/admin/builder/spi-builder-workspace/.swiftpm/xcode
builtin-SwiftPerFileCompile Async.swift
SwiftCompile normal arm64 /Users/admin/builder/spi-builder-workspace/.dependencies/checkouts/swift-snapshot-testing/Sources/SnapshotTesting/Common/Internal.swift (in target 'SnapshotTesting' from project 'swift-snapshot-testing')
cd /Users/admin/builder/spi-builder-workspace/.swiftpm/xcode
builtin-SwiftPerFileCompile Internal.swift
SwiftCompile normal arm64 /Users/admin/builder/spi-builder-workspace/.dependencies/checkouts/swift-snapshot-testing/Sources/SnapshotTesting/Common/PlistEncoder.swift (in target 'SnapshotTesting' from project 'swift-snapshot-testing')
cd /Users/admin/builder/spi-builder-workspace/.swiftpm/xcode
builtin-SwiftPerFileCompile PlistEncoder.swift
SwiftDriverJobDiscovery normal arm64 Compiling Diffing.swift, Wait.swift, Deprecations.swift, RecordIssue.swift (in target 'SnapshotTesting' from project 'swift-snapshot-testing')
SwiftDriverJobDiscovery normal arm64_32 Compiling UIView.swift, UIViewController.swift, URLRequest.swift (in target 'SnapshotTesting' from project 'swift-snapshot-testing')
SwiftDriver SnapshotTestingHEIC normal arm64_32 com.apple.xcode.tools.swift.compiler (in target 'SnapshotTestingHEIC' from project 'SnapshotTestingHEIC')
cd /Users/admin/builder/spi-builder-workspace/.swiftpm/xcode
builtin-SwiftDriver -- /Applications/Xcode-27.0.0-Release.Candidate.app/Contents/Developer/Toolchains/XcodeDefault.xctoolchain/usr/bin/swiftc -parse-as-library -module-name SnapshotTestingHEIC -Onone @/Users/admin/builder/spi-builder-workspace/.derivedData/Build/Intermediates.noindex/SnapshotTestingHEIC.build/Debug-watchos/SnapshotTestingHEIC-t.build/Objects-normal/arm64_32/SnapshotTestingHEIC.SwiftFileList -DSWIFT_PACKAGE -DDEBUG -DSWIFT_MODULE_RESOURCE_BUNDLE_UNAVAILABLE -DXcode -plugin-path /Applications/Xcode-27.0.0-Release.Candidate.app/Contents/Developer/Toolchains/XcodeDefault.xctoolchain/usr/lib/swift/host/plugins/testing -enable-experimental-feature DebugDescriptionMacro -sdk /Applications/Xcode-27.0.0-Release.Candidate.app/Contents/Developer/Platforms/WatchOS.platform/Developer/SDKs/WatchOS27.0.sdk -target arm64_32-apple-watchos9.0 -g -module-cache-path /Users/admin/builder/spi-builder-workspace/.derivedData/ModuleCache.noindex -Xfrontend -serialize-debugging-options -profile-coverage-mapping -profile-generate -enable-testing -suppress-warnings -index-store-path /Users/admin/builder/spi-builder-workspace/.derivedData/Index.noindex/DataStore -Xcc -D_LIBCPP_HARDENING_MODE\=_LIBCPP_HARDENING_MODE_DEBUG -swift-version 5 -I /Users/admin/builder/spi-builder-workspace/.derivedData/Build/Products/Debug-watchos -Isystem /Applications/Xcode-27.0.0-Release.Candidate.app/Contents/Developer/Platforms/WatchOS.platform/Developer/usr/lib -F /Users/admin/builder/spi-builder-workspace/.derivedData/Build/Products/Debug-watchos/PackageFrameworks -F /Users/admin/builder/spi-builder-workspace/.derivedData/Build/Products/Debug-watchos -F /Applications/Xcode-27.0.0-Release.Candidate.app/Contents/Developer/Platforms/WatchOS.platform/Developer/Library/Frameworks -F /Applications/Xcode-27.0.0-Release.Candidate.app/Contents/Developer/Platforms/WatchOS.platform/Developer/SDKs/WatchOS27.0.sdk/Developer/Library/Frameworks -c -j10 -enable-batch-mode -incremental -Xcc -ivfsstatcache -Xcc /Users/admin/builder/spi-builder-workspace/.derivedData/SDKStatCaches.noindex/watchos27.0-24R360-e829b21a6f8c9b70876ba0858053c04477534ef55a1706bf4c1112bbb242f0a2.sdkstatcache -output-file-map /Users/admin/builder/spi-builder-workspace/.derivedData/Build/Intermediates.noindex/SnapshotTestingHEIC.build/Debug-watchos/SnapshotTestingHEIC-t.build/Objects-normal/arm64_32/SnapshotTestingHEIC-OutputFileMap.json -save-temps -no-color-diagnostics -explicit-module-build -module-cache-path /Users/admin/builder/spi-builder-workspace/.derivedData/Build/Intermediates.noindex/SwiftExplicitPrecompiledModules -clang-scanner-module-cache-path /Users/admin/builder/spi-builder-workspace/.derivedData/ModuleCache.noindex -sdk-module-cache-path /Users/admin/builder/spi-builder-workspace/.derivedData/SDKExplicitPrecompiledModules -emit-dependencies -emit-module -emit-module-path /Users/admin/builder/spi-builder-workspace/.derivedData/Build/Intermediates.noindex/SnapshotTestingHEIC.build/Debug-watchos/SnapshotTestingHEIC-t.build/Objects-normal/arm64_32/SnapshotTestingHEIC.swiftmodule -serialize-diagnostics -dependency-scan-serialize-diagnostics-path /Users/admin/builder/spi-builder-workspace/.derivedData/Build/Intermediates.noindex/SnapshotTestingHEIC.build/Debug-watchos/SnapshotTestingHEIC-t.build/Objects-normal/arm64_32/SnapshotTestingHEIC-dependency-scan.dia -validate-clang-modules-once -clang-build-session-file /Users/admin/builder/spi-builder-workspace/.derivedData/ModuleCache.noindex/Session.modulevalidation -Xcc -fmodules-prune-interval\=86400 -Xcc -fmodules-prune-after\=345600 -emit-const-values -const-gather-protocols-list /Users/admin/builder/spi-builder-workspace/.derivedData/Build/Intermediates.noindex/SnapshotTestingHEIC.build/Debug-watchos/SnapshotTestingHEIC-t.build/Objects-normal/arm64_32/SnapshotTestingHEIC_const_extract_protocols.json -Xcc -I/Users/admin/builder/spi-builder-workspace/.derivedData/Build/Products/Debug-watchos/include -Xcc -I/Users/admin/builder/spi-builder-workspace/.derivedData/Build/Intermediates.noindex/SnapshotTestingHEIC.build/Debug-watchos/SnapshotTestingHEIC-t.build/DerivedSources-normal/arm64_32 -Xcc -I/Users/admin/builder/spi-builder-workspace/.derivedData/Build/Intermediates.noindex/SnapshotTestingHEIC.build/Debug-watchos/SnapshotTestingHEIC-t.build/DerivedSources/arm64_32 -Xcc -I/Users/admin/builder/spi-builder-workspace/.derivedData/Build/Intermediates.noindex/SnapshotTestingHEIC.build/Debug-watchos/SnapshotTestingHEIC-t.build/DerivedSources -Xcc -DSWIFT_PACKAGE -Xcc -DDEBUG\=1 -emit-objc-header -emit-objc-header-path /Users/admin/builder/spi-builder-workspace/.derivedData/Build/Intermediates.noindex/SnapshotTestingHEIC.build/Debug-watchos/SnapshotTestingHEIC-t.build/Objects-normal/arm64_32/SnapshotTestingHEIC-Swift.h -working-directory /Users/admin/builder/spi-builder-workspace/.swiftpm/xcode -experimental-emit-module-separately -disable-cmo
SwiftDriver SnapshotTestingHEIC normal arm64 com.apple.xcode.tools.swift.compiler (in target 'SnapshotTestingHEIC' from project 'SnapshotTestingHEIC')
cd /Users/admin/builder/spi-builder-workspace/.swiftpm/xcode
builtin-SwiftDriver -- /Applications/Xcode-27.0.0-Release.Candidate.app/Contents/Developer/Toolchains/XcodeDefault.xctoolchain/usr/bin/swiftc -parse-as-library -module-name SnapshotTestingHEIC -Onone @/Users/admin/builder/spi-builder-workspace/.derivedData/Build/Intermediates.noindex/SnapshotTestingHEIC.build/Debug-watchos/SnapshotTestingHEIC-t.build/Objects-normal/arm64/SnapshotTestingHEIC.SwiftFileList -DSWIFT_PACKAGE -DDEBUG -DSWIFT_MODULE_RESOURCE_BUNDLE_UNAVAILABLE -DXcode -plugin-path /Applications/Xcode-27.0.0-Release.Candidate.app/Contents/Developer/Toolchains/XcodeDefault.xctoolchain/usr/lib/swift/host/plugins/testing -enable-experimental-feature DebugDescriptionMacro -sdk /Applications/Xcode-27.0.0-Release.Candidate.app/Contents/Developer/Platforms/WatchOS.platform/Developer/SDKs/WatchOS27.0.sdk -target arm64-apple-watchos9.0 -g -module-cache-path /Users/admin/builder/spi-builder-workspace/.derivedData/ModuleCache.noindex -Xfrontend -serialize-debugging-options -profile-coverage-mapping -profile-generate -enable-testing -suppress-warnings -index-store-path /Users/admin/builder/spi-builder-workspace/.derivedData/Index.noindex/DataStore -Xcc -D_LIBCPP_HARDENING_MODE\=_LIBCPP_HARDENING_MODE_DEBUG -swift-version 5 -I /Users/admin/builder/spi-builder-workspace/.derivedData/Build/Products/Debug-watchos -Isystem /Applications/Xcode-27.0.0-Release.Candidate.app/Contents/Developer/Platforms/WatchOS.platform/Developer/usr/lib -F /Users/admin/builder/spi-builder-workspace/.derivedData/Build/Products/Debug-watchos/PackageFrameworks -F /Users/admin/builder/spi-builder-workspace/.derivedData/Build/Products/Debug-watchos -F /Applications/Xcode-27.0.0-Release.Candidate.app/Contents/Developer/Platforms/WatchOS.platform/Developer/Library/Frameworks -F /Applications/Xcode-27.0.0-Release.Candidate.app/Contents/Developer/Platforms/WatchOS.platform/Developer/SDKs/WatchOS27.0.sdk/Developer/Library/Frameworks -c -j10 -enable-batch-mode -incremental -Xcc -ivfsstatcache -Xcc /Users/admin/builder/spi-builder-workspace/.derivedData/SDKStatCaches.noindex/watchos27.0-24R360-e829b21a6f8c9b70876ba0858053c04477534ef55a1706bf4c1112bbb242f0a2.sdkstatcache -output-file-map /Users/admin/builder/spi-builder-workspace/.derivedData/Build/Intermediates.noindex/SnapshotTestingHEIC.build/Debug-watchos/SnapshotTestingHEIC-t.build/Objects-normal/arm64/SnapshotTestingHEIC-OutputFileMap.json -save-temps -no-color-diagnostics -explicit-module-build -module-cache-path /Users/admin/builder/spi-builder-workspace/.derivedData/Build/Intermediates.noindex/SwiftExplicitPrecompiledModules -clang-scanner-module-cache-path /Users/admin/builder/spi-builder-workspace/.derivedData/ModuleCache.noindex -sdk-module-cache-path /Users/admin/builder/spi-builder-workspace/.derivedData/SDKExplicitPrecompiledModules -emit-dependencies -emit-module -emit-module-path /Users/admin/builder/spi-builder-workspace/.derivedData/Build/Intermediates.noindex/SnapshotTestingHEIC.build/Debug-watchos/SnapshotTestingHEIC-t.build/Objects-normal/arm64/SnapshotTestingHEIC.swiftmodule -serialize-diagnostics -dependency-scan-serialize-diagnostics-path /Users/admin/builder/spi-builder-workspace/.derivedData/Build/Intermediates.noindex/SnapshotTestingHEIC.build/Debug-watchos/SnapshotTestingHEIC-t.build/Objects-normal/arm64/SnapshotTestingHEIC-dependency-scan.dia -validate-clang-modules-once -clang-build-session-file /Users/admin/builder/spi-builder-workspace/.derivedData/ModuleCache.noindex/Session.modulevalidation -Xcc -fmodules-prune-interval\=86400 -Xcc -fmodules-prune-after\=345600 -emit-const-values -const-gather-protocols-list /Users/admin/builder/spi-builder-workspace/.derivedData/Build/Intermediates.noindex/SnapshotTestingHEIC.build/Debug-watchos/SnapshotTestingHEIC-t.build/Objects-normal/arm64/SnapshotTestingHEIC_const_extract_protocols.json -Xcc -I/Users/admin/builder/spi-builder-workspace/.derivedData/Build/Products/Debug-watchos/include -Xcc -I/Users/admin/builder/spi-builder-workspace/.derivedData/Build/Intermediates.noindex/SnapshotTestingHEIC.build/Debug-watchos/SnapshotTestingHEIC-t.build/DerivedSources-normal/arm64 -Xcc -I/Users/admin/builder/spi-builder-workspace/.derivedData/Build/Intermediates.noindex/SnapshotTestingHEIC.build/Debug-watchos/SnapshotTestingHEIC-t.build/DerivedSources/arm64 -Xcc -I/Users/admin/builder/spi-builder-workspace/.derivedData/Build/Intermediates.noindex/SnapshotTestingHEIC.build/Debug-watchos/SnapshotTestingHEIC-t.build/DerivedSources -Xcc -DSWIFT_PACKAGE -Xcc -DDEBUG\=1 -emit-objc-header -emit-objc-header-path /Users/admin/builder/spi-builder-workspace/.derivedData/Build/Intermediates.noindex/SnapshotTestingHEIC.build/Debug-watchos/SnapshotTestingHEIC-t.build/Objects-normal/arm64/SnapshotTestingHEIC-Swift.h -working-directory /Users/admin/builder/spi-builder-workspace/.swiftpm/xcode -experimental-emit-module-separately -disable-cmo
SwiftDriverJobDiscovery normal arm64_32 Compiling CALayer.swift, CGPath.swift, CaseIterable.swift (in target 'SnapshotTesting' from project 'swift-snapshot-testing')
SwiftDriverJobDiscovery normal arm64_32 Compiling SnapshotTestingConfiguration.swift, SnapshotsTestTrait.swift, Snapshotting.swift, Any.swift (in target 'SnapshotTesting' from project 'swift-snapshot-testing')
SwiftDriverJobDiscovery normal arm64_32 Compiling Data.swift, Encodable.swift, NSBezierPath.swift (in target 'SnapshotTesting' from project 'swift-snapshot-testing')
SwiftDriverJobDiscovery normal arm64_32 Compiling SceneKit.swift, SpriteKit.swift, String.swift (in target 'SnapshotTesting' from project 'swift-snapshot-testing')
SwiftDriverJobDiscovery normal arm64_32 Compiling Diffing.swift, Wait.swift, Deprecations.swift, RecordIssue.swift (in target 'SnapshotTesting' from project 'swift-snapshot-testing')
SwiftEmitModule normal arm64_32 Emitting\ module\ for\ SnapshotTestingHEIC (in target 'SnapshotTestingHEIC' from project 'SnapshotTestingHEIC')
SwiftCompile normal arm64_32 (in target 'SnapshotTestingHEIC' from project 'SnapshotTestingHEIC')
cd /Users/admin/builder/spi-builder-workspace/.swiftpm/xcode
SwiftCompile normal arm64_32 Compiling\ CompressionQuality.swift,\ NSImage+HEIC.swift /Users/admin/builder/spi-builder-workspace/.dependencies/checkouts/SnapshotTestingHEIC/Sources/SnapshotTestingHEIC/HEIC/CompressionQuality.swift /Users/admin/builder/spi-builder-workspace/.dependencies/checkouts/SnapshotTestingHEIC/Sources/SnapshotTestingHEIC/HEIC/NSImage+HEIC.swift (in target 'SnapshotTestingHEIC' from project 'SnapshotTestingHEIC')
SwiftCompile normal arm64_32 /Users/admin/builder/spi-builder-workspace/.dependencies/checkouts/SnapshotTestingHEIC/Sources/SnapshotTestingHEIC/HEIC/CompressionQuality.swift (in target 'SnapshotTestingHEIC' from project 'SnapshotTestingHEIC')
cd /Users/admin/builder/spi-builder-workspace/.swiftpm/xcode
builtin-SwiftPerFileCompile CompressionQuality.swift
SwiftCompile normal arm64_32 /Users/admin/builder/spi-builder-workspace/.dependencies/checkouts/SnapshotTestingHEIC/Sources/SnapshotTestingHEIC/HEIC/NSImage+HEIC.swift (in target 'SnapshotTestingHEIC' from project 'SnapshotTestingHEIC')
cd /Users/admin/builder/spi-builder-workspace/.swiftpm/xcode
builtin-SwiftPerFileCompile NSImage+HEIC.swift
SwiftCompile normal arm64_32 Compiling\ ImageComparisonHelpers.swift /Users/admin/builder/spi-builder-workspace/.dependencies/checkouts/SnapshotTestingHEIC/Sources/SnapshotTestingHEIC/ImageComparisonHelpers.swift (in target 'SnapshotTestingHEIC' from project 'SnapshotTestingHEIC')
SwiftCompile normal arm64_32 /Users/admin/builder/spi-builder-workspace/.dependencies/checkouts/SnapshotTestingHEIC/Sources/SnapshotTestingHEIC/ImageComparisonHelpers.swift (in target 'SnapshotTestingHEIC' from project 'SnapshotTestingHEIC')
cd /Users/admin/builder/spi-builder-workspace/.swiftpm/xcode
builtin-SwiftPerFileCompile ImageComparisonHelpers.swift
SwiftCompile normal arm64_32 Compiling\ UIImage+HEIC.swift /Users/admin/builder/spi-builder-workspace/.dependencies/checkouts/SnapshotTestingHEIC/Sources/SnapshotTestingHEIC/HEIC/UIImage+HEIC.swift (in target 'SnapshotTestingHEIC' from project 'SnapshotTestingHEIC')
SwiftCompile normal arm64_32 /Users/admin/builder/spi-builder-workspace/.dependencies/checkouts/SnapshotTestingHEIC/Sources/SnapshotTestingHEIC/HEIC/UIImage+HEIC.swift (in target 'SnapshotTestingHEIC' from project 'SnapshotTestingHEIC')
cd /Users/admin/builder/spi-builder-workspace/.swiftpm/xcode
builtin-SwiftPerFileCompile UIImage+HEIC.swift
SwiftCompile normal arm64_32 Compiling\ UIViewController.swift /Users/admin/builder/spi-builder-workspace/.dependencies/checkouts/SnapshotTestingHEIC/Sources/SnapshotTestingHEIC/UIViewController.swift (in target 'SnapshotTestingHEIC' from project 'SnapshotTestingHEIC')
SwiftCompile normal arm64_32 /Users/admin/builder/spi-builder-workspace/.dependencies/checkouts/SnapshotTestingHEIC/Sources/SnapshotTestingHEIC/UIViewController.swift (in target 'SnapshotTestingHEIC' from project 'SnapshotTestingHEIC')
cd /Users/admin/builder/spi-builder-workspace/.swiftpm/xcode
builtin-SwiftPerFileCompile UIViewController.swift
SwiftCompile normal arm64_32 Compiling\ NSView.swift /Users/admin/builder/spi-builder-workspace/.dependencies/checkouts/SnapshotTestingHEIC/Sources/SnapshotTestingHEIC/NSView.swift (in target 'SnapshotTestingHEIC' from project 'SnapshotTestingHEIC')
SwiftCompile normal arm64_32 /Users/admin/builder/spi-builder-workspace/.dependencies/checkouts/SnapshotTestingHEIC/Sources/SnapshotTestingHEIC/NSView.swift (in target 'SnapshotTestingHEIC' from project 'SnapshotTestingHEIC')
cd /Users/admin/builder/spi-builder-workspace/.swiftpm/xcode
builtin-SwiftPerFileCompile NSView.swift
SwiftEmitModule normal arm64 Emitting\ module\ for\ SnapshotTestingHEIC (in target 'SnapshotTestingHEIC' from project 'SnapshotTestingHEIC')
SwiftCompile normal arm64 (in target 'SnapshotTestingHEIC' from project 'SnapshotTestingHEIC')
cd /Users/admin/builder/spi-builder-workspace/.swiftpm/xcode
SwiftDriverJobDiscovery normal arm64_32 Compiling UIViewController.swift (in target 'SnapshotTestingHEIC' from project 'SnapshotTestingHEIC')
SwiftCompile normal arm64 Compiling\ NSImage.swift /Users/admin/builder/spi-builder-workspace/.dependencies/checkouts/SnapshotTestingHEIC/Sources/SnapshotTestingHEIC/NSImage.swift (in target 'SnapshotTestingHEIC' from project 'SnapshotTestingHEIC')
SwiftCompile normal arm64 /Users/admin/builder/spi-builder-workspace/.dependencies/checkouts/SnapshotTestingHEIC/Sources/SnapshotTestingHEIC/NSImage.swift (in target 'SnapshotTestingHEIC' from project 'SnapshotTestingHEIC')
cd /Users/admin/builder/spi-builder-workspace/.swiftpm/xcode
builtin-SwiftPerFileCompile NSImage.swift
SwiftDriverJobDiscovery normal arm64_32 Compiling UIImage+HEIC.swift (in target 'SnapshotTestingHEIC' from project 'SnapshotTestingHEIC')
SwiftCompile normal arm64 Compiling\ NSViewController.swift /Users/admin/builder/spi-builder-workspace/.dependencies/checkouts/SnapshotTestingHEIC/Sources/SnapshotTestingHEIC/NSViewController.swift (in target 'SnapshotTestingHEIC' from project 'SnapshotTestingHEIC')
SwiftCompile normal arm64 /Users/admin/builder/spi-builder-workspace/.dependencies/checkouts/SnapshotTestingHEIC/Sources/SnapshotTestingHEIC/NSViewController.swift (in target 'SnapshotTestingHEIC' from project 'SnapshotTestingHEIC')
cd /Users/admin/builder/spi-builder-workspace/.swiftpm/xcode
builtin-SwiftPerFileCompile NSViewController.swift
SwiftDriverJobDiscovery normal arm64 Compiling SwiftUIView.swift, UIBezierPath.swift, UIImage.swift (in target 'SnapshotTesting' from project 'swift-snapshot-testing')
SwiftCompile normal arm64 Compiling\ UIViewController.swift /Users/admin/builder/spi-builder-workspace/.dependencies/checkouts/SnapshotTestingHEIC/Sources/SnapshotTestingHEIC/UIViewController.swift (in target 'SnapshotTestingHEIC' from project 'SnapshotTestingHEIC')
SwiftCompile normal arm64 /Users/admin/builder/spi-builder-workspace/.dependencies/checkouts/SnapshotTestingHEIC/Sources/SnapshotTestingHEIC/UIViewController.swift (in target 'SnapshotTestingHEIC' from project 'SnapshotTestingHEIC')
cd /Users/admin/builder/spi-builder-workspace/.swiftpm/xcode
builtin-SwiftPerFileCompile UIViewController.swift
SwiftDriverJobDiscovery normal arm64_32 Compiling ImageComparisonHelpers.swift (in target 'SnapshotTestingHEIC' from project 'SnapshotTestingHEIC')
SwiftCompile normal arm64 Compiling\ ImageComparisonHelpers.swift /Users/admin/builder/spi-builder-workspace/.dependencies/checkouts/SnapshotTestingHEIC/Sources/SnapshotTestingHEIC/ImageComparisonHelpers.swift (in target 'SnapshotTestingHEIC' from project 'SnapshotTestingHEIC')
SwiftCompile normal arm64 /Users/admin/builder/spi-builder-workspace/.dependencies/checkouts/SnapshotTestingHEIC/Sources/SnapshotTestingHEIC/ImageComparisonHelpers.swift (in target 'SnapshotTestingHEIC' from project 'SnapshotTestingHEIC')
cd /Users/admin/builder/spi-builder-workspace/.swiftpm/xcode
builtin-SwiftPerFileCompile ImageComparisonHelpers.swift
SwiftDriverJobDiscovery normal arm64_32 Emitting module for SnapshotTestingHEIC (in target 'SnapshotTestingHEIC' from project 'SnapshotTestingHEIC')
SwiftDriver\ Compilation\ Requirements SnapshotTestingHEIC normal arm64_32 com.apple.xcode.tools.swift.compiler (in target 'SnapshotTestingHEIC' from project 'SnapshotTestingHEIC')
cd /Users/admin/builder/spi-builder-workspace/.swiftpm/xcode
builtin-Swift-Compilation-Requirements -- /Applications/Xcode-27.0.0-Release.Candidate.app/Contents/Developer/Toolchains/XcodeDefault.xctoolchain/usr/bin/swiftc -parse-as-library -module-name SnapshotTestingHEIC -Onone @/Users/admin/builder/spi-builder-workspace/.derivedData/Build/Intermediates.noindex/SnapshotTestingHEIC.build/Debug-watchos/SnapshotTestingHEIC-t.build/Objects-normal/arm64_32/SnapshotTestingHEIC.SwiftFileList -DSWIFT_PACKAGE -DDEBUG -DSWIFT_MODULE_RESOURCE_BUNDLE_UNAVAILABLE -DXcode -plugin-path /Applications/Xcode-27.0.0-Release.Candidate.app/Contents/Developer/Toolchains/XcodeDefault.xctoolchain/usr/lib/swift/host/plugins/testing -enable-experimental-feature DebugDescriptionMacro -sdk /Applications/Xcode-27.0.0-Release.Candidate.app/Contents/Developer/Platforms/WatchOS.platform/Developer/SDKs/WatchOS27.0.sdk -target arm64_32-apple-watchos9.0 -g -module-cache-path /Users/admin/builder/spi-builder-workspace/.derivedData/ModuleCache.noindex -Xfrontend -serialize-debugging-options -profile-coverage-mapping -profile-generate -enable-testing -suppress-warnings -index-store-path /Users/admin/builder/spi-builder-workspace/.derivedData/Index.noindex/DataStore -Xcc -D_LIBCPP_HARDENING_MODE\=_LIBCPP_HARDENING_MODE_DEBUG -swift-version 5 -I /Users/admin/builder/spi-builder-workspace/.derivedData/Build/Products/Debug-watchos -Isystem /Applications/Xcode-27.0.0-Release.Candidate.app/Contents/Developer/Platforms/WatchOS.platform/Developer/usr/lib -F /Users/admin/builder/spi-builder-workspace/.derivedData/Build/Products/Debug-watchos/PackageFrameworks -F /Users/admin/builder/spi-builder-workspace/.derivedData/Build/Products/Debug-watchos -F /Applications/Xcode-27.0.0-Release.Candidate.app/Contents/Developer/Platforms/WatchOS.platform/Developer/Library/Frameworks -F /Applications/Xcode-27.0.0-Release.Candidate.app/Contents/Developer/Platforms/WatchOS.platform/Developer/SDKs/WatchOS27.0.sdk/Developer/Library/Frameworks -c -j10 -enable-batch-mode -incremental -Xcc -ivfsstatcache -Xcc /Users/admin/builder/spi-builder-workspace/.derivedData/SDKStatCaches.noindex/watchos27.0-24R360-e829b21a6f8c9b70876ba0858053c04477534ef55a1706bf4c1112bbb242f0a2.sdkstatcache -output-file-map /Users/admin/builder/spi-builder-workspace/.derivedData/Build/Intermediates.noindex/SnapshotTestingHEIC.build/Debug-watchos/SnapshotTestingHEIC-t.build/Objects-normal/arm64_32/SnapshotTestingHEIC-OutputFileMap.json -save-temps -no-color-diagnostics -explicit-module-build -module-cache-path /Users/admin/builder/spi-builder-workspace/.derivedData/Build/Intermediates.noindex/SwiftExplicitPrecompiledModules -clang-scanner-module-cache-path /Users/admin/builder/spi-builder-workspace/.derivedData/ModuleCache.noindex -sdk-module-cache-path /Users/admin/builder/spi-builder-workspace/.derivedData/SDKExplicitPrecompiledModules -emit-dependencies -emit-module -emit-module-path /Users/admin/builder/spi-builder-workspace/.derivedData/Build/Intermediates.noindex/SnapshotTestingHEIC.build/Debug-watchos/SnapshotTestingHEIC-t.build/Objects-normal/arm64_32/SnapshotTestingHEIC.swiftmodule -serialize-diagnostics -dependency-scan-serialize-diagnostics-path /Users/admin/builder/spi-builder-workspace/.derivedData/Build/Intermediates.noindex/SnapshotTestingHEIC.build/Debug-watchos/SnapshotTestingHEIC-t.build/Objects-normal/arm64_32/SnapshotTestingHEIC-dependency-scan.dia -validate-clang-modules-once -clang-build-session-file /Users/admin/builder/spi-builder-workspace/.derivedData/ModuleCache.noindex/Session.modulevalidation -Xcc -fmodules-prune-interval\=86400 -Xcc -fmodules-prune-after\=345600 -emit-const-values -const-gather-protocols-list /Users/admin/builder/spi-builder-workspace/.derivedData/Build/Intermediates.noindex/SnapshotTestingHEIC.build/Debug-watchos/SnapshotTestingHEIC-t.build/Objects-normal/arm64_32/SnapshotTestingHEIC_const_extract_protocols.json -Xcc -I/Users/admin/builder/spi-builder-workspace/.derivedData/Build/Products/Debug-watchos/include -Xcc -I/Users/admin/builder/spi-builder-workspace/.derivedData/Build/Intermediates.noindex/SnapshotTestingHEIC.build/Debug-watchos/SnapshotTestingHEIC-t.build/DerivedSources-normal/arm64_32 -Xcc -I/Users/admin/builder/spi-builder-workspace/.derivedData/Build/Intermediates.noindex/SnapshotTestingHEIC.build/Debug-watchos/SnapshotTestingHEIC-t.build/DerivedSources/arm64_32 -Xcc -I/Users/admin/builder/spi-builder-workspace/.derivedData/Build/Intermediates.noindex/SnapshotTestingHEIC.build/Debug-watchos/SnapshotTestingHEIC-t.build/DerivedSources -Xcc -DSWIFT_PACKAGE -Xcc -DDEBUG\=1 -emit-objc-header -emit-objc-header-path /Users/admin/builder/spi-builder-workspace/.derivedData/Build/Intermediates.noindex/SnapshotTestingHEIC.build/Debug-watchos/SnapshotTestingHEIC-t.build/Objects-normal/arm64_32/SnapshotTestingHEIC-Swift.h -working-directory /Users/admin/builder/spi-builder-workspace/.swiftpm/xcode -experimental-emit-module-separately -disable-cmo
SwiftDriverJobDiscovery normal arm64_32 Compiling CompressionQuality.swift, NSImage+HEIC.swift (in target 'SnapshotTestingHEIC' from project 'SnapshotTestingHEIC')
SwiftCompile normal arm64_32 Compiling\ NSImage.swift /Users/admin/builder/spi-builder-workspace/.dependencies/checkouts/SnapshotTestingHEIC/Sources/SnapshotTestingHEIC/NSImage.swift (in target 'SnapshotTestingHEIC' from project 'SnapshotTestingHEIC')
SwiftCompile normal arm64_32 /Users/admin/builder/spi-builder-workspace/.dependencies/checkouts/SnapshotTestingHEIC/Sources/SnapshotTestingHEIC/NSImage.swift (in target 'SnapshotTestingHEIC' from project 'SnapshotTestingHEIC')
cd /Users/admin/builder/spi-builder-workspace/.swiftpm/xcode
builtin-SwiftPerFileCompile NSImage.swift
Copy /Users/admin/builder/spi-builder-workspace/.derivedData/Build/Products/Debug-watchos/SnapshotTestingHEIC.swiftmodule/arm64_32-apple-watchos.swiftmodule /Users/admin/builder/spi-builder-workspace/.derivedData/Build/Intermediates.noindex/SnapshotTestingHEIC.build/Debug-watchos/SnapshotTestingHEIC-t.build/Objects-normal/arm64_32/SnapshotTestingHEIC.swiftmodule (in target 'SnapshotTestingHEIC' from project 'SnapshotTestingHEIC')
cd /Users/admin/builder/spi-builder-workspace/.dependencies/checkouts/SnapshotTestingHEIC
builtin-copy -exclude .DS_Store -exclude CVS -exclude .svn -exclude .git -exclude .hg -resolve-src-symlinks -rename /Users/admin/builder/spi-builder-workspace/.derivedData/Build/Intermediates.noindex/SnapshotTestingHEIC.build/Debug-watchos/SnapshotTestingHEIC-t.build/Objects-normal/arm64_32/SnapshotTestingHEIC.swiftmodule /Users/admin/builder/spi-builder-workspace/.derivedData/Build/Products/Debug-watchos/SnapshotTestingHEIC.swiftmodule/arm64_32-apple-watchos.swiftmodule
SwiftDriverJobDiscovery normal arm64_32 Compiling NSView.swift (in target 'SnapshotTestingHEIC' from project 'SnapshotTestingHEIC')
Copy /Users/admin/builder/spi-builder-workspace/.derivedData/Build/Products/Debug-watchos/SnapshotTestingHEIC.swiftmodule/arm64_32-apple-watchos.swiftdoc /Users/admin/builder/spi-builder-workspace/.derivedData/Build/Intermediates.noindex/SnapshotTestingHEIC.build/Debug-watchos/SnapshotTestingHEIC-t.build/Objects-normal/arm64_32/SnapshotTestingHEIC.swiftdoc (in target 'SnapshotTestingHEIC' from project 'SnapshotTestingHEIC')
cd /Users/admin/builder/spi-builder-workspace/.dependencies/checkouts/SnapshotTestingHEIC
builtin-copy -exclude .DS_Store -exclude CVS -exclude .svn -exclude .git -exclude .hg -resolve-src-symlinks -rename /Users/admin/builder/spi-builder-workspace/.derivedData/Build/Intermediates.noindex/SnapshotTestingHEIC.build/Debug-watchos/SnapshotTestingHEIC-t.build/Objects-normal/arm64_32/SnapshotTestingHEIC.swiftdoc /Users/admin/builder/spi-builder-workspace/.derivedData/Build/Products/Debug-watchos/SnapshotTestingHEIC.swiftmodule/arm64_32-apple-watchos.swiftdoc
Copy /Users/admin/builder/spi-builder-workspace/.derivedData/Build/Products/Debug-watchos/SnapshotTestingHEIC.swiftmodule/arm64_32-apple-watchos.abi.json /Users/admin/builder/spi-builder-workspace/.derivedData/Build/Intermediates.noindex/SnapshotTestingHEIC.build/Debug-watchos/SnapshotTestingHEIC-t.build/Objects-normal/arm64_32/SnapshotTestingHEIC.abi.json (in target 'SnapshotTestingHEIC' from project 'SnapshotTestingHEIC')
cd /Users/admin/builder/spi-builder-workspace/.dependencies/checkouts/SnapshotTestingHEIC
builtin-copy -exclude .DS_Store -exclude CVS -exclude .svn -exclude .git -exclude .hg -resolve-src-symlinks -rename /Users/admin/builder/spi-builder-workspace/.derivedData/Build/Intermediates.noindex/SnapshotTestingHEIC.build/Debug-watchos/SnapshotTestingHEIC-t.build/Objects-normal/arm64_32/SnapshotTestingHEIC.abi.json /Users/admin/builder/spi-builder-workspace/.derivedData/Build/Products/Debug-watchos/SnapshotTestingHEIC.swiftmodule/arm64_32-apple-watchos.abi.json
Copy /Users/admin/builder/spi-builder-workspace/.derivedData/Build/Products/Debug-watchos/SnapshotTestingHEIC.swiftmodule/Project/arm64_32-apple-watchos.swiftsourceinfo /Users/admin/builder/spi-builder-workspace/.derivedData/Build/Intermediates.noindex/SnapshotTestingHEIC.build/Debug-watchos/SnapshotTestingHEIC-t.build/Objects-normal/arm64_32/SnapshotTestingHEIC.swiftsourceinfo (in target 'SnapshotTestingHEIC' from project 'SnapshotTestingHEIC')
cd /Users/admin/builder/spi-builder-workspace/.dependencies/checkouts/SnapshotTestingHEIC
builtin-copy -exclude .DS_Store -exclude CVS -exclude .svn -exclude .git -exclude .hg -resolve-src-symlinks -rename /Users/admin/builder/spi-builder-workspace/.derivedData/Build/Intermediates.noindex/SnapshotTestingHEIC.build/Debug-watchos/SnapshotTestingHEIC-t.build/Objects-normal/arm64_32/SnapshotTestingHEIC.swiftsourceinfo /Users/admin/builder/spi-builder-workspace/.derivedData/Build/Products/Debug-watchos/SnapshotTestingHEIC.swiftmodule/Project/arm64_32-apple-watchos.swiftsourceinfo
SwiftCompile normal arm64 Compiling\ NSView.swift /Users/admin/builder/spi-builder-workspace/.dependencies/checkouts/SnapshotTestingHEIC/Sources/SnapshotTestingHEIC/NSView.swift (in target 'SnapshotTestingHEIC' from project 'SnapshotTestingHEIC')
SwiftCompile normal arm64 /Users/admin/builder/spi-builder-workspace/.dependencies/checkouts/SnapshotTestingHEIC/Sources/SnapshotTestingHEIC/NSView.swift (in target 'SnapshotTestingHEIC' from project 'SnapshotTestingHEIC')
cd /Users/admin/builder/spi-builder-workspace/.swiftpm/xcode
builtin-SwiftPerFileCompile NSView.swift
SwiftCompile normal arm64_32 Compiling\ UIView.swift /Users/admin/builder/spi-builder-workspace/.dependencies/checkouts/SnapshotTestingHEIC/Sources/SnapshotTestingHEIC/UIView.swift (in target 'SnapshotTestingHEIC' from project 'SnapshotTestingHEIC')
SwiftCompile normal arm64_32 /Users/admin/builder/spi-builder-workspace/.dependencies/checkouts/SnapshotTestingHEIC/Sources/SnapshotTestingHEIC/UIView.swift (in target 'SnapshotTestingHEIC' from project 'SnapshotTestingHEIC')
cd /Users/admin/builder/spi-builder-workspace/.swiftpm/xcode
builtin-SwiftPerFileCompile UIView.swift
SwiftDriverJobDiscovery normal arm64 Compiling NSViewController.swift (in target 'SnapshotTestingHEIC' from project 'SnapshotTestingHEIC')
SwiftCompile normal arm64 Compiling\ UIView.swift /Users/admin/builder/spi-builder-workspace/.dependencies/checkouts/SnapshotTestingHEIC/Sources/SnapshotTestingHEIC/UIView.swift (in target 'SnapshotTestingHEIC' from project 'SnapshotTestingHEIC')
SwiftCompile normal arm64 /Users/admin/builder/spi-builder-workspace/.dependencies/checkouts/SnapshotTestingHEIC/Sources/SnapshotTestingHEIC/UIView.swift (in target 'SnapshotTestingHEIC' from project 'SnapshotTestingHEIC')
cd /Users/admin/builder/spi-builder-workspace/.swiftpm/xcode
builtin-SwiftPerFileCompile UIView.swift
SwiftDriverJobDiscovery normal arm64 Compiling UIViewController.swift (in target 'SnapshotTestingHEIC' from project 'SnapshotTestingHEIC')
SwiftCompile normal arm64_32 Compiling\ SwiftUIView.swift /Users/admin/builder/spi-builder-workspace/.dependencies/checkouts/SnapshotTestingHEIC/Sources/SnapshotTestingHEIC/SwiftUIView.swift (in target 'SnapshotTestingHEIC' from project 'SnapshotTestingHEIC')
SwiftCompile normal arm64_32 /Users/admin/builder/spi-builder-workspace/.dependencies/checkouts/SnapshotTestingHEIC/Sources/SnapshotTestingHEIC/SwiftUIView.swift (in target 'SnapshotTestingHEIC' from project 'SnapshotTestingHEIC')
cd /Users/admin/builder/spi-builder-workspace/.swiftpm/xcode
builtin-SwiftPerFileCompile SwiftUIView.swift
SwiftDriverJobDiscovery normal arm64 Compiling NSImage.swift (in target 'SnapshotTestingHEIC' from project 'SnapshotTestingHEIC')
SwiftCompile normal arm64 Compiling\ CompressionQuality.swift,\ NSImage+HEIC.swift /Users/admin/builder/spi-builder-workspace/.dependencies/checkouts/SnapshotTestingHEIC/Sources/SnapshotTestingHEIC/HEIC/CompressionQuality.swift /Users/admin/builder/spi-builder-workspace/.dependencies/checkouts/SnapshotTestingHEIC/Sources/SnapshotTestingHEIC/HEIC/NSImage+HEIC.swift (in target 'SnapshotTestingHEIC' from project 'SnapshotTestingHEIC')
SwiftCompile normal arm64 /Users/admin/builder/spi-builder-workspace/.dependencies/checkouts/SnapshotTestingHEIC/Sources/SnapshotTestingHEIC/HEIC/CompressionQuality.swift (in target 'SnapshotTestingHEIC' from project 'SnapshotTestingHEIC')
cd /Users/admin/builder/spi-builder-workspace/.swiftpm/xcode
builtin-SwiftPerFileCompile CompressionQuality.swift
SwiftCompile normal arm64 /Users/admin/builder/spi-builder-workspace/.dependencies/checkouts/SnapshotTestingHEIC/Sources/SnapshotTestingHEIC/HEIC/NSImage+HEIC.swift (in target 'SnapshotTestingHEIC' from project 'SnapshotTestingHEIC')
cd /Users/admin/builder/spi-builder-workspace/.swiftpm/xcode
builtin-SwiftPerFileCompile NSImage+HEIC.swift
SwiftDriverJobDiscovery normal arm64 Compiling ImageComparisonHelpers.swift (in target 'SnapshotTestingHEIC' from project 'SnapshotTestingHEIC')
SwiftCompile normal arm64 Compiling\ UIImage.swift /Users/admin/builder/spi-builder-workspace/.dependencies/checkouts/SnapshotTestingHEIC/Sources/SnapshotTestingHEIC/UIImage.swift (in target 'SnapshotTestingHEIC' from project 'SnapshotTestingHEIC')
SwiftCompile normal arm64 /Users/admin/builder/spi-builder-workspace/.dependencies/checkouts/SnapshotTestingHEIC/Sources/SnapshotTestingHEIC/UIImage.swift (in target 'SnapshotTestingHEIC' from project 'SnapshotTestingHEIC')
cd /Users/admin/builder/spi-builder-workspace/.swiftpm/xcode
builtin-SwiftPerFileCompile UIImage.swift
SwiftDriverJobDiscovery normal arm64 Emitting module for SnapshotTestingHEIC (in target 'SnapshotTestingHEIC' from project 'SnapshotTestingHEIC')
SwiftDriver\ Compilation\ Requirements SnapshotTestingHEIC normal arm64 com.apple.xcode.tools.swift.compiler (in target 'SnapshotTestingHEIC' from project 'SnapshotTestingHEIC')
cd /Users/admin/builder/spi-builder-workspace/.swiftpm/xcode
builtin-Swift-Compilation-Requirements -- /Applications/Xcode-27.0.0-Release.Candidate.app/Contents/Developer/Toolchains/XcodeDefault.xctoolchain/usr/bin/swiftc -parse-as-library -module-name SnapshotTestingHEIC -Onone @/Users/admin/builder/spi-builder-workspace/.derivedData/Build/Intermediates.noindex/SnapshotTestingHEIC.build/Debug-watchos/SnapshotTestingHEIC-t.build/Objects-normal/arm64/SnapshotTestingHEIC.SwiftFileList -DSWIFT_PACKAGE -DDEBUG -DSWIFT_MODULE_RESOURCE_BUNDLE_UNAVAILABLE -DXcode -plugin-path /Applications/Xcode-27.0.0-Release.Candidate.app/Contents/Developer/Toolchains/XcodeDefault.xctoolchain/usr/lib/swift/host/plugins/testing -enable-experimental-feature DebugDescriptionMacro -sdk /Applications/Xcode-27.0.0-Release.Candidate.app/Contents/Developer/Platforms/WatchOS.platform/Developer/SDKs/WatchOS27.0.sdk -target arm64-apple-watchos9.0 -g -module-cache-path /Users/admin/builder/spi-builder-workspace/.derivedData/ModuleCache.noindex -Xfrontend -serialize-debugging-options -profile-coverage-mapping -profile-generate -enable-testing -suppress-warnings -index-store-path /Users/admin/builder/spi-builder-workspace/.derivedData/Index.noindex/DataStore -Xcc -D_LIBCPP_HARDENING_MODE\=_LIBCPP_HARDENING_MODE_DEBUG -swift-version 5 -I /Users/admin/builder/spi-builder-workspace/.derivedData/Build/Products/Debug-watchos -Isystem /Applications/Xcode-27.0.0-Release.Candidate.app/Contents/Developer/Platforms/WatchOS.platform/Developer/usr/lib -F /Users/admin/builder/spi-builder-workspace/.derivedData/Build/Products/Debug-watchos/PackageFrameworks -F /Users/admin/builder/spi-builder-workspace/.derivedData/Build/Products/Debug-watchos -F /Applications/Xcode-27.0.0-Release.Candidate.app/Contents/Developer/Platforms/WatchOS.platform/Developer/Library/Frameworks -F /Applications/Xcode-27.0.0-Release.Candidate.app/Contents/Developer/Platforms/WatchOS.platform/Developer/SDKs/WatchOS27.0.sdk/Developer/Library/Frameworks -c -j10 -enable-batch-mode -incremental -Xcc -ivfsstatcache -Xcc /Users/admin/builder/spi-builder-workspace/.derivedData/SDKStatCaches.noindex/watchos27.0-24R360-e829b21a6f8c9b70876ba0858053c04477534ef55a1706bf4c1112bbb242f0a2.sdkstatcache -output-file-map /Users/admin/builder/spi-builder-workspace/.derivedData/Build/Intermediates.noindex/SnapshotTestingHEIC.build/Debug-watchos/SnapshotTestingHEIC-t.build/Objects-normal/arm64/SnapshotTestingHEIC-OutputFileMap.json -save-temps -no-color-diagnostics -explicit-module-build -module-cache-path /Users/admin/builder/spi-builder-workspace/.derivedData/Build/Intermediates.noindex/SwiftExplicitPrecompiledModules -clang-scanner-module-cache-path /Users/admin/builder/spi-builder-workspace/.derivedData/ModuleCache.noindex -sdk-module-cache-path /Users/admin/builder/spi-builder-workspace/.derivedData/SDKExplicitPrecompiledModules -emit-dependencies -emit-module -emit-module-path /Users/admin/builder/spi-builder-workspace/.derivedData/Build/Intermediates.noindex/SnapshotTestingHEIC.build/Debug-watchos/SnapshotTestingHEIC-t.build/Objects-normal/arm64/SnapshotTestingHEIC.swiftmodule -serialize-diagnostics -dependency-scan-serialize-diagnostics-path /Users/admin/builder/spi-builder-workspace/.derivedData/Build/Intermediates.noindex/SnapshotTestingHEIC.build/Debug-watchos/SnapshotTestingHEIC-t.build/Objects-normal/arm64/SnapshotTestingHEIC-dependency-scan.dia -validate-clang-modules-once -clang-build-session-file /Users/admin/builder/spi-builder-workspace/.derivedData/ModuleCache.noindex/Session.modulevalidation -Xcc -fmodules-prune-interval\=86400 -Xcc -fmodules-prune-after\=345600 -emit-const-values -const-gather-protocols-list /Users/admin/builder/spi-builder-workspace/.derivedData/Build/Intermediates.noindex/SnapshotTestingHEIC.build/Debug-watchos/SnapshotTestingHEIC-t.build/Objects-normal/arm64/SnapshotTestingHEIC_const_extract_protocols.json -Xcc -I/Users/admin/builder/spi-builder-workspace/.derivedData/Build/Products/Debug-watchos/include -Xcc -I/Users/admin/builder/spi-builder-workspace/.derivedData/Build/Intermediates.noindex/SnapshotTestingHEIC.build/Debug-watchos/SnapshotTestingHEIC-t.build/DerivedSources-normal/arm64 -Xcc -I/Users/admin/builder/spi-builder-workspace/.derivedData/Build/Intermediates.noindex/SnapshotTestingHEIC.build/Debug-watchos/SnapshotTestingHEIC-t.build/DerivedSources/arm64 -Xcc -I/Users/admin/builder/spi-builder-workspace/.derivedData/Build/Intermediates.noindex/SnapshotTestingHEIC.build/Debug-watchos/SnapshotTestingHEIC-t.build/DerivedSources -Xcc -DSWIFT_PACKAGE -Xcc -DDEBUG\=1 -emit-objc-header -emit-objc-header-path /Users/admin/builder/spi-builder-workspace/.derivedData/Build/Intermediates.noindex/SnapshotTestingHEIC.build/Debug-watchos/SnapshotTestingHEIC-t.build/Objects-normal/arm64/SnapshotTestingHEIC-Swift.h -working-directory /Users/admin/builder/spi-builder-workspace/.swiftpm/xcode -experimental-emit-module-separately -disable-cmo
SwiftDriverJobDiscovery normal arm64_32 Compiling NSImage.swift (in target 'SnapshotTestingHEIC' from project 'SnapshotTestingHEIC')
SwiftCompile normal arm64 Compiling\ UIImage+HEIC.swift /Users/admin/builder/spi-builder-workspace/.dependencies/checkouts/SnapshotTestingHEIC/Sources/SnapshotTestingHEIC/HEIC/UIImage+HEIC.swift (in target 'SnapshotTestingHEIC' from project 'SnapshotTestingHEIC')
SwiftCompile normal arm64 /Users/admin/builder/spi-builder-workspace/.dependencies/checkouts/SnapshotTestingHEIC/Sources/SnapshotTestingHEIC/HEIC/UIImage+HEIC.swift (in target 'SnapshotTestingHEIC' from project 'SnapshotTestingHEIC')
cd /Users/admin/builder/spi-builder-workspace/.swiftpm/xcode
builtin-SwiftPerFileCompile UIImage+HEIC.swift
SwiftMergeGeneratedHeaders /Users/admin/builder/spi-builder-workspace/.derivedData/Build/Intermediates.noindex/GeneratedModuleMaps-watchos/SnapshotTestingHEIC-Swift.h /Users/admin/builder/spi-builder-workspace/.derivedData/Build/Intermediates.noindex/SnapshotTestingHEIC.build/Debug-watchos/SnapshotTestingHEIC-t.build/Objects-normal/arm64/SnapshotTestingHEIC-Swift.h /Users/admin/builder/spi-builder-workspace/.derivedData/Build/Intermediates.noindex/SnapshotTestingHEIC.build/Debug-watchos/SnapshotTestingHEIC-t.build/Objects-normal/arm64_32/SnapshotTestingHEIC-Swift.h (in target 'SnapshotTestingHEIC' from project 'SnapshotTestingHEIC')
cd /Users/admin/builder/spi-builder-workspace/.dependencies/checkouts/SnapshotTestingHEIC
builtin-swiftHeaderTool -arch arm64 /Users/admin/builder/spi-builder-workspace/.derivedData/Build/Intermediates.noindex/SnapshotTestingHEIC.build/Debug-watchos/SnapshotTestingHEIC-t.build/Objects-normal/arm64/SnapshotTestingHEIC-Swift.h -arch arm64_32 /Users/admin/builder/spi-builder-workspace/.derivedData/Build/Intermediates.noindex/SnapshotTestingHEIC.build/Debug-watchos/SnapshotTestingHEIC-t.build/Objects-normal/arm64_32/SnapshotTestingHEIC-Swift.h -o /Users/admin/builder/spi-builder-workspace/.derivedData/Build/Intermediates.noindex/GeneratedModuleMaps-watchos/SnapshotTestingHEIC-Swift.h
SwiftDriverJobDiscovery normal arm64 Compiling NSView.swift (in target 'SnapshotTestingHEIC' from project 'SnapshotTestingHEIC')
Copy /Users/admin/builder/spi-builder-workspace/.derivedData/Build/Products/Debug-watchos/SnapshotTestingHEIC.swiftmodule/arm64-apple-watchos.swiftmodule /Users/admin/builder/spi-builder-workspace/.derivedData/Build/Intermediates.noindex/SnapshotTestingHEIC.build/Debug-watchos/SnapshotTestingHEIC-t.build/Objects-normal/arm64/SnapshotTestingHEIC.swiftmodule (in target 'SnapshotTestingHEIC' from project 'SnapshotTestingHEIC')
cd /Users/admin/builder/spi-builder-workspace/.dependencies/checkouts/SnapshotTestingHEIC
builtin-copy -exclude .DS_Store -exclude CVS -exclude .svn -exclude .git -exclude .hg -resolve-src-symlinks -rename /Users/admin/builder/spi-builder-workspace/.derivedData/Build/Intermediates.noindex/SnapshotTestingHEIC.build/Debug-watchos/SnapshotTestingHEIC-t.build/Objects-normal/arm64/SnapshotTestingHEIC.swiftmodule /Users/admin/builder/spi-builder-workspace/.derivedData/Build/Products/Debug-watchos/SnapshotTestingHEIC.swiftmodule/arm64-apple-watchos.swiftmodule
Copy /Users/admin/builder/spi-builder-workspace/.derivedData/Build/Products/Debug-watchos/SnapshotTestingHEIC.swiftmodule/arm64-apple-watchos.swiftdoc /Users/admin/builder/spi-builder-workspace/.derivedData/Build/Intermediates.noindex/SnapshotTestingHEIC.build/Debug-watchos/SnapshotTestingHEIC-t.build/Objects-normal/arm64/SnapshotTestingHEIC.swiftdoc (in target 'SnapshotTestingHEIC' from project 'SnapshotTestingHEIC')
cd /Users/admin/builder/spi-builder-workspace/.dependencies/checkouts/SnapshotTestingHEIC
builtin-copy -exclude .DS_Store -exclude CVS -exclude .svn -exclude .git -exclude .hg -resolve-src-symlinks -rename /Users/admin/builder/spi-builder-workspace/.derivedData/Build/Intermediates.noindex/SnapshotTestingHEIC.build/Debug-watchos/SnapshotTestingHEIC-t.build/Objects-normal/arm64/SnapshotTestingHEIC.swiftdoc /Users/admin/builder/spi-builder-workspace/.derivedData/Build/Products/Debug-watchos/SnapshotTestingHEIC.swiftmodule/arm64-apple-watchos.swiftdoc
Copy /Users/admin/builder/spi-builder-workspace/.derivedData/Build/Products/Debug-watchos/SnapshotTestingHEIC.swiftmodule/arm64-apple-watchos.abi.json /Users/admin/builder/spi-builder-workspace/.derivedData/Build/Intermediates.noindex/SnapshotTestingHEIC.build/Debug-watchos/SnapshotTestingHEIC-t.build/Objects-normal/arm64/SnapshotTestingHEIC.abi.json (in target 'SnapshotTestingHEIC' from project 'SnapshotTestingHEIC')
cd /Users/admin/builder/spi-builder-workspace/.dependencies/checkouts/SnapshotTestingHEIC
builtin-copy -exclude .DS_Store -exclude CVS -exclude .svn -exclude .git -exclude .hg -resolve-src-symlinks -rename /Users/admin/builder/spi-builder-workspace/.derivedData/Build/Intermediates.noindex/SnapshotTestingHEIC.build/Debug-watchos/SnapshotTestingHEIC-t.build/Objects-normal/arm64/SnapshotTestingHEIC.abi.json /Users/admin/builder/spi-builder-workspace/.derivedData/Build/Products/Debug-watchos/SnapshotTestingHEIC.swiftmodule/arm64-apple-watchos.abi.json
Copy /Users/admin/builder/spi-builder-workspace/.derivedData/Build/Products/Debug-watchos/SnapshotTestingHEIC.swiftmodule/Project/arm64-apple-watchos.swiftsourceinfo /Users/admin/builder/spi-builder-workspace/.derivedData/Build/Intermediates.noindex/SnapshotTestingHEIC.build/Debug-watchos/SnapshotTestingHEIC-t.build/Objects-normal/arm64/SnapshotTestingHEIC.swiftsourceinfo (in target 'SnapshotTestingHEIC' from project 'SnapshotTestingHEIC')
cd /Users/admin/builder/spi-builder-workspace/.dependencies/checkouts/SnapshotTestingHEIC
builtin-copy -exclude .DS_Store -exclude CVS -exclude .svn -exclude .git -exclude .hg -resolve-src-symlinks -rename /Users/admin/builder/spi-builder-workspace/.derivedData/Build/Intermediates.noindex/SnapshotTestingHEIC.build/Debug-watchos/SnapshotTestingHEIC-t.build/Objects-normal/arm64/SnapshotTestingHEIC.swiftsourceinfo /Users/admin/builder/spi-builder-workspace/.derivedData/Build/Products/Debug-watchos/SnapshotTestingHEIC.swiftmodule/Project/arm64-apple-watchos.swiftsourceinfo
SwiftCompile normal arm64_32 Compiling\ UIImage.swift /Users/admin/builder/spi-builder-workspace/.dependencies/checkouts/SnapshotTestingHEIC/Sources/SnapshotTestingHEIC/UIImage.swift (in target 'SnapshotTestingHEIC' from project 'SnapshotTestingHEIC')
SwiftCompile normal arm64_32 /Users/admin/builder/spi-builder-workspace/.dependencies/checkouts/SnapshotTestingHEIC/Sources/SnapshotTestingHEIC/UIImage.swift (in target 'SnapshotTestingHEIC' from project 'SnapshotTestingHEIC')
cd /Users/admin/builder/spi-builder-workspace/.swiftpm/xcode
builtin-SwiftPerFileCompile UIImage.swift
SwiftDriverJobDiscovery normal arm64 Compiling UIView.swift (in target 'SnapshotTestingHEIC' from project 'SnapshotTestingHEIC')
SwiftCompile normal arm64 Compiling\ SwiftUIView.swift /Users/admin/builder/spi-builder-workspace/.dependencies/checkouts/SnapshotTestingHEIC/Sources/SnapshotTestingHEIC/SwiftUIView.swift (in target 'SnapshotTestingHEIC' from project 'SnapshotTestingHEIC')
SwiftCompile normal arm64 /Users/admin/builder/spi-builder-workspace/.dependencies/checkouts/SnapshotTestingHEIC/Sources/SnapshotTestingHEIC/SwiftUIView.swift (in target 'SnapshotTestingHEIC' from project 'SnapshotTestingHEIC')
cd /Users/admin/builder/spi-builder-workspace/.swiftpm/xcode
builtin-SwiftPerFileCompile SwiftUIView.swift
SwiftDriverJobDiscovery normal arm64_32 Compiling UIView.swift (in target 'SnapshotTestingHEIC' from project 'SnapshotTestingHEIC')
SwiftCompile normal arm64_32 Compiling\ NSViewController.swift /Users/admin/builder/spi-builder-workspace/.dependencies/checkouts/SnapshotTestingHEIC/Sources/SnapshotTestingHEIC/NSViewController.swift (in target 'SnapshotTestingHEIC' from project 'SnapshotTestingHEIC')
SwiftCompile normal arm64_32 /Users/admin/builder/spi-builder-workspace/.dependencies/checkouts/SnapshotTestingHEIC/Sources/SnapshotTestingHEIC/NSViewController.swift (in target 'SnapshotTestingHEIC' from project 'SnapshotTestingHEIC')
cd /Users/admin/builder/spi-builder-workspace/.swiftpm/xcode
builtin-SwiftPerFileCompile NSViewController.swift
SwiftDriverJobDiscovery normal arm64 Compiling UIImage.swift (in target 'SnapshotTestingHEIC' from project 'SnapshotTestingHEIC')
SwiftDriver SnapshotTestingStitch normal arm64 com.apple.xcode.tools.swift.compiler (in target 'SnapshotTestingStitch' from project 'SnapshotTestingStitch')
cd /Users/admin/builder/spi-builder-workspace/.swiftpm/xcode
builtin-SwiftDriver -- /Applications/Xcode-27.0.0-Release.Candidate.app/Contents/Developer/Toolchains/XcodeDefault.xctoolchain/usr/bin/swiftc -parse-as-library -module-name SnapshotTestingStitch -Onone @/Users/admin/builder/spi-builder-workspace/.derivedData/Build/Intermediates.noindex/SnapshotTestingStitch.build/Debug-watchos/SnapshotTestingStitch-t.build/Objects-normal/arm64/SnapshotTestingStitch.SwiftFileList -DSWIFT_PACKAGE -DDEBUG -DSWIFT_MODULE_RESOURCE_BUNDLE_UNAVAILABLE -DXcode -plugin-path /Applications/Xcode-27.0.0-Release.Candidate.app/Contents/Developer/Toolchains/XcodeDefault.xctoolchain/usr/lib/swift/host/plugins/testing -enable-experimental-feature DebugDescriptionMacro -sdk /Applications/Xcode-27.0.0-Release.Candidate.app/Contents/Developer/Platforms/WatchOS.platform/Developer/SDKs/WatchOS27.0.sdk -target arm64-apple-watchos9.0 -g -module-cache-path /Users/admin/builder/spi-builder-workspace/.derivedData/ModuleCache.noindex -Xfrontend -serialize-debugging-options -profile-coverage-mapping -profile-generate -enable-testing -index-store-path /Users/admin/builder/spi-builder-workspace/.derivedData/Index.noindex/DataStore -Xcc -D_LIBCPP_HARDENING_MODE\=_LIBCPP_HARDENING_MODE_DEBUG -swift-version 5 -I /Users/admin/builder/spi-builder-workspace/.derivedData/Build/Products/Debug-watchos -Isystem /Applications/Xcode-27.0.0-Release.Candidate.app/Contents/Developer/Platforms/WatchOS.platform/Developer/usr/lib -F /Users/admin/builder/spi-builder-workspace/.derivedData/Build/Products/Debug-watchos/PackageFrameworks -F /Users/admin/builder/spi-builder-workspace/.derivedData/Build/Products/Debug-watchos -F /Applications/Xcode-27.0.0-Release.Candidate.app/Contents/Developer/Platforms/WatchOS.platform/Developer/Library/Frameworks -F /Applications/Xcode-27.0.0-Release.Candidate.app/Contents/Developer/Platforms/WatchOS.platform/Developer/SDKs/WatchOS27.0.sdk/Developer/Library/Frameworks -c -j10 -enable-batch-mode -incremental -Xcc -ivfsstatcache -Xcc /Users/admin/builder/spi-builder-workspace/.derivedData/SDKStatCaches.noindex/watchos27.0-24R360-e829b21a6f8c9b70876ba0858053c04477534ef55a1706bf4c1112bbb242f0a2.sdkstatcache -output-file-map /Users/admin/builder/spi-builder-workspace/.derivedData/Build/Intermediates.noindex/SnapshotTestingStitch.build/Debug-watchos/SnapshotTestingStitch-t.build/Objects-normal/arm64/SnapshotTestingStitch-OutputFileMap.json -save-temps -no-color-diagnostics -explicit-module-build -module-cache-path /Users/admin/builder/spi-builder-workspace/.derivedData/Build/Intermediates.noindex/SwiftExplicitPrecompiledModules -clang-scanner-module-cache-path /Users/admin/builder/spi-builder-workspace/.derivedData/ModuleCache.noindex -sdk-module-cache-path /Users/admin/builder/spi-builder-workspace/.derivedData/SDKExplicitPrecompiledModules -emit-dependencies -emit-module -emit-module-path /Users/admin/builder/spi-builder-workspace/.derivedData/Build/Intermediates.noindex/SnapshotTestingStitch.build/Debug-watchos/SnapshotTestingStitch-t.build/Objects-normal/arm64/SnapshotTestingStitch.swiftmodule -serialize-diagnostics -dependency-scan-serialize-diagnostics-path /Users/admin/builder/spi-builder-workspace/.derivedData/Build/Intermediates.noindex/SnapshotTestingStitch.build/Debug-watchos/SnapshotTestingStitch-t.build/Objects-normal/arm64/SnapshotTestingStitch-dependency-scan.dia -validate-clang-modules-once -clang-build-session-file /Users/admin/builder/spi-builder-workspace/.derivedData/ModuleCache.noindex/Session.modulevalidation -Xcc -fmodules-prune-interval\=86400 -Xcc -fmodules-prune-after\=345600 -emit-const-values -const-gather-protocols-list /Users/admin/builder/spi-builder-workspace/.derivedData/Build/Intermediates.noindex/SnapshotTestingStitch.build/Debug-watchos/SnapshotTestingStitch-t.build/Objects-normal/arm64/SnapshotTestingStitch_const_extract_protocols.json -Xcc -I/Users/admin/builder/spi-builder-workspace/.derivedData/Build/Products/Debug-watchos/include -Xcc -I/Users/admin/builder/spi-builder-workspace/.derivedData/Build/Intermediates.noindex/SnapshotTestingStitch.build/Debug-watchos/SnapshotTestingStitch-t.build/DerivedSources-normal/arm64 -Xcc -I/Users/admin/builder/spi-builder-workspace/.derivedData/Build/Intermediates.noindex/SnapshotTestingStitch.build/Debug-watchos/SnapshotTestingStitch-t.build/DerivedSources/arm64 -Xcc -I/Users/admin/builder/spi-builder-workspace/.derivedData/Build/Intermediates.noindex/SnapshotTestingStitch.build/Debug-watchos/SnapshotTestingStitch-t.build/DerivedSources -Xcc -DSWIFT_PACKAGE -Xcc -DDEBUG\=1 -emit-objc-header -emit-objc-header-path /Users/admin/builder/spi-builder-workspace/.derivedData/Build/Intermediates.noindex/SnapshotTestingStitch.build/Debug-watchos/SnapshotTestingStitch-t.build/Objects-normal/arm64/SnapshotTestingStitch-Swift.h -working-directory /Users/admin/builder/spi-builder-workspace/.swiftpm/xcode -experimental-emit-module-separately -disable-cmo
SwiftDriver SnapshotTestingStitch normal arm64_32 com.apple.xcode.tools.swift.compiler (in target 'SnapshotTestingStitch' from project 'SnapshotTestingStitch')
cd /Users/admin/builder/spi-builder-workspace/.swiftpm/xcode
builtin-SwiftDriver -- /Applications/Xcode-27.0.0-Release.Candidate.app/Contents/Developer/Toolchains/XcodeDefault.xctoolchain/usr/bin/swiftc -parse-as-library -module-name SnapshotTestingStitch -Onone @/Users/admin/builder/spi-builder-workspace/.derivedData/Build/Intermediates.noindex/SnapshotTestingStitch.build/Debug-watchos/SnapshotTestingStitch-t.build/Objects-normal/arm64_32/SnapshotTestingStitch.SwiftFileList -DSWIFT_PACKAGE -DDEBUG -DSWIFT_MODULE_RESOURCE_BUNDLE_UNAVAILABLE -DXcode -plugin-path /Applications/Xcode-27.0.0-Release.Candidate.app/Contents/Developer/Toolchains/XcodeDefault.xctoolchain/usr/lib/swift/host/plugins/testing -enable-experimental-feature DebugDescriptionMacro -sdk /Applications/Xcode-27.0.0-Release.Candidate.app/Contents/Developer/Platforms/WatchOS.platform/Developer/SDKs/WatchOS27.0.sdk -target arm64_32-apple-watchos9.0 -g -module-cache-path /Users/admin/builder/spi-builder-workspace/.derivedData/ModuleCache.noindex -Xfrontend -serialize-debugging-options -profile-coverage-mapping -profile-generate -enable-testing -index-store-path /Users/admin/builder/spi-builder-workspace/.derivedData/Index.noindex/DataStore -Xcc -D_LIBCPP_HARDENING_MODE\=_LIBCPP_HARDENING_MODE_DEBUG -swift-version 5 -I /Users/admin/builder/spi-builder-workspace/.derivedData/Build/Products/Debug-watchos -Isystem /Applications/Xcode-27.0.0-Release.Candidate.app/Contents/Developer/Platforms/WatchOS.platform/Developer/usr/lib -F /Users/admin/builder/spi-builder-workspace/.derivedData/Build/Products/Debug-watchos/PackageFrameworks -F /Users/admin/builder/spi-builder-workspace/.derivedData/Build/Products/Debug-watchos -F /Applications/Xcode-27.0.0-Release.Candidate.app/Contents/Developer/Platforms/WatchOS.platform/Developer/Library/Frameworks -F /Applications/Xcode-27.0.0-Release.Candidate.app/Contents/Developer/Platforms/WatchOS.platform/Developer/SDKs/WatchOS27.0.sdk/Developer/Library/Frameworks -c -j10 -enable-batch-mode -incremental -Xcc -ivfsstatcache -Xcc /Users/admin/builder/spi-builder-workspace/.derivedData/SDKStatCaches.noindex/watchos27.0-24R360-e829b21a6f8c9b70876ba0858053c04477534ef55a1706bf4c1112bbb242f0a2.sdkstatcache -output-file-map /Users/admin/builder/spi-builder-workspace/.derivedData/Build/Intermediates.noindex/SnapshotTestingStitch.build/Debug-watchos/SnapshotTestingStitch-t.build/Objects-normal/arm64_32/SnapshotTestingStitch-OutputFileMap.json -save-temps -no-color-diagnostics -explicit-module-build -module-cache-path /Users/admin/builder/spi-builder-workspace/.derivedData/Build/Intermediates.noindex/SwiftExplicitPrecompiledModules -clang-scanner-module-cache-path /Users/admin/builder/spi-builder-workspace/.derivedData/ModuleCache.noindex -sdk-module-cache-path /Users/admin/builder/spi-builder-workspace/.derivedData/SDKExplicitPrecompiledModules -emit-dependencies -emit-module -emit-module-path /Users/admin/builder/spi-builder-workspace/.derivedData/Build/Intermediates.noindex/SnapshotTestingStitch.build/Debug-watchos/SnapshotTestingStitch-t.build/Objects-normal/arm64_32/SnapshotTestingStitch.swiftmodule -serialize-diagnostics -dependency-scan-serialize-diagnostics-path /Users/admin/builder/spi-builder-workspace/.derivedData/Build/Intermediates.noindex/SnapshotTestingStitch.build/Debug-watchos/SnapshotTestingStitch-t.build/Objects-normal/arm64_32/SnapshotTestingStitch-dependency-scan.dia -validate-clang-modules-once -clang-build-session-file /Users/admin/builder/spi-builder-workspace/.derivedData/ModuleCache.noindex/Session.modulevalidation -Xcc -fmodules-prune-interval\=86400 -Xcc -fmodules-prune-after\=345600 -emit-const-values -const-gather-protocols-list /Users/admin/builder/spi-builder-workspace/.derivedData/Build/Intermediates.noindex/SnapshotTestingStitch.build/Debug-watchos/SnapshotTestingStitch-t.build/Objects-normal/arm64_32/SnapshotTestingStitch_const_extract_protocols.json -Xcc -I/Users/admin/builder/spi-builder-workspace/.derivedData/Build/Products/Debug-watchos/include -Xcc -I/Users/admin/builder/spi-builder-workspace/.derivedData/Build/Intermediates.noindex/SnapshotTestingStitch.build/Debug-watchos/SnapshotTestingStitch-t.build/DerivedSources-normal/arm64_32 -Xcc -I/Users/admin/builder/spi-builder-workspace/.derivedData/Build/Intermediates.noindex/SnapshotTestingStitch.build/Debug-watchos/SnapshotTestingStitch-t.build/DerivedSources/arm64_32 -Xcc -I/Users/admin/builder/spi-builder-workspace/.derivedData/Build/Intermediates.noindex/SnapshotTestingStitch.build/Debug-watchos/SnapshotTestingStitch-t.build/DerivedSources -Xcc -DSWIFT_PACKAGE -Xcc -DDEBUG\=1 -emit-objc-header -emit-objc-header-path /Users/admin/builder/spi-builder-workspace/.derivedData/Build/Intermediates.noindex/SnapshotTestingStitch.build/Debug-watchos/SnapshotTestingStitch-t.build/Objects-normal/arm64_32/SnapshotTestingStitch-Swift.h -working-directory /Users/admin/builder/spi-builder-workspace/.swiftpm/xcode -experimental-emit-module-separately -disable-cmo
SwiftDriverJobDiscovery normal arm64 Compiling UIImage+HEIC.swift (in target 'SnapshotTestingHEIC' from project 'SnapshotTestingHEIC')
SwiftDriverJobDiscovery normal arm64_32 Compiling UIImage.swift (in target 'SnapshotTestingHEIC' from project 'SnapshotTestingHEIC')
SwiftDriverJobDiscovery normal arm64 Compiling CompressionQuality.swift, NSImage+HEIC.swift (in target 'SnapshotTestingHEIC' from project 'SnapshotTestingHEIC')
SwiftDriverJobDiscovery normal arm64 Compiling SwiftUIView.swift (in target 'SnapshotTestingHEIC' from project 'SnapshotTestingHEIC')
SwiftDriver\ Compilation SnapshotTestingHEIC normal arm64 com.apple.xcode.tools.swift.compiler (in target 'SnapshotTestingHEIC' from project 'SnapshotTestingHEIC')
cd /Users/admin/builder/spi-builder-workspace/.swiftpm/xcode
builtin-Swift-Compilation -- /Applications/Xcode-27.0.0-Release.Candidate.app/Contents/Developer/Toolchains/XcodeDefault.xctoolchain/usr/bin/swiftc -parse-as-library -module-name SnapshotTestingHEIC -Onone @/Users/admin/builder/spi-builder-workspace/.derivedData/Build/Intermediates.noindex/SnapshotTestingHEIC.build/Debug-watchos/SnapshotTestingHEIC-t.build/Objects-normal/arm64/SnapshotTestingHEIC.SwiftFileList -DSWIFT_PACKAGE -DDEBUG -DSWIFT_MODULE_RESOURCE_BUNDLE_UNAVAILABLE -DXcode -plugin-path /Applications/Xcode-27.0.0-Release.Candidate.app/Contents/Developer/Toolchains/XcodeDefault.xctoolchain/usr/lib/swift/host/plugins/testing -enable-experimental-feature DebugDescriptionMacro -sdk /Applications/Xcode-27.0.0-Release.Candidate.app/Contents/Developer/Platforms/WatchOS.platform/Developer/SDKs/WatchOS27.0.sdk -target arm64-apple-watchos9.0 -g -module-cache-path /Users/admin/builder/spi-builder-workspace/.derivedData/ModuleCache.noindex -Xfrontend -serialize-debugging-options -profile-coverage-mapping -profile-generate -enable-testing -suppress-warnings -index-store-path /Users/admin/builder/spi-builder-workspace/.derivedData/Index.noindex/DataStore -Xcc -D_LIBCPP_HARDENING_MODE\=_LIBCPP_HARDENING_MODE_DEBUG -swift-version 5 -I /Users/admin/builder/spi-builder-workspace/.derivedData/Build/Products/Debug-watchos -Isystem /Applications/Xcode-27.0.0-Release.Candidate.app/Contents/Developer/Platforms/WatchOS.platform/Developer/usr/lib -F /Users/admin/builder/spi-builder-workspace/.derivedData/Build/Products/Debug-watchos/PackageFrameworks -F /Users/admin/builder/spi-builder-workspace/.derivedData/Build/Products/Debug-watchos -F /Applications/Xcode-27.0.0-Release.Candidate.app/Contents/Developer/Platforms/WatchOS.platform/Developer/Library/Frameworks -F /Applications/Xcode-27.0.0-Release.Candidate.app/Contents/Developer/Platforms/WatchOS.platform/Developer/SDKs/WatchOS27.0.sdk/Developer/Library/Frameworks -c -j10 -enable-batch-mode -incremental -Xcc -ivfsstatcache -Xcc /Users/admin/builder/spi-builder-workspace/.derivedData/SDKStatCaches.noindex/watchos27.0-24R360-e829b21a6f8c9b70876ba0858053c04477534ef55a1706bf4c1112bbb242f0a2.sdkstatcache -output-file-map /Users/admin/builder/spi-builder-workspace/.derivedData/Build/Intermediates.noindex/SnapshotTestingHEIC.build/Debug-watchos/SnapshotTestingHEIC-t.build/Objects-normal/arm64/SnapshotTestingHEIC-OutputFileMap.json -save-temps -no-color-diagnostics -explicit-module-build -module-cache-path /Users/admin/builder/spi-builder-workspace/.derivedData/Build/Intermediates.noindex/SwiftExplicitPrecompiledModules -clang-scanner-module-cache-path /Users/admin/builder/spi-builder-workspace/.derivedData/ModuleCache.noindex -sdk-module-cache-path /Users/admin/builder/spi-builder-workspace/.derivedData/SDKExplicitPrecompiledModules -emit-dependencies -emit-module -emit-module-path /Users/admin/builder/spi-builder-workspace/.derivedData/Build/Intermediates.noindex/SnapshotTestingHEIC.build/Debug-watchos/SnapshotTestingHEIC-t.build/Objects-normal/arm64/SnapshotTestingHEIC.swiftmodule -serialize-diagnostics -dependency-scan-serialize-diagnostics-path /Users/admin/builder/spi-builder-workspace/.derivedData/Build/Intermediates.noindex/SnapshotTestingHEIC.build/Debug-watchos/SnapshotTestingHEIC-t.build/Objects-normal/arm64/SnapshotTestingHEIC-dependency-scan.dia -validate-clang-modules-once -clang-build-session-file /Users/admin/builder/spi-builder-workspace/.derivedData/ModuleCache.noindex/Session.modulevalidation -Xcc -fmodules-prune-interval\=86400 -Xcc -fmodules-prune-after\=345600 -emit-const-values -const-gather-protocols-list /Users/admin/builder/spi-builder-workspace/.derivedData/Build/Intermediates.noindex/SnapshotTestingHEIC.build/Debug-watchos/SnapshotTestingHEIC-t.build/Objects-normal/arm64/SnapshotTestingHEIC_const_extract_protocols.json -Xcc -I/Users/admin/builder/spi-builder-workspace/.derivedData/Build/Products/Debug-watchos/include -Xcc -I/Users/admin/builder/spi-builder-workspace/.derivedData/Build/Intermediates.noindex/SnapshotTestingHEIC.build/Debug-watchos/SnapshotTestingHEIC-t.build/DerivedSources-normal/arm64 -Xcc -I/Users/admin/builder/spi-builder-workspace/.derivedData/Build/Intermediates.noindex/SnapshotTestingHEIC.build/Debug-watchos/SnapshotTestingHEIC-t.build/DerivedSources/arm64 -Xcc -I/Users/admin/builder/spi-builder-workspace/.derivedData/Build/Intermediates.noindex/SnapshotTestingHEIC.build/Debug-watchos/SnapshotTestingHEIC-t.build/DerivedSources -Xcc -DSWIFT_PACKAGE -Xcc -DDEBUG\=1 -emit-objc-header -emit-objc-header-path /Users/admin/builder/spi-builder-workspace/.derivedData/Build/Intermediates.noindex/SnapshotTestingHEIC.build/Debug-watchos/SnapshotTestingHEIC-t.build/Objects-normal/arm64/SnapshotTestingHEIC-Swift.h -working-directory /Users/admin/builder/spi-builder-workspace/.swiftpm/xcode -experimental-emit-module-separately -disable-cmo
SwiftDriverJobDiscovery normal arm64_32 Compiling NSViewController.swift (in target 'SnapshotTestingHEIC' from project 'SnapshotTestingHEIC')
SwiftDriverJobDiscovery normal arm64_32 Compiling SwiftUIView.swift, UIBezierPath.swift, UIImage.swift (in target 'SnapshotTesting' from project 'swift-snapshot-testing')
SwiftDriverJobDiscovery normal arm64_32 Compiling SwiftUIView.swift (in target 'SnapshotTestingHEIC' from project 'SnapshotTestingHEIC')
SwiftDriver\ Compilation SnapshotTestingHEIC normal arm64_32 com.apple.xcode.tools.swift.compiler (in target 'SnapshotTestingHEIC' from project 'SnapshotTestingHEIC')
cd /Users/admin/builder/spi-builder-workspace/.swiftpm/xcode
builtin-Swift-Compilation -- /Applications/Xcode-27.0.0-Release.Candidate.app/Contents/Developer/Toolchains/XcodeDefault.xctoolchain/usr/bin/swiftc -parse-as-library -module-name SnapshotTestingHEIC -Onone @/Users/admin/builder/spi-builder-workspace/.derivedData/Build/Intermediates.noindex/SnapshotTestingHEIC.build/Debug-watchos/SnapshotTestingHEIC-t.build/Objects-normal/arm64_32/SnapshotTestingHEIC.SwiftFileList -DSWIFT_PACKAGE -DDEBUG -DSWIFT_MODULE_RESOURCE_BUNDLE_UNAVAILABLE -DXcode -plugin-path /Applications/Xcode-27.0.0-Release.Candidate.app/Contents/Developer/Toolchains/XcodeDefault.xctoolchain/usr/lib/swift/host/plugins/testing -enable-experimental-feature DebugDescriptionMacro -sdk /Applications/Xcode-27.0.0-Release.Candidate.app/Contents/Developer/Platforms/WatchOS.platform/Developer/SDKs/WatchOS27.0.sdk -target arm64_32-apple-watchos9.0 -g -module-cache-path /Users/admin/builder/spi-builder-workspace/.derivedData/ModuleCache.noindex -Xfrontend -serialize-debugging-options -profile-coverage-mapping -profile-generate -enable-testing -suppress-warnings -index-store-path /Users/admin/builder/spi-builder-workspace/.derivedData/Index.noindex/DataStore -Xcc -D_LIBCPP_HARDENING_MODE\=_LIBCPP_HARDENING_MODE_DEBUG -swift-version 5 -I /Users/admin/builder/spi-builder-workspace/.derivedData/Build/Products/Debug-watchos -Isystem /Applications/Xcode-27.0.0-Release.Candidate.app/Contents/Developer/Platforms/WatchOS.platform/Developer/usr/lib -F /Users/admin/builder/spi-builder-workspace/.derivedData/Build/Products/Debug-watchos/PackageFrameworks -F /Users/admin/builder/spi-builder-workspace/.derivedData/Build/Products/Debug-watchos -F /Applications/Xcode-27.0.0-Release.Candidate.app/Contents/Developer/Platforms/WatchOS.platform/Developer/Library/Frameworks -F /Applications/Xcode-27.0.0-Release.Candidate.app/Contents/Developer/Platforms/WatchOS.platform/Developer/SDKs/WatchOS27.0.sdk/Developer/Library/Frameworks -c -j10 -enable-batch-mode -incremental -Xcc -ivfsstatcache -Xcc /Users/admin/builder/spi-builder-workspace/.derivedData/SDKStatCaches.noindex/watchos27.0-24R360-e829b21a6f8c9b70876ba0858053c04477534ef55a1706bf4c1112bbb242f0a2.sdkstatcache -output-file-map /Users/admin/builder/spi-builder-workspace/.derivedData/Build/Intermediates.noindex/SnapshotTestingHEIC.build/Debug-watchos/SnapshotTestingHEIC-t.build/Objects-normal/arm64_32/SnapshotTestingHEIC-OutputFileMap.json -save-temps -no-color-diagnostics -explicit-module-build -module-cache-path /Users/admin/builder/spi-builder-workspace/.derivedData/Build/Intermediates.noindex/SwiftExplicitPrecompiledModules -clang-scanner-module-cache-path /Users/admin/builder/spi-builder-workspace/.derivedData/ModuleCache.noindex -sdk-module-cache-path /Users/admin/builder/spi-builder-workspace/.derivedData/SDKExplicitPrecompiledModules -emit-dependencies -emit-module -emit-module-path /Users/admin/builder/spi-builder-workspace/.derivedData/Build/Intermediates.noindex/SnapshotTestingHEIC.build/Debug-watchos/SnapshotTestingHEIC-t.build/Objects-normal/arm64_32/SnapshotTestingHEIC.swiftmodule -serialize-diagnostics -dependency-scan-serialize-diagnostics-path /Users/admin/builder/spi-builder-workspace/.derivedData/Build/Intermediates.noindex/SnapshotTestingHEIC.build/Debug-watchos/SnapshotTestingHEIC-t.build/Objects-normal/arm64_32/SnapshotTestingHEIC-dependency-scan.dia -validate-clang-modules-once -clang-build-session-file /Users/admin/builder/spi-builder-workspace/.derivedData/ModuleCache.noindex/Session.modulevalidation -Xcc -fmodules-prune-interval\=86400 -Xcc -fmodules-prune-after\=345600 -emit-const-values -const-gather-protocols-list /Users/admin/builder/spi-builder-workspace/.derivedData/Build/Intermediates.noindex/SnapshotTestingHEIC.build/Debug-watchos/SnapshotTestingHEIC-t.build/Objects-normal/arm64_32/SnapshotTestingHEIC_const_extract_protocols.json -Xcc -I/Users/admin/builder/spi-builder-workspace/.derivedData/Build/Products/Debug-watchos/include -Xcc -I/Users/admin/builder/spi-builder-workspace/.derivedData/Build/Intermediates.noindex/SnapshotTestingHEIC.build/Debug-watchos/SnapshotTestingHEIC-t.build/DerivedSources-normal/arm64_32 -Xcc -I/Users/admin/builder/spi-builder-workspace/.derivedData/Build/Intermediates.noindex/SnapshotTestingHEIC.build/Debug-watchos/SnapshotTestingHEIC-t.build/DerivedSources/arm64_32 -Xcc -I/Users/admin/builder/spi-builder-workspace/.derivedData/Build/Intermediates.noindex/SnapshotTestingHEIC.build/Debug-watchos/SnapshotTestingHEIC-t.build/DerivedSources -Xcc -DSWIFT_PACKAGE -Xcc -DDEBUG\=1 -emit-objc-header -emit-objc-header-path /Users/admin/builder/spi-builder-workspace/.derivedData/Build/Intermediates.noindex/SnapshotTestingHEIC.build/Debug-watchos/SnapshotTestingHEIC-t.build/Objects-normal/arm64_32/SnapshotTestingHEIC-Swift.h -working-directory /Users/admin/builder/spi-builder-workspace/.swiftpm/xcode -experimental-emit-module-separately -disable-cmo
SwiftCompile normal arm64 Compiling\ StitchStyle.swift /Users/admin/builder/spi-builder-workspace/Sources/SnapshotTestingStitch/StitchStyle.swift (in target 'SnapshotTestingStitch' from project 'SnapshotTestingStitch')
SwiftCompile normal arm64 /Users/admin/builder/spi-builder-workspace/Sources/SnapshotTestingStitch/StitchStyle.swift (in target 'SnapshotTestingStitch' from project 'SnapshotTestingStitch')
cd /Users/admin/builder/spi-builder-workspace/.swiftpm/xcode
builtin-SwiftPerFileCompile StitchStyle.swift
SwiftEmitModule normal arm64 Emitting\ module\ for\ SnapshotTestingStitch (in target 'SnapshotTestingStitch' from project 'SnapshotTestingStitch')
SwiftCompile normal arm64 (in target 'SnapshotTestingStitch' from project 'SnapshotTestingStitch')
cd /Users/admin/builder/spi-builder-workspace/.swiftpm/xcode
SwiftCompile normal arm64 Compiling\ StitchTask.swift /Users/admin/builder/spi-builder-workspace/Sources/SnapshotTestingStitch/StitchTask.swift (in target 'SnapshotTestingStitch' from project 'SnapshotTestingStitch')
SwiftCompile normal arm64 /Users/admin/builder/spi-builder-workspace/Sources/SnapshotTestingStitch/StitchTask.swift (in target 'SnapshotTestingStitch' from project 'SnapshotTestingStitch')
cd /Users/admin/builder/spi-builder-workspace/.swiftpm/xcode
builtin-SwiftPerFileCompile StitchTask.swift
SwiftCompile normal arm64 Compiling\ Stitcher.swift /Users/admin/builder/spi-builder-workspace/Sources/SnapshotTestingStitch/Stitcher.swift (in target 'SnapshotTestingStitch' from project 'SnapshotTestingStitch')
SwiftCompile normal arm64 /Users/admin/builder/spi-builder-workspace/Sources/SnapshotTestingStitch/Stitcher.swift (in target 'SnapshotTestingStitch' from project 'SnapshotTestingStitch')
cd /Users/admin/builder/spi-builder-workspace/.swiftpm/xcode
builtin-SwiftPerFileCompile Stitcher.swift
SwiftCompile normal arm64 Compiling\ Snapshotting.swift /Users/admin/builder/spi-builder-workspace/Sources/SnapshotTestingStitch/Snapshotting.swift (in target 'SnapshotTestingStitch' from project 'SnapshotTestingStitch')
/Users/admin/builder/spi-builder-workspace/Sources/SnapshotTestingStitch/Snapshotting.swift:86:44: error: 'UIViewController' is unavailable in watchOS
84 | format: ImageFormat = .png
85 | ) -> Snapshotting {
86 | let internalStrategy: Snapshotting<UIViewController, UIImage>
| `- error: 'UIViewController' is unavailable in watchOS
87 |
88 | switch format {
/Applications/Xcode-27.0.0-Release.Candidate.app/Contents/Developer/Platforms/WatchOS.platform/Developer/SDKs/WatchOS27.0.sdk/System/Library/Frameworks/UIKit.framework/Headers/UIViewController.h:104:12: note: 'UIViewController' has been explicitly marked unavailable here
102 |
103 | UIKIT_EXTERN API_AVAILABLE(ios(2.0)) API_UNAVAILABLE(watchos) NS_SWIFT_UI_ACTOR
104 | @interface UIViewController : UIResponder <NSCoding, UIAppearanceContainer, UITraitEnvironment, UIContentContainer, UIFocusEnvironment>
| `- note: 'UIViewController' has been explicitly marked unavailable here
105 |
106 | /*
/Users/admin/builder/spi-builder-workspace/Sources/SnapshotTestingStitch/Snapshotting.swift:90:37: error: type 'Snapshotting<UIViewController, UIImage>' has no member 'image'
88 | switch format {
89 | case .png:
90 | internalStrategy = .image(precision: precision, perceptualPrecision: perceptualPrecision)
| `- error: type 'Snapshotting<UIViewController, UIImage>' has no member 'image'
91 | case .heic(let compressionQuality):
92 | internalStrategy = .imageHEIC(precision: precision, compressionQuality: compressionQuality)
/Users/admin/builder/spi-builder-workspace/Sources/SnapshotTestingStitch/Snapshotting.swift:92:37: error: type 'Snapshotting<UIViewController, UIImage>' has no member 'imageHEIC'
90 | internalStrategy = .image(precision: precision, perceptualPrecision: perceptualPrecision)
91 | case .heic(let compressionQuality):
92 | internalStrategy = .imageHEIC(precision: precision, compressionQuality: compressionQuality)
| `- error: type 'Snapshotting<UIViewController, UIImage>' has no member 'imageHEIC'
93 | }
94 |
SwiftCompile normal arm64 /Users/admin/builder/spi-builder-workspace/Sources/SnapshotTestingStitch/Snapshotting.swift (in target 'SnapshotTestingStitch' from project 'SnapshotTestingStitch')
cd /Users/admin/builder/spi-builder-workspace/.swiftpm/xcode
builtin-SwiftPerFileCompile Snapshotting.swift
SwiftCompile normal arm64 Compiling\ ImageFormat.swift /Users/admin/builder/spi-builder-workspace/Sources/SnapshotTestingStitch/ImageFormat.swift (in target 'SnapshotTestingStitch' from project 'SnapshotTestingStitch')
SwiftCompile normal arm64 /Users/admin/builder/spi-builder-workspace/Sources/SnapshotTestingStitch/ImageFormat.swift (in target 'SnapshotTestingStitch' from project 'SnapshotTestingStitch')
cd /Users/admin/builder/spi-builder-workspace/.swiftpm/xcode
builtin-SwiftPerFileCompile ImageFormat.swift
SwiftEmitModule normal arm64_32 Emitting\ module\ for\ SnapshotTestingStitch (in target 'SnapshotTestingStitch' from project 'SnapshotTestingStitch')
SwiftCompile normal arm64_32 (in target 'SnapshotTestingStitch' from project 'SnapshotTestingStitch')
cd /Users/admin/builder/spi-builder-workspace/.swiftpm/xcode
SwiftCompile normal arm64_32 Compiling\ Snapshotting.swift /Users/admin/builder/spi-builder-workspace/Sources/SnapshotTestingStitch/Snapshotting.swift (in target 'SnapshotTestingStitch' from project 'SnapshotTestingStitch')
/Users/admin/builder/spi-builder-workspace/Sources/SnapshotTestingStitch/Snapshotting.swift:86:44: error: 'UIViewController' is unavailable in watchOS
84 | format: ImageFormat = .png
85 | ) -> Snapshotting {
86 | let internalStrategy: Snapshotting<UIViewController, UIImage>
| `- error: 'UIViewController' is unavailable in watchOS
87 |
88 | switch format {
/Applications/Xcode-27.0.0-Release.Candidate.app/Contents/Developer/Platforms/WatchOS.platform/Developer/SDKs/WatchOS27.0.sdk/System/Library/Frameworks/UIKit.framework/Headers/UIViewController.h:104:12: note: 'UIViewController' has been explicitly marked unavailable here
102 |
103 | UIKIT_EXTERN API_AVAILABLE(ios(2.0)) API_UNAVAILABLE(watchos) NS_SWIFT_UI_ACTOR
104 | @interface UIViewController : UIResponder <NSCoding, UIAppearanceContainer, UITraitEnvironment, UIContentContainer, UIFocusEnvironment>
| `- note: 'UIViewController' has been explicitly marked unavailable here
105 |
106 | /*
/Users/admin/builder/spi-builder-workspace/Sources/SnapshotTestingStitch/Snapshotting.swift:90:37: error: type 'Snapshotting<UIViewController, UIImage>' has no member 'image'
88 | switch format {
89 | case .png:
90 | internalStrategy = .image(precision: precision, perceptualPrecision: perceptualPrecision)
| `- error: type 'Snapshotting<UIViewController, UIImage>' has no member 'image'
91 | case .heic(let compressionQuality):
92 | internalStrategy = .imageHEIC(precision: precision, compressionQuality: compressionQuality)
/Users/admin/builder/spi-builder-workspace/Sources/SnapshotTestingStitch/Snapshotting.swift:92:37: error: type 'Snapshotting<UIViewController, UIImage>' has no member 'imageHEIC'
90 | internalStrategy = .image(precision: precision, perceptualPrecision: perceptualPrecision)
91 | case .heic(let compressionQuality):
92 | internalStrategy = .imageHEIC(precision: precision, compressionQuality: compressionQuality)
| `- error: type 'Snapshotting<UIViewController, UIImage>' has no member 'imageHEIC'
93 | }
94 |
Failed frontend command:
/Applications/Xcode-27.0.0-Release.Candidate.app/Contents/Developer/Toolchains/XcodeDefault.xctoolchain/usr/bin/swift-frontend -frontend -c /Users/admin/builder/spi-builder-workspace/Sources/SnapshotTestingStitch/ImageFormat.swift -primary-file /Users/admin/builder/spi-builder-workspace/Sources/SnapshotTestingStitch/Snapshotting.swift /Users/admin/builder/spi-builder-workspace/Sources/SnapshotTestingStitch/StitchStyle.swift /Users/admin/builder/spi-builder-workspace/Sources/SnapshotTestingStitch/StitchTask.swift /Users/admin/builder/spi-builder-workspace/Sources/SnapshotTestingStitch/Stitcher.swift -emit-dependencies-path /Users/admin/builder/spi-builder-workspace/.derivedData/Build/Intermediates.noindex/SnapshotTestingStitch.build/Debug-watchos/SnapshotTestingStitch-t.build/Objects-normal/arm64_32/Snapshotting.d -emit-const-values-path /Users/admin/builder/spi-builder-workspace/.derivedData/Build/Intermediates.noindex/SnapshotTestingStitch.build/Debug-watchos/SnapshotTestingStitch-t.build/Objects-normal/arm64_32/Snapshotting.swiftconstvalues -emit-reference-dependencies-path /Users/admin/builder/spi-builder-workspace/.derivedData/Build/Intermediates.noindex/SnapshotTestingStitch.build/Debug-watchos/SnapshotTestingStitch-t.build/Objects-normal/arm64_32/Snapshotting.swiftdeps -serialize-diagnostics-path /Users/admin/builder/spi-builder-workspace/.derivedData/Build/Intermediates.noindex/SnapshotTestingStitch.build/Debug-watchos/SnapshotTestingStitch-t.build/Objects-normal/arm64_32/Snapshotting.dia -target arm64_32-apple-watchos9.0 -disable-cross-import-overlay-search -load-resolved-plugin /Applications/Xcode-27.0.0-Release.Candidate.app/Contents/Developer/Platforms/WatchOS.platform/Developer/usr/lib/swift/host/plugins/libFoundationMacros.dylib\#/Applications/Xcode-27.0.0-Release.Candidate.app/Contents/Developer/Platforms/WatchOS.platform/Developer/usr/bin/swift-plugin-server\#FoundationMacros -load-resolved-plugin /Applications/Xcode-27.0.0-Release.Candidate.app/Contents/Developer/Platforms/WatchOS.platform/Developer/usr/lib/swift/host/plugins/libObservationMacros.dylib\#/Applications/Xcode-27.0.0-Release.Candidate.app/Contents/Developer/Platforms/WatchOS.platform/Developer/usr/bin/swift-plugin-server\#ObservationMacros -load-resolved-plugin /Applications/Xcode-27.0.0-Release.Candidate.app/Contents/Developer/Platforms/WatchOS.platform/Developer/usr/lib/swift/host/plugins/libPreviewsMacros.dylib\#/Applications/Xcode-27.0.0-Release.Candidate.app/Contents/Developer/Platforms/WatchOS.platform/Developer/usr/bin/swift-plugin-server\#PreviewsMacros -load-resolved-plugin /Applications/Xcode-27.0.0-Release.Candidate.app/Contents/Developer/Platforms/WatchOS.platform/Developer/usr/lib/swift/host/plugins/libSwiftMacros.dylib\#/Applications/Xcode-27.0.0-Release.Candidate.app/Contents/Developer/Platforms/WatchOS.platform/Developer/usr/bin/swift-plugin-server\#SwiftMacros -load-resolved-plugin /Applications/Xcode-27.0.0-Release.Candidate.app/Contents/Developer/Platforms/WatchOS.platform/Developer/usr/lib/swift/host/plugins/libSwiftUIMacros.dylib\#/Applications/Xcode-27.0.0-Release.Candidate.app/Contents/Developer/Platforms/WatchOS.platform/Developer/usr/bin/swift-plugin-server\#SwiftUIMacros -load-resolved-plugin /Applications/Xcode-27.0.0-Release.Candidate.app/Contents/Developer/Toolchains/XcodeDefault.xctoolchain/usr/lib/swift/host/plugins/testing/libTestingMacros.dylib\#\#TestingMacros -disable-implicit-swift-modules -Xcc -fno-implicit-modules -Xcc -fno-implicit-module-maps -explicit-swift-module-map-file /Users/admin/builder/spi-builder-workspace/.derivedData/Build/Intermediates.noindex/SnapshotTestingStitch.build/Debug-watchos/SnapshotTestingStitch-t.build/Objects-normal/arm64_32/SnapshotTestingStitch-dependencies-2.json -enable-objc-interop -sdk /Applications/Xcode-27.0.0-Release.Candidate.app/Contents/Developer/Platforms/WatchOS.platform/Developer/SDKs/WatchOS27.0.sdk -I /Users/admin/builder/spi-builder-workspace/.derivedData/Build/Products/Debug-watchos -Isystem /Applications/Xcode-27.0.0-Release.Candidate.app/Contents/Developer/Platforms/WatchOS.platform/Developer/usr/lib -F /Users/admin/builder/spi-builder-workspace/.derivedData/Build/Products/Debug-watchos/PackageFrameworks -F /Users/admin/builder/spi-builder-workspace/.derivedData/Build/Products/Debug-watchos -F /Applications/Xcode-27.0.0-Release.Candidate.app/Contents/Developer/Platforms/WatchOS.platform/Developer/Library/Frameworks -F /Applications/Xcode-27.0.0-Release.Candidate.app/Contents/Developer/Platforms/WatchOS.platform/Developer/SDKs/WatchOS27.0.sdk/Developer/Library/Frameworks -module-cache-path /Users/admin/builder/spi-builder-workspace/.derivedData/Build/Intermediates.noindex/SwiftExplicitPrecompiledModules -no-color-diagnostics -Xcc -fno-color-diagnostics -enable-testing -g -debug-info-format\=dwarf -dwarf-version\=4 -profile-generate -profile-coverage-mapping -swift-version 5 -Onone -D SWIFT_PACKAGE -D DEBUG -D SWIFT_MODULE_RESOURCE_BUNDLE_UNAVAILABLE -D Xcode -serialize-debugging-options -enable-experimental-feature DebugDescriptionMacro -empty-abi-descriptor -validate-clang-modules-once -clang-build-session-file /Users/admin/builder/spi-builder-workspace/.derivedData/ModuleCache.noindex/Session.modulevalidation -Xcc -working-directory -Xcc /Users/admin/builder/spi-builder-workspace/.swiftpm/xcode -enable-anonymous-context-mangled-names -file-compilation-dir /Users/admin/builder/spi-builder-workspace/.swiftpm/xcode -Xcc -D_LIBCPP_HARDENING_MODE\=_LIBCPP_HARDENING_MODE_DEBUG -Xcc -ivfsstatcache -Xcc /Users/admin/builder/spi-builder-workspace/.derivedData/SDKStatCaches.noindex/watchos27.0-24R360-e829b21a6f8c9b70876ba0858053c04477534ef55a1706bf4c1112bbb242f0a2.sdkstatcache -Xcc -fmodules-prune-interval\=86400 -Xcc -fmodules-prune-after\=345600 -Xcc -I/Users/admin/builder/spi-builder-workspace/.derivedData/Build/Products/Debug-watchos/include -Xcc -I/Users/admin/builder/spi-builder-workspace/.derivedData/Build/Intermediates.noindex/SnapshotTestingStitch.build/Debug-watchos/SnapshotTestingStitch-t.build/DerivedSources-normal/arm64_32 -Xcc -I/Users/admin/builder/spi-builder-workspace/.derivedData/Build/Intermediates.noindex/SnapshotTestingStitch.build/Debug-watchos/SnapshotTestingStitch-t.build/DerivedSources/arm64_32 -Xcc -I/Users/admin/builder/spi-builder-workspace/.derivedData/Build/Intermediates.noindex/SnapshotTestingStitch.build/Debug-watchos/SnapshotTestingStitch-t.build/DerivedSources -Xcc -DSWIFT_PACKAGE -Xcc -DDEBUG\=1 -no-auto-bridging-header-chaining -module-name SnapshotTestingStitch -const-gather-protocols-file /Users/admin/builder/spi-builder-workspace/.derivedData/Build/Intermediates.noindex/SnapshotTestingStitch.build/Debug-watchos/SnapshotTestingStitch-t.build/Objects-normal/arm64_32/SnapshotTestingStitch_const_extract_protocols.json -disable-clang-spi -clang-target arm64_32-apple-watchos27.0 -target-sdk-version 27.0 -target-sdk-name watchos27.0 -in-process-plugin-server-path /Applications/Xcode-27.0.0-Release.Candidate.app/Contents/Developer/Toolchains/XcodeDefault.xctoolchain/usr/lib/swift/host/libSwiftInProcPluginServer.dylib -parse-as-library -o /Users/admin/builder/spi-builder-workspace/.derivedData/Build/Intermediates.noindex/SnapshotTestingStitch.build/Debug-watchos/SnapshotTestingStitch-t.build/Objects-normal/arm64_32/Snapshotting.o -debug-module-path /Users/admin/builder/spi-builder-workspace/.derivedData/Build/Intermediates.noindex/SnapshotTestingStitch.build/Debug-watchos/SnapshotTestingStitch-t.build/Objects-normal/arm64_32/SnapshotTestingStitch.swiftmodule -index-unit-output-path /SnapshotTestingStitch.build/Debug-watchos/SnapshotTestingStitch-t.build/Objects-normal/arm64_32/Snapshotting.o -index-store-path /Users/admin/builder/spi-builder-workspace/.derivedData/Index.noindex/DataStore -index-system-modules
SwiftCompile normal arm64_32 /Users/admin/builder/spi-builder-workspace/Sources/SnapshotTestingStitch/Snapshotting.swift (in target 'SnapshotTestingStitch' from project 'SnapshotTestingStitch')
cd /Users/admin/builder/spi-builder-workspace/.swiftpm/xcode
builtin-SwiftPerFileCompile Snapshotting.swift
SwiftCompile normal arm64_32 Compiling\ Stitcher.swift /Users/admin/builder/spi-builder-workspace/Sources/SnapshotTestingStitch/Stitcher.swift (in target 'SnapshotTestingStitch' from project 'SnapshotTestingStitch')
SwiftCompile normal arm64_32 /Users/admin/builder/spi-builder-workspace/Sources/SnapshotTestingStitch/Stitcher.swift (in target 'SnapshotTestingStitch' from project 'SnapshotTestingStitch')
cd /Users/admin/builder/spi-builder-workspace/.swiftpm/xcode
builtin-SwiftPerFileCompile Stitcher.swift
SwiftDriverJobDiscovery normal arm64 Compiling AssertSnapshot.swift, Async.swift, Internal.swift, PlistEncoder.swift (in target 'SnapshotTesting' from project 'swift-snapshot-testing')
SwiftCompile normal arm64_32 Compiling\ StitchStyle.swift /Users/admin/builder/spi-builder-workspace/Sources/SnapshotTestingStitch/StitchStyle.swift (in target 'SnapshotTestingStitch' from project 'SnapshotTestingStitch')
SwiftCompile normal arm64_32 /Users/admin/builder/spi-builder-workspace/Sources/SnapshotTestingStitch/StitchStyle.swift (in target 'SnapshotTestingStitch' from project 'SnapshotTestingStitch')
cd /Users/admin/builder/spi-builder-workspace/.swiftpm/xcode
builtin-SwiftPerFileCompile StitchStyle.swift
SwiftDriverJobDiscovery normal arm64 Compiling ImageFormat.swift (in target 'SnapshotTestingStitch' from project 'SnapshotTestingStitch')
SwiftCompile normal arm64_32 Compiling\ StitchTask.swift /Users/admin/builder/spi-builder-workspace/Sources/SnapshotTestingStitch/StitchTask.swift (in target 'SnapshotTestingStitch' from project 'SnapshotTestingStitch')
SwiftCompile normal arm64_32 /Users/admin/builder/spi-builder-workspace/Sources/SnapshotTestingStitch/StitchTask.swift (in target 'SnapshotTestingStitch' from project 'SnapshotTestingStitch')
cd /Users/admin/builder/spi-builder-workspace/.swiftpm/xcode
builtin-SwiftPerFileCompile StitchTask.swift
SwiftDriverJobDiscovery normal arm64 Compiling StitchTask.swift (in target 'SnapshotTestingStitch' from project 'SnapshotTestingStitch')
SwiftCompile normal arm64_32 Compiling\ ImageFormat.swift /Users/admin/builder/spi-builder-workspace/Sources/SnapshotTestingStitch/ImageFormat.swift (in target 'SnapshotTestingStitch' from project 'SnapshotTestingStitch')
SwiftCompile normal arm64_32 /Users/admin/builder/spi-builder-workspace/Sources/SnapshotTestingStitch/ImageFormat.swift (in target 'SnapshotTestingStitch' from project 'SnapshotTestingStitch')
cd /Users/admin/builder/spi-builder-workspace/.swiftpm/xcode
builtin-SwiftPerFileCompile ImageFormat.swift
SwiftDriverJobDiscovery normal arm64 Emitting module for SnapshotTestingStitch (in target 'SnapshotTestingStitch' from project 'SnapshotTestingStitch')
SwiftDriver\ Compilation\ Requirements SnapshotTestingStitch normal arm64 com.apple.xcode.tools.swift.compiler (in target 'SnapshotTestingStitch' from project 'SnapshotTestingStitch')
cd /Users/admin/builder/spi-builder-workspace/.swiftpm/xcode
builtin-Swift-Compilation-Requirements -- /Applications/Xcode-27.0.0-Release.Candidate.app/Contents/Developer/Toolchains/XcodeDefault.xctoolchain/usr/bin/swiftc -parse-as-library -module-name SnapshotTestingStitch -Onone @/Users/admin/builder/spi-builder-workspace/.derivedData/Build/Intermediates.noindex/SnapshotTestingStitch.build/Debug-watchos/SnapshotTestingStitch-t.build/Objects-normal/arm64/SnapshotTestingStitch.SwiftFileList -DSWIFT_PACKAGE -DDEBUG -DSWIFT_MODULE_RESOURCE_BUNDLE_UNAVAILABLE -DXcode -plugin-path /Applications/Xcode-27.0.0-Release.Candidate.app/Contents/Developer/Toolchains/XcodeDefault.xctoolchain/usr/lib/swift/host/plugins/testing -enable-experimental-feature DebugDescriptionMacro -sdk /Applications/Xcode-27.0.0-Release.Candidate.app/Contents/Developer/Platforms/WatchOS.platform/Developer/SDKs/WatchOS27.0.sdk -target arm64-apple-watchos9.0 -g -module-cache-path /Users/admin/builder/spi-builder-workspace/.derivedData/ModuleCache.noindex -Xfrontend -serialize-debugging-options -profile-coverage-mapping -profile-generate -enable-testing -index-store-path /Users/admin/builder/spi-builder-workspace/.derivedData/Index.noindex/DataStore -Xcc -D_LIBCPP_HARDENING_MODE\=_LIBCPP_HARDENING_MODE_DEBUG -swift-version 5 -I /Users/admin/builder/spi-builder-workspace/.derivedData/Build/Products/Debug-watchos -Isystem /Applications/Xcode-27.0.0-Release.Candidate.app/Contents/Developer/Platforms/WatchOS.platform/Developer/usr/lib -F /Users/admin/builder/spi-builder-workspace/.derivedData/Build/Products/Debug-watchos/PackageFrameworks -F /Users/admin/builder/spi-builder-workspace/.derivedData/Build/Products/Debug-watchos -F /Applications/Xcode-27.0.0-Release.Candidate.app/Contents/Developer/Platforms/WatchOS.platform/Developer/Library/Frameworks -F /Applications/Xcode-27.0.0-Release.Candidate.app/Contents/Developer/Platforms/WatchOS.platform/Developer/SDKs/WatchOS27.0.sdk/Developer/Library/Frameworks -c -j10 -enable-batch-mode -incremental -Xcc -ivfsstatcache -Xcc /Users/admin/builder/spi-builder-workspace/.derivedData/SDKStatCaches.noindex/watchos27.0-24R360-e829b21a6f8c9b70876ba0858053c04477534ef55a1706bf4c1112bbb242f0a2.sdkstatcache -output-file-map /Users/admin/builder/spi-builder-workspace/.derivedData/Build/Intermediates.noindex/SnapshotTestingStitch.build/Debug-watchos/SnapshotTestingStitch-t.build/Objects-normal/arm64/SnapshotTestingStitch-OutputFileMap.json -save-temps -no-color-diagnostics -explicit-module-build -module-cache-path /Users/admin/builder/spi-builder-workspace/.derivedData/Build/Intermediates.noindex/SwiftExplicitPrecompiledModules -clang-scanner-module-cache-path /Users/admin/builder/spi-builder-workspace/.derivedData/ModuleCache.noindex -sdk-module-cache-path /Users/admin/builder/spi-builder-workspace/.derivedData/SDKExplicitPrecompiledModules -emit-dependencies -emit-module -emit-module-path /Users/admin/builder/spi-builder-workspace/.derivedData/Build/Intermediates.noindex/SnapshotTestingStitch.build/Debug-watchos/SnapshotTestingStitch-t.build/Objects-normal/arm64/SnapshotTestingStitch.swiftmodule -serialize-diagnostics -dependency-scan-serialize-diagnostics-path /Users/admin/builder/spi-builder-workspace/.derivedData/Build/Intermediates.noindex/SnapshotTestingStitch.build/Debug-watchos/SnapshotTestingStitch-t.build/Objects-normal/arm64/SnapshotTestingStitch-dependency-scan.dia -validate-clang-modules-once -clang-build-session-file /Users/admin/builder/spi-builder-workspace/.derivedData/ModuleCache.noindex/Session.modulevalidation -Xcc -fmodules-prune-interval\=86400 -Xcc -fmodules-prune-after\=345600 -emit-const-values -const-gather-protocols-list /Users/admin/builder/spi-builder-workspace/.derivedData/Build/Intermediates.noindex/SnapshotTestingStitch.build/Debug-watchos/SnapshotTestingStitch-t.build/Objects-normal/arm64/SnapshotTestingStitch_const_extract_protocols.json -Xcc -I/Users/admin/builder/spi-builder-workspace/.derivedData/Build/Products/Debug-watchos/include -Xcc -I/Users/admin/builder/spi-builder-workspace/.derivedData/Build/Intermediates.noindex/SnapshotTestingStitch.build/Debug-watchos/SnapshotTestingStitch-t.build/DerivedSources-normal/arm64 -Xcc -I/Users/admin/builder/spi-builder-workspace/.derivedData/Build/Intermediates.noindex/SnapshotTestingStitch.build/Debug-watchos/SnapshotTestingStitch-t.build/DerivedSources/arm64 -Xcc -I/Users/admin/builder/spi-builder-workspace/.derivedData/Build/Intermediates.noindex/SnapshotTestingStitch.build/Debug-watchos/SnapshotTestingStitch-t.build/DerivedSources -Xcc -DSWIFT_PACKAGE -Xcc -DDEBUG\=1 -emit-objc-header -emit-objc-header-path /Users/admin/builder/spi-builder-workspace/.derivedData/Build/Intermediates.noindex/SnapshotTestingStitch.build/Debug-watchos/SnapshotTestingStitch-t.build/Objects-normal/arm64/SnapshotTestingStitch-Swift.h -working-directory /Users/admin/builder/spi-builder-workspace/.swiftpm/xcode -experimental-emit-module-separately -disable-cmo
SwiftDriverJobDiscovery normal arm64_32 Emitting module for SnapshotTestingStitch (in target 'SnapshotTestingStitch' from project 'SnapshotTestingStitch')
SwiftDriver\ Compilation\ Requirements SnapshotTestingStitch normal arm64_32 com.apple.xcode.tools.swift.compiler (in target 'SnapshotTestingStitch' from project 'SnapshotTestingStitch')
cd /Users/admin/builder/spi-builder-workspace/.swiftpm/xcode
builtin-Swift-Compilation-Requirements -- /Applications/Xcode-27.0.0-Release.Candidate.app/Contents/Developer/Toolchains/XcodeDefault.xctoolchain/usr/bin/swiftc -parse-as-library -module-name SnapshotTestingStitch -Onone @/Users/admin/builder/spi-builder-workspace/.derivedData/Build/Intermediates.noindex/SnapshotTestingStitch.build/Debug-watchos/SnapshotTestingStitch-t.build/Objects-normal/arm64_32/SnapshotTestingStitch.SwiftFileList -DSWIFT_PACKAGE -DDEBUG -DSWIFT_MODULE_RESOURCE_BUNDLE_UNAVAILABLE -DXcode -plugin-path /Applications/Xcode-27.0.0-Release.Candidate.app/Contents/Developer/Toolchains/XcodeDefault.xctoolchain/usr/lib/swift/host/plugins/testing -enable-experimental-feature DebugDescriptionMacro -sdk /Applications/Xcode-27.0.0-Release.Candidate.app/Contents/Developer/Platforms/WatchOS.platform/Developer/SDKs/WatchOS27.0.sdk -target arm64_32-apple-watchos9.0 -g -module-cache-path /Users/admin/builder/spi-builder-workspace/.derivedData/ModuleCache.noindex -Xfrontend -serialize-debugging-options -profile-coverage-mapping -profile-generate -enable-testing -index-store-path /Users/admin/builder/spi-builder-workspace/.derivedData/Index.noindex/DataStore -Xcc -D_LIBCPP_HARDENING_MODE\=_LIBCPP_HARDENING_MODE_DEBUG -swift-version 5 -I /Users/admin/builder/spi-builder-workspace/.derivedData/Build/Products/Debug-watchos -Isystem /Applications/Xcode-27.0.0-Release.Candidate.app/Contents/Developer/Platforms/WatchOS.platform/Developer/usr/lib -F /Users/admin/builder/spi-builder-workspace/.derivedData/Build/Products/Debug-watchos/PackageFrameworks -F /Users/admin/builder/spi-builder-workspace/.derivedData/Build/Products/Debug-watchos -F /Applications/Xcode-27.0.0-Release.Candidate.app/Contents/Developer/Platforms/WatchOS.platform/Developer/Library/Frameworks -F /Applications/Xcode-27.0.0-Release.Candidate.app/Contents/Developer/Platforms/WatchOS.platform/Developer/SDKs/WatchOS27.0.sdk/Developer/Library/Frameworks -c -j10 -enable-batch-mode -incremental -Xcc -ivfsstatcache -Xcc /Users/admin/builder/spi-builder-workspace/.derivedData/SDKStatCaches.noindex/watchos27.0-24R360-e829b21a6f8c9b70876ba0858053c04477534ef55a1706bf4c1112bbb242f0a2.sdkstatcache -output-file-map /Users/admin/builder/spi-builder-workspace/.derivedData/Build/Intermediates.noindex/SnapshotTestingStitch.build/Debug-watchos/SnapshotTestingStitch-t.build/Objects-normal/arm64_32/SnapshotTestingStitch-OutputFileMap.json -save-temps -no-color-diagnostics -explicit-module-build -module-cache-path /Users/admin/builder/spi-builder-workspace/.derivedData/Build/Intermediates.noindex/SwiftExplicitPrecompiledModules -clang-scanner-module-cache-path /Users/admin/builder/spi-builder-workspace/.derivedData/ModuleCache.noindex -sdk-module-cache-path /Users/admin/builder/spi-builder-workspace/.derivedData/SDKExplicitPrecompiledModules -emit-dependencies -emit-module -emit-module-path /Users/admin/builder/spi-builder-workspace/.derivedData/Build/Intermediates.noindex/SnapshotTestingStitch.build/Debug-watchos/SnapshotTestingStitch-t.build/Objects-normal/arm64_32/SnapshotTestingStitch.swiftmodule -serialize-diagnostics -dependency-scan-serialize-diagnostics-path /Users/admin/builder/spi-builder-workspace/.derivedData/Build/Intermediates.noindex/SnapshotTestingStitch.build/Debug-watchos/SnapshotTestingStitch-t.build/Objects-normal/arm64_32/SnapshotTestingStitch-dependency-scan.dia -validate-clang-modules-once -clang-build-session-file /Users/admin/builder/spi-builder-workspace/.derivedData/ModuleCache.noindex/Session.modulevalidation -Xcc -fmodules-prune-interval\=86400 -Xcc -fmodules-prune-after\=345600 -emit-const-values -const-gather-protocols-list /Users/admin/builder/spi-builder-workspace/.derivedData/Build/Intermediates.noindex/SnapshotTestingStitch.build/Debug-watchos/SnapshotTestingStitch-t.build/Objects-normal/arm64_32/SnapshotTestingStitch_const_extract_protocols.json -Xcc -I/Users/admin/builder/spi-builder-workspace/.derivedData/Build/Products/Debug-watchos/include -Xcc -I/Users/admin/builder/spi-builder-workspace/.derivedData/Build/Intermediates.noindex/SnapshotTestingStitch.build/Debug-watchos/SnapshotTestingStitch-t.build/DerivedSources-normal/arm64_32 -Xcc -I/Users/admin/builder/spi-builder-workspace/.derivedData/Build/Intermediates.noindex/SnapshotTestingStitch.build/Debug-watchos/SnapshotTestingStitch-t.build/DerivedSources/arm64_32 -Xcc -I/Users/admin/builder/spi-builder-workspace/.derivedData/Build/Intermediates.noindex/SnapshotTestingStitch.build/Debug-watchos/SnapshotTestingStitch-t.build/DerivedSources -Xcc -DSWIFT_PACKAGE -Xcc -DDEBUG\=1 -emit-objc-header -emit-objc-header-path /Users/admin/builder/spi-builder-workspace/.derivedData/Build/Intermediates.noindex/SnapshotTestingStitch.build/Debug-watchos/SnapshotTestingStitch-t.build/Objects-normal/arm64_32/SnapshotTestingStitch-Swift.h -working-directory /Users/admin/builder/spi-builder-workspace/.swiftpm/xcode -experimental-emit-module-separately -disable-cmo
Copy /Users/admin/builder/spi-builder-workspace/.derivedData/Build/Products/Debug-watchos/SnapshotTestingStitch.swiftmodule/arm64-apple-watchos.swiftmodule /Users/admin/builder/spi-builder-workspace/.derivedData/Build/Intermediates.noindex/SnapshotTestingStitch.build/Debug-watchos/SnapshotTestingStitch-t.build/Objects-normal/arm64/SnapshotTestingStitch.swiftmodule (in target 'SnapshotTestingStitch' from project 'SnapshotTestingStitch')
cd /Users/admin/builder/spi-builder-workspace
builtin-copy -exclude .DS_Store -exclude CVS -exclude .svn -exclude .git -exclude .hg -resolve-src-symlinks -rename /Users/admin/builder/spi-builder-workspace/.derivedData/Build/Intermediates.noindex/SnapshotTestingStitch.build/Debug-watchos/SnapshotTestingStitch-t.build/Objects-normal/arm64/SnapshotTestingStitch.swiftmodule /Users/admin/builder/spi-builder-workspace/.derivedData/Build/Products/Debug-watchos/SnapshotTestingStitch.swiftmodule/arm64-apple-watchos.swiftmodule
SwiftMergeGeneratedHeaders /Users/admin/builder/spi-builder-workspace/.derivedData/Build/Intermediates.noindex/GeneratedModuleMaps-watchos/SnapshotTestingStitch-Swift.h /Users/admin/builder/spi-builder-workspace/.derivedData/Build/Intermediates.noindex/SnapshotTestingStitch.build/Debug-watchos/SnapshotTestingStitch-t.build/Objects-normal/arm64/SnapshotTestingStitch-Swift.h /Users/admin/builder/spi-builder-workspace/.derivedData/Build/Intermediates.noindex/SnapshotTestingStitch.build/Debug-watchos/SnapshotTestingStitch-t.build/Objects-normal/arm64_32/SnapshotTestingStitch-Swift.h (in target 'SnapshotTestingStitch' from project 'SnapshotTestingStitch')
cd /Users/admin/builder/spi-builder-workspace
builtin-swiftHeaderTool -arch arm64 /Users/admin/builder/spi-builder-workspace/.derivedData/Build/Intermediates.noindex/SnapshotTestingStitch.build/Debug-watchos/SnapshotTestingStitch-t.build/Objects-normal/arm64/SnapshotTestingStitch-Swift.h -arch arm64_32 /Users/admin/builder/spi-builder-workspace/.derivedData/Build/Intermediates.noindex/SnapshotTestingStitch.build/Debug-watchos/SnapshotTestingStitch-t.build/Objects-normal/arm64_32/SnapshotTestingStitch-Swift.h -o /Users/admin/builder/spi-builder-workspace/.derivedData/Build/Intermediates.noindex/GeneratedModuleMaps-watchos/SnapshotTestingStitch-Swift.h
Copy /Users/admin/builder/spi-builder-workspace/.derivedData/Build/Products/Debug-watchos/SnapshotTestingStitch.swiftmodule/arm64_32-apple-watchos.swiftmodule /Users/admin/builder/spi-builder-workspace/.derivedData/Build/Intermediates.noindex/SnapshotTestingStitch.build/Debug-watchos/SnapshotTestingStitch-t.build/Objects-normal/arm64_32/SnapshotTestingStitch.swiftmodule (in target 'SnapshotTestingStitch' from project 'SnapshotTestingStitch')
cd /Users/admin/builder/spi-builder-workspace
builtin-copy -exclude .DS_Store -exclude CVS -exclude .svn -exclude .git -exclude .hg -resolve-src-symlinks -rename /Users/admin/builder/spi-builder-workspace/.derivedData/Build/Intermediates.noindex/SnapshotTestingStitch.build/Debug-watchos/SnapshotTestingStitch-t.build/Objects-normal/arm64_32/SnapshotTestingStitch.swiftmodule /Users/admin/builder/spi-builder-workspace/.derivedData/Build/Products/Debug-watchos/SnapshotTestingStitch.swiftmodule/arm64_32-apple-watchos.swiftmodule
Copy /Users/admin/builder/spi-builder-workspace/.derivedData/Build/Products/Debug-watchos/SnapshotTestingStitch.swiftmodule/arm64_32-apple-watchos.swiftdoc /Users/admin/builder/spi-builder-workspace/.derivedData/Build/Intermediates.noindex/SnapshotTestingStitch.build/Debug-watchos/SnapshotTestingStitch-t.build/Objects-normal/arm64_32/SnapshotTestingStitch.swiftdoc (in target 'SnapshotTestingStitch' from project 'SnapshotTestingStitch')
cd /Users/admin/builder/spi-builder-workspace
builtin-copy -exclude .DS_Store -exclude CVS -exclude .svn -exclude .git -exclude .hg -resolve-src-symlinks -rename /Users/admin/builder/spi-builder-workspace/.derivedData/Build/Intermediates.noindex/SnapshotTestingStitch.build/Debug-watchos/SnapshotTestingStitch-t.build/Objects-normal/arm64_32/SnapshotTestingStitch.swiftdoc /Users/admin/builder/spi-builder-workspace/.derivedData/Build/Products/Debug-watchos/SnapshotTestingStitch.swiftmodule/arm64_32-apple-watchos.swiftdoc
Copy /Users/admin/builder/spi-builder-workspace/.derivedData/Build/Products/Debug-watchos/SnapshotTestingStitch.swiftmodule/arm64_32-apple-watchos.abi.json /Users/admin/builder/spi-builder-workspace/.derivedData/Build/Intermediates.noindex/SnapshotTestingStitch.build/Debug-watchos/SnapshotTestingStitch-t.build/Objects-normal/arm64_32/SnapshotTestingStitch.abi.json (in target 'SnapshotTestingStitch' from project 'SnapshotTestingStitch')
cd /Users/admin/builder/spi-builder-workspace
builtin-copy -exclude .DS_Store -exclude CVS -exclude .svn -exclude .git -exclude .hg -resolve-src-symlinks -rename /Users/admin/builder/spi-builder-workspace/.derivedData/Build/Intermediates.noindex/SnapshotTestingStitch.build/Debug-watchos/SnapshotTestingStitch-t.build/Objects-normal/arm64_32/SnapshotTestingStitch.abi.json /Users/admin/builder/spi-builder-workspace/.derivedData/Build/Products/Debug-watchos/SnapshotTestingStitch.swiftmodule/arm64_32-apple-watchos.abi.json
Copy /Users/admin/builder/spi-builder-workspace/.derivedData/Build/Products/Debug-watchos/SnapshotTestingStitch.swiftmodule/arm64-apple-watchos.swiftdoc /Users/admin/builder/spi-builder-workspace/.derivedData/Build/Intermediates.noindex/SnapshotTestingStitch.build/Debug-watchos/SnapshotTestingStitch-t.build/Objects-normal/arm64/SnapshotTestingStitch.swiftdoc (in target 'SnapshotTestingStitch' from project 'SnapshotTestingStitch')
cd /Users/admin/builder/spi-builder-workspace
builtin-copy -exclude .DS_Store -exclude CVS -exclude .svn -exclude .git -exclude .hg -resolve-src-symlinks -rename /Users/admin/builder/spi-builder-workspace/.derivedData/Build/Intermediates.noindex/SnapshotTestingStitch.build/Debug-watchos/SnapshotTestingStitch-t.build/Objects-normal/arm64/SnapshotTestingStitch.swiftdoc /Users/admin/builder/spi-builder-workspace/.derivedData/Build/Products/Debug-watchos/SnapshotTestingStitch.swiftmodule/arm64-apple-watchos.swiftdoc
Copy /Users/admin/builder/spi-builder-workspace/.derivedData/Build/Products/Debug-watchos/SnapshotTestingStitch.swiftmodule/arm64-apple-watchos.abi.json /Users/admin/builder/spi-builder-workspace/.derivedData/Build/Intermediates.noindex/SnapshotTestingStitch.build/Debug-watchos/SnapshotTestingStitch-t.build/Objects-normal/arm64/SnapshotTestingStitch.abi.json (in target 'SnapshotTestingStitch' from project 'SnapshotTestingStitch')
cd /Users/admin/builder/spi-builder-workspace
builtin-copy -exclude .DS_Store -exclude CVS -exclude .svn -exclude .git -exclude .hg -resolve-src-symlinks -rename /Users/admin/builder/spi-builder-workspace/.derivedData/Build/Intermediates.noindex/SnapshotTestingStitch.build/Debug-watchos/SnapshotTestingStitch-t.build/Objects-normal/arm64/SnapshotTestingStitch.abi.json /Users/admin/builder/spi-builder-workspace/.derivedData/Build/Products/Debug-watchos/SnapshotTestingStitch.swiftmodule/arm64-apple-watchos.abi.json
SwiftDriverJobDiscovery normal arm64 Compiling StitchStyle.swift (in target 'SnapshotTestingStitch' from project 'SnapshotTestingStitch')
Copy /Users/admin/builder/spi-builder-workspace/.derivedData/Build/Products/Debug-watchos/SnapshotTestingStitch.swiftmodule/Project/arm64_32-apple-watchos.swiftsourceinfo /Users/admin/builder/spi-builder-workspace/.derivedData/Build/Intermediates.noindex/SnapshotTestingStitch.build/Debug-watchos/SnapshotTestingStitch-t.build/Objects-normal/arm64_32/SnapshotTestingStitch.swiftsourceinfo (in target 'SnapshotTestingStitch' from project 'SnapshotTestingStitch')
cd /Users/admin/builder/spi-builder-workspace
builtin-copy -exclude .DS_Store -exclude CVS -exclude .svn -exclude .git -exclude .hg -resolve-src-symlinks -rename /Users/admin/builder/spi-builder-workspace/.derivedData/Build/Intermediates.noindex/SnapshotTestingStitch.build/Debug-watchos/SnapshotTestingStitch-t.build/Objects-normal/arm64_32/SnapshotTestingStitch.swiftsourceinfo /Users/admin/builder/spi-builder-workspace/.derivedData/Build/Products/Debug-watchos/SnapshotTestingStitch.swiftmodule/Project/arm64_32-apple-watchos.swiftsourceinfo
Copy /Users/admin/builder/spi-builder-workspace/.derivedData/Build/Products/Debug-watchos/SnapshotTestingStitch.swiftmodule/Project/arm64-apple-watchos.swiftsourceinfo /Users/admin/builder/spi-builder-workspace/.derivedData/Build/Intermediates.noindex/SnapshotTestingStitch.build/Debug-watchos/SnapshotTestingStitch-t.build/Objects-normal/arm64/SnapshotTestingStitch.swiftsourceinfo (in target 'SnapshotTestingStitch' from project 'SnapshotTestingStitch')
cd /Users/admin/builder/spi-builder-workspace
builtin-copy -exclude .DS_Store -exclude CVS -exclude .svn -exclude .git -exclude .hg -resolve-src-symlinks -rename /Users/admin/builder/spi-builder-workspace/.derivedData/Build/Intermediates.noindex/SnapshotTestingStitch.build/Debug-watchos/SnapshotTestingStitch-t.build/Objects-normal/arm64/SnapshotTestingStitch.swiftsourceinfo /Users/admin/builder/spi-builder-workspace/.derivedData/Build/Products/Debug-watchos/SnapshotTestingStitch.swiftmodule/Project/arm64-apple-watchos.swiftsourceinfo
SwiftDriver\ Compilation SnapshotTesting normal arm64 com.apple.xcode.tools.swift.compiler (in target 'SnapshotTesting' from project 'swift-snapshot-testing')
cd /Users/admin/builder/spi-builder-workspace/.swiftpm/xcode
builtin-Swift-Compilation -- /Applications/Xcode-27.0.0-Release.Candidate.app/Contents/Developer/Toolchains/XcodeDefault.xctoolchain/usr/bin/swiftc -parse-as-library -module-name SnapshotTesting -Onone @/Users/admin/builder/spi-builder-workspace/.derivedData/Build/Intermediates.noindex/swift-snapshot-testing.build/Debug-watchos/SnapshotTesting-t.build/Objects-normal/arm64/SnapshotTesting.SwiftFileList -DSWIFT_PACKAGE -DDEBUG -DSWIFT_MODULE_RESOURCE_BUNDLE_UNAVAILABLE -DXcode -plugin-path /Applications/Xcode-27.0.0-Release.Candidate.app/Contents/Developer/Toolchains/XcodeDefault.xctoolchain/usr/lib/swift/host/plugins/testing -enable-experimental-feature DebugDescriptionMacro -sdk /Applications/Xcode-27.0.0-Release.Candidate.app/Contents/Developer/Platforms/WatchOS.platform/Developer/SDKs/WatchOS27.0.sdk -target arm64-apple-watchos9.0 -g -module-cache-path /Users/admin/builder/spi-builder-workspace/.derivedData/ModuleCache.noindex -Xfrontend -serialize-debugging-options -profile-coverage-mapping -profile-generate -enable-testing -suppress-warnings -index-store-path /Users/admin/builder/spi-builder-workspace/.derivedData/Index.noindex/DataStore -Xcc -D_LIBCPP_HARDENING_MODE\=_LIBCPP_HARDENING_MODE_DEBUG -swift-version 5 -I /Users/admin/builder/spi-builder-workspace/.derivedData/Build/Products/Debug-watchos -Isystem /Applications/Xcode-27.0.0-Release.Candidate.app/Contents/Developer/Platforms/WatchOS.platform/Developer/usr/lib -F /Users/admin/builder/spi-builder-workspace/.derivedData/Build/Products/Debug-watchos -F /Applications/Xcode-27.0.0-Release.Candidate.app/Contents/Developer/Platforms/WatchOS.platform/Developer/Library/Frameworks -F /Applications/Xcode-27.0.0-Release.Candidate.app/Contents/Developer/Platforms/WatchOS.platform/Developer/SDKs/WatchOS27.0.sdk/Developer/Library/Frameworks -c -j10 -enable-batch-mode -incremental -Xcc -ivfsstatcache -Xcc /Users/admin/builder/spi-builder-workspace/.derivedData/SDKStatCaches.noindex/watchos27.0-24R360-e829b21a6f8c9b70876ba0858053c04477534ef55a1706bf4c1112bbb242f0a2.sdkstatcache -output-file-map /Users/admin/builder/spi-builder-workspace/.derivedData/Build/Intermediates.noindex/swift-snapshot-testing.build/Debug-watchos/SnapshotTesting-t.build/Objects-normal/arm64/SnapshotTesting-OutputFileMap.json -save-temps -no-color-diagnostics -explicit-module-build -module-cache-path /Users/admin/builder/spi-builder-workspace/.derivedData/Build/Intermediates.noindex/SwiftExplicitPrecompiledModules -clang-scanner-module-cache-path /Users/admin/builder/spi-builder-workspace/.derivedData/ModuleCache.noindex -sdk-module-cache-path /Users/admin/builder/spi-builder-workspace/.derivedData/SDKExplicitPrecompiledModules -emit-dependencies -emit-module -emit-module-path /Users/admin/builder/spi-builder-workspace/.derivedData/Build/Intermediates.noindex/swift-snapshot-testing.build/Debug-watchos/SnapshotTesting-t.build/Objects-normal/arm64/SnapshotTesting.swiftmodule -serialize-diagnostics -dependency-scan-serialize-diagnostics-path /Users/admin/builder/spi-builder-workspace/.derivedData/Build/Intermediates.noindex/swift-snapshot-testing.build/Debug-watchos/SnapshotTesting-t.build/Objects-normal/arm64/SnapshotTesting-dependency-scan.dia -user-module-version 1.19.5 -validate-clang-modules-once -clang-build-session-file /Users/admin/builder/spi-builder-workspace/.derivedData/ModuleCache.noindex/Session.modulevalidation -Xcc -fmodules-prune-interval\=86400 -Xcc -fmodules-prune-after\=345600 -package-name swift_snapshot_testing -emit-const-values -const-gather-protocols-list /Users/admin/builder/spi-builder-workspace/.derivedData/Build/Intermediates.noindex/swift-snapshot-testing.build/Debug-watchos/SnapshotTesting-t.build/Objects-normal/arm64/SnapshotTesting_const_extract_protocols.json -Xcc -I/Users/admin/builder/spi-builder-workspace/.derivedData/Build/Products/Debug-watchos/include -Xcc -I/Users/admin/builder/spi-builder-workspace/.derivedData/Build/Intermediates.noindex/swift-snapshot-testing.build/Debug-watchos/SnapshotTesting-t.build/DerivedSources-normal/arm64 -Xcc -I/Users/admin/builder/spi-builder-workspace/.derivedData/Build/Intermediates.noindex/swift-snapshot-testing.build/Debug-watchos/SnapshotTesting-t.build/DerivedSources/arm64 -Xcc -I/Users/admin/builder/spi-builder-workspace/.derivedData/Build/Intermediates.noindex/swift-snapshot-testing.build/Debug-watchos/SnapshotTesting-t.build/DerivedSources -Xcc -DSWIFT_PACKAGE -Xcc -DDEBUG\=1 -emit-objc-header -emit-objc-header-path /Users/admin/builder/spi-builder-workspace/.derivedData/Build/Intermediates.noindex/swift-snapshot-testing.build/Debug-watchos/SnapshotTesting-t.build/Objects-normal/arm64/SnapshotTesting-Swift.h -working-directory /Users/admin/builder/spi-builder-workspace/.swiftpm/xcode -experimental-emit-module-separately -disable-cmo
Ld /Users/admin/builder/spi-builder-workspace/.derivedData/Build/Intermediates.noindex/swift-snapshot-testing.build/Debug-watchos/SnapshotTesting-t.build/Objects-normal/arm64/Binary/SnapshotTesting.o normal arm64 (in target 'SnapshotTesting' from project 'swift-snapshot-testing')
cd /Users/admin/builder/spi-builder-workspace/.dependencies/checkouts/swift-snapshot-testing
/Applications/Xcode-27.0.0-Release.Candidate.app/Contents/Developer/Toolchains/XcodeDefault.xctoolchain/usr/bin/clang -Xlinker -reproducible -target arm64-apple-watchos9.0 -r -isysroot /Applications/Xcode-27.0.0-Release.Candidate.app/Contents/Developer/Platforms/WatchOS.platform/Developer/SDKs/WatchOS27.0.sdk -O0 -w -Xlinker -no_warn_duplicate_libraries -F/Users/admin/builder/spi-builder-workspace/.derivedData/Build/Intermediates.noindex/EagerLinkingTBDs/Debug-watchos -F/Users/admin/builder/spi-builder-workspace/.derivedData/Build/Products/Debug-watchos -iframework /Applications/Xcode-27.0.0-Release.Candidate.app/Contents/Developer/Platforms/WatchOS.platform/Developer/Library/Frameworks -iframework /Applications/Xcode-27.0.0-Release.Candidate.app/Contents/Developer/Platforms/WatchOS.platform/Developer/SDKs/WatchOS27.0.sdk/Developer/Library/Frameworks -filelist /Users/admin/builder/spi-builder-workspace/.derivedData/Build/Intermediates.noindex/swift-snapshot-testing.build/Debug-watchos/SnapshotTesting-t.build/Objects-normal/arm64/SnapshotTesting.LinkFileList -nostdlib -Xlinker -object_path_lto -Xlinker /Users/admin/builder/spi-builder-workspace/.derivedData/Build/Intermediates.noindex/swift-snapshot-testing.build/Debug-watchos/SnapshotTesting-t.build/Objects-normal/arm64/SnapshotTesting_lto.o -Xlinker -no_deduplicate -Xlinker -debug_variant -Xlinker -dependency_info -Xlinker /Users/admin/builder/spi-builder-workspace/.derivedData/Build/Intermediates.noindex/swift-snapshot-testing.build/Debug-watchos/SnapshotTesting-t.build/Objects-normal/arm64/SnapshotTesting_dependency_info.dat -fobjc-link-runtime -L/Applications/Xcode-27.0.0-Release.Candidate.app/Contents/Developer/Toolchains/XcodeDefault.xctoolchain/usr/lib/swift/watchos -L/usr/lib/swift -Xlinker -add_ast_path -Xlinker /Users/admin/builder/spi-builder-workspace/.derivedData/Build/Intermediates.noindex/swift-snapshot-testing.build/Debug-watchos/SnapshotTesting-t.build/Objects-normal/arm64/SnapshotTesting.swiftmodule -o /Users/admin/builder/spi-builder-workspace/.derivedData/Build/Intermediates.noindex/swift-snapshot-testing.build/Debug-watchos/SnapshotTesting-t.build/Objects-normal/arm64/Binary/SnapshotTesting.o
PruneExplicitPrecompiledModules /Users/admin/builder/spi-builder-workspace/.derivedData/Build/Intermediates.noindex/ExplicitPrecompiledModules
PruneExplicitPrecompiledModules /Users/admin/builder/spi-builder-workspace/.derivedData/Build/Intermediates.noindex/SwiftExplicitPrecompiledModules
PruneExplicitPrecompiledModules /Users/admin/builder/spi-builder-workspace/.derivedData/SDKExplicitPrecompiledModules
2026-09-17 22:50:24.296 xcodebuild[851:5169] [MT] IDERunDestination: Supported platforms for the buildables in the current scheme is empty.
** BUILD FAILED **
The following build commands failed:
SwiftCompile normal arm64_32 Compiling\ Snapshotting.swift /Users/admin/builder/spi-builder-workspace/Sources/SnapshotTestingStitch/Snapshotting.swift (in target 'SnapshotTestingStitch' from project 'SnapshotTestingStitch')
SwiftCompile normal arm64_32 /Users/admin/builder/spi-builder-workspace/Sources/SnapshotTestingStitch/Snapshotting.swift (in target 'SnapshotTestingStitch' from project 'SnapshotTestingStitch')
Building workspace SnapshotTestingStitch with scheme SnapshotTestingStitch
(3 failures)
Command line invocation:
/Applications/Xcode-27.0.0-Release.Candidate.app/Contents/Developer/usr/bin/xcodebuild -IDEClonedSourcePackagesDirPathOverride=/Users/admin/builder/spi-builder-workspace/.dependencies -resolvePackageDependencies
Resolve Package Graph
Resolved source packages:
swift-custom-dump: https://github.com/pointfreeco/swift-custom-dump @ 1.7.3
swift-issue-reporting: https://github.com/pointfreeco/swift-issue-reporting @ 2.1.0
SnapshotTestingHEIC: https://github.com/alexey1312/SnapshotTestingHEIC.git @ 1.6.0
swift-syntax: https://github.com/swiftlang/swift-syntax @ 604.0.0
swift-snapshot-testing: https://github.com/pointfreeco/swift-snapshot-testing.git @ 1.19.5
SnapshotTestingStitch: /Users/admin/builder/spi-builder-workspace
resolved source packages: swift-custom-dump, swift-issue-reporting, SnapshotTestingHEIC, swift-syntax, swift-snapshot-testing, SnapshotTestingStitch
2026-09-17 22:50:36.119 xcodebuild[1109:6489] [MT] IDERunDestination: Supported platforms for the buildables in the current scheme is empty.
{
"dependencies" : [
{
"identity" : "swift-snapshot-testing",
"requirement" : {
"range" : [
{
"lower_bound" : "1.10.0",
"upper_bound" : "2.0.0"
}
]
},
"type" : "sourceControl",
"url" : "https://github.com/pointfreeco/swift-snapshot-testing.git"
},
{
"identity" : "snapshottestingheic",
"requirement" : {
"range" : [
{
"lower_bound" : "1.2.1",
"upper_bound" : "2.0.0"
}
]
},
"type" : "sourceControl",
"url" : "https://github.com/alexey1312/SnapshotTestingHEIC.git"
}
],
"manifest_display_name" : "SnapshotTestingStitch",
"name" : "SnapshotTestingStitch",
"path" : "/Users/admin/builder/spi-builder-workspace",
"platforms" : [
{
"name" : "ios",
"version" : "13.0"
}
],
"products" : [
{
"name" : "SnapshotTestingStitch",
"targets" : [
"SnapshotTestingStitch"
],
"type" : {
"library" : [
"automatic"
]
}
}
],
"targets" : [
{
"c99name" : "SnapshotTestingStitchTests",
"module_type" : "SwiftTarget",
"name" : "SnapshotTestingStitchTests",
"path" : "Tests/SnapshotTestingStitchTests",
"sources" : [
"SnapshotTestingStitch.swift",
"SnapshotTestingStitchHEIC.swift"
],
"target_dependencies" : [
"SnapshotTestingStitch"
],
"type" : "test"
},
{
"c99name" : "SnapshotTestingStitch",
"module_type" : "SwiftTarget",
"name" : "SnapshotTestingStitch",
"path" : "Sources/SnapshotTestingStitch",
"product_dependencies" : [
"SnapshotTesting",
"SnapshotTestingHEIC"
],
"product_memberships" : [
"SnapshotTestingStitch"
],
"sources" : [
"ImageFormat.swift",
"Snapshotting.swift",
"StitchStyle.swift",
"StitchTask.swift",
"Stitcher.swift"
],
"type" : "library"
}
],
"tools_version" : "5.2"
}
{
"workspace" : {
"name" : "SnapshotTestingStitch",
"schemes" : [
"SnapshotTestingStitch"
]
}
}
2026-09-17 22:50:37.837 xcodebuild[1118:6565] [MT] IDERunDestination: Supported platforms for the buildables in the current scheme is empty.
Running build ...
env DEVELOPER_DIR=/Applications/Xcode-27.0.0-Release.Candidate.app xcrun xcodebuild -IDEClonedSourcePackagesDirPathOverride=$PWD/.dependencies -skipMacroValidation -skipPackagePluginValidation -derivedDataPath $PWD/.derivedData build -scheme SnapshotTestingStitch -destination generic/platform=watchOS
Command line invocation:
/Applications/Xcode-27.0.0-Release.Candidate.app/Contents/Developer/usr/bin/xcodebuild -IDEClonedSourcePackagesDirPathOverride=/Users/admin/builder/spi-builder-workspace/.dependencies -skipMacroValidation -skipPackagePluginValidation -derivedDataPath /Users/admin/builder/spi-builder-workspace/.derivedData build -scheme SnapshotTestingStitch -destination generic/platform=watchOS
Resolve Package Graph
Resolved source packages:
swift-syntax: https://github.com/swiftlang/swift-syntax @ 604.0.0
SnapshotTestingStitch: /Users/admin/builder/spi-builder-workspace
SnapshotTestingHEIC: https://github.com/alexey1312/SnapshotTestingHEIC.git @ 1.6.0
swift-custom-dump: https://github.com/pointfreeco/swift-custom-dump @ 1.7.3
swift-issue-reporting: https://github.com/pointfreeco/swift-issue-reporting @ 2.1.0
swift-snapshot-testing: https://github.com/pointfreeco/swift-snapshot-testing.git @ 1.19.5
ComputePackagePrebuildTargetDependencyGraph
Prepare packages
CreateBuildRequest
SendProjectDescription
CreateBuildOperation
ComputeTargetDependencyGraph
note: Building targets in dependency order
note: Target dependency graph (6 targets)
Target 'SnapshotTestingStitch-product' in project 'SnapshotTestingStitch'
➜ Explicit dependency on target 'SnapshotTestingStitch' in project 'SnapshotTestingStitch'
➜ Explicit dependency on target 'SnapshotTesting-product' in project 'swift-snapshot-testing'
➜ Explicit dependency on target 'SnapshotTestingHEIC-product' in project 'SnapshotTestingHEIC'
Target 'SnapshotTestingStitch' in project 'SnapshotTestingStitch'
➜ Explicit dependency on target 'SnapshotTesting-product' in project 'swift-snapshot-testing'
➜ Explicit dependency on target 'SnapshotTestingHEIC-product' in project 'SnapshotTestingHEIC'
Target 'SnapshotTestingHEIC-product' in project 'SnapshotTestingHEIC'
➜ Explicit dependency on target 'SnapshotTestingHEIC' in project 'SnapshotTestingHEIC'
➜ Explicit dependency on target 'SnapshotTesting-product' in project 'swift-snapshot-testing'
Target 'SnapshotTestingHEIC' in project 'SnapshotTestingHEIC'
➜ Explicit dependency on target 'SnapshotTesting-product' in project 'swift-snapshot-testing'
Target 'SnapshotTesting-product' in project 'swift-snapshot-testing'
➜ Explicit dependency on target 'SnapshotTesting' in project 'swift-snapshot-testing'
Target 'SnapshotTesting' in project 'swift-snapshot-testing' (no dependencies)
GatherProvisioningInputs
CreateBuildDescription
ClangStatCache /Applications/Xcode-27.0.0-Release.Candidate.app/Contents/Developer/Toolchains/XcodeDefault.xctoolchain/usr/bin/clang-stat-cache /Applications/Xcode-27.0.0-Release.Candidate.app/Contents/Developer/Platforms/WatchOS.platform/Developer/SDKs/WatchOS27.0.sdk /Users/admin/builder/spi-builder-workspace/.derivedData/SDKStatCaches.noindex/watchos27.0-24R360-e829b21a6f8c9b70876ba0858053c04477534ef55a1706bf4c1112bbb242f0a2.sdkstatcache
cd /Users/admin/builder/spi-builder-workspace/.swiftpm/xcode
/Applications/Xcode-27.0.0-Release.Candidate.app/Contents/Developer/Toolchains/XcodeDefault.xctoolchain/usr/bin/clang-stat-cache /Applications/Xcode-27.0.0-Release.Candidate.app/Contents/Developer/Platforms/WatchOS.platform/Developer/SDKs/WatchOS27.0.sdk -o /Users/admin/builder/spi-builder-workspace/.derivedData/SDKStatCaches.noindex/watchos27.0-24R360-e829b21a6f8c9b70876ba0858053c04477534ef55a1706bf4c1112bbb242f0a2.sdkstatcache
Ld /Users/admin/builder/spi-builder-workspace/.derivedData/Build/Intermediates.noindex/swift-snapshot-testing.build/Debug-watchos/SnapshotTesting-t.build/Objects-normal/arm64/Binary/SnapshotTesting.o normal arm64 (in target 'SnapshotTesting' from project 'swift-snapshot-testing')
cd /Users/admin/builder/spi-builder-workspace/.dependencies/checkouts/swift-snapshot-testing
/Applications/Xcode-27.0.0-Release.Candidate.app/Contents/Developer/Toolchains/XcodeDefault.xctoolchain/usr/bin/clang -Xlinker -reproducible -target arm64-apple-watchos9.0 -r -isysroot /Applications/Xcode-27.0.0-Release.Candidate.app/Contents/Developer/Platforms/WatchOS.platform/Developer/SDKs/WatchOS27.0.sdk -O0 -w -Xlinker -no_warn_duplicate_libraries -F/Users/admin/builder/spi-builder-workspace/.derivedData/Build/Intermediates.noindex/EagerLinkingTBDs/Debug-watchos -F/Users/admin/builder/spi-builder-workspace/.derivedData/Build/Products/Debug-watchos -iframework /Applications/Xcode-27.0.0-Release.Candidate.app/Contents/Developer/Platforms/WatchOS.platform/Developer/Library/Frameworks -iframework /Applications/Xcode-27.0.0-Release.Candidate.app/Contents/Developer/Platforms/WatchOS.platform/Developer/SDKs/WatchOS27.0.sdk/Developer/Library/Frameworks -filelist /Users/admin/builder/spi-builder-workspace/.derivedData/Build/Intermediates.noindex/swift-snapshot-testing.build/Debug-watchos/SnapshotTesting-t.build/Objects-normal/arm64/SnapshotTesting.LinkFileList -nostdlib -Xlinker -object_path_lto -Xlinker /Users/admin/builder/spi-builder-workspace/.derivedData/Build/Intermediates.noindex/swift-snapshot-testing.build/Debug-watchos/SnapshotTesting-t.build/Objects-normal/arm64/SnapshotTesting_lto.o -Xlinker -no_deduplicate -Xlinker -debug_variant -Xlinker -dependency_info -Xlinker /Users/admin/builder/spi-builder-workspace/.derivedData/Build/Intermediates.noindex/swift-snapshot-testing.build/Debug-watchos/SnapshotTesting-t.build/Objects-normal/arm64/SnapshotTesting_dependency_info.dat -fobjc-link-runtime -L/Applications/Xcode-27.0.0-Release.Candidate.app/Contents/Developer/Toolchains/XcodeDefault.xctoolchain/usr/lib/swift/watchos -L/usr/lib/swift -Xlinker -add_ast_path -Xlinker /Users/admin/builder/spi-builder-workspace/.derivedData/Build/Intermediates.noindex/swift-snapshot-testing.build/Debug-watchos/SnapshotTesting-t.build/Objects-normal/arm64/SnapshotTesting.swiftmodule -o /Users/admin/builder/spi-builder-workspace/.derivedData/Build/Intermediates.noindex/swift-snapshot-testing.build/Debug-watchos/SnapshotTesting-t.build/Objects-normal/arm64/Binary/SnapshotTesting.o
SwiftDriver SnapshotTestingStitch normal arm64 com.apple.xcode.tools.swift.compiler (in target 'SnapshotTestingStitch' from project 'SnapshotTestingStitch')
cd /Users/admin/builder/spi-builder-workspace/.swiftpm/xcode
builtin-SwiftDriver -- /Applications/Xcode-27.0.0-Release.Candidate.app/Contents/Developer/Toolchains/XcodeDefault.xctoolchain/usr/bin/swiftc -parse-as-library -module-name SnapshotTestingStitch -Onone @/Users/admin/builder/spi-builder-workspace/.derivedData/Build/Intermediates.noindex/SnapshotTestingStitch.build/Debug-watchos/SnapshotTestingStitch-t.build/Objects-normal/arm64/SnapshotTestingStitch.SwiftFileList -DSWIFT_PACKAGE -DDEBUG -DSWIFT_MODULE_RESOURCE_BUNDLE_UNAVAILABLE -DXcode -plugin-path /Applications/Xcode-27.0.0-Release.Candidate.app/Contents/Developer/Toolchains/XcodeDefault.xctoolchain/usr/lib/swift/host/plugins/testing -enable-experimental-feature DebugDescriptionMacro -sdk /Applications/Xcode-27.0.0-Release.Candidate.app/Contents/Developer/Platforms/WatchOS.platform/Developer/SDKs/WatchOS27.0.sdk -target arm64-apple-watchos9.0 -g -module-cache-path /Users/admin/builder/spi-builder-workspace/.derivedData/ModuleCache.noindex -Xfrontend -serialize-debugging-options -profile-coverage-mapping -profile-generate -enable-testing -index-store-path /Users/admin/builder/spi-builder-workspace/.derivedData/Index.noindex/DataStore -Xcc -D_LIBCPP_HARDENING_MODE\=_LIBCPP_HARDENING_MODE_DEBUG -swift-version 5 -I /Users/admin/builder/spi-builder-workspace/.derivedData/Build/Products/Debug-watchos -Isystem /Applications/Xcode-27.0.0-Release.Candidate.app/Contents/Developer/Platforms/WatchOS.platform/Developer/usr/lib -F /Users/admin/builder/spi-builder-workspace/.derivedData/Build/Products/Debug-watchos/PackageFrameworks -F /Users/admin/builder/spi-builder-workspace/.derivedData/Build/Products/Debug-watchos -F /Applications/Xcode-27.0.0-Release.Candidate.app/Contents/Developer/Platforms/WatchOS.platform/Developer/Library/Frameworks -F /Applications/Xcode-27.0.0-Release.Candidate.app/Contents/Developer/Platforms/WatchOS.platform/Developer/SDKs/WatchOS27.0.sdk/Developer/Library/Frameworks -c -j10 -enable-batch-mode -incremental -Xcc -ivfsstatcache -Xcc /Users/admin/builder/spi-builder-workspace/.derivedData/SDKStatCaches.noindex/watchos27.0-24R360-e829b21a6f8c9b70876ba0858053c04477534ef55a1706bf4c1112bbb242f0a2.sdkstatcache -output-file-map /Users/admin/builder/spi-builder-workspace/.derivedData/Build/Intermediates.noindex/SnapshotTestingStitch.build/Debug-watchos/SnapshotTestingStitch-t.build/Objects-normal/arm64/SnapshotTestingStitch-OutputFileMap.json -save-temps -no-color-diagnostics -explicit-module-build -module-cache-path /Users/admin/builder/spi-builder-workspace/.derivedData/Build/Intermediates.noindex/SwiftExplicitPrecompiledModules -clang-scanner-module-cache-path /Users/admin/builder/spi-builder-workspace/.derivedData/ModuleCache.noindex -sdk-module-cache-path /Users/admin/builder/spi-builder-workspace/.derivedData/SDKExplicitPrecompiledModules -emit-dependencies -emit-module -emit-module-path /Users/admin/builder/spi-builder-workspace/.derivedData/Build/Intermediates.noindex/SnapshotTestingStitch.build/Debug-watchos/SnapshotTestingStitch-t.build/Objects-normal/arm64/SnapshotTestingStitch.swiftmodule -serialize-diagnostics -dependency-scan-serialize-diagnostics-path /Users/admin/builder/spi-builder-workspace/.derivedData/Build/Intermediates.noindex/SnapshotTestingStitch.build/Debug-watchos/SnapshotTestingStitch-t.build/Objects-normal/arm64/SnapshotTestingStitch-dependency-scan.dia -validate-clang-modules-once -clang-build-session-file /Users/admin/builder/spi-builder-workspace/.derivedData/ModuleCache.noindex/Session.modulevalidation -Xcc -fmodules-prune-interval\=86400 -Xcc -fmodules-prune-after\=345600 -emit-const-values -const-gather-protocols-list /Users/admin/builder/spi-builder-workspace/.derivedData/Build/Intermediates.noindex/SnapshotTestingStitch.build/Debug-watchos/SnapshotTestingStitch-t.build/Objects-normal/arm64/SnapshotTestingStitch_const_extract_protocols.json -Xcc -I/Users/admin/builder/spi-builder-workspace/.derivedData/Build/Products/Debug-watchos/include -Xcc -I/Users/admin/builder/spi-builder-workspace/.derivedData/Build/Intermediates.noindex/SnapshotTestingStitch.build/Debug-watchos/SnapshotTestingStitch-t.build/DerivedSources-normal/arm64 -Xcc -I/Users/admin/builder/spi-builder-workspace/.derivedData/Build/Intermediates.noindex/SnapshotTestingStitch.build/Debug-watchos/SnapshotTestingStitch-t.build/DerivedSources/arm64 -Xcc -I/Users/admin/builder/spi-builder-workspace/.derivedData/Build/Intermediates.noindex/SnapshotTestingStitch.build/Debug-watchos/SnapshotTestingStitch-t.build/DerivedSources -Xcc -DSWIFT_PACKAGE -Xcc -DDEBUG\=1 -emit-objc-header -emit-objc-header-path /Users/admin/builder/spi-builder-workspace/.derivedData/Build/Intermediates.noindex/SnapshotTestingStitch.build/Debug-watchos/SnapshotTestingStitch-t.build/Objects-normal/arm64/SnapshotTestingStitch-Swift.h -working-directory /Users/admin/builder/spi-builder-workspace/.swiftpm/xcode -experimental-emit-module-separately -disable-cmo
SwiftDriver SnapshotTestingStitch normal arm64_32 com.apple.xcode.tools.swift.compiler (in target 'SnapshotTestingStitch' from project 'SnapshotTestingStitch')
cd /Users/admin/builder/spi-builder-workspace/.swiftpm/xcode
builtin-SwiftDriver -- /Applications/Xcode-27.0.0-Release.Candidate.app/Contents/Developer/Toolchains/XcodeDefault.xctoolchain/usr/bin/swiftc -parse-as-library -module-name SnapshotTestingStitch -Onone @/Users/admin/builder/spi-builder-workspace/.derivedData/Build/Intermediates.noindex/SnapshotTestingStitch.build/Debug-watchos/SnapshotTestingStitch-t.build/Objects-normal/arm64_32/SnapshotTestingStitch.SwiftFileList -DSWIFT_PACKAGE -DDEBUG -DSWIFT_MODULE_RESOURCE_BUNDLE_UNAVAILABLE -DXcode -plugin-path /Applications/Xcode-27.0.0-Release.Candidate.app/Contents/Developer/Toolchains/XcodeDefault.xctoolchain/usr/lib/swift/host/plugins/testing -enable-experimental-feature DebugDescriptionMacro -sdk /Applications/Xcode-27.0.0-Release.Candidate.app/Contents/Developer/Platforms/WatchOS.platform/Developer/SDKs/WatchOS27.0.sdk -target arm64_32-apple-watchos9.0 -g -module-cache-path /Users/admin/builder/spi-builder-workspace/.derivedData/ModuleCache.noindex -Xfrontend -serialize-debugging-options -profile-coverage-mapping -profile-generate -enable-testing -index-store-path /Users/admin/builder/spi-builder-workspace/.derivedData/Index.noindex/DataStore -Xcc -D_LIBCPP_HARDENING_MODE\=_LIBCPP_HARDENING_MODE_DEBUG -swift-version 5 -I /Users/admin/builder/spi-builder-workspace/.derivedData/Build/Products/Debug-watchos -Isystem /Applications/Xcode-27.0.0-Release.Candidate.app/Contents/Developer/Platforms/WatchOS.platform/Developer/usr/lib -F /Users/admin/builder/spi-builder-workspace/.derivedData/Build/Products/Debug-watchos/PackageFrameworks -F /Users/admin/builder/spi-builder-workspace/.derivedData/Build/Products/Debug-watchos -F /Applications/Xcode-27.0.0-Release.Candidate.app/Contents/Developer/Platforms/WatchOS.platform/Developer/Library/Frameworks -F /Applications/Xcode-27.0.0-Release.Candidate.app/Contents/Developer/Platforms/WatchOS.platform/Developer/SDKs/WatchOS27.0.sdk/Developer/Library/Frameworks -c -j10 -enable-batch-mode -incremental -Xcc -ivfsstatcache -Xcc /Users/admin/builder/spi-builder-workspace/.derivedData/SDKStatCaches.noindex/watchos27.0-24R360-e829b21a6f8c9b70876ba0858053c04477534ef55a1706bf4c1112bbb242f0a2.sdkstatcache -output-file-map /Users/admin/builder/spi-builder-workspace/.derivedData/Build/Intermediates.noindex/SnapshotTestingStitch.build/Debug-watchos/SnapshotTestingStitch-t.build/Objects-normal/arm64_32/SnapshotTestingStitch-OutputFileMap.json -save-temps -no-color-diagnostics -explicit-module-build -module-cache-path /Users/admin/builder/spi-builder-workspace/.derivedData/Build/Intermediates.noindex/SwiftExplicitPrecompiledModules -clang-scanner-module-cache-path /Users/admin/builder/spi-builder-workspace/.derivedData/ModuleCache.noindex -sdk-module-cache-path /Users/admin/builder/spi-builder-workspace/.derivedData/SDKExplicitPrecompiledModules -emit-dependencies -emit-module -emit-module-path /Users/admin/builder/spi-builder-workspace/.derivedData/Build/Intermediates.noindex/SnapshotTestingStitch.build/Debug-watchos/SnapshotTestingStitch-t.build/Objects-normal/arm64_32/SnapshotTestingStitch.swiftmodule -serialize-diagnostics -dependency-scan-serialize-diagnostics-path /Users/admin/builder/spi-builder-workspace/.derivedData/Build/Intermediates.noindex/SnapshotTestingStitch.build/Debug-watchos/SnapshotTestingStitch-t.build/Objects-normal/arm64_32/SnapshotTestingStitch-dependency-scan.dia -validate-clang-modules-once -clang-build-session-file /Users/admin/builder/spi-builder-workspace/.derivedData/ModuleCache.noindex/Session.modulevalidation -Xcc -fmodules-prune-interval\=86400 -Xcc -fmodules-prune-after\=345600 -emit-const-values -const-gather-protocols-list /Users/admin/builder/spi-builder-workspace/.derivedData/Build/Intermediates.noindex/SnapshotTestingStitch.build/Debug-watchos/SnapshotTestingStitch-t.build/Objects-normal/arm64_32/SnapshotTestingStitch_const_extract_protocols.json -Xcc -I/Users/admin/builder/spi-builder-workspace/.derivedData/Build/Products/Debug-watchos/include -Xcc -I/Users/admin/builder/spi-builder-workspace/.derivedData/Build/Intermediates.noindex/SnapshotTestingStitch.build/Debug-watchos/SnapshotTestingStitch-t.build/DerivedSources-normal/arm64_32 -Xcc -I/Users/admin/builder/spi-builder-workspace/.derivedData/Build/Intermediates.noindex/SnapshotTestingStitch.build/Debug-watchos/SnapshotTestingStitch-t.build/DerivedSources/arm64_32 -Xcc -I/Users/admin/builder/spi-builder-workspace/.derivedData/Build/Intermediates.noindex/SnapshotTestingStitch.build/Debug-watchos/SnapshotTestingStitch-t.build/DerivedSources -Xcc -DSWIFT_PACKAGE -Xcc -DDEBUG\=1 -emit-objc-header -emit-objc-header-path /Users/admin/builder/spi-builder-workspace/.derivedData/Build/Intermediates.noindex/SnapshotTestingStitch.build/Debug-watchos/SnapshotTestingStitch-t.build/Objects-normal/arm64_32/SnapshotTestingStitch-Swift.h -working-directory /Users/admin/builder/spi-builder-workspace/.swiftpm/xcode -experimental-emit-module-separately -disable-cmo
SwiftDriver SnapshotTesting normal arm64_32 com.apple.xcode.tools.swift.compiler (in target 'SnapshotTesting' from project 'swift-snapshot-testing')
cd /Users/admin/builder/spi-builder-workspace/.swiftpm/xcode
builtin-SwiftDriver -- /Applications/Xcode-27.0.0-Release.Candidate.app/Contents/Developer/Toolchains/XcodeDefault.xctoolchain/usr/bin/swiftc -parse-as-library -module-name SnapshotTesting -Onone @/Users/admin/builder/spi-builder-workspace/.derivedData/Build/Intermediates.noindex/swift-snapshot-testing.build/Debug-watchos/SnapshotTesting-t.build/Objects-normal/arm64_32/SnapshotTesting.SwiftFileList -DSWIFT_PACKAGE -DDEBUG -DSWIFT_MODULE_RESOURCE_BUNDLE_UNAVAILABLE -DXcode -plugin-path /Applications/Xcode-27.0.0-Release.Candidate.app/Contents/Developer/Toolchains/XcodeDefault.xctoolchain/usr/lib/swift/host/plugins/testing -enable-experimental-feature DebugDescriptionMacro -sdk /Applications/Xcode-27.0.0-Release.Candidate.app/Contents/Developer/Platforms/WatchOS.platform/Developer/SDKs/WatchOS27.0.sdk -target arm64_32-apple-watchos9.0 -g -module-cache-path /Users/admin/builder/spi-builder-workspace/.derivedData/ModuleCache.noindex -Xfrontend -serialize-debugging-options -profile-coverage-mapping -profile-generate -enable-testing -suppress-warnings -index-store-path /Users/admin/builder/spi-builder-workspace/.derivedData/Index.noindex/DataStore -Xcc -D_LIBCPP_HARDENING_MODE\=_LIBCPP_HARDENING_MODE_DEBUG -swift-version 5 -I /Users/admin/builder/spi-builder-workspace/.derivedData/Build/Products/Debug-watchos -Isystem /Applications/Xcode-27.0.0-Release.Candidate.app/Contents/Developer/Platforms/WatchOS.platform/Developer/usr/lib -F /Users/admin/builder/spi-builder-workspace/.derivedData/Build/Products/Debug-watchos -F /Applications/Xcode-27.0.0-Release.Candidate.app/Contents/Developer/Platforms/WatchOS.platform/Developer/Library/Frameworks -F /Applications/Xcode-27.0.0-Release.Candidate.app/Contents/Developer/Platforms/WatchOS.platform/Developer/SDKs/WatchOS27.0.sdk/Developer/Library/Frameworks -c -j10 -enable-batch-mode -incremental -Xcc -ivfsstatcache -Xcc /Users/admin/builder/spi-builder-workspace/.derivedData/SDKStatCaches.noindex/watchos27.0-24R360-e829b21a6f8c9b70876ba0858053c04477534ef55a1706bf4c1112bbb242f0a2.sdkstatcache -output-file-map /Users/admin/builder/spi-builder-workspace/.derivedData/Build/Intermediates.noindex/swift-snapshot-testing.build/Debug-watchos/SnapshotTesting-t.build/Objects-normal/arm64_32/SnapshotTesting-OutputFileMap.json -save-temps -no-color-diagnostics -explicit-module-build -module-cache-path /Users/admin/builder/spi-builder-workspace/.derivedData/Build/Intermediates.noindex/SwiftExplicitPrecompiledModules -clang-scanner-module-cache-path /Users/admin/builder/spi-builder-workspace/.derivedData/ModuleCache.noindex -sdk-module-cache-path /Users/admin/builder/spi-builder-workspace/.derivedData/SDKExplicitPrecompiledModules -emit-dependencies -emit-module -emit-module-path /Users/admin/builder/spi-builder-workspace/.derivedData/Build/Intermediates.noindex/swift-snapshot-testing.build/Debug-watchos/SnapshotTesting-t.build/Objects-normal/arm64_32/SnapshotTesting.swiftmodule -serialize-diagnostics -dependency-scan-serialize-diagnostics-path /Users/admin/builder/spi-builder-workspace/.derivedData/Build/Intermediates.noindex/swift-snapshot-testing.build/Debug-watchos/SnapshotTesting-t.build/Objects-normal/arm64_32/SnapshotTesting-dependency-scan.dia -user-module-version 1.19.5 -validate-clang-modules-once -clang-build-session-file /Users/admin/builder/spi-builder-workspace/.derivedData/ModuleCache.noindex/Session.modulevalidation -Xcc -fmodules-prune-interval\=86400 -Xcc -fmodules-prune-after\=345600 -package-name swift_snapshot_testing -emit-const-values -const-gather-protocols-list /Users/admin/builder/spi-builder-workspace/.derivedData/Build/Intermediates.noindex/swift-snapshot-testing.build/Debug-watchos/SnapshotTesting-t.build/Objects-normal/arm64_32/SnapshotTesting_const_extract_protocols.json -Xcc -I/Users/admin/builder/spi-builder-workspace/.derivedData/Build/Products/Debug-watchos/include -Xcc -I/Users/admin/builder/spi-builder-workspace/.derivedData/Build/Intermediates.noindex/swift-snapshot-testing.build/Debug-watchos/SnapshotTesting-t.build/DerivedSources-normal/arm64_32 -Xcc -I/Users/admin/builder/spi-builder-workspace/.derivedData/Build/Intermediates.noindex/swift-snapshot-testing.build/Debug-watchos/SnapshotTesting-t.build/DerivedSources/arm64_32 -Xcc -I/Users/admin/builder/spi-builder-workspace/.derivedData/Build/Intermediates.noindex/swift-snapshot-testing.build/Debug-watchos/SnapshotTesting-t.build/DerivedSources -Xcc -DSWIFT_PACKAGE -Xcc -DDEBUG\=1 -emit-objc-header -emit-objc-header-path /Users/admin/builder/spi-builder-workspace/.derivedData/Build/Intermediates.noindex/swift-snapshot-testing.build/Debug-watchos/SnapshotTesting-t.build/Objects-normal/arm64_32/SnapshotTesting-Swift.h -working-directory /Users/admin/builder/spi-builder-workspace/.swiftpm/xcode -experimental-emit-module-separately -disable-cmo
SwiftCompile normal arm64 Compiling\ Stitcher.swift /Users/admin/builder/spi-builder-workspace/Sources/SnapshotTestingStitch/Stitcher.swift (in target 'SnapshotTestingStitch' from project 'SnapshotTestingStitch')
SwiftCompile normal arm64 /Users/admin/builder/spi-builder-workspace/Sources/SnapshotTestingStitch/Stitcher.swift (in target 'SnapshotTestingStitch' from project 'SnapshotTestingStitch')
cd /Users/admin/builder/spi-builder-workspace/.swiftpm/xcode
builtin-SwiftPerFileCompile Stitcher.swift
SwiftEmitModule normal arm64 Emitting\ module\ for\ SnapshotTestingStitch (in target 'SnapshotTestingStitch' from project 'SnapshotTestingStitch')
SwiftCompile normal arm64 (in target 'SnapshotTestingStitch' from project 'SnapshotTestingStitch')
cd /Users/admin/builder/spi-builder-workspace/.swiftpm/xcode
SwiftCompile normal arm64 Compiling\ Snapshotting.swift /Users/admin/builder/spi-builder-workspace/Sources/SnapshotTestingStitch/Snapshotting.swift (in target 'SnapshotTestingStitch' from project 'SnapshotTestingStitch')
/Users/admin/builder/spi-builder-workspace/Sources/SnapshotTestingStitch/Snapshotting.swift:86:44: error: 'UIViewController' is unavailable in watchOS
84 | format: ImageFormat = .png
85 | ) -> Snapshotting {
86 | let internalStrategy: Snapshotting<UIViewController, UIImage>
| `- error: 'UIViewController' is unavailable in watchOS
87 |
88 | switch format {
/Applications/Xcode-27.0.0-Release.Candidate.app/Contents/Developer/Platforms/WatchOS.platform/Developer/SDKs/WatchOS27.0.sdk/System/Library/Frameworks/UIKit.framework/Headers/UIViewController.h:104:12: note: 'UIViewController' has been explicitly marked unavailable here
102 |
103 | UIKIT_EXTERN API_AVAILABLE(ios(2.0)) API_UNAVAILABLE(watchos) NS_SWIFT_UI_ACTOR
104 | @interface UIViewController : UIResponder <NSCoding, UIAppearanceContainer, UITraitEnvironment, UIContentContainer, UIFocusEnvironment>
| `- note: 'UIViewController' has been explicitly marked unavailable here
105 |
106 | /*
/Users/admin/builder/spi-builder-workspace/Sources/SnapshotTestingStitch/Snapshotting.swift:90:37: error: type 'Snapshotting<UIViewController, UIImage>' has no member 'image'
88 | switch format {
89 | case .png:
90 | internalStrategy = .image(precision: precision, perceptualPrecision: perceptualPrecision)
| `- error: type 'Snapshotting<UIViewController, UIImage>' has no member 'image'
91 | case .heic(let compressionQuality):
92 | internalStrategy = .imageHEIC(precision: precision, compressionQuality: compressionQuality)
/Users/admin/builder/spi-builder-workspace/Sources/SnapshotTestingStitch/Snapshotting.swift:92:37: error: type 'Snapshotting<UIViewController, UIImage>' has no member 'imageHEIC'
90 | internalStrategy = .image(precision: precision, perceptualPrecision: perceptualPrecision)
91 | case .heic(let compressionQuality):
92 | internalStrategy = .imageHEIC(precision: precision, compressionQuality: compressionQuality)
| `- error: type 'Snapshotting<UIViewController, UIImage>' has no member 'imageHEIC'
93 | }
94 |
Failed frontend command:
/Applications/Xcode-27.0.0-Release.Candidate.app/Contents/Developer/Toolchains/XcodeDefault.xctoolchain/usr/bin/swift-frontend -frontend -c /Users/admin/builder/spi-builder-workspace/Sources/SnapshotTestingStitch/ImageFormat.swift -primary-file /Users/admin/builder/spi-builder-workspace/Sources/SnapshotTestingStitch/Snapshotting.swift /Users/admin/builder/spi-builder-workspace/Sources/SnapshotTestingStitch/StitchStyle.swift /Users/admin/builder/spi-builder-workspace/Sources/SnapshotTestingStitch/StitchTask.swift /Users/admin/builder/spi-builder-workspace/Sources/SnapshotTestingStitch/Stitcher.swift -emit-dependencies-path /Users/admin/builder/spi-builder-workspace/.derivedData/Build/Intermediates.noindex/SnapshotTestingStitch.build/Debug-watchos/SnapshotTestingStitch-t.build/Objects-normal/arm64/Snapshotting.d -emit-const-values-path /Users/admin/builder/spi-builder-workspace/.derivedData/Build/Intermediates.noindex/SnapshotTestingStitch.build/Debug-watchos/SnapshotTestingStitch-t.build/Objects-normal/arm64/Snapshotting.swiftconstvalues -emit-reference-dependencies-path /Users/admin/builder/spi-builder-workspace/.derivedData/Build/Intermediates.noindex/SnapshotTestingStitch.build/Debug-watchos/SnapshotTestingStitch-t.build/Objects-normal/arm64/Snapshotting.swiftdeps -serialize-diagnostics-path /Users/admin/builder/spi-builder-workspace/.derivedData/Build/Intermediates.noindex/SnapshotTestingStitch.build/Debug-watchos/SnapshotTestingStitch-t.build/Objects-normal/arm64/Snapshotting.dia -target arm64-apple-watchos9.0 -disable-cross-import-overlay-search -load-resolved-plugin /Applications/Xcode-27.0.0-Release.Candidate.app/Contents/Developer/Platforms/WatchOS.platform/Developer/usr/lib/swift/host/plugins/libFoundationMacros.dylib\#/Applications/Xcode-27.0.0-Release.Candidate.app/Contents/Developer/Platforms/WatchOS.platform/Developer/usr/bin/swift-plugin-server\#FoundationMacros -load-resolved-plugin /Applications/Xcode-27.0.0-Release.Candidate.app/Contents/Developer/Platforms/WatchOS.platform/Developer/usr/lib/swift/host/plugins/libObservationMacros.dylib\#/Applications/Xcode-27.0.0-Release.Candidate.app/Contents/Developer/Platforms/WatchOS.platform/Developer/usr/bin/swift-plugin-server\#ObservationMacros -load-resolved-plugin /Applications/Xcode-27.0.0-Release.Candidate.app/Contents/Developer/Platforms/WatchOS.platform/Developer/usr/lib/swift/host/plugins/libPreviewsMacros.dylib\#/Applications/Xcode-27.0.0-Release.Candidate.app/Contents/Developer/Platforms/WatchOS.platform/Developer/usr/bin/swift-plugin-server\#PreviewsMacros -load-resolved-plugin /Applications/Xcode-27.0.0-Release.Candidate.app/Contents/Developer/Platforms/WatchOS.platform/Developer/usr/lib/swift/host/plugins/libSwiftMacros.dylib\#/Applications/Xcode-27.0.0-Release.Candidate.app/Contents/Developer/Platforms/WatchOS.platform/Developer/usr/bin/swift-plugin-server\#SwiftMacros -load-resolved-plugin /Applications/Xcode-27.0.0-Release.Candidate.app/Contents/Developer/Platforms/WatchOS.platform/Developer/usr/lib/swift/host/plugins/libSwiftUIMacros.dylib\#/Applications/Xcode-27.0.0-Release.Candidate.app/Contents/Developer/Platforms/WatchOS.platform/Developer/usr/bin/swift-plugin-server\#SwiftUIMacros -load-resolved-plugin /Applications/Xcode-27.0.0-Release.Candidate.app/Contents/Developer/Toolchains/XcodeDefault.xctoolchain/usr/lib/swift/host/plugins/testing/libTestingMacros.dylib\#\#TestingMacros -disable-implicit-swift-modules -Xcc -fno-implicit-modules -Xcc -fno-implicit-module-maps -explicit-swift-module-map-file /Users/admin/builder/spi-builder-workspace/.derivedData/Build/Intermediates.noindex/SnapshotTestingStitch.build/Debug-watchos/SnapshotTestingStitch-t.build/Objects-normal/arm64/SnapshotTestingStitch-dependencies-2.json -Xllvm -aarch64-use-tbi -enable-objc-interop -stack-check -sdk /Applications/Xcode-27.0.0-Release.Candidate.app/Contents/Developer/Platforms/WatchOS.platform/Developer/SDKs/WatchOS27.0.sdk -I /Users/admin/builder/spi-builder-workspace/.derivedData/Build/Products/Debug-watchos -Isystem /Applications/Xcode-27.0.0-Release.Candidate.app/Contents/Developer/Platforms/WatchOS.platform/Developer/usr/lib -F /Users/admin/builder/spi-builder-workspace/.derivedData/Build/Products/Debug-watchos/PackageFrameworks -F /Users/admin/builder/spi-builder-workspace/.derivedData/Build/Products/Debug-watchos -F /Applications/Xcode-27.0.0-Release.Candidate.app/Contents/Developer/Platforms/WatchOS.platform/Developer/Library/Frameworks -F /Applications/Xcode-27.0.0-Release.Candidate.app/Contents/Developer/Platforms/WatchOS.platform/Developer/SDKs/WatchOS27.0.sdk/Developer/Library/Frameworks -module-cache-path /Users/admin/builder/spi-builder-workspace/.derivedData/Build/Intermediates.noindex/SwiftExplicitPrecompiledModules -no-color-diagnostics -Xcc -fno-color-diagnostics -enable-testing -g -debug-info-format\=dwarf -dwarf-version\=4 -profile-generate -profile-coverage-mapping -swift-version 5 -Onone -D SWIFT_PACKAGE -D DEBUG -D SWIFT_MODULE_RESOURCE_BUNDLE_UNAVAILABLE -D Xcode -serialize-debugging-options -enable-experimental-feature DebugDescriptionMacro -empty-abi-descriptor -validate-clang-modules-once -clang-build-session-file /Users/admin/builder/spi-builder-workspace/.derivedData/ModuleCache.noindex/Session.modulevalidation -Xcc -working-directory -Xcc /Users/admin/builder/spi-builder-workspace/.swiftpm/xcode -enable-anonymous-context-mangled-names -file-compilation-dir /Users/admin/builder/spi-builder-workspace/.swiftpm/xcode -Xcc -D_LIBCPP_HARDENING_MODE\=_LIBCPP_HARDENING_MODE_DEBUG -Xcc -ivfsstatcache -Xcc /Users/admin/builder/spi-builder-workspace/.derivedData/SDKStatCaches.noindex/watchos27.0-24R360-e829b21a6f8c9b70876ba0858053c04477534ef55a1706bf4c1112bbb242f0a2.sdkstatcache -Xcc -fmodules-prune-interval\=86400 -Xcc -fmodules-prune-after\=345600 -Xcc -I/Users/admin/builder/spi-builder-workspace/.derivedData/Build/Products/Debug-watchos/include -Xcc -I/Users/admin/builder/spi-builder-workspace/.derivedData/Build/Intermediates.noindex/SnapshotTestingStitch.build/Debug-watchos/SnapshotTestingStitch-t.build/DerivedSources-normal/arm64 -Xcc -I/Users/admin/builder/spi-builder-workspace/.derivedData/Build/Intermediates.noindex/SnapshotTestingStitch.build/Debug-watchos/SnapshotTestingStitch-t.build/DerivedSources/arm64 -Xcc -I/Users/admin/builder/spi-builder-workspace/.derivedData/Build/Intermediates.noindex/SnapshotTestingStitch.build/Debug-watchos/SnapshotTestingStitch-t.build/DerivedSources -Xcc -DSWIFT_PACKAGE -Xcc -DDEBUG\=1 -no-auto-bridging-header-chaining -module-name SnapshotTestingStitch -const-gather-protocols-file /Users/admin/builder/spi-builder-workspace/.derivedData/Build/Intermediates.noindex/SnapshotTestingStitch.build/Debug-watchos/SnapshotTestingStitch-t.build/Objects-normal/arm64/SnapshotTestingStitch_const_extract_protocols.json -disable-clang-spi -clang-target arm64-apple-watchos27.0 -target-sdk-version 27.0 -target-sdk-name watchos27.0 -in-process-plugin-server-path /Applications/Xcode-27.0.0-Release.Candidate.app/Contents/Developer/Toolchains/XcodeDefault.xctoolchain/usr/lib/swift/host/libSwiftInProcPluginServer.dylib -parse-as-library -o /Users/admin/builder/spi-builder-workspace/.derivedData/Build/Intermediates.noindex/SnapshotTestingStitch.build/Debug-watchos/SnapshotTestingStitch-t.build/Objects-normal/arm64/Snapshotting.o -debug-module-path /Users/admin/builder/spi-builder-workspace/.derivedData/Build/Intermediates.noindex/SnapshotTestingStitch.build/Debug-watchos/SnapshotTestingStitch-t.build/Objects-normal/arm64/SnapshotTestingStitch.swiftmodule -index-unit-output-path /SnapshotTestingStitch.build/Debug-watchos/SnapshotTestingStitch-t.build/Objects-normal/arm64/Snapshotting.o -index-store-path /Users/admin/builder/spi-builder-workspace/.derivedData/Index.noindex/DataStore -index-system-modules
SwiftCompile normal arm64 /Users/admin/builder/spi-builder-workspace/Sources/SnapshotTestingStitch/Snapshotting.swift (in target 'SnapshotTestingStitch' from project 'SnapshotTestingStitch')
cd /Users/admin/builder/spi-builder-workspace/.swiftpm/xcode
builtin-SwiftPerFileCompile Snapshotting.swift
SwiftCompile normal arm64_32 Compiling\ ImageFormat.swift /Users/admin/builder/spi-builder-workspace/Sources/SnapshotTestingStitch/ImageFormat.swift (in target 'SnapshotTestingStitch' from project 'SnapshotTestingStitch')
SwiftCompile normal arm64_32 /Users/admin/builder/spi-builder-workspace/Sources/SnapshotTestingStitch/ImageFormat.swift (in target 'SnapshotTestingStitch' from project 'SnapshotTestingStitch')
cd /Users/admin/builder/spi-builder-workspace/.swiftpm/xcode
builtin-SwiftPerFileCompile ImageFormat.swift
SwiftCompile normal arm64_32 Compiling\ StitchTask.swift /Users/admin/builder/spi-builder-workspace/Sources/SnapshotTestingStitch/StitchTask.swift (in target 'SnapshotTestingStitch' from project 'SnapshotTestingStitch')
SwiftCompile normal arm64_32 /Users/admin/builder/spi-builder-workspace/Sources/SnapshotTestingStitch/StitchTask.swift (in target 'SnapshotTestingStitch' from project 'SnapshotTestingStitch')
cd /Users/admin/builder/spi-builder-workspace/.swiftpm/xcode
builtin-SwiftPerFileCompile StitchTask.swift
SwiftEmitModule normal arm64_32 Emitting\ module\ for\ SnapshotTestingStitch (in target 'SnapshotTestingStitch' from project 'SnapshotTestingStitch')
SwiftCompile normal arm64_32 (in target 'SnapshotTestingStitch' from project 'SnapshotTestingStitch')
cd /Users/admin/builder/spi-builder-workspace/.swiftpm/xcode
SwiftCompile normal arm64_32 Compiling\ StitchStyle.swift /Users/admin/builder/spi-builder-workspace/Sources/SnapshotTestingStitch/StitchStyle.swift (in target 'SnapshotTestingStitch' from project 'SnapshotTestingStitch')
SwiftCompile normal arm64_32 /Users/admin/builder/spi-builder-workspace/Sources/SnapshotTestingStitch/StitchStyle.swift (in target 'SnapshotTestingStitch' from project 'SnapshotTestingStitch')
cd /Users/admin/builder/spi-builder-workspace/.swiftpm/xcode
builtin-SwiftPerFileCompile StitchStyle.swift
SwiftCompile normal arm64_32 Compiling\ Stitcher.swift /Users/admin/builder/spi-builder-workspace/Sources/SnapshotTestingStitch/Stitcher.swift (in target 'SnapshotTestingStitch' from project 'SnapshotTestingStitch')
SwiftCompile normal arm64_32 /Users/admin/builder/spi-builder-workspace/Sources/SnapshotTestingStitch/Stitcher.swift (in target 'SnapshotTestingStitch' from project 'SnapshotTestingStitch')
cd /Users/admin/builder/spi-builder-workspace/.swiftpm/xcode
builtin-SwiftPerFileCompile Stitcher.swift
SwiftCompile normal arm64_32 Compiling\ Snapshotting.swift /Users/admin/builder/spi-builder-workspace/Sources/SnapshotTestingStitch/Snapshotting.swift (in target 'SnapshotTestingStitch' from project 'SnapshotTestingStitch')
/Users/admin/builder/spi-builder-workspace/Sources/SnapshotTestingStitch/Snapshotting.swift:86:44: error: 'UIViewController' is unavailable in watchOS
84 | format: ImageFormat = .png
85 | ) -> Snapshotting {
86 | let internalStrategy: Snapshotting<UIViewController, UIImage>
| `- error: 'UIViewController' is unavailable in watchOS
87 |
88 | switch format {
/Applications/Xcode-27.0.0-Release.Candidate.app/Contents/Developer/Platforms/WatchOS.platform/Developer/SDKs/WatchOS27.0.sdk/System/Library/Frameworks/UIKit.framework/Headers/UIViewController.h:104:12: note: 'UIViewController' has been explicitly marked unavailable here
102 |
103 | UIKIT_EXTERN API_AVAILABLE(ios(2.0)) API_UNAVAILABLE(watchos) NS_SWIFT_UI_ACTOR
104 | @interface UIViewController : UIResponder <NSCoding, UIAppearanceContainer, UITraitEnvironment, UIContentContainer, UIFocusEnvironment>
| `- note: 'UIViewController' has been explicitly marked unavailable here
105 |
106 | /*
/Users/admin/builder/spi-builder-workspace/Sources/SnapshotTestingStitch/Snapshotting.swift:90:37: error: type 'Snapshotting<UIViewController, UIImage>' has no member 'image'
88 | switch format {
89 | case .png:
90 | internalStrategy = .image(precision: precision, perceptualPrecision: perceptualPrecision)
| `- error: type 'Snapshotting<UIViewController, UIImage>' has no member 'image'
91 | case .heic(let compressionQuality):
92 | internalStrategy = .imageHEIC(precision: precision, compressionQuality: compressionQuality)
/Users/admin/builder/spi-builder-workspace/Sources/SnapshotTestingStitch/Snapshotting.swift:92:37: error: type 'Snapshotting<UIViewController, UIImage>' has no member 'imageHEIC'
90 | internalStrategy = .image(precision: precision, perceptualPrecision: perceptualPrecision)
91 | case .heic(let compressionQuality):
92 | internalStrategy = .imageHEIC(precision: precision, compressionQuality: compressionQuality)
| `- error: type 'Snapshotting<UIViewController, UIImage>' has no member 'imageHEIC'
93 | }
94 |
SwiftCompile normal arm64_32 /Users/admin/builder/spi-builder-workspace/Sources/SnapshotTestingStitch/Snapshotting.swift (in target 'SnapshotTestingStitch' from project 'SnapshotTestingStitch')
cd /Users/admin/builder/spi-builder-workspace/.swiftpm/xcode
builtin-SwiftPerFileCompile Snapshotting.swift
SwiftEmitModule normal arm64_32 Emitting\ module\ for\ SnapshotTesting (in target 'SnapshotTesting' from project 'swift-snapshot-testing')
SwiftCompile normal arm64_32 (in target 'SnapshotTesting' from project 'swift-snapshot-testing')
cd /Users/admin/builder/spi-builder-workspace/.swiftpm/xcode
SwiftCompile normal arm64_32 Compiling\ Async.swift /Users/admin/builder/spi-builder-workspace/.dependencies/checkouts/swift-snapshot-testing/Sources/SnapshotTesting/Async.swift (in target 'SnapshotTesting' from project 'swift-snapshot-testing')
SwiftCompile normal arm64_32 /Users/admin/builder/spi-builder-workspace/.dependencies/checkouts/swift-snapshot-testing/Sources/SnapshotTesting/Async.swift (in target 'SnapshotTesting' from project 'swift-snapshot-testing')
cd /Users/admin/builder/spi-builder-workspace/.swiftpm/xcode
builtin-SwiftPerFileCompile Async.swift
SwiftDriverJobDiscovery normal arm64_32 Compiling ImageFormat.swift (in target 'SnapshotTestingStitch' from project 'SnapshotTestingStitch')
SwiftCompile normal arm64_32 Compiling\ PlistEncoder.swift /Users/admin/builder/spi-builder-workspace/.dependencies/checkouts/swift-snapshot-testing/Sources/SnapshotTesting/Common/PlistEncoder.swift (in target 'SnapshotTesting' from project 'swift-snapshot-testing')
SwiftCompile normal arm64_32 /Users/admin/builder/spi-builder-workspace/.dependencies/checkouts/swift-snapshot-testing/Sources/SnapshotTesting/Common/PlistEncoder.swift (in target 'SnapshotTesting' from project 'swift-snapshot-testing')
cd /Users/admin/builder/spi-builder-workspace/.swiftpm/xcode
builtin-SwiftPerFileCompile PlistEncoder.swift
SwiftDriverJobDiscovery normal arm64_32 Compiling StitchTask.swift (in target 'SnapshotTestingStitch' from project 'SnapshotTestingStitch')
SwiftCompile normal arm64_32 Compiling\ Internal.swift /Users/admin/builder/spi-builder-workspace/.dependencies/checkouts/swift-snapshot-testing/Sources/SnapshotTesting/Common/Internal.swift (in target 'SnapshotTesting' from project 'swift-snapshot-testing')
SwiftCompile normal arm64_32 /Users/admin/builder/spi-builder-workspace/.dependencies/checkouts/swift-snapshot-testing/Sources/SnapshotTesting/Common/Internal.swift (in target 'SnapshotTesting' from project 'swift-snapshot-testing')
cd /Users/admin/builder/spi-builder-workspace/.swiftpm/xcode
builtin-SwiftPerFileCompile Internal.swift
SwiftCompile normal arm64_32 Compiling\ AssertSnapshot.swift /Users/admin/builder/spi-builder-workspace/.dependencies/checkouts/swift-snapshot-testing/Sources/SnapshotTesting/AssertSnapshot.swift (in target 'SnapshotTesting' from project 'swift-snapshot-testing')
SwiftCompile normal arm64_32 /Users/admin/builder/spi-builder-workspace/.dependencies/checkouts/swift-snapshot-testing/Sources/SnapshotTesting/AssertSnapshot.swift (in target 'SnapshotTesting' from project 'swift-snapshot-testing')
cd /Users/admin/builder/spi-builder-workspace/.swiftpm/xcode
builtin-SwiftPerFileCompile AssertSnapshot.swift
SwiftDriverJobDiscovery normal arm64_32 Compiling StitchStyle.swift (in target 'SnapshotTestingStitch' from project 'SnapshotTestingStitch')
PruneExplicitPrecompiledModules /Users/admin/builder/spi-builder-workspace/.derivedData/Build/Intermediates.noindex/SwiftExplicitPrecompiledModules
PruneExplicitPrecompiledModules /Users/admin/builder/spi-builder-workspace/.derivedData/SDKExplicitPrecompiledModules
PruneExplicitPrecompiledModules /Users/admin/builder/spi-builder-workspace/.derivedData/Build/Intermediates.noindex/ExplicitPrecompiledModules
2026-09-17 22:50:39.291 xcodebuild[1120:6594] [MT] IDERunDestination: Supported platforms for the buildables in the current scheme is empty.
** BUILD FAILED **
The following build commands failed:
SwiftCompile normal arm64 Compiling\ Snapshotting.swift /Users/admin/builder/spi-builder-workspace/Sources/SnapshotTestingStitch/Snapshotting.swift (in target 'SnapshotTestingStitch' from project 'SnapshotTestingStitch')
SwiftCompile normal arm64 /Users/admin/builder/spi-builder-workspace/Sources/SnapshotTestingStitch/Snapshotting.swift (in target 'SnapshotTestingStitch' from project 'SnapshotTestingStitch')
Building workspace SnapshotTestingStitch with scheme SnapshotTestingStitch
(3 failures)
BUILD FAILURE 6.4 watchOS