Build Information
Failed to build tzf, reference main (983d7b), with Swift 6.3 for Wasm on 16 Sep 2026 19:37:40 UTC.
Build Command
bash -c docker run --pull=always --rm -v "checkouts-53886770-0":/host -w "$PWD" -e JAVA_HOME="/root/.sdkman/candidates/java/current" -e SPI_BUILD="1" -e SPI_PROCESSING="1" registry.gitlab.com/saguaro1/spi-images:wasm-6.3-latest swift build --swift-sdk swift-6.3.2-RELEASE_wasm 2>&1Build Log
========================================
RunAll
========================================
Builder version: 5.1.0
Interrupt handler set up.
========================================
Checkout
========================================
Clone URL: https://github.com/ringsaturn/tzf-swift.git
Reference: main
Initialized empty Git repository in /host/spi-builder-workspace/.git/
hint: Using 'master' as the name for the initial branch. This default branch name
hint: is subject to change. To configure the initial branch name to use in all
hint: of your new repositories, which will suppress this warning, call:
hint:
hint: git config --global init.defaultBranch <name>
hint:
hint: Names commonly chosen instead of 'master' are 'main', 'trunk' and
hint: 'development'. The just-created branch can be renamed via this command:
hint:
hint: git branch -m <name>
From https://github.com/ringsaturn/tzf-swift
* branch main -> FETCH_HEAD
* [new branch] main -> origin/main
HEAD is now at 983d7b9 fix: split CRC32 slice-by-8 XOR chain so Swift 6.0 can type-check it
Submodule path 'tzf-dist': checked out 'b77d2b18e7f90235ce8156e3c1ae58ef8c0ac959'
Submodule 'tzf-dist' (https://github.com/ringsaturn/tzf-dist) registered for path 'tzf-dist'
Cloning into '/host/spi-builder-workspace/tzf-dist'...
Cloned https://github.com/ringsaturn/tzf-swift.git
Revision (git rev-parse @):
983d7b96e60074e6b11a47b7ce77f55619849b47
SPI manifest file found: $PWD/.spi.yml
SUCCESS checkout https://github.com/ringsaturn/tzf-swift.git at main
========================================
Build
========================================
Selected platform: wasm
Swift version: 6.3
Building package at path: $PWD
https://github.com/ringsaturn/tzf-swift.git
Running build ...
bash -c docker run --pull=always --rm -v "checkouts-53886770-0":/host -w "$PWD" -e JAVA_HOME="/root/.sdkman/candidates/java/current" -e SPI_BUILD="1" -e SPI_PROCESSING="1" registry.gitlab.com/saguaro1/spi-images:wasm-6.3-latest swift build --swift-sdk swift-6.3.2-RELEASE_wasm 2>&1
wasm-6.3-latest: Pulling from saguaro1/spi-images
Digest: sha256:253aad7f5b11d25cf9eaef34120b94cd8a325782929c57fb304a7711494a3f9a
Status: Image is up to date for registry.gitlab.com/saguaro1/spi-images:wasm-6.3-latest
Fetching https://github.com/apple/swift-testing.git
[1/43134] Fetching swift-testing
Fetched https://github.com/apple/swift-testing.git from cache (1.90s)
Fetching https://github.com/swiftlang/swift-syntax.git
Fetching https://github.com/ringsaturn/cities-swift.git
Fetching https://github.com/swiftlang/swift-docc-plugin
[1/91] Fetching cities-swift
[75/2436] Fetching cities-swift, swift-docc-plugin
Fetched https://github.com/swiftlang/swift-docc-plugin from cache (0.57s)
Fetched https://github.com/ringsaturn/cities-swift.git from cache (0.85s)
[1/79918] Fetching swift-syntax
Fetched https://github.com/swiftlang/swift-syntax.git from cache (2.98s)
Computing version for https://github.com/ringsaturn/cities-swift.git
Computed https://github.com/ringsaturn/cities-swift.git at 0.1.1 (3.12s)
Computing version for https://github.com/swiftlang/swift-docc-plugin
Computed https://github.com/swiftlang/swift-docc-plugin at 1.5.0 (0.87s)
Fetching https://github.com/swiftlang/swift-docc-symbolkit
[1/3823] Fetching swift-docc-symbolkit
Fetched https://github.com/swiftlang/swift-docc-symbolkit from cache (0.58s)
Computing version for https://github.com/swiftlang/swift-docc-symbolkit
Computed https://github.com/swiftlang/swift-docc-symbolkit at 1.0.0 (0.79s)
Computing version for https://github.com/swiftlang/swift-syntax.git
Computed https://github.com/swiftlang/swift-syntax.git at 601.0.1 (0.25s)
Creating working copy for https://github.com/swiftlang/swift-docc-plugin
Working copy of https://github.com/swiftlang/swift-docc-plugin resolved at 1.5.0
Creating working copy for https://github.com/swiftlang/swift-docc-symbolkit
Working copy of https://github.com/swiftlang/swift-docc-symbolkit resolved at 1.0.0
Creating working copy for https://github.com/swiftlang/swift-syntax.git
Working copy of https://github.com/swiftlang/swift-syntax.git resolved at 601.0.1
Creating working copy for https://github.com/ringsaturn/cities-swift.git
Working copy of https://github.com/ringsaturn/cities-swift.git resolved at 0.1.1
Creating working copy for https://github.com/apple/swift-testing.git
Working copy of https://github.com/apple/swift-testing.git resolved at e76a44f (e76a44f)
[1/1] Compiling plugin Swift-DocC Preview
[2/2] Compiling plugin Swift-DocC
Building for debugging...
[2/12] Write sources
[5/12] Copying lite.tzb
[6/12] Write swift-version-24593BA9C3E375BF.txt
[8/14] Emitting module geometry
/host/spi-builder-workspace/Geometry/geo.swift:294:1: warning: '@usableFromInline' attribute has no effect on '@inlinable' global function 'ringContainsPoint'
292 | /// Even-odd ray-casting containment for an open ring. `p` must be in the
293 | /// ring's storage space. A point on the ring boundary returns `allowOnEdge`.
294 | @usableFromInline @inlinable
| `- warning: '@usableFromInline' attribute has no effect on '@inlinable' global function 'ringContainsPoint'
295 | func ringContainsPoint(
296 | _ ring: [I32Point], _ idx: YStripesIndex?, _ p: Point, _ allowOnEdge: Bool
[9/14] Compiling geometry geo.swift
/host/spi-builder-workspace/Geometry/geo.swift:294:1: warning: '@usableFromInline' attribute has no effect on '@inlinable' global function 'ringContainsPoint'
292 | /// Even-odd ray-casting containment for an open ring. `p` must be in the
293 | /// ring's storage space. A point on the ring boundary returns `allowOnEdge`.
294 | @usableFromInline @inlinable
| `- warning: '@usableFromInline' attribute has no effect on '@inlinable' global function 'ringContainsPoint'
295 | func ringContainsPoint(
296 | _ ring: [I32Point], _ idx: YStripesIndex?, _ p: Point, _ allowOnEdge: Bool
[10/15] Wrapping AST for geometry for debugging
[12/23] Compiling tzf Tile.swift
/host/spi-builder-workspace/Sources/tzf/Finders.swift:1:8: error: no such module 'Dispatch'
1 | import Dispatch
| `- error: no such module 'Dispatch'
2 | import Foundation
3 | import geometry
[13/24] Compiling tzf TZBFuzzy.swift
/host/spi-builder-workspace/Sources/tzf/Finders.swift:1:8: error: no such module 'Dispatch'
1 | import Dispatch
| `- error: no such module 'Dispatch'
2 | import Foundation
3 | import geometry
[14/24] Compiling tzf resource_bundle_accessor.swift
/host/spi-builder-workspace/Sources/tzf/Finders.swift:1:8: error: no such module 'Dispatch'
1 | import Dispatch
| `- error: no such module 'Dispatch'
2 | import Foundation
3 | import geometry
[15/24] Compiling tzf GeoJSON.swift
/host/spi-builder-workspace/Sources/tzf/Finders.swift:1:8: error: no such module 'Dispatch'
1 | import Dispatch
| `- error: no such module 'Dispatch'
2 | import Foundation
3 | import geometry
[16/24] Compiling tzf TZBFormat.swift
/host/spi-builder-workspace/Sources/tzf/Finders.swift:1:8: error: no such module 'Dispatch'
1 | import Dispatch
| `- error: no such module 'Dispatch'
2 | import Foundation
3 | import geometry
[17/24] Compiling tzf Finders.swift
/host/spi-builder-workspace/Sources/tzf/Finders.swift:1:8: error: no such module 'Dispatch'
1 | import Dispatch
| `- error: no such module 'Dispatch'
2 | import Foundation
3 | import geometry
error: emit-module command failed with exit code 1 (use -v to see invocation)
[18/24] Emitting module tzf
/host/spi-builder-workspace/Sources/tzf/Finders.swift:1:8: error: no such module 'Dispatch'
1 | import Dispatch
| `- error: no such module 'Dispatch'
2 | import Foundation
3 | import geometry
[19/24] Compiling tzf TZBReader.swift
/host/spi-builder-workspace/Sources/tzf/Finders.swift:1:8: error: no such module 'Dispatch'
1 | import Dispatch
| `- error: no such module 'Dispatch'
2 | import Foundation
3 | import geometry
[20/24] Compiling tzf TZBExpand.swift
/host/spi-builder-workspace/Sources/tzf/Finders.swift:1:8: error: no such module 'Dispatch'
1 | import Dispatch
| `- error: no such module 'Dispatch'
2 | import Foundation
3 | import geometry
BUILD FAILURE 6.3 wasm