Build Information
Failed to build LiveKitWebRTC, reference main (f843fb), with Swift 6.1 for watchOS using Xcode 16.3 on 25 Oct 2026 08:59:27 UTC.
Build Command
No build command. This typically means the build failed at an early stage where we determine the build command.Build Log
========================================
RunAll
========================================
Builder version: 5.1.3
Interrupt handler set up.
========================================
Checkout
========================================
Clone URL: https://github.com/livekit/webrtc-xcframework.git
Reference: main
Initialized empty Git repository in /Users/admin/builder/spi-builder-workspace/.git/
From https://github.com/livekit/webrtc-xcframework
* branch main -> FETCH_HEAD
* [new branch] main -> origin/main
HEAD is now at f843fb1 v150.7871.04 (#42)
Cloned https://github.com/livekit/webrtc-xcframework.git
Revision (git rev-parse @):
f843fb1c12017bd17fde38e7293649c204548467
SUCCESS checkout https://github.com/livekit/webrtc-xcframework.git at main
========================================
Build
========================================
Selected platform: watchOS
Swift version: 6.1
Building package at path: $PWD
https://github.com/livekit/webrtc-xcframework.git
https://github.com/livekit/webrtc-xcframework.git
{
"dependencies" : [
],
"manifest_display_name" : "LiveKitWebRTC",
"name" : "LiveKitWebRTC",
"path" : "/Users/admin/builder/spi-builder-workspace",
"platforms" : [
{
"name" : "ios",
"version" : "13.0"
},
{
"name" : "macos",
"version" : "10.15"
},
{
"name" : "maccatalyst",
"version" : "14.0"
}
],
"products" : [
{
"name" : "LiveKitWebRTC",
"targets" : [
"LiveKitWebRTC"
],
"type" : {
"library" : [
"automatic"
]
}
}
],
"targets" : [
{
"c99name" : "LiveKitWebRTC",
"module_type" : "BinaryTarget",
"name" : "LiveKitWebRTC",
"path" : "remote/archive/LiveKitWebRTC.xcframework.zip",
"product_memberships" : [
"LiveKitWebRTC"
],
"sources" : [
],
"type" : "binary"
}
],
"tools_version" : "5.9"
}
Command line invocation:
/Applications/Xcode-16.3.0.app/Contents/Developer/usr/bin/xcodebuild -IDEClonedSourcePackagesDirPathOverride=/Users/admin/builder/spi-builder-workspace/.dependencies -resolvePackageDependencies
Resolve Package Graph
failed downloading 'https://github.com/livekit/webrtc-xcframework/releases/download/150.7871.04/LiveKitWebRTC.xcframework.zip' which is required by binary target 'LiveKitWebRTC': badResponseStatusCode(404)fatalError
Resolve Package Graph
failed downloading 'https://github.com/livekit/webrtc-xcframework/releases/download/150.7871.04/LiveKitWebRTC.xcframework.zip' which is required by binary target 'LiveKitWebRTC': badResponseStatusCode(404)fatalError
Resolved source packages:
spi-builder-workspace: (null)
2026-10-25 01:59:26.176 xcodebuild[529:2980] Writing error result bundle to /var/folders/5k/5yc19ymj0jqd5v0zvgfqz0xw0000gn/T/ResultBundle_2026-25-10_01-59-0026.xcresult
xcodebuild: error: Could not resolve package dependencies:
failed downloading 'https://github.com/livekit/webrtc-xcframework/releases/download/150.7871.04/LiveKitWebRTC.xcframework.zip' which is required by binary target 'LiveKitWebRTC': badResponseStatusCode(404)
fatalError
Command line invocation:
/Applications/Xcode-16.3.0.app/Contents/Developer/usr/bin/xcodebuild -IDEClonedSourcePackagesDirPathOverride=/Users/admin/builder/spi-builder-workspace/.dependencies -resolvePackageDependencies
Resolve Package Graph
failed downloading 'https://github.com/livekit/webrtc-xcframework/releases/download/150.7871.04/LiveKitWebRTC.xcframework.zip' which is required by binary target 'LiveKitWebRTC': badResponseStatusCode(404)fatalError
Resolved source packages:
spi-builder-workspace: (null)
2026-10-25 01:59:27.149 xcodebuild[692:3896] Writing error result bundle to /var/folders/5k/5yc19ymj0jqd5v0zvgfqz0xw0000gn/T/ResultBundle_2026-25-10_01-59-0027.xcresult
xcodebuild: error: Could not resolve package dependencies:
failed downloading 'https://github.com/livekit/webrtc-xcframework/releases/download/150.7871.04/LiveKitWebRTC.xcframework.zip' which is required by binary target 'LiveKitWebRTC': badResponseStatusCode(404)
fatalError
BUILD FAILURE 6.1 watchOS