The Swift Package Index logo.Swift Package Index

Build Information

Failed to build Buble, reference 0.1.0 (d93f24), with Swift 6.4 for Wasm on 25 Sep 2026 14:42:16 UTC.

Build Command

bash -c docker run --pull=always --rm -v "checkouts-54344847-0":/host -w "$PWD" -e JAVA_HOME="/root/.sdkman/candidates/java/current" -e SPI_BUILD="1" -e SPI_PROCESSING="1" registry.gitlab.com/saguaro1/spi-images:wasm-6.4-latest swift build --swift-sdk swift-6.4.x-DEVELOPMENT-SNAPSHOT-2026-09-04-a_wasm 2>&1

Build Log

========================================
RunAll
========================================
Builder version: 5.1.0
Interrupt handler set up.
========================================
Checkout
========================================
Clone URL: https://github.com/bublehq/swift-sdk.git
Reference: 0.1.0
Initialized empty Git repository in /host/spi-builder-workspace/.git/
hint: Using 'master' as the name for the initial branch. This default branch name
hint: is subject to change. To configure the initial branch name to use in all
hint: of your new repositories, which will suppress this warning, call:
hint:
hint: 	git config --global init.defaultBranch <name>
hint:
hint: Names commonly chosen instead of 'master' are 'main', 'trunk' and
hint: 'development'. The just-created branch can be renamed via this command:
hint:
hint: 	git branch -m <name>
From https://github.com/bublehq/swift-sdk
 * tag               0.1.0      -> FETCH_HEAD
HEAD is now at d93f24c Prepare Swift SDK for package distribution
Cloned https://github.com/bublehq/swift-sdk.git
Revision (git rev-parse @):
d93f24cc524e16cf569063a3cb898d45dd383cd1
SUCCESS checkout https://github.com/bublehq/swift-sdk.git at 0.1.0
========================================
Build
========================================
Selected platform:         wasm
Swift version:             6.4
Building package at path:  $PWD
https://github.com/bublehq/swift-sdk.git
Running build ...
bash -c docker run --pull=always --rm -v "checkouts-54344847-0":/host -w "$PWD" -e JAVA_HOME="/root/.sdkman/candidates/java/current" -e SPI_BUILD="1" -e SPI_PROCESSING="1" registry.gitlab.com/saguaro1/spi-images:wasm-6.4-latest swift build --swift-sdk swift-6.4.x-DEVELOPMENT-SNAPSHOT-2026-09-04-a_wasm 2>&1
wasm-6.4-latest: Pulling from saguaro1/spi-images
Digest: sha256:4328fdb43c680d205c1d6761b1e3267aa38277eefdda9ddfb17b6a0f1a77857a
Status: Image is up to date for registry.gitlab.com/saguaro1/spi-images:wasm-6.4-latest
Building for debugging...
[Pre-planning 1 / 298]
[Starting]
error: SwiftCompile normal wasm32 failed with a nonzero exit code. Command line:     cd /host

/host/spi-builder-workspace/Sources/Buble/HTTPTransport.swift:29:26: error: cannot find type 'URLRequest' in scope
27 | /// Transport abstraction used by the SDK and tests.
28 | public protocol HTTPTransport: Sendable {
29 |     func send(_ request: URLRequest) async throws -> HTTPResponse
   |                          `- error: cannot find type 'URLRequest' in scope
30 |     func stream(_ request: URLRequest) async throws -> HTTPStreamResponse
31 | }
/host/spi-builder-workspace/Sources/Buble/HTTPTransport.swift:30:28: error: cannot find type 'URLRequest' in scope
28 | public protocol HTTPTransport: Sendable {
29 |     func send(_ request: URLRequest) async throws -> HTTPResponse
30 |     func stream(_ request: URLRequest) async throws -> HTTPStreamResponse
   |                            `- error: cannot find type 'URLRequest' in scope
31 | }
32 |
/host/spi-builder-workspace/Sources/Buble/BubleHTTPClient.swift:99:17: error: cannot find type 'URLRequest' in scope
 97 |         body: JSONValue? = nil,
 98 |         accept: String
 99 |     ) throws -> URLRequest {
    |                 `- error: cannot find type 'URLRequest' in scope
100 |         guard var components = URLComponents(url: baseURL, resolvingAgainstBaseURL: false) else {
101 |             throw BubleError.invalidURL(baseURL.absoluteString)
/host/spi-builder-workspace/Sources/Buble/HTTPTransport.swift:35:26: error: 'URLSession' is unavailable: This type has moved to the FoundationNetworking module. Import that module to use it.
33 | /// URLSession-backed HTTP transport.
34 | public struct URLSessionHTTPTransport: HTTPTransport {
35 |     private let session: URLSession
   |                          `- error: 'URLSession' is unavailable: This type has moved to the FoundationNetworking module. Import that module to use it.
36 |
37 |     public init(session: URLSession = .shared) {
Foundation.URLSession:2:18: note: 'URLSession' has been explicitly marked unavailable here
1 | @available(*, unavailable, message: "This type has moved to the FoundationNetworking module. Import that module to use it.")
2 | public typealias URLSession = AnyObject
  |                  `- note: 'URLSession' has been explicitly marked unavailable here
/host/spi-builder-workspace/Sources/Buble/HTTPTransport.swift:37:26: error: 'URLSession' is unavailable: This type has moved to the FoundationNetworking module. Import that module to use it.
35 |     private let session: URLSession
36 |
37 |     public init(session: URLSession = .shared) {
   |                          `- error: 'URLSession' is unavailable: This type has moved to the FoundationNetworking module. Import that module to use it.
38 |         self.session = session
39 |     }
Foundation.URLSession:2:18: note: 'URLSession' has been explicitly marked unavailable here
1 | @available(*, unavailable, message: "This type has moved to the FoundationNetworking module. Import that module to use it.")
2 | public typealias URLSession = AnyObject
  |                  `- note: 'URLSession' has been explicitly marked unavailable here
/host/spi-builder-workspace/Sources/Buble/HTTPTransport.swift:37:40: error: type 'URLSession' (aka 'AnyObject') has no member 'shared'
35 |     private let session: URLSession
36 |
37 |     public init(session: URLSession = .shared) {
   |                                        `- error: type 'URLSession' (aka 'AnyObject') has no member 'shared'
38 |         self.session = session
39 |     }
/host/spi-builder-workspace/Sources/Buble/HTTPTransport.swift:37:40: error: value of type '_' expected to be instance of class or class-constrained type
35 |     private let session: URLSession
36 |
37 |     public init(session: URLSession = .shared) {
   |                                        `- error: value of type '_' expected to be instance of class or class-constrained type
38 |         self.session = session
39 |     }
/host/spi-builder-workspace/Sources/Buble/HTTPTransport.swift:41:33: error: cannot find type 'URLRequest' in scope
39 |     }
40 |
41 |     public func send(_ request: URLRequest) async throws -> HTTPResponse {
   |                                 `- error: cannot find type 'URLRequest' in scope
42 |         let (data, response) = try await session.data(for: request)
43 |         guard let httpResponse = response as? HTTPURLResponse else {
/host/spi-builder-workspace/Sources/Buble/HTTPTransport.swift:53:35: error: cannot find type 'URLRequest' in scope
51 |     }
52 |
53 |     public func stream(_ request: URLRequest) async throws -> HTTPStreamResponse {
   |                                   `- error: cannot find type 'URLRequest' in scope
54 |         let (bytes, response) = try await session.bytes(for: request)
55 |         guard let httpResponse = response as? HTTPURLResponse else {
/host/spi-builder-workspace/Sources/Buble/HTTPTransport.swift:35:17: warning: stored property 'session' of 'Sendable'-conforming struct 'URLSessionHTTPTransport' has non-Sendable type 'AnyObject'; this is an error in the Swift 6 language mode
33 | /// URLSession-backed HTTP transport.
34 | public struct URLSessionHTTPTransport: HTTPTransport {
35 |     private let session: URLSession
   |                 `- warning: stored property 'session' of 'Sendable'-conforming struct 'URLSessionHTTPTransport' has non-Sendable type 'AnyObject'; this is an error in the Swift 6 language mode
36 |
37 |     public init(session: URLSession = .shared) {
/host/spi-builder-workspace/Sources/Buble/HTTPTransport.swift:88:9: error: non-nominal type 'HTTPURLResponse' (aka 'AnyObject') cannot be extended [#]8;;https://docs.swift.org/compiler/documentation/diagnostics/nominal-types\NominalTypes]8;;\]
86 | }
87 |
88 | private extension HTTPURLResponse {
   |         `- error: non-nominal type 'HTTPURLResponse' (aka 'AnyObject') cannot be extended [#]8;;https://docs.swift.org/compiler/documentation/diagnostics/nominal-types\NominalTypes]8;;\]
89 |     var headerFields: [String: String] {
90 |         var output: [String: String] = [:]
[#NominalTypes]: <https://docs.swift.org/compiler/documentation/diagnostics/nominal-types>
Failed frontend command:
/usr/bin/swift-frontend -frontend -emit-module -experimental-skip-non-inlinable-function-bodies-without-types /host/spi-builder-workspace/Sources/Buble/AppsService.swift /host/spi-builder-workspace/Sources/Buble/BubleClient.swift /host/spi-builder-workspace/Sources/Buble/BubleClientOptions.swift /host/spi-builder-workspace/Sources/Buble/BubleError.swift /host/spi-builder-workspace/Sources/Buble/BubleHTTPClient.swift /host/spi-builder-workspace/Sources/Buble/ChatService.swift /host/spi-builder-workspace/Sources/Buble/CreateGenerationRequest.swift /host/spi-builder-workspace/Sources/Buble/FileUpload.swift /host/spi-builder-workspace/Sources/Buble/FilesService.swift /host/spi-builder-workspace/Sources/Buble/FoundationCompat.swift /host/spi-builder-workspace/Sources/Buble/GenerationsService.swift /host/spi-builder-workspace/Sources/Buble/HTTPTransport.swift /host/spi-builder-workspace/Sources/Buble/JSONValue.swift /host/spi-builder-workspace/Sources/Buble/MediaModelsService.swift /host/spi-builder-workspace/Sources/Buble/ServerSentEvent.swift /host/spi-builder-workspace/Sources/Buble/StreamText.swift /host/spi-builder-workspace/Sources/Buble/Types.swift /host/spi-builder-workspace/Sources/Buble/URLCoding.swift /host/spi-builder-workspace/Sources/Buble/WaitOptions.swift -target wasm32-unknown-wasip1 -disable-objc-interop -sdk /root/.swiftpm/swift-sdks/swift-6.4.x-DEVELOPMENT-SNAPSHOT-2026-09-04-a_wasm.artifactbundle/swift-6.4.x-DEVELOPMENT-SNAPSHOT-2026-09-04-a_wasm/wasm32-unknown-wasip1/WASI.sdk -sysroot /root/.swiftpm/swift-sdks/swift-6.4.x-DEVELOPMENT-SNAPSHOT-2026-09-04-a_wasm.artifactbundle/swift-6.4.x-DEVELOPMENT-SNAPSHOT-2026-09-04-a_wasm/wasm32-unknown-wasip1/WASI.sdk -I /host/spi-builder-workspace/.build/out/Products/Debug-webassembly-wasm32 -module-cache-path /host/spi-builder-workspace/.build/out/ModuleCache.noindex -color-diagnostics -Xcc -fcolor-diagnostics -enable-testing -g -debug-info-format\=dwarf -dwarf-version\=4 -swift-version 5 -Onone -D SWIFT_PACKAGE -D DEBUG -D SWIFT_MODULE_RESOURCE_BUNDLE_UNAVAILABLE -D Xcode -serialize-debugging-options -enable-experimental-feature DebugDescriptionMacro -empty-abi-descriptor -external-plugin-path /usr/lib/swift/host/plugins/testing\#/usr/bin/swift-plugin-server -validate-clang-modules-once -clang-build-session-file /host/spi-builder-workspace/.build/out/ModuleCache.noindex/Session.modulevalidation -Xcc -working-directory -Xcc /host -resource-dir /root/.swiftpm/swift-sdks/swift-6.4.x-DEVELOPMENT-SNAPSHOT-2026-09-04-a_wasm.artifactbundle/swift-6.4.x-DEVELOPMENT-SNAPSHOT-2026-09-04-a_wasm/wasm32-unknown-wasip1/swift.xctoolchain/usr/lib/swift_static -use-static-resource-dir -enable-anonymous-context-mangled-names -file-compilation-dir /host -Xcc -resource-dir -Xcc /root/.swiftpm/swift-sdks/swift-6.4.x-DEVELOPMENT-SNAPSHOT-2026-09-04-a_wasm.artifactbundle/swift-6.4.x-DEVELOPMENT-SNAPSHOT-2026-09-04-a_wasm/wasm32-unknown-wasip1/swift.xctoolchain/usr/lib/swift_static/clang -Xcc -D_LIBCPP_HARDENING_MODE\=_LIBCPP_HARDENING_MODE_DEBUG -Xcc -fmodules-prune-interval\=86400 -Xcc -fmodules-prune-after\=345600 -Xcc -I/host/spi-builder-workspace/.build/out/Products/Debug-webassembly-wasm32/include -Xcc -I/host/spi-builder-workspace/.build/out/Intermediates.noindex/Buble.build/Debug-webassembly-wasm32/Buble-t.build/DerivedSources-normal/wasm32 -Xcc -I/host/spi-builder-workspace/.build/out/Intermediates.noindex/Buble.build/Debug-webassembly-wasm32/Buble-t.build/DerivedSources/wasm32 -Xcc -I/host/spi-builder-workspace/.build/out/Intermediates.noindex/Buble.build/Debug-webassembly-wasm32/Buble-t.build/DerivedSources -Xcc -DSWIFT_PACKAGE -Xcc -DDEBUG\=1 -no-auto-bridging-header-chaining -module-name Buble -package-name spi_builder_workspace -const-gather-protocols-file /host/spi-builder-workspace/.build/out/Intermediates.noindex/Buble.build/Debug-webassembly-wasm32/Buble-t.build/Objects-normal/wasm32/Buble_const_extract_protocols.json -in-process-plugin-server-path /usr/lib/swift/host/libSwiftInProcPluginServer.so -plugin-path /usr/lib/swift/host/plugins -plugin-path /usr/local/lib/swift/host/plugins -emit-module-doc-path /host/spi-builder-workspace/.build/out/Intermediates.noindex/Buble.build/Debug-webassembly-wasm32/Buble-t.build/Objects-normal/wasm32/Modules/Buble.swiftdoc -emit-module-source-info-path /host/spi-builder-workspace/.build/out/Intermediates.noindex/Buble.build/Debug-webassembly-wasm32/Buble-t.build/Objects-normal/wasm32/Modules/Buble.swiftsourceinfo -emit-objc-header-path /host/spi-builder-workspace/.build/out/Intermediates.noindex/Buble.build/Debug-webassembly-wasm32/Buble-t.build/Objects-normal/wasm32/Buble-Swift.h -serialize-diagnostics-path /host/spi-builder-workspace/.build/out/Intermediates.noindex/Buble.build/Debug-webassembly-wasm32/Buble-t.build/Objects-normal/wasm32/Buble-primary-emit-module.dia -emit-dependencies-path /host/spi-builder-workspace/.build/out/Intermediates.noindex/Buble.build/Debug-webassembly-wasm32/Buble-t.build/Objects-normal/wasm32/Buble-primary-emit-module.d -parse-as-library -o /host/spi-builder-workspace/.build/out/Intermediates.noindex/Buble.build/Debug-webassembly-wasm32/Buble-t.build/Objects-normal/wasm32/Modules/Buble.swiftmodule
error: Build failed
BUILD FAILURE 6.4 wasm