The Swift Package Index logo.Swift Package Index

Build Information

Failed to build SQLite, reference master (e4e889), with Swift 6.4 for Wasm on 17 Sep 2026 04:03:19 UTC.

Build Command

bash -c docker run --pull=always --rm -v "checkouts-54344844-0":/host -w "$PWD" -e JAVA_HOME="/root/.sdkman/candidates/java/current" -e SPI_BUILD="1" -e SPI_PROCESSING="1" registry.gitlab.com/saguaro1/spi-images:wasm-6.4-latest swift build --swift-sdk swift-6.4.x-DEVELOPMENT-SNAPSHOT-2026-09-04-a_wasm 2>&1

Build Log

========================================
RunAll
========================================
Builder version: 5.1.0
Interrupt handler set up.
========================================
Checkout
========================================
Clone URL: https://github.com/pixelspark/sqlite.git
Reference: master
Initialized empty Git repository in /host/spi-builder-workspace/.git/
hint: Using 'master' as the name for the initial branch. This default branch name
hint: is subject to change. To configure the initial branch name to use in all
hint: of your new repositories, which will suppress this warning, call:
hint:
hint: 	git config --global init.defaultBranch <name>
hint:
hint: Names commonly chosen instead of 'master' are 'main', 'trunk' and
hint: 'development'. The just-created branch can be renamed via this command:
hint:
hint: 	git branch -m <name>
From https://github.com/pixelspark/sqlite
 * branch            master     -> FETCH_HEAD
 * [new branch]      master     -> origin/master
HEAD is now at e4e8891 Upgrade to Swift 4
Cloned https://github.com/pixelspark/sqlite.git
Revision (git rev-parse @):
e4e889123447390620824a6fda52e035802e3bde
SUCCESS checkout https://github.com/pixelspark/sqlite.git at master
========================================
Build
========================================
Selected platform:         wasm
Swift version:             6.4
Building package at path:  $PWD
https://github.com/pixelspark/sqlite.git
Running build ...
bash -c docker run --pull=always --rm -v "checkouts-54344844-0":/host -w "$PWD" -e JAVA_HOME="/root/.sdkman/candidates/java/current" -e SPI_BUILD="1" -e SPI_PROCESSING="1" registry.gitlab.com/saguaro1/spi-images:wasm-6.4-latest swift build --swift-sdk swift-6.4.x-DEVELOPMENT-SNAPSHOT-2026-09-04-a_wasm 2>&1
wasm-6.4-latest: Pulling from saguaro1/spi-images
Digest: sha256:4328fdb43c680d205c1d6761b1e3267aa38277eefdda9ddfb17b6a0f1a77857a
Status: Image is up to date for registry.gitlab.com/saguaro1/spi-images:wasm-6.4-latest
Building for debugging...
[Planning deferred tasks]
[24 / 33] SQLite
In file included from /host/spi-builder-workspace/Sources/CSQLite/sqlite3.c:29786:
/root/.swiftpm/swift-sdks/swift-6.4.x-DEVELOPMENT-SNAPSHOT-2026-09-04-a_wasm.artifactbundle/swift-6.4.x-DEVELOPMENT-SNAPSHOT-2026-09-04-a_wasm/wasm32-unknown-wasip1/WASI.sdk/include/wasm32-wasip1/sys/mman.h:2:2: error: "WASI lacks a true mmap; to enable minimal mmap emulation, compile with -D_WASI_EMULATED_MMAN and link with -lwasi-emulated-mman"
    2 | #error "WASI lacks a true mmap; to enable minimal mmap emulation, \
      |  ^
/host/spi-builder-workspace/Sources/CSQLite/sqlite3.c:30338:42: error: use of undeclared identifier 'fchown'
 30338 |   { "fchown",       (sqlite3_syscall_ptr)fchown,          0 },
       |                                          ^~~~~~
/host/spi-builder-workspace/Sources/CSQLite/sqlite3.c:30344:42: error: use of undeclared identifier 'geteuid'
 30344 |   { "geteuid",      (sqlite3_syscall_ptr)geteuid,         0 },
       |                                          ^~~~~~~
/host/spi-builder-workspace/Sources/CSQLite/sqlite3.c:30348:42: error: use of undeclared identifier 'mmap'
 30348 |   { "mmap",         (sqlite3_syscall_ptr)mmap,            0 },
       |                                          ^~~~
/host/spi-builder-workspace/Sources/CSQLite/sqlite3.c:30355:42: error: use of undeclared identifier 'munmap'
 30355 |   { "munmap",       (sqlite3_syscall_ptr)munmap,          0 },
       |                                          ^~~~~~
/host/spi-builder-workspace/Sources/CSQLite/sqlite3.c:30425:22: error: invalid application of 'sizeof' to an incomplete type 'struct unix_syscall[]'
 30425 |     for(i=0; i<sizeof(aSyscall)/sizeof(aSyscall[0]); i++){
       |                      ^~~~~~~~~~
/host/spi-builder-workspace/Sources/CSQLite/sqlite3.c:30434:22: error: invalid application of 'sizeof' to an incomplete type 'struct unix_syscall[]'
 30434 |     for(i=0; i<sizeof(aSyscall)/sizeof(aSyscall[0]); i++){
       |                      ^~~~~~~~~~
/host/spi-builder-workspace/Sources/CSQLite/sqlite3.c:30461:20: error: invalid application of 'sizeof' to an incomplete type 'struct unix_syscall[]'
 30461 |   for(i=0; i<sizeof(aSyscall)/sizeof(aSyscall[0]); i++){
       |                    ^~~~~~~~~~
/host/spi-builder-workspace/Sources/CSQLite/sqlite3.c:30478:16: error: invalid application of 'sizeof' to an incomplete type 'struct unix_syscall[]'
 30478 |     for(i=0; i<ArraySize(aSyscall)-1; i++){
       |                ^~~~~~~~~~~~~~~~~~~
/host/spi-builder-workspace/Sources/CSQLite/sqlite3.c:12070:38: note: expanded from macro 'ArraySize'
 12070 | #define ArraySize(X)    ((int)(sizeof(X)/sizeof(X[0])))
       |                                      ^~~
/host/spi-builder-workspace/Sources/CSQLite/sqlite3.c:30482:14: error: invalid application of 'sizeof' to an incomplete type 'struct unix_syscall[]'
 30482 |   for(i++; i<ArraySize(aSyscall); i++){
       |              ^~~~~~~~~~~~~~~~~~~
/host/spi-builder-workspace/Sources/CSQLite/sqlite3.c:12070:38: note: expanded from macro 'ArraySize'
 12070 | #define ArraySize(X)    ((int)(sizeof(X)/sizeof(X[0])))
       |                                      ^~~
/host/spi-builder-workspace/Sources/CSQLite/sqlite3.c:31308:19: error: use of undeclared identifier 'F_WRLCK'
 31308 |     lock.l_type = F_WRLCK;
       |                   ^~~~~~~
/host/spi-builder-workspace/Sources/CSQLite/sqlite3.c:31309:27: error: use of undeclared identifier 'F_GETLK'
 31309 |     if( osFcntl(pFile->h, F_GETLK, &lock) ){
       |                           ^~~~~~~
/host/spi-builder-workspace/Sources/CSQLite/sqlite3.c:31312:29: error: use of undeclared identifier 'F_UNLCK'
 31312 |     } else if( lock.l_type!=F_UNLCK ){
       |                             ^~~~~~~
/host/spi-builder-workspace/Sources/CSQLite/sqlite3.c:31356:21: error: use of undeclared identifier 'F_WRLCK'
 31356 |       lock.l_type = F_WRLCK;
       |                     ^~~~~~~
/host/spi-builder-workspace/Sources/CSQLite/sqlite3.c:31357:30: error: use of undeclared identifier 'F_SETLK'
 31357 |       rc = osFcntl(pFile->h, F_SETLK, &lock);
       |                              ^~~~~~~
/host/spi-builder-workspace/Sources/CSQLite/sqlite3.c:31365:28: error: use of undeclared identifier 'F_SETLK'
 31365 |     rc = osFcntl(pFile->h, F_SETLK, pLock);
       |                            ^~~~~~~
/host/spi-builder-workspace/Sources/CSQLite/sqlite3.c:31505:43: error: use of undeclared identifier 'F_RDLCK'
 31505 |     lock.l_type = (eFileLock==SHARED_LOCK?F_RDLCK:F_WRLCK);
       |                                           ^~~~~~~
/host/spi-builder-workspace/Sources/CSQLite/sqlite3.c:31505:51: error: use of undeclared identifier 'F_WRLCK'
 31505 |     lock.l_type = (eFileLock==SHARED_LOCK?F_RDLCK:F_WRLCK);
       |                                                   ^~~~~~~
/host/spi-builder-workspace/Sources/CSQLite/sqlite3.c:31537:19: error: use of undeclared identifier 'F_UNLCK'
 31537 |     lock.l_type = F_UNLCK;
       |                   ^~~~~~~
fatal error: too many errors emitted, stopping now [-ferror-limit=]
20 errors generated.
error: CompileC /host/spi-builder-workspace/.build/out/Intermediates.noindex/SQLite.build/Debug-webassembly-wasm32/CSQLite-t.build/Objects-normal/wasm32/sqlite3.o /host/spi-builder-workspace/Sources/CSQLite/sqlite3.c normal wasm32 c com.apple.compilers.llvm.clang.1_0.compiler failed with a nonzero exit code. Command line:     cd /host

    Using response file: /host/spi-builder-workspace/.build/out/Intermediates.noindex/SQLite.build/Debug-webassembly-wasm32/CSQLite-t.build/Objects-normal/wasm32/9f65232cb83f8421e3a495a5062eba382369c975104ee97bafc405ab795bfc5e-common-args.resp

    /usr/bin/clang -x c -target wasm32-unknown-wasip1 -fmessage-length\=0 -fdiagnostics-show-note-include-stack -fmacro-backtrace-limit\=0 -fcolor-diagnostics -Wno-trigraphs -Wno-missing-field-initializers -Wno-missing-prototypes -Wno-return-type -Wno-missing-braces -Wparentheses -Wswitch -Wno-unused-function -Wno-unused-label -Wno-unused-parameter -Wno-unused-variable -Wunused-value -Wno-empty-body -Wno-uninitialized -Wno-unknown-pragmas -Wno-shadow -Wno-four-char-constants -Wno-conversion -Wno-constant-conversion -Wno-int-conversion -Wno-bool-conversion -Wno-enum-conversion -Wno-float-conversion -Wno-non-literal-null-conversion -Wno-objc-literal-conversion -Wno-shorten-64-to-32 -Wpointer-sign -Wno-newline-eof -Wno-implicit-fallthrough -fstrict-aliasing -Wdeprecated-declarations -Wno-sign-conversion -Wno-infinite-recursion -Wno-comma -Wno-block-capture-autoreleasing -Wno-strict-prototypes -Wno-semicolon-before-method-body --sysroot /root/.swiftpm/swift-sdks/swift-6.4.x-DEVELOPMENT-SNAPSHOT-2026-09-04-a_wasm.artifactbundle/swift-6.4.x-DEVELOPMENT-SNAPSHOT-2026-09-04-a_wasm/wasm32-unknown-wasip1/WASI.sdk @/host/spi-builder-workspace/.build/out/Intermediates.noindex/SQLite.build/Debug-webassembly-wasm32/CSQLite-t.build/Objects-normal/wasm32/9f65232cb83f8421e3a495a5062eba382369c975104ee97bafc405ab795bfc5e-common-args.resp -MMD -MT dependencies -MF /host/spi-builder-workspace/.build/out/Intermediates.noindex/SQLite.build/Debug-webassembly-wasm32/CSQLite-t.build/Objects-normal/wasm32/sqlite3.d --serialize-diagnostics /host/spi-builder-workspace/.build/out/Intermediates.noindex/SQLite.build/Debug-webassembly-wasm32/CSQLite-t.build/Objects-normal/wasm32/sqlite3.dia -c /host/spi-builder-workspace/Sources/CSQLite/sqlite3.c -o /host/spi-builder-workspace/.build/out/Intermediates.noindex/SQLite.build/Debug-webassembly-wasm32/CSQLite-t.build/Objects-normal/wasm32/sqlite3.o
error: Build failed
BUILD FAILURE 6.4 wasm