Build Information
Failed to build Nantes, reference 0.1.2 (a82b86), with Swift 6.4 for watchOS using Xcode 27.0 on 18 Sep 2026 04:53:40 UTC.
Build Command
env DEVELOPER_DIR=/Applications/Xcode-27.0.0-Release.Candidate.app xcrun xcodebuild -IDEClonedSourcePackagesDirPathOverride=$PWD/.dependencies -skipMacroValidation -skipPackagePluginValidation -derivedDataPath $PWD/.derivedData build -scheme Nantes -destination generic/platform=watchOSBuild Log
========================================
RunAll
========================================
Builder version: 5.1.0
Interrupt handler set up.
========================================
Checkout
========================================
Clone URL: https://github.com/instacart/Nantes.git
Reference: 0.1.2
Initialized empty Git repository in /Users/admin/builder/spi-builder-workspace/.git/
From https://github.com/instacart/Nantes
* tag 0.1.2 -> FETCH_HEAD
HEAD is now at a82b861 [version] 0.1.2
Cloned https://github.com/instacart/Nantes.git
Revision (git rev-parse @):
a82b861bc7863b22c798601e28ff2e8ec86ce4ee
SUCCESS checkout https://github.com/instacart/Nantes.git at 0.1.2
========================================
Build
========================================
Selected platform: watchOS
Swift version: 6.4
Building package at path: $PWD
https://github.com/instacart/Nantes.git
Command line invocation:
/Applications/Xcode-27.0.0-Release.Candidate.app/Contents/Developer/usr/bin/xcodebuild -IDEClonedSourcePackagesDirPathOverride=/Users/admin/builder/spi-builder-workspace/.dependencies -resolvePackageDependencies
Resolve Package Graph
Resolve Package Graph
Resolved source packages:
Nantes: /Users/admin/builder/spi-builder-workspace
resolved source packages: Nantes
2026-09-18 00:52:49.265 xcodebuild[563:3077] [MT] IDERunDestination: Supported platforms for the buildables in the current scheme is empty.
{
"dependencies" : [
],
"manifest_display_name" : "Nantes",
"name" : "Nantes",
"path" : "/Users/admin/builder/spi-builder-workspace",
"platforms" : [
{
"name" : "ios",
"version" : "9.0"
}
],
"products" : [
{
"name" : "Nantes",
"targets" : [
"Nantes"
],
"type" : {
"library" : [
"automatic"
]
}
}
],
"targets" : [
{
"c99name" : "Nantes",
"module_type" : "SwiftTarget",
"name" : "Nantes",
"path" : "Source/Classes",
"product_memberships" : [
"Nantes"
],
"sources" : [
"Accessibility/Accessibility.swift",
"ActionHandling/Actions.swift",
"ActionHandling/Link.swift",
"Categories/NSAttributedString.swift",
"Categories/NSAttributedStringKey.swift",
"Categories/NSRange.swift",
"Delegate/LabelDelegate.swift",
"Drawing/Drawing.swift",
"Drawing/Scaling.swift",
"Drawing/Truncation.swift",
"NantesLabel.swift",
"Sizing/Sizing.swift"
],
"type" : "library"
}
],
"tools_version" : "5.3"
}
{
"workspace" : {
"name" : "Nantes",
"schemes" : [
"Nantes"
]
}
}
2026-09-18 00:53:30.236 xcodebuild[713:4392] [MT] IDERunDestination: Supported platforms for the buildables in the current scheme is empty.
Running build ...
env DEVELOPER_DIR=/Applications/Xcode-27.0.0-Release.Candidate.app xcrun xcodebuild -IDEClonedSourcePackagesDirPathOverride=$PWD/.dependencies -skipMacroValidation -skipPackagePluginValidation -derivedDataPath $PWD/.derivedData build -scheme Nantes -destination generic/platform=watchOS
Command line invocation:
/Applications/Xcode-27.0.0-Release.Candidate.app/Contents/Developer/usr/bin/xcodebuild -IDEClonedSourcePackagesDirPathOverride=/Users/admin/builder/spi-builder-workspace/.dependencies -skipMacroValidation -skipPackagePluginValidation -derivedDataPath /Users/admin/builder/spi-builder-workspace/.derivedData build -scheme Nantes -destination generic/platform=watchOS
Resolve Package Graph
Resolved source packages:
Nantes: /Users/admin/builder/spi-builder-workspace
ComputePackagePrebuildTargetDependencyGraph
Prepare packages
CreateBuildRequest
SendProjectDescription
CreateBuildOperation
ComputeTargetDependencyGraph
note: Building targets in dependency order
note: Target dependency graph (2 targets)
Target 'Nantes-product' in project 'Nantes'
➜ Explicit dependency on target 'Nantes' in project 'Nantes'
Target 'Nantes' in project 'Nantes' (no dependencies)
GatherProvisioningInputs
CreateBuildDescription
ExecuteExternalTool /Applications/Xcode-27.0.0-Release.Candidate.app/Contents/Developer/Toolchains/XcodeDefault.xctoolchain/usr/bin/clang -v -E -dM -isysroot /Applications/Xcode-27.0.0-Release.Candidate.app/Contents/Developer/Platforms/WatchOS.platform/Developer/SDKs/WatchOS27.0.sdk -x c -c /dev/null
ExecuteExternalTool /Applications/Xcode-27.0.0-Release.Candidate.app/Contents/Developer/Toolchains/XcodeDefault.xctoolchain/usr/bin/swiftc --version
ExecuteExternalTool /Applications/Xcode-27.0.0-Release.Candidate.app/Contents/Developer/Toolchains/XcodeDefault.xctoolchain/usr/bin/ld -version_details
Build description signature: 444ebbe09b562a60a846b0e5be892eea
Build description path: /Users/admin/builder/spi-builder-workspace/.derivedData/Build/Intermediates.noindex/XCBuildData/444ebbe09b562a60a846b0e5be892eea.xcbuilddata
CreateBuildDirectory /Users/admin/builder/spi-builder-workspace/.derivedData/SDKExplicitPrecompiledModules
cd /Users/admin/builder/spi-builder-workspace/.swiftpm/xcode
builtin-create-build-directory /Users/admin/builder/spi-builder-workspace/.derivedData/SDKExplicitPrecompiledModules
CreateBuildDirectory /Users/admin/builder/spi-builder-workspace/.derivedData/ModuleCache.noindex
cd /Users/admin/builder/spi-builder-workspace/.swiftpm/xcode
builtin-create-build-directory /Users/admin/builder/spi-builder-workspace/.derivedData/ModuleCache.noindex
CreateBuildDirectory /Users/admin/builder/spi-builder-workspace/.derivedData/CompilationCache.noindex
cd /Users/admin/builder/spi-builder-workspace/.swiftpm/xcode
builtin-create-build-directory /Users/admin/builder/spi-builder-workspace/.derivedData/CompilationCache.noindex
CreateBuildDirectory /Users/admin/builder/spi-builder-workspace/.derivedData/Build/Intermediates.noindex
cd /Users/admin/builder/spi-builder-workspace/.swiftpm/xcode
builtin-create-build-directory /Users/admin/builder/spi-builder-workspace/.derivedData/Build/Intermediates.noindex
CreateBuildDirectory /Users/admin/builder/spi-builder-workspace/.derivedData/Build/Products
cd /Users/admin/builder/spi-builder-workspace/.swiftpm/xcode
builtin-create-build-directory /Users/admin/builder/spi-builder-workspace/.derivedData/Build/Products
ClangStatCache /Applications/Xcode-27.0.0-Release.Candidate.app/Contents/Developer/Toolchains/XcodeDefault.xctoolchain/usr/bin/clang-stat-cache /Applications/Xcode-27.0.0-Release.Candidate.app/Contents/Developer/Platforms/WatchOS.platform/Developer/SDKs/WatchOS27.0.sdk /Users/admin/builder/spi-builder-workspace/.derivedData/SDKStatCaches.noindex/watchos27.0-24R360-e829b21a6f8c9b70876ba0858053c04477534ef55a1706bf4c1112bbb242f0a2.sdkstatcache
cd /Users/admin/builder/spi-builder-workspace/.swiftpm/xcode
/Applications/Xcode-27.0.0-Release.Candidate.app/Contents/Developer/Toolchains/XcodeDefault.xctoolchain/usr/bin/clang-stat-cache /Applications/Xcode-27.0.0-Release.Candidate.app/Contents/Developer/Platforms/WatchOS.platform/Developer/SDKs/WatchOS27.0.sdk -o /Users/admin/builder/spi-builder-workspace/.derivedData/SDKStatCaches.noindex/watchos27.0-24R360-e829b21a6f8c9b70876ba0858053c04477534ef55a1706bf4c1112bbb242f0a2.sdkstatcache
CreateBuildDirectory /Users/admin/builder/spi-builder-workspace/.derivedData/Build/Intermediates.noindex/SwiftExplicitPrecompiledModules
cd /Users/admin/builder/spi-builder-workspace/.swiftpm/xcode
builtin-create-build-directory /Users/admin/builder/spi-builder-workspace/.derivedData/Build/Intermediates.noindex/SwiftExplicitPrecompiledModules
CreateBuildDirectory /Users/admin/builder/spi-builder-workspace/.derivedData/Build/Intermediates.noindex/PrecompiledHeaders
cd /Users/admin/builder/spi-builder-workspace/.swiftpm/xcode
builtin-create-build-directory /Users/admin/builder/spi-builder-workspace/.derivedData/Build/Intermediates.noindex/PrecompiledHeaders
CreateBuildDirectory /Users/admin/builder/spi-builder-workspace/.derivedData/Build/Intermediates.noindex/ExplicitPrecompiledModules
cd /Users/admin/builder/spi-builder-workspace/.swiftpm/xcode
builtin-create-build-directory /Users/admin/builder/spi-builder-workspace/.derivedData/Build/Intermediates.noindex/ExplicitPrecompiledModules
CreateBuildDirectory /Users/admin/builder/spi-builder-workspace/.derivedData/Build/Products/Debug-watchos
cd /Users/admin/builder/spi-builder-workspace/.swiftpm/xcode
builtin-create-build-directory /Users/admin/builder/spi-builder-workspace/.derivedData/Build/Products/Debug-watchos
CreateBuildDirectory /Users/admin/builder/spi-builder-workspace/.derivedData/Build/Intermediates.noindex/EagerLinkingTBDs/Debug-watchos
cd /Users/admin/builder/spi-builder-workspace/.swiftpm/xcode
builtin-create-build-directory /Users/admin/builder/spi-builder-workspace/.derivedData/Build/Intermediates.noindex/EagerLinkingTBDs/Debug-watchos
CreateBuildDirectory /Users/admin/builder/spi-builder-workspace/.derivedData/Build/Products/Debug-watchos/PackageFrameworks
cd /Users/admin/builder/spi-builder-workspace/.swiftpm/xcode
builtin-create-build-directory /Users/admin/builder/spi-builder-workspace/.derivedData/Build/Products/Debug-watchos/PackageFrameworks
WriteAuxiliaryFile /Users/admin/builder/spi-builder-workspace/.derivedData/Build/Intermediates.noindex/Nantes.build/Debug-watchos/Nantes-t.build/Nantes.modulemap (in target 'Nantes' from project 'Nantes')
cd /Users/admin/builder/spi-builder-workspace
write-file /Users/admin/builder/spi-builder-workspace/.derivedData/Build/Intermediates.noindex/Nantes.build/Debug-watchos/Nantes-t.build/Nantes.modulemap
WriteAuxiliaryFile /Users/admin/builder/spi-builder-workspace/.derivedData/Build/Intermediates.noindex/Nantes.build/Debug-watchos/Nantes-t.build/Objects-normal/arm64_32/Nantes.SwiftConstValuesFileList (in target 'Nantes' from project 'Nantes')
cd /Users/admin/builder/spi-builder-workspace
write-file /Users/admin/builder/spi-builder-workspace/.derivedData/Build/Intermediates.noindex/Nantes.build/Debug-watchos/Nantes-t.build/Objects-normal/arm64_32/Nantes.SwiftConstValuesFileList
WriteAuxiliaryFile /Users/admin/builder/spi-builder-workspace/.derivedData/Build/Intermediates.noindex/Nantes.build/Debug-watchos/Nantes-t.build/Objects-normal/arm64_32/Nantes_const_extract_protocols.json (in target 'Nantes' from project 'Nantes')
cd /Users/admin/builder/spi-builder-workspace
write-file /Users/admin/builder/spi-builder-workspace/.derivedData/Build/Intermediates.noindex/Nantes.build/Debug-watchos/Nantes-t.build/Objects-normal/arm64_32/Nantes_const_extract_protocols.json
WriteAuxiliaryFile /Users/admin/builder/spi-builder-workspace/.derivedData/Build/Intermediates.noindex/Nantes.build/Debug-watchos/Nantes-t.build/Objects-normal/arm64_32/Nantes.SwiftFileList (in target 'Nantes' from project 'Nantes')
cd /Users/admin/builder/spi-builder-workspace
write-file /Users/admin/builder/spi-builder-workspace/.derivedData/Build/Intermediates.noindex/Nantes.build/Debug-watchos/Nantes-t.build/Objects-normal/arm64_32/Nantes.SwiftFileList
WriteAuxiliaryFile /Users/admin/builder/spi-builder-workspace/.derivedData/Build/Intermediates.noindex/Nantes.build/Debug-watchos/Nantes-t.build/Objects-normal/arm64_32/Nantes-OutputFileMap.json (in target 'Nantes' from project 'Nantes')
cd /Users/admin/builder/spi-builder-workspace
write-file /Users/admin/builder/spi-builder-workspace/.derivedData/Build/Intermediates.noindex/Nantes.build/Debug-watchos/Nantes-t.build/Objects-normal/arm64_32/Nantes-OutputFileMap.json
WriteAuxiliaryFile /Users/admin/builder/spi-builder-workspace/.derivedData/Build/Intermediates.noindex/Nantes.build/Debug-watchos/Nantes-t.build/Objects-normal/arm64_32/Nantes.LinkFileList (in target 'Nantes' from project 'Nantes')
cd /Users/admin/builder/spi-builder-workspace
write-file /Users/admin/builder/spi-builder-workspace/.derivedData/Build/Intermediates.noindex/Nantes.build/Debug-watchos/Nantes-t.build/Objects-normal/arm64_32/Nantes.LinkFileList
WriteAuxiliaryFile /Users/admin/builder/spi-builder-workspace/.derivedData/Build/Intermediates.noindex/Nantes.build/Debug-watchos/Nantes-t.build/Objects-normal/arm64/Nantes_const_extract_protocols.json (in target 'Nantes' from project 'Nantes')
cd /Users/admin/builder/spi-builder-workspace
write-file /Users/admin/builder/spi-builder-workspace/.derivedData/Build/Intermediates.noindex/Nantes.build/Debug-watchos/Nantes-t.build/Objects-normal/arm64/Nantes_const_extract_protocols.json
WriteAuxiliaryFile /Users/admin/builder/spi-builder-workspace/.derivedData/Build/Intermediates.noindex/Nantes.build/Debug-watchos/Nantes-t.build/Objects-normal/arm64/Nantes.SwiftFileList (in target 'Nantes' from project 'Nantes')
cd /Users/admin/builder/spi-builder-workspace
write-file /Users/admin/builder/spi-builder-workspace/.derivedData/Build/Intermediates.noindex/Nantes.build/Debug-watchos/Nantes-t.build/Objects-normal/arm64/Nantes.SwiftFileList
WriteAuxiliaryFile /Users/admin/builder/spi-builder-workspace/.derivedData/Build/Intermediates.noindex/Nantes.build/Debug-watchos/Nantes-t.build/Objects-normal/arm64/Nantes-OutputFileMap.json (in target 'Nantes' from project 'Nantes')
cd /Users/admin/builder/spi-builder-workspace
write-file /Users/admin/builder/spi-builder-workspace/.derivedData/Build/Intermediates.noindex/Nantes.build/Debug-watchos/Nantes-t.build/Objects-normal/arm64/Nantes-OutputFileMap.json
WriteAuxiliaryFile /Users/admin/builder/spi-builder-workspace/.derivedData/Build/Intermediates.noindex/Nantes.build/Debug-watchos/Nantes-t.build/Objects-normal/arm64/Nantes.SwiftConstValuesFileList (in target 'Nantes' from project 'Nantes')
cd /Users/admin/builder/spi-builder-workspace
write-file /Users/admin/builder/spi-builder-workspace/.derivedData/Build/Intermediates.noindex/Nantes.build/Debug-watchos/Nantes-t.build/Objects-normal/arm64/Nantes.SwiftConstValuesFileList
WriteAuxiliaryFile /Users/admin/builder/spi-builder-workspace/.derivedData/Build/Intermediates.noindex/Nantes.build/Debug-watchos/Nantes-t.build/Objects-normal/arm64/Nantes.LinkFileList (in target 'Nantes' from project 'Nantes')
cd /Users/admin/builder/spi-builder-workspace
write-file /Users/admin/builder/spi-builder-workspace/.derivedData/Build/Intermediates.noindex/Nantes.build/Debug-watchos/Nantes-t.build/Objects-normal/arm64/Nantes.LinkFileList
WriteAuxiliaryFile /Users/admin/builder/spi-builder-workspace/.derivedData/Build/Intermediates.noindex/Nantes.build/Debug-watchos/Nantes-t.build/Nantes.DependencyStaticMetadataFileList (in target 'Nantes' from project 'Nantes')
cd /Users/admin/builder/spi-builder-workspace
write-file /Users/admin/builder/spi-builder-workspace/.derivedData/Build/Intermediates.noindex/Nantes.build/Debug-watchos/Nantes-t.build/Nantes.DependencyStaticMetadataFileList
WriteAuxiliaryFile /Users/admin/builder/spi-builder-workspace/.derivedData/Build/Intermediates.noindex/Nantes.build/Debug-watchos/Nantes-t.build/Nantes.DependencyMetadataFileList (in target 'Nantes' from project 'Nantes')
cd /Users/admin/builder/spi-builder-workspace
write-file /Users/admin/builder/spi-builder-workspace/.derivedData/Build/Intermediates.noindex/Nantes.build/Debug-watchos/Nantes-t.build/Nantes.DependencyMetadataFileList
Copy /Users/admin/builder/spi-builder-workspace/.derivedData/Build/Intermediates.noindex/GeneratedModuleMaps-watchos/Nantes.modulemap /Users/admin/builder/spi-builder-workspace/.derivedData/Build/Intermediates.noindex/Nantes.build/Debug-watchos/Nantes-t.build/Nantes.modulemap (in target 'Nantes' from project 'Nantes')
cd /Users/admin/builder/spi-builder-workspace
builtin-copy -exclude .DS_Store -exclude CVS -exclude .svn -exclude .git -exclude .hg -resolve-src-symlinks /Users/admin/builder/spi-builder-workspace/.derivedData/Build/Intermediates.noindex/Nantes.build/Debug-watchos/Nantes-t.build/Nantes.modulemap /Users/admin/builder/spi-builder-workspace/.derivedData/Build/Intermediates.noindex/GeneratedModuleMaps-watchos
SwiftDriver Nantes normal arm64 com.apple.xcode.tools.swift.compiler (in target 'Nantes' from project 'Nantes')
cd /Users/admin/builder/spi-builder-workspace/.swiftpm/xcode
builtin-SwiftDriver -- /Applications/Xcode-27.0.0-Release.Candidate.app/Contents/Developer/Toolchains/XcodeDefault.xctoolchain/usr/bin/swiftc -parse-as-library -module-name Nantes -Onone @/Users/admin/builder/spi-builder-workspace/.derivedData/Build/Intermediates.noindex/Nantes.build/Debug-watchos/Nantes-t.build/Objects-normal/arm64/Nantes.SwiftFileList -DSWIFT_PACKAGE -DDEBUG -DSWIFT_MODULE_RESOURCE_BUNDLE_UNAVAILABLE -DXcode -plugin-path /Applications/Xcode-27.0.0-Release.Candidate.app/Contents/Developer/Toolchains/XcodeDefault.xctoolchain/usr/lib/swift/host/plugins/testing -enable-experimental-feature DebugDescriptionMacro -sdk /Applications/Xcode-27.0.0-Release.Candidate.app/Contents/Developer/Platforms/WatchOS.platform/Developer/SDKs/WatchOS27.0.sdk -target arm64-apple-watchos9.0 -g -module-cache-path /Users/admin/builder/spi-builder-workspace/.derivedData/ModuleCache.noindex -Xfrontend -serialize-debugging-options -enable-testing -index-store-path /Users/admin/builder/spi-builder-workspace/.derivedData/Index.noindex/DataStore -Xcc -D_LIBCPP_HARDENING_MODE\=_LIBCPP_HARDENING_MODE_DEBUG -swift-version 5 -I /Users/admin/builder/spi-builder-workspace/.derivedData/Build/Products/Debug-watchos -Isystem /Applications/Xcode-27.0.0-Release.Candidate.app/Contents/Developer/Platforms/WatchOS.platform/Developer/usr/lib -F /Users/admin/builder/spi-builder-workspace/.derivedData/Build/Products/Debug-watchos -F /Applications/Xcode-27.0.0-Release.Candidate.app/Contents/Developer/Platforms/WatchOS.platform/Developer/Library/Frameworks -F /Applications/Xcode-27.0.0-Release.Candidate.app/Contents/Developer/Platforms/WatchOS.platform/Developer/SDKs/WatchOS27.0.sdk/Developer/Library/Frameworks -c -j10 -enable-batch-mode -incremental -Xcc -ivfsstatcache -Xcc /Users/admin/builder/spi-builder-workspace/.derivedData/SDKStatCaches.noindex/watchos27.0-24R360-e829b21a6f8c9b70876ba0858053c04477534ef55a1706bf4c1112bbb242f0a2.sdkstatcache -output-file-map /Users/admin/builder/spi-builder-workspace/.derivedData/Build/Intermediates.noindex/Nantes.build/Debug-watchos/Nantes-t.build/Objects-normal/arm64/Nantes-OutputFileMap.json -save-temps -no-color-diagnostics -explicit-module-build -module-cache-path /Users/admin/builder/spi-builder-workspace/.derivedData/Build/Intermediates.noindex/SwiftExplicitPrecompiledModules -clang-scanner-module-cache-path /Users/admin/builder/spi-builder-workspace/.derivedData/ModuleCache.noindex -sdk-module-cache-path /Users/admin/builder/spi-builder-workspace/.derivedData/SDKExplicitPrecompiledModules -emit-dependencies -emit-module -emit-module-path /Users/admin/builder/spi-builder-workspace/.derivedData/Build/Intermediates.noindex/Nantes.build/Debug-watchos/Nantes-t.build/Objects-normal/arm64/Nantes.swiftmodule -serialize-diagnostics -dependency-scan-serialize-diagnostics-path /Users/admin/builder/spi-builder-workspace/.derivedData/Build/Intermediates.noindex/Nantes.build/Debug-watchos/Nantes-t.build/Objects-normal/arm64/Nantes-dependency-scan.dia -validate-clang-modules-once -clang-build-session-file /Users/admin/builder/spi-builder-workspace/.derivedData/ModuleCache.noindex/Session.modulevalidation -Xcc -fmodules-prune-interval\=86400 -Xcc -fmodules-prune-after\=345600 -emit-const-values -const-gather-protocols-list /Users/admin/builder/spi-builder-workspace/.derivedData/Build/Intermediates.noindex/Nantes.build/Debug-watchos/Nantes-t.build/Objects-normal/arm64/Nantes_const_extract_protocols.json -Xcc -I/Users/admin/builder/spi-builder-workspace/.derivedData/Build/Products/Debug-watchos/include -Xcc -I/Users/admin/builder/spi-builder-workspace/.derivedData/Build/Intermediates.noindex/Nantes.build/Debug-watchos/Nantes-t.build/DerivedSources-normal/arm64 -Xcc -I/Users/admin/builder/spi-builder-workspace/.derivedData/Build/Intermediates.noindex/Nantes.build/Debug-watchos/Nantes-t.build/DerivedSources/arm64 -Xcc -I/Users/admin/builder/spi-builder-workspace/.derivedData/Build/Intermediates.noindex/Nantes.build/Debug-watchos/Nantes-t.build/DerivedSources -Xcc -DSWIFT_PACKAGE -Xcc -DDEBUG\=1 -emit-objc-header -emit-objc-header-path /Users/admin/builder/spi-builder-workspace/.derivedData/Build/Intermediates.noindex/Nantes.build/Debug-watchos/Nantes-t.build/Objects-normal/arm64/Nantes-Swift.h -working-directory /Users/admin/builder/spi-builder-workspace/.swiftpm/xcode -experimental-emit-module-separately -disable-cmo
SwiftDriver Nantes normal arm64_32 com.apple.xcode.tools.swift.compiler (in target 'Nantes' from project 'Nantes')
cd /Users/admin/builder/spi-builder-workspace/.swiftpm/xcode
builtin-SwiftDriver -- /Applications/Xcode-27.0.0-Release.Candidate.app/Contents/Developer/Toolchains/XcodeDefault.xctoolchain/usr/bin/swiftc -parse-as-library -module-name Nantes -Onone @/Users/admin/builder/spi-builder-workspace/.derivedData/Build/Intermediates.noindex/Nantes.build/Debug-watchos/Nantes-t.build/Objects-normal/arm64_32/Nantes.SwiftFileList -DSWIFT_PACKAGE -DDEBUG -DSWIFT_MODULE_RESOURCE_BUNDLE_UNAVAILABLE -DXcode -plugin-path /Applications/Xcode-27.0.0-Release.Candidate.app/Contents/Developer/Toolchains/XcodeDefault.xctoolchain/usr/lib/swift/host/plugins/testing -enable-experimental-feature DebugDescriptionMacro -sdk /Applications/Xcode-27.0.0-Release.Candidate.app/Contents/Developer/Platforms/WatchOS.platform/Developer/SDKs/WatchOS27.0.sdk -target arm64_32-apple-watchos9.0 -g -module-cache-path /Users/admin/builder/spi-builder-workspace/.derivedData/ModuleCache.noindex -Xfrontend -serialize-debugging-options -enable-testing -index-store-path /Users/admin/builder/spi-builder-workspace/.derivedData/Index.noindex/DataStore -Xcc -D_LIBCPP_HARDENING_MODE\=_LIBCPP_HARDENING_MODE_DEBUG -swift-version 5 -I /Users/admin/builder/spi-builder-workspace/.derivedData/Build/Products/Debug-watchos -Isystem /Applications/Xcode-27.0.0-Release.Candidate.app/Contents/Developer/Platforms/WatchOS.platform/Developer/usr/lib -F /Users/admin/builder/spi-builder-workspace/.derivedData/Build/Products/Debug-watchos -F /Applications/Xcode-27.0.0-Release.Candidate.app/Contents/Developer/Platforms/WatchOS.platform/Developer/Library/Frameworks -F /Applications/Xcode-27.0.0-Release.Candidate.app/Contents/Developer/Platforms/WatchOS.platform/Developer/SDKs/WatchOS27.0.sdk/Developer/Library/Frameworks -c -j10 -enable-batch-mode -incremental -Xcc -ivfsstatcache -Xcc /Users/admin/builder/spi-builder-workspace/.derivedData/SDKStatCaches.noindex/watchos27.0-24R360-e829b21a6f8c9b70876ba0858053c04477534ef55a1706bf4c1112bbb242f0a2.sdkstatcache -output-file-map /Users/admin/builder/spi-builder-workspace/.derivedData/Build/Intermediates.noindex/Nantes.build/Debug-watchos/Nantes-t.build/Objects-normal/arm64_32/Nantes-OutputFileMap.json -save-temps -no-color-diagnostics -explicit-module-build -module-cache-path /Users/admin/builder/spi-builder-workspace/.derivedData/Build/Intermediates.noindex/SwiftExplicitPrecompiledModules -clang-scanner-module-cache-path /Users/admin/builder/spi-builder-workspace/.derivedData/ModuleCache.noindex -sdk-module-cache-path /Users/admin/builder/spi-builder-workspace/.derivedData/SDKExplicitPrecompiledModules -emit-dependencies -emit-module -emit-module-path /Users/admin/builder/spi-builder-workspace/.derivedData/Build/Intermediates.noindex/Nantes.build/Debug-watchos/Nantes-t.build/Objects-normal/arm64_32/Nantes.swiftmodule -serialize-diagnostics -dependency-scan-serialize-diagnostics-path /Users/admin/builder/spi-builder-workspace/.derivedData/Build/Intermediates.noindex/Nantes.build/Debug-watchos/Nantes-t.build/Objects-normal/arm64_32/Nantes-dependency-scan.dia -validate-clang-modules-once -clang-build-session-file /Users/admin/builder/spi-builder-workspace/.derivedData/ModuleCache.noindex/Session.modulevalidation -Xcc -fmodules-prune-interval\=86400 -Xcc -fmodules-prune-after\=345600 -emit-const-values -const-gather-protocols-list /Users/admin/builder/spi-builder-workspace/.derivedData/Build/Intermediates.noindex/Nantes.build/Debug-watchos/Nantes-t.build/Objects-normal/arm64_32/Nantes_const_extract_protocols.json -Xcc -I/Users/admin/builder/spi-builder-workspace/.derivedData/Build/Products/Debug-watchos/include -Xcc -I/Users/admin/builder/spi-builder-workspace/.derivedData/Build/Intermediates.noindex/Nantes.build/Debug-watchos/Nantes-t.build/DerivedSources-normal/arm64_32 -Xcc -I/Users/admin/builder/spi-builder-workspace/.derivedData/Build/Intermediates.noindex/Nantes.build/Debug-watchos/Nantes-t.build/DerivedSources/arm64_32 -Xcc -I/Users/admin/builder/spi-builder-workspace/.derivedData/Build/Intermediates.noindex/Nantes.build/Debug-watchos/Nantes-t.build/DerivedSources -Xcc -DSWIFT_PACKAGE -Xcc -DDEBUG\=1 -emit-objc-header -emit-objc-header-path /Users/admin/builder/spi-builder-workspace/.derivedData/Build/Intermediates.noindex/Nantes.build/Debug-watchos/Nantes-t.build/Objects-normal/arm64_32/Nantes-Swift.h -working-directory /Users/admin/builder/spi-builder-workspace/.swiftpm/xcode -experimental-emit-module-separately -disable-cmo
SwiftExplicitDependencyGeneratePcm arm64 /Users/admin/builder/spi-builder-workspace/.derivedData/SDKExplicitPrecompiledModules/_SwiftConcurrencyShims-659N52XSKR5F0QSB880BH2FJR.pcm
SwiftExplicitDependencyGeneratePcm arm64 /Users/admin/builder/spi-builder-workspace/.derivedData/SDKExplicitPrecompiledModules/ptrcheck-AIF0NDOYZ8ORBNHQAQR5NNB8M.pcm
SwiftExplicitDependencyGeneratePcm arm64 /Users/admin/builder/spi-builder-workspace/.derivedData/SDKExplicitPrecompiledModules/_Builtin_stdarg-A7UU8LE6MP85SM26YO7PBZNUQ.pcm
SwiftExplicitDependencyGeneratePcm arm64 /Users/admin/builder/spi-builder-workspace/.derivedData/SDKExplicitPrecompiledModules/_Builtin_stddef-1FU30Y8SWFB7OUUHMJQH5J6FM.pcm
SwiftExplicitDependencyGeneratePcm arm64 /Users/admin/builder/spi-builder-workspace/.derivedData/SDKExplicitPrecompiledModules/DeveloperToolsSupport-E7CNISCB36UE8XQ9IOHK9XDX1.pcm
SwiftExplicitDependencyGeneratePcm arm64 /Users/admin/builder/spi-builder-workspace/.derivedData/SDKExplicitPrecompiledModules/ptrauth-3TZ9WJCGLYD25HQPWH4968ONX.pcm
SwiftExplicitDependencyGeneratePcm arm64 /Users/admin/builder/spi-builder-workspace/.derivedData/SDKExplicitPrecompiledModules/_AvailabilityInternal-BUNV3UXM65NT37THI4W1AM0SF.pcm
SwiftExplicitDependencyGeneratePcm arm64 /Users/admin/builder/spi-builder-workspace/.derivedData/SDKExplicitPrecompiledModules/_Builtin_stdbool-83J96QSOFE9VX04AAS6310UAE.pcm
SwiftExplicitDependencyGeneratePcm arm64 /Users/admin/builder/spi-builder-workspace/.derivedData/SDKExplicitPrecompiledModules/_Builtin_float-C0CW5Q4HGBQYKE77TC42IAFB5.pcm
SwiftExplicitDependencyGeneratePcm arm64 /Users/admin/builder/spi-builder-workspace/.derivedData/SDKExplicitPrecompiledModules/SwiftShims-4MXFZPV6FEB0XBYXCGPWAMQGL.pcm
SwiftExplicitDependencyGeneratePcm arm64_32 /Users/admin/builder/spi-builder-workspace/.derivedData/SDKExplicitPrecompiledModules/_Builtin_stdbool-A967K8W8YUYEC9SN52KJ7OO88.pcm
SwiftExplicitDependencyGeneratePcm arm64_32 /Users/admin/builder/spi-builder-workspace/.derivedData/SDKExplicitPrecompiledModules/_SwiftConcurrencyShims-6RTBPQ03V7BM9SPRK8SUE055H.pcm
SwiftExplicitDependencyGeneratePcm arm64_32 /Users/admin/builder/spi-builder-workspace/.derivedData/SDKExplicitPrecompiledModules/DeveloperToolsSupport-DZU5G1OCMNWU0AQRULIFHUJ1Z.pcm
SwiftExplicitDependencyGeneratePcm arm64_32 /Users/admin/builder/spi-builder-workspace/.derivedData/SDKExplicitPrecompiledModules/ptrauth-BFXF358ME5AK535N5A9Z766WU.pcm
SwiftExplicitDependencyGeneratePcm arm64_32 /Users/admin/builder/spi-builder-workspace/.derivedData/SDKExplicitPrecompiledModules/_Builtin_stddef-H44EFHQX6XSS5MZ7QP6YJZ76.pcm
SwiftExplicitDependencyGeneratePcm arm64_32 /Users/admin/builder/spi-builder-workspace/.derivedData/SDKExplicitPrecompiledModules/_Builtin_stdarg-D305JG44A2WPI6CJY37X3QJE8.pcm
SwiftExplicitDependencyGeneratePcm arm64_32 /Users/admin/builder/spi-builder-workspace/.derivedData/SDKExplicitPrecompiledModules/_AvailabilityInternal-244WAN3Z1QBT7PIA64EZEFY1R.pcm
SwiftExplicitDependencyGeneratePcm arm64_32 /Users/admin/builder/spi-builder-workspace/.derivedData/SDKExplicitPrecompiledModules/ptrcheck-7ELIH9BTIGVKX3UBITM9N72WD.pcm
SwiftExplicitDependencyGeneratePcm arm64_32 /Users/admin/builder/spi-builder-workspace/.derivedData/SDKExplicitPrecompiledModules/SwiftShims-9CQQGWTSNTN9EB5NSHDWUJICH.pcm
SwiftExplicitDependencyGeneratePcm arm64_32 /Users/admin/builder/spi-builder-workspace/.derivedData/SDKExplicitPrecompiledModules/_Builtin_float-6KO8O3PEWRCA4WC6PPLOYO6WJ.pcm
SwiftExplicitDependencyGeneratePcm arm64 /Users/admin/builder/spi-builder-workspace/.derivedData/SDKExplicitPrecompiledModules/_DarwinFoundation1-7SPX3MD0HMP55E4OLNCPNDQ53.pcm
SwiftExplicitDependencyGeneratePcm arm64_32 /Users/admin/builder/spi-builder-workspace/.derivedData/SDKExplicitPrecompiledModules/_DarwinFoundation1-2GWF9RFMPLQW4PDHS3NARVI3G.pcm
SwiftExplicitDependencyGeneratePcm arm64 /Users/admin/builder/spi-builder-workspace/.derivedData/SDKExplicitPrecompiledModules/_Builtin_limits-9GWPA2B0H20DYUNYHYCWKABJG.pcm
SwiftExplicitDependencyGeneratePcm arm64 /Users/admin/builder/spi-builder-workspace/.derivedData/SDKExplicitPrecompiledModules/_DarwinFoundation2-D0XAPJU49S5E9XMKYOFGSTB1Q.pcm
SwiftExplicitDependencyGeneratePcm arm64_32 /Users/admin/builder/spi-builder-workspace/.derivedData/SDKExplicitPrecompiledModules/_DarwinFoundation2-9MY8GOSYRO0M9MKNXF6D3MBNK.pcm
SwiftExplicitDependencyGeneratePcm arm64_32 /Users/admin/builder/spi-builder-workspace/.derivedData/SDKExplicitPrecompiledModules/_Builtin_limits-3VKBU2AFTD65PAJZ5CJ3LHFM2.pcm
SwiftExplicitDependencyGeneratePcm arm64 /Users/admin/builder/spi-builder-workspace/.derivedData/SDKExplicitPrecompiledModules/string_h-E6PRXK75PHIPCZFWOFCQ3QBMK.pcm
SwiftExplicitDependencyGeneratePcm arm64 /Users/admin/builder/spi-builder-workspace/.derivedData/SDKExplicitPrecompiledModules/sys_types-2KXQLI78OUCDP779AE68GZJ2.pcm
SwiftExplicitDependencyGeneratePcm arm64 /Users/admin/builder/spi-builder-workspace/.derivedData/SDKExplicitPrecompiledModules/_Builtin_stdint-8XMILLJZEGRN2XG7XZUXZ5RLX.pcm
SwiftExplicitDependencyGeneratePcm arm64 /Users/admin/builder/spi-builder-workspace/.derivedData/SDKExplicitPrecompiledModules/_Builtin_tgmath-8NQ96OZ0YHXEC24JI95P01UF8.pcm
SwiftExplicitDependencyGeneratePcm arm64_32 /Users/admin/builder/spi-builder-workspace/.derivedData/SDKExplicitPrecompiledModules/string_h-BFVLUQUSBZWYMLCU9QI7VZALW.pcm
SwiftExplicitDependencyGeneratePcm arm64_32 /Users/admin/builder/spi-builder-workspace/.derivedData/SDKExplicitPrecompiledModules/sys_types-8TLLMW08ZJWDGIIPKOYFGHHZW.pcm
SwiftExplicitDependencyGeneratePcm arm64_32 /Users/admin/builder/spi-builder-workspace/.derivedData/SDKExplicitPrecompiledModules/_Builtin_tgmath-23PGCKURCQILXMK0MYZRYDCOU.pcm
SwiftExplicitDependencyGeneratePcm arm64_32 /Users/admin/builder/spi-builder-workspace/.derivedData/SDKExplicitPrecompiledModules/_Builtin_stdint-1HMXWI3V0V4TXHRWZOMZGZ80Y.pcm
SwiftExplicitDependencyGeneratePcm arm64 /Users/admin/builder/spi-builder-workspace/.derivedData/SDKExplicitPrecompiledModules/_Builtin_stdatomic-7JEFA3KBJJJN6TKJWY3OG1VG5.pcm
SwiftExplicitDependencyGeneratePcm arm64 /Users/admin/builder/spi-builder-workspace/.derivedData/SDKExplicitPrecompiledModules/_DarwinFoundation3-B97LRG0E9GON2NUE65TVG81HU.pcm
SwiftExplicitDependencyGeneratePcm arm64 /Users/admin/builder/spi-builder-workspace/.derivedData/SDKExplicitPrecompiledModules/_Builtin_intrinsics-75960HIPCIYA06IUW8FIIPQT.pcm
SwiftExplicitDependencyGeneratePcm arm64_32 /Users/admin/builder/spi-builder-workspace/.derivedData/SDKExplicitPrecompiledModules/_Builtin_intrinsics-196IIAKDQVU42DLOZP9OQCV76.pcm
SwiftExplicitDependencyGeneratePcm arm64_32 /Users/admin/builder/spi-builder-workspace/.derivedData/SDKExplicitPrecompiledModules/_Builtin_stdatomic-1TY035TURL76BF2U98PZPPZRX.pcm
SwiftExplicitDependencyGeneratePcm arm64_32 /Users/admin/builder/spi-builder-workspace/.derivedData/SDKExplicitPrecompiledModules/_DarwinFoundation3-3DUTYQDQSD9HUAAVY947NMWOI.pcm
SwiftExplicitDependencyGeneratePcm arm64 /Users/admin/builder/spi-builder-workspace/.derivedData/SDKExplicitPrecompiledModules/_Builtin_inttypes-3UQSCM7WNM9EK4HZML8TY5J3D.pcm
SwiftExplicitDependencyGeneratePcm arm64_32 /Users/admin/builder/spi-builder-workspace/.derivedData/SDKExplicitPrecompiledModules/_Builtin_inttypes-D2KPCR4PEX9AQA33NGLUT5SBR.pcm
SwiftExplicitDependencyGeneratePcm arm64 /Users/admin/builder/spi-builder-workspace/.derivedData/SDKExplicitPrecompiledModules/Darwin-3984OXKFNSPE77NT743WK8SEX.pcm
SwiftExplicitDependencyGeneratePcm arm64_32 /Users/admin/builder/spi-builder-workspace/.derivedData/SDKExplicitPrecompiledModules/Darwin-3FVT1SKLN2ZQ5RVOABMTQBB34.pcm
SwiftExplicitDependencyGeneratePcm arm64 /Users/admin/builder/spi-builder-workspace/.derivedData/SDKExplicitPrecompiledModules/simd-EH08NODU6574T74ZKU61VP9BW.pcm
SwiftExplicitDependencyGeneratePcm arm64_32 /Users/admin/builder/spi-builder-workspace/.derivedData/SDKExplicitPrecompiledModules/simd-21UNWYOBUZI1LVSQ99S1XBLMO.pcm
SwiftExplicitDependencyGeneratePcm arm64 /Users/admin/builder/spi-builder-workspace/.derivedData/SDKExplicitPrecompiledModules/ObjectiveC-72IVD3VS2RS8Q28D9PIMY0KQP.pcm
SwiftExplicitDependencyGeneratePcm arm64 /Users/admin/builder/spi-builder-workspace/.derivedData/SDKExplicitPrecompiledModules/MachO-2U90NNSAQILBNBPS1SA4F8TYP.pcm
SwiftExplicitDependencyGeneratePcm arm64_32 /Users/admin/builder/spi-builder-workspace/.derivedData/SDKExplicitPrecompiledModules/ObjectiveC-6IJNELR2E80E7LUKESVCP2KET.pcm
SwiftExplicitDependencyGeneratePcm arm64_32 /Users/admin/builder/spi-builder-workspace/.derivedData/SDKExplicitPrecompiledModules/MachO-56838ZJ0NC1EBAJ0O6O8QMPDX.pcm
SwiftExplicitDependencyGeneratePcm arm64 /Users/admin/builder/spi-builder-workspace/.derivedData/SDKExplicitPrecompiledModules/os_object-3SDKD7F87FTZ26OON37DRYT6O.pcm
SwiftExplicitDependencyGeneratePcm arm64_32 /Users/admin/builder/spi-builder-workspace/.derivedData/SDKExplicitPrecompiledModules/os_object-5YWTC6L4756IWSTPGXS5NM0D0.pcm
SwiftExplicitDependencyGeneratePcm arm64_32 /Users/admin/builder/spi-builder-workspace/.derivedData/SDKExplicitPrecompiledModules/os_workgroup-5JHTPDMNBUNHLJI8LPHKQK1JK.pcm
SwiftExplicitDependencyGeneratePcm arm64 /Users/admin/builder/spi-builder-workspace/.derivedData/SDKExplicitPrecompiledModules/os_workgroup-89GG5G7YC2D0ZTK6AZXXQ20DH.pcm
SwiftExplicitDependencyGeneratePcm arm64 /Users/admin/builder/spi-builder-workspace/.derivedData/SDKExplicitPrecompiledModules/Spatial-44FJGYXFAT2AQAW9Z6T7YS02U.pcm
SwiftExplicitDependencyGeneratePcm arm64_32 /Users/admin/builder/spi-builder-workspace/.derivedData/SDKExplicitPrecompiledModules/Spatial-CWVWNML3T0NXVHZDKVLD3X1YZ.pcm
SwiftExplicitDependencyGeneratePcm arm64_32 /Users/admin/builder/spi-builder-workspace/.derivedData/SDKExplicitPrecompiledModules/Dispatch-2P62F1T4XV63S4P99TUDTOK2Q.pcm
SwiftExplicitDependencyGeneratePcm arm64 /Users/admin/builder/spi-builder-workspace/.derivedData/SDKExplicitPrecompiledModules/Dispatch-1NLJOVAK60XP0DUB05XA59EIM.pcm
SwiftExplicitDependencyGeneratePcm arm64 /Users/admin/builder/spi-builder-workspace/.derivedData/SDKExplicitPrecompiledModules/XPC-40DR0X1DHKGCV4J1IOLFS8MOU.pcm
SwiftExplicitDependencyGeneratePcm arm64 /Users/admin/builder/spi-builder-workspace/.derivedData/SDKExplicitPrecompiledModules/CoreFoundation-8T2L24YC5NU7WO6WQJWRY7W08.pcm
SwiftExplicitDependencyGeneratePcm arm64_32 /Users/admin/builder/spi-builder-workspace/.derivedData/SDKExplicitPrecompiledModules/XPC-81Y45QFY96XYYFCW2GT6FY8S4.pcm
SwiftExplicitDependencyGeneratePcm arm64_32 /Users/admin/builder/spi-builder-workspace/.derivedData/SDKExplicitPrecompiledModules/CoreFoundation-8E6Y4BA3EXYKUGJ24GT9LGV3N.pcm
SwiftExplicitDependencyGeneratePcm arm64_32 /Users/admin/builder/spi-builder-workspace/.derivedData/SDKExplicitPrecompiledModules/os-E5IGB442IA6SBB25TTCOLK2OC.pcm
SwiftExplicitDependencyGeneratePcm arm64 /Users/admin/builder/spi-builder-workspace/.derivedData/SDKExplicitPrecompiledModules/os-5DIL6Z9LFIGLMZAHM7X2T5435.pcm
SwiftExplicitDependencyGeneratePcm arm64_32 /Users/admin/builder/spi-builder-workspace/.derivedData/SDKExplicitPrecompiledModules/Security-D7TOWF88VWF67TB9HAFP5UWB1.pcm
SwiftExplicitDependencyGeneratePcm arm64 /Users/admin/builder/spi-builder-workspace/.derivedData/SDKExplicitPrecompiledModules/Security-6RZ6YBRU8WCUHRFFRVUK5WKMM.pcm
SwiftExplicitDependencyGeneratePcm arm64 /Users/admin/builder/spi-builder-workspace/.derivedData/SDKExplicitPrecompiledModules/CoreGraphics-DWNZ73GEH98SBJXZ7DEXB420K.pcm
SwiftExplicitDependencyGeneratePcm arm64_32 /Users/admin/builder/spi-builder-workspace/.derivedData/SDKExplicitPrecompiledModules/CoreGraphics-9FDXYX6BKBUT6TJ2VF819E7T5.pcm
SwiftExplicitDependencyGeneratePcm arm64 /Users/admin/builder/spi-builder-workspace/.derivedData/SDKExplicitPrecompiledModules/Foundation-DLBKUSGXN8QHAT8W0OARR9S8A.pcm
SwiftExplicitDependencyGeneratePcm arm64_32 /Users/admin/builder/spi-builder-workspace/.derivedData/SDKExplicitPrecompiledModules/Foundation-BJ2VQGI3OGR34500MEQ1VKHPH.pcm
SwiftExplicitDependencyGeneratePcm arm64 /Users/admin/builder/spi-builder-workspace/.derivedData/SDKExplicitPrecompiledModules/CoreText-970YJN6NIYGK1316L35Z0O8QT.pcm
SwiftExplicitDependencyGeneratePcm arm64 /Users/admin/builder/spi-builder-workspace/.derivedData/SDKExplicitPrecompiledModules/CoreVideo-8MRR5MNWUOAW2DBPGUQ8FKK4.pcm
SwiftExplicitDependencyGeneratePcm arm64_32 /Users/admin/builder/spi-builder-workspace/.derivedData/SDKExplicitPrecompiledModules/CoreText-C9X2REPZN2V5BSU4G80FCETDR.pcm
SwiftExplicitDependencyGeneratePcm arm64_32 /Users/admin/builder/spi-builder-workspace/.derivedData/SDKExplicitPrecompiledModules/CoreVideo-2P8HI0403J99LBDPKNFJ5D4DL.pcm
SwiftExplicitDependencyGeneratePcm arm64_32 /Users/admin/builder/spi-builder-workspace/.derivedData/SDKExplicitPrecompiledModules/OSLog-D9AVFY0KWO7RVBIQ73CBIJVCN.pcm
SwiftExplicitDependencyGeneratePcm arm64_32 /Users/admin/builder/spi-builder-workspace/.derivedData/SDKExplicitPrecompiledModules/QuartzCore-6375NPYACK5NYVHPMC1QQ8MC2.pcm
SwiftExplicitDependencyGeneratePcm arm64_32 /Users/admin/builder/spi-builder-workspace/.derivedData/SDKExplicitPrecompiledModules/DataDetection-U9BF7WHFVA6BZGFXXXP272PS.pcm
SwiftExplicitDependencyGeneratePcm arm64_32 /Users/admin/builder/spi-builder-workspace/.derivedData/SDKExplicitPrecompiledModules/_LocationEssentials-AQ1OL9QKC3LQLY5CNSRM1HB53.pcm
SwiftExplicitDependencyGeneratePcm arm64_32 /Users/admin/builder/spi-builder-workspace/.derivedData/SDKExplicitPrecompiledModules/Accessibility-F385OMZ5GYBUY5O4QAJB4NRII.pcm
SwiftExplicitDependencyGeneratePcm arm64_32 /Users/admin/builder/spi-builder-workspace/.derivedData/SDKExplicitPrecompiledModules/Symbols-1H97WMG76HU94F5VGJR19PXFY.pcm
SwiftExplicitDependencyGeneratePcm arm64_32 /Users/admin/builder/spi-builder-workspace/.derivedData/SDKExplicitPrecompiledModules/UniformTypeIdentifiers-CJZ3NTHPSBH4XWX5EVOG56UZS.pcm
SwiftExplicitDependencyGeneratePcm arm64_32 /Users/admin/builder/spi-builder-workspace/.derivedData/SDKExplicitPrecompiledModules/UIUtilities-9YFVNIMRC5HRVOIARNWHP1E3H.pcm
SwiftExplicitDependencyGeneratePcm arm64_32 /Users/admin/builder/spi-builder-workspace/.derivedData/SDKExplicitPrecompiledModules/CoreTransferable-5D4IR6X37682FPHJ5CBPTKQV6.pcm
SwiftExplicitDependencyGeneratePcm arm64_32 /Users/admin/builder/spi-builder-workspace/.derivedData/SDKExplicitPrecompiledModules/UserNotifications-6TBN8TEAKO014N1T2QD926XED.pcm
SwiftExplicitDependencyGeneratePcm arm64 /Users/admin/builder/spi-builder-workspace/.derivedData/SDKExplicitPrecompiledModules/Accessibility-27QMG6ZQ1NKYTNBYFPM1XKNFC.pcm
SwiftExplicitDependencyGeneratePcm arm64 /Users/admin/builder/spi-builder-workspace/.derivedData/SDKExplicitPrecompiledModules/_LocationEssentials-5ZZDGDXB6HLQUC72SJW7YJ7MK.pcm
SwiftExplicitDependencyGeneratePcm arm64 /Users/admin/builder/spi-builder-workspace/.derivedData/SDKExplicitPrecompiledModules/UniformTypeIdentifiers-8L08Q8DQJV8C4AW84YVGFGTRN.pcm
SwiftExplicitDependencyGeneratePcm arm64 /Users/admin/builder/spi-builder-workspace/.derivedData/SDKExplicitPrecompiledModules/UserNotifications-ARAH8MEQ0C2L0FBO39HITJMAO.pcm
SwiftExplicitDependencyGeneratePcm arm64 /Users/admin/builder/spi-builder-workspace/.derivedData/SDKExplicitPrecompiledModules/UIUtilities-IR7RNW23VAUKYI9MLCS9NL9A.pcm
SwiftExplicitDependencyGeneratePcm arm64_32 /Users/admin/builder/spi-builder-workspace/.derivedData/SDKExplicitPrecompiledModules/CoreLocation-8XU5YMYM4P11RQMYCQAG65ITK.pcm
SwiftExplicitDependencyGeneratePcm arm64 /Users/admin/builder/spi-builder-workspace/.derivedData/SDKExplicitPrecompiledModules/CoreTransferable-9PPG3SLJ55T4LITIFYX2M0NOZ.pcm
SwiftExplicitDependencyGeneratePcm arm64 /Users/admin/builder/spi-builder-workspace/.derivedData/SDKExplicitPrecompiledModules/QuartzCore-94KFMWNOU7ZLUZNB4T5DLZC9D.pcm
SwiftExplicitDependencyGeneratePcm arm64 /Users/admin/builder/spi-builder-workspace/.derivedData/SDKExplicitPrecompiledModules/DataDetection-7BNVI1SZW5ISQL5SX4WL2X7I5.pcm
SwiftExplicitDependencyGeneratePcm arm64 /Users/admin/builder/spi-builder-workspace/.derivedData/SDKExplicitPrecompiledModules/Symbols-3EFABTJ9L5PQDJ7RQCYQWEJMM.pcm
SwiftExplicitDependencyGeneratePcm arm64_32 /Users/admin/builder/spi-builder-workspace/.derivedData/SDKExplicitPrecompiledModules/SwiftUICore-3Q7WLRD8MR9R3NGIPUBQCP6F6.pcm
SwiftExplicitDependencyGeneratePcm arm64 /Users/admin/builder/spi-builder-workspace/.derivedData/SDKExplicitPrecompiledModules/CoreLocation-ACKJ9K7ABI14F97Y46Y6SRR17.pcm
SwiftExplicitDependencyGeneratePcm arm64 /Users/admin/builder/spi-builder-workspace/.derivedData/SDKExplicitPrecompiledModules/OSLog-B7VGO357Y3GJG35TST7DKDSI3.pcm
SwiftExplicitDependencyGeneratePcm arm64_32 /Users/admin/builder/spi-builder-workspace/.derivedData/SDKExplicitPrecompiledModules/CoreMotion-1XGTVTE5PP32UHME8AC63TL6.pcm
SwiftExplicitDependencyGeneratePcm arm64 /Users/admin/builder/spi-builder-workspace/.derivedData/SDKExplicitPrecompiledModules/SwiftUICore-C1DST1IX2Z0PTH5SJJZ1IULRB.pcm
SwiftExplicitDependencyGeneratePcm arm64 /Users/admin/builder/spi-builder-workspace/.derivedData/SDKExplicitPrecompiledModules/CoreMotion-6RD5K48QT1F4L9CATNFD2O7YB.pcm
SwiftExplicitDependencyGeneratePcm arm64_32 /Users/admin/builder/spi-builder-workspace/.derivedData/SDKExplicitPrecompiledModules/UIKit-6PPV7YPZ89CZPHYAP072QH8B6.pcm
SwiftExplicitDependencyGeneratePcm arm64 /Users/admin/builder/spi-builder-workspace/.derivedData/SDKExplicitPrecompiledModules/UIKit-27R3P1YMV4C6JLDT661G3MRIA.pcm
SwiftCompile normal arm64_32 Compiling\ Truncation.swift /Users/admin/builder/spi-builder-workspace/Source/Classes/Drawing/Truncation.swift (in target 'Nantes' from project 'Nantes')
SwiftCompile normal arm64_32 /Users/admin/builder/spi-builder-workspace/Source/Classes/Drawing/Truncation.swift (in target 'Nantes' from project 'Nantes')
cd /Users/admin/builder/spi-builder-workspace/.swiftpm/xcode
builtin-SwiftPerFileCompile Truncation.swift
SwiftCompile normal arm64_32 Compiling\ Drawing.swift /Users/admin/builder/spi-builder-workspace/Source/Classes/Drawing/Drawing.swift (in target 'Nantes' from project 'Nantes')
SwiftCompile normal arm64_32 /Users/admin/builder/spi-builder-workspace/Source/Classes/Drawing/Drawing.swift (in target 'Nantes' from project 'Nantes')
cd /Users/admin/builder/spi-builder-workspace/.swiftpm/xcode
builtin-SwiftPerFileCompile Drawing.swift
SwiftCompile normal arm64_32 Compiling\ Scaling.swift /Users/admin/builder/spi-builder-workspace/Source/Classes/Drawing/Scaling.swift (in target 'Nantes' from project 'Nantes')
SwiftCompile normal arm64_32 /Users/admin/builder/spi-builder-workspace/Source/Classes/Drawing/Scaling.swift (in target 'Nantes' from project 'Nantes')
cd /Users/admin/builder/spi-builder-workspace/.swiftpm/xcode
builtin-SwiftPerFileCompile Scaling.swift
SwiftCompile normal arm64_32 Compiling\ NantesLabel.swift /Users/admin/builder/spi-builder-workspace/Source/Classes/NantesLabel.swift (in target 'Nantes' from project 'Nantes')
/Users/admin/builder/spi-builder-workspace/Source/Classes/NantesLabel.swift:161:23: error: cannot override 'accessibilityElements' which has been marked unavailable
159 | // MARK: - UILabel vars
160 |
161 | override open var accessibilityElements: [Any]? {
| |- error: cannot override 'accessibilityElements' which has been marked unavailable
| `- note: remove 'override' modifier to declare a new 'accessibilityElements'
162 | get {
163 | accessibilityLock.lock()
/Applications/Xcode-27.0.0-Release.Candidate.app/Contents/Developer/Platforms/WatchOS.platform/Developer/SDKs/WatchOS27.0.sdk/System/Library/Frameworks/UIKit.framework/Headers/UIAccessibilityContainer.h:53:50: note: 'accessibilityElements' has been explicitly marked unavailable here
51 | // This can be used as an alternative to implementing the dynamic methods.
52 | // default == nil
53 | @property (nullable, nonatomic, strong) NSArray *accessibilityElements API_AVAILABLE(ios(8.0)) API_UNAVAILABLE(watchos) NS_SWIFT_UI_ACTOR;
| `- note: 'accessibilityElements' has been explicitly marked unavailable here
54 |
55 | // Some containers provide more context for accessibility elements, such as tables or lists.
/Users/admin/builder/spi-builder-workspace/Source/Classes/NantesLabel.swift:11:39: error: 'UILabel' is unavailable in watchOS
9 | import UIKit
10 |
11 | @IBDesignable open class NantesLabel: UILabel {
| `- error: 'UILabel' is unavailable in watchOS
12 | public enum VerticalAlignment {
13 | case top
/Applications/Xcode-27.0.0-Release.Candidate.app/Contents/Developer/Platforms/WatchOS.platform/Developer/SDKs/WatchOS27.0.sdk/System/Library/Frameworks/UIKit.framework/Headers/UILabel.h:33:12: note: 'UILabel' has been explicitly marked unavailable here
31 |
32 | UIKIT_EXTERN API_AVAILABLE(ios(2.0)) API_UNAVAILABLE(watchos) NS_SWIFT_UI_ACTOR
33 | @interface UILabel : UIView <NSCoding, UIContentSizeCategoryAdjusting, UILetterformAwareAdjusting>
| `- note: 'UILabel' has been explicitly marked unavailable here
34 |
35 | @property(nullable, nonatomic,copy) NSString *text; // default is nil
SwiftCompile normal arm64_32 /Users/admin/builder/spi-builder-workspace/Source/Classes/NantesLabel.swift (in target 'Nantes' from project 'Nantes')
cd /Users/admin/builder/spi-builder-workspace/.swiftpm/xcode
builtin-SwiftPerFileCompile NantesLabel.swift
SwiftCompile normal arm64_32 Compiling\ Sizing.swift /Users/admin/builder/spi-builder-workspace/Source/Classes/Sizing/Sizing.swift (in target 'Nantes' from project 'Nantes')
SwiftCompile normal arm64_32 /Users/admin/builder/spi-builder-workspace/Source/Classes/Sizing/Sizing.swift (in target 'Nantes' from project 'Nantes')
cd /Users/admin/builder/spi-builder-workspace/.swiftpm/xcode
builtin-SwiftPerFileCompile Sizing.swift
SwiftEmitModule normal arm64_32 Emitting\ module\ for\ Nantes (in target 'Nantes' from project 'Nantes')
/Users/admin/builder/spi-builder-workspace/Source/Classes/Accessibility/Accessibility.swift:13:25: error: 'UIView' is unavailable in watchOS
11 | final class NantesLabelAccessibilityElement: UIAccessibilityElement {
12 | var boundingRect: CGRect = .zero
13 | weak var superview: UIView?
| `- error: 'UIView' is unavailable in watchOS
14 |
15 | override var accessibilityFrame: CGRect {
/Applications/Xcode-27.0.0-Release.Candidate.app/Contents/Developer/Platforms/WatchOS.platform/Developer/SDKs/WatchOS27.0.sdk/System/Library/Frameworks/UIKit.framework/Headers/UIView.h:152:12: note: 'UIView' has been explicitly marked unavailable here
150 |
151 | UIKIT_EXTERN API_AVAILABLE(ios(2.0)) API_UNAVAILABLE(watchos) NS_SWIFT_UI_ACTOR
152 | @interface UIView : UIResponder <NSCoding, UIAppearance, UIAppearanceContainer, UIDynamicItem, UITraitEnvironment, UICoordinateSpace, UIFocusItem, UIFocusItemContainer, CALayerDelegate>
| `- note: 'UIView' has been explicitly marked unavailable here
153 |
154 | @property(class, nonatomic, readonly) Class layerClass; // default is [CALayer class]. Used when creating the underlying layer for the view.
/Users/admin/builder/spi-builder-workspace/Source/Classes/Accessibility/Accessibility.swift:11:46: error: 'UIAccessibilityElement' is unavailable in watchOS
9 | import UIKit
10 |
11 | final class NantesLabelAccessibilityElement: UIAccessibilityElement {
| `- error: 'UIAccessibilityElement' is unavailable in watchOS
12 | var boundingRect: CGRect = .zero
13 | weak var superview: UIView?
/Applications/Xcode-27.0.0-Release.Candidate.app/Contents/Developer/Platforms/WatchOS.platform/Developer/SDKs/WatchOS27.0.sdk/System/Library/Frameworks/UIKit.framework/Headers/UIAccessibilityElement.h:26:12: note: 'UIAccessibilityElement' has been explicitly marked unavailable here
24 |
25 | UIKIT_EXTERN API_AVAILABLE(ios(3.0)) API_UNAVAILABLE(watchos) NS_SWIFT_UI_ACTOR
26 | @interface UIAccessibilityElement : UIResponder<UIAccessibilityIdentification>
| `- note: 'UIAccessibilityElement' has been explicitly marked unavailable here
27 |
28 | // initialize with the accessibility container that contains this element
/Users/admin/builder/spi-builder-workspace/Source/Classes/Accessibility/Accessibility.swift:27:23: error: cannot override 'isAccessibilityElement' which has been marked unavailable
25 |
26 | extension NantesLabel {
27 | override open var isAccessibilityElement: Bool {
| |- error: cannot override 'isAccessibilityElement' which has been marked unavailable
| `- note: remove 'override' modifier to declare a new 'isAccessibilityElement'
28 | get {
29 | return false
/Applications/Xcode-27.0.0-Release.Candidate.app/Contents/Developer/Platforms/WatchOS.platform/Developer/SDKs/WatchOS27.0.sdk/System/Library/Frameworks/UIKit.framework/Headers/UIAccessibility.h:52:28: note: 'isAccessibilityElement' has been explicitly marked unavailable here
50 | Setting the property to YES will cause the receiver to be visible to assistive applications.
51 | */
52 | @property (nonatomic) BOOL isAccessibilityElement API_UNAVAILABLE(watchos) NS_SWIFT_UI_ACTOR;
| `- note: 'isAccessibilityElement' has been explicitly marked unavailable here
53 |
54 | /*
/Users/admin/builder/spi-builder-workspace/Source/Classes/Accessibility/Accessibility.swift:64:62: error: 'UIAccessibilityCustomAction' is unavailable in watchOS
62 | }
63 |
64 | @objc private func handleAccessibilityActivate(_ action: UIAccessibilityCustomAction) {
| `- error: 'UIAccessibilityCustomAction' is unavailable in watchOS
65 | guard let link = linkModels.first(where: { link -> Bool in
66 | link.text == action.name
/Applications/Xcode-27.0.0-Release.Candidate.app/Contents/Developer/Platforms/WatchOS.platform/Developer/SDKs/WatchOS27.0.sdk/System/Library/Frameworks/UIKit.framework/Headers/UIAccessibilityCustomAction.h:16:12: note: 'UIAccessibilityCustomAction' has been explicitly marked unavailable here
14 |
15 | UIKIT_EXTERN API_AVAILABLE(ios(8.0)) API_UNAVAILABLE(watchos) NS_SWIFT_UI_ACTOR
16 | @interface UIAccessibilityCustomAction : NSObject
| `- note: 'UIAccessibilityCustomAction' has been explicitly marked unavailable here
17 |
18 | - (instancetype)initWithName:(NSString *)name target:(nullable id)target selector:(SEL)selector;
/Users/admin/builder/spi-builder-workspace/Source/Classes/ActionHandling/Actions.swift:12:62: error: 'UIEvent' is unavailable in watchOS
10 |
11 | extension NantesLabel {
12 | override open func hitTest(_ point: CGPoint, with event: UIEvent?) -> UIView? {
| `- error: 'UIEvent' is unavailable in watchOS
13 | guard link(at: point) != nil && isUserInteractionEnabled && !isHidden && alpha > 0.0 else {
14 | return super.hitTest(point, with: event)
/Applications/Xcode-27.0.0-Release.Candidate.app/Contents/Developer/Platforms/WatchOS.platform/Developer/SDKs/WatchOS27.0.sdk/System/Library/Frameworks/UIKit.framework/Headers/UIEvent.h:62:12: note: 'UIEvent' has been explicitly marked unavailable here
60 |
61 | UIKIT_EXTERN API_AVAILABLE(ios(2.0)) API_UNAVAILABLE(watchos) NS_SWIFT_UI_ACTOR
62 | @interface UIEvent : NSObject
| `- note: 'UIEvent' has been explicitly marked unavailable here
63 |
64 | @property(nonatomic,readonly) UIEventType type API_AVAILABLE(ios(3.0));
/Users/admin/builder/spi-builder-workspace/Source/Classes/ActionHandling/Actions.swift:12:75: error: 'UIView' is unavailable in watchOS
10 |
11 | extension NantesLabel {
12 | override open func hitTest(_ point: CGPoint, with event: UIEvent?) -> UIView? {
| `- error: 'UIView' is unavailable in watchOS
13 | guard link(at: point) != nil && isUserInteractionEnabled && !isHidden && alpha > 0.0 else {
14 | return super.hitTest(point, with: event)
/Applications/Xcode-27.0.0-Release.Candidate.app/Contents/Developer/Platforms/WatchOS.platform/Developer/SDKs/WatchOS27.0.sdk/System/Library/Frameworks/UIKit.framework/Headers/UIView.h:152:12: note: 'UIView' has been explicitly marked unavailable here
150 |
151 | UIKIT_EXTERN API_AVAILABLE(ios(2.0)) API_UNAVAILABLE(watchos) NS_SWIFT_UI_ACTOR
152 | @interface UIView : UIResponder <NSCoding, UIAppearance, UIAppearanceContainer, UIDynamicItem, UITraitEnvironment, UICoordinateSpace, UIFocusItem, UIFocusItemContainer, CALayerDelegate>
| `- note: 'UIView' has been explicitly marked unavailable here
153 |
154 | @property(class, nonatomic, readonly) Class layerClass; // default is [CALayer class]. Used when creating the underlying layer for the view.
/Users/admin/builder/spi-builder-workspace/Source/Classes/ActionHandling/Actions.swift:21:52: error: 'UITouch' is unavailable in watchOS
19 |
20 | /// We're handling link touches elsewhere, so we want to do nothing if we end up on a link
21 | override open func touchesBegan(_ touches: Set<UITouch>, with event: UIEvent?) {
| `- error: 'UITouch' is unavailable in watchOS
22 | guard let touch = touches.first,
23 | let activeLink = link(at: touch.location(in: self)) else {
/Applications/Xcode-27.0.0-Release.Candidate.app/Contents/Developer/Platforms/WatchOS.platform/Developer/SDKs/WatchOS27.0.sdk/System/Library/Frameworks/UIKit.framework/Headers/UITouch.h:51:12: note: 'UITouch' has been explicitly marked unavailable here
49 |
50 | UIKIT_EXTERN API_AVAILABLE(ios(2.0)) API_UNAVAILABLE(watchos) NS_SWIFT_UI_ACTOR
51 | @interface UITouch : NSObject
| `- note: 'UITouch' has been explicitly marked unavailable here
52 |
53 | @property(nonatomic,readonly) NSTimeInterval timestamp;
/Users/admin/builder/spi-builder-workspace/Source/Classes/ActionHandling/Actions.swift:21:74: error: 'UIEvent' is unavailable in watchOS
19 |
20 | /// We're handling link touches elsewhere, so we want to do nothing if we end up on a link
21 | override open func touchesBegan(_ touches: Set<UITouch>, with event: UIEvent?) {
| `- error: 'UIEvent' is unavailable in watchOS
22 | guard let touch = touches.first,
23 | let activeLink = link(at: touch.location(in: self)) else {
/Applications/Xcode-27.0.0-Release.Candidate.app/Contents/Developer/Platforms/WatchOS.platform/Developer/SDKs/WatchOS27.0.sdk/System/Library/Frameworks/UIKit.framework/Headers/UIEvent.h:62:12: note: 'UIEvent' has been explicitly marked unavailable here
60 |
61 | UIKIT_EXTERN API_AVAILABLE(ios(2.0)) API_UNAVAILABLE(watchos) NS_SWIFT_UI_ACTOR
62 | @interface UIEvent : NSObject
| `- note: 'UIEvent' has been explicitly marked unavailable here
63 |
64 | @property(nonatomic,readonly) UIEventType type API_AVAILABLE(ios(3.0));
/Users/admin/builder/spi-builder-workspace/Source/Classes/ActionHandling/Actions.swift:33:56: error: 'UITouch' is unavailable in watchOS
31 | }
32 |
33 | override open func touchesCancelled(_ touches: Set<UITouch>, with event: UIEvent?) {
| `- error: 'UITouch' is unavailable in watchOS
34 | guard activeLink != nil else {
35 | super.touchesCancelled(touches, with: event)
/Applications/Xcode-27.0.0-Release.Candidate.app/Contents/Developer/Platforms/WatchOS.platform/Developer/SDKs/WatchOS27.0.sdk/System/Library/Frameworks/UIKit.framework/Headers/UITouch.h:51:12: note: 'UITouch' has been explicitly marked unavailable here
49 |
50 | UIKIT_EXTERN API_AVAILABLE(ios(2.0)) API_UNAVAILABLE(watchos) NS_SWIFT_UI_ACTOR
51 | @interface UITouch : NSObject
| `- note: 'UITouch' has been explicitly marked unavailable here
52 |
53 | @property(nonatomic,readonly) NSTimeInterval timestamp;
/Users/admin/builder/spi-builder-workspace/Source/Classes/ActionHandling/Actions.swift:33:78: error: 'UIEvent' is unavailable in watchOS
31 | }
32 |
33 | override open func touchesCancelled(_ touches: Set<UITouch>, with event: UIEvent?) {
| `- error: 'UIEvent' is unavailable in watchOS
34 | guard activeLink != nil else {
35 | super.touchesCancelled(touches, with: event)
/Applications/Xcode-27.0.0-Release.Candidate.app/Contents/Developer/Platforms/WatchOS.platform/Developer/SDKs/WatchOS27.0.sdk/System/Library/Frameworks/UIKit.framework/Headers/UIEvent.h:62:12: note: 'UIEvent' has been explicitly marked unavailable here
60 |
61 | UIKIT_EXTERN API_AVAILABLE(ios(2.0)) API_UNAVAILABLE(watchos) NS_SWIFT_UI_ACTOR
62 | @interface UIEvent : NSObject
| `- note: 'UIEvent' has been explicitly marked unavailable here
63 |
64 | @property(nonatomic,readonly) UIEventType type API_AVAILABLE(ios(3.0));
/Users/admin/builder/spi-builder-workspace/Source/Classes/ActionHandling/Actions.swift:42:52: error: 'UITouch' is unavailable in watchOS
40 | }
41 |
42 | override open func touchesEnded(_ touches: Set<UITouch>, with event: UIEvent?) {
| `- error: 'UITouch' is unavailable in watchOS
43 | guard let activeLink = activeLink else {
44 | super.touchesEnded(touches, with: event)
/Applications/Xcode-27.0.0-Release.Candidate.app/Contents/Developer/Platforms/WatchOS.platform/Developer/SDKs/WatchOS27.0.sdk/System/Library/Frameworks/UIKit.framework/Headers/UITouch.h:51:12: note: 'UITouch' has been explicitly marked unavailable here
49 |
50 | UIKIT_EXTERN API_AVAILABLE(ios(2.0)) API_UNAVAILABLE(watchos) NS_SWIFT_UI_ACTOR
51 | @interface UITouch : NSObject
| `- note: 'UITouch' has been explicitly marked unavailable here
52 |
53 | @property(nonatomic,readonly) NSTimeInterval timestamp;
/Users/admin/builder/spi-builder-workspace/Source/Classes/ActionHandling/Actions.swift:42:74: error: 'UIEvent' is unavailable in watchOS
40 | }
41 |
42 | override open func touchesEnded(_ touches: Set<UITouch>, with event: UIEvent?) {
| `- error: 'UIEvent' is unavailable in watchOS
43 | guard let activeLink = activeLink else {
44 | super.touchesEnded(touches, with: event)
/Applications/Xcode-27.0.0-Release.Candidate.app/Contents/Developer/Platforms/WatchOS.platform/Developer/SDKs/WatchOS27.0.sdk/System/Library/Frameworks/UIKit.framework/Headers/UIEvent.h:62:12: note: 'UIEvent' has been explicitly marked unavailable here
60 |
61 | UIKIT_EXTERN API_AVAILABLE(ios(2.0)) API_UNAVAILABLE(watchos) NS_SWIFT_UI_ACTOR
62 | @interface UIEvent : NSObject
| `- note: 'UIEvent' has been explicitly marked unavailable here
63 |
64 | @property(nonatomic,readonly) UIEventType type API_AVAILABLE(ios(3.0));
/Users/admin/builder/spi-builder-workspace/Source/Classes/ActionHandling/Actions.swift:52:52: error: 'UITouch' is unavailable in watchOS
50 | }
51 |
52 | override open func touchesMoved(_ touches: Set<UITouch>, with event: UIEvent?) {
| `- error: 'UITouch' is unavailable in watchOS
53 | guard let activeLink = activeLink else {
54 | super.touchesMoved(touches, with: event)
/Applications/Xcode-27.0.0-Release.Candidate.app/Contents/Developer/Platforms/WatchOS.platform/Developer/SDKs/WatchOS27.0.sdk/System/Library/Frameworks/UIKit.framework/Headers/UITouch.h:51:12: note: 'UITouch' has been explicitly marked unavailable here
49 |
50 | UIKIT_EXTERN API_AVAILABLE(ios(2.0)) API_UNAVAILABLE(watchos) NS_SWIFT_UI_ACTOR
51 | @interface UITouch : NSObject
| `- note: 'UITouch' has been explicitly marked unavailable here
52 |
53 | @property(nonatomic,readonly) NSTimeInterval timestamp;
/Users/admin/builder/spi-builder-workspace/Source/Classes/ActionHandling/Actions.swift:52:74: error: 'UIEvent' is unavailable in watchOS
50 | }
51 |
52 | override open func touchesMoved(_ touches: Set<UITouch>, with event: UIEvent?) {
| `- error: 'UIEvent' is unavailable in watchOS
53 | guard let activeLink = activeLink else {
54 | super.touchesMoved(touches, with: event)
/Applications/Xcode-27.0.0-Release.Candidate.app/Contents/Developer/Platforms/WatchOS.platform/Developer/SDKs/WatchOS27.0.sdk/System/Library/Frameworks/UIKit.framework/Headers/UIEvent.h:62:12: note: 'UIEvent' has been explicitly marked unavailable here
60 |
61 | UIKIT_EXTERN API_AVAILABLE(ios(2.0)) API_UNAVAILABLE(watchos) NS_SWIFT_UI_ACTOR
62 | @interface UIEvent : NSObject
| `- note: 'UIEvent' has been explicitly marked unavailable here
63 |
64 | @property(nonatomic,readonly) UIEventType type API_AVAILABLE(ios(3.0));
/Users/admin/builder/spi-builder-workspace/Source/Classes/ActionHandling/Link.swift:45:5: warning: non-'@objc' instance method declared in extension cannot be overridden; use 'public' instead; this will be an error in a future Swift language mode
43 |
44 | /// Adds a single link
45 | open func addLink(_ link: NantesLabel.Link) {
| `- warning: non-'@objc' instance method declared in extension cannot be overridden; use 'public' instead; this will be an error in a future Swift language mode
46 | addLinks([link])
47 | }
/Users/admin/builder/spi-builder-workspace/Source/Classes/ActionHandling/Link.swift:51:5: warning: non-'@objc' instance method declared in extension cannot be overridden; use 'public' instead; this will be an error in a future Swift language mode
49 | /// Adds a link to a `url` with a specified `range`
50 | @discardableResult
51 | open func addLink(to url: URL, withRange range: NSRange) -> NantesLabel.Link? {
| `- warning: non-'@objc' instance method declared in extension cannot be overridden; use 'public' instead; this will be an error in a future Swift language mode
52 | return addLinks(with: [.linkCheckingResult(range: range, url: url)], withAttributes: linkAttributes).first
53 | }
/Users/admin/builder/spi-builder-workspace/Source/Classes/Delegate/LabelDelegate.swift:11:38: warning: using 'class' keyword to define a class-constrained protocol is deprecated; use 'AnyObject' instead [#deprecation]
9 | import UIKit
10 |
11 | public protocol NantesLabelDelegate: class {
| `- warning: using 'class' keyword to define a class-constrained protocol is deprecated; use 'AnyObject' instead [#deprecation]
12 | func attributedLabel(_ label: NantesLabel, didSelectAddress addressComponents: [NSTextCheckingKey: String])
13 | func attributedLabel(_ label: NantesLabel, didSelectDate date: Date, timeZone: TimeZone, duration: TimeInterval)
/Users/admin/builder/spi-builder-workspace/Source/Classes/NantesLabel.swift:161:23: error: cannot override 'accessibilityElements' which has been marked unavailable
159 | // MARK: - UILabel vars
160 |
161 | override open var accessibilityElements: [Any]? {
| |- error: cannot override 'accessibilityElements' which has been marked unavailable
| `- note: remove 'override' modifier to declare a new 'accessibilityElements'
162 | get {
163 | accessibilityLock.lock()
/Applications/Xcode-27.0.0-Release.Candidate.app/Contents/Developer/Platforms/WatchOS.platform/Developer/SDKs/WatchOS27.0.sdk/System/Library/Frameworks/UIKit.framework/Headers/UIAccessibilityContainer.h:53:50: note: 'accessibilityElements' has been explicitly marked unavailable here
51 | // This can be used as an alternative to implementing the dynamic methods.
52 | // default == nil
53 | @property (nullable, nonatomic, strong) NSArray *accessibilityElements API_AVAILABLE(ios(8.0)) API_UNAVAILABLE(watchos) NS_SWIFT_UI_ACTOR;
| `- note: 'accessibilityElements' has been explicitly marked unavailable here
54 |
55 | // Some containers provide more context for accessibility elements, such as tables or lists.
/Users/admin/builder/spi-builder-workspace/Source/Classes/NantesLabel.swift:11:39: error: 'UILabel' is unavailable in watchOS
9 | import UIKit
10 |
11 | @IBDesignable open class NantesLabel: UILabel {
| `- error: 'UILabel' is unavailable in watchOS
12 | public enum VerticalAlignment {
13 | case top
/Applications/Xcode-27.0.0-Release.Candidate.app/Contents/Developer/Platforms/WatchOS.platform/Developer/SDKs/WatchOS27.0.sdk/System/Library/Frameworks/UIKit.framework/Headers/UILabel.h:33:12: note: 'UILabel' has been explicitly marked unavailable here
31 |
32 | UIKIT_EXTERN API_AVAILABLE(ios(2.0)) API_UNAVAILABLE(watchos) NS_SWIFT_UI_ACTOR
33 | @interface UILabel : UIView <NSCoding, UIContentSizeCategoryAdjusting, UILetterformAwareAdjusting>
| `- note: 'UILabel' has been explicitly marked unavailable here
34 |
35 | @property(nullable, nonatomic,copy) NSString *text; // default is nil
Failed frontend command:
/Applications/Xcode-27.0.0-Release.Candidate.app/Contents/Developer/Toolchains/XcodeDefault.xctoolchain/usr/bin/swift-frontend -frontend -emit-module -experimental-skip-non-inlinable-function-bodies-without-types /Users/admin/builder/spi-builder-workspace/Source/Classes/Accessibility/Accessibility.swift /Users/admin/builder/spi-builder-workspace/Source/Classes/ActionHandling/Actions.swift /Users/admin/builder/spi-builder-workspace/Source/Classes/ActionHandling/Link.swift /Users/admin/builder/spi-builder-workspace/Source/Classes/Categories/NSAttributedString.swift /Users/admin/builder/spi-builder-workspace/Source/Classes/Categories/NSAttributedStringKey.swift /Users/admin/builder/spi-builder-workspace/Source/Classes/Categories/NSRange.swift /Users/admin/builder/spi-builder-workspace/Source/Classes/Delegate/LabelDelegate.swift /Users/admin/builder/spi-builder-workspace/Source/Classes/Drawing/Drawing.swift /Users/admin/builder/spi-builder-workspace/Source/Classes/Drawing/Scaling.swift /Users/admin/builder/spi-builder-workspace/Source/Classes/Drawing/Truncation.swift /Users/admin/builder/spi-builder-workspace/Source/Classes/NantesLabel.swift /Users/admin/builder/spi-builder-workspace/Source/Classes/Sizing/Sizing.swift -target arm64_32-apple-watchos9.0 -disable-cross-import-overlay-search -load-resolved-plugin /Applications/Xcode-27.0.0-Release.Candidate.app/Contents/Developer/Platforms/WatchOS.platform/Developer/usr/lib/swift/host/plugins/libFoundationMacros.dylib\#/Applications/Xcode-27.0.0-Release.Candidate.app/Contents/Developer/Platforms/WatchOS.platform/Developer/usr/bin/swift-plugin-server\#FoundationMacros -load-resolved-plugin /Applications/Xcode-27.0.0-Release.Candidate.app/Contents/Developer/Platforms/WatchOS.platform/Developer/usr/lib/swift/host/plugins/libObservationMacros.dylib\#/Applications/Xcode-27.0.0-Release.Candidate.app/Contents/Developer/Platforms/WatchOS.platform/Developer/usr/bin/swift-plugin-server\#ObservationMacros -load-resolved-plugin /Applications/Xcode-27.0.0-Release.Candidate.app/Contents/Developer/Platforms/WatchOS.platform/Developer/usr/lib/swift/host/plugins/libSwiftMacros.dylib\#/Applications/Xcode-27.0.0-Release.Candidate.app/Contents/Developer/Platforms/WatchOS.platform/Developer/usr/bin/swift-plugin-server\#SwiftMacros -load-resolved-plugin /Applications/Xcode-27.0.0-Release.Candidate.app/Contents/Developer/Platforms/WatchOS.platform/Developer/usr/lib/swift/host/plugins/libSwiftUIMacros.dylib\#/Applications/Xcode-27.0.0-Release.Candidate.app/Contents/Developer/Platforms/WatchOS.platform/Developer/usr/bin/swift-plugin-server\#SwiftUIMacros -disable-implicit-swift-modules -Xcc -fno-implicit-modules -Xcc -fno-implicit-module-maps -explicit-swift-module-map-file /Users/admin/builder/spi-builder-workspace/.derivedData/Build/Intermediates.noindex/Nantes.build/Debug-watchos/Nantes-t.build/Objects-normal/arm64_32/Nantes-dependencies-1.json -enable-objc-interop -sdk /Applications/Xcode-27.0.0-Release.Candidate.app/Contents/Developer/Platforms/WatchOS.platform/Developer/SDKs/WatchOS27.0.sdk -I /Users/admin/builder/spi-builder-workspace/.derivedData/Build/Products/Debug-watchos -Isystem /Applications/Xcode-27.0.0-Release.Candidate.app/Contents/Developer/Platforms/WatchOS.platform/Developer/usr/lib -F /Users/admin/builder/spi-builder-workspace/.derivedData/Build/Products/Debug-watchos -F /Applications/Xcode-27.0.0-Release.Candidate.app/Contents/Developer/Platforms/WatchOS.platform/Developer/Library/Frameworks -F /Applications/Xcode-27.0.0-Release.Candidate.app/Contents/Developer/Platforms/WatchOS.platform/Developer/SDKs/WatchOS27.0.sdk/Developer/Library/Frameworks -module-cache-path /Users/admin/builder/spi-builder-workspace/.derivedData/Build/Intermediates.noindex/SwiftExplicitPrecompiledModules -no-color-diagnostics -Xcc -fno-color-diagnostics -enable-testing -g -debug-info-format\=dwarf -dwarf-version\=4 -swift-version 5 -Onone -D SWIFT_PACKAGE -D DEBUG -D SWIFT_MODULE_RESOURCE_BUNDLE_UNAVAILABLE -D Xcode -serialize-debugging-options -enable-experimental-feature DebugDescriptionMacro -empty-abi-descriptor -validate-clang-modules-once -clang-build-session-file /Users/admin/builder/spi-builder-workspace/.derivedData/ModuleCache.noindex/Session.modulevalidation -Xcc -working-directory -Xcc /Users/admin/builder/spi-builder-workspace/.swiftpm/xcode -enable-anonymous-context-mangled-names -file-compilation-dir /Users/admin/builder/spi-builder-workspace/.swiftpm/xcode -Xcc -D_LIBCPP_HARDENING_MODE\=_LIBCPP_HARDENING_MODE_DEBUG -Xcc -ivfsstatcache -Xcc /Users/admin/builder/spi-builder-workspace/.derivedData/SDKStatCaches.noindex/watchos27.0-24R360-e829b21a6f8c9b70876ba0858053c04477534ef55a1706bf4c1112bbb242f0a2.sdkstatcache -Xcc -fmodules-prune-interval\=86400 -Xcc -fmodules-prune-after\=345600 -Xcc -I/Users/admin/builder/spi-builder-workspace/.derivedData/Build/Products/Debug-watchos/include -Xcc -I/Users/admin/builder/spi-builder-workspace/.derivedData/Build/Intermediates.noindex/Nantes.build/Debug-watchos/Nantes-t.build/DerivedSources-normal/arm64_32 -Xcc -I/Users/admin/builder/spi-builder-workspace/.derivedData/Build/Intermediates.noindex/Nantes.build/Debug-watchos/Nantes-t.build/DerivedSources/arm64_32 -Xcc -I/Users/admin/builder/spi-builder-workspace/.derivedData/Build/Intermediates.noindex/Nantes.build/Debug-watchos/Nantes-t.build/DerivedSources -Xcc -DSWIFT_PACKAGE -Xcc -DDEBUG\=1 -no-auto-bridging-header-chaining -module-name Nantes -const-gather-protocols-file /Users/admin/builder/spi-builder-workspace/.derivedData/Build/Intermediates.noindex/Nantes.build/Debug-watchos/Nantes-t.build/Objects-normal/arm64_32/Nantes_const_extract_protocols.json -disable-clang-spi -clang-target arm64_32-apple-watchos27.0 -target-sdk-version 27.0 -target-sdk-name watchos27.0 -in-process-plugin-server-path /Applications/Xcode-27.0.0-Release.Candidate.app/Contents/Developer/Toolchains/XcodeDefault.xctoolchain/usr/lib/swift/host/libSwiftInProcPluginServer.dylib -emit-module-doc-path /Users/admin/builder/spi-builder-workspace/.derivedData/Build/Intermediates.noindex/Nantes.build/Debug-watchos/Nantes-t.build/Objects-normal/arm64_32/Nantes.swiftdoc -emit-module-source-info-path /Users/admin/builder/spi-builder-workspace/.derivedData/Build/Intermediates.noindex/Nantes.build/Debug-watchos/Nantes-t.build/Objects-normal/arm64_32/Nantes.swiftsourceinfo -emit-objc-header-path /Users/admin/builder/spi-builder-workspace/.derivedData/Build/Intermediates.noindex/Nantes.build/Debug-watchos/Nantes-t.build/Objects-normal/arm64_32/Nantes-Swift.h -serialize-diagnostics-path /Users/admin/builder/spi-builder-workspace/.derivedData/Build/Intermediates.noindex/Nantes.build/Debug-watchos/Nantes-t.build/Objects-normal/arm64_32/Nantes-primary-emit-module.dia -emit-dependencies-path /Users/admin/builder/spi-builder-workspace/.derivedData/Build/Intermediates.noindex/Nantes.build/Debug-watchos/Nantes-t.build/Objects-normal/arm64_32/Nantes-primary-emit-module.d -parse-as-library -o /Users/admin/builder/spi-builder-workspace/.derivedData/Build/Intermediates.noindex/Nantes.build/Debug-watchos/Nantes-t.build/Objects-normal/arm64_32/Nantes.swiftmodule -emit-abi-descriptor-path /Users/admin/builder/spi-builder-workspace/.derivedData/Build/Intermediates.noindex/Nantes.build/Debug-watchos/Nantes-t.build/Objects-normal/arm64_32/Nantes.abi.json
SwiftCompile normal arm64_32 (in target 'Nantes' from project 'Nantes')
cd /Users/admin/builder/spi-builder-workspace/.swiftpm/xcode
SwiftCompile normal arm64_32 Compiling\ Accessibility.swift,\ Actions.swift /Users/admin/builder/spi-builder-workspace/Source/Classes/Accessibility/Accessibility.swift /Users/admin/builder/spi-builder-workspace/Source/Classes/ActionHandling/Actions.swift (in target 'Nantes' from project 'Nantes')
/Users/admin/builder/spi-builder-workspace/Source/Classes/Accessibility/Accessibility.swift:13:25: error: 'UIView' is unavailable in watchOS
11 | final class NantesLabelAccessibilityElement: UIAccessibilityElement {
12 | var boundingRect: CGRect = .zero
13 | weak var superview: UIView?
| `- error: 'UIView' is unavailable in watchOS
14 |
15 | override var accessibilityFrame: CGRect {
/Applications/Xcode-27.0.0-Release.Candidate.app/Contents/Developer/Platforms/WatchOS.platform/Developer/SDKs/WatchOS27.0.sdk/System/Library/Frameworks/UIKit.framework/Headers/UIView.h:152:12: note: 'UIView' has been explicitly marked unavailable here
150 |
151 | UIKIT_EXTERN API_AVAILABLE(ios(2.0)) API_UNAVAILABLE(watchos) NS_SWIFT_UI_ACTOR
152 | @interface UIView : UIResponder <NSCoding, UIAppearance, UIAppearanceContainer, UIDynamicItem, UITraitEnvironment, UICoordinateSpace, UIFocusItem, UIFocusItemContainer, CALayerDelegate>
| `- note: 'UIView' has been explicitly marked unavailable here
153 |
154 | @property(class, nonatomic, readonly) Class layerClass; // default is [CALayer class]. Used when creating the underlying layer for the view.
/Users/admin/builder/spi-builder-workspace/Source/Classes/Accessibility/Accessibility.swift:11:46: error: 'UIAccessibilityElement' is unavailable in watchOS
9 | import UIKit
10 |
11 | final class NantesLabelAccessibilityElement: UIAccessibilityElement {
| `- error: 'UIAccessibilityElement' is unavailable in watchOS
12 | var boundingRect: CGRect = .zero
13 | weak var superview: UIView?
/Applications/Xcode-27.0.0-Release.Candidate.app/Contents/Developer/Platforms/WatchOS.platform/Developer/SDKs/WatchOS27.0.sdk/System/Library/Frameworks/UIKit.framework/Headers/UIAccessibilityElement.h:26:12: note: 'UIAccessibilityElement' has been explicitly marked unavailable here
24 |
25 | UIKIT_EXTERN API_AVAILABLE(ios(3.0)) API_UNAVAILABLE(watchos) NS_SWIFT_UI_ACTOR
26 | @interface UIAccessibilityElement : UIResponder<UIAccessibilityIdentification>
| `- note: 'UIAccessibilityElement' has been explicitly marked unavailable here
27 |
28 | // initialize with the accessibility container that contains this element
/Users/admin/builder/spi-builder-workspace/Source/Classes/Accessibility/Accessibility.swift:27:23: error: cannot override 'isAccessibilityElement' which has been marked unavailable
25 |
26 | extension NantesLabel {
27 | override open var isAccessibilityElement: Bool {
| |- error: cannot override 'isAccessibilityElement' which has been marked unavailable
| `- note: remove 'override' modifier to declare a new 'isAccessibilityElement'
28 | get {
29 | return false
/Applications/Xcode-27.0.0-Release.Candidate.app/Contents/Developer/Platforms/WatchOS.platform/Developer/SDKs/WatchOS27.0.sdk/System/Library/Frameworks/UIKit.framework/Headers/UIAccessibility.h:52:28: note: 'isAccessibilityElement' has been explicitly marked unavailable here
50 | Setting the property to YES will cause the receiver to be visible to assistive applications.
51 | */
52 | @property (nonatomic) BOOL isAccessibilityElement API_UNAVAILABLE(watchos) NS_SWIFT_UI_ACTOR;
| `- note: 'isAccessibilityElement' has been explicitly marked unavailable here
53 |
54 | /*
/Users/admin/builder/spi-builder-workspace/Source/Classes/Accessibility/Accessibility.swift:64:62: error: 'UIAccessibilityCustomAction' is unavailable in watchOS
62 | }
63 |
64 | @objc private func handleAccessibilityActivate(_ action: UIAccessibilityCustomAction) {
| `- error: 'UIAccessibilityCustomAction' is unavailable in watchOS
65 | guard let link = linkModels.first(where: { link -> Bool in
66 | link.text == action.name
/Applications/Xcode-27.0.0-Release.Candidate.app/Contents/Developer/Platforms/WatchOS.platform/Developer/SDKs/WatchOS27.0.sdk/System/Library/Frameworks/UIKit.framework/Headers/UIAccessibilityCustomAction.h:16:12: note: 'UIAccessibilityCustomAction' has been explicitly marked unavailable here
14 |
15 | UIKIT_EXTERN API_AVAILABLE(ios(8.0)) API_UNAVAILABLE(watchos) NS_SWIFT_UI_ACTOR
16 | @interface UIAccessibilityCustomAction : NSObject
| `- note: 'UIAccessibilityCustomAction' has been explicitly marked unavailable here
17 |
18 | - (instancetype)initWithName:(NSString *)name target:(nullable id)target selector:(SEL)selector;
/Users/admin/builder/spi-builder-workspace/Source/Classes/Accessibility/Accessibility.swift:21:36: error: 'convertToScreenCoordinates(_:in:)' is unavailable in watchOS
19 | return .zero
20 | }
21 | return UIAccessibility.convertToScreenCoordinates(boundingRect, in: superview)
| `- error: 'convertToScreenCoordinates(_:in:)' is unavailable in watchOS
22 | } set {}
23 | }
/Applications/Xcode-27.0.0-Release.Candidate.app/Contents/Developer/Platforms/WatchOS.platform/Developer/SDKs/WatchOS27.0.sdk/System/Library/Frameworks/UIKit.framework/Headers/UIAccessibility.h:126:21: note: 'convertToScreenCoordinates(_:in:)' has been explicitly marked unavailable here
124 | // To help convert the frame to screen coordinates, use the following method.
125 | // The rect should exist in the view space of the UIView argument.
126 | UIKIT_EXTERN CGRect UIAccessibilityConvertFrameToScreenCoordinates(CGRect rect, UIView *view) API_AVAILABLE(ios(7.0)) API_UNAVAILABLE(watchos) NS_SWIFT_UI_ACTOR;
| `- note: 'convertToScreenCoordinates(_:in:)' has been explicitly marked unavailable here
127 |
128 | /*
/Users/admin/builder/spi-builder-workspace/Source/Classes/Accessibility/Accessibility.swift:40:23: error: 'UIAccessibilityCustomAction' is unavailable in watchOS
38 |
39 | var elements: [NantesLabelAccessibilityElement] = []
40 | var actions: [UIAccessibilityCustomAction] = []
| `- error: 'UIAccessibilityCustomAction' is unavailable in watchOS
41 |
42 | let baseElement = NantesLabelAccessibilityElement(accessibilityContainer: self)
/Applications/Xcode-27.0.0-Release.Candidate.app/Contents/Developer/Platforms/WatchOS.platform/Developer/SDKs/WatchOS27.0.sdk/System/Library/Frameworks/UIKit.framework/Headers/UIAccessibilityCustomAction.h:16:12: note: 'UIAccessibilityCustomAction' has been explicitly marked unavailable here
14 |
15 | UIKIT_EXTERN API_AVAILABLE(ios(8.0)) API_UNAVAILABLE(watchos) NS_SWIFT_UI_ACTOR
16 | @interface UIAccessibilityCustomAction : NSObject
| `- note: 'UIAccessibilityCustomAction' has been explicitly marked unavailable here
17 |
18 | - (instancetype)initWithName:(NSString *)name target:(nullable id)target selector:(SEL)selector;
/Users/admin/builder/spi-builder-workspace/Source/Classes/Accessibility/Accessibility.swift:43:48: error: 'accessibilityLabel' is unavailable in watchOS
41 |
42 | let baseElement = NantesLabelAccessibilityElement(accessibilityContainer: self)
43 | baseElement.accessibilityLabel = super.accessibilityLabel
| `- error: 'accessibilityLabel' is unavailable in watchOS
44 | baseElement.accessibilityHint = super.accessibilityHint
45 | baseElement.accessibilityValue = super.accessibilityValue
/Applications/Xcode-27.0.0-Release.Candidate.app/Contents/Developer/Platforms/WatchOS.platform/Developer/SDKs/WatchOS27.0.sdk/System/Library/Frameworks/UIKit.framework/Headers/UIAccessibility.h:64:49: note: 'accessibilityLabel' has been explicitly marked unavailable here
62 | Setting the property will change the label that is returned to the accessibility client.
63 | */
64 | @property (nullable, nonatomic, copy) NSString *accessibilityLabel API_UNAVAILABLE(watchos) NS_SWIFT_UI_ACTOR;
| `- note: 'accessibilityLabel' has been explicitly marked unavailable here
65 |
66 | /*
/Users/admin/builder/spi-builder-workspace/Source/Classes/Accessibility/Accessibility.swift:44:47: error: 'accessibilityHint' is unavailable in watchOS
42 | let baseElement = NantesLabelAccessibilityElement(accessibilityContainer: self)
43 | baseElement.accessibilityLabel = super.accessibilityLabel
44 | baseElement.accessibilityHint = super.accessibilityHint
| `- error: 'accessibilityHint' is unavailable in watchOS
45 | baseElement.accessibilityValue = super.accessibilityValue
46 | baseElement.accessibilityTraits = super.accessibilityTraits
/Applications/Xcode-27.0.0-Release.Candidate.app/Contents/Developer/Platforms/WatchOS.platform/Developer/SDKs/WatchOS27.0.sdk/System/Library/Frameworks/UIKit.framework/Headers/UIAccessibility.h:79:49: note: 'accessibilityHint' has been explicitly marked unavailable here
77 | Setting the property will change the hint that is returned to the accessibility client.
78 | */
79 | @property (nullable, nonatomic, copy) NSString *accessibilityHint API_UNAVAILABLE(watchos) NS_SWIFT_UI_ACTOR;
| `- note: 'accessibilityHint' has been explicitly marked unavailable here
80 |
81 | /*
/Users/admin/builder/spi-builder-workspace/Source/Classes/Accessibility/Accessibility.swift:45:48: error: 'accessibilityValue' is unavailable in watchOS
43 | baseElement.accessibilityLabel = super.accessibilityLabel
44 | baseElement.accessibilityHint = super.accessibilityHint
45 | baseElement.accessibilityValue = super.accessibilityValue
| `- error: 'accessibilityValue' is unavailable in watchOS
46 | baseElement.accessibilityTraits = super.accessibilityTraits
47 | baseElement.boundingRect = bounds
/Applications/Xcode-27.0.0-Release.Candidate.app/Contents/Developer/Platforms/WatchOS.platform/Developer/SDKs/WatchOS27.0.sdk/System/Library/Frameworks/UIKit.framework/Headers/UIAccessibility.h:95:49: note: 'accessibilityValue' has been explicitly marked unavailable here
93 | Setting the property will change the value that is returned to the accessibility client.
94 | */
95 | @property (nullable, nonatomic, copy) NSString *accessibilityValue API_UNAVAILABLE(watchos) NS_SWIFT_UI_ACTOR;
| `- note: 'accessibilityValue' has been explicitly marked unavailable here
96 |
97 | /*
/Users/admin/builder/spi-builder-workspace/Source/Classes/Accessibility/Accessibility.swift:46:49: error: 'accessibilityTraits' is unavailable in watchOS
44 | baseElement.accessibilityHint = super.accessibilityHint
45 | baseElement.accessibilityValue = super.accessibilityValue
46 | baseElement.accessibilityTraits = super.accessibilityTraits
| `- error: 'accessibilityTraits' is unavailable in watchOS
47 | baseElement.boundingRect = bounds
48 | baseElement.superview = self
/Applications/Xcode-27.0.0-Release.Candidate.app/Contents/Developer/Platforms/WatchOS.platform/Developer/SDKs/WatchOS27.0.sdk/System/Library/Frameworks/UIKit.framework/Headers/UIAccessibility.h:113:45: note: 'accessibilityTraits' has been explicitly marked unavailable here
111 | Setting the property will change the traits that are returned to the accessibility client.
112 | */
113 | @property (nonatomic) UIAccessibilityTraits accessibilityTraits API_UNAVAILABLE(watchos) NS_SWIFT_UI_ACTOR;
| `- note: 'accessibilityTraits' has been explicitly marked unavailable here
114 |
115 | /*
/Users/admin/builder/spi-builder-workspace/Source/Classes/Accessibility/Accessibility.swift:56:26: error: 'UIAccessibilityCustomAction' is unavailable in watchOS
54 | }
55 |
56 | let action = UIAccessibilityCustomAction(name: name, target: self, selector: #selector(handleAccessibilityActivate(_:)))
| `- error: 'UIAccessibilityCustomAction' is unavailable in watchOS
57 | actions.append(action)
58 | }
/Applications/Xcode-27.0.0-Release.Candidate.app/Contents/Developer/Platforms/WatchOS.platform/Developer/SDKs/WatchOS27.0.sdk/System/Library/Frameworks/UIKit.framework/Headers/UIAccessibilityCustomAction.h:16:12: note: 'UIAccessibilityCustomAction' has been explicitly marked unavailable here
14 |
15 | UIKIT_EXTERN API_AVAILABLE(ios(8.0)) API_UNAVAILABLE(watchos) NS_SWIFT_UI_ACTOR
16 | @interface UIAccessibilityCustomAction : NSObject
| `- note: 'UIAccessibilityCustomAction' has been explicitly marked unavailable here
17 |
18 | - (instancetype)initWithName:(NSString *)name target:(nullable id)target selector:(SEL)selector;
/Users/admin/builder/spi-builder-workspace/Source/Classes/NantesLabel.swift:161:23: error: cannot override 'accessibilityElements' which has been marked unavailable
159 | // MARK: - UILabel vars
160 |
161 | override open var accessibilityElements: [Any]? {
| |- error: cannot override 'accessibilityElements' which has been marked unavailable
| `- note: remove 'override' modifier to declare a new 'accessibilityElements'
162 | get {
163 | accessibilityLock.lock()
/Applications/Xcode-27.0.0-Release.Candidate.app/Contents/Developer/Platforms/WatchOS.platform/Developer/SDKs/WatchOS27.0.sdk/System/Library/Frameworks/UIKit.framework/Headers/UIAccessibilityContainer.h:53:50: note: 'accessibilityElements' has been explicitly marked unavailable here
51 | // This can be used as an alternative to implementing the dynamic methods.
52 | // default == nil
53 | @property (nullable, nonatomic, strong) NSArray *accessibilityElements API_AVAILABLE(ios(8.0)) API_UNAVAILABLE(watchos) NS_SWIFT_UI_ACTOR;
| `- note: 'accessibilityElements' has been explicitly marked unavailable here
54 |
55 | // Some containers provide more context for accessibility elements, such as tables or lists.
/Users/admin/builder/spi-builder-workspace/Source/Classes/Accessibility/Accessibility.swift:61:9: error: 'accessibilityCustomActions' is unavailable in watchOS
59 |
60 | accessibilityElements = elements
61 | accessibilityCustomActions = actions
| `- error: 'accessibilityCustomActions' is unavailable in watchOS
62 | }
63 |
/Applications/Xcode-27.0.0-Release.Candidate.app/Contents/Developer/Platforms/WatchOS.platform/Developer/SDKs/WatchOS27.0.sdk/System/Library/Frameworks/UIKit.framework/Headers/UIAccessibility.h:411:82: note: 'accessibilityCustomActions' has been explicitly marked unavailable here
409 | default == nil
410 | */
411 | @property (nullable, nonatomic, strong) NSArray <UIAccessibilityCustomAction *> *accessibilityCustomActions API_AVAILABLE(ios(8.0)) API_UNAVAILABLE(watchos) NS_SWIFT_UI_ACTOR;
| `- note: 'accessibilityCustomActions' has been explicitly marked unavailable here
412 | @end
413 |
/Users/admin/builder/spi-builder-workspace/Source/Classes/ActionHandling/Actions.swift:12:62: error: 'UIEvent' is unavailable in watchOS
10 |
11 | extension NantesLabel {
12 | override open func hitTest(_ point: CGPoint, with event: UIEvent?) -> UIView? {
| `- error: 'UIEvent' is unavailable in watchOS
13 | guard link(at: point) != nil && isUserInteractionEnabled && !isHidden && alpha > 0.0 else {
14 | return super.hitTest(point, with: event)
/Applications/Xcode-27.0.0-Release.Candidate.app/Contents/Developer/Platforms/WatchOS.platform/Developer/SDKs/WatchOS27.0.sdk/System/Library/Frameworks/UIKit.framework/Headers/UIEvent.h:62:12: note: 'UIEvent' has been explicitly marked unavailable here
60 |
61 | UIKIT_EXTERN API_AVAILABLE(ios(2.0)) API_UNAVAILABLE(watchos) NS_SWIFT_UI_ACTOR
62 | @interface UIEvent : NSObject
| `- note: 'UIEvent' has been explicitly marked unavailable here
63 |
64 | @property(nonatomic,readonly) UIEventType type API_AVAILABLE(ios(3.0));
/Users/admin/builder/spi-builder-workspace/Source/Classes/ActionHandling/Actions.swift:12:75: error: 'UIView' is unavailable in watchOS
10 |
11 | extension NantesLabel {
12 | override open func hitTest(_ point: CGPoint, with event: UIEvent?) -> UIView? {
| `- error: 'UIView' is unavailable in watchOS
13 | guard link(at: point) != nil && isUserInteractionEnabled && !isHidden && alpha > 0.0 else {
14 | return super.hitTest(point, with: event)
/Applications/Xcode-27.0.0-Release.Candidate.app/Contents/Developer/Platforms/WatchOS.platform/Developer/SDKs/WatchOS27.0.sdk/System/Library/Frameworks/UIKit.framework/Headers/UIView.h:152:12: note: 'UIView' has been explicitly marked unavailable here
150 |
151 | UIKIT_EXTERN API_AVAILABLE(ios(2.0)) API_UNAVAILABLE(watchos) NS_SWIFT_UI_ACTOR
152 | @interface UIView : UIResponder <NSCoding, UIAppearance, UIAppearanceContainer, UIDynamicItem, UITraitEnvironment, UICoordinateSpace, UIFocusItem, UIFocusItemContainer, CALayerDelegate>
| `- note: 'UIView' has been explicitly marked unavailable here
153 |
154 | @property(class, nonatomic, readonly) Class layerClass; // default is [CALayer class]. Used when creating the underlying layer for the view.
/Users/admin/builder/spi-builder-workspace/Source/Classes/ActionHandling/Actions.swift:21:52: error: 'UITouch' is unavailable in watchOS
19 |
20 | /// We're handling link touches elsewhere, so we want to do nothing if we end up on a link
21 | override open func touchesBegan(_ touches: Set<UITouch>, with event: UIEvent?) {
| `- error: 'UITouch' is unavailable in watchOS
22 | guard let touch = touches.first,
23 | let activeLink = link(at: touch.location(in: self)) else {
/Applications/Xcode-27.0.0-Release.Candidate.app/Contents/Developer/Platforms/WatchOS.platform/Developer/SDKs/WatchOS27.0.sdk/System/Library/Frameworks/UIKit.framework/Headers/UITouch.h:51:12: note: 'UITouch' has been explicitly marked unavailable here
49 |
50 | UIKIT_EXTERN API_AVAILABLE(ios(2.0)) API_UNAVAILABLE(watchos) NS_SWIFT_UI_ACTOR
51 | @interface UITouch : NSObject
| `- note: 'UITouch' has been explicitly marked unavailable here
52 |
53 | @property(nonatomic,readonly) NSTimeInterval timestamp;
/Users/admin/builder/spi-builder-workspace/Source/Classes/ActionHandling/Actions.swift:21:74: error: 'UIEvent' is unavailable in watchOS
19 |
20 | /// We're handling link touches elsewhere, so we want to do nothing if we end up on a link
21 | override open func touchesBegan(_ touches: Set<UITouch>, with event: UIEvent?) {
| `- error: 'UIEvent' is unavailable in watchOS
22 | guard let touch = touches.first,
23 | let activeLink = link(at: touch.location(in: self)) else {
/Applications/Xcode-27.0.0-Release.Candidate.app/Contents/Developer/Platforms/WatchOS.platform/Developer/SDKs/WatchOS27.0.sdk/System/Library/Frameworks/UIKit.framework/Headers/UIEvent.h:62:12: note: 'UIEvent' has been explicitly marked unavailable here
60 |
61 | UIKIT_EXTERN API_AVAILABLE(ios(2.0)) API_UNAVAILABLE(watchos) NS_SWIFT_UI_ACTOR
62 | @interface UIEvent : NSObject
| `- note: 'UIEvent' has been explicitly marked unavailable here
63 |
64 | @property(nonatomic,readonly) UIEventType type API_AVAILABLE(ios(3.0));
/Users/admin/builder/spi-builder-workspace/Source/Classes/ActionHandling/Actions.swift:33:56: error: 'UITouch' is unavailable in watchOS
31 | }
32 |
33 | override open func touchesCancelled(_ touches: Set<UITouch>, with event: UIEvent?) {
| `- error: 'UITouch' is unavailable in watchOS
34 | guard activeLink != nil else {
35 | super.touchesCancelled(touches, with: event)
/Applications/Xcode-27.0.0-Release.Candidate.app/Contents/Developer/Platforms/WatchOS.platform/Developer/SDKs/WatchOS27.0.sdk/System/Library/Frameworks/UIKit.framework/Headers/UITouch.h:51:12: note: 'UITouch' has been explicitly marked unavailable here
49 |
50 | UIKIT_EXTERN API_AVAILABLE(ios(2.0)) API_UNAVAILABLE(watchos) NS_SWIFT_UI_ACTOR
51 | @interface UITouch : NSObject
| `- note: 'UITouch' has been explicitly marked unavailable here
52 |
53 | @property(nonatomic,readonly) NSTimeInterval timestamp;
/Users/admin/builder/spi-builder-workspace/Source/Classes/ActionHandling/Actions.swift:33:78: error: 'UIEvent' is unavailable in watchOS
31 | }
32 |
33 | override open func touchesCancelled(_ touches: Set<UITouch>, with event: UIEvent?) {
| `- error: 'UIEvent' is unavailable in watchOS
34 | guard activeLink != nil else {
35 | super.touchesCancelled(touches, with: event)
/Applications/Xcode-27.0.0-Release.Candidate.app/Contents/Developer/Platforms/WatchOS.platform/Developer/SDKs/WatchOS27.0.sdk/System/Library/Frameworks/UIKit.framework/Headers/UIEvent.h:62:12: note: 'UIEvent' has been explicitly marked unavailable here
60 |
61 | UIKIT_EXTERN API_AVAILABLE(ios(2.0)) API_UNAVAILABLE(watchos) NS_SWIFT_UI_ACTOR
62 | @interface UIEvent : NSObject
| `- note: 'UIEvent' has been explicitly marked unavailable here
63 |
64 | @property(nonatomic,readonly) UIEventType type API_AVAILABLE(ios(3.0));
/Users/admin/builder/spi-builder-workspace/Source/Classes/ActionHandling/Actions.swift:42:52: error: 'UITouch' is unavailable in watchOS
40 | }
41 |
42 | override open func touchesEnded(_ touches: Set<UITouch>, with event: UIEvent?) {
| `- error: 'UITouch' is unavailable in watchOS
43 | guard let activeLink = activeLink else {
44 | super.touchesEnded(touches, with: event)
/Applications/Xcode-27.0.0-Release.Candidate.app/Contents/Developer/Platforms/WatchOS.platform/Developer/SDKs/WatchOS27.0.sdk/System/Library/Frameworks/UIKit.framework/Headers/UITouch.h:51:12: note: 'UITouch' has been explicitly marked unavailable here
49 |
50 | UIKIT_EXTERN API_AVAILABLE(ios(2.0)) API_UNAVAILABLE(watchos) NS_SWIFT_UI_ACTOR
51 | @interface UITouch : NSObject
| `- note: 'UITouch' has been explicitly marked unavailable here
52 |
53 | @property(nonatomic,readonly) NSTimeInterval timestamp;
/Users/admin/builder/spi-builder-workspace/Source/Classes/ActionHandling/Actions.swift:42:74: error: 'UIEvent' is unavailable in watchOS
40 | }
41 |
42 | override open func touchesEnded(_ touches: Set<UITouch>, with event: UIEvent?) {
| `- error: 'UIEvent' is unavailable in watchOS
43 | guard let activeLink = activeLink else {
44 | super.touchesEnded(touches, with: event)
/Applications/Xcode-27.0.0-Release.Candidate.app/Contents/Developer/Platforms/WatchOS.platform/Developer/SDKs/WatchOS27.0.sdk/System/Library/Frameworks/UIKit.framework/Headers/UIEvent.h:62:12: note: 'UIEvent' has been explicitly marked unavailable here
60 |
61 | UIKIT_EXTERN API_AVAILABLE(ios(2.0)) API_UNAVAILABLE(watchos) NS_SWIFT_UI_ACTOR
62 | @interface UIEvent : NSObject
| `- note: 'UIEvent' has been explicitly marked unavailable here
63 |
64 | @property(nonatomic,readonly) UIEventType type API_AVAILABLE(ios(3.0));
/Users/admin/builder/spi-builder-workspace/Source/Classes/ActionHandling/Actions.swift:52:52: error: 'UITouch' is unavailable in watchOS
50 | }
51 |
52 | override open func touchesMoved(_ touches: Set<UITouch>, with event: UIEvent?) {
| `- error: 'UITouch' is unavailable in watchOS
53 | guard let activeLink = activeLink else {
54 | super.touchesMoved(touches, with: event)
/Applications/Xcode-27.0.0-Release.Candidate.app/Contents/Developer/Platforms/WatchOS.platform/Developer/SDKs/WatchOS27.0.sdk/System/Library/Frameworks/UIKit.framework/Headers/UITouch.h:51:12: note: 'UITouch' has been explicitly marked unavailable here
49 |
50 | UIKIT_EXTERN API_AVAILABLE(ios(2.0)) API_UNAVAILABLE(watchos) NS_SWIFT_UI_ACTOR
51 | @interface UITouch : NSObject
| `- note: 'UITouch' has been explicitly marked unavailable here
52 |
53 | @property(nonatomic,readonly) NSTimeInterval timestamp;
SwiftCompile normal arm64_32 /Users/admin/builder/spi-builder-workspace/Source/Classes/Accessibility/Accessibility.swift (in target 'Nantes' from project 'Nantes')
cd /Users/admin/builder/spi-builder-workspace/.swiftpm/xcode
builtin-SwiftPerFileCompile Accessibility.swift
SwiftCompile normal arm64_32 /Users/admin/builder/spi-builder-workspace/Source/Classes/ActionHandling/Actions.swift (in target 'Nantes' from project 'Nantes')
cd /Users/admin/builder/spi-builder-workspace/.swiftpm/xcode
builtin-SwiftPerFileCompile Actions.swift
SwiftCompile normal arm64_32 Compiling\ NSAttributedStringKey.swift /Users/admin/builder/spi-builder-workspace/Source/Classes/Categories/NSAttributedStringKey.swift (in target 'Nantes' from project 'Nantes')
SwiftCompile normal arm64_32 /Users/admin/builder/spi-builder-workspace/Source/Classes/Categories/NSAttributedStringKey.swift (in target 'Nantes' from project 'Nantes')
cd /Users/admin/builder/spi-builder-workspace/.swiftpm/xcode
builtin-SwiftPerFileCompile NSAttributedStringKey.swift
SwiftCompile normal arm64_32 Compiling\ Link.swift,\ NSAttributedString.swift /Users/admin/builder/spi-builder-workspace/Source/Classes/ActionHandling/Link.swift /Users/admin/builder/spi-builder-workspace/Source/Classes/Categories/NSAttributedString.swift (in target 'Nantes' from project 'Nantes')
/Users/admin/builder/spi-builder-workspace/Source/Classes/ActionHandling/Link.swift:45:5: warning: non-'@objc' instance method declared in extension cannot be overridden; use 'public' instead; this will be an error in a future Swift language mode
43 |
44 | /// Adds a single link
45 | open func addLink(_ link: NantesLabel.Link) {
| `- warning: non-'@objc' instance method declared in extension cannot be overridden; use 'public' instead; this will be an error in a future Swift language mode
46 | addLinks([link])
47 | }
/Users/admin/builder/spi-builder-workspace/Source/Classes/ActionHandling/Link.swift:51:5: warning: non-'@objc' instance method declared in extension cannot be overridden; use 'public' instead; this will be an error in a future Swift language mode
49 | /// Adds a link to a `url` with a specified `range`
50 | @discardableResult
51 | open func addLink(to url: URL, withRange range: NSRange) -> NantesLabel.Link? {
| `- warning: non-'@objc' instance method declared in extension cannot be overridden; use 'public' instead; this will be an error in a future Swift language mode
52 | return addLinks(with: [.linkCheckingResult(range: range, url: url)], withAttributes: linkAttributes).first
53 | }
SwiftCompile normal arm64_32 /Users/admin/builder/spi-builder-workspace/Source/Classes/ActionHandling/Link.swift (in target 'Nantes' from project 'Nantes')
cd /Users/admin/builder/spi-builder-workspace/.swiftpm/xcode
builtin-SwiftPerFileCompile Link.swift
SwiftCompile normal arm64_32 /Users/admin/builder/spi-builder-workspace/Source/Classes/Categories/NSAttributedString.swift (in target 'Nantes' from project 'Nantes')
cd /Users/admin/builder/spi-builder-workspace/.swiftpm/xcode
builtin-SwiftPerFileCompile NSAttributedString.swift
SwiftCompile normal arm64_32 Compiling\ LabelDelegate.swift /Users/admin/builder/spi-builder-workspace/Source/Classes/Delegate/LabelDelegate.swift (in target 'Nantes' from project 'Nantes')
SwiftCompile normal arm64_32 /Users/admin/builder/spi-builder-workspace/Source/Classes/Delegate/LabelDelegate.swift (in target 'Nantes' from project 'Nantes')
cd /Users/admin/builder/spi-builder-workspace/.swiftpm/xcode
builtin-SwiftPerFileCompile LabelDelegate.swift
SwiftEmitModule normal arm64 Emitting\ module\ for\ Nantes (in target 'Nantes' from project 'Nantes')
SwiftCompile normal arm64 (in target 'Nantes' from project 'Nantes')
cd /Users/admin/builder/spi-builder-workspace/.swiftpm/xcode
PruneExplicitPrecompiledModules /Users/admin/builder/spi-builder-workspace/.derivedData/Build/Intermediates.noindex/SwiftExplicitPrecompiledModules
PruneExplicitPrecompiledModules /Users/admin/builder/spi-builder-workspace/.derivedData/Build/Intermediates.noindex/ExplicitPrecompiledModules
PruneExplicitPrecompiledModules /Users/admin/builder/spi-builder-workspace/.derivedData/SDKExplicitPrecompiledModules
2026-09-18 00:53:31.740 xcodebuild[714:4436] [MT] IDERunDestination: Supported platforms for the buildables in the current scheme is empty.
** BUILD FAILED **
The following build commands failed:
SwiftEmitModule normal arm64_32 Emitting\ module\ for\ Nantes (in target 'Nantes' from project 'Nantes')
SwiftCompile normal arm64_32 (in target 'Nantes' from project 'Nantes')
Building workspace Nantes with scheme Nantes
(3 failures)
Command line invocation:
/Applications/Xcode-27.0.0-Release.Candidate.app/Contents/Developer/usr/bin/xcodebuild -IDEClonedSourcePackagesDirPathOverride=/Users/admin/builder/spi-builder-workspace/.dependencies -resolvePackageDependencies
Resolve Package Graph
Resolved source packages:
Nantes: /Users/admin/builder/spi-builder-workspace
resolved source packages: Nantes
2026-09-18 00:53:37.708 xcodebuild[841:4924] [MT] IDERunDestination: Supported platforms for the buildables in the current scheme is empty.
{
"dependencies" : [
],
"manifest_display_name" : "Nantes",
"name" : "Nantes",
"path" : "/Users/admin/builder/spi-builder-workspace",
"platforms" : [
{
"name" : "ios",
"version" : "9.0"
}
],
"products" : [
{
"name" : "Nantes",
"targets" : [
"Nantes"
],
"type" : {
"library" : [
"automatic"
]
}
}
],
"targets" : [
{
"c99name" : "Nantes",
"module_type" : "SwiftTarget",
"name" : "Nantes",
"path" : "Source/Classes",
"product_memberships" : [
"Nantes"
],
"sources" : [
"Accessibility/Accessibility.swift",
"ActionHandling/Actions.swift",
"ActionHandling/Link.swift",
"Categories/NSAttributedString.swift",
"Categories/NSAttributedStringKey.swift",
"Categories/NSRange.swift",
"Delegate/LabelDelegate.swift",
"Drawing/Drawing.swift",
"Drawing/Scaling.swift",
"Drawing/Truncation.swift",
"NantesLabel.swift",
"Sizing/Sizing.swift"
],
"type" : "library"
}
],
"tools_version" : "5.3"
}
{
"workspace" : {
"name" : "Nantes",
"schemes" : [
"Nantes"
]
}
}
2026-09-18 00:53:38.881 xcodebuild[849:4988] [MT] IDERunDestination: Supported platforms for the buildables in the current scheme is empty.
Running build ...
env DEVELOPER_DIR=/Applications/Xcode-27.0.0-Release.Candidate.app xcrun xcodebuild -IDEClonedSourcePackagesDirPathOverride=$PWD/.dependencies -skipMacroValidation -skipPackagePluginValidation -derivedDataPath $PWD/.derivedData build -scheme Nantes -destination generic/platform=watchOS
Command line invocation:
/Applications/Xcode-27.0.0-Release.Candidate.app/Contents/Developer/usr/bin/xcodebuild -IDEClonedSourcePackagesDirPathOverride=/Users/admin/builder/spi-builder-workspace/.dependencies -skipMacroValidation -skipPackagePluginValidation -derivedDataPath /Users/admin/builder/spi-builder-workspace/.derivedData build -scheme Nantes -destination generic/platform=watchOS
Resolve Package Graph
Resolved source packages:
Nantes: /Users/admin/builder/spi-builder-workspace
ComputePackagePrebuildTargetDependencyGraph
Prepare packages
CreateBuildRequest
SendProjectDescription
CreateBuildOperation
ComputeTargetDependencyGraph
note: Building targets in dependency order
note: Target dependency graph (2 targets)
Target 'Nantes-product' in project 'Nantes'
➜ Explicit dependency on target 'Nantes' in project 'Nantes'
Target 'Nantes' in project 'Nantes' (no dependencies)
GatherProvisioningInputs
CreateBuildDescription
ClangStatCache /Applications/Xcode-27.0.0-Release.Candidate.app/Contents/Developer/Toolchains/XcodeDefault.xctoolchain/usr/bin/clang-stat-cache /Applications/Xcode-27.0.0-Release.Candidate.app/Contents/Developer/Platforms/WatchOS.platform/Developer/SDKs/WatchOS27.0.sdk /Users/admin/builder/spi-builder-workspace/.derivedData/SDKStatCaches.noindex/watchos27.0-24R360-e829b21a6f8c9b70876ba0858053c04477534ef55a1706bf4c1112bbb242f0a2.sdkstatcache
cd /Users/admin/builder/spi-builder-workspace/.swiftpm/xcode
/Applications/Xcode-27.0.0-Release.Candidate.app/Contents/Developer/Toolchains/XcodeDefault.xctoolchain/usr/bin/clang-stat-cache /Applications/Xcode-27.0.0-Release.Candidate.app/Contents/Developer/Platforms/WatchOS.platform/Developer/SDKs/WatchOS27.0.sdk -o /Users/admin/builder/spi-builder-workspace/.derivedData/SDKStatCaches.noindex/watchos27.0-24R360-e829b21a6f8c9b70876ba0858053c04477534ef55a1706bf4c1112bbb242f0a2.sdkstatcache
SwiftDriver Nantes normal arm64_32 com.apple.xcode.tools.swift.compiler (in target 'Nantes' from project 'Nantes')
cd /Users/admin/builder/spi-builder-workspace/.swiftpm/xcode
builtin-SwiftDriver -- /Applications/Xcode-27.0.0-Release.Candidate.app/Contents/Developer/Toolchains/XcodeDefault.xctoolchain/usr/bin/swiftc -parse-as-library -module-name Nantes -Onone @/Users/admin/builder/spi-builder-workspace/.derivedData/Build/Intermediates.noindex/Nantes.build/Debug-watchos/Nantes-t.build/Objects-normal/arm64_32/Nantes.SwiftFileList -DSWIFT_PACKAGE -DDEBUG -DSWIFT_MODULE_RESOURCE_BUNDLE_UNAVAILABLE -DXcode -plugin-path /Applications/Xcode-27.0.0-Release.Candidate.app/Contents/Developer/Toolchains/XcodeDefault.xctoolchain/usr/lib/swift/host/plugins/testing -enable-experimental-feature DebugDescriptionMacro -sdk /Applications/Xcode-27.0.0-Release.Candidate.app/Contents/Developer/Platforms/WatchOS.platform/Developer/SDKs/WatchOS27.0.sdk -target arm64_32-apple-watchos9.0 -g -module-cache-path /Users/admin/builder/spi-builder-workspace/.derivedData/ModuleCache.noindex -Xfrontend -serialize-debugging-options -enable-testing -index-store-path /Users/admin/builder/spi-builder-workspace/.derivedData/Index.noindex/DataStore -Xcc -D_LIBCPP_HARDENING_MODE\=_LIBCPP_HARDENING_MODE_DEBUG -swift-version 5 -I /Users/admin/builder/spi-builder-workspace/.derivedData/Build/Products/Debug-watchos -Isystem /Applications/Xcode-27.0.0-Release.Candidate.app/Contents/Developer/Platforms/WatchOS.platform/Developer/usr/lib -F /Users/admin/builder/spi-builder-workspace/.derivedData/Build/Products/Debug-watchos -F /Applications/Xcode-27.0.0-Release.Candidate.app/Contents/Developer/Platforms/WatchOS.platform/Developer/Library/Frameworks -F /Applications/Xcode-27.0.0-Release.Candidate.app/Contents/Developer/Platforms/WatchOS.platform/Developer/SDKs/WatchOS27.0.sdk/Developer/Library/Frameworks -c -j10 -enable-batch-mode -incremental -Xcc -ivfsstatcache -Xcc /Users/admin/builder/spi-builder-workspace/.derivedData/SDKStatCaches.noindex/watchos27.0-24R360-e829b21a6f8c9b70876ba0858053c04477534ef55a1706bf4c1112bbb242f0a2.sdkstatcache -output-file-map /Users/admin/builder/spi-builder-workspace/.derivedData/Build/Intermediates.noindex/Nantes.build/Debug-watchos/Nantes-t.build/Objects-normal/arm64_32/Nantes-OutputFileMap.json -save-temps -no-color-diagnostics -explicit-module-build -module-cache-path /Users/admin/builder/spi-builder-workspace/.derivedData/Build/Intermediates.noindex/SwiftExplicitPrecompiledModules -clang-scanner-module-cache-path /Users/admin/builder/spi-builder-workspace/.derivedData/ModuleCache.noindex -sdk-module-cache-path /Users/admin/builder/spi-builder-workspace/.derivedData/SDKExplicitPrecompiledModules -emit-dependencies -emit-module -emit-module-path /Users/admin/builder/spi-builder-workspace/.derivedData/Build/Intermediates.noindex/Nantes.build/Debug-watchos/Nantes-t.build/Objects-normal/arm64_32/Nantes.swiftmodule -serialize-diagnostics -dependency-scan-serialize-diagnostics-path /Users/admin/builder/spi-builder-workspace/.derivedData/Build/Intermediates.noindex/Nantes.build/Debug-watchos/Nantes-t.build/Objects-normal/arm64_32/Nantes-dependency-scan.dia -validate-clang-modules-once -clang-build-session-file /Users/admin/builder/spi-builder-workspace/.derivedData/ModuleCache.noindex/Session.modulevalidation -Xcc -fmodules-prune-interval\=86400 -Xcc -fmodules-prune-after\=345600 -emit-const-values -const-gather-protocols-list /Users/admin/builder/spi-builder-workspace/.derivedData/Build/Intermediates.noindex/Nantes.build/Debug-watchos/Nantes-t.build/Objects-normal/arm64_32/Nantes_const_extract_protocols.json -Xcc -I/Users/admin/builder/spi-builder-workspace/.derivedData/Build/Products/Debug-watchos/include -Xcc -I/Users/admin/builder/spi-builder-workspace/.derivedData/Build/Intermediates.noindex/Nantes.build/Debug-watchos/Nantes-t.build/DerivedSources-normal/arm64_32 -Xcc -I/Users/admin/builder/spi-builder-workspace/.derivedData/Build/Intermediates.noindex/Nantes.build/Debug-watchos/Nantes-t.build/DerivedSources/arm64_32 -Xcc -I/Users/admin/builder/spi-builder-workspace/.derivedData/Build/Intermediates.noindex/Nantes.build/Debug-watchos/Nantes-t.build/DerivedSources -Xcc -DSWIFT_PACKAGE -Xcc -DDEBUG\=1 -emit-objc-header -emit-objc-header-path /Users/admin/builder/spi-builder-workspace/.derivedData/Build/Intermediates.noindex/Nantes.build/Debug-watchos/Nantes-t.build/Objects-normal/arm64_32/Nantes-Swift.h -working-directory /Users/admin/builder/spi-builder-workspace/.swiftpm/xcode -experimental-emit-module-separately -disable-cmo
SwiftDriver Nantes normal arm64 com.apple.xcode.tools.swift.compiler (in target 'Nantes' from project 'Nantes')
cd /Users/admin/builder/spi-builder-workspace/.swiftpm/xcode
builtin-SwiftDriver -- /Applications/Xcode-27.0.0-Release.Candidate.app/Contents/Developer/Toolchains/XcodeDefault.xctoolchain/usr/bin/swiftc -parse-as-library -module-name Nantes -Onone @/Users/admin/builder/spi-builder-workspace/.derivedData/Build/Intermediates.noindex/Nantes.build/Debug-watchos/Nantes-t.build/Objects-normal/arm64/Nantes.SwiftFileList -DSWIFT_PACKAGE -DDEBUG -DSWIFT_MODULE_RESOURCE_BUNDLE_UNAVAILABLE -DXcode -plugin-path /Applications/Xcode-27.0.0-Release.Candidate.app/Contents/Developer/Toolchains/XcodeDefault.xctoolchain/usr/lib/swift/host/plugins/testing -enable-experimental-feature DebugDescriptionMacro -sdk /Applications/Xcode-27.0.0-Release.Candidate.app/Contents/Developer/Platforms/WatchOS.platform/Developer/SDKs/WatchOS27.0.sdk -target arm64-apple-watchos9.0 -g -module-cache-path /Users/admin/builder/spi-builder-workspace/.derivedData/ModuleCache.noindex -Xfrontend -serialize-debugging-options -enable-testing -index-store-path /Users/admin/builder/spi-builder-workspace/.derivedData/Index.noindex/DataStore -Xcc -D_LIBCPP_HARDENING_MODE\=_LIBCPP_HARDENING_MODE_DEBUG -swift-version 5 -I /Users/admin/builder/spi-builder-workspace/.derivedData/Build/Products/Debug-watchos -Isystem /Applications/Xcode-27.0.0-Release.Candidate.app/Contents/Developer/Platforms/WatchOS.platform/Developer/usr/lib -F /Users/admin/builder/spi-builder-workspace/.derivedData/Build/Products/Debug-watchos -F /Applications/Xcode-27.0.0-Release.Candidate.app/Contents/Developer/Platforms/WatchOS.platform/Developer/Library/Frameworks -F /Applications/Xcode-27.0.0-Release.Candidate.app/Contents/Developer/Platforms/WatchOS.platform/Developer/SDKs/WatchOS27.0.sdk/Developer/Library/Frameworks -c -j10 -enable-batch-mode -incremental -Xcc -ivfsstatcache -Xcc /Users/admin/builder/spi-builder-workspace/.derivedData/SDKStatCaches.noindex/watchos27.0-24R360-e829b21a6f8c9b70876ba0858053c04477534ef55a1706bf4c1112bbb242f0a2.sdkstatcache -output-file-map /Users/admin/builder/spi-builder-workspace/.derivedData/Build/Intermediates.noindex/Nantes.build/Debug-watchos/Nantes-t.build/Objects-normal/arm64/Nantes-OutputFileMap.json -save-temps -no-color-diagnostics -explicit-module-build -module-cache-path /Users/admin/builder/spi-builder-workspace/.derivedData/Build/Intermediates.noindex/SwiftExplicitPrecompiledModules -clang-scanner-module-cache-path /Users/admin/builder/spi-builder-workspace/.derivedData/ModuleCache.noindex -sdk-module-cache-path /Users/admin/builder/spi-builder-workspace/.derivedData/SDKExplicitPrecompiledModules -emit-dependencies -emit-module -emit-module-path /Users/admin/builder/spi-builder-workspace/.derivedData/Build/Intermediates.noindex/Nantes.build/Debug-watchos/Nantes-t.build/Objects-normal/arm64/Nantes.swiftmodule -serialize-diagnostics -dependency-scan-serialize-diagnostics-path /Users/admin/builder/spi-builder-workspace/.derivedData/Build/Intermediates.noindex/Nantes.build/Debug-watchos/Nantes-t.build/Objects-normal/arm64/Nantes-dependency-scan.dia -validate-clang-modules-once -clang-build-session-file /Users/admin/builder/spi-builder-workspace/.derivedData/ModuleCache.noindex/Session.modulevalidation -Xcc -fmodules-prune-interval\=86400 -Xcc -fmodules-prune-after\=345600 -emit-const-values -const-gather-protocols-list /Users/admin/builder/spi-builder-workspace/.derivedData/Build/Intermediates.noindex/Nantes.build/Debug-watchos/Nantes-t.build/Objects-normal/arm64/Nantes_const_extract_protocols.json -Xcc -I/Users/admin/builder/spi-builder-workspace/.derivedData/Build/Products/Debug-watchos/include -Xcc -I/Users/admin/builder/spi-builder-workspace/.derivedData/Build/Intermediates.noindex/Nantes.build/Debug-watchos/Nantes-t.build/DerivedSources-normal/arm64 -Xcc -I/Users/admin/builder/spi-builder-workspace/.derivedData/Build/Intermediates.noindex/Nantes.build/Debug-watchos/Nantes-t.build/DerivedSources/arm64 -Xcc -I/Users/admin/builder/spi-builder-workspace/.derivedData/Build/Intermediates.noindex/Nantes.build/Debug-watchos/Nantes-t.build/DerivedSources -Xcc -DSWIFT_PACKAGE -Xcc -DDEBUG\=1 -emit-objc-header -emit-objc-header-path /Users/admin/builder/spi-builder-workspace/.derivedData/Build/Intermediates.noindex/Nantes.build/Debug-watchos/Nantes-t.build/Objects-normal/arm64/Nantes-Swift.h -working-directory /Users/admin/builder/spi-builder-workspace/.swiftpm/xcode -experimental-emit-module-separately -disable-cmo
SwiftCompile normal arm64 Compiling\ Link.swift,\ NSAttributedString.swift /Users/admin/builder/spi-builder-workspace/Source/Classes/ActionHandling/Link.swift /Users/admin/builder/spi-builder-workspace/Source/Classes/Categories/NSAttributedString.swift (in target 'Nantes' from project 'Nantes')
SwiftCompile normal arm64 /Users/admin/builder/spi-builder-workspace/Source/Classes/ActionHandling/Link.swift (in target 'Nantes' from project 'Nantes')
cd /Users/admin/builder/spi-builder-workspace/.swiftpm/xcode
builtin-SwiftPerFileCompile Link.swift
SwiftCompile normal arm64 /Users/admin/builder/spi-builder-workspace/Source/Classes/Categories/NSAttributedString.swift (in target 'Nantes' from project 'Nantes')
cd /Users/admin/builder/spi-builder-workspace/.swiftpm/xcode
builtin-SwiftPerFileCompile NSAttributedString.swift
/Users/admin/builder/spi-builder-workspace/Source/Classes/ActionHandling/Link.swift:45:5: warning: non-'@objc' instance method declared in extension cannot be overridden; use 'public' instead; this will be an error in a future Swift language mode
43 |
44 | /// Adds a single link
45 | open func addLink(_ link: NantesLabel.Link) {
| `- warning: non-'@objc' instance method declared in extension cannot be overridden; use 'public' instead; this will be an error in a future Swift language mode
46 | addLinks([link])
47 | }
/Users/admin/builder/spi-builder-workspace/Source/Classes/ActionHandling/Link.swift:51:5: warning: non-'@objc' instance method declared in extension cannot be overridden; use 'public' instead; this will be an error in a future Swift language mode
49 | /// Adds a link to a `url` with a specified `range`
50 | @discardableResult
51 | open func addLink(to url: URL, withRange range: NSRange) -> NantesLabel.Link? {
| `- warning: non-'@objc' instance method declared in extension cannot be overridden; use 'public' instead; this will be an error in a future Swift language mode
52 | return addLinks(with: [.linkCheckingResult(range: range, url: url)], withAttributes: linkAttributes).first
53 | }
SwiftCompile normal arm64 Compiling\ NSAttributedStringKey.swift /Users/admin/builder/spi-builder-workspace/Source/Classes/Categories/NSAttributedStringKey.swift (in target 'Nantes' from project 'Nantes')
SwiftCompile normal arm64 /Users/admin/builder/spi-builder-workspace/Source/Classes/Categories/NSAttributedStringKey.swift (in target 'Nantes' from project 'Nantes')
cd /Users/admin/builder/spi-builder-workspace/.swiftpm/xcode
builtin-SwiftPerFileCompile NSAttributedStringKey.swift
SwiftCompile normal arm64 Compiling\ Accessibility.swift,\ Actions.swift /Users/admin/builder/spi-builder-workspace/Source/Classes/Accessibility/Accessibility.swift /Users/admin/builder/spi-builder-workspace/Source/Classes/ActionHandling/Actions.swift (in target 'Nantes' from project 'Nantes')
/Users/admin/builder/spi-builder-workspace/Source/Classes/Accessibility/Accessibility.swift:13:25: error: 'UIView' is unavailable in watchOS
11 | final class NantesLabelAccessibilityElement: UIAccessibilityElement {
12 | var boundingRect: CGRect = .zero
13 | weak var superview: UIView?
| `- error: 'UIView' is unavailable in watchOS
14 |
15 | override var accessibilityFrame: CGRect {
/Applications/Xcode-27.0.0-Release.Candidate.app/Contents/Developer/Platforms/WatchOS.platform/Developer/SDKs/WatchOS27.0.sdk/System/Library/Frameworks/UIKit.framework/Headers/UIView.h:152:12: note: 'UIView' has been explicitly marked unavailable here
150 |
151 | UIKIT_EXTERN API_AVAILABLE(ios(2.0)) API_UNAVAILABLE(watchos) NS_SWIFT_UI_ACTOR
152 | @interface UIView : UIResponder <NSCoding, UIAppearance, UIAppearanceContainer, UIDynamicItem, UITraitEnvironment, UICoordinateSpace, UIFocusItem, UIFocusItemContainer, CALayerDelegate>
| `- note: 'UIView' has been explicitly marked unavailable here
153 |
154 | @property(class, nonatomic, readonly) Class layerClass; // default is [CALayer class]. Used when creating the underlying layer for the view.
/Users/admin/builder/spi-builder-workspace/Source/Classes/Accessibility/Accessibility.swift:11:46: error: 'UIAccessibilityElement' is unavailable in watchOS
9 | import UIKit
10 |
11 | final class NantesLabelAccessibilityElement: UIAccessibilityElement {
| `- error: 'UIAccessibilityElement' is unavailable in watchOS
12 | var boundingRect: CGRect = .zero
13 | weak var superview: UIView?
/Applications/Xcode-27.0.0-Release.Candidate.app/Contents/Developer/Platforms/WatchOS.platform/Developer/SDKs/WatchOS27.0.sdk/System/Library/Frameworks/UIKit.framework/Headers/UIAccessibilityElement.h:26:12: note: 'UIAccessibilityElement' has been explicitly marked unavailable here
24 |
25 | UIKIT_EXTERN API_AVAILABLE(ios(3.0)) API_UNAVAILABLE(watchos) NS_SWIFT_UI_ACTOR
26 | @interface UIAccessibilityElement : UIResponder<UIAccessibilityIdentification>
| `- note: 'UIAccessibilityElement' has been explicitly marked unavailable here
27 |
28 | // initialize with the accessibility container that contains this element
/Users/admin/builder/spi-builder-workspace/Source/Classes/Accessibility/Accessibility.swift:27:23: error: cannot override 'isAccessibilityElement' which has been marked unavailable
25 |
26 | extension NantesLabel {
27 | override open var isAccessibilityElement: Bool {
| |- error: cannot override 'isAccessibilityElement' which has been marked unavailable
| `- note: remove 'override' modifier to declare a new 'isAccessibilityElement'
28 | get {
29 | return false
/Applications/Xcode-27.0.0-Release.Candidate.app/Contents/Developer/Platforms/WatchOS.platform/Developer/SDKs/WatchOS27.0.sdk/System/Library/Frameworks/UIKit.framework/Headers/UIAccessibility.h:52:28: note: 'isAccessibilityElement' has been explicitly marked unavailable here
50 | Setting the property to YES will cause the receiver to be visible to assistive applications.
51 | */
52 | @property (nonatomic) BOOL isAccessibilityElement API_UNAVAILABLE(watchos) NS_SWIFT_UI_ACTOR;
| `- note: 'isAccessibilityElement' has been explicitly marked unavailable here
53 |
54 | /*
/Users/admin/builder/spi-builder-workspace/Source/Classes/Accessibility/Accessibility.swift:64:62: error: 'UIAccessibilityCustomAction' is unavailable in watchOS
62 | }
63 |
64 | @objc private func handleAccessibilityActivate(_ action: UIAccessibilityCustomAction) {
| `- error: 'UIAccessibilityCustomAction' is unavailable in watchOS
65 | guard let link = linkModels.first(where: { link -> Bool in
66 | link.text == action.name
/Applications/Xcode-27.0.0-Release.Candidate.app/Contents/Developer/Platforms/WatchOS.platform/Developer/SDKs/WatchOS27.0.sdk/System/Library/Frameworks/UIKit.framework/Headers/UIAccessibilityCustomAction.h:16:12: note: 'UIAccessibilityCustomAction' has been explicitly marked unavailable here
14 |
15 | UIKIT_EXTERN API_AVAILABLE(ios(8.0)) API_UNAVAILABLE(watchos) NS_SWIFT_UI_ACTOR
16 | @interface UIAccessibilityCustomAction : NSObject
| `- note: 'UIAccessibilityCustomAction' has been explicitly marked unavailable here
17 |
18 | - (instancetype)initWithName:(NSString *)name target:(nullable id)target selector:(SEL)selector;
/Users/admin/builder/spi-builder-workspace/Source/Classes/Accessibility/Accessibility.swift:21:36: error: 'convertToScreenCoordinates(_:in:)' is unavailable in watchOS
19 | return .zero
20 | }
21 | return UIAccessibility.convertToScreenCoordinates(boundingRect, in: superview)
| `- error: 'convertToScreenCoordinates(_:in:)' is unavailable in watchOS
22 | } set {}
23 | }
/Applications/Xcode-27.0.0-Release.Candidate.app/Contents/Developer/Platforms/WatchOS.platform/Developer/SDKs/WatchOS27.0.sdk/System/Library/Frameworks/UIKit.framework/Headers/UIAccessibility.h:126:21: note: 'convertToScreenCoordinates(_:in:)' has been explicitly marked unavailable here
124 | // To help convert the frame to screen coordinates, use the following method.
125 | // The rect should exist in the view space of the UIView argument.
126 | UIKIT_EXTERN CGRect UIAccessibilityConvertFrameToScreenCoordinates(CGRect rect, UIView *view) API_AVAILABLE(ios(7.0)) API_UNAVAILABLE(watchos) NS_SWIFT_UI_ACTOR;
| `- note: 'convertToScreenCoordinates(_:in:)' has been explicitly marked unavailable here
127 |
128 | /*
/Users/admin/builder/spi-builder-workspace/Source/Classes/Accessibility/Accessibility.swift:40:23: error: 'UIAccessibilityCustomAction' is unavailable in watchOS
38 |
39 | var elements: [NantesLabelAccessibilityElement] = []
40 | var actions: [UIAccessibilityCustomAction] = []
| `- error: 'UIAccessibilityCustomAction' is unavailable in watchOS
41 |
42 | let baseElement = NantesLabelAccessibilityElement(accessibilityContainer: self)
/Applications/Xcode-27.0.0-Release.Candidate.app/Contents/Developer/Platforms/WatchOS.platform/Developer/SDKs/WatchOS27.0.sdk/System/Library/Frameworks/UIKit.framework/Headers/UIAccessibilityCustomAction.h:16:12: note: 'UIAccessibilityCustomAction' has been explicitly marked unavailable here
14 |
15 | UIKIT_EXTERN API_AVAILABLE(ios(8.0)) API_UNAVAILABLE(watchos) NS_SWIFT_UI_ACTOR
16 | @interface UIAccessibilityCustomAction : NSObject
| `- note: 'UIAccessibilityCustomAction' has been explicitly marked unavailable here
17 |
18 | - (instancetype)initWithName:(NSString *)name target:(nullable id)target selector:(SEL)selector;
/Users/admin/builder/spi-builder-workspace/Source/Classes/Accessibility/Accessibility.swift:43:48: error: 'accessibilityLabel' is unavailable in watchOS
41 |
42 | let baseElement = NantesLabelAccessibilityElement(accessibilityContainer: self)
43 | baseElement.accessibilityLabel = super.accessibilityLabel
| `- error: 'accessibilityLabel' is unavailable in watchOS
44 | baseElement.accessibilityHint = super.accessibilityHint
45 | baseElement.accessibilityValue = super.accessibilityValue
/Applications/Xcode-27.0.0-Release.Candidate.app/Contents/Developer/Platforms/WatchOS.platform/Developer/SDKs/WatchOS27.0.sdk/System/Library/Frameworks/UIKit.framework/Headers/UIAccessibility.h:64:49: note: 'accessibilityLabel' has been explicitly marked unavailable here
62 | Setting the property will change the label that is returned to the accessibility client.
63 | */
64 | @property (nullable, nonatomic, copy) NSString *accessibilityLabel API_UNAVAILABLE(watchos) NS_SWIFT_UI_ACTOR;
| `- note: 'accessibilityLabel' has been explicitly marked unavailable here
65 |
66 | /*
/Users/admin/builder/spi-builder-workspace/Source/Classes/Accessibility/Accessibility.swift:44:47: error: 'accessibilityHint' is unavailable in watchOS
42 | let baseElement = NantesLabelAccessibilityElement(accessibilityContainer: self)
43 | baseElement.accessibilityLabel = super.accessibilityLabel
44 | baseElement.accessibilityHint = super.accessibilityHint
| `- error: 'accessibilityHint' is unavailable in watchOS
45 | baseElement.accessibilityValue = super.accessibilityValue
46 | baseElement.accessibilityTraits = super.accessibilityTraits
/Applications/Xcode-27.0.0-Release.Candidate.app/Contents/Developer/Platforms/WatchOS.platform/Developer/SDKs/WatchOS27.0.sdk/System/Library/Frameworks/UIKit.framework/Headers/UIAccessibility.h:79:49: note: 'accessibilityHint' has been explicitly marked unavailable here
77 | Setting the property will change the hint that is returned to the accessibility client.
78 | */
79 | @property (nullable, nonatomic, copy) NSString *accessibilityHint API_UNAVAILABLE(watchos) NS_SWIFT_UI_ACTOR;
| `- note: 'accessibilityHint' has been explicitly marked unavailable here
80 |
81 | /*
/Users/admin/builder/spi-builder-workspace/Source/Classes/Accessibility/Accessibility.swift:45:48: error: 'accessibilityValue' is unavailable in watchOS
43 | baseElement.accessibilityLabel = super.accessibilityLabel
44 | baseElement.accessibilityHint = super.accessibilityHint
45 | baseElement.accessibilityValue = super.accessibilityValue
| `- error: 'accessibilityValue' is unavailable in watchOS
46 | baseElement.accessibilityTraits = super.accessibilityTraits
47 | baseElement.boundingRect = bounds
/Applications/Xcode-27.0.0-Release.Candidate.app/Contents/Developer/Platforms/WatchOS.platform/Developer/SDKs/WatchOS27.0.sdk/System/Library/Frameworks/UIKit.framework/Headers/UIAccessibility.h:95:49: note: 'accessibilityValue' has been explicitly marked unavailable here
93 | Setting the property will change the value that is returned to the accessibility client.
94 | */
95 | @property (nullable, nonatomic, copy) NSString *accessibilityValue API_UNAVAILABLE(watchos) NS_SWIFT_UI_ACTOR;
| `- note: 'accessibilityValue' has been explicitly marked unavailable here
96 |
97 | /*
/Users/admin/builder/spi-builder-workspace/Source/Classes/Accessibility/Accessibility.swift:46:49: error: 'accessibilityTraits' is unavailable in watchOS
44 | baseElement.accessibilityHint = super.accessibilityHint
45 | baseElement.accessibilityValue = super.accessibilityValue
46 | baseElement.accessibilityTraits = super.accessibilityTraits
| `- error: 'accessibilityTraits' is unavailable in watchOS
47 | baseElement.boundingRect = bounds
48 | baseElement.superview = self
/Applications/Xcode-27.0.0-Release.Candidate.app/Contents/Developer/Platforms/WatchOS.platform/Developer/SDKs/WatchOS27.0.sdk/System/Library/Frameworks/UIKit.framework/Headers/UIAccessibility.h:113:45: note: 'accessibilityTraits' has been explicitly marked unavailable here
111 | Setting the property will change the traits that are returned to the accessibility client.
112 | */
113 | @property (nonatomic) UIAccessibilityTraits accessibilityTraits API_UNAVAILABLE(watchos) NS_SWIFT_UI_ACTOR;
| `- note: 'accessibilityTraits' has been explicitly marked unavailable here
114 |
115 | /*
/Users/admin/builder/spi-builder-workspace/Source/Classes/Accessibility/Accessibility.swift:56:26: error: 'UIAccessibilityCustomAction' is unavailable in watchOS
54 | }
55 |
56 | let action = UIAccessibilityCustomAction(name: name, target: self, selector: #selector(handleAccessibilityActivate(_:)))
| `- error: 'UIAccessibilityCustomAction' is unavailable in watchOS
57 | actions.append(action)
58 | }
/Applications/Xcode-27.0.0-Release.Candidate.app/Contents/Developer/Platforms/WatchOS.platform/Developer/SDKs/WatchOS27.0.sdk/System/Library/Frameworks/UIKit.framework/Headers/UIAccessibilityCustomAction.h:16:12: note: 'UIAccessibilityCustomAction' has been explicitly marked unavailable here
14 |
15 | UIKIT_EXTERN API_AVAILABLE(ios(8.0)) API_UNAVAILABLE(watchos) NS_SWIFT_UI_ACTOR
16 | @interface UIAccessibilityCustomAction : NSObject
| `- note: 'UIAccessibilityCustomAction' has been explicitly marked unavailable here
17 |
18 | - (instancetype)initWithName:(NSString *)name target:(nullable id)target selector:(SEL)selector;
/Users/admin/builder/spi-builder-workspace/Source/Classes/NantesLabel.swift:161:23: error: cannot override 'accessibilityElements' which has been marked unavailable
159 | // MARK: - UILabel vars
160 |
161 | override open var accessibilityElements: [Any]? {
| |- error: cannot override 'accessibilityElements' which has been marked unavailable
| `- note: remove 'override' modifier to declare a new 'accessibilityElements'
162 | get {
163 | accessibilityLock.lock()
/Applications/Xcode-27.0.0-Release.Candidate.app/Contents/Developer/Platforms/WatchOS.platform/Developer/SDKs/WatchOS27.0.sdk/System/Library/Frameworks/UIKit.framework/Headers/UIAccessibilityContainer.h:53:50: note: 'accessibilityElements' has been explicitly marked unavailable here
51 | // This can be used as an alternative to implementing the dynamic methods.
52 | // default == nil
53 | @property (nullable, nonatomic, strong) NSArray *accessibilityElements API_AVAILABLE(ios(8.0)) API_UNAVAILABLE(watchos) NS_SWIFT_UI_ACTOR;
| `- note: 'accessibilityElements' has been explicitly marked unavailable here
54 |
55 | // Some containers provide more context for accessibility elements, such as tables or lists.
/Users/admin/builder/spi-builder-workspace/Source/Classes/Accessibility/Accessibility.swift:61:9: error: 'accessibilityCustomActions' is unavailable in watchOS
59 |
60 | accessibilityElements = elements
61 | accessibilityCustomActions = actions
| `- error: 'accessibilityCustomActions' is unavailable in watchOS
62 | }
63 |
/Applications/Xcode-27.0.0-Release.Candidate.app/Contents/Developer/Platforms/WatchOS.platform/Developer/SDKs/WatchOS27.0.sdk/System/Library/Frameworks/UIKit.framework/Headers/UIAccessibility.h:411:82: note: 'accessibilityCustomActions' has been explicitly marked unavailable here
409 | default == nil
410 | */
411 | @property (nullable, nonatomic, strong) NSArray <UIAccessibilityCustomAction *> *accessibilityCustomActions API_AVAILABLE(ios(8.0)) API_UNAVAILABLE(watchos) NS_SWIFT_UI_ACTOR;
| `- note: 'accessibilityCustomActions' has been explicitly marked unavailable here
412 | @end
413 |
/Users/admin/builder/spi-builder-workspace/Source/Classes/ActionHandling/Actions.swift:12:62: error: 'UIEvent' is unavailable in watchOS
10 |
11 | extension NantesLabel {
12 | override open func hitTest(_ point: CGPoint, with event: UIEvent?) -> UIView? {
| `- error: 'UIEvent' is unavailable in watchOS
13 | guard link(at: point) != nil && isUserInteractionEnabled && !isHidden && alpha > 0.0 else {
14 | return super.hitTest(point, with: event)
/Applications/Xcode-27.0.0-Release.Candidate.app/Contents/Developer/Platforms/WatchOS.platform/Developer/SDKs/WatchOS27.0.sdk/System/Library/Frameworks/UIKit.framework/Headers/UIEvent.h:62:12: note: 'UIEvent' has been explicitly marked unavailable here
60 |
61 | UIKIT_EXTERN API_AVAILABLE(ios(2.0)) API_UNAVAILABLE(watchos) NS_SWIFT_UI_ACTOR
62 | @interface UIEvent : NSObject
| `- note: 'UIEvent' has been explicitly marked unavailable here
63 |
64 | @property(nonatomic,readonly) UIEventType type API_AVAILABLE(ios(3.0));
/Users/admin/builder/spi-builder-workspace/Source/Classes/ActionHandling/Actions.swift:12:75: error: 'UIView' is unavailable in watchOS
10 |
11 | extension NantesLabel {
12 | override open func hitTest(_ point: CGPoint, with event: UIEvent?) -> UIView? {
| `- error: 'UIView' is unavailable in watchOS
13 | guard link(at: point) != nil && isUserInteractionEnabled && !isHidden && alpha > 0.0 else {
14 | return super.hitTest(point, with: event)
/Applications/Xcode-27.0.0-Release.Candidate.app/Contents/Developer/Platforms/WatchOS.platform/Developer/SDKs/WatchOS27.0.sdk/System/Library/Frameworks/UIKit.framework/Headers/UIView.h:152:12: note: 'UIView' has been explicitly marked unavailable here
150 |
151 | UIKIT_EXTERN API_AVAILABLE(ios(2.0)) API_UNAVAILABLE(watchos) NS_SWIFT_UI_ACTOR
152 | @interface UIView : UIResponder <NSCoding, UIAppearance, UIAppearanceContainer, UIDynamicItem, UITraitEnvironment, UICoordinateSpace, UIFocusItem, UIFocusItemContainer, CALayerDelegate>
| `- note: 'UIView' has been explicitly marked unavailable here
153 |
154 | @property(class, nonatomic, readonly) Class layerClass; // default is [CALayer class]. Used when creating the underlying layer for the view.
/Users/admin/builder/spi-builder-workspace/Source/Classes/ActionHandling/Actions.swift:21:52: error: 'UITouch' is unavailable in watchOS
19 |
20 | /// We're handling link touches elsewhere, so we want to do nothing if we end up on a link
21 | override open func touchesBegan(_ touches: Set<UITouch>, with event: UIEvent?) {
| `- error: 'UITouch' is unavailable in watchOS
22 | guard let touch = touches.first,
23 | let activeLink = link(at: touch.location(in: self)) else {
/Applications/Xcode-27.0.0-Release.Candidate.app/Contents/Developer/Platforms/WatchOS.platform/Developer/SDKs/WatchOS27.0.sdk/System/Library/Frameworks/UIKit.framework/Headers/UITouch.h:51:12: note: 'UITouch' has been explicitly marked unavailable here
49 |
50 | UIKIT_EXTERN API_AVAILABLE(ios(2.0)) API_UNAVAILABLE(watchos) NS_SWIFT_UI_ACTOR
51 | @interface UITouch : NSObject
| `- note: 'UITouch' has been explicitly marked unavailable here
52 |
53 | @property(nonatomic,readonly) NSTimeInterval timestamp;
/Users/admin/builder/spi-builder-workspace/Source/Classes/ActionHandling/Actions.swift:21:74: error: 'UIEvent' is unavailable in watchOS
19 |
20 | /// We're handling link touches elsewhere, so we want to do nothing if we end up on a link
21 | override open func touchesBegan(_ touches: Set<UITouch>, with event: UIEvent?) {
| `- error: 'UIEvent' is unavailable in watchOS
22 | guard let touch = touches.first,
23 | let activeLink = link(at: touch.location(in: self)) else {
/Applications/Xcode-27.0.0-Release.Candidate.app/Contents/Developer/Platforms/WatchOS.platform/Developer/SDKs/WatchOS27.0.sdk/System/Library/Frameworks/UIKit.framework/Headers/UIEvent.h:62:12: note: 'UIEvent' has been explicitly marked unavailable here
60 |
61 | UIKIT_EXTERN API_AVAILABLE(ios(2.0)) API_UNAVAILABLE(watchos) NS_SWIFT_UI_ACTOR
62 | @interface UIEvent : NSObject
| `- note: 'UIEvent' has been explicitly marked unavailable here
63 |
64 | @property(nonatomic,readonly) UIEventType type API_AVAILABLE(ios(3.0));
/Users/admin/builder/spi-builder-workspace/Source/Classes/ActionHandling/Actions.swift:33:56: error: 'UITouch' is unavailable in watchOS
31 | }
32 |
33 | override open func touchesCancelled(_ touches: Set<UITouch>, with event: UIEvent?) {
| `- error: 'UITouch' is unavailable in watchOS
34 | guard activeLink != nil else {
35 | super.touchesCancelled(touches, with: event)
/Applications/Xcode-27.0.0-Release.Candidate.app/Contents/Developer/Platforms/WatchOS.platform/Developer/SDKs/WatchOS27.0.sdk/System/Library/Frameworks/UIKit.framework/Headers/UITouch.h:51:12: note: 'UITouch' has been explicitly marked unavailable here
49 |
50 | UIKIT_EXTERN API_AVAILABLE(ios(2.0)) API_UNAVAILABLE(watchos) NS_SWIFT_UI_ACTOR
51 | @interface UITouch : NSObject
| `- note: 'UITouch' has been explicitly marked unavailable here
52 |
53 | @property(nonatomic,readonly) NSTimeInterval timestamp;
/Users/admin/builder/spi-builder-workspace/Source/Classes/ActionHandling/Actions.swift:33:78: error: 'UIEvent' is unavailable in watchOS
31 | }
32 |
33 | override open func touchesCancelled(_ touches: Set<UITouch>, with event: UIEvent?) {
| `- error: 'UIEvent' is unavailable in watchOS
34 | guard activeLink != nil else {
35 | super.touchesCancelled(touches, with: event)
/Applications/Xcode-27.0.0-Release.Candidate.app/Contents/Developer/Platforms/WatchOS.platform/Developer/SDKs/WatchOS27.0.sdk/System/Library/Frameworks/UIKit.framework/Headers/UIEvent.h:62:12: note: 'UIEvent' has been explicitly marked unavailable here
60 |
61 | UIKIT_EXTERN API_AVAILABLE(ios(2.0)) API_UNAVAILABLE(watchos) NS_SWIFT_UI_ACTOR
62 | @interface UIEvent : NSObject
| `- note: 'UIEvent' has been explicitly marked unavailable here
63 |
64 | @property(nonatomic,readonly) UIEventType type API_AVAILABLE(ios(3.0));
/Users/admin/builder/spi-builder-workspace/Source/Classes/ActionHandling/Actions.swift:42:52: error: 'UITouch' is unavailable in watchOS
40 | }
41 |
42 | override open func touchesEnded(_ touches: Set<UITouch>, with event: UIEvent?) {
| `- error: 'UITouch' is unavailable in watchOS
43 | guard let activeLink = activeLink else {
44 | super.touchesEnded(touches, with: event)
/Applications/Xcode-27.0.0-Release.Candidate.app/Contents/Developer/Platforms/WatchOS.platform/Developer/SDKs/WatchOS27.0.sdk/System/Library/Frameworks/UIKit.framework/Headers/UITouch.h:51:12: note: 'UITouch' has been explicitly marked unavailable here
49 |
50 | UIKIT_EXTERN API_AVAILABLE(ios(2.0)) API_UNAVAILABLE(watchos) NS_SWIFT_UI_ACTOR
51 | @interface UITouch : NSObject
| `- note: 'UITouch' has been explicitly marked unavailable here
52 |
53 | @property(nonatomic,readonly) NSTimeInterval timestamp;
/Users/admin/builder/spi-builder-workspace/Source/Classes/ActionHandling/Actions.swift:42:74: error: 'UIEvent' is unavailable in watchOS
40 | }
41 |
42 | override open func touchesEnded(_ touches: Set<UITouch>, with event: UIEvent?) {
| `- error: 'UIEvent' is unavailable in watchOS
43 | guard let activeLink = activeLink else {
44 | super.touchesEnded(touches, with: event)
/Applications/Xcode-27.0.0-Release.Candidate.app/Contents/Developer/Platforms/WatchOS.platform/Developer/SDKs/WatchOS27.0.sdk/System/Library/Frameworks/UIKit.framework/Headers/UIEvent.h:62:12: note: 'UIEvent' has been explicitly marked unavailable here
60 |
61 | UIKIT_EXTERN API_AVAILABLE(ios(2.0)) API_UNAVAILABLE(watchos) NS_SWIFT_UI_ACTOR
62 | @interface UIEvent : NSObject
| `- note: 'UIEvent' has been explicitly marked unavailable here
63 |
64 | @property(nonatomic,readonly) UIEventType type API_AVAILABLE(ios(3.0));
/Users/admin/builder/spi-builder-workspace/Source/Classes/ActionHandling/Actions.swift:52:52: error: 'UITouch' is unavailable in watchOS
50 | }
51 |
52 | override open func touchesMoved(_ touches: Set<UITouch>, with event: UIEvent?) {
| `- error: 'UITouch' is unavailable in watchOS
53 | guard let activeLink = activeLink else {
54 | super.touchesMoved(touches, with: event)
/Applications/Xcode-27.0.0-Release.Candidate.app/Contents/Developer/Platforms/WatchOS.platform/Developer/SDKs/WatchOS27.0.sdk/System/Library/Frameworks/UIKit.framework/Headers/UITouch.h:51:12: note: 'UITouch' has been explicitly marked unavailable here
49 |
50 | UIKIT_EXTERN API_AVAILABLE(ios(2.0)) API_UNAVAILABLE(watchos) NS_SWIFT_UI_ACTOR
51 | @interface UITouch : NSObject
| `- note: 'UITouch' has been explicitly marked unavailable here
52 |
53 | @property(nonatomic,readonly) NSTimeInterval timestamp;
SwiftCompile normal arm64 /Users/admin/builder/spi-builder-workspace/Source/Classes/Accessibility/Accessibility.swift (in target 'Nantes' from project 'Nantes')
cd /Users/admin/builder/spi-builder-workspace/.swiftpm/xcode
builtin-SwiftPerFileCompile Accessibility.swift
SwiftCompile normal arm64 /Users/admin/builder/spi-builder-workspace/Source/Classes/ActionHandling/Actions.swift (in target 'Nantes' from project 'Nantes')
cd /Users/admin/builder/spi-builder-workspace/.swiftpm/xcode
builtin-SwiftPerFileCompile Actions.swift
SwiftCompile normal arm64 Compiling\ NSRange.swift /Users/admin/builder/spi-builder-workspace/Source/Classes/Categories/NSRange.swift (in target 'Nantes' from project 'Nantes')
SwiftCompile normal arm64 /Users/admin/builder/spi-builder-workspace/Source/Classes/Categories/NSRange.swift (in target 'Nantes' from project 'Nantes')
cd /Users/admin/builder/spi-builder-workspace/.swiftpm/xcode
builtin-SwiftPerFileCompile NSRange.swift
SwiftCompile normal arm64 Compiling\ LabelDelegate.swift /Users/admin/builder/spi-builder-workspace/Source/Classes/Delegate/LabelDelegate.swift (in target 'Nantes' from project 'Nantes')
SwiftCompile normal arm64 /Users/admin/builder/spi-builder-workspace/Source/Classes/Delegate/LabelDelegate.swift (in target 'Nantes' from project 'Nantes')
cd /Users/admin/builder/spi-builder-workspace/.swiftpm/xcode
builtin-SwiftPerFileCompile LabelDelegate.swift
SwiftCompile normal arm64 Compiling\ Truncation.swift /Users/admin/builder/spi-builder-workspace/Source/Classes/Drawing/Truncation.swift (in target 'Nantes' from project 'Nantes')
SwiftCompile normal arm64 /Users/admin/builder/spi-builder-workspace/Source/Classes/Drawing/Truncation.swift (in target 'Nantes' from project 'Nantes')
cd /Users/admin/builder/spi-builder-workspace/.swiftpm/xcode
builtin-SwiftPerFileCompile Truncation.swift
SwiftCompile normal arm64 Compiling\ NantesLabel.swift /Users/admin/builder/spi-builder-workspace/Source/Classes/NantesLabel.swift (in target 'Nantes' from project 'Nantes')
/Users/admin/builder/spi-builder-workspace/Source/Classes/NantesLabel.swift:161:23: error: cannot override 'accessibilityElements' which has been marked unavailable
159 | // MARK: - UILabel vars
160 |
161 | override open var accessibilityElements: [Any]? {
| |- error: cannot override 'accessibilityElements' which has been marked unavailable
| `- note: remove 'override' modifier to declare a new 'accessibilityElements'
162 | get {
163 | accessibilityLock.lock()
/Applications/Xcode-27.0.0-Release.Candidate.app/Contents/Developer/Platforms/WatchOS.platform/Developer/SDKs/WatchOS27.0.sdk/System/Library/Frameworks/UIKit.framework/Headers/UIAccessibilityContainer.h:53:50: note: 'accessibilityElements' has been explicitly marked unavailable here
51 | // This can be used as an alternative to implementing the dynamic methods.
52 | // default == nil
53 | @property (nullable, nonatomic, strong) NSArray *accessibilityElements API_AVAILABLE(ios(8.0)) API_UNAVAILABLE(watchos) NS_SWIFT_UI_ACTOR;
| `- note: 'accessibilityElements' has been explicitly marked unavailable here
54 |
55 | // Some containers provide more context for accessibility elements, such as tables or lists.
/Users/admin/builder/spi-builder-workspace/Source/Classes/NantesLabel.swift:11:39: error: 'UILabel' is unavailable in watchOS
9 | import UIKit
10 |
11 | @IBDesignable open class NantesLabel: UILabel {
| `- error: 'UILabel' is unavailable in watchOS
12 | public enum VerticalAlignment {
13 | case top
/Applications/Xcode-27.0.0-Release.Candidate.app/Contents/Developer/Platforms/WatchOS.platform/Developer/SDKs/WatchOS27.0.sdk/System/Library/Frameworks/UIKit.framework/Headers/UILabel.h:33:12: note: 'UILabel' has been explicitly marked unavailable here
31 |
32 | UIKIT_EXTERN API_AVAILABLE(ios(2.0)) API_UNAVAILABLE(watchos) NS_SWIFT_UI_ACTOR
33 | @interface UILabel : UIView <NSCoding, UIContentSizeCategoryAdjusting, UILetterformAwareAdjusting>
| `- note: 'UILabel' has been explicitly marked unavailable here
34 |
35 | @property(nullable, nonatomic,copy) NSString *text; // default is nil
SwiftCompile normal arm64 /Users/admin/builder/spi-builder-workspace/Source/Classes/NantesLabel.swift (in target 'Nantes' from project 'Nantes')
cd /Users/admin/builder/spi-builder-workspace/.swiftpm/xcode
builtin-SwiftPerFileCompile NantesLabel.swift
SwiftCompile normal arm64 Compiling\ Drawing.swift /Users/admin/builder/spi-builder-workspace/Source/Classes/Drawing/Drawing.swift (in target 'Nantes' from project 'Nantes')
SwiftCompile normal arm64 /Users/admin/builder/spi-builder-workspace/Source/Classes/Drawing/Drawing.swift (in target 'Nantes' from project 'Nantes')
cd /Users/admin/builder/spi-builder-workspace/.swiftpm/xcode
builtin-SwiftPerFileCompile Drawing.swift
SwiftCompile normal arm64 Compiling\ Sizing.swift /Users/admin/builder/spi-builder-workspace/Source/Classes/Sizing/Sizing.swift (in target 'Nantes' from project 'Nantes')
SwiftCompile normal arm64 /Users/admin/builder/spi-builder-workspace/Source/Classes/Sizing/Sizing.swift (in target 'Nantes' from project 'Nantes')
cd /Users/admin/builder/spi-builder-workspace/.swiftpm/xcode
builtin-SwiftPerFileCompile Sizing.swift
SwiftEmitModule normal arm64 Emitting\ module\ for\ Nantes (in target 'Nantes' from project 'Nantes')
/Users/admin/builder/spi-builder-workspace/Source/Classes/Accessibility/Accessibility.swift:13:25: error: 'UIView' is unavailable in watchOS
11 | final class NantesLabelAccessibilityElement: UIAccessibilityElement {
12 | var boundingRect: CGRect = .zero
13 | weak var superview: UIView?
| `- error: 'UIView' is unavailable in watchOS
14 |
15 | override var accessibilityFrame: CGRect {
/Applications/Xcode-27.0.0-Release.Candidate.app/Contents/Developer/Platforms/WatchOS.platform/Developer/SDKs/WatchOS27.0.sdk/System/Library/Frameworks/UIKit.framework/Headers/UIView.h:152:12: note: 'UIView' has been explicitly marked unavailable here
150 |
151 | UIKIT_EXTERN API_AVAILABLE(ios(2.0)) API_UNAVAILABLE(watchos) NS_SWIFT_UI_ACTOR
152 | @interface UIView : UIResponder <NSCoding, UIAppearance, UIAppearanceContainer, UIDynamicItem, UITraitEnvironment, UICoordinateSpace, UIFocusItem, UIFocusItemContainer, CALayerDelegate>
| `- note: 'UIView' has been explicitly marked unavailable here
153 |
154 | @property(class, nonatomic, readonly) Class layerClass; // default is [CALayer class]. Used when creating the underlying layer for the view.
/Users/admin/builder/spi-builder-workspace/Source/Classes/Accessibility/Accessibility.swift:11:46: error: 'UIAccessibilityElement' is unavailable in watchOS
9 | import UIKit
10 |
11 | final class NantesLabelAccessibilityElement: UIAccessibilityElement {
| `- error: 'UIAccessibilityElement' is unavailable in watchOS
12 | var boundingRect: CGRect = .zero
13 | weak var superview: UIView?
/Applications/Xcode-27.0.0-Release.Candidate.app/Contents/Developer/Platforms/WatchOS.platform/Developer/SDKs/WatchOS27.0.sdk/System/Library/Frameworks/UIKit.framework/Headers/UIAccessibilityElement.h:26:12: note: 'UIAccessibilityElement' has been explicitly marked unavailable here
24 |
25 | UIKIT_EXTERN API_AVAILABLE(ios(3.0)) API_UNAVAILABLE(watchos) NS_SWIFT_UI_ACTOR
26 | @interface UIAccessibilityElement : UIResponder<UIAccessibilityIdentification>
| `- note: 'UIAccessibilityElement' has been explicitly marked unavailable here
27 |
28 | // initialize with the accessibility container that contains this element
/Users/admin/builder/spi-builder-workspace/Source/Classes/Accessibility/Accessibility.swift:27:23: error: cannot override 'isAccessibilityElement' which has been marked unavailable
25 |
26 | extension NantesLabel {
27 | override open var isAccessibilityElement: Bool {
| |- error: cannot override 'isAccessibilityElement' which has been marked unavailable
| `- note: remove 'override' modifier to declare a new 'isAccessibilityElement'
28 | get {
29 | return false
/Applications/Xcode-27.0.0-Release.Candidate.app/Contents/Developer/Platforms/WatchOS.platform/Developer/SDKs/WatchOS27.0.sdk/System/Library/Frameworks/UIKit.framework/Headers/UIAccessibility.h:52:28: note: 'isAccessibilityElement' has been explicitly marked unavailable here
50 | Setting the property to YES will cause the receiver to be visible to assistive applications.
51 | */
52 | @property (nonatomic) BOOL isAccessibilityElement API_UNAVAILABLE(watchos) NS_SWIFT_UI_ACTOR;
| `- note: 'isAccessibilityElement' has been explicitly marked unavailable here
53 |
54 | /*
/Users/admin/builder/spi-builder-workspace/Source/Classes/Accessibility/Accessibility.swift:64:62: error: 'UIAccessibilityCustomAction' is unavailable in watchOS
62 | }
63 |
64 | @objc private func handleAccessibilityActivate(_ action: UIAccessibilityCustomAction) {
| `- error: 'UIAccessibilityCustomAction' is unavailable in watchOS
65 | guard let link = linkModels.first(where: { link -> Bool in
66 | link.text == action.name
/Applications/Xcode-27.0.0-Release.Candidate.app/Contents/Developer/Platforms/WatchOS.platform/Developer/SDKs/WatchOS27.0.sdk/System/Library/Frameworks/UIKit.framework/Headers/UIAccessibilityCustomAction.h:16:12: note: 'UIAccessibilityCustomAction' has been explicitly marked unavailable here
14 |
15 | UIKIT_EXTERN API_AVAILABLE(ios(8.0)) API_UNAVAILABLE(watchos) NS_SWIFT_UI_ACTOR
16 | @interface UIAccessibilityCustomAction : NSObject
| `- note: 'UIAccessibilityCustomAction' has been explicitly marked unavailable here
17 |
18 | - (instancetype)initWithName:(NSString *)name target:(nullable id)target selector:(SEL)selector;
/Users/admin/builder/spi-builder-workspace/Source/Classes/ActionHandling/Actions.swift:12:62: error: 'UIEvent' is unavailable in watchOS
10 |
11 | extension NantesLabel {
12 | override open func hitTest(_ point: CGPoint, with event: UIEvent?) -> UIView? {
| `- error: 'UIEvent' is unavailable in watchOS
13 | guard link(at: point) != nil && isUserInteractionEnabled && !isHidden && alpha > 0.0 else {
14 | return super.hitTest(point, with: event)
/Applications/Xcode-27.0.0-Release.Candidate.app/Contents/Developer/Platforms/WatchOS.platform/Developer/SDKs/WatchOS27.0.sdk/System/Library/Frameworks/UIKit.framework/Headers/UIEvent.h:62:12: note: 'UIEvent' has been explicitly marked unavailable here
60 |
61 | UIKIT_EXTERN API_AVAILABLE(ios(2.0)) API_UNAVAILABLE(watchos) NS_SWIFT_UI_ACTOR
62 | @interface UIEvent : NSObject
| `- note: 'UIEvent' has been explicitly marked unavailable here
63 |
64 | @property(nonatomic,readonly) UIEventType type API_AVAILABLE(ios(3.0));
/Users/admin/builder/spi-builder-workspace/Source/Classes/ActionHandling/Actions.swift:12:75: error: 'UIView' is unavailable in watchOS
10 |
11 | extension NantesLabel {
12 | override open func hitTest(_ point: CGPoint, with event: UIEvent?) -> UIView? {
| `- error: 'UIView' is unavailable in watchOS
13 | guard link(at: point) != nil && isUserInteractionEnabled && !isHidden && alpha > 0.0 else {
14 | return super.hitTest(point, with: event)
/Applications/Xcode-27.0.0-Release.Candidate.app/Contents/Developer/Platforms/WatchOS.platform/Developer/SDKs/WatchOS27.0.sdk/System/Library/Frameworks/UIKit.framework/Headers/UIView.h:152:12: note: 'UIView' has been explicitly marked unavailable here
150 |
151 | UIKIT_EXTERN API_AVAILABLE(ios(2.0)) API_UNAVAILABLE(watchos) NS_SWIFT_UI_ACTOR
152 | @interface UIView : UIResponder <NSCoding, UIAppearance, UIAppearanceContainer, UIDynamicItem, UITraitEnvironment, UICoordinateSpace, UIFocusItem, UIFocusItemContainer, CALayerDelegate>
| `- note: 'UIView' has been explicitly marked unavailable here
153 |
154 | @property(class, nonatomic, readonly) Class layerClass; // default is [CALayer class]. Used when creating the underlying layer for the view.
/Users/admin/builder/spi-builder-workspace/Source/Classes/ActionHandling/Actions.swift:21:52: error: 'UITouch' is unavailable in watchOS
19 |
20 | /// We're handling link touches elsewhere, so we want to do nothing if we end up on a link
21 | override open func touchesBegan(_ touches: Set<UITouch>, with event: UIEvent?) {
| `- error: 'UITouch' is unavailable in watchOS
22 | guard let touch = touches.first,
23 | let activeLink = link(at: touch.location(in: self)) else {
/Applications/Xcode-27.0.0-Release.Candidate.app/Contents/Developer/Platforms/WatchOS.platform/Developer/SDKs/WatchOS27.0.sdk/System/Library/Frameworks/UIKit.framework/Headers/UITouch.h:51:12: note: 'UITouch' has been explicitly marked unavailable here
49 |
50 | UIKIT_EXTERN API_AVAILABLE(ios(2.0)) API_UNAVAILABLE(watchos) NS_SWIFT_UI_ACTOR
51 | @interface UITouch : NSObject
| `- note: 'UITouch' has been explicitly marked unavailable here
52 |
53 | @property(nonatomic,readonly) NSTimeInterval timestamp;
/Users/admin/builder/spi-builder-workspace/Source/Classes/ActionHandling/Actions.swift:21:74: error: 'UIEvent' is unavailable in watchOS
19 |
20 | /// We're handling link touches elsewhere, so we want to do nothing if we end up on a link
21 | override open func touchesBegan(_ touches: Set<UITouch>, with event: UIEvent?) {
| `- error: 'UIEvent' is unavailable in watchOS
22 | guard let touch = touches.first,
23 | let activeLink = link(at: touch.location(in: self)) else {
/Applications/Xcode-27.0.0-Release.Candidate.app/Contents/Developer/Platforms/WatchOS.platform/Developer/SDKs/WatchOS27.0.sdk/System/Library/Frameworks/UIKit.framework/Headers/UIEvent.h:62:12: note: 'UIEvent' has been explicitly marked unavailable here
60 |
61 | UIKIT_EXTERN API_AVAILABLE(ios(2.0)) API_UNAVAILABLE(watchos) NS_SWIFT_UI_ACTOR
62 | @interface UIEvent : NSObject
| `- note: 'UIEvent' has been explicitly marked unavailable here
63 |
64 | @property(nonatomic,readonly) UIEventType type API_AVAILABLE(ios(3.0));
/Users/admin/builder/spi-builder-workspace/Source/Classes/ActionHandling/Actions.swift:33:56: error: 'UITouch' is unavailable in watchOS
31 | }
32 |
33 | override open func touchesCancelled(_ touches: Set<UITouch>, with event: UIEvent?) {
| `- error: 'UITouch' is unavailable in watchOS
34 | guard activeLink != nil else {
35 | super.touchesCancelled(touches, with: event)
/Applications/Xcode-27.0.0-Release.Candidate.app/Contents/Developer/Platforms/WatchOS.platform/Developer/SDKs/WatchOS27.0.sdk/System/Library/Frameworks/UIKit.framework/Headers/UITouch.h:51:12: note: 'UITouch' has been explicitly marked unavailable here
49 |
50 | UIKIT_EXTERN API_AVAILABLE(ios(2.0)) API_UNAVAILABLE(watchos) NS_SWIFT_UI_ACTOR
51 | @interface UITouch : NSObject
| `- note: 'UITouch' has been explicitly marked unavailable here
52 |
53 | @property(nonatomic,readonly) NSTimeInterval timestamp;
/Users/admin/builder/spi-builder-workspace/Source/Classes/ActionHandling/Actions.swift:33:78: error: 'UIEvent' is unavailable in watchOS
31 | }
32 |
33 | override open func touchesCancelled(_ touches: Set<UITouch>, with event: UIEvent?) {
| `- error: 'UIEvent' is unavailable in watchOS
34 | guard activeLink != nil else {
35 | super.touchesCancelled(touches, with: event)
/Applications/Xcode-27.0.0-Release.Candidate.app/Contents/Developer/Platforms/WatchOS.platform/Developer/SDKs/WatchOS27.0.sdk/System/Library/Frameworks/UIKit.framework/Headers/UIEvent.h:62:12: note: 'UIEvent' has been explicitly marked unavailable here
60 |
61 | UIKIT_EXTERN API_AVAILABLE(ios(2.0)) API_UNAVAILABLE(watchos) NS_SWIFT_UI_ACTOR
62 | @interface UIEvent : NSObject
| `- note: 'UIEvent' has been explicitly marked unavailable here
63 |
64 | @property(nonatomic,readonly) UIEventType type API_AVAILABLE(ios(3.0));
/Users/admin/builder/spi-builder-workspace/Source/Classes/ActionHandling/Actions.swift:42:52: error: 'UITouch' is unavailable in watchOS
40 | }
41 |
42 | override open func touchesEnded(_ touches: Set<UITouch>, with event: UIEvent?) {
| `- error: 'UITouch' is unavailable in watchOS
43 | guard let activeLink = activeLink else {
44 | super.touchesEnded(touches, with: event)
/Applications/Xcode-27.0.0-Release.Candidate.app/Contents/Developer/Platforms/WatchOS.platform/Developer/SDKs/WatchOS27.0.sdk/System/Library/Frameworks/UIKit.framework/Headers/UITouch.h:51:12: note: 'UITouch' has been explicitly marked unavailable here
49 |
50 | UIKIT_EXTERN API_AVAILABLE(ios(2.0)) API_UNAVAILABLE(watchos) NS_SWIFT_UI_ACTOR
51 | @interface UITouch : NSObject
| `- note: 'UITouch' has been explicitly marked unavailable here
52 |
53 | @property(nonatomic,readonly) NSTimeInterval timestamp;
/Users/admin/builder/spi-builder-workspace/Source/Classes/ActionHandling/Actions.swift:42:74: error: 'UIEvent' is unavailable in watchOS
40 | }
41 |
42 | override open func touchesEnded(_ touches: Set<UITouch>, with event: UIEvent?) {
| `- error: 'UIEvent' is unavailable in watchOS
43 | guard let activeLink = activeLink else {
44 | super.touchesEnded(touches, with: event)
/Applications/Xcode-27.0.0-Release.Candidate.app/Contents/Developer/Platforms/WatchOS.platform/Developer/SDKs/WatchOS27.0.sdk/System/Library/Frameworks/UIKit.framework/Headers/UIEvent.h:62:12: note: 'UIEvent' has been explicitly marked unavailable here
60 |
61 | UIKIT_EXTERN API_AVAILABLE(ios(2.0)) API_UNAVAILABLE(watchos) NS_SWIFT_UI_ACTOR
62 | @interface UIEvent : NSObject
| `- note: 'UIEvent' has been explicitly marked unavailable here
63 |
64 | @property(nonatomic,readonly) UIEventType type API_AVAILABLE(ios(3.0));
/Users/admin/builder/spi-builder-workspace/Source/Classes/ActionHandling/Actions.swift:52:52: error: 'UITouch' is unavailable in watchOS
50 | }
51 |
52 | override open func touchesMoved(_ touches: Set<UITouch>, with event: UIEvent?) {
| `- error: 'UITouch' is unavailable in watchOS
53 | guard let activeLink = activeLink else {
54 | super.touchesMoved(touches, with: event)
/Applications/Xcode-27.0.0-Release.Candidate.app/Contents/Developer/Platforms/WatchOS.platform/Developer/SDKs/WatchOS27.0.sdk/System/Library/Frameworks/UIKit.framework/Headers/UITouch.h:51:12: note: 'UITouch' has been explicitly marked unavailable here
49 |
50 | UIKIT_EXTERN API_AVAILABLE(ios(2.0)) API_UNAVAILABLE(watchos) NS_SWIFT_UI_ACTOR
51 | @interface UITouch : NSObject
| `- note: 'UITouch' has been explicitly marked unavailable here
52 |
53 | @property(nonatomic,readonly) NSTimeInterval timestamp;
/Users/admin/builder/spi-builder-workspace/Source/Classes/ActionHandling/Actions.swift:52:74: error: 'UIEvent' is unavailable in watchOS
50 | }
51 |
52 | override open func touchesMoved(_ touches: Set<UITouch>, with event: UIEvent?) {
| `- error: 'UIEvent' is unavailable in watchOS
53 | guard let activeLink = activeLink else {
54 | super.touchesMoved(touches, with: event)
/Applications/Xcode-27.0.0-Release.Candidate.app/Contents/Developer/Platforms/WatchOS.platform/Developer/SDKs/WatchOS27.0.sdk/System/Library/Frameworks/UIKit.framework/Headers/UIEvent.h:62:12: note: 'UIEvent' has been explicitly marked unavailable here
60 |
61 | UIKIT_EXTERN API_AVAILABLE(ios(2.0)) API_UNAVAILABLE(watchos) NS_SWIFT_UI_ACTOR
62 | @interface UIEvent : NSObject
| `- note: 'UIEvent' has been explicitly marked unavailable here
63 |
64 | @property(nonatomic,readonly) UIEventType type API_AVAILABLE(ios(3.0));
/Users/admin/builder/spi-builder-workspace/Source/Classes/ActionHandling/Link.swift:45:5: warning: non-'@objc' instance method declared in extension cannot be overridden; use 'public' instead; this will be an error in a future Swift language mode
43 |
44 | /// Adds a single link
45 | open func addLink(_ link: NantesLabel.Link) {
| `- warning: non-'@objc' instance method declared in extension cannot be overridden; use 'public' instead; this will be an error in a future Swift language mode
46 | addLinks([link])
47 | }
/Users/admin/builder/spi-builder-workspace/Source/Classes/ActionHandling/Link.swift:51:5: warning: non-'@objc' instance method declared in extension cannot be overridden; use 'public' instead; this will be an error in a future Swift language mode
49 | /// Adds a link to a `url` with a specified `range`
50 | @discardableResult
51 | open func addLink(to url: URL, withRange range: NSRange) -> NantesLabel.Link? {
| `- warning: non-'@objc' instance method declared in extension cannot be overridden; use 'public' instead; this will be an error in a future Swift language mode
52 | return addLinks(with: [.linkCheckingResult(range: range, url: url)], withAttributes: linkAttributes).first
53 | }
/Users/admin/builder/spi-builder-workspace/Source/Classes/Delegate/LabelDelegate.swift:11:38: warning: using 'class' keyword to define a class-constrained protocol is deprecated; use 'AnyObject' instead [#deprecation]
9 | import UIKit
10 |
11 | public protocol NantesLabelDelegate: class {
| `- warning: using 'class' keyword to define a class-constrained protocol is deprecated; use 'AnyObject' instead [#deprecation]
12 | func attributedLabel(_ label: NantesLabel, didSelectAddress addressComponents: [NSTextCheckingKey: String])
13 | func attributedLabel(_ label: NantesLabel, didSelectDate date: Date, timeZone: TimeZone, duration: TimeInterval)
/Users/admin/builder/spi-builder-workspace/Source/Classes/NantesLabel.swift:161:23: error: cannot override 'accessibilityElements' which has been marked unavailable
159 | // MARK: - UILabel vars
160 |
161 | override open var accessibilityElements: [Any]? {
| |- error: cannot override 'accessibilityElements' which has been marked unavailable
| `- note: remove 'override' modifier to declare a new 'accessibilityElements'
162 | get {
163 | accessibilityLock.lock()
/Applications/Xcode-27.0.0-Release.Candidate.app/Contents/Developer/Platforms/WatchOS.platform/Developer/SDKs/WatchOS27.0.sdk/System/Library/Frameworks/UIKit.framework/Headers/UIAccessibilityContainer.h:53:50: note: 'accessibilityElements' has been explicitly marked unavailable here
51 | // This can be used as an alternative to implementing the dynamic methods.
52 | // default == nil
53 | @property (nullable, nonatomic, strong) NSArray *accessibilityElements API_AVAILABLE(ios(8.0)) API_UNAVAILABLE(watchos) NS_SWIFT_UI_ACTOR;
| `- note: 'accessibilityElements' has been explicitly marked unavailable here
54 |
55 | // Some containers provide more context for accessibility elements, such as tables or lists.
/Users/admin/builder/spi-builder-workspace/Source/Classes/NantesLabel.swift:11:39: error: 'UILabel' is unavailable in watchOS
9 | import UIKit
10 |
11 | @IBDesignable open class NantesLabel: UILabel {
| `- error: 'UILabel' is unavailable in watchOS
12 | public enum VerticalAlignment {
13 | case top
/Applications/Xcode-27.0.0-Release.Candidate.app/Contents/Developer/Platforms/WatchOS.platform/Developer/SDKs/WatchOS27.0.sdk/System/Library/Frameworks/UIKit.framework/Headers/UILabel.h:33:12: note: 'UILabel' has been explicitly marked unavailable here
31 |
32 | UIKIT_EXTERN API_AVAILABLE(ios(2.0)) API_UNAVAILABLE(watchos) NS_SWIFT_UI_ACTOR
33 | @interface UILabel : UIView <NSCoding, UIContentSizeCategoryAdjusting, UILetterformAwareAdjusting>
| `- note: 'UILabel' has been explicitly marked unavailable here
34 |
35 | @property(nullable, nonatomic,copy) NSString *text; // default is nil
Failed frontend command:
/Applications/Xcode-27.0.0-Release.Candidate.app/Contents/Developer/Toolchains/XcodeDefault.xctoolchain/usr/bin/swift-frontend -frontend -emit-module -experimental-skip-non-inlinable-function-bodies-without-types /Users/admin/builder/spi-builder-workspace/Source/Classes/Accessibility/Accessibility.swift /Users/admin/builder/spi-builder-workspace/Source/Classes/ActionHandling/Actions.swift /Users/admin/builder/spi-builder-workspace/Source/Classes/ActionHandling/Link.swift /Users/admin/builder/spi-builder-workspace/Source/Classes/Categories/NSAttributedString.swift /Users/admin/builder/spi-builder-workspace/Source/Classes/Categories/NSAttributedStringKey.swift /Users/admin/builder/spi-builder-workspace/Source/Classes/Categories/NSRange.swift /Users/admin/builder/spi-builder-workspace/Source/Classes/Delegate/LabelDelegate.swift /Users/admin/builder/spi-builder-workspace/Source/Classes/Drawing/Drawing.swift /Users/admin/builder/spi-builder-workspace/Source/Classes/Drawing/Scaling.swift /Users/admin/builder/spi-builder-workspace/Source/Classes/Drawing/Truncation.swift /Users/admin/builder/spi-builder-workspace/Source/Classes/NantesLabel.swift /Users/admin/builder/spi-builder-workspace/Source/Classes/Sizing/Sizing.swift -target arm64-apple-watchos9.0 -disable-cross-import-overlay-search -load-resolved-plugin /Applications/Xcode-27.0.0-Release.Candidate.app/Contents/Developer/Platforms/WatchOS.platform/Developer/usr/lib/swift/host/plugins/libFoundationMacros.dylib\#/Applications/Xcode-27.0.0-Release.Candidate.app/Contents/Developer/Platforms/WatchOS.platform/Developer/usr/bin/swift-plugin-server\#FoundationMacros -load-resolved-plugin /Applications/Xcode-27.0.0-Release.Candidate.app/Contents/Developer/Platforms/WatchOS.platform/Developer/usr/lib/swift/host/plugins/libObservationMacros.dylib\#/Applications/Xcode-27.0.0-Release.Candidate.app/Contents/Developer/Platforms/WatchOS.platform/Developer/usr/bin/swift-plugin-server\#ObservationMacros -load-resolved-plugin /Applications/Xcode-27.0.0-Release.Candidate.app/Contents/Developer/Platforms/WatchOS.platform/Developer/usr/lib/swift/host/plugins/libSwiftMacros.dylib\#/Applications/Xcode-27.0.0-Release.Candidate.app/Contents/Developer/Platforms/WatchOS.platform/Developer/usr/bin/swift-plugin-server\#SwiftMacros -load-resolved-plugin /Applications/Xcode-27.0.0-Release.Candidate.app/Contents/Developer/Platforms/WatchOS.platform/Developer/usr/lib/swift/host/plugins/libSwiftUIMacros.dylib\#/Applications/Xcode-27.0.0-Release.Candidate.app/Contents/Developer/Platforms/WatchOS.platform/Developer/usr/bin/swift-plugin-server\#SwiftUIMacros -disable-implicit-swift-modules -Xcc -fno-implicit-modules -Xcc -fno-implicit-module-maps -explicit-swift-module-map-file /Users/admin/builder/spi-builder-workspace/.derivedData/Build/Intermediates.noindex/Nantes.build/Debug-watchos/Nantes-t.build/Objects-normal/arm64/Nantes-dependencies-1.json -Xllvm -aarch64-use-tbi -enable-objc-interop -stack-check -sdk /Applications/Xcode-27.0.0-Release.Candidate.app/Contents/Developer/Platforms/WatchOS.platform/Developer/SDKs/WatchOS27.0.sdk -I /Users/admin/builder/spi-builder-workspace/.derivedData/Build/Products/Debug-watchos -Isystem /Applications/Xcode-27.0.0-Release.Candidate.app/Contents/Developer/Platforms/WatchOS.platform/Developer/usr/lib -F /Users/admin/builder/spi-builder-workspace/.derivedData/Build/Products/Debug-watchos -F /Applications/Xcode-27.0.0-Release.Candidate.app/Contents/Developer/Platforms/WatchOS.platform/Developer/Library/Frameworks -F /Applications/Xcode-27.0.0-Release.Candidate.app/Contents/Developer/Platforms/WatchOS.platform/Developer/SDKs/WatchOS27.0.sdk/Developer/Library/Frameworks -module-cache-path /Users/admin/builder/spi-builder-workspace/.derivedData/Build/Intermediates.noindex/SwiftExplicitPrecompiledModules -no-color-diagnostics -Xcc -fno-color-diagnostics -enable-testing -g -debug-info-format\=dwarf -dwarf-version\=4 -swift-version 5 -Onone -D SWIFT_PACKAGE -D DEBUG -D SWIFT_MODULE_RESOURCE_BUNDLE_UNAVAILABLE -D Xcode -serialize-debugging-options -enable-experimental-feature DebugDescriptionMacro -empty-abi-descriptor -validate-clang-modules-once -clang-build-session-file /Users/admin/builder/spi-builder-workspace/.derivedData/ModuleCache.noindex/Session.modulevalidation -Xcc -working-directory -Xcc /Users/admin/builder/spi-builder-workspace/.swiftpm/xcode -enable-anonymous-context-mangled-names -file-compilation-dir /Users/admin/builder/spi-builder-workspace/.swiftpm/xcode -Xcc -D_LIBCPP_HARDENING_MODE\=_LIBCPP_HARDENING_MODE_DEBUG -Xcc -ivfsstatcache -Xcc /Users/admin/builder/spi-builder-workspace/.derivedData/SDKStatCaches.noindex/watchos27.0-24R360-e829b21a6f8c9b70876ba0858053c04477534ef55a1706bf4c1112bbb242f0a2.sdkstatcache -Xcc -fmodules-prune-interval\=86400 -Xcc -fmodules-prune-after\=345600 -Xcc -I/Users/admin/builder/spi-builder-workspace/.derivedData/Build/Products/Debug-watchos/include -Xcc -I/Users/admin/builder/spi-builder-workspace/.derivedData/Build/Intermediates.noindex/Nantes.build/Debug-watchos/Nantes-t.build/DerivedSources-normal/arm64 -Xcc -I/Users/admin/builder/spi-builder-workspace/.derivedData/Build/Intermediates.noindex/Nantes.build/Debug-watchos/Nantes-t.build/DerivedSources/arm64 -Xcc -I/Users/admin/builder/spi-builder-workspace/.derivedData/Build/Intermediates.noindex/Nantes.build/Debug-watchos/Nantes-t.build/DerivedSources -Xcc -DSWIFT_PACKAGE -Xcc -DDEBUG\=1 -no-auto-bridging-header-chaining -module-name Nantes -const-gather-protocols-file /Users/admin/builder/spi-builder-workspace/.derivedData/Build/Intermediates.noindex/Nantes.build/Debug-watchos/Nantes-t.build/Objects-normal/arm64/Nantes_const_extract_protocols.json -disable-clang-spi -clang-target arm64-apple-watchos27.0 -target-sdk-version 27.0 -target-sdk-name watchos27.0 -in-process-plugin-server-path /Applications/Xcode-27.0.0-Release.Candidate.app/Contents/Developer/Toolchains/XcodeDefault.xctoolchain/usr/lib/swift/host/libSwiftInProcPluginServer.dylib -emit-module-doc-path /Users/admin/builder/spi-builder-workspace/.derivedData/Build/Intermediates.noindex/Nantes.build/Debug-watchos/Nantes-t.build/Objects-normal/arm64/Nantes.swiftdoc -emit-module-source-info-path /Users/admin/builder/spi-builder-workspace/.derivedData/Build/Intermediates.noindex/Nantes.build/Debug-watchos/Nantes-t.build/Objects-normal/arm64/Nantes.swiftsourceinfo -emit-objc-header-path /Users/admin/builder/spi-builder-workspace/.derivedData/Build/Intermediates.noindex/Nantes.build/Debug-watchos/Nantes-t.build/Objects-normal/arm64/Nantes-Swift.h -serialize-diagnostics-path /Users/admin/builder/spi-builder-workspace/.derivedData/Build/Intermediates.noindex/Nantes.build/Debug-watchos/Nantes-t.build/Objects-normal/arm64/Nantes-primary-emit-module.dia -emit-dependencies-path /Users/admin/builder/spi-builder-workspace/.derivedData/Build/Intermediates.noindex/Nantes.build/Debug-watchos/Nantes-t.build/Objects-normal/arm64/Nantes-primary-emit-module.d -parse-as-library -o /Users/admin/builder/spi-builder-workspace/.derivedData/Build/Intermediates.noindex/Nantes.build/Debug-watchos/Nantes-t.build/Objects-normal/arm64/Nantes.swiftmodule -emit-abi-descriptor-path /Users/admin/builder/spi-builder-workspace/.derivedData/Build/Intermediates.noindex/Nantes.build/Debug-watchos/Nantes-t.build/Objects-normal/arm64/Nantes.abi.json
SwiftCompile normal arm64 (in target 'Nantes' from project 'Nantes')
cd /Users/admin/builder/spi-builder-workspace/.swiftpm/xcode
SwiftEmitModule normal arm64_32 Emitting\ module\ for\ Nantes (in target 'Nantes' from project 'Nantes')
SwiftCompile normal arm64_32 (in target 'Nantes' from project 'Nantes')
cd /Users/admin/builder/spi-builder-workspace/.swiftpm/xcode
PruneExplicitPrecompiledModules /Users/admin/builder/spi-builder-workspace/.derivedData/Build/Intermediates.noindex/ExplicitPrecompiledModules
PruneExplicitPrecompiledModules /Users/admin/builder/spi-builder-workspace/.derivedData/Build/Intermediates.noindex/SwiftExplicitPrecompiledModules
PruneExplicitPrecompiledModules /Users/admin/builder/spi-builder-workspace/.derivedData/SDKExplicitPrecompiledModules
2026-09-18 00:53:39.786 xcodebuild[850:5013] [MT] IDERunDestination: Supported platforms for the buildables in the current scheme is empty.
** BUILD FAILED **
The following build commands failed:
SwiftEmitModule normal arm64 Emitting\ module\ for\ Nantes (in target 'Nantes' from project 'Nantes')
SwiftCompile normal arm64 (in target 'Nantes' from project 'Nantes')
Building workspace Nantes with scheme Nantes
(3 failures)
BUILD FAILURE 6.4 watchOS