Build Information
Failed to build executorch, reference v1.5.1 (3b6068), with Swift 6.3 for iOS using Xcode 26.4 on 29 Sep 2026 05:12:18 UTC.
Build Command
No build command. This typically means the build failed at an early stage where we determine the build command.Build Log
========================================
RunAll
========================================
Builder version: 5.1.0
Interrupt handler set up.
========================================
Checkout
========================================
Clone URL: https://github.com/pytorch/executorch.git
Reference: v1.5.1
Initialized empty Git repository in /Users/admin/builder/spi-builder-workspace/.git/
From https://github.com/pytorch/executorch
* tag v1.5.1 -> FETCH_HEAD
HEAD is now at 3b60683 Arm backend: Partially support dynamic spatial ops (#22931)
Updating files: 69% (6599/9556)
Updating files: 70% (6690/9556)
Updating files: 71% (6785/9556)
Updating files: 72% (6881/9556)
Updating files: 73% (6976/9556)
Updating files: 74% (7072/9556)
Updating files: 75% (7167/9556)
Updating files: 76% (7263/9556)
Updating files: 77% (7359/9556)
Updating files: 78% (7454/9556)
Updating files: 79% (7550/9556)
Updating files: 80% (7645/9556)
Updating files: 81% (7741/9556)
Updating files: 82% (7836/9556)
Updating files: 83% (7932/9556)
Updating files: 84% (8028/9556)
Updating files: 85% (8123/9556)
Updating files: 86% (8219/9556)
Updating files: 87% (8314/9556)
Updating files: 88% (8410/9556)
Updating files: 89% (8505/9556)
Updating files: 90% (8601/9556)
Updating files: 91% (8696/9556)
Updating files: 92% (8792/9556)
Updating files: 93% (8888/9556)
Updating files: 94% (8983/9556)
Updating files: 95% (9079/9556)
Updating files: 96% (9174/9556)
Updating files: 97% (9270/9556)
Updating files: 98% (9365/9556)
Updating files: 99% (9461/9556)
Updating files: 100% (9556/9556)
Updating files: 100% (9556/9556), done.
Submodule path 'backends/cadence/utils/FACTO': checked out '3b8c778c99766a8b4d0d04563ae0b16cbb276829'
Submodule path 'backends/mlx/third-party/mlx': checked out '1f8e74e3f12f31365464a6867c6579f0e9b29d85'
Submodule path 'backends/vulkan/third-party/Vulkan-Headers': checked out '8864cdc896bbc2a9b6eb36b3218fc9ef57908d77'
Submodule path 'backends/vulkan/third-party/VulkanMemoryAllocator': checked out 'a6bfc237255a6bac1513f7c1ebde6d8aed6b5191'
Submodule path 'backends/vulkan/third-party/volk': checked out '49ba6858c13516019d699d94c31d5814025dd005'
Submodule path 'backends/xnnpack/third-party/FP16': checked out '4dfe081cf6bcd15db339cf2680b9281b8451eeb3'
Submodule path 'backends/xnnpack/third-party/FXdiv': checked out 'b408327ac2a15ec3e43352421954f5b1967701d1'
Submodule path 'backends/xnnpack/third-party/XNNPACK': checked out '92a7ad501b9516f9fecae119e0146dd1f58e54c1'
Submodule path 'backends/xnnpack/third-party/cpuinfo': checked out 'f9a03241f8c3d4ed0c9728f5d70bff873d43d4e0'
Submodule path 'backends/xnnpack/third-party/pthreadpool': checked out 'a56dcd79c699366e7ac6466792c3025883ff7704'
Submodule path 'extension/llm/tokenizers': checked out '61a10ac61245a68374ace4900e49cd2aba65fb39'
Submodule path 'extension/llm/tokenizers/third-party/abseil-cpp': checked out '7d96b2e93d9a84530748b68abd2f97595c51ecf4'
Submodule path 'extension/llm/tokenizers/third-party/json': checked out 'e6cafa573aac6ed9227f752a5371c0b3f436307d'
Submodule path 'extension/llm/tokenizers/third-party/pcre2': checked out '2e03e323339ab692640626f02f8d8d6f95bff9c6'
Submodule path 'extension/llm/tokenizers/third-party/pcre2/deps/sljit': checked out '98802d939be3f0ccc2c538d611ec4c728564e8cf'
Submodule path 'extension/llm/tokenizers/third-party/re2': checked out '6dcd83d60f7944926bfd308cc13979fc53dd69ca'
Submodule path 'extension/llm/tokenizers/third-party/sentencepiece': checked out 'bcc6390ab257c13056b7318983b35b8e1bbf442d'
Submodule path 'kernels/optimized/third-party/eigen': checked out '729443409942a1816ddf74b95224003b83f4925c'
Submodule path 'shim': checked out '52196a3be467802f1cadce1debe7d8712e7327ee'
Submodule path 'third-party/ao': checked out '5f2baf9d575cf732362594c998c399902942531f'
Submodule path 'third-party/ao/third_party/cutlass': checked out 'e51efbfe18fe4f4cbb66ab814c55bf4aa0185491'
Submodule path 'third-party/flatbuffers': checked out '595bf0007ab1929570c7671f091313c8fc20644e'
Submodule path 'third-party/flatcc': checked out '896db54787e8b730a6be482c69324751f3f5f117'
Submodule path 'third-party/gflags': checked out 'a738fdf9338412f83ab3f26f31ac11ed3f3ec4bd'
Submodule path 'third-party/googletest': checked out 'e2239ee6043f73722e7aa812a459f54a28552929'
Submodule path 'third-party/ios-cmake': checked out '06465b27698424cf4a04a5ca4904d50a3c966c45'
Submodule path 'third-party/json': checked out 'ac0133ea89a8fd730a9cc9649c5226a9995dc3e1'
Submodule path 'third-party/pocketfft': checked out '8187407446316c3d16f15e5395dabd4b22f4fec7'
Submodule path 'third-party/prelude': checked out '48c249f8c7b99ff501d6e857754760315072b306'
Submodule path 'third-party/pybind11': checked out 'd03662f0984f652b60e7ddce53d3868002275197'
Submodule 'backends/cadence/utils/FACTO' (https://github.com/pytorch-labs/FACTO.git) registered for path 'backends/cadence/utils/FACTO'
Submodule 'backends/mlx/third-party/mlx' (https://github.com/ml-explore/mlx.git) registered for path 'backends/mlx/third-party/mlx'
Submodule 'backends/vulkan/third-party/Vulkan-Headers' (https://github.com/KhronosGroup/Vulkan-Headers) registered for path 'backends/vulkan/third-party/Vulkan-Headers'
Submodule 'backends/vulkan/third-party/VulkanMemoryAllocator' (https://github.com/GPUOpen-LibrariesAndSDKs/VulkanMemoryAllocator.git) registered for path 'backends/vulkan/third-party/VulkanMemoryAllocator'
Submodule 'backends/vulkan/third-party/volk' (https://github.com/zeux/volk) registered for path 'backends/vulkan/third-party/volk'
Submodule 'backends/xnnpack/third-party/FP16' (https://github.com/Maratyszcza/FP16.git) registered for path 'backends/xnnpack/third-party/FP16'
Submodule 'backends/xnnpack/third-party/FXdiv' (https://github.com/Maratyszcza/FXdiv.git) registered for path 'backends/xnnpack/third-party/FXdiv'
Submodule 'backends/xnnpack/third-party/XNNPACK' (https://github.com/google/XNNPACK.git) registered for path 'backends/xnnpack/third-party/XNNPACK'
Submodule 'backends/xnnpack/third-party/cpuinfo' (https://github.com/pytorch/cpuinfo.git) registered for path 'backends/xnnpack/third-party/cpuinfo'
Submodule 'backends/xnnpack/third-party/pthreadpool' (https://github.com/google/pthreadpool.git) registered for path 'backends/xnnpack/third-party/pthreadpool'
Submodule 'extension/llm/tokenizers' (https://github.com/meta-pytorch/tokenizers.git) registered for path 'extension/llm/tokenizers'
Submodule 'kernels/optimized/third-party/eigen' (https://gitlab.com/libeigen/eigen.git) registered for path 'kernels/optimized/third-party/eigen'
Submodule 'shim' (https://github.com/facebook/buck2-shims-meta) registered for path 'shim'
Submodule 'third-party/ao' (https://github.com/pytorch/ao.git) registered for path 'third-party/ao'
Submodule 'third-party/flatbuffers' (https://github.com/google/flatbuffers.git) registered for path 'third-party/flatbuffers'
Submodule 'third-party/flatcc' (https://github.com/dvidelabs/flatcc.git) registered for path 'third-party/flatcc'
Submodule 'third-party/gflags' (https://github.com/gflags/gflags.git) registered for path 'third-party/gflags'
Submodule 'third-party/googletest' (https://github.com/google/googletest.git) registered for path 'third-party/googletest'
Submodule 'third-party/ios-cmake' (https://github.com/leetal/ios-cmake) registered for path 'third-party/ios-cmake'
Submodule 'third-party/json' (https://github.com/nlohmann/json.git) registered for path 'third-party/json'
Submodule 'third-party/pocketfft' (https://github.com/mreineck/pocketfft) registered for path 'third-party/pocketfft'
Submodule 'third-party/prelude' (https://github.com/facebook/buck2-prelude.git) registered for path 'third-party/prelude'
Submodule 'third-party/pybind11' (https://github.com/pybind/pybind11.git) registered for path 'third-party/pybind11'
Cloning into '/Users/admin/builder/spi-builder-workspace/backends/cadence/utils/FACTO'...
Cloning into '/Users/admin/builder/spi-builder-workspace/backends/mlx/third-party/mlx'...
Cloning into '/Users/admin/builder/spi-builder-workspace/backends/vulkan/third-party/Vulkan-Headers'...
Cloning into '/Users/admin/builder/spi-builder-workspace/backends/vulkan/third-party/VulkanMemoryAllocator'...
Cloning into '/Users/admin/builder/spi-builder-workspace/backends/vulkan/third-party/volk'...
Cloning into '/Users/admin/builder/spi-builder-workspace/backends/xnnpack/third-party/FP16'...
Cloning into '/Users/admin/builder/spi-builder-workspace/backends/xnnpack/third-party/FXdiv'...
Cloning into '/Users/admin/builder/spi-builder-workspace/backends/xnnpack/third-party/XNNPACK'...
Cloning into '/Users/admin/builder/spi-builder-workspace/backends/xnnpack/third-party/cpuinfo'...
Cloning into '/Users/admin/builder/spi-builder-workspace/backends/xnnpack/third-party/pthreadpool'...
Cloning into '/Users/admin/builder/spi-builder-workspace/extension/llm/tokenizers'...
Cloning into '/Users/admin/builder/spi-builder-workspace/kernels/optimized/third-party/eigen'...
Cloning into '/Users/admin/builder/spi-builder-workspace/shim'...
Cloning into '/Users/admin/builder/spi-builder-workspace/third-party/ao'...
Cloning into '/Users/admin/builder/spi-builder-workspace/third-party/flatbuffers'...
Cloning into '/Users/admin/builder/spi-builder-workspace/third-party/flatcc'...
Cloning into '/Users/admin/builder/spi-builder-workspace/third-party/gflags'...
Cloning into '/Users/admin/builder/spi-builder-workspace/third-party/googletest'...
Cloning into '/Users/admin/builder/spi-builder-workspace/third-party/ios-cmake'...
Cloning into '/Users/admin/builder/spi-builder-workspace/third-party/json'...
Cloning into '/Users/admin/builder/spi-builder-workspace/third-party/pocketfft'...
Cloning into '/Users/admin/builder/spi-builder-workspace/third-party/prelude'...
Cloning into '/Users/admin/builder/spi-builder-workspace/third-party/pybind11'...
From https://github.com/ml-explore/mlx
* branch 1f8e74e3f12f31365464a6867c6579f0e9b29d85 -> FETCH_HEAD
Submodule 'third-party/abseil-cpp' (https://github.com/abseil/abseil-cpp.git) registered for path 'extension/llm/tokenizers/third-party/abseil-cpp'
Submodule 'third-party/json' (https://github.com/nlohmann/json.git) registered for path 'extension/llm/tokenizers/third-party/json'
Submodule 'third-party/pcre2' (https://github.com/PCRE2Project/pcre2.git) registered for path 'extension/llm/tokenizers/third-party/pcre2'
Submodule 'third-party/re2' (https://github.com/google/re2.git) registered for path 'extension/llm/tokenizers/third-party/re2'
Submodule 'third-party/sentencepiece' (https://github.com/google/sentencepiece.git) registered for path 'extension/llm/tokenizers/third-party/sentencepiece'
Cloning into '/Users/admin/builder/spi-builder-workspace/extension/llm/tokenizers/third-party/abseil-cpp'...
Cloning into '/Users/admin/builder/spi-builder-workspace/extension/llm/tokenizers/third-party/json'...
Cloning into '/Users/admin/builder/spi-builder-workspace/extension/llm/tokenizers/third-party/pcre2'...
Cloning into '/Users/admin/builder/spi-builder-workspace/extension/llm/tokenizers/third-party/re2'...
Cloning into '/Users/admin/builder/spi-builder-workspace/extension/llm/tokenizers/third-party/sentencepiece'...
Submodule 'deps/sljit' (https://github.com/zherczeg/sljit.git) registered for path 'extension/llm/tokenizers/third-party/pcre2/deps/sljit'
Cloning into '/Users/admin/builder/spi-builder-workspace/extension/llm/tokenizers/third-party/pcre2/deps/sljit'...
Submodule 'third_party/cutlass' (https://github.com/NVIDIA/cutlass) registered for path 'third-party/ao/third_party/cutlass'
Cloning into '/Users/admin/builder/spi-builder-workspace/third-party/ao/third_party/cutlass'...
Cloned https://github.com/pytorch/executorch.git
Revision (git rev-parse @):
3b60683923245cf472b7323426920e15623ba361
SUCCESS checkout https://github.com/pytorch/executorch.git at v1.5.1
========================================
Build
========================================
Selected platform: iOS
Swift version: 6.3
Building package at path: $PWD
https://github.com/pytorch/executorch.git
Command line invocation:
/Applications/Xcode-26.5.0.app/Contents/Developer/usr/bin/xcodebuild -IDEClonedSourcePackagesDirPathOverride=/Users/admin/builder/spi-builder-workspace/.dependencies -resolvePackageDependencies
Resolve Package Graph
local binary target 'threadpool_debug' at '/Users/admin/builder/spi-builder-workspace/cmake-out/threadpool_debug.xcframework' does not contain a binary artifact.local binary target 'threadpool' at '/Users/admin/builder/spi-builder-workspace/cmake-out/threadpool.xcframework' does not contain a binary artifact.local binary target 'executorch_dump_debug' at '/Users/admin/builder/spi-builder-workspace/cmake-out/executorch_dump_debug.xcframework' does not contain a binary artifact.local binary target 'kernels_torchao_debug' at '/Users/admin/builder/spi-builder-workspace/cmake-out/kernels_torchao_debug.xcframework' does not contain a binary artifact.local binary target 'executorch_llm' at '/Users/admin/builder/spi-builder-workspace/cmake-out/executorch_llm.xcframework' does not contain a binary artifact.local binary target 'kernels_quantized' at '/Users/admin/builder/spi-builder-workspace/cmake-out/kernels_quantized.xcframework' does not contain a binary artifact.local binary target 'backend_coreml_debug' at '/Users/admin/builder/spi-builder-workspace/cmake-out/backend_coreml_debug.xcframework' does not contain a binary artifact.local binary target 'backend_coreml' at '/Users/admin/builder/spi-builder-workspace/cmake-out/backend_coreml.xcframework' does not contain a binary artifact.local binary target 'backend_xnnpack' at '/Users/admin/builder/spi-builder-workspace/cmake-out/backend_xnnpack.xcframework' does not contain a binary artifact.local binary target 'kernels_optimized_debug' at '/Users/admin/builder/spi-builder-workspace/cmake-out/kernels_optimized_debug.xcframework' does not contain a binary artifact.local binary target 'executorch_debug' at '/Users/admin/builder/spi-builder-workspace/cmake-out/executorch_debug.xcframework' does not contain a binary artifact.local binary target 'kernels_optimized' at '/Users/admin/builder/spi-builder-workspace/cmake-out/kernels_optimized.xcframework' does not contain a binary artifact.local binary target 'backend_xnnpack_debug' at '/Users/admin/builder/spi-builder-workspace/cmake-out/backend_xnnpack_debug.xcframework' does not contain a binary artifact.local binary target 'executorch' at '/Users/admin/builder/spi-builder-workspace/cmake-out/executorch.xcframework' does not contain a binary artifact.local binary target 'backend_mlx_debug' at '/Users/admin/builder/spi-builder-workspace/cmake-out/backend_mlx_debug.xcframework' does not contain a binary artifact.local binary target 'backend_mlx' at '/Users/admin/builder/spi-builder-workspace/cmake-out/backend_mlx.xcframework' does not contain a binary artifact.local binary target 'kernels_quantized_debug' at '/Users/admin/builder/spi-builder-workspace/cmake-out/kernels_quantized_debug.xcframework' does not contain a binary artifact.local binary target 'kernels_llm_debug' at '/Users/admin/builder/spi-builder-workspace/cmake-out/kernels_llm_debug.xcframework' does not contain a binary artifact.local binary target 'kernels_torchao' at '/Users/admin/builder/spi-builder-workspace/cmake-out/kernels_torchao.xcframework' does not contain a binary artifact.local binary target 'kernels_llm' at '/Users/admin/builder/spi-builder-workspace/cmake-out/kernels_llm.xcframework' does not contain a binary artifact.local binary target 'executorch_dump' at '/Users/admin/builder/spi-builder-workspace/cmake-out/executorch_dump.xcframework' does not contain a binary artifact.local binary target 'executorch_llm_debug' at '/Users/admin/builder/spi-builder-workspace/cmake-out/executorch_llm_debug.xcframework' does not contain a binary artifact.fatalError
Resolve Package Graph
local binary target 'threadpool_debug' at '/Users/admin/builder/spi-builder-workspace/cmake-out/threadpool_debug.xcframework' does not contain a binary artifact.local binary target 'threadpool' at '/Users/admin/builder/spi-builder-workspace/cmake-out/threadpool.xcframework' does not contain a binary artifact.local binary target 'executorch_dump_debug' at '/Users/admin/builder/spi-builder-workspace/cmake-out/executorch_dump_debug.xcframework' does not contain a binary artifact.local binary target 'kernels_torchao_debug' at '/Users/admin/builder/spi-builder-workspace/cmake-out/kernels_torchao_debug.xcframework' does not contain a binary artifact.local binary target 'executorch_llm' at '/Users/admin/builder/spi-builder-workspace/cmake-out/executorch_llm.xcframework' does not contain a binary artifact.local binary target 'kernels_quantized' at '/Users/admin/builder/spi-builder-workspace/cmake-out/kernels_quantized.xcframework' does not contain a binary artifact.local binary target 'backend_coreml_debug' at '/Users/admin/builder/spi-builder-workspace/cmake-out/backend_coreml_debug.xcframework' does not contain a binary artifact.local binary target 'backend_coreml' at '/Users/admin/builder/spi-builder-workspace/cmake-out/backend_coreml.xcframework' does not contain a binary artifact.local binary target 'backend_xnnpack' at '/Users/admin/builder/spi-builder-workspace/cmake-out/backend_xnnpack.xcframework' does not contain a binary artifact.local binary target 'kernels_optimized_debug' at '/Users/admin/builder/spi-builder-workspace/cmake-out/kernels_optimized_debug.xcframework' does not contain a binary artifact.local binary target 'executorch_debug' at '/Users/admin/builder/spi-builder-workspace/cmake-out/executorch_debug.xcframework' does not contain a binary artifact.local binary target 'kernels_optimized' at '/Users/admin/builder/spi-builder-workspace/cmake-out/kernels_optimized.xcframework' does not contain a binary artifact.local binary target 'backend_xnnpack_debug' at '/Users/admin/builder/spi-builder-workspace/cmake-out/backend_xnnpack_debug.xcframework' does not contain a binary artifact.local binary target 'executorch' at '/Users/admin/builder/spi-builder-workspace/cmake-out/executorch.xcframework' does not contain a binary artifact.local binary target 'backend_mlx_debug' at '/Users/admin/builder/spi-builder-workspace/cmake-out/backend_mlx_debug.xcframework' does not contain a binary artifact.local binary target 'backend_mlx' at '/Users/admin/builder/spi-builder-workspace/cmake-out/backend_mlx.xcframework' does not contain a binary artifact.local binary target 'kernels_quantized_debug' at '/Users/admin/builder/spi-builder-workspace/cmake-out/kernels_quantized_debug.xcframework' does not contain a binary artifact.local binary target 'kernels_llm_debug' at '/Users/admin/builder/spi-builder-workspace/cmake-out/kernels_llm_debug.xcframework' does not contain a binary artifact.local binary target 'kernels_torchao' at '/Users/admin/builder/spi-builder-workspace/cmake-out/kernels_torchao.xcframework' does not contain a binary artifact.local binary target 'kernels_llm' at '/Users/admin/builder/spi-builder-workspace/cmake-out/kernels_llm.xcframework' does not contain a binary artifact.local binary target 'executorch_dump' at '/Users/admin/builder/spi-builder-workspace/cmake-out/executorch_dump.xcframework' does not contain a binary artifact.local binary target 'executorch_llm_debug' at '/Users/admin/builder/spi-builder-workspace/cmake-out/executorch_llm_debug.xcframework' does not contain a binary artifact.fatalError
Resolved source packages:
spi-builder-workspace: (null)
2026-09-29 01:12:12.612 xcodebuild[1388:7973] Writing error result bundle to /var/folders/xq/y_g06wb113726d38xsyx71_h0000gn/T/ResultBundle_2026-29-09_01-12-0012.xcresult
xcodebuild: error: Could not resolve package dependencies:
local binary target 'threadpool_debug' at '/Users/admin/builder/spi-builder-workspace/cmake-out/threadpool_debug.xcframework' does not contain a binary artifact.
local binary target 'threadpool' at '/Users/admin/builder/spi-builder-workspace/cmake-out/threadpool.xcframework' does not contain a binary artifact.
local binary target 'executorch_dump_debug' at '/Users/admin/builder/spi-builder-workspace/cmake-out/executorch_dump_debug.xcframework' does not contain a binary artifact.
local binary target 'kernels_torchao_debug' at '/Users/admin/builder/spi-builder-workspace/cmake-out/kernels_torchao_debug.xcframework' does not contain a binary artifact.
local binary target 'executorch_llm' at '/Users/admin/builder/spi-builder-workspace/cmake-out/executorch_llm.xcframework' does not contain a binary artifact.
local binary target 'kernels_quantized' at '/Users/admin/builder/spi-builder-workspace/cmake-out/kernels_quantized.xcframework' does not contain a binary artifact.
local binary target 'backend_coreml_debug' at '/Users/admin/builder/spi-builder-workspace/cmake-out/backend_coreml_debug.xcframework' does not contain a binary artifact.
local binary target 'backend_coreml' at '/Users/admin/builder/spi-builder-workspace/cmake-out/backend_coreml.xcframework' does not contain a binary artifact.
local binary target 'backend_xnnpack' at '/Users/admin/builder/spi-builder-workspace/cmake-out/backend_xnnpack.xcframework' does not contain a binary artifact.
local binary target 'kernels_optimized_debug' at '/Users/admin/builder/spi-builder-workspace/cmake-out/kernels_optimized_debug.xcframework' does not contain a binary artifact.
local binary target 'executorch_debug' at '/Users/admin/builder/spi-builder-workspace/cmake-out/executorch_debug.xcframework' does not contain a binary artifact.
local binary target 'kernels_optimized' at '/Users/admin/builder/spi-builder-workspace/cmake-out/kernels_optimized.xcframework' does not contain a binary artifact.
local binary target 'backend_xnnpack_debug' at '/Users/admin/builder/spi-builder-workspace/cmake-out/backend_xnnpack_debug.xcframework' does not contain a binary artifact.
local binary target 'executorch' at '/Users/admin/builder/spi-builder-workspace/cmake-out/executorch.xcframework' does not contain a binary artifact.
local binary target 'backend_mlx_debug' at '/Users/admin/builder/spi-builder-workspace/cmake-out/backend_mlx_debug.xcframework' does not contain a binary artifact.
local binary target 'backend_mlx' at '/Users/admin/builder/spi-builder-workspace/cmake-out/backend_mlx.xcframework' does not contain a binary artifact.
local binary target 'kernels_quantized_debug' at '/Users/admin/builder/spi-builder-workspace/cmake-out/kernels_quantized_debug.xcframework' does not contain a binary artifact.
local binary target 'kernels_llm_debug' at '/Users/admin/builder/spi-builder-workspace/cmake-out/kernels_llm_debug.xcframework' does not contain a binary artifact.
local binary target 'kernels_torchao' at '/Users/admin/builder/spi-builder-workspace/cmake-out/kernels_torchao.xcframework' does not contain a binary artifact.
local binary target 'kernels_llm' at '/Users/admin/builder/spi-builder-workspace/cmake-out/kernels_llm.xcframework' does not contain a binary artifact.
local binary target 'executorch_dump' at '/Users/admin/builder/spi-builder-workspace/cmake-out/executorch_dump.xcframework' does not contain a binary artifact.
local binary target 'executorch_llm_debug' at '/Users/admin/builder/spi-builder-workspace/cmake-out/executorch_llm_debug.xcframework' does not contain a binary artifact.
fatalError
Command line invocation:
/Applications/Xcode-26.5.0.app/Contents/Developer/usr/bin/xcodebuild -IDEClonedSourcePackagesDirPathOverride=/Users/admin/builder/spi-builder-workspace/.dependencies -resolvePackageDependencies
Resolve Package Graph
local binary target 'threadpool_debug' at '/Users/admin/builder/spi-builder-workspace/cmake-out/threadpool_debug.xcframework' does not contain a binary artifact.local binary target 'threadpool' at '/Users/admin/builder/spi-builder-workspace/cmake-out/threadpool.xcframework' does not contain a binary artifact.local binary target 'executorch_dump_debug' at '/Users/admin/builder/spi-builder-workspace/cmake-out/executorch_dump_debug.xcframework' does not contain a binary artifact.local binary target 'kernels_torchao_debug' at '/Users/admin/builder/spi-builder-workspace/cmake-out/kernels_torchao_debug.xcframework' does not contain a binary artifact.local binary target 'executorch_llm' at '/Users/admin/builder/spi-builder-workspace/cmake-out/executorch_llm.xcframework' does not contain a binary artifact.local binary target 'kernels_quantized' at '/Users/admin/builder/spi-builder-workspace/cmake-out/kernels_quantized.xcframework' does not contain a binary artifact.local binary target 'backend_coreml_debug' at '/Users/admin/builder/spi-builder-workspace/cmake-out/backend_coreml_debug.xcframework' does not contain a binary artifact.local binary target 'backend_coreml' at '/Users/admin/builder/spi-builder-workspace/cmake-out/backend_coreml.xcframework' does not contain a binary artifact.local binary target 'backend_xnnpack' at '/Users/admin/builder/spi-builder-workspace/cmake-out/backend_xnnpack.xcframework' does not contain a binary artifact.local binary target 'kernels_optimized_debug' at '/Users/admin/builder/spi-builder-workspace/cmake-out/kernels_optimized_debug.xcframework' does not contain a binary artifact.local binary target 'executorch_debug' at '/Users/admin/builder/spi-builder-workspace/cmake-out/executorch_debug.xcframework' does not contain a binary artifact.local binary target 'kernels_optimized' at '/Users/admin/builder/spi-builder-workspace/cmake-out/kernels_optimized.xcframework' does not contain a binary artifact.local binary target 'backend_xnnpack_debug' at '/Users/admin/builder/spi-builder-workspace/cmake-out/backend_xnnpack_debug.xcframework' does not contain a binary artifact.local binary target 'executorch' at '/Users/admin/builder/spi-builder-workspace/cmake-out/executorch.xcframework' does not contain a binary artifact.local binary target 'backend_mlx_debug' at '/Users/admin/builder/spi-builder-workspace/cmake-out/backend_mlx_debug.xcframework' does not contain a binary artifact.local binary target 'backend_mlx' at '/Users/admin/builder/spi-builder-workspace/cmake-out/backend_mlx.xcframework' does not contain a binary artifact.local binary target 'kernels_quantized_debug' at '/Users/admin/builder/spi-builder-workspace/cmake-out/kernels_quantized_debug.xcframework' does not contain a binary artifact.local binary target 'kernels_llm_debug' at '/Users/admin/builder/spi-builder-workspace/cmake-out/kernels_llm_debug.xcframework' does not contain a binary artifact.local binary target 'kernels_torchao' at '/Users/admin/builder/spi-builder-workspace/cmake-out/kernels_torchao.xcframework' does not contain a binary artifact.local binary target 'kernels_llm' at '/Users/admin/builder/spi-builder-workspace/cmake-out/kernels_llm.xcframework' does not contain a binary artifact.local binary target 'executorch_dump' at '/Users/admin/builder/spi-builder-workspace/cmake-out/executorch_dump.xcframework' does not contain a binary artifact.local binary target 'executorch_llm_debug' at '/Users/admin/builder/spi-builder-workspace/cmake-out/executorch_llm_debug.xcframework' does not contain a binary artifact.fatalError
Resolved source packages:
spi-builder-workspace: (null)
2026-09-29 01:12:18.376 xcodebuild[1768:10450] Writing error result bundle to /var/folders/xq/y_g06wb113726d38xsyx71_h0000gn/T/ResultBundle_2026-29-09_01-12-0018.xcresult
xcodebuild: error: Could not resolve package dependencies:
local binary target 'threadpool_debug' at '/Users/admin/builder/spi-builder-workspace/cmake-out/threadpool_debug.xcframework' does not contain a binary artifact.
local binary target 'threadpool' at '/Users/admin/builder/spi-builder-workspace/cmake-out/threadpool.xcframework' does not contain a binary artifact.
local binary target 'executorch_dump_debug' at '/Users/admin/builder/spi-builder-workspace/cmake-out/executorch_dump_debug.xcframework' does not contain a binary artifact.
local binary target 'kernels_torchao_debug' at '/Users/admin/builder/spi-builder-workspace/cmake-out/kernels_torchao_debug.xcframework' does not contain a binary artifact.
local binary target 'executorch_llm' at '/Users/admin/builder/spi-builder-workspace/cmake-out/executorch_llm.xcframework' does not contain a binary artifact.
local binary target 'kernels_quantized' at '/Users/admin/builder/spi-builder-workspace/cmake-out/kernels_quantized.xcframework' does not contain a binary artifact.
local binary target 'backend_coreml_debug' at '/Users/admin/builder/spi-builder-workspace/cmake-out/backend_coreml_debug.xcframework' does not contain a binary artifact.
local binary target 'backend_coreml' at '/Users/admin/builder/spi-builder-workspace/cmake-out/backend_coreml.xcframework' does not contain a binary artifact.
local binary target 'backend_xnnpack' at '/Users/admin/builder/spi-builder-workspace/cmake-out/backend_xnnpack.xcframework' does not contain a binary artifact.
local binary target 'kernels_optimized_debug' at '/Users/admin/builder/spi-builder-workspace/cmake-out/kernels_optimized_debug.xcframework' does not contain a binary artifact.
local binary target 'executorch_debug' at '/Users/admin/builder/spi-builder-workspace/cmake-out/executorch_debug.xcframework' does not contain a binary artifact.
local binary target 'kernels_optimized' at '/Users/admin/builder/spi-builder-workspace/cmake-out/kernels_optimized.xcframework' does not contain a binary artifact.
local binary target 'backend_xnnpack_debug' at '/Users/admin/builder/spi-builder-workspace/cmake-out/backend_xnnpack_debug.xcframework' does not contain a binary artifact.
local binary target 'executorch' at '/Users/admin/builder/spi-builder-workspace/cmake-out/executorch.xcframework' does not contain a binary artifact.
local binary target 'backend_mlx_debug' at '/Users/admin/builder/spi-builder-workspace/cmake-out/backend_mlx_debug.xcframework' does not contain a binary artifact.
local binary target 'backend_mlx' at '/Users/admin/builder/spi-builder-workspace/cmake-out/backend_mlx.xcframework' does not contain a binary artifact.
local binary target 'kernels_quantized_debug' at '/Users/admin/builder/spi-builder-workspace/cmake-out/kernels_quantized_debug.xcframework' does not contain a binary artifact.
local binary target 'kernels_llm_debug' at '/Users/admin/builder/spi-builder-workspace/cmake-out/kernels_llm_debug.xcframework' does not contain a binary artifact.
local binary target 'kernels_torchao' at '/Users/admin/builder/spi-builder-workspace/cmake-out/kernels_torchao.xcframework' does not contain a binary artifact.
local binary target 'kernels_llm' at '/Users/admin/builder/spi-builder-workspace/cmake-out/kernels_llm.xcframework' does not contain a binary artifact.
local binary target 'executorch_dump' at '/Users/admin/builder/spi-builder-workspace/cmake-out/executorch_dump.xcframework' does not contain a binary artifact.
local binary target 'executorch_llm_debug' at '/Users/admin/builder/spi-builder-workspace/cmake-out/executorch_llm_debug.xcframework' does not contain a binary artifact.
fatalError
BUILD FAILURE 6.3 iOS