Build Information
Failed to build SettingsBundleBuilder, reference 1.0.0 (ad0fdd), with Swift 6.4 for visionOS using Xcode 27.0 on 17 Sep 2026 17:19:20 UTC.
Build Command
env DEVELOPER_DIR=/Applications/Xcode-27.0.0-Release.Candidate.app xcrun xcodebuild -IDEClonedSourcePackagesDirPathOverride=$PWD/.dependencies -skipMacroValidation -skipPackagePluginValidation -derivedDataPath $PWD/.derivedData build -scheme SettingsBundleBuilder -destination generic/platform=xrOSBuild Log
========================================
RunAll
========================================
Builder version: 5.1.0
Interrupt handler set up.
========================================
Checkout
========================================
Clone URL: https://github.com/benrobinson16/SettingsBundleBuilder.git
Reference: 1.0.0
Initialized empty Git repository in /Users/admin/builder/spi-builder-workspace/.git/
From https://github.com/benrobinson16/SettingsBundleBuilder
* tag 1.0.0 -> FETCH_HEAD
HEAD is now at ad0fdda 1.0.0
Cloned https://github.com/benrobinson16/SettingsBundleBuilder.git
Revision (git rev-parse @):
ad0fdda51382b8fad25ac13b95a983889c998da4
SUCCESS checkout https://github.com/benrobinson16/SettingsBundleBuilder.git at 1.0.0
========================================
Build
========================================
Selected platform: visionOS
Swift version: 6.4
Building package at path: $PWD
https://github.com/benrobinson16/SettingsBundleBuilder.git
Command line invocation:
/Applications/Xcode-27.0.0-Release.Candidate.app/Contents/Developer/usr/bin/xcodebuild -IDEClonedSourcePackagesDirPathOverride=/Users/admin/builder/spi-builder-workspace/.dependencies -resolvePackageDependencies
Resolve Package Graph
Resolve Package Graph
Resolved source packages:
SettingsBundleBuilder: /Users/admin/builder/spi-builder-workspace
resolved source packages: SettingsBundleBuilder
2026-09-17 13:18:25.690 xcodebuild[531:3043] [MT] IDERunDestination: Supported platforms for the buildables in the current scheme is empty.
2026-09-17 13:18:25.842 xcodebuild[531:3043] [MT] IDERunDestination: Supported platforms for the buildables in the current scheme is empty.
2026-09-17 13:18:27.453 xcodebuild[531:3043] [MT] IDERunDestination: Supported platforms for the buildables in the current scheme is empty.
{
"dependencies" : [
],
"manifest_display_name" : "SettingsBundleBuilder",
"name" : "SettingsBundleBuilder",
"path" : "/Users/admin/builder/spi-builder-workspace",
"platforms" : [
],
"products" : [
{
"name" : "SettingsBundleBuilder",
"targets" : [
"SettingsBundleBuilder"
],
"type" : {
"library" : [
"automatic"
]
}
}
],
"targets" : [
{
"c99name" : "SettingsBundleBuilderTests",
"module_type" : "SwiftTarget",
"name" : "SettingsBundleBuilderTests",
"path" : "Tests/SettingsBundleBuilderTests",
"sources" : [
"MakePlistFileTests.swift",
"SettingsBundleItems/GroupTests.swift",
"SettingsBundleItems/MultiValueTests.swift",
"SettingsBundleItems/PageTests.swift",
"SettingsBundleItems/RadioGroupTests.swift",
"SettingsBundleItems/SliderTests.swift",
"SettingsBundleItems/TextFieldTests.swift",
"SettingsBundleItems/TextTests.swift",
"SettingsBundleItems/ToggleTests.swift"
],
"target_dependencies" : [
"SettingsBundleBuilder"
],
"type" : "test"
},
{
"c99name" : "SettingsBundleBuilder",
"module_type" : "SwiftTarget",
"name" : "SettingsBundleBuilder",
"path" : "Sources/SettingsBundleBuilder",
"product_memberships" : [
"SettingsBundleBuilder"
],
"sources" : [
"Private/FileHandling.swift",
"Private/KeyValuePairs/ArrayPair.swift",
"Private/KeyValuePairs/BoolPair.swift",
"Private/KeyValuePairs/KeyValuePair.swift",
"Private/KeyValuePairs/RealPair.swift",
"Private/KeyValuePairs/StringPair.swift",
"Private/MakePlistFile.swift",
"Private/Shell.swift",
"Private/StringEXT.swift",
"Public/Enums.swift",
"Public/MakeSettingsBundle.swift",
"Public/SettingsBundleBuilder.swift",
"Public/SettingsBundleItems/Group.swift",
"Public/SettingsBundleItems/MultiValue.swift",
"Public/SettingsBundleItems/Page.swift",
"Public/SettingsBundleItems/RadioGroup.swift",
"Public/SettingsBundleItems/SettingsBundleItem.swift",
"Public/SettingsBundleItems/Slider.swift",
"Public/SettingsBundleItems/Text.swift",
"Public/SettingsBundleItems/TextField.swift",
"Public/SettingsBundleItems/Toggle.swift"
],
"type" : "library"
}
],
"tools_version" : "5.3"
}
{
"workspace" : {
"name" : "SettingsBundleBuilder",
"schemes" : [
"SettingsBundleBuilder"
]
}
}
2026-09-17 13:19:07.890 xcodebuild[647:4152] [MT] IDERunDestination: Supported platforms for the buildables in the current scheme is empty.
2026-09-17 13:19:08.035 xcodebuild[647:4152] [MT] IDERunDestination: Supported platforms for the buildables in the current scheme is empty.
Running build ...
env DEVELOPER_DIR=/Applications/Xcode-27.0.0-Release.Candidate.app xcrun xcodebuild -IDEClonedSourcePackagesDirPathOverride=$PWD/.dependencies -skipMacroValidation -skipPackagePluginValidation -derivedDataPath $PWD/.derivedData build -scheme SettingsBundleBuilder -destination generic/platform=xrOS
Command line invocation:
/Applications/Xcode-27.0.0-Release.Candidate.app/Contents/Developer/usr/bin/xcodebuild -IDEClonedSourcePackagesDirPathOverride=/Users/admin/builder/spi-builder-workspace/.dependencies -skipMacroValidation -skipPackagePluginValidation -derivedDataPath /Users/admin/builder/spi-builder-workspace/.derivedData build -scheme SettingsBundleBuilder -destination generic/platform=xrOS
Resolve Package Graph
Resolved source packages:
SettingsBundleBuilder: /Users/admin/builder/spi-builder-workspace
ComputePackagePrebuildTargetDependencyGraph
Prepare packages
CreateBuildRequest
SendProjectDescription
CreateBuildOperation
ComputeTargetDependencyGraph
note: Building targets in dependency order
note: Target dependency graph (3 targets)
Target 'SettingsBundleBuilderTests-product' in project 'SettingsBundleBuilder'
➜ Explicit dependency on target 'SettingsBundleBuilder' in project 'SettingsBundleBuilder'
Target 'SettingsBundleBuilder-product' in project 'SettingsBundleBuilder'
➜ Explicit dependency on target 'SettingsBundleBuilder' in project 'SettingsBundleBuilder'
Target 'SettingsBundleBuilder' in project 'SettingsBundleBuilder' (no dependencies)
GatherProvisioningInputs
CreateBuildDescription
ExecuteExternalTool /Applications/Xcode-27.0.0-Release.Candidate.app/Contents/Developer/Toolchains/XcodeDefault.xctoolchain/usr/bin/clang -v -E -dM -isysroot /Applications/Xcode-27.0.0-Release.Candidate.app/Contents/Developer/Platforms/XROS.platform/Developer/SDKs/XROS27.0.sdk -x c -c /dev/null
ExecuteExternalTool /Applications/Xcode-27.0.0-Release.Candidate.app/Contents/Developer/Toolchains/XcodeDefault.xctoolchain/usr/bin/swiftc --version
ExecuteExternalTool /Applications/Xcode-27.0.0-Release.Candidate.app/Contents/Developer/Toolchains/XcodeDefault.xctoolchain/usr/bin/ld -version_details
Build description signature: 63549773dba9d4bcdd6ba9b08b6a82fb
Build description path: /Users/admin/builder/spi-builder-workspace/.derivedData/Build/Intermediates.noindex/XCBuildData/63549773dba9d4bcdd6ba9b08b6a82fb.xcbuilddata
CreateBuildDirectory /Users/admin/builder/spi-builder-workspace/.derivedData/CompilationCache.noindex
cd /Users/admin/builder/spi-builder-workspace/.swiftpm/xcode
builtin-create-build-directory /Users/admin/builder/spi-builder-workspace/.derivedData/CompilationCache.noindex
CreateBuildDirectory /Users/admin/builder/spi-builder-workspace/.derivedData/SDKExplicitPrecompiledModules
cd /Users/admin/builder/spi-builder-workspace/.swiftpm/xcode
builtin-create-build-directory /Users/admin/builder/spi-builder-workspace/.derivedData/SDKExplicitPrecompiledModules
CreateBuildDirectory /Users/admin/builder/spi-builder-workspace/.derivedData/ModuleCache.noindex
cd /Users/admin/builder/spi-builder-workspace/.swiftpm/xcode
builtin-create-build-directory /Users/admin/builder/spi-builder-workspace/.derivedData/ModuleCache.noindex
ClangStatCache /Applications/Xcode-27.0.0-Release.Candidate.app/Contents/Developer/Toolchains/XcodeDefault.xctoolchain/usr/bin/clang-stat-cache /Applications/Xcode-27.0.0-Release.Candidate.app/Contents/Developer/Platforms/XROS.platform/Developer/SDKs/XROS27.0.sdk /Users/admin/builder/spi-builder-workspace/.derivedData/SDKStatCaches.noindex/xros27.0-24M361-e829b21a6f8c9b70876ba0858053c044735bd543db762f57723cac368afd1ce4.sdkstatcache
cd /Users/admin/builder/spi-builder-workspace/.swiftpm/xcode
/Applications/Xcode-27.0.0-Release.Candidate.app/Contents/Developer/Toolchains/XcodeDefault.xctoolchain/usr/bin/clang-stat-cache /Applications/Xcode-27.0.0-Release.Candidate.app/Contents/Developer/Platforms/XROS.platform/Developer/SDKs/XROS27.0.sdk -o /Users/admin/builder/spi-builder-workspace/.derivedData/SDKStatCaches.noindex/xros27.0-24M361-e829b21a6f8c9b70876ba0858053c044735bd543db762f57723cac368afd1ce4.sdkstatcache
CreateBuildDirectory /Users/admin/builder/spi-builder-workspace/.derivedData/Build/Intermediates.noindex
cd /Users/admin/builder/spi-builder-workspace/.swiftpm/xcode
builtin-create-build-directory /Users/admin/builder/spi-builder-workspace/.derivedData/Build/Intermediates.noindex
CreateBuildDirectory /Users/admin/builder/spi-builder-workspace/.derivedData/Build/Products
cd /Users/admin/builder/spi-builder-workspace/.swiftpm/xcode
builtin-create-build-directory /Users/admin/builder/spi-builder-workspace/.derivedData/Build/Products
CreateBuildDirectory /Users/admin/builder/spi-builder-workspace/.derivedData/Build/Intermediates.noindex/SwiftExplicitPrecompiledModules
cd /Users/admin/builder/spi-builder-workspace/.swiftpm/xcode
builtin-create-build-directory /Users/admin/builder/spi-builder-workspace/.derivedData/Build/Intermediates.noindex/SwiftExplicitPrecompiledModules
CreateBuildDirectory /Users/admin/builder/spi-builder-workspace/.derivedData/Build/Intermediates.noindex/PrecompiledHeaders
cd /Users/admin/builder/spi-builder-workspace/.swiftpm/xcode
builtin-create-build-directory /Users/admin/builder/spi-builder-workspace/.derivedData/Build/Intermediates.noindex/PrecompiledHeaders
CreateBuildDirectory /Users/admin/builder/spi-builder-workspace/.derivedData/Build/Intermediates.noindex/ExplicitPrecompiledModules
cd /Users/admin/builder/spi-builder-workspace/.swiftpm/xcode
builtin-create-build-directory /Users/admin/builder/spi-builder-workspace/.derivedData/Build/Intermediates.noindex/ExplicitPrecompiledModules
CreateBuildDirectory /Users/admin/builder/spi-builder-workspace/.derivedData/Build/Products/Debug-xros
cd /Users/admin/builder/spi-builder-workspace/.swiftpm/xcode
builtin-create-build-directory /Users/admin/builder/spi-builder-workspace/.derivedData/Build/Products/Debug-xros
CreateBuildDirectory /Users/admin/builder/spi-builder-workspace/.derivedData/Build/Intermediates.noindex/EagerLinkingTBDs/Debug-xros
cd /Users/admin/builder/spi-builder-workspace/.swiftpm/xcode
builtin-create-build-directory /Users/admin/builder/spi-builder-workspace/.derivedData/Build/Intermediates.noindex/EagerLinkingTBDs/Debug-xros
CreateBuildDirectory /Users/admin/builder/spi-builder-workspace/.derivedData/Build/Products/Debug-xros/PackageFrameworks
cd /Users/admin/builder/spi-builder-workspace/.swiftpm/xcode
builtin-create-build-directory /Users/admin/builder/spi-builder-workspace/.derivedData/Build/Products/Debug-xros/PackageFrameworks
WriteAuxiliaryFile /Users/admin/builder/spi-builder-workspace/.derivedData/Build/Intermediates.noindex/SettingsBundleBuilder.build/Debug-xros/SettingsBundleBuilderTests-p.build/empty-SettingsBundleBuilderTests.plist (in target 'SettingsBundleBuilderTests-product' from project 'SettingsBundleBuilder')
cd /Users/admin/builder/spi-builder-workspace
write-file /Users/admin/builder/spi-builder-workspace/.derivedData/Build/Intermediates.noindex/SettingsBundleBuilder.build/Debug-xros/SettingsBundleBuilderTests-p.build/empty-SettingsBundleBuilderTests.plist
WriteAuxiliaryFile /Users/admin/builder/spi-builder-workspace/.derivedData/Build/Intermediates.noindex/SettingsBundleBuilder.build/Debug-xros/SettingsBundleBuilderTests-p.build/SettingsBundleBuilderTests.DependencyStaticMetadataFileList (in target 'SettingsBundleBuilderTests-product' from project 'SettingsBundleBuilder')
cd /Users/admin/builder/spi-builder-workspace
write-file /Users/admin/builder/spi-builder-workspace/.derivedData/Build/Intermediates.noindex/SettingsBundleBuilder.build/Debug-xros/SettingsBundleBuilderTests-p.build/SettingsBundleBuilderTests.DependencyStaticMetadataFileList
WriteAuxiliaryFile /Users/admin/builder/spi-builder-workspace/.derivedData/Build/Intermediates.noindex/SettingsBundleBuilder.build/Debug-xros/SettingsBundleBuilderTests-p.build/SettingsBundleBuilderTests.DependencyMetadataFileList (in target 'SettingsBundleBuilderTests-product' from project 'SettingsBundleBuilder')
cd /Users/admin/builder/spi-builder-workspace
write-file /Users/admin/builder/spi-builder-workspace/.derivedData/Build/Intermediates.noindex/SettingsBundleBuilder.build/Debug-xros/SettingsBundleBuilderTests-p.build/SettingsBundleBuilderTests.DependencyMetadataFileList
WriteAuxiliaryFile /Users/admin/builder/spi-builder-workspace/.derivedData/Build/Intermediates.noindex/SettingsBundleBuilder.build/Debug-xros/SettingsBundleBuilder-t.build/SettingsBundleBuilder.modulemap (in target 'SettingsBundleBuilder' from project 'SettingsBundleBuilder')
cd /Users/admin/builder/spi-builder-workspace
write-file /Users/admin/builder/spi-builder-workspace/.derivedData/Build/Intermediates.noindex/SettingsBundleBuilder.build/Debug-xros/SettingsBundleBuilder-t.build/SettingsBundleBuilder.modulemap
WriteAuxiliaryFile /Users/admin/builder/spi-builder-workspace/.derivedData/Build/Intermediates.noindex/SettingsBundleBuilder.build/Debug-xros/SettingsBundleBuilderTests-p.build/Objects-normal/arm64/SettingsBundleBuilderTests.SwiftFileList (in target 'SettingsBundleBuilderTests-product' from project 'SettingsBundleBuilder')
cd /Users/admin/builder/spi-builder-workspace
write-file /Users/admin/builder/spi-builder-workspace/.derivedData/Build/Intermediates.noindex/SettingsBundleBuilder.build/Debug-xros/SettingsBundleBuilderTests-p.build/Objects-normal/arm64/SettingsBundleBuilderTests.SwiftFileList
WriteAuxiliaryFile /Users/admin/builder/spi-builder-workspace/.derivedData/Build/Intermediates.noindex/SettingsBundleBuilder.build/Debug-xros/SettingsBundleBuilderTests-p.build/Objects-normal/arm64/SettingsBundleBuilderTests_const_extract_protocols.json (in target 'SettingsBundleBuilderTests-product' from project 'SettingsBundleBuilder')
cd /Users/admin/builder/spi-builder-workspace
write-file /Users/admin/builder/spi-builder-workspace/.derivedData/Build/Intermediates.noindex/SettingsBundleBuilder.build/Debug-xros/SettingsBundleBuilderTests-p.build/Objects-normal/arm64/SettingsBundleBuilderTests_const_extract_protocols.json
WriteAuxiliaryFile /Users/admin/builder/spi-builder-workspace/.derivedData/Build/Intermediates.noindex/SettingsBundleBuilder.build/Debug-xros/SettingsBundleBuilderTests-p.build/Objects-normal/arm64/SettingsBundleBuilderTests.LinkFileList (in target 'SettingsBundleBuilderTests-product' from project 'SettingsBundleBuilder')
cd /Users/admin/builder/spi-builder-workspace
write-file /Users/admin/builder/spi-builder-workspace/.derivedData/Build/Intermediates.noindex/SettingsBundleBuilder.build/Debug-xros/SettingsBundleBuilderTests-p.build/Objects-normal/arm64/SettingsBundleBuilderTests.LinkFileList
WriteAuxiliaryFile /Users/admin/builder/spi-builder-workspace/.derivedData/Build/Intermediates.noindex/SettingsBundleBuilder.build/Debug-xros/SettingsBundleBuilderTests-p.build/Objects-normal/arm64/SettingsBundleBuilderTests.SwiftConstValuesFileList (in target 'SettingsBundleBuilderTests-product' from project 'SettingsBundleBuilder')
cd /Users/admin/builder/spi-builder-workspace
write-file /Users/admin/builder/spi-builder-workspace/.derivedData/Build/Intermediates.noindex/SettingsBundleBuilder.build/Debug-xros/SettingsBundleBuilderTests-p.build/Objects-normal/arm64/SettingsBundleBuilderTests.SwiftConstValuesFileList
WriteAuxiliaryFile /Users/admin/builder/spi-builder-workspace/.derivedData/Build/Intermediates.noindex/SettingsBundleBuilder.build/Debug-xros/SettingsBundleBuilderTests-p.build/Objects-normal/arm64/SettingsBundleBuilderTests-OutputFileMap.json (in target 'SettingsBundleBuilderTests-product' from project 'SettingsBundleBuilder')
cd /Users/admin/builder/spi-builder-workspace
write-file /Users/admin/builder/spi-builder-workspace/.derivedData/Build/Intermediates.noindex/SettingsBundleBuilder.build/Debug-xros/SettingsBundleBuilderTests-p.build/Objects-normal/arm64/SettingsBundleBuilderTests-OutputFileMap.json
WriteAuxiliaryFile /Users/admin/builder/spi-builder-workspace/.derivedData/Build/Intermediates.noindex/SettingsBundleBuilder.build/Debug-xros/SettingsBundleBuilder-t.build/SettingsBundleBuilder.DependencyStaticMetadataFileList (in target 'SettingsBundleBuilder' from project 'SettingsBundleBuilder')
cd /Users/admin/builder/spi-builder-workspace
write-file /Users/admin/builder/spi-builder-workspace/.derivedData/Build/Intermediates.noindex/SettingsBundleBuilder.build/Debug-xros/SettingsBundleBuilder-t.build/SettingsBundleBuilder.DependencyStaticMetadataFileList
WriteAuxiliaryFile /Users/admin/builder/spi-builder-workspace/.derivedData/Build/Intermediates.noindex/SettingsBundleBuilder.build/Debug-xros/SettingsBundleBuilder-t.build/SettingsBundleBuilder.DependencyMetadataFileList (in target 'SettingsBundleBuilder' from project 'SettingsBundleBuilder')
cd /Users/admin/builder/spi-builder-workspace
write-file /Users/admin/builder/spi-builder-workspace/.derivedData/Build/Intermediates.noindex/SettingsBundleBuilder.build/Debug-xros/SettingsBundleBuilder-t.build/SettingsBundleBuilder.DependencyMetadataFileList
WriteAuxiliaryFile /Users/admin/builder/spi-builder-workspace/.derivedData/Build/Intermediates.noindex/SettingsBundleBuilder.build/Debug-xros/SettingsBundleBuilder-t.build/Objects-normal/arm64/SettingsBundleBuilder.SwiftConstValuesFileList (in target 'SettingsBundleBuilder' from project 'SettingsBundleBuilder')
cd /Users/admin/builder/spi-builder-workspace
write-file /Users/admin/builder/spi-builder-workspace/.derivedData/Build/Intermediates.noindex/SettingsBundleBuilder.build/Debug-xros/SettingsBundleBuilder-t.build/Objects-normal/arm64/SettingsBundleBuilder.SwiftConstValuesFileList
WriteAuxiliaryFile /Users/admin/builder/spi-builder-workspace/.derivedData/Build/Intermediates.noindex/SettingsBundleBuilder.build/Debug-xros/SettingsBundleBuilder-t.build/Objects-normal/arm64/SettingsBundleBuilder_const_extract_protocols.json (in target 'SettingsBundleBuilder' from project 'SettingsBundleBuilder')
cd /Users/admin/builder/spi-builder-workspace
write-file /Users/admin/builder/spi-builder-workspace/.derivedData/Build/Intermediates.noindex/SettingsBundleBuilder.build/Debug-xros/SettingsBundleBuilder-t.build/Objects-normal/arm64/SettingsBundleBuilder_const_extract_protocols.json
WriteAuxiliaryFile /Users/admin/builder/spi-builder-workspace/.derivedData/Build/Intermediates.noindex/SettingsBundleBuilder.build/Debug-xros/SettingsBundleBuilder-t.build/Objects-normal/arm64/SettingsBundleBuilder.SwiftFileList (in target 'SettingsBundleBuilder' from project 'SettingsBundleBuilder')
cd /Users/admin/builder/spi-builder-workspace
write-file /Users/admin/builder/spi-builder-workspace/.derivedData/Build/Intermediates.noindex/SettingsBundleBuilder.build/Debug-xros/SettingsBundleBuilder-t.build/Objects-normal/arm64/SettingsBundleBuilder.SwiftFileList
WriteAuxiliaryFile /Users/admin/builder/spi-builder-workspace/.derivedData/Build/Intermediates.noindex/SettingsBundleBuilder.build/Debug-xros/SettingsBundleBuilder-t.build/Objects-normal/arm64/SettingsBundleBuilder.LinkFileList (in target 'SettingsBundleBuilder' from project 'SettingsBundleBuilder')
cd /Users/admin/builder/spi-builder-workspace
write-file /Users/admin/builder/spi-builder-workspace/.derivedData/Build/Intermediates.noindex/SettingsBundleBuilder.build/Debug-xros/SettingsBundleBuilder-t.build/Objects-normal/arm64/SettingsBundleBuilder.LinkFileList
WriteAuxiliaryFile /Users/admin/builder/spi-builder-workspace/.derivedData/Build/Intermediates.noindex/SettingsBundleBuilder.build/Debug-xros/SettingsBundleBuilder-t.build/Objects-normal/arm64/SettingsBundleBuilder-OutputFileMap.json (in target 'SettingsBundleBuilder' from project 'SettingsBundleBuilder')
cd /Users/admin/builder/spi-builder-workspace
write-file /Users/admin/builder/spi-builder-workspace/.derivedData/Build/Intermediates.noindex/SettingsBundleBuilder.build/Debug-xros/SettingsBundleBuilder-t.build/Objects-normal/arm64/SettingsBundleBuilder-OutputFileMap.json
Copy /Users/admin/builder/spi-builder-workspace/.derivedData/Build/Intermediates.noindex/GeneratedModuleMaps-xros/SettingsBundleBuilder.modulemap /Users/admin/builder/spi-builder-workspace/.derivedData/Build/Intermediates.noindex/SettingsBundleBuilder.build/Debug-xros/SettingsBundleBuilder-t.build/SettingsBundleBuilder.modulemap (in target 'SettingsBundleBuilder' from project 'SettingsBundleBuilder')
cd /Users/admin/builder/spi-builder-workspace
builtin-copy -exclude .DS_Store -exclude CVS -exclude .svn -exclude .git -exclude .hg -resolve-src-symlinks /Users/admin/builder/spi-builder-workspace/.derivedData/Build/Intermediates.noindex/SettingsBundleBuilder.build/Debug-xros/SettingsBundleBuilder-t.build/SettingsBundleBuilder.modulemap /Users/admin/builder/spi-builder-workspace/.derivedData/Build/Intermediates.noindex/GeneratedModuleMaps-xros
MkDir /Users/admin/builder/spi-builder-workspace/.derivedData/Build/Products/Debug-xros/SettingsBundleBuilderTests.xctest (in target 'SettingsBundleBuilderTests-product' from project 'SettingsBundleBuilder')
cd /Users/admin/builder/spi-builder-workspace
/bin/mkdir -p /Users/admin/builder/spi-builder-workspace/.derivedData/Build/Products/Debug-xros/SettingsBundleBuilderTests.xctest
SwiftDriver SettingsBundleBuilder normal arm64 com.apple.xcode.tools.swift.compiler (in target 'SettingsBundleBuilder' from project 'SettingsBundleBuilder')
cd /Users/admin/builder/spi-builder-workspace/.swiftpm/xcode
builtin-SwiftDriver -- /Applications/Xcode-27.0.0-Release.Candidate.app/Contents/Developer/Toolchains/XcodeDefault.xctoolchain/usr/bin/swiftc -parse-as-library -module-name SettingsBundleBuilder -Onone @/Users/admin/builder/spi-builder-workspace/.derivedData/Build/Intermediates.noindex/SettingsBundleBuilder.build/Debug-xros/SettingsBundleBuilder-t.build/Objects-normal/arm64/SettingsBundleBuilder.SwiftFileList -DSWIFT_PACKAGE -DDEBUG -DSWIFT_MODULE_RESOURCE_BUNDLE_UNAVAILABLE -DXcode -plugin-path /Applications/Xcode-27.0.0-Release.Candidate.app/Contents/Developer/Toolchains/XcodeDefault.xctoolchain/usr/lib/swift/host/plugins/testing -enable-experimental-feature DebugDescriptionMacro -sdk /Applications/Xcode-27.0.0-Release.Candidate.app/Contents/Developer/Platforms/XROS.platform/Developer/SDKs/XROS27.0.sdk -target arm64-apple-xros1.0 -g -module-cache-path /Users/admin/builder/spi-builder-workspace/.derivedData/ModuleCache.noindex -Xfrontend -serialize-debugging-options -enable-testing -index-store-path /Users/admin/builder/spi-builder-workspace/.derivedData/Index.noindex/DataStore -Xcc -D_LIBCPP_HARDENING_MODE\=_LIBCPP_HARDENING_MODE_DEBUG -swift-version 5 -I /Users/admin/builder/spi-builder-workspace/.derivedData/Build/Products/Debug-xros -Isystem /Applications/Xcode-27.0.0-Release.Candidate.app/Contents/Developer/Platforms/XROS.platform/Developer/usr/lib -F /Users/admin/builder/spi-builder-workspace/.derivedData/Build/Products/Debug-xros -F /Applications/Xcode-27.0.0-Release.Candidate.app/Contents/Developer/Platforms/XROS.platform/Developer/Library/Frameworks -F /Applications/Xcode-27.0.0-Release.Candidate.app/Contents/Developer/Platforms/XROS.platform/Developer/SDKs/XROS27.0.sdk/Developer/Library/Frameworks -c -j10 -enable-batch-mode -incremental -Xcc -ivfsstatcache -Xcc /Users/admin/builder/spi-builder-workspace/.derivedData/SDKStatCaches.noindex/xros27.0-24M361-e829b21a6f8c9b70876ba0858053c044735bd543db762f57723cac368afd1ce4.sdkstatcache -output-file-map /Users/admin/builder/spi-builder-workspace/.derivedData/Build/Intermediates.noindex/SettingsBundleBuilder.build/Debug-xros/SettingsBundleBuilder-t.build/Objects-normal/arm64/SettingsBundleBuilder-OutputFileMap.json -save-temps -no-color-diagnostics -explicit-module-build -module-cache-path /Users/admin/builder/spi-builder-workspace/.derivedData/Build/Intermediates.noindex/SwiftExplicitPrecompiledModules -clang-scanner-module-cache-path /Users/admin/builder/spi-builder-workspace/.derivedData/ModuleCache.noindex -sdk-module-cache-path /Users/admin/builder/spi-builder-workspace/.derivedData/SDKExplicitPrecompiledModules -emit-dependencies -emit-module -emit-module-path /Users/admin/builder/spi-builder-workspace/.derivedData/Build/Intermediates.noindex/SettingsBundleBuilder.build/Debug-xros/SettingsBundleBuilder-t.build/Objects-normal/arm64/SettingsBundleBuilder.swiftmodule -serialize-diagnostics -dependency-scan-serialize-diagnostics-path /Users/admin/builder/spi-builder-workspace/.derivedData/Build/Intermediates.noindex/SettingsBundleBuilder.build/Debug-xros/SettingsBundleBuilder-t.build/Objects-normal/arm64/SettingsBundleBuilder-dependency-scan.dia -validate-clang-modules-once -clang-build-session-file /Users/admin/builder/spi-builder-workspace/.derivedData/ModuleCache.noindex/Session.modulevalidation -Xcc -fmodules-prune-interval\=86400 -Xcc -fmodules-prune-after\=345600 -emit-const-values -const-gather-protocols-list /Users/admin/builder/spi-builder-workspace/.derivedData/Build/Intermediates.noindex/SettingsBundleBuilder.build/Debug-xros/SettingsBundleBuilder-t.build/Objects-normal/arm64/SettingsBundleBuilder_const_extract_protocols.json -Xcc -I/Users/admin/builder/spi-builder-workspace/.derivedData/Build/Products/Debug-xros/include -Xcc -I/Users/admin/builder/spi-builder-workspace/.derivedData/Build/Intermediates.noindex/SettingsBundleBuilder.build/Debug-xros/SettingsBundleBuilder-t.build/DerivedSources-normal/arm64 -Xcc -I/Users/admin/builder/spi-builder-workspace/.derivedData/Build/Intermediates.noindex/SettingsBundleBuilder.build/Debug-xros/SettingsBundleBuilder-t.build/DerivedSources/arm64 -Xcc -I/Users/admin/builder/spi-builder-workspace/.derivedData/Build/Intermediates.noindex/SettingsBundleBuilder.build/Debug-xros/SettingsBundleBuilder-t.build/DerivedSources -Xcc -DSWIFT_PACKAGE -Xcc -DDEBUG\=1 -emit-objc-header -emit-objc-header-path /Users/admin/builder/spi-builder-workspace/.derivedData/Build/Intermediates.noindex/SettingsBundleBuilder.build/Debug-xros/SettingsBundleBuilder-t.build/Objects-normal/arm64/SettingsBundleBuilder-Swift.h -working-directory /Users/admin/builder/spi-builder-workspace/.swiftpm/xcode -experimental-emit-module-separately -disable-cmo
SwiftExplicitDependencyGeneratePcm arm64 /Users/admin/builder/spi-builder-workspace/.derivedData/SDKExplicitPrecompiledModules/_AvailabilityInternal-1Q8IQP6M38UWSGZ95UCEY2M44.pcm
SwiftExplicitDependencyGeneratePcm arm64 /Users/admin/builder/spi-builder-workspace/.derivedData/SDKExplicitPrecompiledModules/_Builtin_float-6WKHNW5S40U2QGHXXGETUDIRA.pcm
SwiftExplicitDependencyGeneratePcm arm64 /Users/admin/builder/spi-builder-workspace/.derivedData/SDKExplicitPrecompiledModules/ptrauth-1WBA714DZSVUL5JQDJ08CLKZ.pcm
SwiftExplicitDependencyGeneratePcm arm64 /Users/admin/builder/spi-builder-workspace/.derivedData/SDKExplicitPrecompiledModules/_SwiftConcurrencyShims-C8XHKSHX96D5YYALNM4W70Z0O.pcm
SwiftExplicitDependencyGeneratePcm arm64 /Users/admin/builder/spi-builder-workspace/.derivedData/SDKExplicitPrecompiledModules/_Builtin_stddef-5NQ9Z1GV07GBSRQGAQCGXGVRI.pcm
SwiftExplicitDependencyGeneratePcm arm64 /Users/admin/builder/spi-builder-workspace/.derivedData/SDKExplicitPrecompiledModules/_Builtin_stdbool-5BU2ADS7JXQMYENKQHW9X8XOU.pcm
SwiftExplicitDependencyGeneratePcm arm64 /Users/admin/builder/spi-builder-workspace/.derivedData/SDKExplicitPrecompiledModules/SwiftShims-CI4H5RO9IYFFWQ2COB512Q2S9.pcm
SwiftExplicitDependencyGeneratePcm arm64 /Users/admin/builder/spi-builder-workspace/.derivedData/SDKExplicitPrecompiledModules/ptrcheck-BXA97MNLI4BB0HF5I8MJE403D.pcm
SwiftExplicitDependencyGeneratePcm arm64 /Users/admin/builder/spi-builder-workspace/.derivedData/SDKExplicitPrecompiledModules/_Builtin_stdarg-CDA349K2K4US766844K8E0PVA.pcm
SwiftExplicitDependencyGeneratePcm arm64 /Users/admin/builder/spi-builder-workspace/.derivedData/SDKExplicitPrecompiledModules/_DarwinFoundation1-5RGRVV2TZ6WC4WZW5IXF8NQ04.pcm
SwiftExplicitDependencyGeneratePcm arm64 /Users/admin/builder/spi-builder-workspace/.derivedData/SDKExplicitPrecompiledModules/_Builtin_limits-425JDMN5HPM3D0UEI8LEHP6NM.pcm
SwiftExplicitDependencyGeneratePcm arm64 /Users/admin/builder/spi-builder-workspace/.derivedData/SDKExplicitPrecompiledModules/_DarwinFoundation2-ENTECK156YEWITZRRBTOCE4KR.pcm
SwiftExplicitDependencyGeneratePcm arm64 /Users/admin/builder/spi-builder-workspace/.derivedData/SDKExplicitPrecompiledModules/_Builtin_stdint-8OR6T47OOYJA90ZBO3N1USDE.pcm
SwiftExplicitDependencyGeneratePcm arm64 /Users/admin/builder/spi-builder-workspace/.derivedData/SDKExplicitPrecompiledModules/sys_types-AYM0BHR77VKMWZCO2T0XGV2HF.pcm
SwiftExplicitDependencyGeneratePcm arm64 /Users/admin/builder/spi-builder-workspace/.derivedData/SDKExplicitPrecompiledModules/string_h-2GT67HHHHK5CF1V1S31LH0PU2.pcm
SwiftExplicitDependencyGeneratePcm arm64 /Users/admin/builder/spi-builder-workspace/.derivedData/SDKExplicitPrecompiledModules/_DarwinFoundation3-9ZHN6JKBS40BBA81RQMV8H0IC.pcm
SwiftExplicitDependencyGeneratePcm arm64 /Users/admin/builder/spi-builder-workspace/.derivedData/SDKExplicitPrecompiledModules/_Builtin_inttypes-11B64KJD36B3YOHBR1BBXBJY8.pcm
SwiftExplicitDependencyGeneratePcm arm64 /Users/admin/builder/spi-builder-workspace/.derivedData/SDKExplicitPrecompiledModules/Darwin-60P5LVNQO3ESRRM5DCJ05PFNK.pcm
SwiftExplicitDependencyGeneratePcm arm64 /Users/admin/builder/spi-builder-workspace/.derivedData/SDKExplicitPrecompiledModules/ObjectiveC-26TIBFYCEJZVP216ZZAU1X8KN.pcm
SwiftExplicitDependencyGeneratePcm arm64 /Users/admin/builder/spi-builder-workspace/.derivedData/SDKExplicitPrecompiledModules/os_object-692CJ8BG6RE5H04487EJJOVXW.pcm
SwiftExplicitDependencyGeneratePcm arm64 /Users/admin/builder/spi-builder-workspace/.derivedData/SDKExplicitPrecompiledModules/os_workgroup-4U1VXMWIZD80E7PRUQF2G7P9X.pcm
SwiftExplicitDependencyGeneratePcm arm64 /Users/admin/builder/spi-builder-workspace/.derivedData/SDKExplicitPrecompiledModules/Dispatch-CLT3466HKC22GCKAWSCNG0H7T.pcm
SwiftExplicitDependencyGeneratePcm arm64 /Users/admin/builder/spi-builder-workspace/.derivedData/SDKExplicitPrecompiledModules/XPC-EP5EU7FNGP4VOA3EDM18P1KHO.pcm
SwiftExplicitDependencyGeneratePcm arm64 /Users/admin/builder/spi-builder-workspace/.derivedData/SDKExplicitPrecompiledModules/CoreFoundation-AVLTZVCXBU2TO75JCN4AGU8XJ.pcm
SwiftExplicitDependencyGeneratePcm arm64 /Users/admin/builder/spi-builder-workspace/.derivedData/SDKExplicitPrecompiledModules/CFNetwork-5MI70N1VLDQSWTX4COWLMSIRO.pcm
SwiftExplicitDependencyGeneratePcm arm64 /Users/admin/builder/spi-builder-workspace/.derivedData/SDKExplicitPrecompiledModules/Security-8TH2M8WJIQMET4SADWX0N8372.pcm
SwiftExplicitDependencyGeneratePcm arm64 /Users/admin/builder/spi-builder-workspace/.derivedData/SDKExplicitPrecompiledModules/Foundation-8GON1KVEKRN3NOQI8RETBRWJP.pcm
SwiftEmitModule normal arm64 Emitting\ module\ for\ SettingsBundleBuilder (in target 'SettingsBundleBuilder' from project 'SettingsBundleBuilder')
SwiftCompile normal arm64 (in target 'SettingsBundleBuilder' from project 'SettingsBundleBuilder')
cd /Users/admin/builder/spi-builder-workspace/.swiftpm/xcode
SwiftCompile normal arm64 Compiling\ Slider.swift,\ Text.swift /Users/admin/builder/spi-builder-workspace/Sources/SettingsBundleBuilder/Public/SettingsBundleItems/Slider.swift /Users/admin/builder/spi-builder-workspace/Sources/SettingsBundleBuilder/Public/SettingsBundleItems/Text.swift (in target 'SettingsBundleBuilder' from project 'SettingsBundleBuilder')
SwiftCompile normal arm64 /Users/admin/builder/spi-builder-workspace/Sources/SettingsBundleBuilder/Public/SettingsBundleItems/Slider.swift (in target 'SettingsBundleBuilder' from project 'SettingsBundleBuilder')
cd /Users/admin/builder/spi-builder-workspace/.swiftpm/xcode
builtin-SwiftPerFileCompile Slider.swift
SwiftCompile normal arm64 /Users/admin/builder/spi-builder-workspace/Sources/SettingsBundleBuilder/Public/SettingsBundleItems/Text.swift (in target 'SettingsBundleBuilder' from project 'SettingsBundleBuilder')
cd /Users/admin/builder/spi-builder-workspace/.swiftpm/xcode
builtin-SwiftPerFileCompile Text.swift
SwiftCompile normal arm64 Compiling\ TextField.swift,\ Toggle.swift /Users/admin/builder/spi-builder-workspace/Sources/SettingsBundleBuilder/Public/SettingsBundleItems/TextField.swift /Users/admin/builder/spi-builder-workspace/Sources/SettingsBundleBuilder/Public/SettingsBundleItems/Toggle.swift (in target 'SettingsBundleBuilder' from project 'SettingsBundleBuilder')
SwiftCompile normal arm64 /Users/admin/builder/spi-builder-workspace/Sources/SettingsBundleBuilder/Public/SettingsBundleItems/TextField.swift (in target 'SettingsBundleBuilder' from project 'SettingsBundleBuilder')
cd /Users/admin/builder/spi-builder-workspace/.swiftpm/xcode
builtin-SwiftPerFileCompile TextField.swift
SwiftCompile normal arm64 /Users/admin/builder/spi-builder-workspace/Sources/SettingsBundleBuilder/Public/SettingsBundleItems/Toggle.swift (in target 'SettingsBundleBuilder' from project 'SettingsBundleBuilder')
cd /Users/admin/builder/spi-builder-workspace/.swiftpm/xcode
builtin-SwiftPerFileCompile Toggle.swift
SwiftCompile normal arm64 Compiling\ Shell.swift,\ StringEXT.swift /Users/admin/builder/spi-builder-workspace/Sources/SettingsBundleBuilder/Private/Shell.swift /Users/admin/builder/spi-builder-workspace/Sources/SettingsBundleBuilder/Private/StringEXT.swift (in target 'SettingsBundleBuilder' from project 'SettingsBundleBuilder')
SwiftCompile normal arm64 /Users/admin/builder/spi-builder-workspace/Sources/SettingsBundleBuilder/Private/Shell.swift (in target 'SettingsBundleBuilder' from project 'SettingsBundleBuilder')
cd /Users/admin/builder/spi-builder-workspace/.swiftpm/xcode
builtin-SwiftPerFileCompile Shell.swift
SwiftCompile normal arm64 /Users/admin/builder/spi-builder-workspace/Sources/SettingsBundleBuilder/Private/StringEXT.swift (in target 'SettingsBundleBuilder' from project 'SettingsBundleBuilder')
cd /Users/admin/builder/spi-builder-workspace/.swiftpm/xcode
builtin-SwiftPerFileCompile StringEXT.swift
/Users/admin/builder/spi-builder-workspace/Sources/SettingsBundleBuilder/Private/Shell.swift:10:16: error: cannot find 'Process' in scope
8 | @discardableResult
9 | func shell(_ args: String...) -> Int32 {
10 | let task = Process()
| `- error: cannot find 'Process' in scope
11 | task.launchPath = "/usr/bin/env"
12 | task.arguments = args
Failed frontend command:
/Applications/Xcode-27.0.0-Release.Candidate.app/Contents/Developer/Toolchains/XcodeDefault.xctoolchain/usr/bin/swift-frontend -frontend -c /Users/admin/builder/spi-builder-workspace/Sources/SettingsBundleBuilder/Private/FileHandling.swift /Users/admin/builder/spi-builder-workspace/Sources/SettingsBundleBuilder/Private/KeyValuePairs/ArrayPair.swift /Users/admin/builder/spi-builder-workspace/Sources/SettingsBundleBuilder/Private/KeyValuePairs/BoolPair.swift /Users/admin/builder/spi-builder-workspace/Sources/SettingsBundleBuilder/Private/KeyValuePairs/KeyValuePair.swift /Users/admin/builder/spi-builder-workspace/Sources/SettingsBundleBuilder/Private/KeyValuePairs/RealPair.swift /Users/admin/builder/spi-builder-workspace/Sources/SettingsBundleBuilder/Private/KeyValuePairs/StringPair.swift /Users/admin/builder/spi-builder-workspace/Sources/SettingsBundleBuilder/Private/MakePlistFile.swift -primary-file /Users/admin/builder/spi-builder-workspace/Sources/SettingsBundleBuilder/Private/Shell.swift -primary-file /Users/admin/builder/spi-builder-workspace/Sources/SettingsBundleBuilder/Private/StringEXT.swift /Users/admin/builder/spi-builder-workspace/Sources/SettingsBundleBuilder/Public/Enums.swift /Users/admin/builder/spi-builder-workspace/Sources/SettingsBundleBuilder/Public/MakeSettingsBundle.swift /Users/admin/builder/spi-builder-workspace/Sources/SettingsBundleBuilder/Public/SettingsBundleBuilder.swift /Users/admin/builder/spi-builder-workspace/Sources/SettingsBundleBuilder/Public/SettingsBundleItems/Group.swift /Users/admin/builder/spi-builder-workspace/Sources/SettingsBundleBuilder/Public/SettingsBundleItems/MultiValue.swift /Users/admin/builder/spi-builder-workspace/Sources/SettingsBundleBuilder/Public/SettingsBundleItems/Page.swift /Users/admin/builder/spi-builder-workspace/Sources/SettingsBundleBuilder/Public/SettingsBundleItems/RadioGroup.swift /Users/admin/builder/spi-builder-workspace/Sources/SettingsBundleBuilder/Public/SettingsBundleItems/SettingsBundleItem.swift /Users/admin/builder/spi-builder-workspace/Sources/SettingsBundleBuilder/Public/SettingsBundleItems/Slider.swift /Users/admin/builder/spi-builder-workspace/Sources/SettingsBundleBuilder/Public/SettingsBundleItems/Text.swift /Users/admin/builder/spi-builder-workspace/Sources/SettingsBundleBuilder/Public/SettingsBundleItems/TextField.swift /Users/admin/builder/spi-builder-workspace/Sources/SettingsBundleBuilder/Public/SettingsBundleItems/Toggle.swift -emit-dependencies-path /Users/admin/builder/spi-builder-workspace/.derivedData/Build/Intermediates.noindex/SettingsBundleBuilder.build/Debug-xros/SettingsBundleBuilder-t.build/Objects-normal/arm64/Shell.d -emit-const-values-path /Users/admin/builder/spi-builder-workspace/.derivedData/Build/Intermediates.noindex/SettingsBundleBuilder.build/Debug-xros/SettingsBundleBuilder-t.build/Objects-normal/arm64/Shell.swiftconstvalues -emit-reference-dependencies-path /Users/admin/builder/spi-builder-workspace/.derivedData/Build/Intermediates.noindex/SettingsBundleBuilder.build/Debug-xros/SettingsBundleBuilder-t.build/Objects-normal/arm64/Shell.swiftdeps -serialize-diagnostics-path /Users/admin/builder/spi-builder-workspace/.derivedData/Build/Intermediates.noindex/SettingsBundleBuilder.build/Debug-xros/SettingsBundleBuilder-t.build/Objects-normal/arm64/Shell.dia -emit-dependencies-path /Users/admin/builder/spi-builder-workspace/.derivedData/Build/Intermediates.noindex/SettingsBundleBuilder.build/Debug-xros/SettingsBundleBuilder-t.build/Objects-normal/arm64/StringEXT.d -emit-const-values-path /Users/admin/builder/spi-builder-workspace/.derivedData/Build/Intermediates.noindex/SettingsBundleBuilder.build/Debug-xros/SettingsBundleBuilder-t.build/Objects-normal/arm64/StringEXT.swiftconstvalues -emit-reference-dependencies-path /Users/admin/builder/spi-builder-workspace/.derivedData/Build/Intermediates.noindex/SettingsBundleBuilder.build/Debug-xros/SettingsBundleBuilder-t.build/Objects-normal/arm64/StringEXT.swiftdeps -serialize-diagnostics-path /Users/admin/builder/spi-builder-workspace/.derivedData/Build/Intermediates.noindex/SettingsBundleBuilder.build/Debug-xros/SettingsBundleBuilder-t.build/Objects-normal/arm64/StringEXT.dia -target arm64-apple-xros1.0 -disable-cross-import-overlay-search -load-resolved-plugin /Applications/Xcode-27.0.0-Release.Candidate.app/Contents/Developer/Platforms/XROS.platform/Developer/usr/lib/swift/host/plugins/libFoundationMacros.dylib\#/Applications/Xcode-27.0.0-Release.Candidate.app/Contents/Developer/Platforms/XROS.platform/Developer/usr/bin/swift-plugin-server\#FoundationMacros -load-resolved-plugin /Applications/Xcode-27.0.0-Release.Candidate.app/Contents/Developer/Platforms/XROS.platform/Developer/usr/lib/swift/host/plugins/libObservationMacros.dylib\#/Applications/Xcode-27.0.0-Release.Candidate.app/Contents/Developer/Platforms/XROS.platform/Developer/usr/bin/swift-plugin-server\#ObservationMacros -load-resolved-plugin /Applications/Xcode-27.0.0-Release.Candidate.app/Contents/Developer/Platforms/XROS.platform/Developer/usr/lib/swift/host/plugins/libSwiftMacros.dylib\#/Applications/Xcode-27.0.0-Release.Candidate.app/Contents/Developer/Platforms/XROS.platform/Developer/usr/bin/swift-plugin-server\#SwiftMacros -disable-implicit-swift-modules -Xcc -fno-implicit-modules -Xcc -fno-implicit-module-maps -explicit-swift-module-map-file /Users/admin/builder/spi-builder-workspace/.derivedData/Build/Intermediates.noindex/SettingsBundleBuilder.build/Debug-xros/SettingsBundleBuilder-t.build/Objects-normal/arm64/SettingsBundleBuilder-dependencies-1.json -Xllvm -aarch64-use-tbi -enable-objc-interop -stack-check -sdk /Applications/Xcode-27.0.0-Release.Candidate.app/Contents/Developer/Platforms/XROS.platform/Developer/SDKs/XROS27.0.sdk -I /Users/admin/builder/spi-builder-workspace/.derivedData/Build/Products/Debug-xros -Isystem /Applications/Xcode-27.0.0-Release.Candidate.app/Contents/Developer/Platforms/XROS.platform/Developer/usr/lib -F /Users/admin/builder/spi-builder-workspace/.derivedData/Build/Products/Debug-xros -F /Applications/Xcode-27.0.0-Release.Candidate.app/Contents/Developer/Platforms/XROS.platform/Developer/Library/Frameworks -F /Applications/Xcode-27.0.0-Release.Candidate.app/Contents/Developer/Platforms/XROS.platform/Developer/SDKs/XROS27.0.sdk/Developer/Library/Frameworks -module-cache-path /Users/admin/builder/spi-builder-workspace/.derivedData/Build/Intermediates.noindex/SwiftExplicitPrecompiledModules -no-color-diagnostics -Xcc -fno-color-diagnostics -enable-testing -g -debug-info-format\=dwarf -dwarf-version\=4 -swift-version 5 -Onone -D SWIFT_PACKAGE -D DEBUG -D SWIFT_MODULE_RESOURCE_BUNDLE_UNAVAILABLE -D Xcode -serialize-debugging-options -enable-experimental-feature DebugDescriptionMacro -empty-abi-descriptor -validate-clang-modules-once -clang-build-session-file /Users/admin/builder/spi-builder-workspace/.derivedData/ModuleCache.noindex/Session.modulevalidation -Xcc -working-directory -Xcc /Users/admin/builder/spi-builder-workspace/.swiftpm/xcode -enable-anonymous-context-mangled-names -file-compilation-dir /Users/admin/builder/spi-builder-workspace/.swiftpm/xcode -Xcc -D_LIBCPP_HARDENING_MODE\=_LIBCPP_HARDENING_MODE_DEBUG -Xcc -ivfsstatcache -Xcc /Users/admin/builder/spi-builder-workspace/.derivedData/SDKStatCaches.noindex/xros27.0-24M361-e829b21a6f8c9b70876ba0858053c044735bd543db762f57723cac368afd1ce4.sdkstatcache -Xcc -fmodules-prune-interval\=86400 -Xcc -fmodules-prune-after\=345600 -Xcc -I/Users/admin/builder/spi-builder-workspace/.derivedData/Build/Products/Debug-xros/include -Xcc -I/Users/admin/builder/spi-builder-workspace/.derivedData/Build/Intermediates.noindex/SettingsBundleBuilder.build/Debug-xros/SettingsBundleBuilder-t.build/DerivedSources-normal/arm64 -Xcc -I/Users/admin/builder/spi-builder-workspace/.derivedData/Build/Intermediates.noindex/SettingsBundleBuilder.build/Debug-xros/SettingsBundleBuilder-t.build/DerivedSources/arm64 -Xcc -I/Users/admin/builder/spi-builder-workspace/.derivedData/Build/Intermediates.noindex/SettingsBundleBuilder.build/Debug-xros/SettingsBundleBuilder-t.build/DerivedSources -Xcc -DSWIFT_PACKAGE -Xcc -DDEBUG\=1 -no-auto-bridging-header-chaining -module-name SettingsBundleBuilder -const-gather-protocols-file /Users/admin/builder/spi-builder-workspace/.derivedData/Build/Intermediates.noindex/SettingsBundleBuilder.build/Debug-xros/SettingsBundleBuilder-t.build/Objects-normal/arm64/SettingsBundleBuilder_const_extract_protocols.json -disable-clang-spi -clang-target arm64-apple-xros27.0 -target-sdk-version 27.0 -target-sdk-name xros27.0 -in-process-plugin-server-path /Applications/Xcode-27.0.0-Release.Candidate.app/Contents/Developer/Toolchains/XcodeDefault.xctoolchain/usr/lib/swift/host/libSwiftInProcPluginServer.dylib -parse-as-library -o /Users/admin/builder/spi-builder-workspace/.derivedData/Build/Intermediates.noindex/SettingsBundleBuilder.build/Debug-xros/SettingsBundleBuilder-t.build/Objects-normal/arm64/Shell.o -o /Users/admin/builder/spi-builder-workspace/.derivedData/Build/Intermediates.noindex/SettingsBundleBuilder.build/Debug-xros/SettingsBundleBuilder-t.build/Objects-normal/arm64/StringEXT.o -debug-module-path /Users/admin/builder/spi-builder-workspace/.derivedData/Build/Intermediates.noindex/SettingsBundleBuilder.build/Debug-xros/SettingsBundleBuilder-t.build/Objects-normal/arm64/SettingsBundleBuilder.swiftmodule -index-unit-output-path /SettingsBundleBuilder.build/Debug-xros/SettingsBundleBuilder-t.build/Objects-normal/arm64/Shell.o -index-unit-output-path /SettingsBundleBuilder.build/Debug-xros/SettingsBundleBuilder-t.build/Objects-normal/arm64/StringEXT.o -index-store-path /Users/admin/builder/spi-builder-workspace/.derivedData/Index.noindex/DataStore -index-system-modules
SwiftCompile normal arm64 Compiling\ MultiValue.swift,\ Page.swift /Users/admin/builder/spi-builder-workspace/Sources/SettingsBundleBuilder/Public/SettingsBundleItems/MultiValue.swift /Users/admin/builder/spi-builder-workspace/Sources/SettingsBundleBuilder/Public/SettingsBundleItems/Page.swift (in target 'SettingsBundleBuilder' from project 'SettingsBundleBuilder')
SwiftCompile normal arm64 /Users/admin/builder/spi-builder-workspace/Sources/SettingsBundleBuilder/Public/SettingsBundleItems/MultiValue.swift (in target 'SettingsBundleBuilder' from project 'SettingsBundleBuilder')
cd /Users/admin/builder/spi-builder-workspace/.swiftpm/xcode
builtin-SwiftPerFileCompile MultiValue.swift
SwiftCompile normal arm64 /Users/admin/builder/spi-builder-workspace/Sources/SettingsBundleBuilder/Public/SettingsBundleItems/Page.swift (in target 'SettingsBundleBuilder' from project 'SettingsBundleBuilder')
cd /Users/admin/builder/spi-builder-workspace/.swiftpm/xcode
builtin-SwiftPerFileCompile Page.swift
SwiftCompile normal arm64 Compiling\ SettingsBundleBuilder.swift,\ Group.swift /Users/admin/builder/spi-builder-workspace/Sources/SettingsBundleBuilder/Public/SettingsBundleBuilder.swift /Users/admin/builder/spi-builder-workspace/Sources/SettingsBundleBuilder/Public/SettingsBundleItems/Group.swift (in target 'SettingsBundleBuilder' from project 'SettingsBundleBuilder')
SwiftCompile normal arm64 /Users/admin/builder/spi-builder-workspace/Sources/SettingsBundleBuilder/Public/SettingsBundleBuilder.swift (in target 'SettingsBundleBuilder' from project 'SettingsBundleBuilder')
cd /Users/admin/builder/spi-builder-workspace/.swiftpm/xcode
builtin-SwiftPerFileCompile SettingsBundleBuilder.swift
SwiftCompile normal arm64 /Users/admin/builder/spi-builder-workspace/Sources/SettingsBundleBuilder/Public/SettingsBundleItems/Group.swift (in target 'SettingsBundleBuilder' from project 'SettingsBundleBuilder')
cd /Users/admin/builder/spi-builder-workspace/.swiftpm/xcode
builtin-SwiftPerFileCompile Group.swift
SwiftCompile normal arm64 Compiling\ StringPair.swift,\ MakePlistFile.swift /Users/admin/builder/spi-builder-workspace/Sources/SettingsBundleBuilder/Private/KeyValuePairs/StringPair.swift /Users/admin/builder/spi-builder-workspace/Sources/SettingsBundleBuilder/Private/MakePlistFile.swift (in target 'SettingsBundleBuilder' from project 'SettingsBundleBuilder')
SwiftCompile normal arm64 /Users/admin/builder/spi-builder-workspace/Sources/SettingsBundleBuilder/Private/KeyValuePairs/StringPair.swift (in target 'SettingsBundleBuilder' from project 'SettingsBundleBuilder')
cd /Users/admin/builder/spi-builder-workspace/.swiftpm/xcode
builtin-SwiftPerFileCompile StringPair.swift
SwiftCompile normal arm64 /Users/admin/builder/spi-builder-workspace/Sources/SettingsBundleBuilder/Private/MakePlistFile.swift (in target 'SettingsBundleBuilder' from project 'SettingsBundleBuilder')
cd /Users/admin/builder/spi-builder-workspace/.swiftpm/xcode
builtin-SwiftPerFileCompile MakePlistFile.swift
SwiftCompile normal arm64 Compiling\ KeyValuePair.swift,\ RealPair.swift /Users/admin/builder/spi-builder-workspace/Sources/SettingsBundleBuilder/Private/KeyValuePairs/KeyValuePair.swift /Users/admin/builder/spi-builder-workspace/Sources/SettingsBundleBuilder/Private/KeyValuePairs/RealPair.swift (in target 'SettingsBundleBuilder' from project 'SettingsBundleBuilder')
SwiftCompile normal arm64 /Users/admin/builder/spi-builder-workspace/Sources/SettingsBundleBuilder/Private/KeyValuePairs/KeyValuePair.swift (in target 'SettingsBundleBuilder' from project 'SettingsBundleBuilder')
cd /Users/admin/builder/spi-builder-workspace/.swiftpm/xcode
builtin-SwiftPerFileCompile KeyValuePair.swift
SwiftCompile normal arm64 /Users/admin/builder/spi-builder-workspace/Sources/SettingsBundleBuilder/Private/KeyValuePairs/RealPair.swift (in target 'SettingsBundleBuilder' from project 'SettingsBundleBuilder')
cd /Users/admin/builder/spi-builder-workspace/.swiftpm/xcode
builtin-SwiftPerFileCompile RealPair.swift
SwiftCompile normal arm64 Compiling\ Enums.swift,\ MakeSettingsBundle.swift /Users/admin/builder/spi-builder-workspace/Sources/SettingsBundleBuilder/Public/Enums.swift /Users/admin/builder/spi-builder-workspace/Sources/SettingsBundleBuilder/Public/MakeSettingsBundle.swift (in target 'SettingsBundleBuilder' from project 'SettingsBundleBuilder')
SwiftCompile normal arm64 /Users/admin/builder/spi-builder-workspace/Sources/SettingsBundleBuilder/Public/Enums.swift (in target 'SettingsBundleBuilder' from project 'SettingsBundleBuilder')
cd /Users/admin/builder/spi-builder-workspace/.swiftpm/xcode
builtin-SwiftPerFileCompile Enums.swift
SwiftCompile normal arm64 /Users/admin/builder/spi-builder-workspace/Sources/SettingsBundleBuilder/Public/MakeSettingsBundle.swift (in target 'SettingsBundleBuilder' from project 'SettingsBundleBuilder')
cd /Users/admin/builder/spi-builder-workspace/.swiftpm/xcode
builtin-SwiftPerFileCompile MakeSettingsBundle.swift
SwiftCompile normal arm64 Compiling\ RadioGroup.swift,\ SettingsBundleItem.swift /Users/admin/builder/spi-builder-workspace/Sources/SettingsBundleBuilder/Public/SettingsBundleItems/RadioGroup.swift /Users/admin/builder/spi-builder-workspace/Sources/SettingsBundleBuilder/Public/SettingsBundleItems/SettingsBundleItem.swift (in target 'SettingsBundleBuilder' from project 'SettingsBundleBuilder')
SwiftCompile normal arm64 /Users/admin/builder/spi-builder-workspace/Sources/SettingsBundleBuilder/Public/SettingsBundleItems/RadioGroup.swift (in target 'SettingsBundleBuilder' from project 'SettingsBundleBuilder')
cd /Users/admin/builder/spi-builder-workspace/.swiftpm/xcode
builtin-SwiftPerFileCompile RadioGroup.swift
SwiftCompile normal arm64 /Users/admin/builder/spi-builder-workspace/Sources/SettingsBundleBuilder/Public/SettingsBundleItems/SettingsBundleItem.swift (in target 'SettingsBundleBuilder' from project 'SettingsBundleBuilder')
cd /Users/admin/builder/spi-builder-workspace/.swiftpm/xcode
builtin-SwiftPerFileCompile SettingsBundleItem.swift
SwiftCompile normal arm64 Compiling\ FileHandling.swift,\ ArrayPair.swift,\ BoolPair.swift /Users/admin/builder/spi-builder-workspace/Sources/SettingsBundleBuilder/Private/FileHandling.swift /Users/admin/builder/spi-builder-workspace/Sources/SettingsBundleBuilder/Private/KeyValuePairs/ArrayPair.swift /Users/admin/builder/spi-builder-workspace/Sources/SettingsBundleBuilder/Private/KeyValuePairs/BoolPair.swift (in target 'SettingsBundleBuilder' from project 'SettingsBundleBuilder')
SwiftCompile normal arm64 /Users/admin/builder/spi-builder-workspace/Sources/SettingsBundleBuilder/Private/FileHandling.swift (in target 'SettingsBundleBuilder' from project 'SettingsBundleBuilder')
cd /Users/admin/builder/spi-builder-workspace/.swiftpm/xcode
builtin-SwiftPerFileCompile FileHandling.swift
SwiftCompile normal arm64 /Users/admin/builder/spi-builder-workspace/Sources/SettingsBundleBuilder/Private/KeyValuePairs/ArrayPair.swift (in target 'SettingsBundleBuilder' from project 'SettingsBundleBuilder')
cd /Users/admin/builder/spi-builder-workspace/.swiftpm/xcode
builtin-SwiftPerFileCompile ArrayPair.swift
SwiftCompile normal arm64 /Users/admin/builder/spi-builder-workspace/Sources/SettingsBundleBuilder/Private/KeyValuePairs/BoolPair.swift (in target 'SettingsBundleBuilder' from project 'SettingsBundleBuilder')
cd /Users/admin/builder/spi-builder-workspace/.swiftpm/xcode
builtin-SwiftPerFileCompile BoolPair.swift
SwiftDriverJobDiscovery normal arm64 Emitting module for SettingsBundleBuilder (in target 'SettingsBundleBuilder' from project 'SettingsBundleBuilder')
SwiftDriver\ Compilation\ Requirements SettingsBundleBuilder normal arm64 com.apple.xcode.tools.swift.compiler (in target 'SettingsBundleBuilder' from project 'SettingsBundleBuilder')
cd /Users/admin/builder/spi-builder-workspace/.swiftpm/xcode
builtin-Swift-Compilation-Requirements -- /Applications/Xcode-27.0.0-Release.Candidate.app/Contents/Developer/Toolchains/XcodeDefault.xctoolchain/usr/bin/swiftc -parse-as-library -module-name SettingsBundleBuilder -Onone @/Users/admin/builder/spi-builder-workspace/.derivedData/Build/Intermediates.noindex/SettingsBundleBuilder.build/Debug-xros/SettingsBundleBuilder-t.build/Objects-normal/arm64/SettingsBundleBuilder.SwiftFileList -DSWIFT_PACKAGE -DDEBUG -DSWIFT_MODULE_RESOURCE_BUNDLE_UNAVAILABLE -DXcode -plugin-path /Applications/Xcode-27.0.0-Release.Candidate.app/Contents/Developer/Toolchains/XcodeDefault.xctoolchain/usr/lib/swift/host/plugins/testing -enable-experimental-feature DebugDescriptionMacro -sdk /Applications/Xcode-27.0.0-Release.Candidate.app/Contents/Developer/Platforms/XROS.platform/Developer/SDKs/XROS27.0.sdk -target arm64-apple-xros1.0 -g -module-cache-path /Users/admin/builder/spi-builder-workspace/.derivedData/ModuleCache.noindex -Xfrontend -serialize-debugging-options -enable-testing -index-store-path /Users/admin/builder/spi-builder-workspace/.derivedData/Index.noindex/DataStore -Xcc -D_LIBCPP_HARDENING_MODE\=_LIBCPP_HARDENING_MODE_DEBUG -swift-version 5 -I /Users/admin/builder/spi-builder-workspace/.derivedData/Build/Products/Debug-xros -Isystem /Applications/Xcode-27.0.0-Release.Candidate.app/Contents/Developer/Platforms/XROS.platform/Developer/usr/lib -F /Users/admin/builder/spi-builder-workspace/.derivedData/Build/Products/Debug-xros -F /Applications/Xcode-27.0.0-Release.Candidate.app/Contents/Developer/Platforms/XROS.platform/Developer/Library/Frameworks -F /Applications/Xcode-27.0.0-Release.Candidate.app/Contents/Developer/Platforms/XROS.platform/Developer/SDKs/XROS27.0.sdk/Developer/Library/Frameworks -c -j10 -enable-batch-mode -incremental -Xcc -ivfsstatcache -Xcc /Users/admin/builder/spi-builder-workspace/.derivedData/SDKStatCaches.noindex/xros27.0-24M361-e829b21a6f8c9b70876ba0858053c044735bd543db762f57723cac368afd1ce4.sdkstatcache -output-file-map /Users/admin/builder/spi-builder-workspace/.derivedData/Build/Intermediates.noindex/SettingsBundleBuilder.build/Debug-xros/SettingsBundleBuilder-t.build/Objects-normal/arm64/SettingsBundleBuilder-OutputFileMap.json -save-temps -no-color-diagnostics -explicit-module-build -module-cache-path /Users/admin/builder/spi-builder-workspace/.derivedData/Build/Intermediates.noindex/SwiftExplicitPrecompiledModules -clang-scanner-module-cache-path /Users/admin/builder/spi-builder-workspace/.derivedData/ModuleCache.noindex -sdk-module-cache-path /Users/admin/builder/spi-builder-workspace/.derivedData/SDKExplicitPrecompiledModules -emit-dependencies -emit-module -emit-module-path /Users/admin/builder/spi-builder-workspace/.derivedData/Build/Intermediates.noindex/SettingsBundleBuilder.build/Debug-xros/SettingsBundleBuilder-t.build/Objects-normal/arm64/SettingsBundleBuilder.swiftmodule -serialize-diagnostics -dependency-scan-serialize-diagnostics-path /Users/admin/builder/spi-builder-workspace/.derivedData/Build/Intermediates.noindex/SettingsBundleBuilder.build/Debug-xros/SettingsBundleBuilder-t.build/Objects-normal/arm64/SettingsBundleBuilder-dependency-scan.dia -validate-clang-modules-once -clang-build-session-file /Users/admin/builder/spi-builder-workspace/.derivedData/ModuleCache.noindex/Session.modulevalidation -Xcc -fmodules-prune-interval\=86400 -Xcc -fmodules-prune-after\=345600 -emit-const-values -const-gather-protocols-list /Users/admin/builder/spi-builder-workspace/.derivedData/Build/Intermediates.noindex/SettingsBundleBuilder.build/Debug-xros/SettingsBundleBuilder-t.build/Objects-normal/arm64/SettingsBundleBuilder_const_extract_protocols.json -Xcc -I/Users/admin/builder/spi-builder-workspace/.derivedData/Build/Products/Debug-xros/include -Xcc -I/Users/admin/builder/spi-builder-workspace/.derivedData/Build/Intermediates.noindex/SettingsBundleBuilder.build/Debug-xros/SettingsBundleBuilder-t.build/DerivedSources-normal/arm64 -Xcc -I/Users/admin/builder/spi-builder-workspace/.derivedData/Build/Intermediates.noindex/SettingsBundleBuilder.build/Debug-xros/SettingsBundleBuilder-t.build/DerivedSources/arm64 -Xcc -I/Users/admin/builder/spi-builder-workspace/.derivedData/Build/Intermediates.noindex/SettingsBundleBuilder.build/Debug-xros/SettingsBundleBuilder-t.build/DerivedSources -Xcc -DSWIFT_PACKAGE -Xcc -DDEBUG\=1 -emit-objc-header -emit-objc-header-path /Users/admin/builder/spi-builder-workspace/.derivedData/Build/Intermediates.noindex/SettingsBundleBuilder.build/Debug-xros/SettingsBundleBuilder-t.build/Objects-normal/arm64/SettingsBundleBuilder-Swift.h -working-directory /Users/admin/builder/spi-builder-workspace/.swiftpm/xcode -experimental-emit-module-separately -disable-cmo
SwiftDriverJobDiscovery normal arm64 Compiling StringPair.swift, MakePlistFile.swift (in target 'SettingsBundleBuilder' from project 'SettingsBundleBuilder')
SwiftDriverJobDiscovery normal arm64 Compiling KeyValuePair.swift, RealPair.swift (in target 'SettingsBundleBuilder' from project 'SettingsBundleBuilder')
SwiftDriverJobDiscovery normal arm64 Compiling RadioGroup.swift, SettingsBundleItem.swift (in target 'SettingsBundleBuilder' from project 'SettingsBundleBuilder')
SwiftDriverJobDiscovery normal arm64 Compiling TextField.swift, Toggle.swift (in target 'SettingsBundleBuilder' from project 'SettingsBundleBuilder')
SwiftMergeGeneratedHeaders /Users/admin/builder/spi-builder-workspace/.derivedData/Build/Intermediates.noindex/GeneratedModuleMaps-xros/SettingsBundleBuilder-Swift.h /Users/admin/builder/spi-builder-workspace/.derivedData/Build/Intermediates.noindex/SettingsBundleBuilder.build/Debug-xros/SettingsBundleBuilder-t.build/Objects-normal/arm64/SettingsBundleBuilder-Swift.h (in target 'SettingsBundleBuilder' from project 'SettingsBundleBuilder')
cd /Users/admin/builder/spi-builder-workspace
builtin-swiftHeaderTool -arch arm64 /Users/admin/builder/spi-builder-workspace/.derivedData/Build/Intermediates.noindex/SettingsBundleBuilder.build/Debug-xros/SettingsBundleBuilder-t.build/Objects-normal/arm64/SettingsBundleBuilder-Swift.h -o /Users/admin/builder/spi-builder-workspace/.derivedData/Build/Intermediates.noindex/GeneratedModuleMaps-xros/SettingsBundleBuilder-Swift.h
Copy /Users/admin/builder/spi-builder-workspace/.derivedData/Build/Products/Debug-xros/SettingsBundleBuilder.swiftmodule/arm64-apple-xros.abi.json /Users/admin/builder/spi-builder-workspace/.derivedData/Build/Intermediates.noindex/SettingsBundleBuilder.build/Debug-xros/SettingsBundleBuilder-t.build/Objects-normal/arm64/SettingsBundleBuilder.abi.json (in target 'SettingsBundleBuilder' from project 'SettingsBundleBuilder')
cd /Users/admin/builder/spi-builder-workspace
builtin-copy -exclude .DS_Store -exclude CVS -exclude .svn -exclude .git -exclude .hg -resolve-src-symlinks -rename /Users/admin/builder/spi-builder-workspace/.derivedData/Build/Intermediates.noindex/SettingsBundleBuilder.build/Debug-xros/SettingsBundleBuilder-t.build/Objects-normal/arm64/SettingsBundleBuilder.abi.json /Users/admin/builder/spi-builder-workspace/.derivedData/Build/Products/Debug-xros/SettingsBundleBuilder.swiftmodule/arm64-apple-xros.abi.json
Copy /Users/admin/builder/spi-builder-workspace/.derivedData/Build/Products/Debug-xros/SettingsBundleBuilder.swiftmodule/arm64-apple-xros.swiftdoc /Users/admin/builder/spi-builder-workspace/.derivedData/Build/Intermediates.noindex/SettingsBundleBuilder.build/Debug-xros/SettingsBundleBuilder-t.build/Objects-normal/arm64/SettingsBundleBuilder.swiftdoc (in target 'SettingsBundleBuilder' from project 'SettingsBundleBuilder')
cd /Users/admin/builder/spi-builder-workspace
builtin-copy -exclude .DS_Store -exclude CVS -exclude .svn -exclude .git -exclude .hg -resolve-src-symlinks -rename /Users/admin/builder/spi-builder-workspace/.derivedData/Build/Intermediates.noindex/SettingsBundleBuilder.build/Debug-xros/SettingsBundleBuilder-t.build/Objects-normal/arm64/SettingsBundleBuilder.swiftdoc /Users/admin/builder/spi-builder-workspace/.derivedData/Build/Products/Debug-xros/SettingsBundleBuilder.swiftmodule/arm64-apple-xros.swiftdoc
Copy /Users/admin/builder/spi-builder-workspace/.derivedData/Build/Products/Debug-xros/SettingsBundleBuilder.swiftmodule/arm64-apple-xros.swiftmodule /Users/admin/builder/spi-builder-workspace/.derivedData/Build/Intermediates.noindex/SettingsBundleBuilder.build/Debug-xros/SettingsBundleBuilder-t.build/Objects-normal/arm64/SettingsBundleBuilder.swiftmodule (in target 'SettingsBundleBuilder' from project 'SettingsBundleBuilder')
cd /Users/admin/builder/spi-builder-workspace
builtin-copy -exclude .DS_Store -exclude CVS -exclude .svn -exclude .git -exclude .hg -resolve-src-symlinks -rename /Users/admin/builder/spi-builder-workspace/.derivedData/Build/Intermediates.noindex/SettingsBundleBuilder.build/Debug-xros/SettingsBundleBuilder-t.build/Objects-normal/arm64/SettingsBundleBuilder.swiftmodule /Users/admin/builder/spi-builder-workspace/.derivedData/Build/Products/Debug-xros/SettingsBundleBuilder.swiftmodule/arm64-apple-xros.swiftmodule
Copy /Users/admin/builder/spi-builder-workspace/.derivedData/Build/Products/Debug-xros/SettingsBundleBuilder.swiftmodule/Project/arm64-apple-xros.swiftsourceinfo /Users/admin/builder/spi-builder-workspace/.derivedData/Build/Intermediates.noindex/SettingsBundleBuilder.build/Debug-xros/SettingsBundleBuilder-t.build/Objects-normal/arm64/SettingsBundleBuilder.swiftsourceinfo (in target 'SettingsBundleBuilder' from project 'SettingsBundleBuilder')
cd /Users/admin/builder/spi-builder-workspace
builtin-copy -exclude .DS_Store -exclude CVS -exclude .svn -exclude .git -exclude .hg -resolve-src-symlinks -rename /Users/admin/builder/spi-builder-workspace/.derivedData/Build/Intermediates.noindex/SettingsBundleBuilder.build/Debug-xros/SettingsBundleBuilder-t.build/Objects-normal/arm64/SettingsBundleBuilder.swiftsourceinfo /Users/admin/builder/spi-builder-workspace/.derivedData/Build/Products/Debug-xros/SettingsBundleBuilder.swiftmodule/Project/arm64-apple-xros.swiftsourceinfo
SwiftDriver SettingsBundleBuilderTests normal arm64 com.apple.xcode.tools.swift.compiler (in target 'SettingsBundleBuilderTests-product' from project 'SettingsBundleBuilder')
cd /Users/admin/builder/spi-builder-workspace/.swiftpm/xcode
builtin-SwiftDriver -- /Applications/Xcode-27.0.0-Release.Candidate.app/Contents/Developer/Toolchains/XcodeDefault.xctoolchain/usr/bin/swiftc -parse-as-library -module-name SettingsBundleBuilderTests -Onone @/Users/admin/builder/spi-builder-workspace/.derivedData/Build/Intermediates.noindex/SettingsBundleBuilder.build/Debug-xros/SettingsBundleBuilderTests-p.build/Objects-normal/arm64/SettingsBundleBuilderTests.SwiftFileList -DSWIFT_PACKAGE -DDEBUG -DXcode -plugin-path /Applications/Xcode-27.0.0-Release.Candidate.app/Contents/Developer/Toolchains/XcodeDefault.xctoolchain/usr/lib/swift/host/plugins/testing -enable-experimental-feature DebugDescriptionMacro -sdk /Applications/Xcode-27.0.0-Release.Candidate.app/Contents/Developer/Platforms/XROS.platform/Developer/SDKs/XROS27.0.sdk -target arm64-apple-xros1.0 -g -module-cache-path /Users/admin/builder/spi-builder-workspace/.derivedData/ModuleCache.noindex -Xfrontend -serialize-debugging-options -enable-testing -index-store-path /Users/admin/builder/spi-builder-workspace/.derivedData/Index.noindex/DataStore -Xcc -D_LIBCPP_HARDENING_MODE\=_LIBCPP_HARDENING_MODE_DEBUG -swift-version 5 -I /Users/admin/builder/spi-builder-workspace/.derivedData/Build/Products/Debug-xros -Isystem /Applications/Xcode-27.0.0-Release.Candidate.app/Contents/Developer/Platforms/XROS.platform/Developer/usr/lib -F /Users/admin/builder/spi-builder-workspace/.derivedData/Build/Products/Debug-xros/PackageFrameworks -F /Users/admin/builder/spi-builder-workspace/.derivedData/Build/Products/Debug-xros -F /Applications/Xcode-27.0.0-Release.Candidate.app/Contents/Developer/Platforms/XROS.platform/Developer/Library/Frameworks -F /Applications/Xcode-27.0.0-Release.Candidate.app/Contents/Developer/Platforms/XROS.platform/Developer/SDKs/XROS27.0.sdk/Developer/Library/Frameworks -c -j10 -enable-batch-mode -incremental -Xcc -ivfsstatcache -Xcc /Users/admin/builder/spi-builder-workspace/.derivedData/SDKStatCaches.noindex/xros27.0-24M361-e829b21a6f8c9b70876ba0858053c044735bd543db762f57723cac368afd1ce4.sdkstatcache -output-file-map /Users/admin/builder/spi-builder-workspace/.derivedData/Build/Intermediates.noindex/SettingsBundleBuilder.build/Debug-xros/SettingsBundleBuilderTests-p.build/Objects-normal/arm64/SettingsBundleBuilderTests-OutputFileMap.json -save-temps -no-color-diagnostics -explicit-module-build -module-cache-path /Users/admin/builder/spi-builder-workspace/.derivedData/Build/Intermediates.noindex/SwiftExplicitPrecompiledModules -clang-scanner-module-cache-path /Users/admin/builder/spi-builder-workspace/.derivedData/ModuleCache.noindex -sdk-module-cache-path /Users/admin/builder/spi-builder-workspace/.derivedData/SDKExplicitPrecompiledModules -emit-dependencies -emit-module -emit-module-path /Users/admin/builder/spi-builder-workspace/.derivedData/Build/Intermediates.noindex/SettingsBundleBuilder.build/Debug-xros/SettingsBundleBuilderTests-p.build/Objects-normal/arm64/SettingsBundleBuilderTests.swiftmodule -serialize-diagnostics -dependency-scan-serialize-diagnostics-path /Users/admin/builder/spi-builder-workspace/.derivedData/Build/Intermediates.noindex/SettingsBundleBuilder.build/Debug-xros/SettingsBundleBuilderTests-p.build/Objects-normal/arm64/SettingsBundleBuilderTests-dependency-scan.dia -validate-clang-modules-once -clang-build-session-file /Users/admin/builder/spi-builder-workspace/.derivedData/ModuleCache.noindex/Session.modulevalidation -Xcc -fmodules-prune-interval\=86400 -Xcc -fmodules-prune-after\=345600 -emit-const-values -const-gather-protocols-list /Users/admin/builder/spi-builder-workspace/.derivedData/Build/Intermediates.noindex/SettingsBundleBuilder.build/Debug-xros/SettingsBundleBuilderTests-p.build/Objects-normal/arm64/SettingsBundleBuilderTests_const_extract_protocols.json -Xcc -I/Users/admin/builder/spi-builder-workspace/.derivedData/Build/Products/Debug-xros/include -Xcc -I/Users/admin/builder/spi-builder-workspace/.derivedData/Build/Intermediates.noindex/SettingsBundleBuilder.build/Debug-xros/SettingsBundleBuilderTests-p.build/DerivedSources-normal/arm64 -Xcc -I/Users/admin/builder/spi-builder-workspace/.derivedData/Build/Intermediates.noindex/SettingsBundleBuilder.build/Debug-xros/SettingsBundleBuilderTests-p.build/DerivedSources/arm64 -Xcc -I/Users/admin/builder/spi-builder-workspace/.derivedData/Build/Intermediates.noindex/SettingsBundleBuilder.build/Debug-xros/SettingsBundleBuilderTests-p.build/DerivedSources -Xcc -DSWIFT_PACKAGE -Xcc -DDEBUG\=1 -working-directory /Users/admin/builder/spi-builder-workspace/.swiftpm/xcode -experimental-emit-module-separately -disable-cmo
SwiftExplicitDependencyGeneratePcm arm64 /Users/admin/builder/spi-builder-workspace/.derivedData/SDKExplicitPrecompiledModules/_LocationEssentials-8GQGFVARUE99D8VJX3TINY0VP.pcm
SwiftExplicitDependencyGeneratePcm arm64 /Users/admin/builder/spi-builder-workspace/.derivedData/SDKExplicitPrecompiledModules/Symbols-8G2XC01RPQ5HYIZE6JNUT864I.pcm
SwiftExplicitDependencyGeneratePcm arm64 /Users/admin/builder/spi-builder-workspace/.derivedData/SDKExplicitPrecompiledModules/UIUtilities-AOVGLUWEAN6CG2UZFNESGSP6C.pcm
SwiftExplicitDependencyGeneratePcm arm64 /Users/admin/builder/spi-builder-workspace/.derivedData/SDKExplicitPrecompiledModules/UserNotifications-8IIV1V1FPNAPA4LY1Y23LOM2N.pcm
SwiftExplicitDependencyGeneratePcm arm64 /Users/admin/builder/spi-builder-workspace/.derivedData/SDKExplicitPrecompiledModules/_Builtin_tgmath-BPYSMHWI520EQRL2HW519ZY7Z.pcm
SwiftExplicitDependencyGeneratePcm arm64 /Users/admin/builder/spi-builder-workspace/.derivedData/SDKExplicitPrecompiledModules/MachO-3XTHY7HWV6RF3KXKYQVHUBUXK.pcm
SwiftExplicitDependencyGeneratePcm arm64 /Users/admin/builder/spi-builder-workspace/.derivedData/SDKExplicitPrecompiledModules/CoreTransferable-8TBYAKHCX6UC8QQSS7BD8GQK5.pcm
SwiftExplicitDependencyGeneratePcm arm64 /Users/admin/builder/spi-builder-workspace/.derivedData/SDKExplicitPrecompiledModules/DataDetection-BANTQ3WXXGKZJYC0LLB3MD9K0.pcm
SwiftExplicitDependencyGeneratePcm arm64 /Users/admin/builder/spi-builder-workspace/.derivedData/SDKExplicitPrecompiledModules/IOSurface-5FE9U89GVFF9A7X7AGO2R8ENI.pcm
SwiftExplicitDependencyGeneratePcm arm64 /Users/admin/builder/spi-builder-workspace/.derivedData/SDKExplicitPrecompiledModules/_Builtin_intrinsics-BC5IJI3YI34RQ61ZNVDRDZ6RN.pcm
SwiftExplicitDependencyGeneratePcm arm64 /Users/admin/builder/spi-builder-workspace/.derivedData/SDKExplicitPrecompiledModules/CoreLocation-1SN37095DAPVJ068LLP9TBDQX.pcm
SwiftExplicitDependencyGeneratePcm arm64 /Users/admin/builder/spi-builder-workspace/.derivedData/SDKExplicitPrecompiledModules/DeveloperToolsSupport-46GOQP8J1QTHLYQSJW81T8UZ3.pcm
SwiftDriverJobDiscovery normal arm64 Compiling SettingsBundleBuilder.swift, Group.swift (in target 'SettingsBundleBuilder' from project 'SettingsBundleBuilder')
SwiftExplicitDependencyGeneratePcm arm64 /Users/admin/builder/spi-builder-workspace/.derivedData/SDKExplicitPrecompiledModules/_Builtin_stdatomic-1VUZPM79PNCAHXVBERD53WRSF.pcm
SwiftDriverJobDiscovery normal arm64 Compiling Slider.swift, Text.swift (in target 'SettingsBundleBuilder' from project 'SettingsBundleBuilder')
SwiftExplicitDependencyGeneratePcm arm64 /Users/admin/builder/spi-builder-workspace/.derivedData/SDKExplicitPrecompiledModules/UniformTypeIdentifiers-E5KMWDZEKS4QW9RO1KBRDEXV6.pcm
SwiftExplicitDependencyGeneratePcm arm64 /Users/admin/builder/spi-builder-workspace/.derivedData/SDKExplicitPrecompiledModules/CoreGraphics-BFUJ177R223UT2ZI327ZTZY91.pcm
PruneExplicitPrecompiledModules /Users/admin/builder/spi-builder-workspace/.derivedData/Build/Intermediates.noindex/SwiftExplicitPrecompiledModules
PruneExplicitPrecompiledModules /Users/admin/builder/spi-builder-workspace/.derivedData/SDKExplicitPrecompiledModules
PruneExplicitPrecompiledModules /Users/admin/builder/spi-builder-workspace/.derivedData/Build/Intermediates.noindex/ExplicitPrecompiledModules
2026-09-17 13:19:08.897 xcodebuild[648:4204] [MT] IDERunDestination: Supported platforms for the buildables in the current scheme is empty.
2026-09-17 13:19:09.044 xcodebuild[648:4204] [MT] IDERunDestination: Supported platforms for the buildables in the current scheme is empty.
** BUILD FAILED **
The following build commands failed:
SwiftCompile normal arm64 /Users/admin/builder/spi-builder-workspace/Sources/SettingsBundleBuilder/Private/Shell.swift (in target 'SettingsBundleBuilder' from project 'SettingsBundleBuilder')
SwiftCompile normal arm64 Compiling\ Shell.swift,\ StringEXT.swift /Users/admin/builder/spi-builder-workspace/Sources/SettingsBundleBuilder/Private/Shell.swift /Users/admin/builder/spi-builder-workspace/Sources/SettingsBundleBuilder/Private/StringEXT.swift (in target 'SettingsBundleBuilder' from project 'SettingsBundleBuilder')
Building workspace SettingsBundleBuilder with scheme SettingsBundleBuilder
(3 failures)
Command line invocation:
/Applications/Xcode-27.0.0-Release.Candidate.app/Contents/Developer/usr/bin/xcodebuild -IDEClonedSourcePackagesDirPathOverride=/Users/admin/builder/spi-builder-workspace/.dependencies -resolvePackageDependencies
Resolve Package Graph
Resolved source packages:
SettingsBundleBuilder: /Users/admin/builder/spi-builder-workspace
resolved source packages: SettingsBundleBuilder
2026-09-17 13:19:16.864 xcodebuild[731:4611] [MT] IDERunDestination: Supported platforms for the buildables in the current scheme is empty.
2026-09-17 13:19:16.968 xcodebuild[731:4611] [MT] IDERunDestination: Supported platforms for the buildables in the current scheme is empty.
{
"dependencies" : [
],
"manifest_display_name" : "SettingsBundleBuilder",
"name" : "SettingsBundleBuilder",
"path" : "/Users/admin/builder/spi-builder-workspace",
"platforms" : [
],
"products" : [
{
"name" : "SettingsBundleBuilder",
"targets" : [
"SettingsBundleBuilder"
],
"type" : {
"library" : [
"automatic"
]
}
}
],
"targets" : [
{
"c99name" : "SettingsBundleBuilderTests",
"module_type" : "SwiftTarget",
"name" : "SettingsBundleBuilderTests",
"path" : "Tests/SettingsBundleBuilderTests",
"sources" : [
"MakePlistFileTests.swift",
"SettingsBundleItems/GroupTests.swift",
"SettingsBundleItems/MultiValueTests.swift",
"SettingsBundleItems/PageTests.swift",
"SettingsBundleItems/RadioGroupTests.swift",
"SettingsBundleItems/SliderTests.swift",
"SettingsBundleItems/TextFieldTests.swift",
"SettingsBundleItems/TextTests.swift",
"SettingsBundleItems/ToggleTests.swift"
],
"target_dependencies" : [
"SettingsBundleBuilder"
],
"type" : "test"
},
{
"c99name" : "SettingsBundleBuilder",
"module_type" : "SwiftTarget",
"name" : "SettingsBundleBuilder",
"path" : "Sources/SettingsBundleBuilder",
"product_memberships" : [
"SettingsBundleBuilder"
],
"sources" : [
"Private/FileHandling.swift",
"Private/KeyValuePairs/ArrayPair.swift",
"Private/KeyValuePairs/BoolPair.swift",
"Private/KeyValuePairs/KeyValuePair.swift",
"Private/KeyValuePairs/RealPair.swift",
"Private/KeyValuePairs/StringPair.swift",
"Private/MakePlistFile.swift",
"Private/Shell.swift",
"Private/StringEXT.swift",
"Public/Enums.swift",
"Public/MakeSettingsBundle.swift",
"Public/SettingsBundleBuilder.swift",
"Public/SettingsBundleItems/Group.swift",
"Public/SettingsBundleItems/MultiValue.swift",
"Public/SettingsBundleItems/Page.swift",
"Public/SettingsBundleItems/RadioGroup.swift",
"Public/SettingsBundleItems/SettingsBundleItem.swift",
"Public/SettingsBundleItems/Slider.swift",
"Public/SettingsBundleItems/Text.swift",
"Public/SettingsBundleItems/TextField.swift",
"Public/SettingsBundleItems/Toggle.swift"
],
"type" : "library"
}
],
"tools_version" : "5.3"
}
{
"workspace" : {
"name" : "SettingsBundleBuilder",
"schemes" : [
"SettingsBundleBuilder"
]
}
}
2026-09-17 13:19:18.025 xcodebuild[739:4673] [MT] IDERunDestination: Supported platforms for the buildables in the current scheme is empty.
2026-09-17 13:19:18.128 xcodebuild[739:4673] [MT] IDERunDestination: Supported platforms for the buildables in the current scheme is empty.
Running build ...
env DEVELOPER_DIR=/Applications/Xcode-27.0.0-Release.Candidate.app xcrun xcodebuild -IDEClonedSourcePackagesDirPathOverride=$PWD/.dependencies -skipMacroValidation -skipPackagePluginValidation -derivedDataPath $PWD/.derivedData build -scheme SettingsBundleBuilder -destination generic/platform=xrOS
Command line invocation:
/Applications/Xcode-27.0.0-Release.Candidate.app/Contents/Developer/usr/bin/xcodebuild -IDEClonedSourcePackagesDirPathOverride=/Users/admin/builder/spi-builder-workspace/.dependencies -skipMacroValidation -skipPackagePluginValidation -derivedDataPath /Users/admin/builder/spi-builder-workspace/.derivedData build -scheme SettingsBundleBuilder -destination generic/platform=xrOS
Resolve Package Graph
Resolved source packages:
SettingsBundleBuilder: /Users/admin/builder/spi-builder-workspace
ComputePackagePrebuildTargetDependencyGraph
Prepare packages
CreateBuildRequest
SendProjectDescription
CreateBuildOperation
ComputeTargetDependencyGraph
note: Building targets in dependency order
note: Target dependency graph (3 targets)
Target 'SettingsBundleBuilderTests-product' in project 'SettingsBundleBuilder'
➜ Explicit dependency on target 'SettingsBundleBuilder' in project 'SettingsBundleBuilder'
Target 'SettingsBundleBuilder-product' in project 'SettingsBundleBuilder'
➜ Explicit dependency on target 'SettingsBundleBuilder' in project 'SettingsBundleBuilder'
Target 'SettingsBundleBuilder' in project 'SettingsBundleBuilder' (no dependencies)
GatherProvisioningInputs
CreateBuildDescription
ClangStatCache /Applications/Xcode-27.0.0-Release.Candidate.app/Contents/Developer/Toolchains/XcodeDefault.xctoolchain/usr/bin/clang-stat-cache /Applications/Xcode-27.0.0-Release.Candidate.app/Contents/Developer/Platforms/XROS.platform/Developer/SDKs/XROS27.0.sdk /Users/admin/builder/spi-builder-workspace/.derivedData/SDKStatCaches.noindex/xros27.0-24M361-e829b21a6f8c9b70876ba0858053c044735bd543db762f57723cac368afd1ce4.sdkstatcache
cd /Users/admin/builder/spi-builder-workspace/.swiftpm/xcode
/Applications/Xcode-27.0.0-Release.Candidate.app/Contents/Developer/Toolchains/XcodeDefault.xctoolchain/usr/bin/clang-stat-cache /Applications/Xcode-27.0.0-Release.Candidate.app/Contents/Developer/Platforms/XROS.platform/Developer/SDKs/XROS27.0.sdk -o /Users/admin/builder/spi-builder-workspace/.derivedData/SDKStatCaches.noindex/xros27.0-24M361-e829b21a6f8c9b70876ba0858053c044735bd543db762f57723cac368afd1ce4.sdkstatcache
SwiftDriver SettingsBundleBuilderTests normal arm64 com.apple.xcode.tools.swift.compiler (in target 'SettingsBundleBuilderTests-product' from project 'SettingsBundleBuilder')
cd /Users/admin/builder/spi-builder-workspace/.swiftpm/xcode
builtin-SwiftDriver -- /Applications/Xcode-27.0.0-Release.Candidate.app/Contents/Developer/Toolchains/XcodeDefault.xctoolchain/usr/bin/swiftc -parse-as-library -module-name SettingsBundleBuilderTests -Onone @/Users/admin/builder/spi-builder-workspace/.derivedData/Build/Intermediates.noindex/SettingsBundleBuilder.build/Debug-xros/SettingsBundleBuilderTests-p.build/Objects-normal/arm64/SettingsBundleBuilderTests.SwiftFileList -DSWIFT_PACKAGE -DDEBUG -DXcode -plugin-path /Applications/Xcode-27.0.0-Release.Candidate.app/Contents/Developer/Toolchains/XcodeDefault.xctoolchain/usr/lib/swift/host/plugins/testing -enable-experimental-feature DebugDescriptionMacro -sdk /Applications/Xcode-27.0.0-Release.Candidate.app/Contents/Developer/Platforms/XROS.platform/Developer/SDKs/XROS27.0.sdk -target arm64-apple-xros1.0 -g -module-cache-path /Users/admin/builder/spi-builder-workspace/.derivedData/ModuleCache.noindex -Xfrontend -serialize-debugging-options -enable-testing -index-store-path /Users/admin/builder/spi-builder-workspace/.derivedData/Index.noindex/DataStore -Xcc -D_LIBCPP_HARDENING_MODE\=_LIBCPP_HARDENING_MODE_DEBUG -swift-version 5 -I /Users/admin/builder/spi-builder-workspace/.derivedData/Build/Products/Debug-xros -Isystem /Applications/Xcode-27.0.0-Release.Candidate.app/Contents/Developer/Platforms/XROS.platform/Developer/usr/lib -F /Users/admin/builder/spi-builder-workspace/.derivedData/Build/Products/Debug-xros/PackageFrameworks -F /Users/admin/builder/spi-builder-workspace/.derivedData/Build/Products/Debug-xros -F /Applications/Xcode-27.0.0-Release.Candidate.app/Contents/Developer/Platforms/XROS.platform/Developer/Library/Frameworks -F /Applications/Xcode-27.0.0-Release.Candidate.app/Contents/Developer/Platforms/XROS.platform/Developer/SDKs/XROS27.0.sdk/Developer/Library/Frameworks -c -j10 -enable-batch-mode -incremental -Xcc -ivfsstatcache -Xcc /Users/admin/builder/spi-builder-workspace/.derivedData/SDKStatCaches.noindex/xros27.0-24M361-e829b21a6f8c9b70876ba0858053c044735bd543db762f57723cac368afd1ce4.sdkstatcache -output-file-map /Users/admin/builder/spi-builder-workspace/.derivedData/Build/Intermediates.noindex/SettingsBundleBuilder.build/Debug-xros/SettingsBundleBuilderTests-p.build/Objects-normal/arm64/SettingsBundleBuilderTests-OutputFileMap.json -save-temps -no-color-diagnostics -explicit-module-build -module-cache-path /Users/admin/builder/spi-builder-workspace/.derivedData/Build/Intermediates.noindex/SwiftExplicitPrecompiledModules -clang-scanner-module-cache-path /Users/admin/builder/spi-builder-workspace/.derivedData/ModuleCache.noindex -sdk-module-cache-path /Users/admin/builder/spi-builder-workspace/.derivedData/SDKExplicitPrecompiledModules -emit-dependencies -emit-module -emit-module-path /Users/admin/builder/spi-builder-workspace/.derivedData/Build/Intermediates.noindex/SettingsBundleBuilder.build/Debug-xros/SettingsBundleBuilderTests-p.build/Objects-normal/arm64/SettingsBundleBuilderTests.swiftmodule -serialize-diagnostics -dependency-scan-serialize-diagnostics-path /Users/admin/builder/spi-builder-workspace/.derivedData/Build/Intermediates.noindex/SettingsBundleBuilder.build/Debug-xros/SettingsBundleBuilderTests-p.build/Objects-normal/arm64/SettingsBundleBuilderTests-dependency-scan.dia -validate-clang-modules-once -clang-build-session-file /Users/admin/builder/spi-builder-workspace/.derivedData/ModuleCache.noindex/Session.modulevalidation -Xcc -fmodules-prune-interval\=86400 -Xcc -fmodules-prune-after\=345600 -emit-const-values -const-gather-protocols-list /Users/admin/builder/spi-builder-workspace/.derivedData/Build/Intermediates.noindex/SettingsBundleBuilder.build/Debug-xros/SettingsBundleBuilderTests-p.build/Objects-normal/arm64/SettingsBundleBuilderTests_const_extract_protocols.json -Xcc -I/Users/admin/builder/spi-builder-workspace/.derivedData/Build/Products/Debug-xros/include -Xcc -I/Users/admin/builder/spi-builder-workspace/.derivedData/Build/Intermediates.noindex/SettingsBundleBuilder.build/Debug-xros/SettingsBundleBuilderTests-p.build/DerivedSources-normal/arm64 -Xcc -I/Users/admin/builder/spi-builder-workspace/.derivedData/Build/Intermediates.noindex/SettingsBundleBuilder.build/Debug-xros/SettingsBundleBuilderTests-p.build/DerivedSources/arm64 -Xcc -I/Users/admin/builder/spi-builder-workspace/.derivedData/Build/Intermediates.noindex/SettingsBundleBuilder.build/Debug-xros/SettingsBundleBuilderTests-p.build/DerivedSources -Xcc -DSWIFT_PACKAGE -Xcc -DDEBUG\=1 -working-directory /Users/admin/builder/spi-builder-workspace/.swiftpm/xcode -experimental-emit-module-separately -disable-cmo
SwiftDriver SettingsBundleBuilder normal arm64 com.apple.xcode.tools.swift.compiler (in target 'SettingsBundleBuilder' from project 'SettingsBundleBuilder')
cd /Users/admin/builder/spi-builder-workspace/.swiftpm/xcode
builtin-SwiftDriver -- /Applications/Xcode-27.0.0-Release.Candidate.app/Contents/Developer/Toolchains/XcodeDefault.xctoolchain/usr/bin/swiftc -parse-as-library -module-name SettingsBundleBuilder -Onone @/Users/admin/builder/spi-builder-workspace/.derivedData/Build/Intermediates.noindex/SettingsBundleBuilder.build/Debug-xros/SettingsBundleBuilder-t.build/Objects-normal/arm64/SettingsBundleBuilder.SwiftFileList -DSWIFT_PACKAGE -DDEBUG -DSWIFT_MODULE_RESOURCE_BUNDLE_UNAVAILABLE -DXcode -plugin-path /Applications/Xcode-27.0.0-Release.Candidate.app/Contents/Developer/Toolchains/XcodeDefault.xctoolchain/usr/lib/swift/host/plugins/testing -enable-experimental-feature DebugDescriptionMacro -sdk /Applications/Xcode-27.0.0-Release.Candidate.app/Contents/Developer/Platforms/XROS.platform/Developer/SDKs/XROS27.0.sdk -target arm64-apple-xros1.0 -g -module-cache-path /Users/admin/builder/spi-builder-workspace/.derivedData/ModuleCache.noindex -Xfrontend -serialize-debugging-options -enable-testing -index-store-path /Users/admin/builder/spi-builder-workspace/.derivedData/Index.noindex/DataStore -Xcc -D_LIBCPP_HARDENING_MODE\=_LIBCPP_HARDENING_MODE_DEBUG -swift-version 5 -I /Users/admin/builder/spi-builder-workspace/.derivedData/Build/Products/Debug-xros -Isystem /Applications/Xcode-27.0.0-Release.Candidate.app/Contents/Developer/Platforms/XROS.platform/Developer/usr/lib -F /Users/admin/builder/spi-builder-workspace/.derivedData/Build/Products/Debug-xros -F /Applications/Xcode-27.0.0-Release.Candidate.app/Contents/Developer/Platforms/XROS.platform/Developer/Library/Frameworks -F /Applications/Xcode-27.0.0-Release.Candidate.app/Contents/Developer/Platforms/XROS.platform/Developer/SDKs/XROS27.0.sdk/Developer/Library/Frameworks -c -j10 -enable-batch-mode -incremental -Xcc -ivfsstatcache -Xcc /Users/admin/builder/spi-builder-workspace/.derivedData/SDKStatCaches.noindex/xros27.0-24M361-e829b21a6f8c9b70876ba0858053c044735bd543db762f57723cac368afd1ce4.sdkstatcache -output-file-map /Users/admin/builder/spi-builder-workspace/.derivedData/Build/Intermediates.noindex/SettingsBundleBuilder.build/Debug-xros/SettingsBundleBuilder-t.build/Objects-normal/arm64/SettingsBundleBuilder-OutputFileMap.json -save-temps -no-color-diagnostics -explicit-module-build -module-cache-path /Users/admin/builder/spi-builder-workspace/.derivedData/Build/Intermediates.noindex/SwiftExplicitPrecompiledModules -clang-scanner-module-cache-path /Users/admin/builder/spi-builder-workspace/.derivedData/ModuleCache.noindex -sdk-module-cache-path /Users/admin/builder/spi-builder-workspace/.derivedData/SDKExplicitPrecompiledModules -emit-dependencies -emit-module -emit-module-path /Users/admin/builder/spi-builder-workspace/.derivedData/Build/Intermediates.noindex/SettingsBundleBuilder.build/Debug-xros/SettingsBundleBuilder-t.build/Objects-normal/arm64/SettingsBundleBuilder.swiftmodule -serialize-diagnostics -dependency-scan-serialize-diagnostics-path /Users/admin/builder/spi-builder-workspace/.derivedData/Build/Intermediates.noindex/SettingsBundleBuilder.build/Debug-xros/SettingsBundleBuilder-t.build/Objects-normal/arm64/SettingsBundleBuilder-dependency-scan.dia -validate-clang-modules-once -clang-build-session-file /Users/admin/builder/spi-builder-workspace/.derivedData/ModuleCache.noindex/Session.modulevalidation -Xcc -fmodules-prune-interval\=86400 -Xcc -fmodules-prune-after\=345600 -emit-const-values -const-gather-protocols-list /Users/admin/builder/spi-builder-workspace/.derivedData/Build/Intermediates.noindex/SettingsBundleBuilder.build/Debug-xros/SettingsBundleBuilder-t.build/Objects-normal/arm64/SettingsBundleBuilder_const_extract_protocols.json -Xcc -I/Users/admin/builder/spi-builder-workspace/.derivedData/Build/Products/Debug-xros/include -Xcc -I/Users/admin/builder/spi-builder-workspace/.derivedData/Build/Intermediates.noindex/SettingsBundleBuilder.build/Debug-xros/SettingsBundleBuilder-t.build/DerivedSources-normal/arm64 -Xcc -I/Users/admin/builder/spi-builder-workspace/.derivedData/Build/Intermediates.noindex/SettingsBundleBuilder.build/Debug-xros/SettingsBundleBuilder-t.build/DerivedSources/arm64 -Xcc -I/Users/admin/builder/spi-builder-workspace/.derivedData/Build/Intermediates.noindex/SettingsBundleBuilder.build/Debug-xros/SettingsBundleBuilder-t.build/DerivedSources -Xcc -DSWIFT_PACKAGE -Xcc -DDEBUG\=1 -emit-objc-header -emit-objc-header-path /Users/admin/builder/spi-builder-workspace/.derivedData/Build/Intermediates.noindex/SettingsBundleBuilder.build/Debug-xros/SettingsBundleBuilder-t.build/Objects-normal/arm64/SettingsBundleBuilder-Swift.h -working-directory /Users/admin/builder/spi-builder-workspace/.swiftpm/xcode -experimental-emit-module-separately -disable-cmo
SwiftCompile normal arm64 Compiling\ ArrayPair.swift /Users/admin/builder/spi-builder-workspace/Sources/SettingsBundleBuilder/Private/KeyValuePairs/ArrayPair.swift (in target 'SettingsBundleBuilder' from project 'SettingsBundleBuilder')
SwiftCompile normal arm64 /Users/admin/builder/spi-builder-workspace/Sources/SettingsBundleBuilder/Private/KeyValuePairs/ArrayPair.swift (in target 'SettingsBundleBuilder' from project 'SettingsBundleBuilder')
cd /Users/admin/builder/spi-builder-workspace/.swiftpm/xcode
builtin-SwiftPerFileCompile ArrayPair.swift
SwiftCompile normal arm64 Compiling\ BoolPair.swift /Users/admin/builder/spi-builder-workspace/Sources/SettingsBundleBuilder/Private/KeyValuePairs/BoolPair.swift (in target 'SettingsBundleBuilder' from project 'SettingsBundleBuilder')
SwiftCompile normal arm64 /Users/admin/builder/spi-builder-workspace/Sources/SettingsBundleBuilder/Private/KeyValuePairs/BoolPair.swift (in target 'SettingsBundleBuilder' from project 'SettingsBundleBuilder')
cd /Users/admin/builder/spi-builder-workspace/.swiftpm/xcode
builtin-SwiftPerFileCompile BoolPair.swift
SwiftCompile normal arm64 Compiling\ Shell.swift /Users/admin/builder/spi-builder-workspace/Sources/SettingsBundleBuilder/Private/Shell.swift (in target 'SettingsBundleBuilder' from project 'SettingsBundleBuilder')
/Users/admin/builder/spi-builder-workspace/Sources/SettingsBundleBuilder/Private/Shell.swift:10:16: error: cannot find 'Process' in scope
8 | @discardableResult
9 | func shell(_ args: String...) -> Int32 {
10 | let task = Process()
| `- error: cannot find 'Process' in scope
11 | task.launchPath = "/usr/bin/env"
12 | task.arguments = args
Failed frontend command:
/Applications/Xcode-27.0.0-Release.Candidate.app/Contents/Developer/Toolchains/XcodeDefault.xctoolchain/usr/bin/swift-frontend -frontend -c /Users/admin/builder/spi-builder-workspace/Sources/SettingsBundleBuilder/Private/FileHandling.swift /Users/admin/builder/spi-builder-workspace/Sources/SettingsBundleBuilder/Private/KeyValuePairs/ArrayPair.swift /Users/admin/builder/spi-builder-workspace/Sources/SettingsBundleBuilder/Private/KeyValuePairs/BoolPair.swift /Users/admin/builder/spi-builder-workspace/Sources/SettingsBundleBuilder/Private/KeyValuePairs/KeyValuePair.swift /Users/admin/builder/spi-builder-workspace/Sources/SettingsBundleBuilder/Private/KeyValuePairs/RealPair.swift /Users/admin/builder/spi-builder-workspace/Sources/SettingsBundleBuilder/Private/KeyValuePairs/StringPair.swift /Users/admin/builder/spi-builder-workspace/Sources/SettingsBundleBuilder/Private/MakePlistFile.swift -primary-file /Users/admin/builder/spi-builder-workspace/Sources/SettingsBundleBuilder/Private/Shell.swift /Users/admin/builder/spi-builder-workspace/Sources/SettingsBundleBuilder/Private/StringEXT.swift /Users/admin/builder/spi-builder-workspace/Sources/SettingsBundleBuilder/Public/Enums.swift /Users/admin/builder/spi-builder-workspace/Sources/SettingsBundleBuilder/Public/MakeSettingsBundle.swift /Users/admin/builder/spi-builder-workspace/Sources/SettingsBundleBuilder/Public/SettingsBundleBuilder.swift /Users/admin/builder/spi-builder-workspace/Sources/SettingsBundleBuilder/Public/SettingsBundleItems/Group.swift /Users/admin/builder/spi-builder-workspace/Sources/SettingsBundleBuilder/Public/SettingsBundleItems/MultiValue.swift /Users/admin/builder/spi-builder-workspace/Sources/SettingsBundleBuilder/Public/SettingsBundleItems/Page.swift /Users/admin/builder/spi-builder-workspace/Sources/SettingsBundleBuilder/Public/SettingsBundleItems/RadioGroup.swift /Users/admin/builder/spi-builder-workspace/Sources/SettingsBundleBuilder/Public/SettingsBundleItems/SettingsBundleItem.swift /Users/admin/builder/spi-builder-workspace/Sources/SettingsBundleBuilder/Public/SettingsBundleItems/Slider.swift /Users/admin/builder/spi-builder-workspace/Sources/SettingsBundleBuilder/Public/SettingsBundleItems/Text.swift /Users/admin/builder/spi-builder-workspace/Sources/SettingsBundleBuilder/Public/SettingsBundleItems/TextField.swift /Users/admin/builder/spi-builder-workspace/Sources/SettingsBundleBuilder/Public/SettingsBundleItems/Toggle.swift -emit-dependencies-path /Users/admin/builder/spi-builder-workspace/.derivedData/Build/Intermediates.noindex/SettingsBundleBuilder.build/Debug-xros/SettingsBundleBuilder-t.build/Objects-normal/arm64/Shell.d -emit-const-values-path /Users/admin/builder/spi-builder-workspace/.derivedData/Build/Intermediates.noindex/SettingsBundleBuilder.build/Debug-xros/SettingsBundleBuilder-t.build/Objects-normal/arm64/Shell.swiftconstvalues -emit-reference-dependencies-path /Users/admin/builder/spi-builder-workspace/.derivedData/Build/Intermediates.noindex/SettingsBundleBuilder.build/Debug-xros/SettingsBundleBuilder-t.build/Objects-normal/arm64/Shell.swiftdeps -serialize-diagnostics-path /Users/admin/builder/spi-builder-workspace/.derivedData/Build/Intermediates.noindex/SettingsBundleBuilder.build/Debug-xros/SettingsBundleBuilder-t.build/Objects-normal/arm64/Shell.dia -target arm64-apple-xros1.0 -disable-cross-import-overlay-search -load-resolved-plugin /Applications/Xcode-27.0.0-Release.Candidate.app/Contents/Developer/Platforms/XROS.platform/Developer/usr/lib/swift/host/plugins/libFoundationMacros.dylib\#/Applications/Xcode-27.0.0-Release.Candidate.app/Contents/Developer/Platforms/XROS.platform/Developer/usr/bin/swift-plugin-server\#FoundationMacros -load-resolved-plugin /Applications/Xcode-27.0.0-Release.Candidate.app/Contents/Developer/Platforms/XROS.platform/Developer/usr/lib/swift/host/plugins/libObservationMacros.dylib\#/Applications/Xcode-27.0.0-Release.Candidate.app/Contents/Developer/Platforms/XROS.platform/Developer/usr/bin/swift-plugin-server\#ObservationMacros -load-resolved-plugin /Applications/Xcode-27.0.0-Release.Candidate.app/Contents/Developer/Platforms/XROS.platform/Developer/usr/lib/swift/host/plugins/libSwiftMacros.dylib\#/Applications/Xcode-27.0.0-Release.Candidate.app/Contents/Developer/Platforms/XROS.platform/Developer/usr/bin/swift-plugin-server\#SwiftMacros -disable-implicit-swift-modules -Xcc -fno-implicit-modules -Xcc -fno-implicit-module-maps -explicit-swift-module-map-file /Users/admin/builder/spi-builder-workspace/.derivedData/Build/Intermediates.noindex/SettingsBundleBuilder.build/Debug-xros/SettingsBundleBuilder-t.build/Objects-normal/arm64/SettingsBundleBuilder-dependencies-1.json -Xllvm -aarch64-use-tbi -enable-objc-interop -stack-check -sdk /Applications/Xcode-27.0.0-Release.Candidate.app/Contents/Developer/Platforms/XROS.platform/Developer/SDKs/XROS27.0.sdk -I /Users/admin/builder/spi-builder-workspace/.derivedData/Build/Products/Debug-xros -Isystem /Applications/Xcode-27.0.0-Release.Candidate.app/Contents/Developer/Platforms/XROS.platform/Developer/usr/lib -F /Users/admin/builder/spi-builder-workspace/.derivedData/Build/Products/Debug-xros -F /Applications/Xcode-27.0.0-Release.Candidate.app/Contents/Developer/Platforms/XROS.platform/Developer/Library/Frameworks -F /Applications/Xcode-27.0.0-Release.Candidate.app/Contents/Developer/Platforms/XROS.platform/Developer/SDKs/XROS27.0.sdk/Developer/Library/Frameworks -module-cache-path /Users/admin/builder/spi-builder-workspace/.derivedData/Build/Intermediates.noindex/SwiftExplicitPrecompiledModules -no-color-diagnostics -Xcc -fno-color-diagnostics -enable-testing -g -debug-info-format\=dwarf -dwarf-version\=4 -swift-version 5 -Onone -D SWIFT_PACKAGE -D DEBUG -D SWIFT_MODULE_RESOURCE_BUNDLE_UNAVAILABLE -D Xcode -serialize-debugging-options -enable-experimental-feature DebugDescriptionMacro -empty-abi-descriptor -validate-clang-modules-once -clang-build-session-file /Users/admin/builder/spi-builder-workspace/.derivedData/ModuleCache.noindex/Session.modulevalidation -Xcc -working-directory -Xcc /Users/admin/builder/spi-builder-workspace/.swiftpm/xcode -enable-anonymous-context-mangled-names -file-compilation-dir /Users/admin/builder/spi-builder-workspace/.swiftpm/xcode -Xcc -D_LIBCPP_HARDENING_MODE\=_LIBCPP_HARDENING_MODE_DEBUG -Xcc -ivfsstatcache -Xcc /Users/admin/builder/spi-builder-workspace/.derivedData/SDKStatCaches.noindex/xros27.0-24M361-e829b21a6f8c9b70876ba0858053c044735bd543db762f57723cac368afd1ce4.sdkstatcache -Xcc -fmodules-prune-interval\=86400 -Xcc -fmodules-prune-after\=345600 -Xcc -I/Users/admin/builder/spi-builder-workspace/.derivedData/Build/Products/Debug-xros/include -Xcc -I/Users/admin/builder/spi-builder-workspace/.derivedData/Build/Intermediates.noindex/SettingsBundleBuilder.build/Debug-xros/SettingsBundleBuilder-t.build/DerivedSources-normal/arm64 -Xcc -I/Users/admin/builder/spi-builder-workspace/.derivedData/Build/Intermediates.noindex/SettingsBundleBuilder.build/Debug-xros/SettingsBundleBuilder-t.build/DerivedSources/arm64 -Xcc -I/Users/admin/builder/spi-builder-workspace/.derivedData/Build/Intermediates.noindex/SettingsBundleBuilder.build/Debug-xros/SettingsBundleBuilder-t.build/DerivedSources -Xcc -DSWIFT_PACKAGE -Xcc -DDEBUG\=1 -no-auto-bridging-header-chaining -module-name SettingsBundleBuilder -const-gather-protocols-file /Users/admin/builder/spi-builder-workspace/.derivedData/Build/Intermediates.noindex/SettingsBundleBuilder.build/Debug-xros/SettingsBundleBuilder-t.build/Objects-normal/arm64/SettingsBundleBuilder_const_extract_protocols.json -disable-clang-spi -clang-target arm64-apple-xros27.0 -target-sdk-version 27.0 -target-sdk-name xros27.0 -in-process-plugin-server-path /Applications/Xcode-27.0.0-Release.Candidate.app/Contents/Developer/Toolchains/XcodeDefault.xctoolchain/usr/lib/swift/host/libSwiftInProcPluginServer.dylib -parse-as-library -o /Users/admin/builder/spi-builder-workspace/.derivedData/Build/Intermediates.noindex/SettingsBundleBuilder.build/Debug-xros/SettingsBundleBuilder-t.build/Objects-normal/arm64/Shell.o -debug-module-path /Users/admin/builder/spi-builder-workspace/.derivedData/Build/Intermediates.noindex/SettingsBundleBuilder.build/Debug-xros/SettingsBundleBuilder-t.build/Objects-normal/arm64/SettingsBundleBuilder.swiftmodule -index-unit-output-path /SettingsBundleBuilder.build/Debug-xros/SettingsBundleBuilder-t.build/Objects-normal/arm64/Shell.o -index-store-path /Users/admin/builder/spi-builder-workspace/.derivedData/Index.noindex/DataStore -index-system-modules
SwiftCompile normal arm64 /Users/admin/builder/spi-builder-workspace/Sources/SettingsBundleBuilder/Private/Shell.swift (in target 'SettingsBundleBuilder' from project 'SettingsBundleBuilder')
cd /Users/admin/builder/spi-builder-workspace/.swiftpm/xcode
builtin-SwiftPerFileCompile Shell.swift
SwiftEmitModule normal arm64 Emitting\ module\ for\ SettingsBundleBuilder (in target 'SettingsBundleBuilder' from project 'SettingsBundleBuilder')
SwiftCompile normal arm64 (in target 'SettingsBundleBuilder' from project 'SettingsBundleBuilder')
cd /Users/admin/builder/spi-builder-workspace/.swiftpm/xcode
SwiftCompile normal arm64 Compiling\ MakeSettingsBundle.swift /Users/admin/builder/spi-builder-workspace/Sources/SettingsBundleBuilder/Public/MakeSettingsBundle.swift (in target 'SettingsBundleBuilder' from project 'SettingsBundleBuilder')
SwiftCompile normal arm64 /Users/admin/builder/spi-builder-workspace/Sources/SettingsBundleBuilder/Public/MakeSettingsBundle.swift (in target 'SettingsBundleBuilder' from project 'SettingsBundleBuilder')
cd /Users/admin/builder/spi-builder-workspace/.swiftpm/xcode
builtin-SwiftPerFileCompile MakeSettingsBundle.swift
SwiftCompile normal arm64 Compiling\ Page.swift /Users/admin/builder/spi-builder-workspace/Sources/SettingsBundleBuilder/Public/SettingsBundleItems/Page.swift (in target 'SettingsBundleBuilder' from project 'SettingsBundleBuilder')
SwiftCompile normal arm64 /Users/admin/builder/spi-builder-workspace/Sources/SettingsBundleBuilder/Public/SettingsBundleItems/Page.swift (in target 'SettingsBundleBuilder' from project 'SettingsBundleBuilder')
cd /Users/admin/builder/spi-builder-workspace/.swiftpm/xcode
builtin-SwiftPerFileCompile Page.swift
SwiftCompile normal arm64 Compiling\ Enums.swift /Users/admin/builder/spi-builder-workspace/Sources/SettingsBundleBuilder/Public/Enums.swift (in target 'SettingsBundleBuilder' from project 'SettingsBundleBuilder')
SwiftCompile normal arm64 /Users/admin/builder/spi-builder-workspace/Sources/SettingsBundleBuilder/Public/Enums.swift (in target 'SettingsBundleBuilder' from project 'SettingsBundleBuilder')
cd /Users/admin/builder/spi-builder-workspace/.swiftpm/xcode
builtin-SwiftPerFileCompile Enums.swift
SwiftCompile normal arm64 Compiling\ FileHandling.swift /Users/admin/builder/spi-builder-workspace/Sources/SettingsBundleBuilder/Private/FileHandling.swift (in target 'SettingsBundleBuilder' from project 'SettingsBundleBuilder')
SwiftCompile normal arm64 /Users/admin/builder/spi-builder-workspace/Sources/SettingsBundleBuilder/Private/FileHandling.swift (in target 'SettingsBundleBuilder' from project 'SettingsBundleBuilder')
cd /Users/admin/builder/spi-builder-workspace/.swiftpm/xcode
builtin-SwiftPerFileCompile FileHandling.swift
SwiftCompile normal arm64 Compiling\ StringEXT.swift /Users/admin/builder/spi-builder-workspace/Sources/SettingsBundleBuilder/Private/StringEXT.swift (in target 'SettingsBundleBuilder' from project 'SettingsBundleBuilder')
SwiftCompile normal arm64 /Users/admin/builder/spi-builder-workspace/Sources/SettingsBundleBuilder/Private/StringEXT.swift (in target 'SettingsBundleBuilder' from project 'SettingsBundleBuilder')
cd /Users/admin/builder/spi-builder-workspace/.swiftpm/xcode
builtin-SwiftPerFileCompile StringEXT.swift
SwiftCompile normal arm64 Compiling\ MultiValue.swift /Users/admin/builder/spi-builder-workspace/Sources/SettingsBundleBuilder/Public/SettingsBundleItems/MultiValue.swift (in target 'SettingsBundleBuilder' from project 'SettingsBundleBuilder')
SwiftCompile normal arm64 /Users/admin/builder/spi-builder-workspace/Sources/SettingsBundleBuilder/Public/SettingsBundleItems/MultiValue.swift (in target 'SettingsBundleBuilder' from project 'SettingsBundleBuilder')
cd /Users/admin/builder/spi-builder-workspace/.swiftpm/xcode
builtin-SwiftPerFileCompile MultiValue.swift
SwiftExplicitDependencyGeneratePcm arm64 /Users/admin/builder/spi-builder-workspace/.derivedData/SDKExplicitPrecompiledModules/DeveloperToolsSupport-46GOQP8J1QTHLYQSJW81T8UZ3.pcm
PruneExplicitPrecompiledModules /Users/admin/builder/spi-builder-workspace/.derivedData/SDKExplicitPrecompiledModules
PruneExplicitPrecompiledModules /Users/admin/builder/spi-builder-workspace/.derivedData/Build/Intermediates.noindex/SwiftExplicitPrecompiledModules
PruneExplicitPrecompiledModules /Users/admin/builder/spi-builder-workspace/.derivedData/Build/Intermediates.noindex/ExplicitPrecompiledModules
2026-09-17 13:19:18.915 xcodebuild[740:4696] [MT] IDERunDestination: Supported platforms for the buildables in the current scheme is empty.
2026-09-17 13:19:19.019 xcodebuild[740:4696] [MT] IDERunDestination: Supported platforms for the buildables in the current scheme is empty.
** BUILD FAILED **
The following build commands failed:
SwiftCompile normal arm64 Compiling\ Shell.swift /Users/admin/builder/spi-builder-workspace/Sources/SettingsBundleBuilder/Private/Shell.swift (in target 'SettingsBundleBuilder' from project 'SettingsBundleBuilder')
SwiftCompile normal arm64 /Users/admin/builder/spi-builder-workspace/Sources/SettingsBundleBuilder/Private/Shell.swift (in target 'SettingsBundleBuilder' from project 'SettingsBundleBuilder')
Building workspace SettingsBundleBuilder with scheme SettingsBundleBuilder
(3 failures)
BUILD FAILURE 6.4 visionOS