Build Information
Failed to build swift-drmax-navigation, reference main (174efc), with Swift 6.4 for watchOS using Xcode 27.0 on 28 Sep 2026 17:41:55 UTC.
Build Command
env DEVELOPER_DIR=/Applications/Xcode-27.0.0-Release.Candidate.app xcrun xcodebuild -IDEClonedSourcePackagesDirPathOverride=$PWD/.dependencies -skipMacroValidation -skipPackagePluginValidation -derivedDataPath $PWD/.derivedData build -scheme DrMaxNavigation -destination generic/platform=watchOSBuild Log
========================================
RunAll
========================================
Builder version: 5.1.0
Interrupt handler set up.
========================================
Checkout
========================================
Clone URL: https://github.com/drmaxgit/swift-drmax-navigation.git
Reference: main
Initialized empty Git repository in /Users/admin/builder/spi-builder-workspace/.git/
From https://github.com/drmaxgit/swift-drmax-navigation
* branch main -> FETCH_HEAD
* [new branch] main -> origin/main
HEAD is now at 174efcc Feature/example apps (#9)
Cloned https://github.com/drmaxgit/swift-drmax-navigation.git
Revision (git rev-parse @):
174efcc8bc7104d156cde693a1a23b516b9f2a0e
SPI manifest file found: $PWD/.spi.yml
SUCCESS checkout https://github.com/drmaxgit/swift-drmax-navigation.git at main
========================================
Build
========================================
Selected platform: watchOS
Swift version: 6.4
Building package at path: $PWD
https://github.com/drmaxgit/swift-drmax-navigation.git
Command line invocation:
/Applications/Xcode-27.0.0-Release.Candidate.app/Contents/Developer/usr/bin/xcodebuild -IDEClonedSourcePackagesDirPathOverride=/Users/admin/builder/spi-builder-workspace/.dependencies -resolvePackageDependencies
Resolve Package Graph
Fetching from https://github.com/pointfreeco/swift-case-paths.git
Fetching from https://github.com/swiftlang/swift-syntax
Fetching from https://github.com/pointfreeco/swift-issue-reporting
Creating working copy of package ‘swift-issue-reporting’
Checking out 2.1.1 of package ‘swift-issue-reporting’
Creating working copy of package ‘swift-syntax’
Checking out 604.0.0 of package ‘swift-syntax’
Creating working copy of package ‘swift-case-paths’
Checking out 1.10.0 of package ‘swift-case-paths’
Downloading package prebuilt https://download.swift.org/prebuilts/swift-syntax/604.0.0/swiftlang-6.4.0.34.1-macosx27.0-MacroSupport.zip
Resolve Package Graph
Resolve Package Graph
Resolved source packages:
swift-drmax-navigation: /Users/admin/builder/spi-builder-workspace
swift-syntax: https://github.com/swiftlang/swift-syntax @ 604.0.0
swift-case-paths: https://github.com/pointfreeco/swift-case-paths.git @ 1.10.0
swift-issue-reporting: https://github.com/pointfreeco/swift-issue-reporting @ 2.1.1
resolved source packages: swift-drmax-navigation, swift-syntax, swift-case-paths, swift-issue-reporting
2026-09-28 13:41:45.721 xcodebuild[529:3031] [MT] IDERunDestination: Supported platforms for the buildables in the current scheme is empty.
Running build ...
env DEVELOPER_DIR=/Applications/Xcode-27.0.0-Release.Candidate.app xcrun xcodebuild -IDEClonedSourcePackagesDirPathOverride=$PWD/.dependencies -skipMacroValidation -skipPackagePluginValidation -derivedDataPath $PWD/.derivedData build -scheme DrMaxNavigation -destination generic/platform=watchOS
Command line invocation:
/Applications/Xcode-27.0.0-Release.Candidate.app/Contents/Developer/usr/bin/xcodebuild -IDEClonedSourcePackagesDirPathOverride=/Users/admin/builder/spi-builder-workspace/.dependencies -skipMacroValidation -skipPackagePluginValidation -derivedDataPath /Users/admin/builder/spi-builder-workspace/.derivedData build -scheme DrMaxNavigation -destination generic/platform=watchOS
Resolve Package Graph
Resolve Package Graph
Resolved source packages:
swift-syntax: https://github.com/swiftlang/swift-syntax @ 604.0.0
swift-case-paths: https://github.com/pointfreeco/swift-case-paths.git @ 1.10.0
swift-issue-reporting: https://github.com/pointfreeco/swift-issue-reporting @ 2.1.1
swift-drmax-navigation: /Users/admin/builder/spi-builder-workspace
2026-09-28 13:41:50.752 xcodebuild[718:4206] [MT] IDERunDestination: Supported platforms for the buildables in the current scheme is empty.
2026-09-28 13:41:51.342 xcodebuild[718:4206] Writing error result bundle to /var/folders/xq/y_g06wb113726d38xsyx71_h0000gn/T/ResultBundle_2026-28-09_13-41-0051.xcresult
xcodebuild: error: The workspace named "swift-drmax-navigation" does not contain a scheme named "DrMaxNavigation". The "-list" option can be used to find the names of the schemes in the workspace.
Command line invocation:
/Applications/Xcode-27.0.0-Release.Candidate.app/Contents/Developer/usr/bin/xcodebuild -IDEClonedSourcePackagesDirPathOverride=/Users/admin/builder/spi-builder-workspace/.dependencies -resolvePackageDependencies
Resolve Package Graph
Resolved source packages:
swift-syntax: https://github.com/swiftlang/swift-syntax @ 604.0.0
swift-drmax-navigation: /Users/admin/builder/spi-builder-workspace
swift-issue-reporting: https://github.com/pointfreeco/swift-issue-reporting @ 2.1.1
swift-case-paths: https://github.com/pointfreeco/swift-case-paths.git @ 1.10.0
resolved source packages: swift-syntax, swift-drmax-navigation, swift-issue-reporting, swift-case-paths
2026-09-28 13:41:53.166 xcodebuild[752:4424] [MT] IDERunDestination: Supported platforms for the buildables in the current scheme is empty.
Running build ...
env DEVELOPER_DIR=/Applications/Xcode-27.0.0-Release.Candidate.app xcrun xcodebuild -IDEClonedSourcePackagesDirPathOverride=$PWD/.dependencies -skipMacroValidation -skipPackagePluginValidation -derivedDataPath $PWD/.derivedData build -scheme DrMaxNavigation -destination generic/platform=watchOS
Command line invocation:
/Applications/Xcode-27.0.0-Release.Candidate.app/Contents/Developer/usr/bin/xcodebuild -IDEClonedSourcePackagesDirPathOverride=/Users/admin/builder/spi-builder-workspace/.dependencies -skipMacroValidation -skipPackagePluginValidation -derivedDataPath /Users/admin/builder/spi-builder-workspace/.derivedData build -scheme DrMaxNavigation -destination generic/platform=watchOS
Resolve Package Graph
Resolved source packages:
swift-drmax-navigation: /Users/admin/builder/spi-builder-workspace
swift-issue-reporting: https://github.com/pointfreeco/swift-issue-reporting @ 2.1.1
swift-case-paths: https://github.com/pointfreeco/swift-case-paths.git @ 1.10.0
swift-syntax: https://github.com/swiftlang/swift-syntax @ 604.0.0
2026-09-28 13:41:54.918 xcodebuild[754:4458] [MT] IDERunDestination: Supported platforms for the buildables in the current scheme is empty.
2026-09-28 13:41:55.058 xcodebuild[754:4458] Writing error result bundle to /var/folders/xq/y_g06wb113726d38xsyx71_h0000gn/T/ResultBundle_2026-28-09_13-41-0055.xcresult
xcodebuild: error: The workspace named "swift-drmax-navigation" does not contain a scheme named "DrMaxNavigation". The "-list" option can be used to find the names of the schemes in the workspace.
BUILD FAILURE 6.4 watchOS