Build Information
Failed to build Spine, reference master (f3fecd), with Swift 6.1 for visionOS using Xcode 16.3 on 9 Oct 2026 17:43:02 UTC.
Build Command
env DEVELOPER_DIR=/Applications/Xcode-16.3.0.app xcrun xcodebuild -IDEClonedSourcePackagesDirPathOverride=$PWD/.dependencies -skipMacroValidation -skipPackagePluginValidation -derivedDataPath $PWD/.derivedData build -scheme Spine -destination generic/platform=xrOSBuild Log
SwiftDriverJobDiscovery normal arm64 Compiling SlotModel.swift, SpineFeatureIssue.swift, SpineModel.swift, BezierCurveModel.swift, BezierCurveSolver.swift, ColorModel.swift, Constants.swift, CurveModel.swift, SpineNameKey.swift (in target 'Spine' from project 'Spine')
SwiftDriverJobDiscovery normal arm64 Compiling CGPath+Extensions.swift, Collection+Extensions.swift, Float+Extensions.swift, RangeReplaceableCollection+Extensions.swift, SKAction+Extensions.swift, SKColor+Extensions.swift, SKNode+Extensions.swift, CompiledAttachment.swift, MeshAssetCompiler.swift (in target 'Spine' from project 'Spine')
SwiftDriverJobDiscovery normal arm64 Compiling BoneAnimationModel.swift, DeformSkinAnimationModel.swift, IKConstraintAnimationModel.swift, BoneKeyframeRotateModel.swift, BoneKeyframeScaleModel.swift, BoneKeyframeShearModel.swift, BoneKeyframeTranslateModel.swift, IKConstraintKeyframeModel.swift, TransformConstraintKeyframeModel.swift (in target 'Spine' from project 'Spine')
SwiftDriverJobDiscovery normal arm64 Compiling TransformConstraintAnimationModel.swift, BoneModel.swift, IKConstraintModel.swift, PathConstraintModel.swift, TransformConstraintModel.swift, EventModel.swift, SpineDecodableArray.swift, SpineDecodableDictionary.swift, SkeletonModel.swift (in target 'Spine' from project 'Spine')
SwiftMergeGeneratedHeaders /Users/admin/builder/spi-builder-workspace/.derivedData/Build/Intermediates.noindex/GeneratedModuleMaps-xros/Spine-Swift.h /Users/admin/builder/spi-builder-workspace/.derivedData/Build/Intermediates.noindex/Spine.build/Debug-xros/Spine.build/Objects-normal/arm64/Spine-Swift.h (in target 'Spine' from project 'Spine')
cd /Users/admin/builder/spi-builder-workspace
builtin-swiftHeaderTool -arch arm64 /Users/admin/builder/spi-builder-workspace/.derivedData/Build/Intermediates.noindex/Spine.build/Debug-xros/Spine.build/Objects-normal/arm64/Spine-Swift.h -o /Users/admin/builder/spi-builder-workspace/.derivedData/Build/Intermediates.noindex/GeneratedModuleMaps-xros/Spine-Swift.h
SwiftDriverJobDiscovery normal arm64 Compiling AttachmentModel.swift, BoundingBoxAttachmentModel.swift, ClippingAttachmentModel.swift, LinkedMeshAttachmentModel.swift, MeshAttachmentModel.swift, PathAttachmentModel.swift, PointAttachmentModel.swift, RegionAttachementModel.swift, SkinModel.swift (in target 'Spine' from project 'Spine')
SwiftDriverJobDiscovery normal arm64 Compiling DeformKeyframeModel.swift, DrawOrderKeyframeModel.swift, EventKeyfarameModel.swift, KeyframeModel.swift, SlotKeyframeAttachmentModel.swift, SlotKeyframeColorDarkModel.swift, SlotKeyframeColorModel.swift, SlotAnimationModel.swift, SlotNumericKeyframeModel.swift (in target 'Spine' from project 'Spine')
SwiftDriverJobDiscovery normal arm64 Compiling MeshPhysicsReconciliation.swift, MeshRuntime.swift, MeshSlotState.swift, SpineMeshFrameContext.swift, SpineRuntimeError.swift, Skeleton+Meshes.swift, SpineMeshAsset.swift, AnimationModel.swift, AttachmentTimelineModel.swift (in target 'Spine' from project 'Spine')
SwiftDriverJobDiscovery normal arm64 Compiling Defaultable.swift, Prefixable.swift, Skeleton.swift, Skin.swift, SkinCompositionResolver.swift, SpineSkinComposition.swift, SpineSkinDescription.swift, Slot.swift, SpineError.swift (in target 'Spine' from project 'Spine')
SwiftDriverJobDiscovery normal arm64 Compiling Animation.swift, Attachment.swift, Bone.swift, Skeleton+Animations.swift, Skeleton+Atlases.swift, Skeleton+Nodes.swift, Skeleton+Physics.swift, Skeleton+Points.swift, Skeleton+Skins.swift, SpineModel+Atlases.swift (in target 'Spine' from project 'Spine')
Copy /Users/admin/builder/spi-builder-workspace/.derivedData/Build/Products/Debug-xros/Spine.swiftmodule/arm64-apple-xros.swiftmodule /Users/admin/builder/spi-builder-workspace/.derivedData/Build/Intermediates.noindex/Spine.build/Debug-xros/Spine.build/Objects-normal/arm64/Spine.swiftmodule (in target 'Spine' from project 'Spine')
cd /Users/admin/builder/spi-builder-workspace
builtin-copy -exclude .DS_Store -exclude CVS -exclude .svn -exclude .git -exclude .hg -resolve-src-symlinks -rename /Users/admin/builder/spi-builder-workspace/.derivedData/Build/Intermediates.noindex/Spine.build/Debug-xros/Spine.build/Objects-normal/arm64/Spine.swiftmodule /Users/admin/builder/spi-builder-workspace/.derivedData/Build/Products/Debug-xros/Spine.swiftmodule/arm64-apple-xros.swiftmodule
Copy /Users/admin/builder/spi-builder-workspace/.derivedData/Build/Products/Debug-xros/Spine.swiftmodule/arm64-apple-xros.abi.json /Users/admin/builder/spi-builder-workspace/.derivedData/Build/Intermediates.noindex/Spine.build/Debug-xros/Spine.build/Objects-normal/arm64/Spine.abi.json (in target 'Spine' from project 'Spine')
cd /Users/admin/builder/spi-builder-workspace
builtin-copy -exclude .DS_Store -exclude CVS -exclude .svn -exclude .git -exclude .hg -resolve-src-symlinks -rename /Users/admin/builder/spi-builder-workspace/.derivedData/Build/Intermediates.noindex/Spine.build/Debug-xros/Spine.build/Objects-normal/arm64/Spine.abi.json /Users/admin/builder/spi-builder-workspace/.derivedData/Build/Products/Debug-xros/Spine.swiftmodule/arm64-apple-xros.abi.json
Copy /Users/admin/builder/spi-builder-workspace/.derivedData/Build/Products/Debug-xros/Spine.swiftmodule/arm64-apple-xros.swiftdoc /Users/admin/builder/spi-builder-workspace/.derivedData/Build/Intermediates.noindex/Spine.build/Debug-xros/Spine.build/Objects-normal/arm64/Spine.swiftdoc (in target 'Spine' from project 'Spine')
cd /Users/admin/builder/spi-builder-workspace
builtin-copy -exclude .DS_Store -exclude CVS -exclude .svn -exclude .git -exclude .hg -resolve-src-symlinks -rename /Users/admin/builder/spi-builder-workspace/.derivedData/Build/Intermediates.noindex/Spine.build/Debug-xros/Spine.build/Objects-normal/arm64/Spine.swiftdoc /Users/admin/builder/spi-builder-workspace/.derivedData/Build/Products/Debug-xros/Spine.swiftmodule/arm64-apple-xros.swiftdoc
Copy /Users/admin/builder/spi-builder-workspace/.derivedData/Build/Products/Debug-xros/Spine.swiftmodule/Project/arm64-apple-xros.swiftsourceinfo /Users/admin/builder/spi-builder-workspace/.derivedData/Build/Intermediates.noindex/Spine.build/Debug-xros/Spine.build/Objects-normal/arm64/Spine.swiftsourceinfo (in target 'Spine' from project 'Spine')
cd /Users/admin/builder/spi-builder-workspace
builtin-copy -exclude .DS_Store -exclude CVS -exclude .svn -exclude .git -exclude .hg -resolve-src-symlinks -rename /Users/admin/builder/spi-builder-workspace/.derivedData/Build/Intermediates.noindex/Spine.build/Debug-xros/Spine.build/Objects-normal/arm64/Spine.swiftsourceinfo /Users/admin/builder/spi-builder-workspace/.derivedData/Build/Products/Debug-xros/Spine.swiftmodule/Project/arm64-apple-xros.swiftsourceinfo
SwiftDriver SpineTests normal arm64 com.apple.xcode.tools.swift.compiler (in target 'SpineTests' from project 'Spine')
cd /Users/admin/builder/spi-builder-workspace/.swiftpm/xcode
builtin-SwiftDriver -- /Applications/Xcode-16.3.0.app/Contents/Developer/Toolchains/XcodeDefault.xctoolchain/usr/bin/swiftc -module-name SpineTests -Onone -enforce-exclusivity\=checked @/Users/admin/builder/spi-builder-workspace/.derivedData/Build/Intermediates.noindex/Spine.build/Debug-xros/SpineTests.build/Objects-normal/arm64/SpineTests.SwiftFileList -DSWIFT_PACKAGE -DDEBUG -stats-output-dir .stats -strict-concurrency\=complete -enable-upcoming-feature StrictConcurrency -enable-upcoming-feature DisableOutwardActorInference -enable-upcoming-feature GlobalActorIsolatedTypesUsability -enable-upcoming-feature InferSendableFromCaptures -plugin-path /Applications/Xcode-16.3.0.app/Contents/Developer/Toolchains/XcodeDefault.xctoolchain/usr/lib/swift/host/plugins/testing -enable-experimental-feature DebugDescriptionMacro -sdk /Applications/Xcode-16.3.0.app/Contents/Developer/Platforms/XROS.platform/Developer/SDKs/XROS2.4.sdk -target arm64-apple-xros1.0 -g -module-cache-path /Users/admin/builder/spi-builder-workspace/.derivedData/ModuleCache.noindex -Xfrontend -serialize-debugging-options -profile-coverage-mapping -profile-generate -enable-testing -index-store-path /Users/admin/builder/spi-builder-workspace/.derivedData/Index.noindex/DataStore -swift-version 5 -I /Users/admin/builder/spi-builder-workspace/.derivedData/Build/Products/Debug-xros -I /Applications/Xcode-16.3.0.app/Contents/Developer/Platforms/XROS.platform/Developer/usr/lib -F /Users/admin/builder/spi-builder-workspace/.derivedData/Build/Products/Debug-xros/PackageFrameworks -F /Users/admin/builder/spi-builder-workspace/.derivedData/Build/Products/Debug-xros -F /Applications/Xcode-16.3.0.app/Contents/Developer/Platforms/XROS.platform/Developer/Library/Frameworks -F /Applications/Xcode-16.3.0.app/Contents/Developer/Platforms/XROS.platform/Developer/SDKs/XROS2.4.sdk/Developer/Library/Frameworks -c -j10 -enable-batch-mode -incremental -Xcc -ivfsstatcache -Xcc /Users/admin/builder/spi-builder-workspace/.derivedData/SDKStatCaches.noindex/xros2.4-22O233-407b76dbb837030756cbe1ab3f0b01b6.sdkstatcache -output-file-map /Users/admin/builder/spi-builder-workspace/.derivedData/Build/Intermediates.noindex/Spine.build/Debug-xros/SpineTests.build/Objects-normal/arm64/SpineTests-OutputFileMap.json -use-frontend-parseable-output -save-temps -no-color-diagnostics -serialize-diagnostics -emit-dependencies -emit-module -emit-module-path /Users/admin/builder/spi-builder-workspace/.derivedData/Build/Intermediates.noindex/Spine.build/Debug-xros/SpineTests.build/Objects-normal/arm64/SpineTests.swiftmodule -validate-clang-modules-once -clang-build-session-file /Users/admin/builder/spi-builder-workspace/.derivedData/ModuleCache.noindex/Session.modulevalidation -emit-const-values -Xfrontend -const-gather-protocols-file -Xfrontend /Users/admin/builder/spi-builder-workspace/.derivedData/Build/Intermediates.noindex/Spine.build/Debug-xros/SpineTests.build/Objects-normal/arm64/SpineTests_const_extract_protocols.json -Xcc -I/Users/admin/builder/spi-builder-workspace/.derivedData/Build/Products/Debug-xros/include -Xcc -I/Users/admin/builder/spi-builder-workspace/.derivedData/Build/Intermediates.noindex/Spine.build/Debug-xros/SpineTests.build/DerivedSources-normal/arm64 -Xcc -I/Users/admin/builder/spi-builder-workspace/.derivedData/Build/Intermediates.noindex/Spine.build/Debug-xros/SpineTests.build/DerivedSources/arm64 -Xcc -I/Users/admin/builder/spi-builder-workspace/.derivedData/Build/Intermediates.noindex/Spine.build/Debug-xros/SpineTests.build/DerivedSources -Xcc -DSWIFT_PACKAGE -Xcc -DDEBUG\=1 -working-directory /Users/admin/builder/spi-builder-workspace/.swiftpm/xcode -experimental-emit-module-separately -disable-cmo
SwiftCompile normal arm64 Compiling\ NativeActionLifecycleTests.swift,\ NativeFrameProjectionTests.swift,\ NodeBridgeTests.swift,\ PhysicsReconciliationContractTests.swift,\ RendererNumericBoundaryTests.swift,\ RendererProxyLifetimeTests.swift /Users/admin/builder/spi-builder-workspace/Tests/SpineTests/Mesh/NativeActionLifecycleTests.swift /Users/admin/builder/spi-builder-workspace/Tests/SpineTests/Mesh/NativeFrameProjectionTests.swift /Users/admin/builder/spi-builder-workspace/Tests/SpineTests/Mesh/NodeBridgeTests.swift /Users/admin/builder/spi-builder-workspace/Tests/SpineTests/Mesh/PhysicsReconciliationContractTests.swift /Users/admin/builder/spi-builder-workspace/Tests/SpineTests/Mesh/RendererNumericBoundaryTests.swift /Users/admin/builder/spi-builder-workspace/Tests/SpineTests/Mesh/RendererProxyLifetimeTests.swift (in target 'SpineTests' from project 'Spine')
SwiftCompile normal arm64 /Users/admin/builder/spi-builder-workspace/Tests/SpineTests/Mesh/NativeActionLifecycleTests.swift (in target 'SpineTests' from project 'Spine')
cd /Users/admin/builder/spi-builder-workspace/.swiftpm/xcode
SwiftCompile normal arm64 /Users/admin/builder/spi-builder-workspace/Tests/SpineTests/Mesh/NativeFrameProjectionTests.swift (in target 'SpineTests' from project 'Spine')
cd /Users/admin/builder/spi-builder-workspace/.swiftpm/xcode
SwiftCompile normal arm64 /Users/admin/builder/spi-builder-workspace/Tests/SpineTests/Mesh/NodeBridgeTests.swift (in target 'SpineTests' from project 'Spine')
cd /Users/admin/builder/spi-builder-workspace/.swiftpm/xcode
SwiftCompile normal arm64 /Users/admin/builder/spi-builder-workspace/Tests/SpineTests/Mesh/PhysicsReconciliationContractTests.swift (in target 'SpineTests' from project 'Spine')
cd /Users/admin/builder/spi-builder-workspace/.swiftpm/xcode
SwiftCompile normal arm64 /Users/admin/builder/spi-builder-workspace/Tests/SpineTests/Mesh/RendererNumericBoundaryTests.swift (in target 'SpineTests' from project 'Spine')
cd /Users/admin/builder/spi-builder-workspace/.swiftpm/xcode
SwiftCompile normal arm64 /Users/admin/builder/spi-builder-workspace/Tests/SpineTests/Mesh/RendererProxyLifetimeTests.swift (in target 'SpineTests' from project 'Spine')
cd /Users/admin/builder/spi-builder-workspace/.swiftpm/xcode
SwiftCompile normal arm64 Compiling\ RepeatTailDiagnosticTests.swift,\ ResourceLifetimeTests.swift,\ SetupOracleExportTests.swift,\ SetupSmokeTests.swift,\ SkinningTests.swift,\ SlotStateTests.swift /Users/admin/builder/spi-builder-workspace/Tests/SpineTests/Mesh/RepeatTailDiagnosticTests.swift /Users/admin/builder/spi-builder-workspace/Tests/SpineTests/Mesh/ResourceLifetimeTests.swift /Users/admin/builder/spi-builder-workspace/Tests/SpineTests/Mesh/SetupOracleExportTests.swift /Users/admin/builder/spi-builder-workspace/Tests/SpineTests/Mesh/SetupSmokeTests.swift /Users/admin/builder/spi-builder-workspace/Tests/SpineTests/Mesh/SkinningTests.swift /Users/admin/builder/spi-builder-workspace/Tests/SpineTests/Mesh/SlotStateTests.swift (in target 'SpineTests' from project 'Spine')
SwiftCompile normal arm64 /Users/admin/builder/spi-builder-workspace/Tests/SpineTests/Mesh/RepeatTailDiagnosticTests.swift (in target 'SpineTests' from project 'Spine')
cd /Users/admin/builder/spi-builder-workspace/.swiftpm/xcode
SwiftCompile normal arm64 /Users/admin/builder/spi-builder-workspace/Tests/SpineTests/Mesh/ResourceLifetimeTests.swift (in target 'SpineTests' from project 'Spine')
cd /Users/admin/builder/spi-builder-workspace/.swiftpm/xcode
SwiftCompile normal arm64 /Users/admin/builder/spi-builder-workspace/Tests/SpineTests/Mesh/SetupOracleExportTests.swift (in target 'SpineTests' from project 'Spine')
cd /Users/admin/builder/spi-builder-workspace/.swiftpm/xcode
SwiftCompile normal arm64 /Users/admin/builder/spi-builder-workspace/Tests/SpineTests/Mesh/SetupSmokeTests.swift (in target 'SpineTests' from project 'Spine')
cd /Users/admin/builder/spi-builder-workspace/.swiftpm/xcode
SwiftCompile normal arm64 /Users/admin/builder/spi-builder-workspace/Tests/SpineTests/Mesh/SkinningTests.swift (in target 'SpineTests' from project 'Spine')
cd /Users/admin/builder/spi-builder-workspace/.swiftpm/xcode
SwiftCompile normal arm64 /Users/admin/builder/spi-builder-workspace/Tests/SpineTests/Mesh/SlotStateTests.swift (in target 'SpineTests' from project 'Spine')
cd /Users/admin/builder/spi-builder-workspace/.swiftpm/xcode
SwiftEmitModule normal arm64 Emitting\ module\ for\ SpineTests (in target 'SpineTests' from project 'Spine')
EmitSwiftModule normal arm64 (in target 'SpineTests' from project 'Spine')
cd /Users/admin/builder/spi-builder-workspace/.swiftpm/xcode
SwiftCompile normal arm64 Compiling\ StaticPhysicsLongRunTests.swift,\ StaticPhysicsPrecisionTests.swift,\ TextureProviderTests.swift,\ TimelineTests.swift,\ ValidatedGeometryTests.swift,\ BezierCurveModelTests.swift /Users/admin/builder/spi-builder-workspace/Tests/SpineTests/Mesh/StaticPhysicsLongRunTests.swift /Users/admin/builder/spi-builder-workspace/Tests/SpineTests/Mesh/StaticPhysicsPrecisionTests.swift /Users/admin/builder/spi-builder-workspace/Tests/SpineTests/Mesh/TextureProviderTests.swift /Users/admin/builder/spi-builder-workspace/Tests/SpineTests/Mesh/TimelineTests.swift /Users/admin/builder/spi-builder-workspace/Tests/SpineTests/Mesh/ValidatedGeometryTests.swift /Users/admin/builder/spi-builder-workspace/Tests/SpineTests/Model/BezierCurveModelTests.swift (in target 'SpineTests' from project 'Spine')
SwiftCompile normal arm64 /Users/admin/builder/spi-builder-workspace/Tests/SpineTests/Mesh/StaticPhysicsLongRunTests.swift (in target 'SpineTests' from project 'Spine')
cd /Users/admin/builder/spi-builder-workspace/.swiftpm/xcode
SwiftCompile normal arm64 /Users/admin/builder/spi-builder-workspace/Tests/SpineTests/Mesh/StaticPhysicsPrecisionTests.swift (in target 'SpineTests' from project 'Spine')
cd /Users/admin/builder/spi-builder-workspace/.swiftpm/xcode
SwiftCompile normal arm64 /Users/admin/builder/spi-builder-workspace/Tests/SpineTests/Mesh/TextureProviderTests.swift (in target 'SpineTests' from project 'Spine')
cd /Users/admin/builder/spi-builder-workspace/.swiftpm/xcode
SwiftCompile normal arm64 /Users/admin/builder/spi-builder-workspace/Tests/SpineTests/Mesh/TimelineTests.swift (in target 'SpineTests' from project 'Spine')
cd /Users/admin/builder/spi-builder-workspace/.swiftpm/xcode
SwiftCompile normal arm64 /Users/admin/builder/spi-builder-workspace/Tests/SpineTests/Mesh/ValidatedGeometryTests.swift (in target 'SpineTests' from project 'Spine')
cd /Users/admin/builder/spi-builder-workspace/.swiftpm/xcode
SwiftCompile normal arm64 /Users/admin/builder/spi-builder-workspace/Tests/SpineTests/Model/BezierCurveModelTests.swift (in target 'SpineTests' from project 'Spine')
cd /Users/admin/builder/spi-builder-workspace/.swiftpm/xcode
SwiftCompile normal arm64 Compiling\ ActionConflictTests.swift,\ ActionLifecycleTests.swift,\ AnimationOracleExportTests.swift,\ AnimationPlaybackTests.swift,\ AttachmentInteropTests.swift,\ BenchmarkReferenceExportTests.swift,\ Decoder41Tests.swift /Users/admin/builder/spi-builder-workspace/Tests/SpineTests/Mesh/ActionConflictTests.swift /Users/admin/builder/spi-builder-workspace/Tests/SpineTests/Mesh/ActionLifecycleTests.swift /Users/admin/builder/spi-builder-workspace/Tests/SpineTests/Mesh/AnimationOracleExportTests.swift /Users/admin/builder/spi-builder-workspace/Tests/SpineTests/Mesh/AnimationPlaybackTests.swift /Users/admin/builder/spi-builder-workspace/Tests/SpineTests/Mesh/AttachmentInteropTests.swift /Users/admin/builder/spi-builder-workspace/Tests/SpineTests/Mesh/BenchmarkReferenceExportTests.swift /Users/admin/builder/spi-builder-workspace/Tests/SpineTests/Mesh/Decoder41Tests.swift (in target 'SpineTests' from project 'Spine')
SwiftCompile normal arm64 /Users/admin/builder/spi-builder-workspace/Tests/SpineTests/Mesh/ActionConflictTests.swift (in target 'SpineTests' from project 'Spine')
cd /Users/admin/builder/spi-builder-workspace/.swiftpm/xcode
SwiftCompile normal arm64 /Users/admin/builder/spi-builder-workspace/Tests/SpineTests/Mesh/ActionLifecycleTests.swift (in target 'SpineTests' from project 'Spine')
cd /Users/admin/builder/spi-builder-workspace/.swiftpm/xcode
SwiftCompile normal arm64 /Users/admin/builder/spi-builder-workspace/Tests/SpineTests/Mesh/AnimationOracleExportTests.swift (in target 'SpineTests' from project 'Spine')
cd /Users/admin/builder/spi-builder-workspace/.swiftpm/xcode
SwiftCompile normal arm64 /Users/admin/builder/spi-builder-workspace/Tests/SpineTests/Mesh/AnimationPlaybackTests.swift (in target 'SpineTests' from project 'Spine')
cd /Users/admin/builder/spi-builder-workspace/.swiftpm/xcode
SwiftCompile normal arm64 /Users/admin/builder/spi-builder-workspace/Tests/SpineTests/Mesh/AttachmentInteropTests.swift (in target 'SpineTests' from project 'Spine')
cd /Users/admin/builder/spi-builder-workspace/.swiftpm/xcode
SwiftCompile normal arm64 /Users/admin/builder/spi-builder-workspace/Tests/SpineTests/Mesh/BenchmarkReferenceExportTests.swift (in target 'SpineTests' from project 'Spine')
cd /Users/admin/builder/spi-builder-workspace/.swiftpm/xcode
SwiftCompile normal arm64 /Users/admin/builder/spi-builder-workspace/Tests/SpineTests/Mesh/Decoder41Tests.swift (in target 'SpineTests' from project 'Spine')
cd /Users/admin/builder/spi-builder-workspace/.swiftpm/xcode
SwiftCompile normal arm64 Compiling\ resource_bundle_accessor.swift,\ CGPathExtensionTests.swift,\ ColorTests.swift,\ LegacyConstructionTests.swift,\ UnifiedDecoderTests.swift,\ SKColorExtensionsTests.swift,\ ActionCancellationTests.swift /Users/admin/builder/spi-builder-workspace/.derivedData/Build/Intermediates.noindex/Spine.build/Debug-xros/SpineTests.build/DerivedSources/resource_bundle_accessor.swift /Users/admin/builder/spi-builder-workspace/Tests/SpineTests/CGPathExtensionTests.swift /Users/admin/builder/spi-builder-workspace/Tests/SpineTests/ColorTests.swift /Users/admin/builder/spi-builder-workspace/Tests/SpineTests/Compatibility/LegacyConstructionTests.swift /Users/admin/builder/spi-builder-workspace/Tests/SpineTests/Compatibility/UnifiedDecoderTests.swift /Users/admin/builder/spi-builder-workspace/Tests/SpineTests/Extensions/SKColorExtensionsTests.swift /Users/admin/builder/spi-builder-workspace/Tests/SpineTests/Mesh/ActionCancellationTests.swift (in target 'SpineTests' from project 'Spine')
SwiftCompile normal arm64 /Users/admin/builder/spi-builder-workspace/.derivedData/Build/Intermediates.noindex/Spine.build/Debug-xros/SpineTests.build/DerivedSources/resource_bundle_accessor.swift (in target 'SpineTests' from project 'Spine')
cd /Users/admin/builder/spi-builder-workspace/.swiftpm/xcode
SwiftCompile normal arm64 /Users/admin/builder/spi-builder-workspace/Tests/SpineTests/CGPathExtensionTests.swift (in target 'SpineTests' from project 'Spine')
cd /Users/admin/builder/spi-builder-workspace/.swiftpm/xcode
SwiftCompile normal arm64 /Users/admin/builder/spi-builder-workspace/Tests/SpineTests/ColorTests.swift (in target 'SpineTests' from project 'Spine')
cd /Users/admin/builder/spi-builder-workspace/.swiftpm/xcode
SwiftCompile normal arm64 /Users/admin/builder/spi-builder-workspace/Tests/SpineTests/Compatibility/LegacyConstructionTests.swift (in target 'SpineTests' from project 'Spine')
cd /Users/admin/builder/spi-builder-workspace/.swiftpm/xcode
/Users/admin/builder/spi-builder-workspace/Tests/SpineTests/Compatibility/LegacyConstructionTests.swift:17:25: warning: call to main actor-isolated initializer 'init(_:_:)' in a synchronous nonisolated context; this is an error in the Swift 6 language mode
let character = Skeleton(model, ["default": atlas])
^
/Users/admin/builder/spi-builder-workspace/Sources/Spine/Skeleton.swift:73:24: note: calls to initializer 'init(_:_:)' from outside of its actor context are implicitly asynchronous
public convenience init(_ model: SpineModel, _ atlases: [String : SKTextureAtlas]) {
^
/Users/admin/builder/spi-builder-workspace/Tests/SpineTests/Compatibility/LegacyConstructionTests.swift:7:10: note: add '@MainActor' to make instance method 'testUnchangedModelConstructorsAndPublicNodes()' part of global actor 'MainActor'
func testUnchangedModelConstructorsAndPublicNodes() throws {
^
@MainActor
/Users/admin/builder/spi-builder-workspace/Tests/SpineTests/Compatibility/LegacyConstructionTests.swift:18:23: warning: call to main actor-isolated instance method 'applyDefaultSkin()' in a synchronous nonisolated context; this is an error in the Swift 6 language mode
try character.applyDefaultSkin()
^
/Users/admin/builder/spi-builder-workspace/Sources/Spine/Extensions Public/Skeleton+Skins.swift:24:10: note: calls to instance method 'applyDefaultSkin()' from outside of its actor context are implicitly asynchronous
func applyDefaultSkin() throws {
^
/Users/admin/builder/spi-builder-workspace/Tests/SpineTests/Compatibility/LegacyConstructionTests.swift:7:10: note: add '@MainActor' to make instance method 'testUnchangedModelConstructorsAndPublicNodes()' part of global actor 'MainActor'
func testUnchangedModelConstructorsAndPublicNodes() throws {
^
@MainActor
/Users/admin/builder/spi-builder-workspace/Tests/SpineTests/Compatibility/LegacyConstructionTests.swift:19:35: warning: call to main actor-isolated instance method 'boneNode(named:)' in a synchronous nonisolated context; this is an error in the Swift 6 language mode
XCTAssertNotNil(character.boneNode(named: "root"))
^
/Users/admin/builder/spi-builder-workspace/Sources/Spine/Extensions Public/Skeleton+Nodes.swift:106:10: note: calls to instance method 'boneNode(named:)' from outside of its actor context are implicitly asynchronous
func boneNode(named: String) -> SKSpriteNode? {
^
/Users/admin/builder/spi-builder-workspace/Tests/SpineTests/Compatibility/LegacyConstructionTests.swift:20:59: warning: main actor-isolated property 'parent' can not be referenced from a nonisolated autoclosure; this is an error in the Swift 6 language mode
XCTAssertEqual(character.slotNode(named: "hand")?.parent, character.boneNode(named: "arm"))
^
/Applications/Xcode-16.3.0.app/Contents/Developer/Platforms/XROS.platform/Developer/SDKs/XROS2.4.sdk/System/Library/Frameworks/SpriteKit.framework/Headers/SKNode.h:135:51: note: property declared here
@property (nonatomic, readonly, nullable) SKNode *parent;
^
/Users/admin/builder/spi-builder-workspace/Tests/SpineTests/Compatibility/LegacyConstructionTests.swift:20:34: warning: call to main actor-isolated instance method 'slotNode(named:)' in a synchronous nonisolated context; this is an error in the Swift 6 language mode
XCTAssertEqual(character.slotNode(named: "hand")?.parent, character.boneNode(named: "arm"))
^
/Users/admin/builder/spi-builder-workspace/Sources/Spine/Extensions Public/Skeleton+Nodes.swift:84:10: note: calls to instance method 'slotNode(named:)' from outside of its actor context are implicitly asynchronous
func slotNode(named: String) -> SKNode? {
^
/Users/admin/builder/spi-builder-workspace/Tests/SpineTests/Compatibility/LegacyConstructionTests.swift:20:77: warning: call to main actor-isolated instance method 'boneNode(named:)' in a synchronous nonisolated context; this is an error in the Swift 6 language mode
XCTAssertEqual(character.slotNode(named: "hand")?.parent, character.boneNode(named: "arm"))
^
/Users/admin/builder/spi-builder-workspace/Sources/Spine/Extensions Public/Skeleton+Nodes.swift:106:10: note: calls to instance method 'boneNode(named:)' from outside of its actor context are implicitly asynchronous
func boneNode(named: String) -> SKSpriteNode? {
^
/Users/admin/builder/spi-builder-workspace/Tests/SpineTests/Compatibility/LegacyConstructionTests.swift:21:46: warning: call to main actor-isolated instance method 'regionAttachmentNode(named:)' in a synchronous nonisolated context; this is an error in the Swift 6 language mode
let region = try XCTUnwrap(character.regionAttachmentNode(named: "body"))
^
/Users/admin/builder/spi-builder-workspace/Sources/Spine/Extensions Public/Skeleton+Nodes.swift:62:10: note: calls to instance method 'regionAttachmentNode(named:)' from outside of its actor context are implicitly asynchronous
func regionAttachmentNode(named: String) -> SKSpriteNode? {
^
/Users/admin/builder/spi-builder-workspace/Tests/SpineTests/Compatibility/LegacyConstructionTests.swift:22:16: warning: main actor-isolated property 'texture' can not be mutated from a nonisolated context; this is an error in the Swift 6 language mode
region.texture = texture
^
/Applications/Xcode-16.3.0.app/Contents/Developer/Platforms/XROS.platform/Developer/SDKs/XROS2.4.sdk/System/Library/Frameworks/SpriteKit.framework/Headers/SKSpriteNode.h:105:52: note: mutation of this property is only permitted within the actor
@property (nonatomic, retain, nullable) SKTexture *texture;
^
/Users/admin/builder/spi-builder-workspace/Tests/SpineTests/Compatibility/LegacyConstructionTests.swift:7:10: note: add '@MainActor' to make instance method 'testUnchangedModelConstructorsAndPublicNodes()' part of global actor 'MainActor'
func testUnchangedModelConstructorsAndPublicNodes() throws {
^
@MainActor
/Users/admin/builder/spi-builder-workspace/Tests/SpineTests/Compatibility/LegacyConstructionTests.swift:23:30: warning: main actor-isolated property 'texture' can not be referenced from a nonisolated autoclosure; this is an error in the Swift 6 language mode
XCTAssertTrue(region.texture === texture)
^
/Applications/Xcode-16.3.0.app/Contents/Developer/Platforms/XROS.platform/Developer/SDKs/XROS2.4.sdk/System/Library/Frameworks/SpriteKit.framework/Headers/SKSpriteNode.h:105:52: note: property declared here
@property (nonatomic, retain, nullable) SKTexture *texture;
^
/Users/admin/builder/spi-builder-workspace/Tests/SpineTests/Compatibility/LegacyConstructionTests.swift:24:23: warning: call to main actor-isolated instance method 'apply(texture:region:)' in a synchronous nonisolated context; this is an error in the Swift 6 language mode
try character.apply(texture: texture, region: "body")
^
/Users/admin/builder/spi-builder-workspace/Sources/Spine/Extensions Public/Skeleton+Nodes.swift:131:10: note: calls to instance method 'apply(texture:region:)' from outside of its actor context are implicitly asynchronous
func apply(texture: SKTexture, region named: String) throws {
^
/Users/admin/builder/spi-builder-workspace/Tests/SpineTests/Compatibility/LegacyConstructionTests.swift:7:10: note: add '@MainActor' to make instance method 'testUnchangedModelConstructorsAndPublicNodes()' part of global actor 'MainActor'
func testUnchangedModelConstructorsAndPublicNodes() throws {
^
@MainActor
/Users/admin/builder/spi-builder-workspace/Tests/SpineTests/Compatibility/LegacyConstructionTests.swift:25:34: warning: main actor-isolated property 'points' can not be referenced from a nonisolated autoclosure; this is an error in the Swift 6 language mode
XCTAssertEqual(character.points?.count, 1)
^
/Users/admin/builder/spi-builder-workspace/Sources/Spine/Extensions Public/Skeleton+Points.swift:24:9: note: property declared here
var points: [SKNode]? {
^
/Users/admin/builder/spi-builder-workspace/Tests/SpineTests/Compatibility/LegacyConstructionTests.swift:26:62: warning: main actor-isolated property 'physicsBody' can not be referenced from a nonisolated autoclosure; this is an error in the Swift 6 language mode
XCTAssertNotNil(character.slotNode(named: "hitbox")?.physicsBody)
^
/Applications/Xcode-16.3.0.app/Contents/Developer/Platforms/XROS.platform/Developer/SDKs/XROS2.4.sdk/System/Library/Frameworks/SpriteKit.framework/Headers/SKNode.h:159:56: note: property declared here
@property (nonatomic, retain, nullable) SKPhysicsBody *physicsBody;
^
/Users/admin/builder/spi-builder-workspace/Tests/SpineTests/Compatibility/LegacyConstructionTests.swift:26:35: warning: call to main actor-isolated instance method 'slotNode(named:)' in a synchronous nonisolated context; this is an error in the Swift 6 language mode
XCTAssertNotNil(character.slotNode(named: "hitbox")?.physicsBody)
^
/Users/admin/builder/spi-builder-workspace/Sources/Spine/Extensions Public/Skeleton+Nodes.swift:84:10: note: calls to instance method 'slotNode(named:)' from outside of its actor context are implicitly asynchronous
func slotNode(named: String) -> SKNode? {
^
/Users/admin/builder/spi-builder-workspace/Tests/SpineTests/Compatibility/LegacyConstructionTests.swift:27:19: warning: call to main actor-isolated instance method 'setBitMasks(category:collision:)' in a synchronous nonisolated context; this is an error in the Swift 6 language mode
character.setBitMasks(category: 4, collision: 8)
^
/Users/admin/builder/spi-builder-workspace/Sources/Spine/Extensions Public/Skeleton+Physics.swift:19:10: note: calls to instance method 'setBitMasks(category:collision:)' from outside of its actor context are implicitly asynchronous
func setBitMasks(category: UInt32, collision: UInt32) {
^
/Users/admin/builder/spi-builder-workspace/Tests/SpineTests/Compatibility/LegacyConstructionTests.swift:7:10: note: add '@MainActor' to make instance method 'testUnchangedModelConstructorsAndPublicNodes()' part of global actor 'MainActor'
func testUnchangedModelConstructorsAndPublicNodes() throws {
^
@MainActor
/Users/admin/builder/spi-builder-workspace/Tests/SpineTests/Compatibility/LegacyConstructionTests.swift:28:61: warning: main actor-isolated property 'physicsBody' can not be referenced from a nonisolated autoclosure; this is an error in the Swift 6 language mode
XCTAssertEqual(character.slotNode(named: "hitbox")?.physicsBody?.categoryBitMask, 4)
^
/Applications/Xcode-16.3.0.app/Contents/Developer/Platforms/XROS.platform/Developer/SDKs/XROS2.4.sdk/System/Library/Frameworks/SpriteKit.framework/Headers/SKNode.h:159:56: note: property declared here
@property (nonatomic, retain, nullable) SKPhysicsBody *physicsBody;
^
/Users/admin/builder/spi-builder-workspace/Tests/SpineTests/Compatibility/LegacyConstructionTests.swift:28:34: warning: call to main actor-isolated instance method 'slotNode(named:)' in a synchronous nonisolated context; this is an error in the Swift 6 language mode
XCTAssertEqual(character.slotNode(named: "hitbox")?.physicsBody?.categoryBitMask, 4)
^
/Users/admin/builder/spi-builder-workspace/Sources/Spine/Extensions Public/Skeleton+Nodes.swift:84:10: note: calls to instance method 'slotNode(named:)' from outside of its actor context are implicitly asynchronous
func slotNode(named: String) -> SKNode? {
^
/Users/admin/builder/spi-builder-workspace/Tests/SpineTests/Compatibility/LegacyConstructionTests.swift:29:61: warning: main actor-isolated property 'physicsBody' can not be referenced from a nonisolated autoclosure; this is an error in the Swift 6 language mode
XCTAssertEqual(character.slotNode(named: "hitbox")?.physicsBody?.collisionBitMask, 8)
^
/Applications/Xcode-16.3.0.app/Contents/Developer/Platforms/XROS.platform/Developer/SDKs/XROS2.4.sdk/System/Library/Frameworks/SpriteKit.framework/Headers/SKNode.h:159:56: note: property declared here
@property (nonatomic, retain, nullable) SKPhysicsBody *physicsBody;
^
/Users/admin/builder/spi-builder-workspace/Tests/SpineTests/Compatibility/LegacyConstructionTests.swift:29:34: warning: call to main actor-isolated instance method 'slotNode(named:)' in a synchronous nonisolated context; this is an error in the Swift 6 language mode
XCTAssertEqual(character.slotNode(named: "hitbox")?.physicsBody?.collisionBitMask, 8)
^
/Users/admin/builder/spi-builder-workspace/Sources/Spine/Extensions Public/Skeleton+Nodes.swift:84:10: note: calls to instance method 'slotNode(named:)' from outside of its actor context are implicitly asynchronous
func slotNode(named: String) -> SKNode? {
^
/Users/admin/builder/spi-builder-workspace/Tests/SpineTests/Compatibility/LegacyConstructionTests.swift:30:38: warning: main actor-isolated property 'skinsNames' can not be referenced from a nonisolated autoclosure; this is an error in the Swift 6 language mode
XCTAssertEqual(Set(character.skinsNames), ["default", "alternate"])
^
/Users/admin/builder/spi-builder-workspace/Sources/Spine/Extensions Public/Skeleton+Skins.swift:14:9: note: property declared here
var skinsNames: [String] { meshRuntime?.asset.skinNames ?? skins.map { $0.name } }
^
/Users/admin/builder/spi-builder-workspace/Tests/SpineTests/Compatibility/LegacyConstructionTests.swift:31:34: warning: main actor-isolated property 'animationsNames' can not be referenced from a nonisolated autoclosure; this is an error in the Swift 6 language mode
XCTAssertEqual(character.animationsNames, ["motion"])
^
/Users/admin/builder/spi-builder-workspace/Sources/Spine/Extensions Public/Skeleton+Animations.swift:16:9: note: property declared here
var animationsNames: [String] { meshRuntime?.asset.animationNames ?? animations.map({ $0.name }) }
^
/Users/admin/builder/spi-builder-workspace/Tests/SpineTests/Compatibility/LegacyConstructionTests.swift:32:44: warning: call to main actor-isolated instance method 'action(animation:)' in a synchronous nonisolated context; this is an error in the Swift 6 language mode
XCTAssertGreaterThan(try character.action(animation: "motion").duration, 0)
^
/Users/admin/builder/spi-builder-workspace/Sources/Spine/Extensions Public/Skeleton+Animations.swift:29:10: note: calls to instance method 'action(animation:)' from outside of its actor context are implicitly asynchronous
func action(animation name: String) throws -> SKAction {
^
/Users/admin/builder/spi-builder-workspace/Tests/SpineTests/Compatibility/LegacyConstructionTests.swift:33:39: warning: call to main actor-isolated instance method 'action(applySkin:)' in a synchronous nonisolated context; this is an error in the Swift 6 language mode
XCTAssertNotNil(try character.action(applySkin: "alternate"))
^
/Users/admin/builder/spi-builder-workspace/Sources/Spine/Extensions Public/Skeleton+Skins.swift:55:10: note: calls to instance method 'action(applySkin:)' from outside of its actor context are implicitly asynchronous
func action(applySkin name: String) throws -> SKAction {
^
/Users/admin/builder/spi-builder-workspace/Tests/SpineTests/Compatibility/LegacyConstructionTests.swift:34:35: warning: call to main actor-isolated instance method 'dropToDefaultsAction()' in a synchronous nonisolated context; this is an error in the Swift 6 language mode
XCTAssertNotNil(character.dropToDefaultsAction())
^
/Users/admin/builder/spi-builder-workspace/Sources/Spine/Extensions Public/Skeleton+Animations.swift:65:10: note: calls to instance method 'dropToDefaultsAction()' from outside of its actor context are implicitly asynchronous
func dropToDefaultsAction() -> SKAction {
^
/Users/admin/builder/spi-builder-workspace/Tests/SpineTests/Compatibility/LegacyConstructionTests.swift:35:23: warning: call to main actor-isolated instance method 'run(animation:)' in a synchronous nonisolated context; this is an error in the Swift 6 language mode
try character.run(animation: "motion")
^
/Users/admin/builder/spi-builder-workspace/Sources/Spine/Extensions Public/Skeleton+Animations.swift:46:10: note: calls to instance method 'run(animation:)' from outside of its actor context are implicitly asynchronous
func run(animation name: String) throws {
^
/Users/admin/builder/spi-builder-workspace/Tests/SpineTests/Compatibility/LegacyConstructionTests.swift:7:10: note: add '@MainActor' to make instance method 'testUnchangedModelConstructorsAndPublicNodes()' part of global actor 'MainActor'
func testUnchangedModelConstructorsAndPublicNodes() throws {
^
@MainActor
/Users/admin/builder/spi-builder-workspace/Tests/SpineTests/Compatibility/LegacyConstructionTests.swift:36:19: warning: call to main actor-isolated instance method 'removeAllActions()' in a synchronous nonisolated context; this is an error in the Swift 6 language mode
character.removeAllActions()
^
SpriteKit.SKNode.removeAllActions:2:22: note: calls to instance method 'removeAllActions()' from outside of its actor context are implicitly asynchronous
@MainActor open func removeAllActions()}
^
SpriteKit.SKNode.removeAllActions:2:22: note: main actor isolation inferred from inheritance from class 'UIResponder'
@MainActor open func removeAllActions()}
^
/Users/admin/builder/spi-builder-workspace/Tests/SpineTests/Compatibility/LegacyConstructionTests.swift:7:10: note: add '@MainActor' to make instance method 'testUnchangedModelConstructorsAndPublicNodes()' part of global actor 'MainActor'
func testUnchangedModelConstructorsAndPublicNodes() throws {
^
@MainActor
/Users/admin/builder/spi-builder-workspace/Tests/SpineTests/Compatibility/LegacyConstructionTests.swift:37:33: warning: call to main actor-isolated initializer 'init(_:atlas:)' in a synchronous nonisolated context; this is an error in the Swift 6 language mode
let folderConstructor = Skeleton(model, atlas: "missing-baseline-atlas")
^
/Users/admin/builder/spi-builder-workspace/Sources/Spine/Skeleton.swift:57:24: note: calls to initializer 'init(_:atlas:)' from outside of its actor context are implicitly asynchronous
public convenience init(_ model: SpineModel, atlas folder: String? = nil) {
^
/Users/admin/builder/spi-builder-workspace/Tests/SpineTests/Compatibility/LegacyConstructionTests.swift:7:10: note: add '@MainActor' to make instance method 'testUnchangedModelConstructorsAndPublicNodes()' part of global actor 'MainActor'
func testUnchangedModelConstructorsAndPublicNodes() throws {
^
@MainActor
/Users/admin/builder/spi-builder-workspace/Tests/SpineTests/Compatibility/LegacyConstructionTests.swift:38:43: warning: call to main actor-isolated instance method 'boneNode(named:)' in a synchronous nonisolated context; this is an error in the Swift 6 language mode
XCTAssertNotNil(folderConstructor.boneNode(named: "arm"))
^
/Users/admin/builder/spi-builder-workspace/Sources/Spine/Extensions Public/Skeleton+Nodes.swift:106:10: note: calls to instance method 'boneNode(named:)' from outside of its actor context are implicitly asynchronous
func boneNode(named: String) -> SKSpriteNode? {
^
/Users/admin/builder/spi-builder-workspace/Tests/SpineTests/Compatibility/LegacyConstructionTests.swift:39:34: warning: call to main actor-isolated initializer 'init(_:atlas:)' in a synchronous nonisolated context; this is an error in the Swift 6 language mode
let defaultConstructor = Skeleton(model)
^
/Users/admin/builder/spi-builder-workspace/Sources/Spine/Skeleton.swift:57:24: note: calls to initializer 'init(_:atlas:)' from outside of its actor context are implicitly asynchronous
public convenience init(_ model: SpineModel, atlas folder: String? = nil) {
^
/Users/admin/builder/spi-builder-workspace/Tests/SpineTests/Compatibility/LegacyConstructionTests.swift:7:10: note: add '@MainActor' to make instance method 'testUnchangedModelConstructorsAndPublicNodes()' part of global actor 'MainActor'
func testUnchangedModelConstructorsAndPublicNodes() throws {
^
@MainActor
/Users/admin/builder/spi-builder-workspace/Tests/SpineTests/Compatibility/LegacyConstructionTests.swift:40:44: warning: call to main actor-isolated instance method 'boneNode(named:)' in a synchronous nonisolated context; this is an error in the Swift 6 language mode
XCTAssertNotNil(defaultConstructor.boneNode(named: "root"))
^
/Users/admin/builder/spi-builder-workspace/Sources/Spine/Extensions Public/Skeleton+Nodes.swift:106:10: note: calls to instance method 'boneNode(named:)' from outside of its actor context are implicitly asynchronous
func boneNode(named: String) -> SKSpriteNode? {
^
/Users/admin/builder/spi-builder-workspace/Tests/SpineTests/Compatibility/LegacyConstructionTests.swift:46:22: warning: 'init(fromJSON:atlas:skin:)' is deprecated: Use 'init(json:folder:skin:) throws' instead
XCTAssertNil(Skeleton(fromJSON: "missing-baseline-fixture", atlas: nil, skin: nil))
^
/Users/admin/builder/spi-builder-workspace/Tests/SpineTests/Compatibility/LegacyConstructionTests.swift:50:35: warning: 'animation(named:)' is deprecated: Use 'action(animation:)' instead
XCTAssertNotNil(character.animation(named: "motion"))
^
/Users/admin/builder/spi-builder-workspace/Tests/SpineTests/Compatibility/LegacyConstructionTests.swift:51:19: warning: 'applySkin(named:)' is deprecated: Use 'apply(skin:)' or 'applyDefaultSkin()' instead
character.applySkin(named: "alternate")
^
/Users/admin/builder/spi-builder-workspace/Tests/SpineTests/Compatibility/LegacyConstructionTests.swift:45:34: warning: call to main actor-isolated initializer 'init(json:folder:skin:)' in a synchronous nonisolated context; this is an error in the Swift 6 language mode
XCTAssertThrowsError(try Skeleton(json: "missing-baseline-fixture", folder: nil, skin: nil))
^
/Users/admin/builder/spi-builder-workspace/Sources/Spine/Skeleton.swift:96:24: note: calls to initializer 'init(json:folder:skin:)' from outside of its actor context are implicitly asynchronous
public convenience init(json name: String, folder: String? = nil, skin: String? = nil) throws {
^
/Users/admin/builder/spi-builder-workspace/Tests/SpineTests/Compatibility/LegacyConstructionTests.swift:46:22: warning: call to main actor-isolated initializer 'init(fromJSON:atlas:skin:)' in a synchronous nonisolated context; this is an error in the Swift 6 language mode
XCTAssertNil(Skeleton(fromJSON: "missing-baseline-fixture", atlas: nil, skin: nil))
^
/Users/admin/builder/spi-builder-workspace/Sources/Spine/Skeleton.swift:128:24: note: calls to initializer 'init(fromJSON:atlas:skin:)' from outside of its actor context are implicitly asynchronous
public convenience init?(fromJSON name: String, atlas folder: String? = nil, skin: String? = nil) {
^
/Users/admin/builder/spi-builder-workspace/Tests/SpineTests/Compatibility/LegacyConstructionTests.swift:49:25: warning: call to main actor-isolated initializer 'init(_:_:)' in a synchronous nonisolated context; this is an error in the Swift 6 language mode
let character = Skeleton(model, [:])
^
/Users/admin/builder/spi-builder-workspace/Sources/Spine/Skeleton.swift:73:24: note: calls to initializer 'init(_:_:)' from outside of its actor context are implicitly asynchronous
public convenience init(_ model: SpineModel, _ atlases: [String : SKTextureAtlas]) {
^
/Users/admin/builder/spi-builder-workspace/Tests/SpineTests/Compatibility/LegacyConstructionTests.swift:43:10: note: add '@MainActor' to make instance method 'testDeprecatedAndBundleConstructorSignaturesRemainCallable()' part of global actor 'MainActor'
func testDeprecatedAndBundleConstructorSignaturesRemainCallable() throws {
^
@MainActor
/Users/admin/builder/spi-builder-workspace/Tests/SpineTests/Compatibility/LegacyConstructionTests.swift:50:35: warning: call to main actor-isolated instance method 'animation(named:)' in a synchronous nonisolated context; this is an error in the Swift 6 language mode
XCTAssertNotNil(character.animation(named: "motion"))
^
/Users/admin/builder/spi-builder-workspace/Sources/Spine/Extensions Public/Skeleton+Animations.swift:57:10: note: calls to instance method 'animation(named:)' from outside of its actor context are implicitly asynchronous
func animation(named: String) -> SKAction? {
^
/Users/admin/builder/spi-builder-workspace/Tests/SpineTests/Compatibility/LegacyConstructionTests.swift:51:19: warning: call to main actor-isolated instance method 'applySkin(named:)' in a synchronous nonisolated context; this is an error in the Swift 6 language mode
character.applySkin(named: "alternate")
^
/Users/admin/builder/spi-builder-workspace/Sources/Spine/Extensions Public/Skeleton+Skins.swift:76:10: note: calls to instance method 'applySkin(named:)' from outside of its actor context are implicitly asynchronous
func applySkin(named: String? = nil) {
^
/Users/admin/builder/spi-builder-workspace/Tests/SpineTests/Compatibility/LegacyConstructionTests.swift:43:10: note: add '@MainActor' to make instance method 'testDeprecatedAndBundleConstructorSignaturesRemainCallable()' part of global actor 'MainActor'
func testDeprecatedAndBundleConstructorSignaturesRemainCallable() throws {
^
@MainActor
/Users/admin/builder/spi-builder-workspace/Tests/SpineTests/Compatibility/LegacyConstructionTests.swift:52:35: warning: call to main actor-isolated instance method 'boneNode(named:)' in a synchronous nonisolated context; this is an error in the Swift 6 language mode
XCTAssertNotNil(character.boneNode(named: "root"))
^
/Users/admin/builder/spi-builder-workspace/Sources/Spine/Extensions Public/Skeleton+Nodes.swift:106:10: note: calls to instance method 'boneNode(named:)' from outside of its actor context are implicitly asynchronous
func boneNode(named: String) -> SKSpriteNode? {
^
/Users/admin/builder/spi-builder-workspace/Tests/SpineTests/Compatibility/LegacyConstructionTests.swift:17:25: warning: sending 'model' risks causing data races; this is an error in the Swift 6 language mode
let character = Skeleton(model, ["default": atlas])
^~~~~~~~~~~~~~~~~~~~~~~~~~~~~~~~~~~
/Users/admin/builder/spi-builder-workspace/Tests/SpineTests/Compatibility/LegacyConstructionTests.swift:17:25: note: sending 'model' to main actor-isolated callee risks causing data races between main actor-isolated and local nonisolated uses
let character = Skeleton(model, ["default": atlas])
^
/Users/admin/builder/spi-builder-workspace/Tests/SpineTests/Compatibility/LegacyConstructionTests.swift:37:33: note: access can happen concurrently
let folderConstructor = Skeleton(model, atlas: "missing-baseline-atlas")
^~~~~~~~~~~~~~~~~~~~~~~~~~~~~~~~~~~~~~~~~~~~~~~~
/Users/admin/builder/spi-builder-workspace/Tests/SpineTests/Compatibility/LegacyConstructionTests.swift:37:33: warning: sending 'model' risks causing data races; this is an error in the Swift 6 language mode
let folderConstructor = Skeleton(model, atlas: "missing-baseline-atlas")
^~~~~~~~~~~~~~~~~~~~~~~~~~~~~~~~~~~~~~~~~~~~~~~~
/Users/admin/builder/spi-builder-workspace/Tests/SpineTests/Compatibility/LegacyConstructionTests.swift:37:33: note: sending 'model' to main actor-isolated callee risks causing data races between main actor-isolated and local nonisolated uses
let folderConstructor = Skeleton(model, atlas: "missing-baseline-atlas")
^
/Users/admin/builder/spi-builder-workspace/Tests/SpineTests/Compatibility/LegacyConstructionTests.swift:39:34: note: access can happen concurrently
let defaultConstructor = Skeleton(model)
^~~~~~~~~~~~~~~
SwiftCompile normal arm64 /Users/admin/builder/spi-builder-workspace/Tests/SpineTests/Compatibility/UnifiedDecoderTests.swift (in target 'SpineTests' from project 'Spine')
cd /Users/admin/builder/spi-builder-workspace/.swiftpm/xcode
SwiftCompile normal arm64 /Users/admin/builder/spi-builder-workspace/Tests/SpineTests/Extensions/SKColorExtensionsTests.swift (in target 'SpineTests' from project 'Spine')
cd /Users/admin/builder/spi-builder-workspace/.swiftpm/xcode
SwiftCompile normal arm64 /Users/admin/builder/spi-builder-workspace/Tests/SpineTests/Mesh/ActionCancellationTests.swift (in target 'SpineTests' from project 'Spine')
cd /Users/admin/builder/spi-builder-workspace/.swiftpm/xcode
SwiftCompile normal arm64 Compiling\ BonesModelTests.swift,\ CurveModelTests.swift,\ EventModelTests.swift,\ KeyframeModelTests.swift,\ KeyframesTests.swift,\ SkeletonModelTests.swift /Users/admin/builder/spi-builder-workspace/Tests/SpineTests/Model/BonesModelTests.swift /Users/admin/builder/spi-builder-workspace/Tests/SpineTests/Model/CurveModelTests.swift /Users/admin/builder/spi-builder-workspace/Tests/SpineTests/Model/EventModelTests.swift /Users/admin/builder/spi-builder-workspace/Tests/SpineTests/Model/KeyframeModelTests.swift /Users/admin/builder/spi-builder-workspace/Tests/SpineTests/Model/KeyframesTests.swift /Users/admin/builder/spi-builder-workspace/Tests/SpineTests/Model/SkeletonModelTests.swift (in target 'SpineTests' from project 'Spine')
SwiftCompile normal arm64 /Users/admin/builder/spi-builder-workspace/Tests/SpineTests/Model/BonesModelTests.swift (in target 'SpineTests' from project 'Spine')
cd /Users/admin/builder/spi-builder-workspace/.swiftpm/xcode
SwiftCompile normal arm64 /Users/admin/builder/spi-builder-workspace/Tests/SpineTests/Model/CurveModelTests.swift (in target 'SpineTests' from project 'Spine')
cd /Users/admin/builder/spi-builder-workspace/.swiftpm/xcode
SwiftCompile normal arm64 /Users/admin/builder/spi-builder-workspace/Tests/SpineTests/Model/EventModelTests.swift (in target 'SpineTests' from project 'Spine')
cd /Users/admin/builder/spi-builder-workspace/.swiftpm/xcode
SwiftCompile normal arm64 /Users/admin/builder/spi-builder-workspace/Tests/SpineTests/Model/KeyframeModelTests.swift (in target 'SpineTests' from project 'Spine')
cd /Users/admin/builder/spi-builder-workspace/.swiftpm/xcode
SwiftCompile normal arm64 /Users/admin/builder/spi-builder-workspace/Tests/SpineTests/Model/KeyframesTests.swift (in target 'SpineTests' from project 'Spine')
cd /Users/admin/builder/spi-builder-workspace/.swiftpm/xcode
SwiftCompile normal arm64 /Users/admin/builder/spi-builder-workspace/Tests/SpineTests/Model/SkeletonModelTests.swift (in target 'SpineTests' from project 'Spine')
cd /Users/admin/builder/spi-builder-workspace/.swiftpm/xcode
SwiftCompile normal arm64 Compiling\ CompositionFrameTests.swift,\ CompositionLifetimeTests.swift,\ CompositionMixedBaseTests.swift,\ CompositionNativePlaybackTests.swift,\ CompositionPlaybackTests.swift,\ CompositionPublicAPITests.swift /Users/admin/builder/spi-builder-workspace/Tests/SpineTests/Skins/CompositionFrameTests.swift /Users/admin/builder/spi-builder-workspace/Tests/SpineTests/Skins/CompositionLifetimeTests.swift /Users/admin/builder/spi-builder-workspace/Tests/SpineTests/Skins/CompositionMixedBaseTests.swift /Users/admin/builder/spi-builder-workspace/Tests/SpineTests/Skins/CompositionNativePlaybackTests.swift /Users/admin/builder/spi-builder-workspace/Tests/SpineTests/Skins/CompositionPlaybackTests.swift /Users/admin/builder/spi-builder-workspace/Tests/SpineTests/Skins/CompositionPublicAPITests.swift (in target 'SpineTests' from project 'Spine')
SwiftCompile normal arm64 /Users/admin/builder/spi-builder-workspace/Tests/SpineTests/Skins/CompositionFrameTests.swift (in target 'SpineTests' from project 'Spine')
cd /Users/admin/builder/spi-builder-workspace/.swiftpm/xcode
SwiftCompile normal arm64 /Users/admin/builder/spi-builder-workspace/Tests/SpineTests/Skins/CompositionLifetimeTests.swift (in target 'SpineTests' from project 'Spine')
cd /Users/admin/builder/spi-builder-workspace/.swiftpm/xcode
SwiftCompile normal arm64 /Users/admin/builder/spi-builder-workspace/Tests/SpineTests/Skins/CompositionMixedBaseTests.swift (in target 'SpineTests' from project 'Spine')
cd /Users/admin/builder/spi-builder-workspace/.swiftpm/xcode
SwiftCompile normal arm64 /Users/admin/builder/spi-builder-workspace/Tests/SpineTests/Skins/CompositionNativePlaybackTests.swift (in target 'SpineTests' from project 'Spine')
cd /Users/admin/builder/spi-builder-workspace/.swiftpm/xcode
SwiftCompile normal arm64 /Users/admin/builder/spi-builder-workspace/Tests/SpineTests/Skins/CompositionPlaybackTests.swift (in target 'SpineTests' from project 'Spine')
cd /Users/admin/builder/spi-builder-workspace/.swiftpm/xcode
SwiftCompile normal arm64 /Users/admin/builder/spi-builder-workspace/Tests/SpineTests/Skins/CompositionPublicAPITests.swift (in target 'SpineTests' from project 'Spine')
cd /Users/admin/builder/spi-builder-workspace/.swiftpm/xcode
SwiftCompile normal arm64 Compiling\ FrameContextTests.swift,\ GPUSetupTests.swift,\ GeometryValidationTests.swift,\ LinkedMeshTests.swift,\ MeshAssetTestSupport.swift,\ MeshTestSupport.swift,\ MixedSceneTests.swift /Users/admin/builder/spi-builder-workspace/Tests/SpineTests/Mesh/FrameContextTests.swift /Users/admin/builder/spi-builder-workspace/Tests/SpineTests/Mesh/GPUSetupTests.swift /Users/admin/builder/spi-builder-workspace/Tests/SpineTests/Mesh/GeometryValidationTests.swift /Users/admin/builder/spi-builder-workspace/Tests/SpineTests/Mesh/LinkedMeshTests.swift /Users/admin/builder/spi-builder-workspace/Tests/SpineTests/Mesh/MeshAssetTestSupport.swift /Users/admin/builder/spi-builder-workspace/Tests/SpineTests/Mesh/MeshTestSupport.swift /Users/admin/builder/spi-builder-workspace/Tests/SpineTests/Mesh/MixedSceneTests.swift (in target 'SpineTests' from project 'Spine')
SwiftCompile normal arm64 /Users/admin/builder/spi-builder-workspace/Tests/SpineTests/Mesh/FrameContextTests.swift (in target 'SpineTests' from project 'Spine')
cd /Users/admin/builder/spi-builder-workspace/.swiftpm/xcode
SwiftCompile normal arm64 /Users/admin/builder/spi-builder-workspace/Tests/SpineTests/Mesh/GPUSetupTests.swift (in target 'SpineTests' from project 'Spine')
cd /Users/admin/builder/spi-builder-workspace/.swiftpm/xcode
SwiftCompile normal arm64 /Users/admin/builder/spi-builder-workspace/Tests/SpineTests/Mesh/GeometryValidationTests.swift (in target 'SpineTests' from project 'Spine')
cd /Users/admin/builder/spi-builder-workspace/.swiftpm/xcode
SwiftCompile normal arm64 /Users/admin/builder/spi-builder-workspace/Tests/SpineTests/Mesh/LinkedMeshTests.swift (in target 'SpineTests' from project 'Spine')
cd /Users/admin/builder/spi-builder-workspace/.swiftpm/xcode
SwiftCompile normal arm64 /Users/admin/builder/spi-builder-workspace/Tests/SpineTests/Mesh/MeshAssetTestSupport.swift (in target 'SpineTests' from project 'Spine')
cd /Users/admin/builder/spi-builder-workspace/.swiftpm/xcode
SwiftCompile normal arm64 /Users/admin/builder/spi-builder-workspace/Tests/SpineTests/Mesh/MeshTestSupport.swift (in target 'SpineTests' from project 'Spine')
cd /Users/admin/builder/spi-builder-workspace/.swiftpm/xcode
SwiftCompile normal arm64 /Users/admin/builder/spi-builder-workspace/Tests/SpineTests/Mesh/MixedSceneTests.swift (in target 'SpineTests' from project 'Spine')
cd /Users/admin/builder/spi-builder-workspace/.swiftpm/xcode
SwiftCompile normal arm64 Compiling\ CompositionResolverTests.swift,\ CompositionTransactionEdgeTests.swift,\ CompositionTransitionTests.swift,\ CompositionValidationEdgeTests.swift,\ CompositionValidationTests.swift,\ SkinDescriptionTests.swift /Users/admin/builder/spi-builder-workspace/Tests/SpineTests/Skins/CompositionResolverTests.swift /Users/admin/builder/spi-builder-workspace/Tests/SpineTests/Skins/CompositionTransactionEdgeTests.swift /Users/admin/builder/spi-builder-workspace/Tests/SpineTests/Skins/CompositionTransitionTests.swift /Users/admin/builder/spi-builder-workspace/Tests/SpineTests/Skins/CompositionValidationEdgeTests.swift /Users/admin/builder/spi-builder-workspace/Tests/SpineTests/Skins/CompositionValidationTests.swift /Users/admin/builder/spi-builder-workspace/Tests/SpineTests/Skins/SkinDescriptionTests.swift (in target 'SpineTests' from project 'Spine')
SwiftCompile normal arm64 /Users/admin/builder/spi-builder-workspace/Tests/SpineTests/Skins/CompositionResolverTests.swift (in target 'SpineTests' from project 'Spine')
cd /Users/admin/builder/spi-builder-workspace/.swiftpm/xcode
SwiftCompile normal arm64 /Users/admin/builder/spi-builder-workspace/Tests/SpineTests/Skins/CompositionTransactionEdgeTests.swift (in target 'SpineTests' from project 'Spine')
cd /Users/admin/builder/spi-builder-workspace/.swiftpm/xcode
SwiftCompile normal arm64 /Users/admin/builder/spi-builder-workspace/Tests/SpineTests/Skins/CompositionTransitionTests.swift (in target 'SpineTests' from project 'Spine')
cd /Users/admin/builder/spi-builder-workspace/.swiftpm/xcode
SwiftCompile normal arm64 /Users/admin/builder/spi-builder-workspace/Tests/SpineTests/Skins/CompositionValidationEdgeTests.swift (in target 'SpineTests' from project 'Spine')
cd /Users/admin/builder/spi-builder-workspace/.swiftpm/xcode
SwiftCompile normal arm64 /Users/admin/builder/spi-builder-workspace/Tests/SpineTests/Skins/CompositionValidationTests.swift (in target 'SpineTests' from project 'Spine')
cd /Users/admin/builder/spi-builder-workspace/.swiftpm/xcode
SwiftCompile normal arm64 /Users/admin/builder/spi-builder-workspace/Tests/SpineTests/Skins/SkinDescriptionTests.swift (in target 'SpineTests' from project 'Spine')
cd /Users/admin/builder/spi-builder-workspace/.swiftpm/xcode
SwiftDriverJobDiscovery normal arm64 Compiling NativeActionLifecycleTests.swift, NativeFrameProjectionTests.swift, NodeBridgeTests.swift, PhysicsReconciliationContractTests.swift, RendererNumericBoundaryTests.swift, RendererProxyLifetimeTests.swift (in target 'SpineTests' from project 'Spine')
SwiftCompile normal arm64 Compiling\ SkinsModelTests.swift,\ SlotsModelTests.swift,\ SpineModelTests.swift,\ SkinTests.swift,\ CompositionAtomicityTests.swift,\ CompositionEventTests.swift /Users/admin/builder/spi-builder-workspace/Tests/SpineTests/Model/SkinsModelTests.swift /Users/admin/builder/spi-builder-workspace/Tests/SpineTests/Model/SlotsModelTests.swift /Users/admin/builder/spi-builder-workspace/Tests/SpineTests/Model/SpineModelTests.swift /Users/admin/builder/spi-builder-workspace/Tests/SpineTests/SkinTests.swift /Users/admin/builder/spi-builder-workspace/Tests/SpineTests/Skins/CompositionAtomicityTests.swift /Users/admin/builder/spi-builder-workspace/Tests/SpineTests/Skins/CompositionEventTests.swift (in target 'SpineTests' from project 'Spine')
SwiftCompile normal arm64 /Users/admin/builder/spi-builder-workspace/Tests/SpineTests/Model/SkinsModelTests.swift (in target 'SpineTests' from project 'Spine')
cd /Users/admin/builder/spi-builder-workspace/.swiftpm/xcode
SwiftCompile normal arm64 /Users/admin/builder/spi-builder-workspace/Tests/SpineTests/Model/SlotsModelTests.swift (in target 'SpineTests' from project 'Spine')
cd /Users/admin/builder/spi-builder-workspace/.swiftpm/xcode
SwiftCompile normal arm64 /Users/admin/builder/spi-builder-workspace/Tests/SpineTests/Model/SpineModelTests.swift (in target 'SpineTests' from project 'Spine')
cd /Users/admin/builder/spi-builder-workspace/.swiftpm/xcode
SwiftCompile normal arm64 /Users/admin/builder/spi-builder-workspace/Tests/SpineTests/SkinTests.swift (in target 'SpineTests' from project 'Spine')
cd /Users/admin/builder/spi-builder-workspace/.swiftpm/xcode
SwiftCompile normal arm64 /Users/admin/builder/spi-builder-workspace/Tests/SpineTests/Skins/CompositionAtomicityTests.swift (in target 'SpineTests' from project 'Spine')
cd /Users/admin/builder/spi-builder-workspace/.swiftpm/xcode
SwiftCompile normal arm64 /Users/admin/builder/spi-builder-workspace/Tests/SpineTests/Skins/CompositionEventTests.swift (in target 'SpineTests' from project 'Spine')
cd /Users/admin/builder/spi-builder-workspace/.swiftpm/xcode
SwiftDriverJobDiscovery normal arm64 Compiling RepeatTailDiagnosticTests.swift, ResourceLifetimeTests.swift, SetupOracleExportTests.swift, SetupSmokeTests.swift, SkinningTests.swift, SlotStateTests.swift (in target 'SpineTests' from project 'Spine')
SwiftDriverJobDiscovery normal arm64 Compiling FrameContextTests.swift, GPUSetupTests.swift, GeometryValidationTests.swift, LinkedMeshTests.swift, MeshAssetTestSupport.swift, MeshTestSupport.swift, MixedSceneTests.swift (in target 'SpineTests' from project 'Spine')
SwiftDriverJobDiscovery normal arm64 Compiling ActionConflictTests.swift, ActionLifecycleTests.swift, AnimationOracleExportTests.swift, AnimationPlaybackTests.swift, AttachmentInteropTests.swift, BenchmarkReferenceExportTests.swift, Decoder41Tests.swift (in target 'SpineTests' from project 'Spine')
SwiftDriverJobDiscovery normal arm64 Emitting module for SpineTests (in target 'SpineTests' from project 'Spine')
SwiftDriver\ Compilation\ Requirements SpineTests normal arm64 com.apple.xcode.tools.swift.compiler (in target 'SpineTests' from project 'Spine')
cd /Users/admin/builder/spi-builder-workspace/.swiftpm/xcode
builtin-Swift-Compilation-Requirements -- /Applications/Xcode-16.3.0.app/Contents/Developer/Toolchains/XcodeDefault.xctoolchain/usr/bin/swiftc -module-name SpineTests -Onone -enforce-exclusivity\=checked @/Users/admin/builder/spi-builder-workspace/.derivedData/Build/Intermediates.noindex/Spine.build/Debug-xros/SpineTests.build/Objects-normal/arm64/SpineTests.SwiftFileList -DSWIFT_PACKAGE -DDEBUG -stats-output-dir .stats -strict-concurrency\=complete -enable-upcoming-feature StrictConcurrency -enable-upcoming-feature DisableOutwardActorInference -enable-upcoming-feature GlobalActorIsolatedTypesUsability -enable-upcoming-feature InferSendableFromCaptures -plugin-path /Applications/Xcode-16.3.0.app/Contents/Developer/Toolchains/XcodeDefault.xctoolchain/usr/lib/swift/host/plugins/testing -enable-experimental-feature DebugDescriptionMacro -sdk /Applications/Xcode-16.3.0.app/Contents/Developer/Platforms/XROS.platform/Developer/SDKs/XROS2.4.sdk -target arm64-apple-xros1.0 -g -module-cache-path /Users/admin/builder/spi-builder-workspace/.derivedData/ModuleCache.noindex -Xfrontend -serialize-debugging-options -profile-coverage-mapping -profile-generate -enable-testing -index-store-path /Users/admin/builder/spi-builder-workspace/.derivedData/Index.noindex/DataStore -swift-version 5 -I /Users/admin/builder/spi-builder-workspace/.derivedData/Build/Products/Debug-xros -I /Applications/Xcode-16.3.0.app/Contents/Developer/Platforms/XROS.platform/Developer/usr/lib -F /Users/admin/builder/spi-builder-workspace/.derivedData/Build/Products/Debug-xros/PackageFrameworks -F /Users/admin/builder/spi-builder-workspace/.derivedData/Build/Products/Debug-xros -F /Applications/Xcode-16.3.0.app/Contents/Developer/Platforms/XROS.platform/Developer/Library/Frameworks -F /Applications/Xcode-16.3.0.app/Contents/Developer/Platforms/XROS.platform/Developer/SDKs/XROS2.4.sdk/Developer/Library/Frameworks -c -j10 -enable-batch-mode -incremental -Xcc -ivfsstatcache -Xcc /Users/admin/builder/spi-builder-workspace/.derivedData/SDKStatCaches.noindex/xros2.4-22O233-407b76dbb837030756cbe1ab3f0b01b6.sdkstatcache -output-file-map /Users/admin/builder/spi-builder-workspace/.derivedData/Build/Intermediates.noindex/Spine.build/Debug-xros/SpineTests.build/Objects-normal/arm64/SpineTests-OutputFileMap.json -use-frontend-parseable-output -save-temps -no-color-diagnostics -serialize-diagnostics -emit-dependencies -emit-module -emit-module-path /Users/admin/builder/spi-builder-workspace/.derivedData/Build/Intermediates.noindex/Spine.build/Debug-xros/SpineTests.build/Objects-normal/arm64/SpineTests.swiftmodule -validate-clang-modules-once -clang-build-session-file /Users/admin/builder/spi-builder-workspace/.derivedData/ModuleCache.noindex/Session.modulevalidation -emit-const-values -Xfrontend -const-gather-protocols-file -Xfrontend /Users/admin/builder/spi-builder-workspace/.derivedData/Build/Intermediates.noindex/Spine.build/Debug-xros/SpineTests.build/Objects-normal/arm64/SpineTests_const_extract_protocols.json -Xcc -I/Users/admin/builder/spi-builder-workspace/.derivedData/Build/Products/Debug-xros/include -Xcc -I/Users/admin/builder/spi-builder-workspace/.derivedData/Build/Intermediates.noindex/Spine.build/Debug-xros/SpineTests.build/DerivedSources-normal/arm64 -Xcc -I/Users/admin/builder/spi-builder-workspace/.derivedData/Build/Intermediates.noindex/Spine.build/Debug-xros/SpineTests.build/DerivedSources/arm64 -Xcc -I/Users/admin/builder/spi-builder-workspace/.derivedData/Build/Intermediates.noindex/Spine.build/Debug-xros/SpineTests.build/DerivedSources -Xcc -DSWIFT_PACKAGE -Xcc -DDEBUG\=1 -working-directory /Users/admin/builder/spi-builder-workspace/.swiftpm/xcode -experimental-emit-module-separately -disable-cmo
Copy /Users/admin/builder/spi-builder-workspace/.derivedData/Build/Products/Debug-xros/SpineTests.swiftmodule/arm64-apple-xros.swiftdoc /Users/admin/builder/spi-builder-workspace/.derivedData/Build/Intermediates.noindex/Spine.build/Debug-xros/SpineTests.build/Objects-normal/arm64/SpineTests.swiftdoc (in target 'SpineTests' from project 'Spine')
cd /Users/admin/builder/spi-builder-workspace
builtin-copy -exclude .DS_Store -exclude CVS -exclude .svn -exclude .git -exclude .hg -resolve-src-symlinks -rename /Users/admin/builder/spi-builder-workspace/.derivedData/Build/Intermediates.noindex/Spine.build/Debug-xros/SpineTests.build/Objects-normal/arm64/SpineTests.swiftdoc /Users/admin/builder/spi-builder-workspace/.derivedData/Build/Products/Debug-xros/SpineTests.swiftmodule/arm64-apple-xros.swiftdoc
Copy /Users/admin/builder/spi-builder-workspace/.derivedData/Build/Products/Debug-xros/SpineTests.swiftmodule/arm64-apple-xros.swiftmodule /Users/admin/builder/spi-builder-workspace/.derivedData/Build/Intermediates.noindex/Spine.build/Debug-xros/SpineTests.build/Objects-normal/arm64/SpineTests.swiftmodule (in target 'SpineTests' from project 'Spine')
cd /Users/admin/builder/spi-builder-workspace
builtin-copy -exclude .DS_Store -exclude CVS -exclude .svn -exclude .git -exclude .hg -resolve-src-symlinks -rename /Users/admin/builder/spi-builder-workspace/.derivedData/Build/Intermediates.noindex/Spine.build/Debug-xros/SpineTests.build/Objects-normal/arm64/SpineTests.swiftmodule /Users/admin/builder/spi-builder-workspace/.derivedData/Build/Products/Debug-xros/SpineTests.swiftmodule/arm64-apple-xros.swiftmodule
Copy /Users/admin/builder/spi-builder-workspace/.derivedData/Build/Products/Debug-xros/SpineTests.swiftmodule/arm64-apple-xros.abi.json /Users/admin/builder/spi-builder-workspace/.derivedData/Build/Intermediates.noindex/Spine.build/Debug-xros/SpineTests.build/Objects-normal/arm64/SpineTests.abi.json (in target 'SpineTests' from project 'Spine')
cd /Users/admin/builder/spi-builder-workspace
builtin-copy -exclude .DS_Store -exclude CVS -exclude .svn -exclude .git -exclude .hg -resolve-src-symlinks -rename /Users/admin/builder/spi-builder-workspace/.derivedData/Build/Intermediates.noindex/Spine.build/Debug-xros/SpineTests.build/Objects-normal/arm64/SpineTests.abi.json /Users/admin/builder/spi-builder-workspace/.derivedData/Build/Products/Debug-xros/SpineTests.swiftmodule/arm64-apple-xros.abi.json
Copy /Users/admin/builder/spi-builder-workspace/.derivedData/Build/Products/Debug-xros/SpineTests.swiftmodule/Project/arm64-apple-xros.swiftsourceinfo /Users/admin/builder/spi-builder-workspace/.derivedData/Build/Intermediates.noindex/Spine.build/Debug-xros/SpineTests.build/Objects-normal/arm64/SpineTests.swiftsourceinfo (in target 'SpineTests' from project 'Spine')
cd /Users/admin/builder/spi-builder-workspace
builtin-copy -exclude .DS_Store -exclude CVS -exclude .svn -exclude .git -exclude .hg -resolve-src-symlinks -rename /Users/admin/builder/spi-builder-workspace/.derivedData/Build/Intermediates.noindex/Spine.build/Debug-xros/SpineTests.build/Objects-normal/arm64/SpineTests.swiftsourceinfo /Users/admin/builder/spi-builder-workspace/.derivedData/Build/Products/Debug-xros/SpineTests.swiftmodule/Project/arm64-apple-xros.swiftsourceinfo
SwiftDriverJobDiscovery normal arm64 Compiling CompositionFrameTests.swift, CompositionLifetimeTests.swift, CompositionMixedBaseTests.swift, CompositionNativePlaybackTests.swift, CompositionPlaybackTests.swift, CompositionPublicAPITests.swift (in target 'SpineTests' from project 'Spine')
SwiftDriverJobDiscovery normal arm64 Compiling CompositionResolverTests.swift, CompositionTransactionEdgeTests.swift, CompositionTransitionTests.swift, CompositionValidationEdgeTests.swift, CompositionValidationTests.swift, SkinDescriptionTests.swift (in target 'SpineTests' from project 'Spine')
SwiftDriverJobDiscovery normal arm64 Compiling StaticPhysicsLongRunTests.swift, StaticPhysicsPrecisionTests.swift, TextureProviderTests.swift, TimelineTests.swift, ValidatedGeometryTests.swift, BezierCurveModelTests.swift (in target 'SpineTests' from project 'Spine')
SwiftDriverJobDiscovery normal arm64 Compiling SkinsModelTests.swift, SlotsModelTests.swift, SpineModelTests.swift, SkinTests.swift, CompositionAtomicityTests.swift, CompositionEventTests.swift (in target 'SpineTests' from project 'Spine')
SwiftDriverJobDiscovery normal arm64 Compiling resource_bundle_accessor.swift, CGPathExtensionTests.swift, ColorTests.swift, LegacyConstructionTests.swift, UnifiedDecoderTests.swift, SKColorExtensionsTests.swift, ActionCancellationTests.swift (in target 'SpineTests' from project 'Spine')
SwiftDriverJobDiscovery normal arm64 Compiling BonesModelTests.swift, CurveModelTests.swift, EventModelTests.swift, KeyframeModelTests.swift, KeyframesTests.swift, SkeletonModelTests.swift (in target 'SpineTests' from project 'Spine')
SwiftDriver\ Compilation SpineTests normal arm64 com.apple.xcode.tools.swift.compiler (in target 'SpineTests' from project 'Spine')
cd /Users/admin/builder/spi-builder-workspace/.swiftpm/xcode
builtin-Swift-Compilation -- /Applications/Xcode-16.3.0.app/Contents/Developer/Toolchains/XcodeDefault.xctoolchain/usr/bin/swiftc -module-name SpineTests -Onone -enforce-exclusivity\=checked @/Users/admin/builder/spi-builder-workspace/.derivedData/Build/Intermediates.noindex/Spine.build/Debug-xros/SpineTests.build/Objects-normal/arm64/SpineTests.SwiftFileList -DSWIFT_PACKAGE -DDEBUG -stats-output-dir .stats -strict-concurrency\=complete -enable-upcoming-feature StrictConcurrency -enable-upcoming-feature DisableOutwardActorInference -enable-upcoming-feature GlobalActorIsolatedTypesUsability -enable-upcoming-feature InferSendableFromCaptures -plugin-path /Applications/Xcode-16.3.0.app/Contents/Developer/Toolchains/XcodeDefault.xctoolchain/usr/lib/swift/host/plugins/testing -enable-experimental-feature DebugDescriptionMacro -sdk /Applications/Xcode-16.3.0.app/Contents/Developer/Platforms/XROS.platform/Developer/SDKs/XROS2.4.sdk -target arm64-apple-xros1.0 -g -module-cache-path /Users/admin/builder/spi-builder-workspace/.derivedData/ModuleCache.noindex -Xfrontend -serialize-debugging-options -profile-coverage-mapping -profile-generate -enable-testing -index-store-path /Users/admin/builder/spi-builder-workspace/.derivedData/Index.noindex/DataStore -swift-version 5 -I /Users/admin/builder/spi-builder-workspace/.derivedData/Build/Products/Debug-xros -I /Applications/Xcode-16.3.0.app/Contents/Developer/Platforms/XROS.platform/Developer/usr/lib -F /Users/admin/builder/spi-builder-workspace/.derivedData/Build/Products/Debug-xros/PackageFrameworks -F /Users/admin/builder/spi-builder-workspace/.derivedData/Build/Products/Debug-xros -F /Applications/Xcode-16.3.0.app/Contents/Developer/Platforms/XROS.platform/Developer/Library/Frameworks -F /Applications/Xcode-16.3.0.app/Contents/Developer/Platforms/XROS.platform/Developer/SDKs/XROS2.4.sdk/Developer/Library/Frameworks -c -j10 -enable-batch-mode -incremental -Xcc -ivfsstatcache -Xcc /Users/admin/builder/spi-builder-workspace/.derivedData/SDKStatCaches.noindex/xros2.4-22O233-407b76dbb837030756cbe1ab3f0b01b6.sdkstatcache -output-file-map /Users/admin/builder/spi-builder-workspace/.derivedData/Build/Intermediates.noindex/Spine.build/Debug-xros/SpineTests.build/Objects-normal/arm64/SpineTests-OutputFileMap.json -use-frontend-parseable-output -save-temps -no-color-diagnostics -serialize-diagnostics -emit-dependencies -emit-module -emit-module-path /Users/admin/builder/spi-builder-workspace/.derivedData/Build/Intermediates.noindex/Spine.build/Debug-xros/SpineTests.build/Objects-normal/arm64/SpineTests.swiftmodule -validate-clang-modules-once -clang-build-session-file /Users/admin/builder/spi-builder-workspace/.derivedData/ModuleCache.noindex/Session.modulevalidation -emit-const-values -Xfrontend -const-gather-protocols-file -Xfrontend /Users/admin/builder/spi-builder-workspace/.derivedData/Build/Intermediates.noindex/Spine.build/Debug-xros/SpineTests.build/Objects-normal/arm64/SpineTests_const_extract_protocols.json -Xcc -I/Users/admin/builder/spi-builder-workspace/.derivedData/Build/Products/Debug-xros/include -Xcc -I/Users/admin/builder/spi-builder-workspace/.derivedData/Build/Intermediates.noindex/Spine.build/Debug-xros/SpineTests.build/DerivedSources-normal/arm64 -Xcc -I/Users/admin/builder/spi-builder-workspace/.derivedData/Build/Intermediates.noindex/Spine.build/Debug-xros/SpineTests.build/DerivedSources/arm64 -Xcc -I/Users/admin/builder/spi-builder-workspace/.derivedData/Build/Intermediates.noindex/Spine.build/Debug-xros/SpineTests.build/DerivedSources -Xcc -DSWIFT_PACKAGE -Xcc -DDEBUG\=1 -working-directory /Users/admin/builder/spi-builder-workspace/.swiftpm/xcode -experimental-emit-module-separately -disable-cmo
** BUILD FAILED **
The following build commands failed:
SwiftCompile normal arm64 /Users/admin/builder/spi-builder-workspace/Sources/Spine/Mesh/Compilation/MeshClip.swift (in target 'Spine' from project 'Spine')
SwiftCompile normal arm64 Compiling\ MeshClip.swift,\ MeshClipCompiler.swift,\ MeshDeform.swift,\ MeshGeometry.swift,\ MeshRendererResources.swift,\ MeshSetupRenderer.swift,\ MeshTriangleGroups.swift,\ MeshTriangleNode.swift,\ SpineMeshTextureProvider.swift /Users/admin/builder/spi-builder-workspace/Sources/Spine/Mesh/Compilation/MeshClip.swift /Users/admin/builder/spi-builder-workspace/Sources/Spine/Mesh/Compilation/MeshClipCompiler.swift /Users/admin/builder/spi-builder-workspace/Sources/Spine/Mesh/Compilation/MeshDeform.swift /Users/admin/builder/spi-builder-workspace/Sources/Spine/Mesh/Geometry/MeshGeometry.swift /Users/admin/builder/spi-builder-workspace/Sources/Spine/Mesh/Renderer/MeshRendererResources.swift /Users/admin/builder/spi-builder-workspace/Sources/Spine/Mesh/Renderer/MeshSetupRenderer.swift /Users/admin/builder/spi-builder-workspace/Sources/Spine/Mesh/Renderer/MeshTriangleGroups.swift /Users/admin/builder/spi-builder-workspace/Sources/Spine/Mesh/Renderer/MeshTriangleNode.swift /Users/admin/builder/spi-builder-workspace/Sources/Spine/Mesh/Resources/SpineMeshTextureProvider.swift (in target 'Spine' from project 'Spine')
Building workspace spi-builder-workspace with scheme Spine
(3 failures)
Command line invocation:
/Applications/Xcode-16.3.0.app/Contents/Developer/usr/bin/xcodebuild -IDEClonedSourcePackagesDirPathOverride=/Users/admin/builder/spi-builder-workspace/.dependencies -resolvePackageDependencies
Resolve Package Graph
Resolved source packages:
Spine: /Users/admin/builder/spi-builder-workspace
resolved source packages: Spine
{
"dependencies" : [
],
"manifest_display_name" : "Spine",
"name" : "Spine",
"path" : "/Users/admin/builder/spi-builder-workspace",
"platforms" : [
{
"name" : "ios",
"version" : "13.0"
},
{
"name" : "macos",
"version" : "10.15"
},
{
"name" : "tvos",
"version" : "13.0"
},
{
"name" : "watchos",
"version" : "6.0"
}
],
"products" : [
{
"name" : "Spine",
"targets" : [
"Spine"
],
"type" : {
"library" : [
"automatic"
]
}
}
],
"targets" : [
{
"c99name" : "SpineTests",
"module_type" : "SwiftTarget",
"name" : "SpineTests",
"path" : "Tests/SpineTests",
"resources" : [
{
"path" : "/Users/admin/builder/spi-builder-workspace/Tests/SpineTests/Resources/Compatibility/legacy-4.1.json",
"rule" : {
"process" : {
}
}
},
{
"path" : "/Users/admin/builder/spi-builder-workspace/Tests/SpineTests/Resources/Mesh41",
"rule" : {
"copy" : {
}
}
},
{
"path" : "/Users/admin/builder/spi-builder-workspace/Tests/SpineTests/Resources/bones.json",
"rule" : {
"process" : {
}
}
},
{
"path" : "/Users/admin/builder/spi-builder-workspace/Tests/SpineTests/Resources/drawOrderKeyframes.json",
"rule" : {
"process" : {
}
}
},
{
"path" : "/Users/admin/builder/spi-builder-workspace/Tests/SpineTests/Resources/eventKeyframes.json",
"rule" : {
"process" : {
}
}
},
{
"path" : "/Users/admin/builder/spi-builder-workspace/Tests/SpineTests/Resources/events.json",
"rule" : {
"process" : {
}
}
},
{
"path" : "/Users/admin/builder/spi-builder-workspace/Tests/SpineTests/Resources/rotateBoneKeyframes.json",
"rule" : {
"process" : {
}
}
},
{
"path" : "/Users/admin/builder/spi-builder-workspace/Tests/SpineTests/Resources/skeleton.json",
"rule" : {
"process" : {
}
}
},
{
"path" : "/Users/admin/builder/spi-builder-workspace/Tests/SpineTests/Resources/skins.json",
"rule" : {
"process" : {
}
}
},
{
"path" : "/Users/admin/builder/spi-builder-workspace/Tests/SpineTests/Resources/slotAttachmentKeyframes.json",
"rule" : {
"process" : {
}
}
},
{
"path" : "/Users/admin/builder/spi-builder-workspace/Tests/SpineTests/Resources/slotColorKeyframes.json",
"rule" : {
"process" : {
}
}
},
{
"path" : "/Users/admin/builder/spi-builder-workspace/Tests/SpineTests/Resources/slots.json",
"rule" : {
"process" : {
}
}
},
{
"path" : "/Users/admin/builder/spi-builder-workspace/Tests/SpineTests/Resources/spineboy-ess.json",
"rule" : {
"process" : {
}
}
},
{
"path" : "/Users/admin/builder/spi-builder-workspace/Tests/SpineTests/Resources/translateBoneKeyframes.json",
"rule" : {
"process" : {
}
}
}
],
"sources" : [
"CGPathExtensionTests.swift",
"ColorTests.swift",
"Compatibility/LegacyConstructionTests.swift",
"Compatibility/UnifiedDecoderTests.swift",
"Extensions/SKColorExtensionsTests.swift",
"Mesh/ActionCancellationTests.swift",
"Mesh/ActionConflictTests.swift",
"Mesh/ActionLifecycleTests.swift",
"Mesh/AnimationOracleExportTests.swift",
"Mesh/AnimationPlaybackTests.swift",
"Mesh/AttachmentInteropTests.swift",
"Mesh/BenchmarkReferenceExportTests.swift",
"Mesh/Decoder41Tests.swift",
"Mesh/FrameContextTests.swift",
"Mesh/GPUSetupTests.swift",
"Mesh/GeometryValidationTests.swift",
"Mesh/LinkedMeshTests.swift",
"Mesh/MeshAssetTestSupport.swift",
"Mesh/MeshTestSupport.swift",
"Mesh/MixedSceneTests.swift",
"Mesh/NativeActionLifecycleTests.swift",
"Mesh/NativeFrameProjectionTests.swift",
"Mesh/NodeBridgeTests.swift",
"Mesh/PhysicsReconciliationContractTests.swift",
"Mesh/RendererNumericBoundaryTests.swift",
"Mesh/RendererProxyLifetimeTests.swift",
"Mesh/RepeatTailDiagnosticTests.swift",
"Mesh/ResourceLifetimeTests.swift",
"Mesh/SetupOracleExportTests.swift",
"Mesh/SetupSmokeTests.swift",
"Mesh/SkinningTests.swift",
"Mesh/SlotStateTests.swift",
"Mesh/StaticPhysicsLongRunTests.swift",
"Mesh/StaticPhysicsPrecisionTests.swift",
"Mesh/TextureProviderTests.swift",
"Mesh/TimelineTests.swift",
"Mesh/ValidatedGeometryTests.swift",
"Model/BezierCurveModelTests.swift",
"Model/BonesModelTests.swift",
"Model/CurveModelTests.swift",
"Model/EventModelTests.swift",
"Model/KeyframeModelTests.swift",
"Model/KeyframesTests.swift",
"Model/SkeletonModelTests.swift",
"Model/SkinsModelTests.swift",
"Model/SlotsModelTests.swift",
"Model/SpineModelTests.swift",
"SkinTests.swift",
"Skins/CompositionAtomicityTests.swift",
"Skins/CompositionEventTests.swift",
"Skins/CompositionFrameTests.swift",
"Skins/CompositionLifetimeTests.swift",
"Skins/CompositionMixedBaseTests.swift",
"Skins/CompositionNativePlaybackTests.swift",
"Skins/CompositionPlaybackTests.swift",
"Skins/CompositionPublicAPITests.swift",
"Skins/CompositionResolverTests.swift",
"Skins/CompositionTransactionEdgeTests.swift",
"Skins/CompositionTransitionTests.swift",
"Skins/CompositionValidationEdgeTests.swift",
"Skins/CompositionValidationTests.swift",
"Skins/SkinDescriptionTests.swift"
],
"target_dependencies" : [
"Spine"
],
"type" : "test"
},
{
"c99name" : "Spine",
"module_type" : "SwiftTarget",
"name" : "Spine",
"path" : "Sources/Spine",
"product_memberships" : [
"Spine"
],
"sources" : [
"Animation.swift",
"Attachment.swift",
"Bone.swift",
"Extensions Public/Skeleton+Animations.swift",
"Extensions Public/Skeleton+Atlases.swift",
"Extensions Public/Skeleton+Nodes.swift",
"Extensions Public/Skeleton+Physics.swift",
"Extensions Public/Skeleton+Points.swift",
"Extensions Public/Skeleton+Skins.swift",
"Extensions Public/SpineModel+Atlases.swift",
"Extensions/CGPath+Extensions.swift",
"Extensions/Collection+Extensions.swift",
"Extensions/Float+Extensions.swift",
"Extensions/RangeReplaceableCollection+Extensions.swift",
"Extensions/SKAction+Extensions.swift",
"Extensions/SKColor+Extensions.swift",
"Extensions/SKNode+Extensions.swift",
"Mesh/Compilation/CompiledAttachment.swift",
"Mesh/Compilation/MeshAssetCompiler.swift",
"Mesh/Compilation/MeshClip.swift",
"Mesh/Compilation/MeshClipCompiler.swift",
"Mesh/Compilation/MeshDeform.swift",
"Mesh/Geometry/MeshGeometry.swift",
"Mesh/Renderer/MeshRendererResources.swift",
"Mesh/Renderer/MeshSetupRenderer.swift",
"Mesh/Renderer/MeshTriangleGroups.swift",
"Mesh/Renderer/MeshTriangleNode.swift",
"Mesh/Resources/SpineMeshTextureProvider.swift",
"Mesh/Runtime/MeshPhysicsReconciliation.swift",
"Mesh/Runtime/MeshRuntime.swift",
"Mesh/Runtime/MeshSlotState.swift",
"Mesh/Runtime/SpineMeshFrameContext.swift",
"Mesh/Runtime/SpineRuntimeError.swift",
"Mesh/Skeleton+Meshes.swift",
"Mesh/SpineMeshAsset.swift",
"Model/Animation/AnimationModel.swift",
"Model/Animation/AttachmentTimelineModel.swift",
"Model/Animation/BoneAnimationModel.swift",
"Model/Animation/DeformSkinAnimationModel.swift",
"Model/Animation/IKConstraintAnimationModel.swift",
"Model/Animation/Keyframes/Bone/BoneKeyframeRotateModel.swift",
"Model/Animation/Keyframes/Bone/BoneKeyframeScaleModel.swift",
"Model/Animation/Keyframes/Bone/BoneKeyframeShearModel.swift",
"Model/Animation/Keyframes/Bone/BoneKeyframeTranslateModel.swift",
"Model/Animation/Keyframes/Constraint/IKConstraintKeyframeModel.swift",
"Model/Animation/Keyframes/Constraint/TransformConstraintKeyframeModel.swift",
"Model/Animation/Keyframes/DeformKeyframeModel.swift",
"Model/Animation/Keyframes/DrawOrderKeyframeModel.swift",
"Model/Animation/Keyframes/EventKeyfarameModel.swift",
"Model/Animation/Keyframes/KeyframeModel.swift",
"Model/Animation/Keyframes/Slot/SlotKeyframeAttachmentModel.swift",
"Model/Animation/Keyframes/Slot/SlotKeyframeColorDarkModel.swift",
"Model/Animation/Keyframes/Slot/SlotKeyframeColorModel.swift",
"Model/Animation/SlotAnimationModel.swift",
"Model/Animation/SlotNumericKeyframeModel.swift",
"Model/Animation/TransformConstraintAnimationModel.swift",
"Model/BoneModel.swift",
"Model/Constraints/IKConstraintModel.swift",
"Model/Constraints/PathConstraintModel.swift",
"Model/Constraints/TransformConstraintModel.swift",
"Model/EventModel.swift",
"Model/Protocols/SpineDecodableArray.swift",
"Model/Protocols/SpineDecodableDictionary.swift",
"Model/SkeletonModel.swift",
"Model/Skin/Attachments/AttachmentModel.swift",
"Model/Skin/Attachments/BoundingBoxAttachmentModel.swift",
"Model/Skin/Attachments/ClippingAttachmentModel.swift",
"Model/Skin/Attachments/LinkedMeshAttachmentModel.swift",
"Model/Skin/Attachments/MeshAttachmentModel.swift",
"Model/Skin/Attachments/PathAttachmentModel.swift",
"Model/Skin/Attachments/PointAttachmentModel.swift",
"Model/Skin/Attachments/RegionAttachementModel.swift",
"Model/Skin/SkinModel.swift",
"Model/SlotModel.swift",
"Model/SpineFeatureIssue.swift",
"Model/SpineModel.swift",
"Model/Types/BezierCurveModel.swift",
"Model/Types/BezierCurveSolver.swift",
"Model/Types/ColorModel.swift",
"Model/Types/Constants.swift",
"Model/Types/CurveModel.swift",
"Model/Types/SpineNameKey.swift",
"Protocols/Defaultable.swift",
"Protocols/Prefixable.swift",
"Skeleton.swift",
"Skin.swift",
"Skins/SkinCompositionResolver.swift",
"Skins/SpineSkinComposition.swift",
"Skins/SpineSkinDescription.swift",
"Slot.swift",
"SpineError.swift"
],
"type" : "library"
}
],
"tools_version" : "5.5"
}
{
"workspace" : {
"name" : "spi-builder-workspace",
"schemes" : [
"Spine"
]
}
}
Running build ...
env DEVELOPER_DIR=/Applications/Xcode-16.3.0.app xcrun xcodebuild -IDEClonedSourcePackagesDirPathOverride=$PWD/.dependencies -skipMacroValidation -skipPackagePluginValidation -derivedDataPath $PWD/.derivedData build -scheme Spine -destination generic/platform=xrOS
Command line invocation:
/Applications/Xcode-16.3.0.app/Contents/Developer/usr/bin/xcodebuild -IDEClonedSourcePackagesDirPathOverride=/Users/admin/builder/spi-builder-workspace/.dependencies -skipMacroValidation -skipPackagePluginValidation -derivedDataPath /Users/admin/builder/spi-builder-workspace/.derivedData build -scheme Spine -destination generic/platform=xrOS
Resolve Package Graph
Resolved source packages:
Spine: /Users/admin/builder/spi-builder-workspace
ComputePackagePrebuildTargetDependencyGraph
Prepare packages
CreateBuildRequest
SendProjectDescription
CreateBuildOperation
ComputeTargetDependencyGraph
note: Building targets in dependency order
note: Target dependency graph (4 targets)
Target 'SpineTests' in project 'Spine'
➜ Explicit dependency on target 'Spine_SpineTests' in project 'Spine'
➜ Explicit dependency on target 'Spine' in project 'Spine'
Target 'Spine' in project 'Spine'
➜ Explicit dependency on target 'Spine' in project 'Spine'
Target 'Spine' in project 'Spine' (no dependencies)
Target 'Spine_SpineTests' in project 'Spine' (no dependencies)
GatherProvisioningInputs
CreateBuildDescription
ExecuteExternalTool /Applications/Xcode-16.3.0.app/Contents/Developer/Toolchains/XcodeDefault.xctoolchain/usr/bin/clang -v -E -dM -isysroot /Applications/Xcode-16.3.0.app/Contents/Developer/Platforms/XROS.platform/Developer/SDKs/XROS2.4.sdk -x c -c /dev/null
ExecuteExternalTool /Applications/Xcode-16.3.0.app/Contents/Developer/Toolchains/XcodeDefault.xctoolchain/usr/bin/swiftc --version
ExecuteExternalTool /Applications/Xcode-16.3.0.app/Contents/Developer/Toolchains/XcodeDefault.xctoolchain/usr/bin/ld -version_details
ReadFileContents /Applications/Xcode-16.3.0.app/Contents/Developer/Toolchains/XcodeDefault.xctoolchain/usr/share/docc/features.json
Build description signature: 0e69d8b37547ec2ea7576079f84706ff
Build description path: /Users/admin/builder/spi-builder-workspace/.derivedData/Build/Intermediates.noindex/XCBuildData/0e69d8b37547ec2ea7576079f84706ff.xcbuilddata
ClangStatCache /Applications/Xcode-16.3.0.app/Contents/Developer/Toolchains/XcodeDefault.xctoolchain/usr/bin/clang-stat-cache /Applications/Xcode-16.3.0.app/Contents/Developer/Platforms/XROS.platform/Developer/SDKs/XROS2.4.sdk /Users/admin/builder/spi-builder-workspace/.derivedData/SDKStatCaches.noindex/xros2.4-22O233-407b76dbb837030756cbe1ab3f0b01b6.sdkstatcache
cd /Users/admin/builder/spi-builder-workspace/.swiftpm/xcode
/Applications/Xcode-16.3.0.app/Contents/Developer/Toolchains/XcodeDefault.xctoolchain/usr/bin/clang-stat-cache /Applications/Xcode-16.3.0.app/Contents/Developer/Platforms/XROS.platform/Developer/SDKs/XROS2.4.sdk -o /Users/admin/builder/spi-builder-workspace/.derivedData/SDKStatCaches.noindex/xros2.4-22O233-407b76dbb837030756cbe1ab3f0b01b6.sdkstatcache
ProcessInfoPlistFile /Users/admin/builder/spi-builder-workspace/.derivedData/Build/Products/Debug-xros/Spine_SpineTests.bundle/Info.plist /Users/admin/builder/spi-builder-workspace/.derivedData/Build/Intermediates.noindex/Spine.build/Debug-xros/Spine_SpineTests.build/empty-Spine_SpineTests.plist (in target 'Spine_SpineTests' from project 'Spine')
cd /Users/admin/builder/spi-builder-workspace
builtin-infoPlistUtility /Users/admin/builder/spi-builder-workspace/.derivedData/Build/Intermediates.noindex/Spine.build/Debug-xros/Spine_SpineTests.build/empty-Spine_SpineTests.plist -producttype com.apple.product-type.bundle -expandbuildsettings -format binary -platform xros -o /Users/admin/builder/spi-builder-workspace/.derivedData/Build/Products/Debug-xros/Spine_SpineTests.bundle/Info.plist
SwiftDriver Spine normal arm64 com.apple.xcode.tools.swift.compiler (in target 'Spine' from project 'Spine')
cd /Users/admin/builder/spi-builder-workspace/.swiftpm/xcode
builtin-SwiftDriver -- /Applications/Xcode-16.3.0.app/Contents/Developer/Toolchains/XcodeDefault.xctoolchain/usr/bin/swiftc -module-name Spine -Onone -enforce-exclusivity\=checked @/Users/admin/builder/spi-builder-workspace/.derivedData/Build/Intermediates.noindex/Spine.build/Debug-xros/Spine.build/Objects-normal/arm64/Spine.SwiftFileList -DSWIFT_PACKAGE -DDEBUG -DXcode -plugin-path /Applications/Xcode-16.3.0.app/Contents/Developer/Toolchains/XcodeDefault.xctoolchain/usr/lib/swift/host/plugins/testing -enable-experimental-feature DebugDescriptionMacro -sdk /Applications/Xcode-16.3.0.app/Contents/Developer/Platforms/XROS.platform/Developer/SDKs/XROS2.4.sdk -target arm64-apple-xros1.0 -g -module-cache-path /Users/admin/builder/spi-builder-workspace/.derivedData/ModuleCache.noindex -Xfrontend -serialize-debugging-options -profile-coverage-mapping -profile-generate -enable-testing -index-store-path /Users/admin/builder/spi-builder-workspace/.derivedData/Index.noindex/DataStore -swift-version 5 -I /Users/admin/builder/spi-builder-workspace/.derivedData/Build/Products/Debug-xros -I /Applications/Xcode-16.3.0.app/Contents/Developer/Platforms/XROS.platform/Developer/usr/lib -F /Users/admin/builder/spi-builder-workspace/.derivedData/Build/Products/Debug-xros -F /Applications/Xcode-16.3.0.app/Contents/Developer/Platforms/XROS.platform/Developer/Library/Frameworks -F /Applications/Xcode-16.3.0.app/Contents/Developer/Platforms/XROS.platform/Developer/SDKs/XROS2.4.sdk/Developer/Library/Frameworks -c -j10 -enable-batch-mode -incremental -Xcc -ivfsstatcache -Xcc /Users/admin/builder/spi-builder-workspace/.derivedData/SDKStatCaches.noindex/xros2.4-22O233-407b76dbb837030756cbe1ab3f0b01b6.sdkstatcache -output-file-map /Users/admin/builder/spi-builder-workspace/.derivedData/Build/Intermediates.noindex/Spine.build/Debug-xros/Spine.build/Objects-normal/arm64/Spine-OutputFileMap.json -use-frontend-parseable-output -save-temps -no-color-diagnostics -serialize-diagnostics -emit-dependencies -emit-module -emit-module-path /Users/admin/builder/spi-builder-workspace/.derivedData/Build/Intermediates.noindex/Spine.build/Debug-xros/Spine.build/Objects-normal/arm64/Spine.swiftmodule -validate-clang-modules-once -clang-build-session-file /Users/admin/builder/spi-builder-workspace/.derivedData/ModuleCache.noindex/Session.modulevalidation -Xcc -I/Users/admin/builder/spi-builder-workspace/.derivedData/Build/Intermediates.noindex/Spine.build/Debug-xros/Spine.build/swift-overrides.hmap -emit-const-values -Xfrontend -const-gather-protocols-file -Xfrontend /Users/admin/builder/spi-builder-workspace/.derivedData/Build/Intermediates.noindex/Spine.build/Debug-xros/Spine.build/Objects-normal/arm64/Spine_const_extract_protocols.json -Xcc -I/Users/admin/builder/spi-builder-workspace/.derivedData/Build/Products/Debug-xros/include -Xcc -I/Users/admin/builder/spi-builder-workspace/.derivedData/Build/Intermediates.noindex/Spine.build/Debug-xros/Spine.build/DerivedSources-normal/arm64 -Xcc -I/Users/admin/builder/spi-builder-workspace/.derivedData/Build/Intermediates.noindex/Spine.build/Debug-xros/Spine.build/DerivedSources/arm64 -Xcc -I/Users/admin/builder/spi-builder-workspace/.derivedData/Build/Intermediates.noindex/Spine.build/Debug-xros/Spine.build/DerivedSources -Xcc -DSWIFT_PACKAGE -Xcc -DDEBUG\=1 -emit-objc-header -emit-objc-header-path /Users/admin/builder/spi-builder-workspace/.derivedData/Build/Intermediates.noindex/Spine.build/Debug-xros/Spine.build/Objects-normal/arm64/Spine-Swift.h -working-directory /Users/admin/builder/spi-builder-workspace/.swiftpm/xcode -experimental-emit-module-separately -disable-cmo
SwiftCompile normal arm64 Compiling\ Animation.swift,\ Attachment.swift,\ Bone.swift,\ Skeleton+Animations.swift,\ Skeleton+Atlases.swift,\ Skeleton+Nodes.swift,\ Skeleton+Physics.swift,\ Skeleton+Points.swift,\ Skeleton+Skins.swift,\ SpineModel+Atlases.swift /Users/admin/builder/spi-builder-workspace/Sources/Spine/Animation.swift /Users/admin/builder/spi-builder-workspace/Sources/Spine/Attachment.swift /Users/admin/builder/spi-builder-workspace/Sources/Spine/Bone.swift /Users/admin/builder/spi-builder-workspace/Sources/Spine/Extensions\ Public/Skeleton+Animations.swift /Users/admin/builder/spi-builder-workspace/Sources/Spine/Extensions\ Public/Skeleton+Atlases.swift /Users/admin/builder/spi-builder-workspace/Sources/Spine/Extensions\ Public/Skeleton+Nodes.swift /Users/admin/builder/spi-builder-workspace/Sources/Spine/Extensions\ Public/Skeleton+Physics.swift /Users/admin/builder/spi-builder-workspace/Sources/Spine/Extensions\ Public/Skeleton+Points.swift /Users/admin/builder/spi-builder-workspace/Sources/Spine/Extensions\ Public/Skeleton+Skins.swift /Users/admin/builder/spi-builder-workspace/Sources/Spine/Extensions\ Public/SpineModel+Atlases.swift (in target 'Spine' from project 'Spine')
SwiftCompile normal arm64 /Users/admin/builder/spi-builder-workspace/Sources/Spine/Animation.swift (in target 'Spine' from project 'Spine')
cd /Users/admin/builder/spi-builder-workspace/.swiftpm/xcode
SwiftCompile normal arm64 /Users/admin/builder/spi-builder-workspace/Sources/Spine/Attachment.swift (in target 'Spine' from project 'Spine')
cd /Users/admin/builder/spi-builder-workspace/.swiftpm/xcode
SwiftCompile normal arm64 /Users/admin/builder/spi-builder-workspace/Sources/Spine/Bone.swift (in target 'Spine' from project 'Spine')
cd /Users/admin/builder/spi-builder-workspace/.swiftpm/xcode
SwiftCompile normal arm64 /Users/admin/builder/spi-builder-workspace/Sources/Spine/Extensions\ Public/Skeleton+Animations.swift (in target 'Spine' from project 'Spine')
cd /Users/admin/builder/spi-builder-workspace/.swiftpm/xcode
SwiftCompile normal arm64 /Users/admin/builder/spi-builder-workspace/Sources/Spine/Extensions\ Public/Skeleton+Atlases.swift (in target 'Spine' from project 'Spine')
cd /Users/admin/builder/spi-builder-workspace/.swiftpm/xcode
SwiftCompile normal arm64 /Users/admin/builder/spi-builder-workspace/Sources/Spine/Extensions\ Public/Skeleton+Nodes.swift (in target 'Spine' from project 'Spine')
cd /Users/admin/builder/spi-builder-workspace/.swiftpm/xcode
SwiftCompile normal arm64 /Users/admin/builder/spi-builder-workspace/Sources/Spine/Extensions\ Public/Skeleton+Physics.swift (in target 'Spine' from project 'Spine')
cd /Users/admin/builder/spi-builder-workspace/.swiftpm/xcode
SwiftCompile normal arm64 /Users/admin/builder/spi-builder-workspace/Sources/Spine/Extensions\ Public/Skeleton+Points.swift (in target 'Spine' from project 'Spine')
cd /Users/admin/builder/spi-builder-workspace/.swiftpm/xcode
SwiftCompile normal arm64 /Users/admin/builder/spi-builder-workspace/Sources/Spine/Extensions\ Public/Skeleton+Skins.swift (in target 'Spine' from project 'Spine')
cd /Users/admin/builder/spi-builder-workspace/.swiftpm/xcode
SwiftCompile normal arm64 /Users/admin/builder/spi-builder-workspace/Sources/Spine/Extensions\ Public/SpineModel+Atlases.swift (in target 'Spine' from project 'Spine')
cd /Users/admin/builder/spi-builder-workspace/.swiftpm/xcode
SwiftEmitModule normal arm64 Emitting\ module\ for\ Spine (in target 'Spine' from project 'Spine')
EmitSwiftModule normal arm64 (in target 'Spine' from project 'Spine')
cd /Users/admin/builder/spi-builder-workspace/.swiftpm/xcode
SwiftCompile normal arm64 Compiling\ DeformKeyframeModel.swift,\ DrawOrderKeyframeModel.swift,\ EventKeyfarameModel.swift,\ KeyframeModel.swift,\ SlotKeyframeAttachmentModel.swift,\ SlotKeyframeColorDarkModel.swift,\ SlotKeyframeColorModel.swift,\ SlotAnimationModel.swift,\ SlotNumericKeyframeModel.swift /Users/admin/builder/spi-builder-workspace/Sources/Spine/Model/Animation/Keyframes/DeformKeyframeModel.swift /Users/admin/builder/spi-builder-workspace/Sources/Spine/Model/Animation/Keyframes/DrawOrderKeyframeModel.swift /Users/admin/builder/spi-builder-workspace/Sources/Spine/Model/Animation/Keyframes/EventKeyfarameModel.swift /Users/admin/builder/spi-builder-workspace/Sources/Spine/Model/Animation/Keyframes/KeyframeModel.swift /Users/admin/builder/spi-builder-workspace/Sources/Spine/Model/Animation/Keyframes/Slot/SlotKeyframeAttachmentModel.swift /Users/admin/builder/spi-builder-workspace/Sources/Spine/Model/Animation/Keyframes/Slot/SlotKeyframeColorDarkModel.swift /Users/admin/builder/spi-builder-workspace/Sources/Spine/Model/Animation/Keyframes/Slot/SlotKeyframeColorModel.swift /Users/admin/builder/spi-builder-workspace/Sources/Spine/Model/Animation/SlotAnimationModel.swift /Users/admin/builder/spi-builder-workspace/Sources/Spine/Model/Animation/SlotNumericKeyframeModel.swift (in target 'Spine' from project 'Spine')
SwiftCompile normal arm64 /Users/admin/builder/spi-builder-workspace/Sources/Spine/Model/Animation/Keyframes/DeformKeyframeModel.swift (in target 'Spine' from project 'Spine')
cd /Users/admin/builder/spi-builder-workspace/.swiftpm/xcode
SwiftCompile normal arm64 /Users/admin/builder/spi-builder-workspace/Sources/Spine/Model/Animation/Keyframes/DrawOrderKeyframeModel.swift (in target 'Spine' from project 'Spine')
cd /Users/admin/builder/spi-builder-workspace/.swiftpm/xcode
SwiftCompile normal arm64 /Users/admin/builder/spi-builder-workspace/Sources/Spine/Model/Animation/Keyframes/EventKeyfarameModel.swift (in target 'Spine' from project 'Spine')
cd /Users/admin/builder/spi-builder-workspace/.swiftpm/xcode
SwiftCompile normal arm64 /Users/admin/builder/spi-builder-workspace/Sources/Spine/Model/Animation/Keyframes/KeyframeModel.swift (in target 'Spine' from project 'Spine')
cd /Users/admin/builder/spi-builder-workspace/.swiftpm/xcode
SwiftCompile normal arm64 /Users/admin/builder/spi-builder-workspace/Sources/Spine/Model/Animation/Keyframes/Slot/SlotKeyframeAttachmentModel.swift (in target 'Spine' from project 'Spine')
cd /Users/admin/builder/spi-builder-workspace/.swiftpm/xcode
SwiftCompile normal arm64 /Users/admin/builder/spi-builder-workspace/Sources/Spine/Model/Animation/Keyframes/Slot/SlotKeyframeColorDarkModel.swift (in target 'Spine' from project 'Spine')
cd /Users/admin/builder/spi-builder-workspace/.swiftpm/xcode
SwiftCompile normal arm64 /Users/admin/builder/spi-builder-workspace/Sources/Spine/Model/Animation/Keyframes/Slot/SlotKeyframeColorModel.swift (in target 'Spine' from project 'Spine')
cd /Users/admin/builder/spi-builder-workspace/.swiftpm/xcode
SwiftCompile normal arm64 /Users/admin/builder/spi-builder-workspace/Sources/Spine/Model/Animation/SlotAnimationModel.swift (in target 'Spine' from project 'Spine')
cd /Users/admin/builder/spi-builder-workspace/.swiftpm/xcode
SwiftCompile normal arm64 /Users/admin/builder/spi-builder-workspace/Sources/Spine/Model/Animation/SlotNumericKeyframeModel.swift (in target 'Spine' from project 'Spine')
cd /Users/admin/builder/spi-builder-workspace/.swiftpm/xcode
SwiftCompile normal arm64 Compiling\ BoneAnimationModel.swift,\ DeformSkinAnimationModel.swift,\ IKConstraintAnimationModel.swift,\ BoneKeyframeRotateModel.swift,\ BoneKeyframeScaleModel.swift,\ BoneKeyframeShearModel.swift,\ BoneKeyframeTranslateModel.swift,\ IKConstraintKeyframeModel.swift,\ TransformConstraintKeyframeModel.swift /Users/admin/builder/spi-builder-workspace/Sources/Spine/Model/Animation/BoneAnimationModel.swift /Users/admin/builder/spi-builder-workspace/Sources/Spine/Model/Animation/DeformSkinAnimationModel.swift /Users/admin/builder/spi-builder-workspace/Sources/Spine/Model/Animation/IKConstraintAnimationModel.swift /Users/admin/builder/spi-builder-workspace/Sources/Spine/Model/Animation/Keyframes/Bone/BoneKeyframeRotateModel.swift /Users/admin/builder/spi-builder-workspace/Sources/Spine/Model/Animation/Keyframes/Bone/BoneKeyframeScaleModel.swift /Users/admin/builder/spi-builder-workspace/Sources/Spine/Model/Animation/Keyframes/Bone/BoneKeyframeShearModel.swift /Users/admin/builder/spi-builder-workspace/Sources/Spine/Model/Animation/Keyframes/Bone/BoneKeyframeTranslateModel.swift /Users/admin/builder/spi-builder-workspace/Sources/Spine/Model/Animation/Keyframes/Constraint/IKConstraintKeyframeModel.swift /Users/admin/builder/spi-builder-workspace/Sources/Spine/Model/Animation/Keyframes/Constraint/TransformConstraintKeyframeModel.swift (in target 'Spine' from project 'Spine')
SwiftCompile normal arm64 /Users/admin/builder/spi-builder-workspace/Sources/Spine/Model/Animation/BoneAnimationModel.swift (in target 'Spine' from project 'Spine')
cd /Users/admin/builder/spi-builder-workspace/.swiftpm/xcode
SwiftCompile normal arm64 /Users/admin/builder/spi-builder-workspace/Sources/Spine/Model/Animation/DeformSkinAnimationModel.swift (in target 'Spine' from project 'Spine')
cd /Users/admin/builder/spi-builder-workspace/.swiftpm/xcode
SwiftCompile normal arm64 /Users/admin/builder/spi-builder-workspace/Sources/Spine/Model/Animation/IKConstraintAnimationModel.swift (in target 'Spine' from project 'Spine')
cd /Users/admin/builder/spi-builder-workspace/.swiftpm/xcode
SwiftCompile normal arm64 /Users/admin/builder/spi-builder-workspace/Sources/Spine/Model/Animation/Keyframes/Bone/BoneKeyframeRotateModel.swift (in target 'Spine' from project 'Spine')
cd /Users/admin/builder/spi-builder-workspace/.swiftpm/xcode
SwiftCompile normal arm64 /Users/admin/builder/spi-builder-workspace/Sources/Spine/Model/Animation/Keyframes/Bone/BoneKeyframeScaleModel.swift (in target 'Spine' from project 'Spine')
cd /Users/admin/builder/spi-builder-workspace/.swiftpm/xcode
SwiftCompile normal arm64 /Users/admin/builder/spi-builder-workspace/Sources/Spine/Model/Animation/Keyframes/Bone/BoneKeyframeShearModel.swift (in target 'Spine' from project 'Spine')
cd /Users/admin/builder/spi-builder-workspace/.swiftpm/xcode
SwiftCompile normal arm64 /Users/admin/builder/spi-builder-workspace/Sources/Spine/Model/Animation/Keyframes/Bone/BoneKeyframeTranslateModel.swift (in target 'Spine' from project 'Spine')
cd /Users/admin/builder/spi-builder-workspace/.swiftpm/xcode
SwiftCompile normal arm64 /Users/admin/builder/spi-builder-workspace/Sources/Spine/Model/Animation/Keyframes/Constraint/IKConstraintKeyframeModel.swift (in target 'Spine' from project 'Spine')
cd /Users/admin/builder/spi-builder-workspace/.swiftpm/xcode
SwiftCompile normal arm64 /Users/admin/builder/spi-builder-workspace/Sources/Spine/Model/Animation/Keyframes/Constraint/TransformConstraintKeyframeModel.swift (in target 'Spine' from project 'Spine')
cd /Users/admin/builder/spi-builder-workspace/.swiftpm/xcode
SwiftCompile normal arm64 Compiling\ Defaultable.swift,\ Prefixable.swift,\ Skeleton.swift,\ Skin.swift,\ SkinCompositionResolver.swift,\ SpineSkinComposition.swift,\ SpineSkinDescription.swift,\ Slot.swift,\ SpineError.swift /Users/admin/builder/spi-builder-workspace/Sources/Spine/Protocols/Defaultable.swift /Users/admin/builder/spi-builder-workspace/Sources/Spine/Protocols/Prefixable.swift /Users/admin/builder/spi-builder-workspace/Sources/Spine/Skeleton.swift /Users/admin/builder/spi-builder-workspace/Sources/Spine/Skin.swift /Users/admin/builder/spi-builder-workspace/Sources/Spine/Skins/SkinCompositionResolver.swift /Users/admin/builder/spi-builder-workspace/Sources/Spine/Skins/SpineSkinComposition.swift /Users/admin/builder/spi-builder-workspace/Sources/Spine/Skins/SpineSkinDescription.swift /Users/admin/builder/spi-builder-workspace/Sources/Spine/Slot.swift /Users/admin/builder/spi-builder-workspace/Sources/Spine/SpineError.swift (in target 'Spine' from project 'Spine')
SwiftCompile normal arm64 /Users/admin/builder/spi-builder-workspace/Sources/Spine/Protocols/Defaultable.swift (in target 'Spine' from project 'Spine')
cd /Users/admin/builder/spi-builder-workspace/.swiftpm/xcode
SwiftCompile normal arm64 /Users/admin/builder/spi-builder-workspace/Sources/Spine/Protocols/Prefixable.swift (in target 'Spine' from project 'Spine')
cd /Users/admin/builder/spi-builder-workspace/.swiftpm/xcode
SwiftCompile normal arm64 /Users/admin/builder/spi-builder-workspace/Sources/Spine/Skeleton.swift (in target 'Spine' from project 'Spine')
cd /Users/admin/builder/spi-builder-workspace/.swiftpm/xcode
SwiftCompile normal arm64 /Users/admin/builder/spi-builder-workspace/Sources/Spine/Skin.swift (in target 'Spine' from project 'Spine')
cd /Users/admin/builder/spi-builder-workspace/.swiftpm/xcode
SwiftCompile normal arm64 /Users/admin/builder/spi-builder-workspace/Sources/Spine/Skins/SkinCompositionResolver.swift (in target 'Spine' from project 'Spine')
cd /Users/admin/builder/spi-builder-workspace/.swiftpm/xcode
SwiftCompile normal arm64 /Users/admin/builder/spi-builder-workspace/Sources/Spine/Skins/SpineSkinComposition.swift (in target 'Spine' from project 'Spine')
cd /Users/admin/builder/spi-builder-workspace/.swiftpm/xcode
SwiftCompile normal arm64 /Users/admin/builder/spi-builder-workspace/Sources/Spine/Skins/SpineSkinDescription.swift (in target 'Spine' from project 'Spine')
cd /Users/admin/builder/spi-builder-workspace/.swiftpm/xcode
SwiftCompile normal arm64 /Users/admin/builder/spi-builder-workspace/Sources/Spine/Slot.swift (in target 'Spine' from project 'Spine')
cd /Users/admin/builder/spi-builder-workspace/.swiftpm/xcode
SwiftCompile normal arm64 /Users/admin/builder/spi-builder-workspace/Sources/Spine/SpineError.swift (in target 'Spine' from project 'Spine')
cd /Users/admin/builder/spi-builder-workspace/.swiftpm/xcode
SwiftCompile normal arm64 Compiling\ MeshPhysicsReconciliation.swift,\ MeshRuntime.swift,\ MeshSlotState.swift,\ SpineMeshFrameContext.swift,\ SpineRuntimeError.swift,\ Skeleton+Meshes.swift,\ SpineMeshAsset.swift,\ AnimationModel.swift,\ AttachmentTimelineModel.swift /Users/admin/builder/spi-builder-workspace/Sources/Spine/Mesh/Runtime/MeshPhysicsReconciliation.swift /Users/admin/builder/spi-builder-workspace/Sources/Spine/Mesh/Runtime/MeshRuntime.swift /Users/admin/builder/spi-builder-workspace/Sources/Spine/Mesh/Runtime/MeshSlotState.swift /Users/admin/builder/spi-builder-workspace/Sources/Spine/Mesh/Runtime/SpineMeshFrameContext.swift /Users/admin/builder/spi-builder-workspace/Sources/Spine/Mesh/Runtime/SpineRuntimeError.swift /Users/admin/builder/spi-builder-workspace/Sources/Spine/Mesh/Skeleton+Meshes.swift /Users/admin/builder/spi-builder-workspace/Sources/Spine/Mesh/SpineMeshAsset.swift /Users/admin/builder/spi-builder-workspace/Sources/Spine/Model/Animation/AnimationModel.swift /Users/admin/builder/spi-builder-workspace/Sources/Spine/Model/Animation/AttachmentTimelineModel.swift (in target 'Spine' from project 'Spine')
SwiftCompile normal arm64 /Users/admin/builder/spi-builder-workspace/Sources/Spine/Mesh/Runtime/MeshPhysicsReconciliation.swift (in target 'Spine' from project 'Spine')
cd /Users/admin/builder/spi-builder-workspace/.swiftpm/xcode
SwiftCompile normal arm64 /Users/admin/builder/spi-builder-workspace/Sources/Spine/Mesh/Runtime/MeshRuntime.swift (in target 'Spine' from project 'Spine')
cd /Users/admin/builder/spi-builder-workspace/.swiftpm/xcode
SwiftCompile normal arm64 /Users/admin/builder/spi-builder-workspace/Sources/Spine/Mesh/Runtime/MeshSlotState.swift (in target 'Spine' from project 'Spine')
cd /Users/admin/builder/spi-builder-workspace/.swiftpm/xcode
SwiftCompile normal arm64 /Users/admin/builder/spi-builder-workspace/Sources/Spine/Mesh/Runtime/SpineMeshFrameContext.swift (in target 'Spine' from project 'Spine')
cd /Users/admin/builder/spi-builder-workspace/.swiftpm/xcode
SwiftCompile normal arm64 /Users/admin/builder/spi-builder-workspace/Sources/Spine/Mesh/Runtime/SpineRuntimeError.swift (in target 'Spine' from project 'Spine')
cd /Users/admin/builder/spi-builder-workspace/.swiftpm/xcode
SwiftCompile normal arm64 /Users/admin/builder/spi-builder-workspace/Sources/Spine/Mesh/Skeleton+Meshes.swift (in target 'Spine' from project 'Spine')
cd /Users/admin/builder/spi-builder-workspace/.swiftpm/xcode
SwiftCompile normal arm64 /Users/admin/builder/spi-builder-workspace/Sources/Spine/Mesh/SpineMeshAsset.swift (in target 'Spine' from project 'Spine')
cd /Users/admin/builder/spi-builder-workspace/.swiftpm/xcode
SwiftCompile normal arm64 /Users/admin/builder/spi-builder-workspace/Sources/Spine/Model/Animation/AnimationModel.swift (in target 'Spine' from project 'Spine')
cd /Users/admin/builder/spi-builder-workspace/.swiftpm/xcode
SwiftCompile normal arm64 /Users/admin/builder/spi-builder-workspace/Sources/Spine/Model/Animation/AttachmentTimelineModel.swift (in target 'Spine' from project 'Spine')
cd /Users/admin/builder/spi-builder-workspace/.swiftpm/xcode
SwiftCompile normal arm64 Compiling\ MeshClip.swift,\ MeshClipCompiler.swift,\ MeshDeform.swift,\ MeshGeometry.swift,\ MeshRendererResources.swift,\ MeshSetupRenderer.swift,\ MeshTriangleGroups.swift,\ MeshTriangleNode.swift,\ SpineMeshTextureProvider.swift /Users/admin/builder/spi-builder-workspace/Sources/Spine/Mesh/Compilation/MeshClip.swift /Users/admin/builder/spi-builder-workspace/Sources/Spine/Mesh/Compilation/MeshClipCompiler.swift /Users/admin/builder/spi-builder-workspace/Sources/Spine/Mesh/Compilation/MeshDeform.swift /Users/admin/builder/spi-builder-workspace/Sources/Spine/Mesh/Geometry/MeshGeometry.swift /Users/admin/builder/spi-builder-workspace/Sources/Spine/Mesh/Renderer/MeshRendererResources.swift /Users/admin/builder/spi-builder-workspace/Sources/Spine/Mesh/Renderer/MeshSetupRenderer.swift /Users/admin/builder/spi-builder-workspace/Sources/Spine/Mesh/Renderer/MeshTriangleGroups.swift /Users/admin/builder/spi-builder-workspace/Sources/Spine/Mesh/Renderer/MeshTriangleNode.swift /Users/admin/builder/spi-builder-workspace/Sources/Spine/Mesh/Resources/SpineMeshTextureProvider.swift (in target 'Spine' from project 'Spine')
SwiftCompile normal arm64 /Users/admin/builder/spi-builder-workspace/Sources/Spine/Mesh/Compilation/MeshClip.swift (in target 'Spine' from project 'Spine')
cd /Users/admin/builder/spi-builder-workspace/.swiftpm/xcode
/Users/admin/builder/spi-builder-workspace/Sources/Spine/Mesh/Compilation/MeshClip.swift:126:9: error: the compiler is unable to type-check this expression in reasonable time; try breaking up the expression into distinct sub-expressions
duration = ([channels.map { $0.timeline.duration }.max() ?? 0,events.last?.time ?? 0]
^~~~~~~~~~~~~~~~~~~~~~~~~~~~~~~~~~~~~~~~~~~~~~~~~~~~~~~~~~~~~~~~~~~~~~~~~~~~~~~~~~~~~
SwiftCompile normal arm64 /Users/admin/builder/spi-builder-workspace/Sources/Spine/Mesh/Compilation/MeshClipCompiler.swift (in target 'Spine' from project 'Spine')
cd /Users/admin/builder/spi-builder-workspace/.swiftpm/xcode
SwiftCompile normal arm64 /Users/admin/builder/spi-builder-workspace/Sources/Spine/Mesh/Compilation/MeshDeform.swift (in target 'Spine' from project 'Spine')
cd /Users/admin/builder/spi-builder-workspace/.swiftpm/xcode
SwiftCompile normal arm64 /Users/admin/builder/spi-builder-workspace/Sources/Spine/Mesh/Geometry/MeshGeometry.swift (in target 'Spine' from project 'Spine')
cd /Users/admin/builder/spi-builder-workspace/.swiftpm/xcode
SwiftCompile normal arm64 /Users/admin/builder/spi-builder-workspace/Sources/Spine/Mesh/Renderer/MeshRendererResources.swift (in target 'Spine' from project 'Spine')
cd /Users/admin/builder/spi-builder-workspace/.swiftpm/xcode
SwiftCompile normal arm64 /Users/admin/builder/spi-builder-workspace/Sources/Spine/Mesh/Renderer/MeshSetupRenderer.swift (in target 'Spine' from project 'Spine')
cd /Users/admin/builder/spi-builder-workspace/.swiftpm/xcode
SwiftCompile normal arm64 /Users/admin/builder/spi-builder-workspace/Sources/Spine/Mesh/Renderer/MeshTriangleGroups.swift (in target 'Spine' from project 'Spine')
cd /Users/admin/builder/spi-builder-workspace/.swiftpm/xcode
SwiftCompile normal arm64 /Users/admin/builder/spi-builder-workspace/Sources/Spine/Mesh/Renderer/MeshTriangleNode.swift (in target 'Spine' from project 'Spine')
cd /Users/admin/builder/spi-builder-workspace/.swiftpm/xcode
SwiftCompile normal arm64 /Users/admin/builder/spi-builder-workspace/Sources/Spine/Mesh/Resources/SpineMeshTextureProvider.swift (in target 'Spine' from project 'Spine')
cd /Users/admin/builder/spi-builder-workspace/.swiftpm/xcode
Failed frontend command:
/Applications/Xcode-16.3.0.app/Contents/Developer/Toolchains/XcodeDefault.xctoolchain/usr/bin/swift-frontend -frontend -c /Users/admin/builder/spi-builder-workspace/Sources/Spine/Animation.swift /Users/admin/builder/spi-builder-workspace/Sources/Spine/Attachment.swift /Users/admin/builder/spi-builder-workspace/Sources/Spine/Bone.swift /Users/admin/builder/spi-builder-workspace/Sources/Spine/Extensions\ Public/Skeleton+Animations.swift /Users/admin/builder/spi-builder-workspace/Sources/Spine/Extensions\ Public/Skeleton+Atlases.swift /Users/admin/builder/spi-builder-workspace/Sources/Spine/Extensions\ Public/Skeleton+Nodes.swift /Users/admin/builder/spi-builder-workspace/Sources/Spine/Extensions\ Public/Skeleton+Physics.swift /Users/admin/builder/spi-builder-workspace/Sources/Spine/Extensions\ Public/Skeleton+Points.swift /Users/admin/builder/spi-builder-workspace/Sources/Spine/Extensions\ Public/Skeleton+Skins.swift /Users/admin/builder/spi-builder-workspace/Sources/Spine/Extensions\ Public/SpineModel+Atlases.swift /Users/admin/builder/spi-builder-workspace/Sources/Spine/Extensions/CGPath+Extensions.swift /Users/admin/builder/spi-builder-workspace/Sources/Spine/Extensions/Collection+Extensions.swift /Users/admin/builder/spi-builder-workspace/Sources/Spine/Extensions/Float+Extensions.swift /Users/admin/builder/spi-builder-workspace/Sources/Spine/Extensions/RangeReplaceableCollection+Extensions.swift /Users/admin/builder/spi-builder-workspace/Sources/Spine/Extensions/SKAction+Extensions.swift /Users/admin/builder/spi-builder-workspace/Sources/Spine/Extensions/SKColor+Extensions.swift /Users/admin/builder/spi-builder-workspace/Sources/Spine/Extensions/SKNode+Extensions.swift /Users/admin/builder/spi-builder-workspace/Sources/Spine/Mesh/Compilation/CompiledAttachment.swift /Users/admin/builder/spi-builder-workspace/Sources/Spine/Mesh/Compilation/MeshAssetCompiler.swift -primary-file /Users/admin/builder/spi-builder-workspace/Sources/Spine/Mesh/Compilation/MeshClip.swift -primary-file /Users/admin/builder/spi-builder-workspace/Sources/Spine/Mesh/Compilation/MeshClipCompiler.swift -primary-file /Users/admin/builder/spi-builder-workspace/Sources/Spine/Mesh/Compilation/MeshDeform.swift -primary-file /Users/admin/builder/spi-builder-workspace/Sources/Spine/Mesh/Geometry/MeshGeometry.swift -primary-file /Users/admin/builder/spi-builder-workspace/Sources/Spine/Mesh/Renderer/MeshRendererResources.swift -primary-file /Users/admin/builder/spi-builder-workspace/Sources/Spine/Mesh/Renderer/MeshSetupRenderer.swift -primary-file /Users/admin/builder/spi-builder-workspace/Sources/Spine/Mesh/Renderer/MeshTriangleGroups.swift -primary-file /Users/admin/builder/spi-builder-workspace/Sources/Spine/Mesh/Renderer/MeshTriangleNode.swift -primary-file /Users/admin/builder/spi-builder-workspace/Sources/Spine/Mesh/Resources/SpineMeshTextureProvider.swift /Users/admin/builder/spi-builder-workspace/Sources/Spine/Mesh/Runtime/MeshPhysicsReconciliation.swift /Users/admin/builder/spi-builder-workspace/Sources/Spine/Mesh/Runtime/MeshRuntime.swift /Users/admin/builder/spi-builder-workspace/Sources/Spine/Mesh/Runtime/MeshSlotState.swift /Users/admin/builder/spi-builder-workspace/Sources/Spine/Mesh/Runtime/SpineMeshFrameContext.swift /Users/admin/builder/spi-builder-workspace/Sources/Spine/Mesh/Runtime/SpineRuntimeError.swift /Users/admin/builder/spi-builder-workspace/Sources/Spine/Mesh/Skeleton+Meshes.swift /Users/admin/builder/spi-builder-workspace/Sources/Spine/Mesh/SpineMeshAsset.swift /Users/admin/builder/spi-builder-workspace/Sources/Spine/Model/Animation/AnimationModel.swift /Users/admin/builder/spi-builder-workspace/Sources/Spine/Model/Animation/AttachmentTimelineModel.swift /Users/admin/builder/spi-builder-workspace/Sources/Spine/Model/Animation/BoneAnimationModel.swift /Users/admin/builder/spi-builder-workspace/Sources/Spine/Model/Animation/DeformSkinAnimationModel.swift /Users/admin/builder/spi-builder-workspace/Sources/Spine/Model/Animation/IKConstraintAnimationModel.swift /Users/admin/builder/spi-builder-workspace/Sources/Spine/Model/Animation/Keyframes/Bone/BoneKeyframeRotateModel.swift /Users/admin/builder/spi-builder-workspace/Sources/Spine/Model/Animation/Keyframes/Bone/BoneKeyframeScaleModel.swift /Users/admin/builder/spi-builder-workspace/Sources/Spine/Model/Animation/Keyframes/Bone/BoneKeyframeShearModel.swift /Users/admin/builder/spi-builder-workspace/Sources/Spine/Model/Animation/Keyframes/Bone/BoneKeyframeTranslateModel.swift /Users/admin/builder/spi-builder-workspace/Sources/Spine/Model/Animation/Keyframes/Constraint/IKConstraintKeyframeModel.swift /Users/admin/builder/spi-builder-workspace/Sources/Spine/Model/Animation/Keyframes/Constraint/TransformConstraintKeyframeModel.swift /Users/admin/builder/spi-builder-workspace/Sources/Spine/Model/Animation/Keyframes/DeformKeyframeModel.swift /Users/admin/builder/spi-builder-workspace/Sources/Spine/Model/Animation/Keyframes/DrawOrderKeyframeModel.swift /Users/admin/builder/spi-builder-workspace/Sources/Spine/Model/Animation/Keyframes/EventKeyfarameModel.swift /Users/admin/builder/spi-builder-workspace/Sources/Spine/Model/Animation/Keyframes/KeyframeModel.swift /Users/admin/builder/spi-builder-workspace/Sources/Spine/Model/Animation/Keyframes/Slot/SlotKeyframeAttachmentModel.swift /Users/admin/builder/spi-builder-workspace/Sources/Spine/Model/Animation/Keyframes/Slot/SlotKeyframeColorDarkModel.swift /Users/admin/builder/spi-builder-workspace/Sources/Spine/Model/Animation/Keyframes/Slot/SlotKeyframeColorModel.swift /Users/admin/builder/spi-builder-workspace/Sources/Spine/Model/Animation/SlotAnimationModel.swift /Users/admin/builder/spi-builder-workspace/Sources/Spine/Model/Animation/SlotNumericKeyframeModel.swift /Users/admin/builder/spi-builder-workspace/Sources/Spine/Model/Animation/TransformConstraintAnimationModel.swift /Users/admin/builder/spi-builder-workspace/Sources/Spine/Model/BoneModel.swift /Users/admin/builder/spi-builder-workspace/Sources/Spine/Model/Constraints/IKConstraintModel.swift /Users/admin/builder/spi-builder-workspace/Sources/Spine/Model/Constraints/PathConstraintModel.swift /Users/admin/builder/spi-builder-workspace/Sources/Spine/Model/Constraints/TransformConstraintModel.swift /Users/admin/builder/spi-builder-workspace/Sources/Spine/Model/EventModel.swift /Users/admin/builder/spi-builder-workspace/Sources/Spine/Model/Protocols/SpineDecodableArray.swift /Users/admin/builder/spi-builder-workspace/Sources/Spine/Model/Protocols/SpineDecodableDictionary.swift /Users/admin/builder/spi-builder-workspace/Sources/Spine/Model/SkeletonModel.swift /Users/admin/builder/spi-builder-workspace/Sources/Spine/Model/Skin/Attachments/AttachmentModel.swift /Users/admin/builder/spi-builder-workspace/Sources/Spine/Model/Skin/Attachments/BoundingBoxAttachmentModel.swift /Users/admin/builder/spi-builder-workspace/Sources/Spine/Model/Skin/Attachments/ClippingAttachmentModel.swift /Users/admin/builder/spi-builder-workspace/Sources/Spine/Model/Skin/Attachments/LinkedMeshAttachmentModel.swift /Users/admin/builder/spi-builder-workspace/Sources/Spine/Model/Skin/Attachments/MeshAttachmentModel.swift /Users/admin/builder/spi-builder-workspace/Sources/Spine/Model/Skin/Attachments/PathAttachmentModel.swift /Users/admin/builder/spi-builder-workspace/Sources/Spine/Model/Skin/Attachments/PointAttachmentModel.swift /Users/admin/builder/spi-builder-workspace/Sources/Spine/Model/Skin/Attachments/RegionAttachementModel.swift /Users/admin/builder/spi-builder-workspace/Sources/Spine/Model/Skin/SkinModel.swift /Users/admin/builder/spi-builder-workspace/Sources/Spine/Model/SlotModel.swift /Users/admin/builder/spi-builder-workspace/Sources/Spine/Model/SpineFeatureIssue.swift /Users/admin/builder/spi-builder-workspace/Sources/Spine/Model/SpineModel.swift /Users/admin/builder/spi-builder-workspace/Sources/Spine/Model/Types/BezierCurveModel.swift /Users/admin/builder/spi-builder-workspace/Sources/Spine/Model/Types/BezierCurveSolver.swift /Users/admin/builder/spi-builder-workspace/Sources/Spine/Model/Types/ColorModel.swift /Users/admin/builder/spi-builder-workspace/Sources/Spine/Model/Types/Constants.swift /Users/admin/builder/spi-builder-workspace/Sources/Spine/Model/Types/CurveModel.swift /Users/admin/builder/spi-builder-workspace/Sources/Spine/Model/Types/SpineNameKey.swift /Users/admin/builder/spi-builder-workspace/Sources/Spine/Protocols/Defaultable.swift /Users/admin/builder/spi-builder-workspace/Sources/Spine/Protocols/Prefixable.swift /Users/admin/builder/spi-builder-workspace/Sources/Spine/Skeleton.swift /Users/admin/builder/spi-builder-workspace/Sources/Spine/Skin.swift /Users/admin/builder/spi-builder-workspace/Sources/Spine/Skins/SkinCompositionResolver.swift /Users/admin/builder/spi-builder-workspace/Sources/Spine/Skins/SpineSkinComposition.swift /Users/admin/builder/spi-builder-workspace/Sources/Spine/Skins/SpineSkinDescription.swift /Users/admin/builder/spi-builder-workspace/Sources/Spine/Slot.swift /Users/admin/builder/spi-builder-workspace/Sources/Spine/SpineError.swift -supplementary-output-file-map /Users/admin/builder/spi-builder-workspace/.derivedData/Build/Intermediates.noindex/Spine.build/Debug-xros/Spine.build/Objects-normal/arm64/supplementaryOutputs-3 -target arm64-apple-xros1.0 -Xllvm -aarch64-use-tbi -enable-objc-interop -stack-check -sdk /Applications/Xcode-16.3.0.app/Contents/Developer/Platforms/XROS.platform/Developer/SDKs/XROS2.4.sdk -I /Users/admin/builder/spi-builder-workspace/.derivedData/Build/Products/Debug-xros -I /Applications/Xcode-16.3.0.app/Contents/Developer/Platforms/XROS.platform/Developer/usr/lib -F /Users/admin/builder/spi-builder-workspace/.derivedData/Build/Products/Debug-xros -F /Applications/Xcode-16.3.0.app/Contents/Developer/Platforms/XROS.platform/Developer/Library/Frameworks -F /Applications/Xcode-16.3.0.app/Contents/Developer/Platforms/XROS.platform/Developer/SDKs/XROS2.4.sdk/Developer/Library/Frameworks -no-color-diagnostics -enable-testing -g -debug-info-format\=dwarf -dwarf-version\=4 -module-cache-path /Users/admin/builder/spi-builder-workspace/.derivedData/ModuleCache.noindex -profile-generate -profile-coverage-mapping -swift-version 5 -enforce-exclusivity\=checked -Onone -D SWIFT_PACKAGE -D DEBUG -D Xcode -serialize-debugging-options -const-gather-protocols-file /Users/admin/builder/spi-builder-workspace/.derivedData/Build/Intermediates.noindex/Spine.build/Debug-xros/Spine.build/Objects-normal/arm64/Spine_const_extract_protocols.json -enable-experimental-feature DebugDescriptionMacro -empty-abi-descriptor -plugin-path /Applications/Xcode-16.3.0.app/Contents/Developer/Toolchains/XcodeDefault.xctoolchain/usr/lib/swift/host/plugins/testing -validate-clang-modules-once -clang-build-session-file /Users/admin/builder/spi-builder-workspace/.derivedData/ModuleCache.noindex/Session.modulevalidation -Xcc -working-directory -Xcc /Users/admin/builder/spi-builder-workspace/.swiftpm/xcode -resource-dir /Applications/Xcode-16.3.0.app/Contents/Developer/Toolchains/XcodeDefault.xctoolchain/usr/lib/swift -enable-anonymous-context-mangled-names -file-compilation-dir /Users/admin/builder/spi-builder-workspace/.swiftpm/xcode -Xcc -ivfsstatcache -Xcc /Users/admin/builder/spi-builder-workspace/.derivedData/SDKStatCaches.noindex/xros2.4-22O233-407b76dbb837030756cbe1ab3f0b01b6.sdkstatcache -Xcc -I/Users/admin/builder/spi-builder-workspace/.derivedData/Build/Intermediates.noindex/Spine.build/Debug-xros/Spine.build/swift-overrides.hmap -Xcc -I/Users/admin/builder/spi-builder-workspace/.derivedData/Build/Products/Debug-xros/include -Xcc -I/Users/admin/builder/spi-builder-workspace/.derivedData/Build/Intermediates.noindex/Spine.build/Debug-xros/Spine.build/DerivedSources-normal/arm64 -Xcc -I/Users/admin/builder/spi-builder-workspace/.derivedData/Build/Intermediates.noindex/Spine.build/Debug-xros/Spine.build/DerivedSources/arm64 -Xcc -I/Users/admin/builder/spi-builder-workspace/.derivedData/Build/Intermediates.noindex/Spine.build/Debug-xros/Spine.build/DerivedSources -Xcc -DSWIFT_PACKAGE -Xcc -DDEBUG\=1 -module-name Spine -frontend-parseable-output -disable-clang-spi -target-sdk-version 2.4 -target-sdk-name xros2.4 -external-plugin-path /Applications/Xcode-16.3.0.app/Contents/Developer/Platforms/XROS.platform/Developer/usr/lib/swift/host/plugins\#/Applications/Xcode-16.3.0.app/Contents/Developer/Platforms/XROS.platform/Developer/usr/bin/swift-plugin-server -external-plugin-path /Applications/Xcode-16.3.0.app/Contents/Developer/Platforms/XROS.platform/Developer/usr/local/lib/swift/host/plugins\#/Applications/Xcode-16.3.0.app/Contents/Developer/Platforms/XROS.platform/Developer/usr/bin/swift-plugin-server -in-process-plugin-server-path /Applications/Xcode-16.3.0.app/Contents/Developer/Toolchains/XcodeDefault.xctoolchain/usr/lib/swift/host/libSwiftInProcPluginServer.dylib -plugin-path /Applications/Xcode-16.3.0.app/Contents/Developer/Toolchains/XcodeDefault.xctoolchain/usr/lib/swift/host/plugins -plugin-path /Applications/Xcode-16.3.0.app/Contents/Developer/Toolchains/XcodeDefault.xctoolchain/usr/local/lib/swift/host/plugins -o /Users/admin/builder/spi-builder-workspace/.derivedData/Build/Intermediates.noindex/Spine.build/Debug-xros/Spine.build/Objects-normal/arm64/MeshClip.o -o /Users/admin/builder/spi-builder-workspace/.derivedData/Build/Intermediates.noindex/Spine.build/Debug-xros/Spine.build/Objects-normal/arm64/MeshClipCompiler.o -o /Users/admin/builder/spi-builder-workspace/.derivedData/Build/Intermediates.noindex/Spine.build/Debug-xros/Spine.build/Objects-normal/arm64/MeshDeform.o -o /Users/admin/builder/spi-builder-workspace/.derivedData/Build/Intermediates.noindex/Spine.build/Debug-xros/Spine.build/Objects-normal/arm64/MeshGeometry.o -o /Users/admin/builder/spi-builder-workspace/.derivedData/Build/Intermediates.noindex/Spine.build/Debug-xros/Spine.build/Objects-normal/arm64/MeshRendererResources.o -o /Users/admin/builder/spi-builder-workspace/.derivedData/Build/Intermediates.noindex/Spine.build/Debug-xros/Spine.build/Objects-normal/arm64/MeshSetupRenderer.o -o /Users/admin/builder/spi-builder-workspace/.derivedData/Build/Intermediates.noindex/Spine.build/Debug-xros/Spine.build/Objects-normal/arm64/MeshTriangleGroups.o -o /Users/admin/builder/spi-builder-workspace/.derivedData/Build/Intermediates.noindex/Spine.build/Debug-xros/Spine.build/Objects-normal/arm64/MeshTriangleNode.o -o /Users/admin/builder/spi-builder-workspace/.derivedData/Build/Intermediates.noindex/Spine.build/Debug-xros/Spine.build/Objects-normal/arm64/SpineMeshTextureProvider.o -index-unit-output-path /Spine.build/Debug-xros/Spine.build/Objects-normal/arm64/MeshClip.o -index-unit-output-path /Spine.build/Debug-xros/Spine.build/Objects-normal/arm64/MeshClipCompiler.o -index-unit-output-path /Spine.build/Debug-xros/Spine.build/Objects-normal/arm64/MeshDeform.o -index-unit-output-path /Spine.build/Debug-xros/Spine.build/Objects-normal/arm64/MeshGeometry.o -index-unit-output-path /Spine.build/Debug-xros/Spine.build/Objects-normal/arm64/MeshRendererResources.o -index-unit-output-path /Spine.build/Debug-xros/Spine.build/Objects-normal/arm64/MeshSetupRenderer.o -index-unit-output-path /Spine.build/Debug-xros/Spine.build/Objects-normal/arm64/MeshTriangleGroups.o -index-unit-output-path /Spine.build/Debug-xros/Spine.build/Objects-normal/arm64/MeshTriangleNode.o -index-unit-output-path /Spine.build/Debug-xros/Spine.build/Objects-normal/arm64/SpineMeshTextureProvider.o -index-store-path /Users/admin/builder/spi-builder-workspace/.derivedData/Index.noindex/DataStore -index-system-modules
SwiftCompile normal arm64 Compiling\ TransformConstraintAnimationModel.swift,\ BoneModel.swift,\ IKConstraintModel.swift,\ PathConstraintModel.swift,\ TransformConstraintModel.swift,\ EventModel.swift,\ SpineDecodableArray.swift,\ SpineDecodableDictionary.swift,\ SkeletonModel.swift /Users/admin/builder/spi-builder-workspace/Sources/Spine/Model/Animation/TransformConstraintAnimationModel.swift /Users/admin/builder/spi-builder-workspace/Sources/Spine/Model/BoneModel.swift /Users/admin/builder/spi-builder-workspace/Sources/Spine/Model/Constraints/IKConstraintModel.swift /Users/admin/builder/spi-builder-workspace/Sources/Spine/Model/Constraints/PathConstraintModel.swift /Users/admin/builder/spi-builder-workspace/Sources/Spine/Model/Constraints/TransformConstraintModel.swift /Users/admin/builder/spi-builder-workspace/Sources/Spine/Model/EventModel.swift /Users/admin/builder/spi-builder-workspace/Sources/Spine/Model/Protocols/SpineDecodableArray.swift /Users/admin/builder/spi-builder-workspace/Sources/Spine/Model/Protocols/SpineDecodableDictionary.swift /Users/admin/builder/spi-builder-workspace/Sources/Spine/Model/SkeletonModel.swift (in target 'Spine' from project 'Spine')
SwiftCompile normal arm64 /Users/admin/builder/spi-builder-workspace/Sources/Spine/Model/Animation/TransformConstraintAnimationModel.swift (in target 'Spine' from project 'Spine')
cd /Users/admin/builder/spi-builder-workspace/.swiftpm/xcode
SwiftCompile normal arm64 /Users/admin/builder/spi-builder-workspace/Sources/Spine/Model/BoneModel.swift (in target 'Spine' from project 'Spine')
cd /Users/admin/builder/spi-builder-workspace/.swiftpm/xcode
SwiftCompile normal arm64 /Users/admin/builder/spi-builder-workspace/Sources/Spine/Model/Constraints/IKConstraintModel.swift (in target 'Spine' from project 'Spine')
cd /Users/admin/builder/spi-builder-workspace/.swiftpm/xcode
SwiftCompile normal arm64 /Users/admin/builder/spi-builder-workspace/Sources/Spine/Model/Constraints/PathConstraintModel.swift (in target 'Spine' from project 'Spine')
cd /Users/admin/builder/spi-builder-workspace/.swiftpm/xcode
SwiftCompile normal arm64 /Users/admin/builder/spi-builder-workspace/Sources/Spine/Model/Constraints/TransformConstraintModel.swift (in target 'Spine' from project 'Spine')
cd /Users/admin/builder/spi-builder-workspace/.swiftpm/xcode
SwiftCompile normal arm64 /Users/admin/builder/spi-builder-workspace/Sources/Spine/Model/EventModel.swift (in target 'Spine' from project 'Spine')
cd /Users/admin/builder/spi-builder-workspace/.swiftpm/xcode
SwiftCompile normal arm64 /Users/admin/builder/spi-builder-workspace/Sources/Spine/Model/Protocols/SpineDecodableArray.swift (in target 'Spine' from project 'Spine')
cd /Users/admin/builder/spi-builder-workspace/.swiftpm/xcode
SwiftCompile normal arm64 /Users/admin/builder/spi-builder-workspace/Sources/Spine/Model/Protocols/SpineDecodableDictionary.swift (in target 'Spine' from project 'Spine')
cd /Users/admin/builder/spi-builder-workspace/.swiftpm/xcode
SwiftCompile normal arm64 /Users/admin/builder/spi-builder-workspace/Sources/Spine/Model/SkeletonModel.swift (in target 'Spine' from project 'Spine')
cd /Users/admin/builder/spi-builder-workspace/.swiftpm/xcode
SwiftCompile normal arm64 Compiling\ SlotModel.swift,\ SpineFeatureIssue.swift,\ SpineModel.swift,\ BezierCurveModel.swift,\ BezierCurveSolver.swift,\ ColorModel.swift,\ Constants.swift,\ CurveModel.swift,\ SpineNameKey.swift /Users/admin/builder/spi-builder-workspace/Sources/Spine/Model/SlotModel.swift /Users/admin/builder/spi-builder-workspace/Sources/Spine/Model/SpineFeatureIssue.swift /Users/admin/builder/spi-builder-workspace/Sources/Spine/Model/SpineModel.swift /Users/admin/builder/spi-builder-workspace/Sources/Spine/Model/Types/BezierCurveModel.swift /Users/admin/builder/spi-builder-workspace/Sources/Spine/Model/Types/BezierCurveSolver.swift /Users/admin/builder/spi-builder-workspace/Sources/Spine/Model/Types/ColorModel.swift /Users/admin/builder/spi-builder-workspace/Sources/Spine/Model/Types/Constants.swift /Users/admin/builder/spi-builder-workspace/Sources/Spine/Model/Types/CurveModel.swift /Users/admin/builder/spi-builder-workspace/Sources/Spine/Model/Types/SpineNameKey.swift (in target 'Spine' from project 'Spine')
SwiftCompile normal arm64 /Users/admin/builder/spi-builder-workspace/Sources/Spine/Model/SlotModel.swift (in target 'Spine' from project 'Spine')
cd /Users/admin/builder/spi-builder-workspace/.swiftpm/xcode
SwiftCompile normal arm64 /Users/admin/builder/spi-builder-workspace/Sources/Spine/Model/SpineFeatureIssue.swift (in target 'Spine' from project 'Spine')
cd /Users/admin/builder/spi-builder-workspace/.swiftpm/xcode
SwiftCompile normal arm64 /Users/admin/builder/spi-builder-workspace/Sources/Spine/Model/SpineModel.swift (in target 'Spine' from project 'Spine')
cd /Users/admin/builder/spi-builder-workspace/.swiftpm/xcode
SwiftCompile normal arm64 /Users/admin/builder/spi-builder-workspace/Sources/Spine/Model/Types/BezierCurveModel.swift (in target 'Spine' from project 'Spine')
cd /Users/admin/builder/spi-builder-workspace/.swiftpm/xcode
SwiftCompile normal arm64 /Users/admin/builder/spi-builder-workspace/Sources/Spine/Model/Types/BezierCurveSolver.swift (in target 'Spine' from project 'Spine')
cd /Users/admin/builder/spi-builder-workspace/.swiftpm/xcode
SwiftCompile normal arm64 /Users/admin/builder/spi-builder-workspace/Sources/Spine/Model/Types/ColorModel.swift (in target 'Spine' from project 'Spine')
cd /Users/admin/builder/spi-builder-workspace/.swiftpm/xcode
/Users/admin/builder/spi-builder-workspace/Sources/Spine/Model/Types/ColorModel.swift:24:32: warning: 'scanHexInt32' was deprecated in visionOS 1.0
Scanner(string: value).scanHexInt32(&result)
^
SwiftCompile normal arm64 /Users/admin/builder/spi-builder-workspace/Sources/Spine/Model/Types/Constants.swift (in target 'Spine' from project 'Spine')
cd /Users/admin/builder/spi-builder-workspace/.swiftpm/xcode
SwiftCompile normal arm64 /Users/admin/builder/spi-builder-workspace/Sources/Spine/Model/Types/CurveModel.swift (in target 'Spine' from project 'Spine')
cd /Users/admin/builder/spi-builder-workspace/.swiftpm/xcode
SwiftCompile normal arm64 /Users/admin/builder/spi-builder-workspace/Sources/Spine/Model/Types/SpineNameKey.swift (in target 'Spine' from project 'Spine')
cd /Users/admin/builder/spi-builder-workspace/.swiftpm/xcode
SwiftCompile normal arm64 Compiling\ AttachmentModel.swift,\ BoundingBoxAttachmentModel.swift,\ ClippingAttachmentModel.swift,\ LinkedMeshAttachmentModel.swift,\ MeshAttachmentModel.swift,\ PathAttachmentModel.swift,\ PointAttachmentModel.swift,\ RegionAttachementModel.swift,\ SkinModel.swift /Users/admin/builder/spi-builder-workspace/Sources/Spine/Model/Skin/Attachments/AttachmentModel.swift /Users/admin/builder/spi-builder-workspace/Sources/Spine/Model/Skin/Attachments/BoundingBoxAttachmentModel.swift /Users/admin/builder/spi-builder-workspace/Sources/Spine/Model/Skin/Attachments/ClippingAttachmentModel.swift /Users/admin/builder/spi-builder-workspace/Sources/Spine/Model/Skin/Attachments/LinkedMeshAttachmentModel.swift /Users/admin/builder/spi-builder-workspace/Sources/Spine/Model/Skin/Attachments/MeshAttachmentModel.swift /Users/admin/builder/spi-builder-workspace/Sources/Spine/Model/Skin/Attachments/PathAttachmentModel.swift /Users/admin/builder/spi-builder-workspace/Sources/Spine/Model/Skin/Attachments/PointAttachmentModel.swift /Users/admin/builder/spi-builder-workspace/Sources/Spine/Model/Skin/Attachments/RegionAttachementModel.swift /Users/admin/builder/spi-builder-workspace/Sources/Spine/Model/Skin/SkinModel.swift (in target 'Spine' from project 'Spine')
SwiftCompile normal arm64 /Users/admin/builder/spi-builder-workspace/Sources/Spine/Model/Skin/Attachments/AttachmentModel.swift (in target 'Spine' from project 'Spine')
cd /Users/admin/builder/spi-builder-workspace/.swiftpm/xcode
SwiftCompile normal arm64 /Users/admin/builder/spi-builder-workspace/Sources/Spine/Model/Skin/Attachments/BoundingBoxAttachmentModel.swift (in target 'Spine' from project 'Spine')
cd /Users/admin/builder/spi-builder-workspace/.swiftpm/xcode
SwiftCompile normal arm64 /Users/admin/builder/spi-builder-workspace/Sources/Spine/Model/Skin/Attachments/ClippingAttachmentModel.swift (in target 'Spine' from project 'Spine')
cd /Users/admin/builder/spi-builder-workspace/.swiftpm/xcode
SwiftCompile normal arm64 /Users/admin/builder/spi-builder-workspace/Sources/Spine/Model/Skin/Attachments/LinkedMeshAttachmentModel.swift (in target 'Spine' from project 'Spine')
cd /Users/admin/builder/spi-builder-workspace/.swiftpm/xcode
SwiftCompile normal arm64 /Users/admin/builder/spi-builder-workspace/Sources/Spine/Model/Skin/Attachments/MeshAttachmentModel.swift (in target 'Spine' from project 'Spine')
cd /Users/admin/builder/spi-builder-workspace/.swiftpm/xcode
SwiftCompile normal arm64 /Users/admin/builder/spi-builder-workspace/Sources/Spine/Model/Skin/Attachments/PathAttachmentModel.swift (in target 'Spine' from project 'Spine')
cd /Users/admin/builder/spi-builder-workspace/.swiftpm/xcode
SwiftCompile normal arm64 /Users/admin/builder/spi-builder-workspace/Sources/Spine/Model/Skin/Attachments/PointAttachmentModel.swift (in target 'Spine' from project 'Spine')
cd /Users/admin/builder/spi-builder-workspace/.swiftpm/xcode
SwiftCompile normal arm64 /Users/admin/builder/spi-builder-workspace/Sources/Spine/Model/Skin/Attachments/RegionAttachementModel.swift (in target 'Spine' from project 'Spine')
cd /Users/admin/builder/spi-builder-workspace/.swiftpm/xcode
SwiftCompile normal arm64 /Users/admin/builder/spi-builder-workspace/Sources/Spine/Model/Skin/SkinModel.swift (in target 'Spine' from project 'Spine')
cd /Users/admin/builder/spi-builder-workspace/.swiftpm/xcode
SwiftCompile normal arm64 Compiling\ CGPath+Extensions.swift,\ Collection+Extensions.swift,\ Float+Extensions.swift,\ RangeReplaceableCollection+Extensions.swift,\ SKAction+Extensions.swift,\ SKColor+Extensions.swift,\ SKNode+Extensions.swift,\ CompiledAttachment.swift,\ MeshAssetCompiler.swift /Users/admin/builder/spi-builder-workspace/Sources/Spine/Extensions/CGPath+Extensions.swift /Users/admin/builder/spi-builder-workspace/Sources/Spine/Extensions/Collection+Extensions.swift /Users/admin/builder/spi-builder-workspace/Sources/Spine/Extensions/Float+Extensions.swift /Users/admin/builder/spi-builder-workspace/Sources/Spine/Extensions/RangeReplaceableCollection+Extensions.swift /Users/admin/builder/spi-builder-workspace/Sources/Spine/Extensions/SKAction+Extensions.swift /Users/admin/builder/spi-builder-workspace/Sources/Spine/Extensions/SKColor+Extensions.swift /Users/admin/builder/spi-builder-workspace/Sources/Spine/Extensions/SKNode+Extensions.swift /Users/admin/builder/spi-builder-workspace/Sources/Spine/Mesh/Compilation/CompiledAttachment.swift /Users/admin/builder/spi-builder-workspace/Sources/Spine/Mesh/Compilation/MeshAssetCompiler.swift (in target 'Spine' from project 'Spine')
SwiftCompile normal arm64 /Users/admin/builder/spi-builder-workspace/Sources/Spine/Extensions/CGPath+Extensions.swift (in target 'Spine' from project 'Spine')
cd /Users/admin/builder/spi-builder-workspace/.swiftpm/xcode
SwiftCompile normal arm64 /Users/admin/builder/spi-builder-workspace/Sources/Spine/Extensions/Collection+Extensions.swift (in target 'Spine' from project 'Spine')
cd /Users/admin/builder/spi-builder-workspace/.swiftpm/xcode
SwiftCompile normal arm64 /Users/admin/builder/spi-builder-workspace/Sources/Spine/Extensions/Float+Extensions.swift (in target 'Spine' from project 'Spine')
cd /Users/admin/builder/spi-builder-workspace/.swiftpm/xcode
SwiftCompile normal arm64 /Users/admin/builder/spi-builder-workspace/Sources/Spine/Extensions/RangeReplaceableCollection+Extensions.swift (in target 'Spine' from project 'Spine')
cd /Users/admin/builder/spi-builder-workspace/.swiftpm/xcode
SwiftCompile normal arm64 /Users/admin/builder/spi-builder-workspace/Sources/Spine/Extensions/SKAction+Extensions.swift (in target 'Spine' from project 'Spine')
cd /Users/admin/builder/spi-builder-workspace/.swiftpm/xcode
SwiftCompile normal arm64 /Users/admin/builder/spi-builder-workspace/Sources/Spine/Extensions/SKColor+Extensions.swift (in target 'Spine' from project 'Spine')
cd /Users/admin/builder/spi-builder-workspace/.swiftpm/xcode
SwiftCompile normal arm64 /Users/admin/builder/spi-builder-workspace/Sources/Spine/Extensions/SKNode+Extensions.swift (in target 'Spine' from project 'Spine')
cd /Users/admin/builder/spi-builder-workspace/.swiftpm/xcode
SwiftCompile normal arm64 /Users/admin/builder/spi-builder-workspace/Sources/Spine/Mesh/Compilation/CompiledAttachment.swift (in target 'Spine' from project 'Spine')
cd /Users/admin/builder/spi-builder-workspace/.swiftpm/xcode
SwiftCompile normal arm64 /Users/admin/builder/spi-builder-workspace/Sources/Spine/Mesh/Compilation/MeshAssetCompiler.swift (in target 'Spine' from project 'Spine')
cd /Users/admin/builder/spi-builder-workspace/.swiftpm/xcode
SwiftDriverJobDiscovery normal arm64 Emitting module for Spine (in target 'Spine' from project 'Spine')
SwiftDriver\ Compilation\ Requirements Spine normal arm64 com.apple.xcode.tools.swift.compiler (in target 'Spine' from project 'Spine')
cd /Users/admin/builder/spi-builder-workspace/.swiftpm/xcode
builtin-Swift-Compilation-Requirements -- /Applications/Xcode-16.3.0.app/Contents/Developer/Toolchains/XcodeDefault.xctoolchain/usr/bin/swiftc -module-name Spine -Onone -enforce-exclusivity\=checked @/Users/admin/builder/spi-builder-workspace/.derivedData/Build/Intermediates.noindex/Spine.build/Debug-xros/Spine.build/Objects-normal/arm64/Spine.SwiftFileList -DSWIFT_PACKAGE -DDEBUG -DXcode -plugin-path /Applications/Xcode-16.3.0.app/Contents/Developer/Toolchains/XcodeDefault.xctoolchain/usr/lib/swift/host/plugins/testing -enable-experimental-feature DebugDescriptionMacro -sdk /Applications/Xcode-16.3.0.app/Contents/Developer/Platforms/XROS.platform/Developer/SDKs/XROS2.4.sdk -target arm64-apple-xros1.0 -g -module-cache-path /Users/admin/builder/spi-builder-workspace/.derivedData/ModuleCache.noindex -Xfrontend -serialize-debugging-options -profile-coverage-mapping -profile-generate -enable-testing -index-store-path /Users/admin/builder/spi-builder-workspace/.derivedData/Index.noindex/DataStore -swift-version 5 -I /Users/admin/builder/spi-builder-workspace/.derivedData/Build/Products/Debug-xros -I /Applications/Xcode-16.3.0.app/Contents/Developer/Platforms/XROS.platform/Developer/usr/lib -F /Users/admin/builder/spi-builder-workspace/.derivedData/Build/Products/Debug-xros -F /Applications/Xcode-16.3.0.app/Contents/Developer/Platforms/XROS.platform/Developer/Library/Frameworks -F /Applications/Xcode-16.3.0.app/Contents/Developer/Platforms/XROS.platform/Developer/SDKs/XROS2.4.sdk/Developer/Library/Frameworks -c -j10 -enable-batch-mode -incremental -Xcc -ivfsstatcache -Xcc /Users/admin/builder/spi-builder-workspace/.derivedData/SDKStatCaches.noindex/xros2.4-22O233-407b76dbb837030756cbe1ab3f0b01b6.sdkstatcache -output-file-map /Users/admin/builder/spi-builder-workspace/.derivedData/Build/Intermediates.noindex/Spine.build/Debug-xros/Spine.build/Objects-normal/arm64/Spine-OutputFileMap.json -use-frontend-parseable-output -save-temps -no-color-diagnostics -serialize-diagnostics -emit-dependencies -emit-module -emit-module-path /Users/admin/builder/spi-builder-workspace/.derivedData/Build/Intermediates.noindex/Spine.build/Debug-xros/Spine.build/Objects-normal/arm64/Spine.swiftmodule -validate-clang-modules-once -clang-build-session-file /Users/admin/builder/spi-builder-workspace/.derivedData/ModuleCache.noindex/Session.modulevalidation -Xcc -I/Users/admin/builder/spi-builder-workspace/.derivedData/Build/Intermediates.noindex/Spine.build/Debug-xros/Spine.build/swift-overrides.hmap -emit-const-values -Xfrontend -const-gather-protocols-file -Xfrontend /Users/admin/builder/spi-builder-workspace/.derivedData/Build/Intermediates.noindex/Spine.build/Debug-xros/Spine.build/Objects-normal/arm64/Spine_const_extract_protocols.json -Xcc -I/Users/admin/builder/spi-builder-workspace/.derivedData/Build/Products/Debug-xros/include -Xcc -I/Users/admin/builder/spi-builder-workspace/.derivedData/Build/Intermediates.noindex/Spine.build/Debug-xros/Spine.build/DerivedSources-normal/arm64 -Xcc -I/Users/admin/builder/spi-builder-workspace/.derivedData/Build/Intermediates.noindex/Spine.build/Debug-xros/Spine.build/DerivedSources/arm64 -Xcc -I/Users/admin/builder/spi-builder-workspace/.derivedData/Build/Intermediates.noindex/Spine.build/Debug-xros/Spine.build/DerivedSources -Xcc -DSWIFT_PACKAGE -Xcc -DDEBUG\=1 -emit-objc-header -emit-objc-header-path /Users/admin/builder/spi-builder-workspace/.derivedData/Build/Intermediates.noindex/Spine.build/Debug-xros/Spine.build/Objects-normal/arm64/Spine-Swift.h -working-directory /Users/admin/builder/spi-builder-workspace/.swiftpm/xcode -experimental-emit-module-separately -disable-cmo
SwiftDriverJobDiscovery normal arm64 Compiling BoneAnimationModel.swift, DeformSkinAnimationModel.swift, IKConstraintAnimationModel.swift, BoneKeyframeRotateModel.swift, BoneKeyframeScaleModel.swift, BoneKeyframeShearModel.swift, BoneKeyframeTranslateModel.swift, IKConstraintKeyframeModel.swift, TransformConstraintKeyframeModel.swift (in target 'Spine' from project 'Spine')
SwiftDriverJobDiscovery normal arm64 Compiling TransformConstraintAnimationModel.swift, BoneModel.swift, IKConstraintModel.swift, PathConstraintModel.swift, TransformConstraintModel.swift, EventModel.swift, SpineDecodableArray.swift, SpineDecodableDictionary.swift, SkeletonModel.swift (in target 'Spine' from project 'Spine')
Copy /Users/admin/builder/spi-builder-workspace/.derivedData/Build/Products/Debug-xros/Spine.swiftmodule/arm64-apple-xros.swiftmodule /Users/admin/builder/spi-builder-workspace/.derivedData/Build/Intermediates.noindex/Spine.build/Debug-xros/Spine.build/Objects-normal/arm64/Spine.swiftmodule (in target 'Spine' from project 'Spine')
cd /Users/admin/builder/spi-builder-workspace
builtin-copy -exclude .DS_Store -exclude CVS -exclude .svn -exclude .git -exclude .hg -resolve-src-symlinks -rename /Users/admin/builder/spi-builder-workspace/.derivedData/Build/Intermediates.noindex/Spine.build/Debug-xros/Spine.build/Objects-normal/arm64/Spine.swiftmodule /Users/admin/builder/spi-builder-workspace/.derivedData/Build/Products/Debug-xros/Spine.swiftmodule/arm64-apple-xros.swiftmodule
Copy /Users/admin/builder/spi-builder-workspace/.derivedData/Build/Products/Debug-xros/Spine.swiftmodule/arm64-apple-xros.abi.json /Users/admin/builder/spi-builder-workspace/.derivedData/Build/Intermediates.noindex/Spine.build/Debug-xros/Spine.build/Objects-normal/arm64/Spine.abi.json (in target 'Spine' from project 'Spine')
cd /Users/admin/builder/spi-builder-workspace
builtin-copy -exclude .DS_Store -exclude CVS -exclude .svn -exclude .git -exclude .hg -resolve-src-symlinks -rename /Users/admin/builder/spi-builder-workspace/.derivedData/Build/Intermediates.noindex/Spine.build/Debug-xros/Spine.build/Objects-normal/arm64/Spine.abi.json /Users/admin/builder/spi-builder-workspace/.derivedData/Build/Products/Debug-xros/Spine.swiftmodule/arm64-apple-xros.abi.json
SwiftDriverJobDiscovery normal arm64 Compiling AttachmentModel.swift, BoundingBoxAttachmentModel.swift, ClippingAttachmentModel.swift, LinkedMeshAttachmentModel.swift, MeshAttachmentModel.swift, PathAttachmentModel.swift, PointAttachmentModel.swift, RegionAttachementModel.swift, SkinModel.swift (in target 'Spine' from project 'Spine')
SwiftDriverJobDiscovery normal arm64 Compiling DeformKeyframeModel.swift, DrawOrderKeyframeModel.swift, EventKeyfarameModel.swift, KeyframeModel.swift, SlotKeyframeAttachmentModel.swift, SlotKeyframeColorDarkModel.swift, SlotKeyframeColorModel.swift, SlotAnimationModel.swift, SlotNumericKeyframeModel.swift (in target 'Spine' from project 'Spine')
SwiftDriver SpineTests normal arm64 com.apple.xcode.tools.swift.compiler (in target 'SpineTests' from project 'Spine')
cd /Users/admin/builder/spi-builder-workspace/.swiftpm/xcode
builtin-SwiftDriver -- /Applications/Xcode-16.3.0.app/Contents/Developer/Toolchains/XcodeDefault.xctoolchain/usr/bin/swiftc -module-name SpineTests -Onone -enforce-exclusivity\=checked @/Users/admin/builder/spi-builder-workspace/.derivedData/Build/Intermediates.noindex/Spine.build/Debug-xros/SpineTests.build/Objects-normal/arm64/SpineTests.SwiftFileList -DSWIFT_PACKAGE -DDEBUG -DXcode -plugin-path /Applications/Xcode-16.3.0.app/Contents/Developer/Toolchains/XcodeDefault.xctoolchain/usr/lib/swift/host/plugins/testing -enable-experimental-feature DebugDescriptionMacro -sdk /Applications/Xcode-16.3.0.app/Contents/Developer/Platforms/XROS.platform/Developer/SDKs/XROS2.4.sdk -target arm64-apple-xros1.0 -g -module-cache-path /Users/admin/builder/spi-builder-workspace/.derivedData/ModuleCache.noindex -Xfrontend -serialize-debugging-options -profile-coverage-mapping -profile-generate -enable-testing -index-store-path /Users/admin/builder/spi-builder-workspace/.derivedData/Index.noindex/DataStore -swift-version 5 -I /Users/admin/builder/spi-builder-workspace/.derivedData/Build/Products/Debug-xros -I /Applications/Xcode-16.3.0.app/Contents/Developer/Platforms/XROS.platform/Developer/usr/lib -F /Users/admin/builder/spi-builder-workspace/.derivedData/Build/Products/Debug-xros/PackageFrameworks -F /Users/admin/builder/spi-builder-workspace/.derivedData/Build/Products/Debug-xros -F /Applications/Xcode-16.3.0.app/Contents/Developer/Platforms/XROS.platform/Developer/Library/Frameworks -F /Applications/Xcode-16.3.0.app/Contents/Developer/Platforms/XROS.platform/Developer/SDKs/XROS2.4.sdk/Developer/Library/Frameworks -c -j10 -enable-batch-mode -incremental -Xcc -ivfsstatcache -Xcc /Users/admin/builder/spi-builder-workspace/.derivedData/SDKStatCaches.noindex/xros2.4-22O233-407b76dbb837030756cbe1ab3f0b01b6.sdkstatcache -output-file-map /Users/admin/builder/spi-builder-workspace/.derivedData/Build/Intermediates.noindex/Spine.build/Debug-xros/SpineTests.build/Objects-normal/arm64/SpineTests-OutputFileMap.json -use-frontend-parseable-output -save-temps -no-color-diagnostics -serialize-diagnostics -emit-dependencies -emit-module -emit-module-path /Users/admin/builder/spi-builder-workspace/.derivedData/Build/Intermediates.noindex/Spine.build/Debug-xros/SpineTests.build/Objects-normal/arm64/SpineTests.swiftmodule -validate-clang-modules-once -clang-build-session-file /Users/admin/builder/spi-builder-workspace/.derivedData/ModuleCache.noindex/Session.modulevalidation -emit-const-values -Xfrontend -const-gather-protocols-file -Xfrontend /Users/admin/builder/spi-builder-workspace/.derivedData/Build/Intermediates.noindex/Spine.build/Debug-xros/SpineTests.build/Objects-normal/arm64/SpineTests_const_extract_protocols.json -Xcc -I/Users/admin/builder/spi-builder-workspace/.derivedData/Build/Products/Debug-xros/include -Xcc -I/Users/admin/builder/spi-builder-workspace/.derivedData/Build/Intermediates.noindex/Spine.build/Debug-xros/SpineTests.build/DerivedSources-normal/arm64 -Xcc -I/Users/admin/builder/spi-builder-workspace/.derivedData/Build/Intermediates.noindex/Spine.build/Debug-xros/SpineTests.build/DerivedSources/arm64 -Xcc -I/Users/admin/builder/spi-builder-workspace/.derivedData/Build/Intermediates.noindex/Spine.build/Debug-xros/SpineTests.build/DerivedSources -Xcc -DSWIFT_PACKAGE -Xcc -DDEBUG\=1 -working-directory /Users/admin/builder/spi-builder-workspace/.swiftpm/xcode -experimental-emit-module-separately -disable-cmo
SwiftCompile normal arm64 Compiling\ ActionConflictTests.swift,\ ActionLifecycleTests.swift,\ AnimationOracleExportTests.swift,\ AnimationPlaybackTests.swift,\ AttachmentInteropTests.swift,\ BenchmarkReferenceExportTests.swift,\ Decoder41Tests.swift /Users/admin/builder/spi-builder-workspace/Tests/SpineTests/Mesh/ActionConflictTests.swift /Users/admin/builder/spi-builder-workspace/Tests/SpineTests/Mesh/ActionLifecycleTests.swift /Users/admin/builder/spi-builder-workspace/Tests/SpineTests/Mesh/AnimationOracleExportTests.swift /Users/admin/builder/spi-builder-workspace/Tests/SpineTests/Mesh/AnimationPlaybackTests.swift /Users/admin/builder/spi-builder-workspace/Tests/SpineTests/Mesh/AttachmentInteropTests.swift /Users/admin/builder/spi-builder-workspace/Tests/SpineTests/Mesh/BenchmarkReferenceExportTests.swift /Users/admin/builder/spi-builder-workspace/Tests/SpineTests/Mesh/Decoder41Tests.swift (in target 'SpineTests' from project 'Spine')
SwiftCompile normal arm64 /Users/admin/builder/spi-builder-workspace/Tests/SpineTests/Mesh/ActionConflictTests.swift (in target 'SpineTests' from project 'Spine')
cd /Users/admin/builder/spi-builder-workspace/.swiftpm/xcode
SwiftCompile normal arm64 /Users/admin/builder/spi-builder-workspace/Tests/SpineTests/Mesh/ActionLifecycleTests.swift (in target 'SpineTests' from project 'Spine')
cd /Users/admin/builder/spi-builder-workspace/.swiftpm/xcode
SwiftCompile normal arm64 /Users/admin/builder/spi-builder-workspace/Tests/SpineTests/Mesh/AnimationOracleExportTests.swift (in target 'SpineTests' from project 'Spine')
cd /Users/admin/builder/spi-builder-workspace/.swiftpm/xcode
SwiftCompile normal arm64 /Users/admin/builder/spi-builder-workspace/Tests/SpineTests/Mesh/AnimationPlaybackTests.swift (in target 'SpineTests' from project 'Spine')
cd /Users/admin/builder/spi-builder-workspace/.swiftpm/xcode
SwiftCompile normal arm64 /Users/admin/builder/spi-builder-workspace/Tests/SpineTests/Mesh/AttachmentInteropTests.swift (in target 'SpineTests' from project 'Spine')
cd /Users/admin/builder/spi-builder-workspace/.swiftpm/xcode
SwiftCompile normal arm64 /Users/admin/builder/spi-builder-workspace/Tests/SpineTests/Mesh/BenchmarkReferenceExportTests.swift (in target 'SpineTests' from project 'Spine')
cd /Users/admin/builder/spi-builder-workspace/.swiftpm/xcode
SwiftCompile normal arm64 /Users/admin/builder/spi-builder-workspace/Tests/SpineTests/Mesh/Decoder41Tests.swift (in target 'SpineTests' from project 'Spine')
cd /Users/admin/builder/spi-builder-workspace/.swiftpm/xcode
SwiftCompile normal arm64 Compiling\ SkinsModelTests.swift,\ SlotsModelTests.swift,\ SpineModelTests.swift,\ SkinTests.swift,\ CompositionAtomicityTests.swift,\ CompositionEventTests.swift /Users/admin/builder/spi-builder-workspace/Tests/SpineTests/Model/SkinsModelTests.swift /Users/admin/builder/spi-builder-workspace/Tests/SpineTests/Model/SlotsModelTests.swift /Users/admin/builder/spi-builder-workspace/Tests/SpineTests/Model/SpineModelTests.swift /Users/admin/builder/spi-builder-workspace/Tests/SpineTests/SkinTests.swift /Users/admin/builder/spi-builder-workspace/Tests/SpineTests/Skins/CompositionAtomicityTests.swift /Users/admin/builder/spi-builder-workspace/Tests/SpineTests/Skins/CompositionEventTests.swift (in target 'SpineTests' from project 'Spine')
SwiftCompile normal arm64 /Users/admin/builder/spi-builder-workspace/Tests/SpineTests/Model/SkinsModelTests.swift (in target 'SpineTests' from project 'Spine')
cd /Users/admin/builder/spi-builder-workspace/.swiftpm/xcode
SwiftCompile normal arm64 /Users/admin/builder/spi-builder-workspace/Tests/SpineTests/Model/SlotsModelTests.swift (in target 'SpineTests' from project 'Spine')
cd /Users/admin/builder/spi-builder-workspace/.swiftpm/xcode
SwiftCompile normal arm64 /Users/admin/builder/spi-builder-workspace/Tests/SpineTests/Model/SpineModelTests.swift (in target 'SpineTests' from project 'Spine')
cd /Users/admin/builder/spi-builder-workspace/.swiftpm/xcode
SwiftCompile normal arm64 /Users/admin/builder/spi-builder-workspace/Tests/SpineTests/SkinTests.swift (in target 'SpineTests' from project 'Spine')
cd /Users/admin/builder/spi-builder-workspace/.swiftpm/xcode
SwiftCompile normal arm64 /Users/admin/builder/spi-builder-workspace/Tests/SpineTests/Skins/CompositionAtomicityTests.swift (in target 'SpineTests' from project 'Spine')
cd /Users/admin/builder/spi-builder-workspace/.swiftpm/xcode
SwiftCompile normal arm64 /Users/admin/builder/spi-builder-workspace/Tests/SpineTests/Skins/CompositionEventTests.swift (in target 'SpineTests' from project 'Spine')
cd /Users/admin/builder/spi-builder-workspace/.swiftpm/xcode
SwiftEmitModule normal arm64 Emitting\ module\ for\ SpineTests (in target 'SpineTests' from project 'Spine')
EmitSwiftModule normal arm64 (in target 'SpineTests' from project 'Spine')
cd /Users/admin/builder/spi-builder-workspace/.swiftpm/xcode
SwiftCompile normal arm64 Compiling\ FrameContextTests.swift,\ GPUSetupTests.swift,\ GeometryValidationTests.swift,\ LinkedMeshTests.swift,\ MeshAssetTestSupport.swift,\ MeshTestSupport.swift,\ MixedSceneTests.swift /Users/admin/builder/spi-builder-workspace/Tests/SpineTests/Mesh/FrameContextTests.swift /Users/admin/builder/spi-builder-workspace/Tests/SpineTests/Mesh/GPUSetupTests.swift /Users/admin/builder/spi-builder-workspace/Tests/SpineTests/Mesh/GeometryValidationTests.swift /Users/admin/builder/spi-builder-workspace/Tests/SpineTests/Mesh/LinkedMeshTests.swift /Users/admin/builder/spi-builder-workspace/Tests/SpineTests/Mesh/MeshAssetTestSupport.swift /Users/admin/builder/spi-builder-workspace/Tests/SpineTests/Mesh/MeshTestSupport.swift /Users/admin/builder/spi-builder-workspace/Tests/SpineTests/Mesh/MixedSceneTests.swift (in target 'SpineTests' from project 'Spine')
SwiftCompile normal arm64 /Users/admin/builder/spi-builder-workspace/Tests/SpineTests/Mesh/FrameContextTests.swift (in target 'SpineTests' from project 'Spine')
cd /Users/admin/builder/spi-builder-workspace/.swiftpm/xcode
SwiftCompile normal arm64 /Users/admin/builder/spi-builder-workspace/Tests/SpineTests/Mesh/GPUSetupTests.swift (in target 'SpineTests' from project 'Spine')
cd /Users/admin/builder/spi-builder-workspace/.swiftpm/xcode
SwiftCompile normal arm64 /Users/admin/builder/spi-builder-workspace/Tests/SpineTests/Mesh/GeometryValidationTests.swift (in target 'SpineTests' from project 'Spine')
cd /Users/admin/builder/spi-builder-workspace/.swiftpm/xcode
SwiftCompile normal arm64 /Users/admin/builder/spi-builder-workspace/Tests/SpineTests/Mesh/LinkedMeshTests.swift (in target 'SpineTests' from project 'Spine')
cd /Users/admin/builder/spi-builder-workspace/.swiftpm/xcode
SwiftCompile normal arm64 /Users/admin/builder/spi-builder-workspace/Tests/SpineTests/Mesh/MeshAssetTestSupport.swift (in target 'SpineTests' from project 'Spine')
cd /Users/admin/builder/spi-builder-workspace/.swiftpm/xcode
SwiftCompile normal arm64 /Users/admin/builder/spi-builder-workspace/Tests/SpineTests/Mesh/MeshTestSupport.swift (in target 'SpineTests' from project 'Spine')
cd /Users/admin/builder/spi-builder-workspace/.swiftpm/xcode
SwiftCompile normal arm64 /Users/admin/builder/spi-builder-workspace/Tests/SpineTests/Mesh/MixedSceneTests.swift (in target 'SpineTests' from project 'Spine')
cd /Users/admin/builder/spi-builder-workspace/.swiftpm/xcode
SwiftCompile normal arm64 Compiling\ RepeatTailDiagnosticTests.swift,\ ResourceLifetimeTests.swift,\ SetupOracleExportTests.swift,\ SetupSmokeTests.swift,\ SkinningTests.swift,\ SlotStateTests.swift /Users/admin/builder/spi-builder-workspace/Tests/SpineTests/Mesh/RepeatTailDiagnosticTests.swift /Users/admin/builder/spi-builder-workspace/Tests/SpineTests/Mesh/ResourceLifetimeTests.swift /Users/admin/builder/spi-builder-workspace/Tests/SpineTests/Mesh/SetupOracleExportTests.swift /Users/admin/builder/spi-builder-workspace/Tests/SpineTests/Mesh/SetupSmokeTests.swift /Users/admin/builder/spi-builder-workspace/Tests/SpineTests/Mesh/SkinningTests.swift /Users/admin/builder/spi-builder-workspace/Tests/SpineTests/Mesh/SlotStateTests.swift (in target 'SpineTests' from project 'Spine')
SwiftCompile normal arm64 /Users/admin/builder/spi-builder-workspace/Tests/SpineTests/Mesh/RepeatTailDiagnosticTests.swift (in target 'SpineTests' from project 'Spine')
cd /Users/admin/builder/spi-builder-workspace/.swiftpm/xcode
SwiftCompile normal arm64 /Users/admin/builder/spi-builder-workspace/Tests/SpineTests/Mesh/ResourceLifetimeTests.swift (in target 'SpineTests' from project 'Spine')
cd /Users/admin/builder/spi-builder-workspace/.swiftpm/xcode
SwiftCompile normal arm64 /Users/admin/builder/spi-builder-workspace/Tests/SpineTests/Mesh/SetupOracleExportTests.swift (in target 'SpineTests' from project 'Spine')
cd /Users/admin/builder/spi-builder-workspace/.swiftpm/xcode
SwiftCompile normal arm64 /Users/admin/builder/spi-builder-workspace/Tests/SpineTests/Mesh/SetupSmokeTests.swift (in target 'SpineTests' from project 'Spine')
cd /Users/admin/builder/spi-builder-workspace/.swiftpm/xcode
SwiftCompile normal arm64 /Users/admin/builder/spi-builder-workspace/Tests/SpineTests/Mesh/SkinningTests.swift (in target 'SpineTests' from project 'Spine')
cd /Users/admin/builder/spi-builder-workspace/.swiftpm/xcode
SwiftCompile normal arm64 /Users/admin/builder/spi-builder-workspace/Tests/SpineTests/Mesh/SlotStateTests.swift (in target 'SpineTests' from project 'Spine')
cd /Users/admin/builder/spi-builder-workspace/.swiftpm/xcode
SwiftDriverJobDiscovery normal arm64 Compiling Animation.swift, Attachment.swift, Bone.swift, Skeleton+Animations.swift, Skeleton+Atlases.swift, Skeleton+Nodes.swift, Skeleton+Physics.swift, Skeleton+Points.swift, Skeleton+Skins.swift, SpineModel+Atlases.swift (in target 'Spine' from project 'Spine')
SwiftCompile normal arm64 Compiling\ StaticPhysicsLongRunTests.swift,\ StaticPhysicsPrecisionTests.swift,\ TextureProviderTests.swift,\ TimelineTests.swift,\ ValidatedGeometryTests.swift,\ BezierCurveModelTests.swift /Users/admin/builder/spi-builder-workspace/Tests/SpineTests/Mesh/StaticPhysicsLongRunTests.swift /Users/admin/builder/spi-builder-workspace/Tests/SpineTests/Mesh/StaticPhysicsPrecisionTests.swift /Users/admin/builder/spi-builder-workspace/Tests/SpineTests/Mesh/TextureProviderTests.swift /Users/admin/builder/spi-builder-workspace/Tests/SpineTests/Mesh/TimelineTests.swift /Users/admin/builder/spi-builder-workspace/Tests/SpineTests/Mesh/ValidatedGeometryTests.swift /Users/admin/builder/spi-builder-workspace/Tests/SpineTests/Model/BezierCurveModelTests.swift (in target 'SpineTests' from project 'Spine')
SwiftCompile normal arm64 /Users/admin/builder/spi-builder-workspace/Tests/SpineTests/Mesh/StaticPhysicsLongRunTests.swift (in target 'SpineTests' from project 'Spine')
cd /Users/admin/builder/spi-builder-workspace/.swiftpm/xcode
SwiftCompile normal arm64 /Users/admin/builder/spi-builder-workspace/Tests/SpineTests/Mesh/StaticPhysicsPrecisionTests.swift (in target 'SpineTests' from project 'Spine')
cd /Users/admin/builder/spi-builder-workspace/.swiftpm/xcode
SwiftCompile normal arm64 /Users/admin/builder/spi-builder-workspace/Tests/SpineTests/Mesh/TextureProviderTests.swift (in target 'SpineTests' from project 'Spine')
cd /Users/admin/builder/spi-builder-workspace/.swiftpm/xcode
SwiftCompile normal arm64 /Users/admin/builder/spi-builder-workspace/Tests/SpineTests/Mesh/TimelineTests.swift (in target 'SpineTests' from project 'Spine')
cd /Users/admin/builder/spi-builder-workspace/.swiftpm/xcode
SwiftCompile normal arm64 /Users/admin/builder/spi-builder-workspace/Tests/SpineTests/Mesh/ValidatedGeometryTests.swift (in target 'SpineTests' from project 'Spine')
cd /Users/admin/builder/spi-builder-workspace/.swiftpm/xcode
SwiftCompile normal arm64 /Users/admin/builder/spi-builder-workspace/Tests/SpineTests/Model/BezierCurveModelTests.swift (in target 'SpineTests' from project 'Spine')
cd /Users/admin/builder/spi-builder-workspace/.swiftpm/xcode
SwiftDriverJobDiscovery normal arm64 Compiling Defaultable.swift, Prefixable.swift, Skeleton.swift, Skin.swift, SkinCompositionResolver.swift, SpineSkinComposition.swift, SpineSkinDescription.swift, Slot.swift, SpineError.swift (in target 'Spine' from project 'Spine')
SwiftCompile normal arm64 Compiling\ CompositionFrameTests.swift,\ CompositionLifetimeTests.swift,\ CompositionMixedBaseTests.swift,\ CompositionNativePlaybackTests.swift,\ CompositionPlaybackTests.swift,\ CompositionPublicAPITests.swift /Users/admin/builder/spi-builder-workspace/Tests/SpineTests/Skins/CompositionFrameTests.swift /Users/admin/builder/spi-builder-workspace/Tests/SpineTests/Skins/CompositionLifetimeTests.swift /Users/admin/builder/spi-builder-workspace/Tests/SpineTests/Skins/CompositionMixedBaseTests.swift /Users/admin/builder/spi-builder-workspace/Tests/SpineTests/Skins/CompositionNativePlaybackTests.swift /Users/admin/builder/spi-builder-workspace/Tests/SpineTests/Skins/CompositionPlaybackTests.swift /Users/admin/builder/spi-builder-workspace/Tests/SpineTests/Skins/CompositionPublicAPITests.swift (in target 'SpineTests' from project 'Spine')
SwiftCompile normal arm64 /Users/admin/builder/spi-builder-workspace/Tests/SpineTests/Skins/CompositionFrameTests.swift (in target 'SpineTests' from project 'Spine')
cd /Users/admin/builder/spi-builder-workspace/.swiftpm/xcode
SwiftCompile normal arm64 /Users/admin/builder/spi-builder-workspace/Tests/SpineTests/Skins/CompositionLifetimeTests.swift (in target 'SpineTests' from project 'Spine')
cd /Users/admin/builder/spi-builder-workspace/.swiftpm/xcode
SwiftCompile normal arm64 /Users/admin/builder/spi-builder-workspace/Tests/SpineTests/Skins/CompositionMixedBaseTests.swift (in target 'SpineTests' from project 'Spine')
cd /Users/admin/builder/spi-builder-workspace/.swiftpm/xcode
SwiftCompile normal arm64 /Users/admin/builder/spi-builder-workspace/Tests/SpineTests/Skins/CompositionNativePlaybackTests.swift (in target 'SpineTests' from project 'Spine')
cd /Users/admin/builder/spi-builder-workspace/.swiftpm/xcode
SwiftCompile normal arm64 /Users/admin/builder/spi-builder-workspace/Tests/SpineTests/Skins/CompositionPlaybackTests.swift (in target 'SpineTests' from project 'Spine')
cd /Users/admin/builder/spi-builder-workspace/.swiftpm/xcode
SwiftCompile normal arm64 /Users/admin/builder/spi-builder-workspace/Tests/SpineTests/Skins/CompositionPublicAPITests.swift (in target 'SpineTests' from project 'Spine')
cd /Users/admin/builder/spi-builder-workspace/.swiftpm/xcode
SwiftDriverJobDiscovery normal arm64 Compiling SlotModel.swift, SpineFeatureIssue.swift, SpineModel.swift, BezierCurveModel.swift, BezierCurveSolver.swift, ColorModel.swift, Constants.swift, CurveModel.swift, SpineNameKey.swift (in target 'Spine' from project 'Spine')
SwiftCompile normal arm64 Compiling\ BonesModelTests.swift,\ CurveModelTests.swift,\ EventModelTests.swift,\ KeyframeModelTests.swift,\ KeyframesTests.swift,\ SkeletonModelTests.swift /Users/admin/builder/spi-builder-workspace/Tests/SpineTests/Model/BonesModelTests.swift /Users/admin/builder/spi-builder-workspace/Tests/SpineTests/Model/CurveModelTests.swift /Users/admin/builder/spi-builder-workspace/Tests/SpineTests/Model/EventModelTests.swift /Users/admin/builder/spi-builder-workspace/Tests/SpineTests/Model/KeyframeModelTests.swift /Users/admin/builder/spi-builder-workspace/Tests/SpineTests/Model/KeyframesTests.swift /Users/admin/builder/spi-builder-workspace/Tests/SpineTests/Model/SkeletonModelTests.swift (in target 'SpineTests' from project 'Spine')
SwiftCompile normal arm64 /Users/admin/builder/spi-builder-workspace/Tests/SpineTests/Model/BonesModelTests.swift (in target 'SpineTests' from project 'Spine')
cd /Users/admin/builder/spi-builder-workspace/.swiftpm/xcode
SwiftCompile normal arm64 /Users/admin/builder/spi-builder-workspace/Tests/SpineTests/Model/CurveModelTests.swift (in target 'SpineTests' from project 'Spine')
cd /Users/admin/builder/spi-builder-workspace/.swiftpm/xcode
SwiftCompile normal arm64 /Users/admin/builder/spi-builder-workspace/Tests/SpineTests/Model/EventModelTests.swift (in target 'SpineTests' from project 'Spine')
cd /Users/admin/builder/spi-builder-workspace/.swiftpm/xcode
SwiftCompile normal arm64 /Users/admin/builder/spi-builder-workspace/Tests/SpineTests/Model/KeyframeModelTests.swift (in target 'SpineTests' from project 'Spine')
cd /Users/admin/builder/spi-builder-workspace/.swiftpm/xcode
SwiftCompile normal arm64 /Users/admin/builder/spi-builder-workspace/Tests/SpineTests/Model/KeyframesTests.swift (in target 'SpineTests' from project 'Spine')
cd /Users/admin/builder/spi-builder-workspace/.swiftpm/xcode
SwiftCompile normal arm64 /Users/admin/builder/spi-builder-workspace/Tests/SpineTests/Model/SkeletonModelTests.swift (in target 'SpineTests' from project 'Spine')
cd /Users/admin/builder/spi-builder-workspace/.swiftpm/xcode
SwiftDriverJobDiscovery normal arm64 Compiling RepeatTailDiagnosticTests.swift, ResourceLifetimeTests.swift, SetupOracleExportTests.swift, SetupSmokeTests.swift, SkinningTests.swift, SlotStateTests.swift (in target 'SpineTests' from project 'Spine')
SwiftCompile normal arm64 Compiling\ CompositionResolverTests.swift,\ CompositionTransactionEdgeTests.swift,\ CompositionTransitionTests.swift,\ CompositionValidationEdgeTests.swift,\ CompositionValidationTests.swift,\ SkinDescriptionTests.swift /Users/admin/builder/spi-builder-workspace/Tests/SpineTests/Skins/CompositionResolverTests.swift /Users/admin/builder/spi-builder-workspace/Tests/SpineTests/Skins/CompositionTransactionEdgeTests.swift /Users/admin/builder/spi-builder-workspace/Tests/SpineTests/Skins/CompositionTransitionTests.swift /Users/admin/builder/spi-builder-workspace/Tests/SpineTests/Skins/CompositionValidationEdgeTests.swift /Users/admin/builder/spi-builder-workspace/Tests/SpineTests/Skins/CompositionValidationTests.swift /Users/admin/builder/spi-builder-workspace/Tests/SpineTests/Skins/SkinDescriptionTests.swift (in target 'SpineTests' from project 'Spine')
SwiftCompile normal arm64 /Users/admin/builder/spi-builder-workspace/Tests/SpineTests/Skins/CompositionResolverTests.swift (in target 'SpineTests' from project 'Spine')
cd /Users/admin/builder/spi-builder-workspace/.swiftpm/xcode
SwiftCompile normal arm64 /Users/admin/builder/spi-builder-workspace/Tests/SpineTests/Skins/CompositionTransactionEdgeTests.swift (in target 'SpineTests' from project 'Spine')
cd /Users/admin/builder/spi-builder-workspace/.swiftpm/xcode
SwiftCompile normal arm64 /Users/admin/builder/spi-builder-workspace/Tests/SpineTests/Skins/CompositionTransitionTests.swift (in target 'SpineTests' from project 'Spine')
cd /Users/admin/builder/spi-builder-workspace/.swiftpm/xcode
SwiftCompile normal arm64 /Users/admin/builder/spi-builder-workspace/Tests/SpineTests/Skins/CompositionValidationEdgeTests.swift (in target 'SpineTests' from project 'Spine')
cd /Users/admin/builder/spi-builder-workspace/.swiftpm/xcode
SwiftCompile normal arm64 /Users/admin/builder/spi-builder-workspace/Tests/SpineTests/Skins/CompositionValidationTests.swift (in target 'SpineTests' from project 'Spine')
cd /Users/admin/builder/spi-builder-workspace/.swiftpm/xcode
SwiftCompile normal arm64 /Users/admin/builder/spi-builder-workspace/Tests/SpineTests/Skins/SkinDescriptionTests.swift (in target 'SpineTests' from project 'Spine')
cd /Users/admin/builder/spi-builder-workspace/.swiftpm/xcode
SwiftDriverJobDiscovery normal arm64 Compiling FrameContextTests.swift, GPUSetupTests.swift, GeometryValidationTests.swift, LinkedMeshTests.swift, MeshAssetTestSupport.swift, MeshTestSupport.swift, MixedSceneTests.swift (in target 'SpineTests' from project 'Spine')
SwiftCompile normal arm64 Compiling\ resource_bundle_accessor.swift,\ CGPathExtensionTests.swift,\ ColorTests.swift,\ LegacyConstructionTests.swift,\ UnifiedDecoderTests.swift,\ SKColorExtensionsTests.swift,\ ActionCancellationTests.swift /Users/admin/builder/spi-builder-workspace/.derivedData/Build/Intermediates.noindex/Spine.build/Debug-xros/SpineTests.build/DerivedSources/resource_bundle_accessor.swift /Users/admin/builder/spi-builder-workspace/Tests/SpineTests/CGPathExtensionTests.swift /Users/admin/builder/spi-builder-workspace/Tests/SpineTests/ColorTests.swift /Users/admin/builder/spi-builder-workspace/Tests/SpineTests/Compatibility/LegacyConstructionTests.swift /Users/admin/builder/spi-builder-workspace/Tests/SpineTests/Compatibility/UnifiedDecoderTests.swift /Users/admin/builder/spi-builder-workspace/Tests/SpineTests/Extensions/SKColorExtensionsTests.swift /Users/admin/builder/spi-builder-workspace/Tests/SpineTests/Mesh/ActionCancellationTests.swift (in target 'SpineTests' from project 'Spine')
SwiftCompile normal arm64 /Users/admin/builder/spi-builder-workspace/.derivedData/Build/Intermediates.noindex/Spine.build/Debug-xros/SpineTests.build/DerivedSources/resource_bundle_accessor.swift (in target 'SpineTests' from project 'Spine')
cd /Users/admin/builder/spi-builder-workspace/.swiftpm/xcode
SwiftCompile normal arm64 /Users/admin/builder/spi-builder-workspace/Tests/SpineTests/CGPathExtensionTests.swift (in target 'SpineTests' from project 'Spine')
cd /Users/admin/builder/spi-builder-workspace/.swiftpm/xcode
SwiftCompile normal arm64 /Users/admin/builder/spi-builder-workspace/Tests/SpineTests/ColorTests.swift (in target 'SpineTests' from project 'Spine')
cd /Users/admin/builder/spi-builder-workspace/.swiftpm/xcode
SwiftCompile normal arm64 /Users/admin/builder/spi-builder-workspace/Tests/SpineTests/Compatibility/LegacyConstructionTests.swift (in target 'SpineTests' from project 'Spine')
cd /Users/admin/builder/spi-builder-workspace/.swiftpm/xcode
/Users/admin/builder/spi-builder-workspace/Tests/SpineTests/Compatibility/LegacyConstructionTests.swift:46:22: warning: 'init(fromJSON:atlas:skin:)' is deprecated: Use 'init(json:folder:skin:) throws' instead
XCTAssertNil(Skeleton(fromJSON: "missing-baseline-fixture", atlas: nil, skin: nil))
^
/Users/admin/builder/spi-builder-workspace/Tests/SpineTests/Compatibility/LegacyConstructionTests.swift:50:35: warning: 'animation(named:)' is deprecated: Use 'action(animation:)' instead
XCTAssertNotNil(character.animation(named: "motion"))
^
/Users/admin/builder/spi-builder-workspace/Tests/SpineTests/Compatibility/LegacyConstructionTests.swift:51:19: warning: 'applySkin(named:)' is deprecated: Use 'apply(skin:)' or 'applyDefaultSkin()' instead
character.applySkin(named: "alternate")
^
SwiftCompile normal arm64 /Users/admin/builder/spi-builder-workspace/Tests/SpineTests/Compatibility/UnifiedDecoderTests.swift (in target 'SpineTests' from project 'Spine')
cd /Users/admin/builder/spi-builder-workspace/.swiftpm/xcode
SwiftCompile normal arm64 /Users/admin/builder/spi-builder-workspace/Tests/SpineTests/Extensions/SKColorExtensionsTests.swift (in target 'SpineTests' from project 'Spine')
cd /Users/admin/builder/spi-builder-workspace/.swiftpm/xcode
SwiftCompile normal arm64 /Users/admin/builder/spi-builder-workspace/Tests/SpineTests/Mesh/ActionCancellationTests.swift (in target 'SpineTests' from project 'Spine')
cd /Users/admin/builder/spi-builder-workspace/.swiftpm/xcode
SwiftDriverJobDiscovery normal arm64 Compiling ActionConflictTests.swift, ActionLifecycleTests.swift, AnimationOracleExportTests.swift, AnimationPlaybackTests.swift, AttachmentInteropTests.swift, BenchmarkReferenceExportTests.swift, Decoder41Tests.swift (in target 'SpineTests' from project 'Spine')
SwiftCompile normal arm64 Compiling\ NativeActionLifecycleTests.swift,\ NativeFrameProjectionTests.swift,\ NodeBridgeTests.swift,\ PhysicsReconciliationContractTests.swift,\ RendererNumericBoundaryTests.swift,\ RendererProxyLifetimeTests.swift /Users/admin/builder/spi-builder-workspace/Tests/SpineTests/Mesh/NativeActionLifecycleTests.swift /Users/admin/builder/spi-builder-workspace/Tests/SpineTests/Mesh/NativeFrameProjectionTests.swift /Users/admin/builder/spi-builder-workspace/Tests/SpineTests/Mesh/NodeBridgeTests.swift /Users/admin/builder/spi-builder-workspace/Tests/SpineTests/Mesh/PhysicsReconciliationContractTests.swift /Users/admin/builder/spi-builder-workspace/Tests/SpineTests/Mesh/RendererNumericBoundaryTests.swift /Users/admin/builder/spi-builder-workspace/Tests/SpineTests/Mesh/RendererProxyLifetimeTests.swift (in target 'SpineTests' from project 'Spine')
SwiftCompile normal arm64 /Users/admin/builder/spi-builder-workspace/Tests/SpineTests/Mesh/NativeActionLifecycleTests.swift (in target 'SpineTests' from project 'Spine')
cd /Users/admin/builder/spi-builder-workspace/.swiftpm/xcode
SwiftCompile normal arm64 /Users/admin/builder/spi-builder-workspace/Tests/SpineTests/Mesh/NativeFrameProjectionTests.swift (in target 'SpineTests' from project 'Spine')
cd /Users/admin/builder/spi-builder-workspace/.swiftpm/xcode
SwiftCompile normal arm64 /Users/admin/builder/spi-builder-workspace/Tests/SpineTests/Mesh/NodeBridgeTests.swift (in target 'SpineTests' from project 'Spine')
cd /Users/admin/builder/spi-builder-workspace/.swiftpm/xcode
SwiftCompile normal arm64 /Users/admin/builder/spi-builder-workspace/Tests/SpineTests/Mesh/PhysicsReconciliationContractTests.swift (in target 'SpineTests' from project 'Spine')
cd /Users/admin/builder/spi-builder-workspace/.swiftpm/xcode
SwiftCompile normal arm64 /Users/admin/builder/spi-builder-workspace/Tests/SpineTests/Mesh/RendererNumericBoundaryTests.swift (in target 'SpineTests' from project 'Spine')
cd /Users/admin/builder/spi-builder-workspace/.swiftpm/xcode
SwiftCompile normal arm64 /Users/admin/builder/spi-builder-workspace/Tests/SpineTests/Mesh/RendererProxyLifetimeTests.swift (in target 'SpineTests' from project 'Spine')
cd /Users/admin/builder/spi-builder-workspace/.swiftpm/xcode
SwiftDriverJobDiscovery normal arm64 Compiling SkinsModelTests.swift, SlotsModelTests.swift, SpineModelTests.swift, SkinTests.swift, CompositionAtomicityTests.swift, CompositionEventTests.swift (in target 'SpineTests' from project 'Spine')
SwiftDriverJobDiscovery normal arm64 Compiling CompositionFrameTests.swift, CompositionLifetimeTests.swift, CompositionMixedBaseTests.swift, CompositionNativePlaybackTests.swift, CompositionPlaybackTests.swift, CompositionPublicAPITests.swift (in target 'SpineTests' from project 'Spine')
SwiftDriverJobDiscovery normal arm64 Emitting module for SpineTests (in target 'SpineTests' from project 'Spine')
SwiftDriver\ Compilation\ Requirements SpineTests normal arm64 com.apple.xcode.tools.swift.compiler (in target 'SpineTests' from project 'Spine')
cd /Users/admin/builder/spi-builder-workspace/.swiftpm/xcode
builtin-Swift-Compilation-Requirements -- /Applications/Xcode-16.3.0.app/Contents/Developer/Toolchains/XcodeDefault.xctoolchain/usr/bin/swiftc -module-name SpineTests -Onone -enforce-exclusivity\=checked @/Users/admin/builder/spi-builder-workspace/.derivedData/Build/Intermediates.noindex/Spine.build/Debug-xros/SpineTests.build/Objects-normal/arm64/SpineTests.SwiftFileList -DSWIFT_PACKAGE -DDEBUG -DXcode -plugin-path /Applications/Xcode-16.3.0.app/Contents/Developer/Toolchains/XcodeDefault.xctoolchain/usr/lib/swift/host/plugins/testing -enable-experimental-feature DebugDescriptionMacro -sdk /Applications/Xcode-16.3.0.app/Contents/Developer/Platforms/XROS.platform/Developer/SDKs/XROS2.4.sdk -target arm64-apple-xros1.0 -g -module-cache-path /Users/admin/builder/spi-builder-workspace/.derivedData/ModuleCache.noindex -Xfrontend -serialize-debugging-options -profile-coverage-mapping -profile-generate -enable-testing -index-store-path /Users/admin/builder/spi-builder-workspace/.derivedData/Index.noindex/DataStore -swift-version 5 -I /Users/admin/builder/spi-builder-workspace/.derivedData/Build/Products/Debug-xros -I /Applications/Xcode-16.3.0.app/Contents/Developer/Platforms/XROS.platform/Developer/usr/lib -F /Users/admin/builder/spi-builder-workspace/.derivedData/Build/Products/Debug-xros/PackageFrameworks -F /Users/admin/builder/spi-builder-workspace/.derivedData/Build/Products/Debug-xros -F /Applications/Xcode-16.3.0.app/Contents/Developer/Platforms/XROS.platform/Developer/Library/Frameworks -F /Applications/Xcode-16.3.0.app/Contents/Developer/Platforms/XROS.platform/Developer/SDKs/XROS2.4.sdk/Developer/Library/Frameworks -c -j10 -enable-batch-mode -incremental -Xcc -ivfsstatcache -Xcc /Users/admin/builder/spi-builder-workspace/.derivedData/SDKStatCaches.noindex/xros2.4-22O233-407b76dbb837030756cbe1ab3f0b01b6.sdkstatcache -output-file-map /Users/admin/builder/spi-builder-workspace/.derivedData/Build/Intermediates.noindex/Spine.build/Debug-xros/SpineTests.build/Objects-normal/arm64/SpineTests-OutputFileMap.json -use-frontend-parseable-output -save-temps -no-color-diagnostics -serialize-diagnostics -emit-dependencies -emit-module -emit-module-path /Users/admin/builder/spi-builder-workspace/.derivedData/Build/Intermediates.noindex/Spine.build/Debug-xros/SpineTests.build/Objects-normal/arm64/SpineTests.swiftmodule -validate-clang-modules-once -clang-build-session-file /Users/admin/builder/spi-builder-workspace/.derivedData/ModuleCache.noindex/Session.modulevalidation -emit-const-values -Xfrontend -const-gather-protocols-file -Xfrontend /Users/admin/builder/spi-builder-workspace/.derivedData/Build/Intermediates.noindex/Spine.build/Debug-xros/SpineTests.build/Objects-normal/arm64/SpineTests_const_extract_protocols.json -Xcc -I/Users/admin/builder/spi-builder-workspace/.derivedData/Build/Products/Debug-xros/include -Xcc -I/Users/admin/builder/spi-builder-workspace/.derivedData/Build/Intermediates.noindex/Spine.build/Debug-xros/SpineTests.build/DerivedSources-normal/arm64 -Xcc -I/Users/admin/builder/spi-builder-workspace/.derivedData/Build/Intermediates.noindex/Spine.build/Debug-xros/SpineTests.build/DerivedSources/arm64 -Xcc -I/Users/admin/builder/spi-builder-workspace/.derivedData/Build/Intermediates.noindex/Spine.build/Debug-xros/SpineTests.build/DerivedSources -Xcc -DSWIFT_PACKAGE -Xcc -DDEBUG\=1 -working-directory /Users/admin/builder/spi-builder-workspace/.swiftpm/xcode -experimental-emit-module-separately -disable-cmo
Copy /Users/admin/builder/spi-builder-workspace/.derivedData/Build/Products/Debug-xros/SpineTests.swiftmodule/arm64-apple-xros.swiftmodule /Users/admin/builder/spi-builder-workspace/.derivedData/Build/Intermediates.noindex/Spine.build/Debug-xros/SpineTests.build/Objects-normal/arm64/SpineTests.swiftmodule (in target 'SpineTests' from project 'Spine')
cd /Users/admin/builder/spi-builder-workspace
builtin-copy -exclude .DS_Store -exclude CVS -exclude .svn -exclude .git -exclude .hg -resolve-src-symlinks -rename /Users/admin/builder/spi-builder-workspace/.derivedData/Build/Intermediates.noindex/Spine.build/Debug-xros/SpineTests.build/Objects-normal/arm64/SpineTests.swiftmodule /Users/admin/builder/spi-builder-workspace/.derivedData/Build/Products/Debug-xros/SpineTests.swiftmodule/arm64-apple-xros.swiftmodule
Copy /Users/admin/builder/spi-builder-workspace/.derivedData/Build/Products/Debug-xros/SpineTests.swiftmodule/arm64-apple-xros.abi.json /Users/admin/builder/spi-builder-workspace/.derivedData/Build/Intermediates.noindex/Spine.build/Debug-xros/SpineTests.build/Objects-normal/arm64/SpineTests.abi.json (in target 'SpineTests' from project 'Spine')
cd /Users/admin/builder/spi-builder-workspace
builtin-copy -exclude .DS_Store -exclude CVS -exclude .svn -exclude .git -exclude .hg -resolve-src-symlinks -rename /Users/admin/builder/spi-builder-workspace/.derivedData/Build/Intermediates.noindex/Spine.build/Debug-xros/SpineTests.build/Objects-normal/arm64/SpineTests.abi.json /Users/admin/builder/spi-builder-workspace/.derivedData/Build/Products/Debug-xros/SpineTests.swiftmodule/arm64-apple-xros.abi.json
SwiftDriverJobDiscovery normal arm64 Compiling StaticPhysicsLongRunTests.swift, StaticPhysicsPrecisionTests.swift, TextureProviderTests.swift, TimelineTests.swift, ValidatedGeometryTests.swift, BezierCurveModelTests.swift (in target 'SpineTests' from project 'Spine')
SwiftDriverJobDiscovery normal arm64 Compiling CompositionResolverTests.swift, CompositionTransactionEdgeTests.swift, CompositionTransitionTests.swift, CompositionValidationEdgeTests.swift, CompositionValidationTests.swift, SkinDescriptionTests.swift (in target 'SpineTests' from project 'Spine')
SwiftDriverJobDiscovery normal arm64 Compiling NativeActionLifecycleTests.swift, NativeFrameProjectionTests.swift, NodeBridgeTests.swift, PhysicsReconciliationContractTests.swift, RendererNumericBoundaryTests.swift, RendererProxyLifetimeTests.swift (in target 'SpineTests' from project 'Spine')
SwiftDriverJobDiscovery normal arm64 Compiling CGPath+Extensions.swift, Collection+Extensions.swift, Float+Extensions.swift, RangeReplaceableCollection+Extensions.swift, SKAction+Extensions.swift, SKColor+Extensions.swift, SKNode+Extensions.swift, CompiledAttachment.swift, MeshAssetCompiler.swift (in target 'Spine' from project 'Spine')
SwiftDriverJobDiscovery normal arm64 Compiling resource_bundle_accessor.swift, CGPathExtensionTests.swift, ColorTests.swift, LegacyConstructionTests.swift, UnifiedDecoderTests.swift, SKColorExtensionsTests.swift, ActionCancellationTests.swift (in target 'SpineTests' from project 'Spine')
SwiftDriverJobDiscovery normal arm64 Compiling MeshPhysicsReconciliation.swift, MeshRuntime.swift, MeshSlotState.swift, SpineMeshFrameContext.swift, SpineRuntimeError.swift, Skeleton+Meshes.swift, SpineMeshAsset.swift, AnimationModel.swift, AttachmentTimelineModel.swift (in target 'Spine' from project 'Spine')
SwiftDriverJobDiscovery normal arm64 Compiling BonesModelTests.swift, CurveModelTests.swift, EventModelTests.swift, KeyframeModelTests.swift, KeyframesTests.swift, SkeletonModelTests.swift (in target 'SpineTests' from project 'Spine')
SwiftDriver\ Compilation SpineTests normal arm64 com.apple.xcode.tools.swift.compiler (in target 'SpineTests' from project 'Spine')
cd /Users/admin/builder/spi-builder-workspace/.swiftpm/xcode
builtin-Swift-Compilation -- /Applications/Xcode-16.3.0.app/Contents/Developer/Toolchains/XcodeDefault.xctoolchain/usr/bin/swiftc -module-name SpineTests -Onone -enforce-exclusivity\=checked @/Users/admin/builder/spi-builder-workspace/.derivedData/Build/Intermediates.noindex/Spine.build/Debug-xros/SpineTests.build/Objects-normal/arm64/SpineTests.SwiftFileList -DSWIFT_PACKAGE -DDEBUG -DXcode -plugin-path /Applications/Xcode-16.3.0.app/Contents/Developer/Toolchains/XcodeDefault.xctoolchain/usr/lib/swift/host/plugins/testing -enable-experimental-feature DebugDescriptionMacro -sdk /Applications/Xcode-16.3.0.app/Contents/Developer/Platforms/XROS.platform/Developer/SDKs/XROS2.4.sdk -target arm64-apple-xros1.0 -g -module-cache-path /Users/admin/builder/spi-builder-workspace/.derivedData/ModuleCache.noindex -Xfrontend -serialize-debugging-options -profile-coverage-mapping -profile-generate -enable-testing -index-store-path /Users/admin/builder/spi-builder-workspace/.derivedData/Index.noindex/DataStore -swift-version 5 -I /Users/admin/builder/spi-builder-workspace/.derivedData/Build/Products/Debug-xros -I /Applications/Xcode-16.3.0.app/Contents/Developer/Platforms/XROS.platform/Developer/usr/lib -F /Users/admin/builder/spi-builder-workspace/.derivedData/Build/Products/Debug-xros/PackageFrameworks -F /Users/admin/builder/spi-builder-workspace/.derivedData/Build/Products/Debug-xros -F /Applications/Xcode-16.3.0.app/Contents/Developer/Platforms/XROS.platform/Developer/Library/Frameworks -F /Applications/Xcode-16.3.0.app/Contents/Developer/Platforms/XROS.platform/Developer/SDKs/XROS2.4.sdk/Developer/Library/Frameworks -c -j10 -enable-batch-mode -incremental -Xcc -ivfsstatcache -Xcc /Users/admin/builder/spi-builder-workspace/.derivedData/SDKStatCaches.noindex/xros2.4-22O233-407b76dbb837030756cbe1ab3f0b01b6.sdkstatcache -output-file-map /Users/admin/builder/spi-builder-workspace/.derivedData/Build/Intermediates.noindex/Spine.build/Debug-xros/SpineTests.build/Objects-normal/arm64/SpineTests-OutputFileMap.json -use-frontend-parseable-output -save-temps -no-color-diagnostics -serialize-diagnostics -emit-dependencies -emit-module -emit-module-path /Users/admin/builder/spi-builder-workspace/.derivedData/Build/Intermediates.noindex/Spine.build/Debug-xros/SpineTests.build/Objects-normal/arm64/SpineTests.swiftmodule -validate-clang-modules-once -clang-build-session-file /Users/admin/builder/spi-builder-workspace/.derivedData/ModuleCache.noindex/Session.modulevalidation -emit-const-values -Xfrontend -const-gather-protocols-file -Xfrontend /Users/admin/builder/spi-builder-workspace/.derivedData/Build/Intermediates.noindex/Spine.build/Debug-xros/SpineTests.build/Objects-normal/arm64/SpineTests_const_extract_protocols.json -Xcc -I/Users/admin/builder/spi-builder-workspace/.derivedData/Build/Products/Debug-xros/include -Xcc -I/Users/admin/builder/spi-builder-workspace/.derivedData/Build/Intermediates.noindex/Spine.build/Debug-xros/SpineTests.build/DerivedSources-normal/arm64 -Xcc -I/Users/admin/builder/spi-builder-workspace/.derivedData/Build/Intermediates.noindex/Spine.build/Debug-xros/SpineTests.build/DerivedSources/arm64 -Xcc -I/Users/admin/builder/spi-builder-workspace/.derivedData/Build/Intermediates.noindex/Spine.build/Debug-xros/SpineTests.build/DerivedSources -Xcc -DSWIFT_PACKAGE -Xcc -DDEBUG\=1 -working-directory /Users/admin/builder/spi-builder-workspace/.swiftpm/xcode -experimental-emit-module-separately -disable-cmo
** BUILD FAILED **
The following build commands failed:
SwiftCompile normal arm64 /Users/admin/builder/spi-builder-workspace/Sources/Spine/Mesh/Compilation/MeshClip.swift (in target 'Spine' from project 'Spine')
SwiftCompile normal arm64 Compiling\ MeshClip.swift,\ MeshClipCompiler.swift,\ MeshDeform.swift,\ MeshGeometry.swift,\ MeshRendererResources.swift,\ MeshSetupRenderer.swift,\ MeshTriangleGroups.swift,\ MeshTriangleNode.swift,\ SpineMeshTextureProvider.swift /Users/admin/builder/spi-builder-workspace/Sources/Spine/Mesh/Compilation/MeshClip.swift /Users/admin/builder/spi-builder-workspace/Sources/Spine/Mesh/Compilation/MeshClipCompiler.swift /Users/admin/builder/spi-builder-workspace/Sources/Spine/Mesh/Compilation/MeshDeform.swift /Users/admin/builder/spi-builder-workspace/Sources/Spine/Mesh/Geometry/MeshGeometry.swift /Users/admin/builder/spi-builder-workspace/Sources/Spine/Mesh/Renderer/MeshRendererResources.swift /Users/admin/builder/spi-builder-workspace/Sources/Spine/Mesh/Renderer/MeshSetupRenderer.swift /Users/admin/builder/spi-builder-workspace/Sources/Spine/Mesh/Renderer/MeshTriangleGroups.swift /Users/admin/builder/spi-builder-workspace/Sources/Spine/Mesh/Renderer/MeshTriangleNode.swift /Users/admin/builder/spi-builder-workspace/Sources/Spine/Mesh/Resources/SpineMeshTextureProvider.swift (in target 'Spine' from project 'Spine')
Building workspace spi-builder-workspace with scheme Spine
(3 failures)
BUILD FAILURE 6.1 visionOS