The Swift Package Index logo.Swift Package Index

Track the adoption of Swift 6 strict concurrency checks for data race safety. How many packages are Ready for Swift 6?

Build Information

Failed to build JSONFeed with Swift 5.9 for visionOS using Xcode 15.2 at 1.0.0.

Build Command

env DEVELOPER_DIR="/Applications/Xcode-15.0.0-Beta.2.app" xcrun xcodebuild -IDEClonedSourcePackagesDirPathOverride="$PWD/.dependencies" -derivedDataPath "$PWD/.derivedData" build -scheme JSONFeed -destination "generic/platform=xros"

Build Log

========================================
RunAll
========================================
Builder version: 4.20.0
Interrupt handler set up.
========================================
Checkout
========================================
Clone URL: https://github.com/flight-school/jsonfeed.git
Reference: 1.0.0
Initialized empty Git repository in /Users/builder/builds/TDmZkXJm/0/finestructure/swiftpackageindex-builder/spi-builder-workspace/.git/
From https://github.com/flight-school/jsonfeed
 * tag               1.0.0      -> FETCH_HEAD
HEAD is now at 82c987c Initial commit
Cloned https://github.com/flight-school/jsonfeed.git into spi-builder-workspace
82c987ca9f953b75e7b7c188ff3c9de722773058
SUCCESS checkout https://github.com/flight-school/jsonfeed.git at 1.0.0
========================================
Build
========================================
Selected platform:         visionOS
Swift version:             5.9
Building package at path:  spi-builder-workspace
Command line invocation:
    /Applications/Xcode-15.0.0-Beta.2.app/Contents/Developer/usr/bin/xcodebuild -IDEClonedSourcePackagesDirPathOverride=/Users/builder/builds/TDmZkXJm/0/finestructure/swiftpackageindex-builder/spi-builder-workspace/.dependencies -resolvePackageDependencies

User defaults from command line:
    IDEClonedSourcePackagesDirPathOverride = /Users/builder/builds/TDmZkXJm/0/finestructure/swiftpackageindex-builder/spi-builder-workspace/.dependencies
    IDEPackageSupportUseBuiltinSCM = YES
resolved source packages:
{
  "workspace" : {
    "name" : "JSONFeed",
    "schemes" : [

    ]
  }
}
{
  "workspace" : {
    "name" : "spi-builder-workspace",
    "schemes" : [
      "JSONFeed"
    ]
  }
}
Running build ...
env DEVELOPER_DIR="/Applications/Xcode-15.0.0-Beta.2.app" xcrun xcodebuild -IDEClonedSourcePackagesDirPathOverride="$PWD/.dependencies" -derivedDataPath "$PWD/.derivedData" build -scheme JSONFeed -destination "generic/platform=xros"
Building ... (attempt 1)
Command line invocation:
/Applications/Xcode-15.0.0-Beta.2.app/Contents/Developer/usr/bin/xcodebuild -IDEClonedSourcePackagesDirPathOverride=/Users/builder/builds/TDmZkXJm/0/finestructure/swiftpackageindex-builder/spi-builder-workspace/.dependencies -derivedDataPath /Users/builder/builds/TDmZkXJm/0/finestructure/swiftpackageindex-builder/spi-builder-workspace/.derivedData build -scheme JSONFeed -destination generic/platform=xros

User defaults from command line:
    IDEClonedSourcePackagesDirPathOverride = /Users/builder/builds/TDmZkXJm/0/finestructure/swiftpackageindex-builder/spi-builder-workspace/.dependencies
    IDEDerivedDataPathOverride = /Users/builder/builds/TDmZkXJm/0/finestructure/swiftpackageindex-builder/spi-builder-workspace/.derivedData
    IDEPackageSupportUseBuiltinSCM = YES
Resolve Package Graph


Resolved source packages:
  JSONFeed: /Users/builder/builds/TDmZkXJm/0/finestructure/swiftpackageindex-builder/spi-builder-workspace
Prepare packages

Computing target dependency graph and provisioning inputs

Create build description
Build description signature: eceb28df4918efacada64020b94f059e
Build description path: /Users/builder/builds/TDmZkXJm/0/finestructure/swiftpackageindex-builder/spi-builder-workspace/.derivedData/Build/Intermediates.noindex/XCBuildData/eceb28df4918efacada64020b94f059e.xcbuilddata

note: Building targets in dependency order
note: Target dependency graph (3 targets)
    Target 'JSONFeedTests' in project 'JSONFeed'
        ➜ Explicit dependency on target 'JSONFeed' in project 'JSONFeed'
    Target 'JSONFeed' in project 'JSONFeed'
        ➜ Explicit dependency on target 'JSONFeed' in project 'JSONFeed'
    Target 'JSONFeed' in project 'JSONFeed' (no dependencies)
CreateBuildDirectory /Users/builder/builds/TDmZkXJm/0/finestructure/swiftpackageindex-builder/spi-builder-workspace/.derivedData/Build/Products
    cd /Users/builder/builds/TDmZkXJm/0/finestructure/swiftpackageindex-builder/spi-builder-workspace/.swiftpm/xcode
    builtin-create-build-directory /Users/builder/builds/TDmZkXJm/0/finestructure/swiftpackageindex-builder/spi-builder-workspace/.derivedData/Build/Products

CreateBuildDirectory /Users/builder/builds/TDmZkXJm/0/finestructure/swiftpackageindex-builder/spi-builder-workspace/.derivedData/Build/Intermediates.noindex
    cd /Users/builder/builds/TDmZkXJm/0/finestructure/swiftpackageindex-builder/spi-builder-workspace/.swiftpm/xcode
    builtin-create-build-directory /Users/builder/builds/TDmZkXJm/0/finestructure/swiftpackageindex-builder/spi-builder-workspace/.derivedData/Build/Intermediates.noindex

ClangStatCache /Applications/Xcode-15.0.0-Beta.2.app/Contents/Developer/Toolchains/XcodeDefault.xctoolchain/usr/bin/clang-stat-cache /Applications/Xcode-15.0.0-Beta.2.app/Contents/Developer/Platforms/XROS.platform/Developer/SDKs/XROS1.0.sdk /Users/builder/builds/TDmZkXJm/0/finestructure/swiftpackageindex-builder/spi-builder-workspace/.derivedData/SDKStatCaches.noindex/xros1.0-21N5165f-50a81fd5751d5bee8ff6d6ea12214339.sdkstatcache
    cd /Users/builder/builds/TDmZkXJm/0/finestructure/swiftpackageindex-builder/spi-builder-workspace/.swiftpm/xcode
    /Applications/Xcode-15.0.0-Beta.2.app/Contents/Developer/Toolchains/XcodeDefault.xctoolchain/usr/bin/clang-stat-cache /Applications/Xcode-15.0.0-Beta.2.app/Contents/Developer/Platforms/XROS.platform/Developer/SDKs/XROS1.0.sdk -o /Users/builder/builds/TDmZkXJm/0/finestructure/swiftpackageindex-builder/spi-builder-workspace/.derivedData/SDKStatCaches.noindex/xros1.0-21N5165f-50a81fd5751d5bee8ff6d6ea12214339.sdkstatcache

CreateBuildDirectory /Users/builder/builds/TDmZkXJm/0/finestructure/swiftpackageindex-builder/spi-builder-workspace/.derivedData/Build/Products/Debug-xros
    cd /Users/builder/builds/TDmZkXJm/0/finestructure/swiftpackageindex-builder/spi-builder-workspace/.swiftpm/xcode
    builtin-create-build-directory /Users/builder/builds/TDmZkXJm/0/finestructure/swiftpackageindex-builder/spi-builder-workspace/.derivedData/Build/Products/Debug-xros

CreateBuildDirectory /Users/builder/builds/TDmZkXJm/0/finestructure/swiftpackageindex-builder/spi-builder-workspace/.derivedData/Build/Intermediates.noindex/EagerLinkingTBDs/Debug-xros
    cd /Users/builder/builds/TDmZkXJm/0/finestructure/swiftpackageindex-builder/spi-builder-workspace/.swiftpm/xcode
    builtin-create-build-directory /Users/builder/builds/TDmZkXJm/0/finestructure/swiftpackageindex-builder/spi-builder-workspace/.derivedData/Build/Intermediates.noindex/EagerLinkingTBDs/Debug-xros

CreateBuildDirectory /Users/builder/builds/TDmZkXJm/0/finestructure/swiftpackageindex-builder/spi-builder-workspace/.derivedData/Build/Products/Debug-xros/PackageFrameworks
    cd /Users/builder/builds/TDmZkXJm/0/finestructure/swiftpackageindex-builder/spi-builder-workspace/.swiftpm/xcode
    builtin-create-build-directory /Users/builder/builds/TDmZkXJm/0/finestructure/swiftpackageindex-builder/spi-builder-workspace/.derivedData/Build/Products/Debug-xros/PackageFrameworks
MkDir /Users/builder/builds/TDmZkXJm/0/finestructure/swiftpackageindex-builder/spi-builder-workspace/.derivedData/Build/Products/Debug-xros/JSONFeedTests.xctest (in target 'JSONFeedTests' from project 'JSONFeed')
    cd /Users/builder/builds/TDmZkXJm/0/finestructure/swiftpackageindex-builder/spi-builder-workspace
    /bin/mkdir -p /Users/builder/builds/TDmZkXJm/0/finestructure/swiftpackageindex-builder/spi-builder-workspace/.derivedData/Build/Products/Debug-xros/JSONFeedTests.xctest

WriteAuxiliaryFile /Users/builder/builds/TDmZkXJm/0/finestructure/swiftpackageindex-builder/spi-builder-workspace/.derivedData/Build/Intermediates.noindex/JSONFeed.build/Debug-xros/JSONFeed.build/JSONFeed.modulemap (in target 'JSONFeed' from project 'JSONFeed')
    cd /Users/builder/builds/TDmZkXJm/0/finestructure/swiftpackageindex-builder/spi-builder-workspace
    write-file /Users/builder/builds/TDmZkXJm/0/finestructure/swiftpackageindex-builder/spi-builder-workspace/.derivedData/Build/Intermediates.noindex/JSONFeed.build/Debug-xros/JSONFeed.build/JSONFeed.modulemap

Copy /Users/builder/builds/TDmZkXJm/0/finestructure/swiftpackageindex-builder/spi-builder-workspace/.derivedData/Build/Intermediates.noindex/GeneratedModuleMaps-xros/JSONFeed.modulemap /Users/builder/builds/TDmZkXJm/0/finestructure/swiftpackageindex-builder/spi-builder-workspace/.derivedData/Build/Intermediates.noindex/JSONFeed.build/Debug-xros/JSONFeed.build/JSONFeed.modulemap (in target 'JSONFeed' from project 'JSONFeed')
    cd /Users/builder/builds/TDmZkXJm/0/finestructure/swiftpackageindex-builder/spi-builder-workspace
    builtin-copy -exclude .DS_Store -exclude CVS -exclude .svn -exclude .git -exclude .hg -resolve-src-symlinks /Users/builder/builds/TDmZkXJm/0/finestructure/swiftpackageindex-builder/spi-builder-workspace/.derivedData/Build/Intermediates.noindex/JSONFeed.build/Debug-xros/JSONFeed.build/JSONFeed.modulemap /Users/builder/builds/TDmZkXJm/0/finestructure/swiftpackageindex-builder/spi-builder-workspace/.derivedData/Build/Intermediates.noindex/GeneratedModuleMaps-xros

WriteAuxiliaryFile /Users/builder/builds/TDmZkXJm/0/finestructure/swiftpackageindex-builder/spi-builder-workspace/.derivedData/Build/Intermediates.noindex/JSONFeed.build/Debug-xros/JSONFeed.build/Objects-normal/arm64/JSONFeed.LinkFileList (in target 'JSONFeed' from project 'JSONFeed')
    cd /Users/builder/builds/TDmZkXJm/0/finestructure/swiftpackageindex-builder/spi-builder-workspace
    write-file /Users/builder/builds/TDmZkXJm/0/finestructure/swiftpackageindex-builder/spi-builder-workspace/.derivedData/Build/Intermediates.noindex/JSONFeed.build/Debug-xros/JSONFeed.build/Objects-normal/arm64/JSONFeed.LinkFileList

WriteAuxiliaryFile /Users/builder/builds/TDmZkXJm/0/finestructure/swiftpackageindex-builder/spi-builder-workspace/.derivedData/Build/Intermediates.noindex/JSONFeed.build/Debug-xros/JSONFeed.build/Objects-normal/arm64/JSONFeed_const_extract_protocols.json (in target 'JSONFeed' from project 'JSONFeed')
    cd /Users/builder/builds/TDmZkXJm/0/finestructure/swiftpackageindex-builder/spi-builder-workspace
    write-file /Users/builder/builds/TDmZkXJm/0/finestructure/swiftpackageindex-builder/spi-builder-workspace/.derivedData/Build/Intermediates.noindex/JSONFeed.build/Debug-xros/JSONFeed.build/Objects-normal/arm64/JSONFeed_const_extract_protocols.json

WriteAuxiliaryFile /Users/builder/builds/TDmZkXJm/0/finestructure/swiftpackageindex-builder/spi-builder-workspace/.derivedData/Build/Intermediates.noindex/JSONFeed.build/Debug-xros/JSONFeed.build/Objects-normal/arm64/JSONFeed.SwiftFileList (in target 'JSONFeed' from project 'JSONFeed')
    cd /Users/builder/builds/TDmZkXJm/0/finestructure/swiftpackageindex-builder/spi-builder-workspace
    write-file /Users/builder/builds/TDmZkXJm/0/finestructure/swiftpackageindex-builder/spi-builder-workspace/.derivedData/Build/Intermediates.noindex/JSONFeed.build/Debug-xros/JSONFeed.build/Objects-normal/arm64/JSONFeed.SwiftFileList

WriteAuxiliaryFile /Users/builder/builds/TDmZkXJm/0/finestructure/swiftpackageindex-builder/spi-builder-workspace/.derivedData/Build/Intermediates.noindex/JSONFeed.build/Debug-xros/JSONFeed.build/Objects-normal/arm64/JSONFeed-OutputFileMap.json (in target 'JSONFeed' from project 'JSONFeed')
    cd /Users/builder/builds/TDmZkXJm/0/finestructure/swiftpackageindex-builder/spi-builder-workspace
    write-file /Users/builder/builds/TDmZkXJm/0/finestructure/swiftpackageindex-builder/spi-builder-workspace/.derivedData/Build/Intermediates.noindex/JSONFeed.build/Debug-xros/JSONFeed.build/Objects-normal/arm64/JSONFeed-OutputFileMap.json
SwiftDriver JSONFeed normal arm64 com.apple.xcode.tools.swift.compiler (in target 'JSONFeed' from project 'JSONFeed')
    cd /Users/builder/builds/TDmZkXJm/0/finestructure/swiftpackageindex-builder/spi-builder-workspace
    builtin-SwiftDriver -- /Applications/Xcode-15.0.0-Beta.2.app/Contents/Developer/Toolchains/XcodeDefault.xctoolchain/usr/bin/swiftc -module-name JSONFeed -Onone -enforce-exclusivity\=checked @/Users/builder/builds/TDmZkXJm/0/finestructure/swiftpackageindex-builder/spi-builder-workspace/.derivedData/Build/Intermediates.noindex/JSONFeed.build/Debug-xros/JSONFeed.build/Objects-normal/arm64/JSONFeed.SwiftFileList -DSWIFT_PACKAGE -DDEBUG -DXcode -sdk /Applications/Xcode-15.0.0-Beta.2.app/Contents/Developer/Platforms/XROS.platform/Developer/SDKs/XROS1.0.sdk -target arm64-apple-xros1.0 -g -module-cache-path /Users/builder/builds/TDmZkXJm/0/finestructure/swiftpackageindex-builder/spi-builder-workspace/.derivedData/ModuleCache.noindex -Xfrontend -serialize-debugging-options -enable-testing -index-store-path /Users/builder/builds/TDmZkXJm/0/finestructure/swiftpackageindex-builder/spi-builder-workspace/.derivedData/Index.noindex/DataStore -swift-version 4 -I /Users/builder/builds/TDmZkXJm/0/finestructure/swiftpackageindex-builder/spi-builder-workspace/.derivedData/Build/Products/Debug-xros -I /Applications/Xcode-15.0.0-Beta.2.app/Contents/Developer/Platforms/XROS.platform/Developer/usr/lib -F /Users/builder/builds/TDmZkXJm/0/finestructure/swiftpackageindex-builder/spi-builder-workspace/.derivedData/Build/Products/Debug-xros -F /Applications/Xcode-15.0.0-Beta.2.app/Contents/Developer/Platforms/XROS.platform/Developer/Library/Frameworks -F /Applications/Xcode-15.0.0-Beta.2.app/Contents/Developer/Platforms/XROS.platform/Developer/SDKs/XROS1.0.sdk/Developer/Library/Frameworks -c -j8 -enable-batch-mode -incremental -Xcc -ivfsstatcache -Xcc /Users/builder/builds/TDmZkXJm/0/finestructure/swiftpackageindex-builder/spi-builder-workspace/.derivedData/SDKStatCaches.noindex/xros1.0-21N5165f-50a81fd5751d5bee8ff6d6ea12214339.sdkstatcache -output-file-map /Users/builder/builds/TDmZkXJm/0/finestructure/swiftpackageindex-builder/spi-builder-workspace/.derivedData/Build/Intermediates.noindex/JSONFeed.build/Debug-xros/JSONFeed.build/Objects-normal/arm64/JSONFeed-OutputFileMap.json -use-frontend-parseable-output -save-temps -no-color-diagnostics -serialize-diagnostics -emit-dependencies -emit-module -emit-module-path /Users/builder/builds/TDmZkXJm/0/finestructure/swiftpackageindex-builder/spi-builder-workspace/.derivedData/Build/Intermediates.noindex/JSONFeed.build/Debug-xros/JSONFeed.build/Objects-normal/arm64/JSONFeed.swiftmodule -validate-clang-modules-once -clang-build-session-file /Users/builder/builds/TDmZkXJm/0/finestructure/swiftpackageindex-builder/spi-builder-workspace/.derivedData/ModuleCache.noindex/Session.modulevalidation -Xcc -I/Users/builder/builds/TDmZkXJm/0/finestructure/swiftpackageindex-builder/spi-builder-workspace/.derivedData/Build/Intermediates.noindex/JSONFeed.build/Debug-xros/JSONFeed.build/swift-overrides.hmap -emit-const-values -Xfrontend -const-gather-protocols-file -Xfrontend /Users/builder/builds/TDmZkXJm/0/finestructure/swiftpackageindex-builder/spi-builder-workspace/.derivedData/Build/Intermediates.noindex/JSONFeed.build/Debug-xros/JSONFeed.build/Objects-normal/arm64/JSONFeed_const_extract_protocols.json -Xcc -I/Users/builder/builds/TDmZkXJm/0/finestructure/swiftpackageindex-builder/spi-builder-workspace/.derivedData/Build/Products/Debug-xros/include -Xcc -I/Users/builder/builds/TDmZkXJm/0/finestructure/swiftpackageindex-builder/spi-builder-workspace/.derivedData/Build/Intermediates.noindex/JSONFeed.build/Debug-xros/JSONFeed.build/DerivedSources-normal/arm64 -Xcc -I/Users/builder/builds/TDmZkXJm/0/finestructure/swiftpackageindex-builder/spi-builder-workspace/.derivedData/Build/Intermediates.noindex/JSONFeed.build/Debug-xros/JSONFeed.build/DerivedSources/arm64 -Xcc -I/Users/builder/builds/TDmZkXJm/0/finestructure/swiftpackageindex-builder/spi-builder-workspace/.derivedData/Build/Intermediates.noindex/JSONFeed.build/Debug-xros/JSONFeed.build/DerivedSources -Xcc -DSWIFT_PACKAGE -Xcc -DDEBUG\=1 -emit-objc-header -emit-objc-header-path /Users/builder/builds/TDmZkXJm/0/finestructure/swiftpackageindex-builder/spi-builder-workspace/.derivedData/Build/Intermediates.noindex/JSONFeed.build/Debug-xros/JSONFeed.build/Objects-normal/arm64/JSONFeed-Swift.h -working-directory /Users/builder/builds/TDmZkXJm/0/finestructure/swiftpackageindex-builder/spi-builder-workspace -experimental-emit-module-separately -disable-cmo

SwiftCompile normal arm64 Compiling\ Feed.swift /Users/builder/builds/TDmZkXJm/0/finestructure/swiftpackageindex-builder/spi-builder-workspace/Sources/JSONFeed/Feed.swift (in target 'JSONFeed' from project 'JSONFeed')
    cd /Users/builder/builds/TDmZkXJm/0/finestructure/swiftpackageindex-builder/spi-builder-workspace
    builtin-swiftTaskExecution -- /Applications/Xcode-15.0.0-Beta.2.app/Contents/Developer/Toolchains/XcodeDefault.xctoolchain/usr/bin/swift-frontend -frontend -c /Users/builder/builds/TDmZkXJm/0/finestructure/swiftpackageindex-builder/spi-builder-workspace/Sources/JSONFeed/Attachment.swift /Users/builder/builds/TDmZkXJm/0/finestructure/swiftpackageindex-builder/spi-builder-workspace/Sources/JSONFeed/Author.swift -primary-file /Users/builder/builds/TDmZkXJm/0/finestructure/swiftpackageindex-builder/spi-builder-workspace/Sources/JSONFeed/Feed.swift /Users/builder/builds/TDmZkXJm/0/finestructure/swiftpackageindex-builder/spi-builder-workspace/Sources/JSONFeed/Hub.swift /Users/builder/builds/TDmZkXJm/0/finestructure/swiftpackageindex-builder/spi-builder-workspace/Sources/JSONFeed/Item.swift -emit-dependencies-path /Users/builder/builds/TDmZkXJm/0/finestructure/swiftpackageindex-builder/spi-builder-workspace/.derivedData/Build/Intermediates.noindex/JSONFeed.build/Debug-xros/JSONFeed.build/Objects-normal/arm64/Feed.d -emit-const-values-path /Users/builder/builds/TDmZkXJm/0/finestructure/swiftpackageindex-builder/spi-builder-workspace/.derivedData/Build/Intermediates.noindex/JSONFeed.build/Debug-xros/JSONFeed.build/Objects-normal/arm64/Feed.swiftconstvalues -emit-reference-dependencies-path /Users/builder/builds/TDmZkXJm/0/finestructure/swiftpackageindex-builder/spi-builder-workspace/.derivedData/Build/Intermediates.noindex/JSONFeed.build/Debug-xros/JSONFeed.build/Objects-normal/arm64/Feed.swiftdeps -serialize-diagnostics-path /Users/builder/builds/TDmZkXJm/0/finestructure/swiftpackageindex-builder/spi-builder-workspace/.derivedData/Build/Intermediates.noindex/JSONFeed.build/Debug-xros/JSONFeed.build/Objects-normal/arm64/Feed.dia -target arm64-apple-xros1.0 -Xllvm -aarch64-use-tbi -enable-objc-interop -stack-check -sdk /Applications/Xcode-15.0.0-Beta.2.app/Contents/Developer/Platforms/XROS.platform/Developer/SDKs/XROS1.0.sdk -I /Users/builder/builds/TDmZkXJm/0/finestructure/swiftpackageindex-builder/spi-builder-workspace/.derivedData/Build/Products/Debug-xros -I /Applications/Xcode-15.0.0-Beta.2.app/Contents/Developer/Platforms/XROS.platform/Developer/usr/lib -F /Users/builder/builds/TDmZkXJm/0/finestructure/swiftpackageindex-builder/spi-builder-workspace/.derivedData/Build/Products/Debug-xros -F /Applications/Xcode-15.0.0-Beta.2.app/Contents/Developer/Platforms/XROS.platform/Developer/Library/Frameworks -F /Applications/Xcode-15.0.0-Beta.2.app/Contents/Developer/Platforms/XROS.platform/Developer/SDKs/XROS1.0.sdk/Developer/Library/Frameworks -no-color-diagnostics -enable-testing -g -module-cache-path /Users/builder/builds/TDmZkXJm/0/finestructure/swiftpackageindex-builder/spi-builder-workspace/.derivedData/ModuleCache.noindex -swift-version 4 -enforce-exclusivity\=checked -Onone -D SWIFT_PACKAGE -D DEBUG -D Xcode -serialize-debugging-options -const-gather-protocols-file /Users/builder/builds/TDmZkXJm/0/finestructure/swiftpackageindex-builder/spi-builder-workspace/.derivedData/Build/Intermediates.noindex/JSONFeed.build/Debug-xros/JSONFeed.build/Objects-normal/arm64/JSONFeed_const_extract_protocols.json -empty-abi-descriptor -plugin-path /Applications/Xcode-15.0.0-Beta.2.app/Contents/Developer/Toolchains/XcodeDefault.xctoolchain/usr/lib/swift/host/plugins -plugin-path /Applications/Xcode-15.0.0-Beta.2.app/Contents/Developer/Toolchains/XcodeDefault.xctoolchain/usr/local/lib/swift/host/plugins -validate-clang-modules-once -clang-build-session-file /Users/builder/builds/TDmZkXJm/0/finestructure/swiftpackageindex-builder/spi-builder-workspace/.derivedData/ModuleCache.noindex/Session.modulevalidation -Xcc -working-directory -Xcc /Users/builder/builds/TDmZkXJm/0/finestructure/swiftpackageindex-builder/spi-builder-workspace -resource-dir /Applications/Xcode-15.0.0-Beta.2.app/Contents/Developer/Toolchains/XcodeDefault.xctoolchain/usr/lib/swift -enable-anonymous-context-mangled-names -Xcc -ivfsstatcache -Xcc /Users/builder/builds/TDmZkXJm/0/finestructure/swiftpackageindex-builder/spi-builder-workspace/.derivedData/SDKStatCaches.noindex/xros1.0-21N5165f-50a81fd5751d5bee8ff6d6ea12214339.sdkstatcache -Xcc -I/Users/builder/builds/TDmZkXJm/0/finestructure/swiftpackageindex-builder/spi-builder-workspace/.derivedData/Build/Intermediates.noindex/JSONFeed.build/Debug-xros/JSONFeed.build/swift-overrides.hmap -Xcc -I/Users/builder/builds/TDmZkXJm/0/finestructure/swiftpackageindex-builder/spi-builder-workspace/.derivedData/Build/Products/Debug-xros/include -Xcc -I/Users/builder/builds/TDmZkXJm/0/finestructure/swiftpackageindex-builder/spi-builder-workspace/.derivedData/Build/Intermediates.noindex/JSONFeed.build/Debug-xros/JSONFeed.build/DerivedSources-normal/arm64 -Xcc -I/Users/builder/builds/TDmZkXJm/0/finestructure/swiftpackageindex-builder/spi-builder-workspace/.derivedData/Build/Intermediates.noindex/JSONFeed.build/Debug-xros/JSONFeed.build/DerivedSources/arm64 -Xcc -I/Users/builder/builds/TDmZkXJm/0/finestructure/swiftpackageindex-builder/spi-builder-workspace/.derivedData/Build/Intermediates.noindex/JSONFeed.build/Debug-xros/JSONFeed.build/DerivedSources -Xcc -DSWIFT_PACKAGE -Xcc -DDEBUG\=1 -module-name JSONFeed -frontend-parseable-output -disable-clang-spi -target-sdk-version 1.0 -target-sdk-name xros1.0 -o /Users/builder/builds/TDmZkXJm/0/finestructure/swiftpackageindex-builder/spi-builder-workspace/.derivedData/Build/Intermediates.noindex/JSONFeed.build/Debug-xros/JSONFeed.build/Objects-normal/arm64/Feed.o -index-unit-output-path /JSONFeed.build/Debug-xros/JSONFeed.build/Objects-normal/arm64/Feed.o -index-store-path /Users/builder/builds/TDmZkXJm/0/finestructure/swiftpackageindex-builder/spi-builder-workspace/.derivedData/Index.noindex/DataStore -index-system-modules

SwiftCompile normal arm64 /Users/builder/builds/TDmZkXJm/0/finestructure/swiftpackageindex-builder/spi-builder-workspace/Sources/JSONFeed/Feed.swift (in target 'JSONFeed' from project 'JSONFeed')
    cd /Users/builder/builds/TDmZkXJm/0/finestructure/swiftpackageindex-builder/spi-builder-workspace
    /Applications/Xcode-15.0.0-Beta.2.app/Contents/Developer/Toolchains/XcodeDefault.xctoolchain/usr/bin/swift-frontend -c /Users/builder/builds/TDmZkXJm/0/finestructure/swiftpackageindex-builder/spi-builder-workspace/Sources/JSONFeed/Attachment.swift /Users/builder/builds/TDmZkXJm/0/finestructure/swiftpackageindex-builder/spi-builder-workspace/Sources/JSONFeed/Author.swift -primary-file /Users/builder/builds/TDmZkXJm/0/finestructure/swiftpackageindex-builder/spi-builder-workspace/Sources/JSONFeed/Feed.swift /Users/builder/builds/TDmZkXJm/0/finestructure/swiftpackageindex-builder/spi-builder-workspace/Sources/JSONFeed/Hub.swift /Users/builder/builds/TDmZkXJm/0/finestructure/swiftpackageindex-builder/spi-builder-workspace/Sources/JSONFeed/Item.swift -emit-dependencies-path /Users/builder/builds/TDmZkXJm/0/finestructure/swiftpackageindex-builder/spi-builder-workspace/.derivedData/Build/Intermediates.noindex/JSONFeed.build/Debug-xros/JSONFeed.build/Objects-normal/arm64/Feed.d -emit-const-values-path /Users/builder/builds/TDmZkXJm/0/finestructure/swiftpackageindex-builder/spi-builder-workspace/.derivedData/Build/Intermediates.noindex/JSONFeed.build/Debug-xros/JSONFeed.build/Objects-normal/arm64/Feed.swiftconstvalues -emit-reference-dependencies-path /Users/builder/builds/TDmZkXJm/0/finestructure/swiftpackageindex-builder/spi-builder-workspace/.derivedData/Build/Intermediates.noindex/JSONFeed.build/Debug-xros/JSONFeed.build/Objects-normal/arm64/Feed.swiftdeps -serialize-diagnostics-path /Users/builder/builds/TDmZkXJm/0/finestructure/swiftpackageindex-builder/spi-builder-workspace/.derivedData/Build/Intermediates.noindex/JSONFeed.build/Debug-xros/JSONFeed.build/Objects-normal/arm64/Feed.dia -target arm64-apple-xros1.0 -Xllvm -aarch64-use-tbi -enable-objc-interop -stack-check -sdk /Applications/Xcode-15.0.0-Beta.2.app/Contents/Developer/Platforms/XROS.platform/Developer/SDKs/XROS1.0.sdk -I /Users/builder/builds/TDmZkXJm/0/finestructure/swiftpackageindex-builder/spi-builder-workspace/.derivedData/Build/Products/Debug-xros -I /Applications/Xcode-15.0.0-Beta.2.app/Contents/Developer/Platforms/XROS.platform/Developer/usr/lib -F /Users/builder/builds/TDmZkXJm/0/finestructure/swiftpackageindex-builder/spi-builder-workspace/.derivedData/Build/Products/Debug-xros -F /Applications/Xcode-15.0.0-Beta.2.app/Contents/Developer/Platforms/XROS.platform/Developer/Library/Frameworks -F /Applications/Xcode-15.0.0-Beta.2.app/Contents/Developer/Platforms/XROS.platform/Developer/SDKs/XROS1.0.sdk/Developer/Library/Frameworks -no-color-diagnostics -enable-testing -g -module-cache-path /Users/builder/builds/TDmZkXJm/0/finestructure/swiftpackageindex-builder/spi-builder-workspace/.derivedData/ModuleCache.noindex -swift-version 4 -enforce-exclusivity\=checked -Onone -D SWIFT_PACKAGE -D DEBUG -D Xcode -serialize-debugging-options -const-gather-protocols-file /Users/builder/builds/TDmZkXJm/0/finestructure/swiftpackageindex-builder/spi-builder-workspace/.derivedData/Build/Intermediates.noindex/JSONFeed.build/Debug-xros/JSONFeed.build/Objects-normal/arm64/JSONFeed_const_extract_protocols.json -empty-abi-descriptor -plugin-path /Applications/Xcode-15.0.0-Beta.2.app/Contents/Developer/Toolchains/XcodeDefault.xctoolchain/usr/lib/swift/host/plugins -plugin-path /Applications/Xcode-15.0.0-Beta.2.app/Contents/Developer/Toolchains/XcodeDefault.xctoolchain/usr/local/lib/swift/host/plugins -validate-clang-modules-once -clang-build-session-file /Users/builder/builds/TDmZkXJm/0/finestructure/swiftpackageindex-builder/spi-builder-workspace/.derivedData/ModuleCache.noindex/Session.modulevalidation -Xcc -working-directory -Xcc /Users/builder/builds/TDmZkXJm/0/finestructure/swiftpackageindex-builder/spi-builder-workspace -resource-dir /Applications/Xcode-15.0.0-Beta.2.app/Contents/Developer/Toolchains/XcodeDefault.xctoolchain/usr/lib/swift -enable-anonymous-context-mangled-names -Xcc -ivfsstatcache -Xcc /Users/builder/builds/TDmZkXJm/0/finestructure/swiftpackageindex-builder/spi-builder-workspace/.derivedData/SDKStatCaches.noindex/xros1.0-21N5165f-50a81fd5751d5bee8ff6d6ea12214339.sdkstatcache -Xcc -I/Users/builder/builds/TDmZkXJm/0/finestructure/swiftpackageindex-builder/spi-builder-workspace/.derivedData/Build/Intermediates.noindex/JSONFeed.build/Debug-xros/JSONFeed.build/swift-overrides.hmap -Xcc -I/Users/builder/builds/TDmZkXJm/0/finestructure/swiftpackageindex-builder/spi-builder-workspace/.derivedData/Build/Products/Debug-xros/include -Xcc -I/Users/builder/builds/TDmZkXJm/0/finestructure/swiftpackageindex-builder/spi-builder-workspace/.derivedData/Build/Intermediates.noindex/JSONFeed.build/Debug-xros/JSONFeed.build/DerivedSources-normal/arm64 -Xcc -I/Users/builder/builds/TDmZkXJm/0/finestructure/swiftpackageindex-builder/spi-builder-workspace/.derivedData/Build/Intermediates.noindex/JSONFeed.build/Debug-xros/JSONFeed.build/DerivedSources/arm64 -Xcc -I/Users/builder/builds/TDmZkXJm/0/finestructure/swiftpackageindex-builder/spi-builder-workspace/.derivedData/Build/Intermediates.noindex/JSONFeed.build/Debug-xros/JSONFeed.build/DerivedSources -Xcc -DSWIFT_PACKAGE -Xcc -DDEBUG\=1 -module-name JSONFeed -frontend-parseable-output -disable-clang-spi -target-sdk-version 1.0 -target-sdk-name xros1.0 -o /Users/builder/builds/TDmZkXJm/0/finestructure/swiftpackageindex-builder/spi-builder-workspace/.derivedData/Build/Intermediates.noindex/JSONFeed.build/Debug-xros/JSONFeed.build/Objects-normal/arm64/Feed.o -index-unit-output-path /JSONFeed.build/Debug-xros/JSONFeed.build/Objects-normal/arm64/Feed.o -index-store-path /Users/builder/builds/TDmZkXJm/0/finestructure/swiftpackageindex-builder/spi-builder-workspace/.derivedData/Index.noindex/DataStore -index-system-modules

SwiftEmitModule normal arm64 Emitting\ module\ for\ JSONFeed (in target 'JSONFeed' from project 'JSONFeed')
    cd /Users/builder/builds/TDmZkXJm/0/finestructure/swiftpackageindex-builder/spi-builder-workspace
    builtin-swiftTaskExecution -- /Applications/Xcode-15.0.0-Beta.2.app/Contents/Developer/Toolchains/XcodeDefault.xctoolchain/usr/bin/swift-frontend -frontend -emit-module -experimental-skip-non-inlinable-function-bodies-without-types /Users/builder/builds/TDmZkXJm/0/finestructure/swiftpackageindex-builder/spi-builder-workspace/Sources/JSONFeed/Attachment.swift /Users/builder/builds/TDmZkXJm/0/finestructure/swiftpackageindex-builder/spi-builder-workspace/Sources/JSONFeed/Author.swift /Users/builder/builds/TDmZkXJm/0/finestructure/swiftpackageindex-builder/spi-builder-workspace/Sources/JSONFeed/Feed.swift /Users/builder/builds/TDmZkXJm/0/finestructure/swiftpackageindex-builder/spi-builder-workspace/Sources/JSONFeed/Hub.swift /Users/builder/builds/TDmZkXJm/0/finestructure/swiftpackageindex-builder/spi-builder-workspace/Sources/JSONFeed/Item.swift -target arm64-apple-xros1.0 -Xllvm -aarch64-use-tbi -enable-objc-interop -stack-check -sdk /Applications/Xcode-15.0.0-Beta.2.app/Contents/Developer/Platforms/XROS.platform/Developer/SDKs/XROS1.0.sdk -I /Users/builder/builds/TDmZkXJm/0/finestructure/swiftpackageindex-builder/spi-builder-workspace/.derivedData/Build/Products/Debug-xros -I /Applications/Xcode-15.0.0-Beta.2.app/Contents/Developer/Platforms/XROS.platform/Developer/usr/lib -F /Users/builder/builds/TDmZkXJm/0/finestructure/swiftpackageindex-builder/spi-builder-workspace/.derivedData/Build/Products/Debug-xros -F /Applications/Xcode-15.0.0-Beta.2.app/Contents/Developer/Platforms/XROS.platform/Developer/Library/Frameworks -F /Applications/Xcode-15.0.0-Beta.2.app/Contents/Developer/Platforms/XROS.platform/Developer/SDKs/XROS1.0.sdk/Developer/Library/Frameworks -no-color-diagnostics -enable-testing -g -module-cache-path /Users/builder/builds/TDmZkXJm/0/finestructure/swiftpackageindex-builder/spi-builder-workspace/.derivedData/ModuleCache.noindex -swift-version 4 -enforce-exclusivity\=checked -Onone -D SWIFT_PACKAGE -D DEBUG -D Xcode -serialize-debugging-options -const-gather-protocols-file /Users/builder/builds/TDmZkXJm/0/finestructure/swiftpackageindex-builder/spi-builder-workspace/.derivedData/Build/Intermediates.noindex/JSONFeed.build/Debug-xros/JSONFeed.build/Objects-normal/arm64/JSONFeed_const_extract_protocols.json -empty-abi-descriptor -plugin-path /Applications/Xcode-15.0.0-Beta.2.app/Contents/Developer/Toolchains/XcodeDefault.xctoolchain/usr/lib/swift/host/plugins -plugin-path /Applications/Xcode-15.0.0-Beta.2.app/Contents/Developer/Toolchains/XcodeDefault.xctoolchain/usr/local/lib/swift/host/plugins -validate-clang-modules-once -clang-build-session-file /Users/builder/builds/TDmZkXJm/0/finestructure/swiftpackageindex-builder/spi-builder-workspace/.derivedData/ModuleCache.noindex/Session.modulevalidation -Xcc -working-directory -Xcc /Users/builder/builds/TDmZkXJm/0/finestructure/swiftpackageindex-builder/spi-builder-workspace -resource-dir /Applications/Xcode-15.0.0-Beta.2.app/Contents/Developer/Toolchains/XcodeDefault.xctoolchain/usr/lib/swift -enable-anonymous-context-mangled-names -Xcc -ivfsstatcache -Xcc /Users/builder/builds/TDmZkXJm/0/finestructure/swiftpackageindex-builder/spi-builder-workspace/.derivedData/SDKStatCaches.noindex/xros1.0-21N5165f-50a81fd5751d5bee8ff6d6ea12214339.sdkstatcache -Xcc -I/Users/builder/builds/TDmZkXJm/0/finestructure/swiftpackageindex-builder/spi-builder-workspace/.derivedData/Build/Intermediates.noindex/JSONFeed.build/Debug-xros/JSONFeed.build/swift-overrides.hmap -Xcc -I/Users/builder/builds/TDmZkXJm/0/finestructure/swiftpackageindex-builder/spi-builder-workspace/.derivedData/Build/Products/Debug-xros/include -Xcc -I/Users/builder/builds/TDmZkXJm/0/finestructure/swiftpackageindex-builder/spi-builder-workspace/.derivedData/Build/Intermediates.noindex/JSONFeed.build/Debug-xros/JSONFeed.build/DerivedSources-normal/arm64 -Xcc -I/Users/builder/builds/TDmZkXJm/0/finestructure/swiftpackageindex-builder/spi-builder-workspace/.derivedData/Build/Intermediates.noindex/JSONFeed.build/Debug-xros/JSONFeed.build/DerivedSources/arm64 -Xcc -I/Users/builder/builds/TDmZkXJm/0/finestructure/swiftpackageindex-builder/spi-builder-workspace/.derivedData/Build/Intermediates.noindex/JSONFeed.build/Debug-xros/JSONFeed.build/DerivedSources -Xcc -DSWIFT_PACKAGE -Xcc -DDEBUG\=1 -module-name JSONFeed -disable-clang-spi -target-sdk-version 1.0 -target-sdk-name xros1.0 -emit-module-doc-path /Users/builder/builds/TDmZkXJm/0/finestructure/swiftpackageindex-builder/spi-builder-workspace/.derivedData/Build/Intermediates.noindex/JSONFeed.build/Debug-xros/JSONFeed.build/Objects-normal/arm64/JSONFeed.swiftdoc -emit-module-source-info-path /Users/builder/builds/TDmZkXJm/0/finestructure/swiftpackageindex-builder/spi-builder-workspace/.derivedData/Build/Intermediates.noindex/JSONFeed.build/Debug-xros/JSONFeed.build/Objects-normal/arm64/JSONFeed.swiftsourceinfo -emit-objc-header-path /Users/builder/builds/TDmZkXJm/0/finestructure/swiftpackageindex-builder/spi-builder-workspace/.derivedData/Build/Intermediates.noindex/JSONFeed.build/Debug-xros/JSONFeed.build/Objects-normal/arm64/JSONFeed-Swift.h -serialize-diagnostics-path /Users/builder/builds/TDmZkXJm/0/finestructure/swiftpackageindex-builder/spi-builder-workspace/.derivedData/Build/Intermediates.noindex/JSONFeed.build/Debug-xros/JSONFeed.build/Objects-normal/arm64/JSONFeed-master-emit-module.dia -emit-dependencies-path /Users/builder/builds/TDmZkXJm/0/finestructure/swiftpackageindex-builder/spi-builder-workspace/.derivedData/Build/Intermediates.noindex/JSONFeed.build/Debug-xros/JSONFeed.build/Objects-normal/arm64/JSONFeed-master-emit-module.d -o /Users/builder/builds/TDmZkXJm/0/finestructure/swiftpackageindex-builder/spi-builder-workspace/.derivedData/Build/Intermediates.noindex/JSONFeed.build/Debug-xros/JSONFeed.build/Objects-normal/arm64/JSONFeed.swiftmodule -emit-abi-descriptor-path /Users/builder/builds/TDmZkXJm/0/finestructure/swiftpackageindex-builder/spi-builder-workspace/.derivedData/Build/Intermediates.noindex/JSONFeed.build/Debug-xros/JSONFeed.build/Objects-normal/arm64/JSONFeed.abi.json

SwiftCompile normal arm64 Compiling\ Attachment.swift /Users/builder/builds/TDmZkXJm/0/finestructure/swiftpackageindex-builder/spi-builder-workspace/Sources/JSONFeed/Attachment.swift (in target 'JSONFeed' from project 'JSONFeed')
    cd /Users/builder/builds/TDmZkXJm/0/finestructure/swiftpackageindex-builder/spi-builder-workspace
    builtin-swiftTaskExecution -- /Applications/Xcode-15.0.0-Beta.2.app/Contents/Developer/Toolchains/XcodeDefault.xctoolchain/usr/bin/swift-frontend -frontend -c -primary-file /Users/builder/builds/TDmZkXJm/0/finestructure/swiftpackageindex-builder/spi-builder-workspace/Sources/JSONFeed/Attachment.swift /Users/builder/builds/TDmZkXJm/0/finestructure/swiftpackageindex-builder/spi-builder-workspace/Sources/JSONFeed/Author.swift /Users/builder/builds/TDmZkXJm/0/finestructure/swiftpackageindex-builder/spi-builder-workspace/Sources/JSONFeed/Feed.swift /Users/builder/builds/TDmZkXJm/0/finestructure/swiftpackageindex-builder/spi-builder-workspace/Sources/JSONFeed/Hub.swift /Users/builder/builds/TDmZkXJm/0/finestructure/swiftpackageindex-builder/spi-builder-workspace/Sources/JSONFeed/Item.swift -emit-dependencies-path /Users/builder/builds/TDmZkXJm/0/finestructure/swiftpackageindex-builder/spi-builder-workspace/.derivedData/Build/Intermediates.noindex/JSONFeed.build/Debug-xros/JSONFeed.build/Objects-normal/arm64/Attachment.d -emit-const-values-path /Users/builder/builds/TDmZkXJm/0/finestructure/swiftpackageindex-builder/spi-builder-workspace/.derivedData/Build/Intermediates.noindex/JSONFeed.build/Debug-xros/JSONFeed.build/Objects-normal/arm64/Attachment.swiftconstvalues -emit-reference-dependencies-path /Users/builder/builds/TDmZkXJm/0/finestructure/swiftpackageindex-builder/spi-builder-workspace/.derivedData/Build/Intermediates.noindex/JSONFeed.build/Debug-xros/JSONFeed.build/Objects-normal/arm64/Attachment.swiftdeps -serialize-diagnostics-path /Users/builder/builds/TDmZkXJm/0/finestructure/swiftpackageindex-builder/spi-builder-workspace/.derivedData/Build/Intermediates.noindex/JSONFeed.build/Debug-xros/JSONFeed.build/Objects-normal/arm64/Attachment.dia -target arm64-apple-xros1.0 -Xllvm -aarch64-use-tbi -enable-objc-interop -stack-check -sdk /Applications/Xcode-15.0.0-Beta.2.app/Contents/Developer/Platforms/XROS.platform/Developer/SDKs/XROS1.0.sdk -I /Users/builder/builds/TDmZkXJm/0/finestructure/swiftpackageindex-builder/spi-builder-workspace/.derivedData/Build/Products/Debug-xros -I /Applications/Xcode-15.0.0-Beta.2.app/Contents/Developer/Platforms/XROS.platform/Developer/usr/lib -F /Users/builder/builds/TDmZkXJm/0/finestructure/swiftpackageindex-builder/spi-builder-workspace/.derivedData/Build/Products/Debug-xros -F /Applications/Xcode-15.0.0-Beta.2.app/Contents/Developer/Platforms/XROS.platform/Developer/Library/Frameworks -F /Applications/Xcode-15.0.0-Beta.2.app/Contents/Developer/Platforms/XROS.platform/Developer/SDKs/XROS1.0.sdk/Developer/Library/Frameworks -no-color-diagnostics -enable-testing -g -module-cache-path /Users/builder/builds/TDmZkXJm/0/finestructure/swiftpackageindex-builder/spi-builder-workspace/.derivedData/ModuleCache.noindex -swift-version 4 -enforce-exclusivity\=checked -Onone -D SWIFT_PACKAGE -D DEBUG -D Xcode -serialize-debugging-options -const-gather-protocols-file /Users/builder/builds/TDmZkXJm/0/finestructure/swiftpackageindex-builder/spi-builder-workspace/.derivedData/Build/Intermediates.noindex/JSONFeed.build/Debug-xros/JSONFeed.build/Objects-normal/arm64/JSONFeed_const_extract_protocols.json -empty-abi-descriptor -plugin-path /Applications/Xcode-15.0.0-Beta.2.app/Contents/Developer/Toolchains/XcodeDefault.xctoolchain/usr/lib/swift/host/plugins -plugin-path /Applications/Xcode-15.0.0-Beta.2.app/Contents/Developer/Toolchains/XcodeDefault.xctoolchain/usr/local/lib/swift/host/plugins -validate-clang-modules-once -clang-build-session-file /Users/builder/builds/TDmZkXJm/0/finestructure/swiftpackageindex-builder/spi-builder-workspace/.derivedData/ModuleCache.noindex/Session.modulevalidation -Xcc -working-directory -Xcc /Users/builder/builds/TDmZkXJm/0/finestructure/swiftpackageindex-builder/spi-builder-workspace -resource-dir /Applications/Xcode-15.0.0-Beta.2.app/Contents/Developer/Toolchains/XcodeDefault.xctoolchain/usr/lib/swift -enable-anonymous-context-mangled-names -Xcc -ivfsstatcache -Xcc /Users/builder/builds/TDmZkXJm/0/finestructure/swiftpackageindex-builder/spi-builder-workspace/.derivedData/SDKStatCaches.noindex/xros1.0-21N5165f-50a81fd5751d5bee8ff6d6ea12214339.sdkstatcache -Xcc -I/Users/builder/builds/TDmZkXJm/0/finestructure/swiftpackageindex-builder/spi-builder-workspace/.derivedData/Build/Intermediates.noindex/JSONFeed.build/Debug-xros/JSONFeed.build/swift-overrides.hmap -Xcc -I/Users/builder/builds/TDmZkXJm/0/finestructure/swiftpackageindex-builder/spi-builder-workspace/.derivedData/Build/Products/Debug-xros/include -Xcc -I/Users/builder/builds/TDmZkXJm/0/finestructure/swiftpackageindex-builder/spi-builder-workspace/.derivedData/Build/Intermediates.noindex/JSONFeed.build/Debug-xros/JSONFeed.build/DerivedSources-normal/arm64 -Xcc -I/Users/builder/builds/TDmZkXJm/0/finestructure/swiftpackageindex-builder/spi-builder-workspace/.derivedData/Build/Intermediates.noindex/JSONFeed.build/Debug-xros/JSONFeed.build/DerivedSources/arm64 -Xcc -I/Users/builder/builds/TDmZkXJm/0/finestructure/swiftpackageindex-builder/spi-builder-workspace/.derivedData/Build/Intermediates.noindex/JSONFeed.build/Debug-xros/JSONFeed.build/DerivedSources -Xcc -DSWIFT_PACKAGE -Xcc -DDEBUG\=1 -module-name JSONFeed -frontend-parseable-output -disable-clang-spi -target-sdk-version 1.0 -target-sdk-name xros1.0 -o /Users/builder/builds/TDmZkXJm/0/finestructure/swiftpackageindex-builder/spi-builder-workspace/.derivedData/Build/Intermediates.noindex/JSONFeed.build/Debug-xros/JSONFeed.build/Objects-normal/arm64/Attachment.o -index-unit-output-path /JSONFeed.build/Debug-xros/JSONFeed.build/Objects-normal/arm64/Attachment.o -index-store-path /Users/builder/builds/TDmZkXJm/0/finestructure/swiftpackageindex-builder/spi-builder-workspace/.derivedData/Index.noindex/DataStore -index-system-modules

SwiftCompile normal arm64 /Users/builder/builds/TDmZkXJm/0/finestructure/swiftpackageindex-builder/spi-builder-workspace/Sources/JSONFeed/Attachment.swift (in target 'JSONFeed' from project 'JSONFeed')
    cd /Users/builder/builds/TDmZkXJm/0/finestructure/swiftpackageindex-builder/spi-builder-workspace
    /Applications/Xcode-15.0.0-Beta.2.app/Contents/Developer/Toolchains/XcodeDefault.xctoolchain/usr/bin/swift-frontend -c -primary-file /Users/builder/builds/TDmZkXJm/0/finestructure/swiftpackageindex-builder/spi-builder-workspace/Sources/JSONFeed/Attachment.swift /Users/builder/builds/TDmZkXJm/0/finestructure/swiftpackageindex-builder/spi-builder-workspace/Sources/JSONFeed/Author.swift /Users/builder/builds/TDmZkXJm/0/finestructure/swiftpackageindex-builder/spi-builder-workspace/Sources/JSONFeed/Feed.swift /Users/builder/builds/TDmZkXJm/0/finestructure/swiftpackageindex-builder/spi-builder-workspace/Sources/JSONFeed/Hub.swift /Users/builder/builds/TDmZkXJm/0/finestructure/swiftpackageindex-builder/spi-builder-workspace/Sources/JSONFeed/Item.swift -emit-dependencies-path /Users/builder/builds/TDmZkXJm/0/finestructure/swiftpackageindex-builder/spi-builder-workspace/.derivedData/Build/Intermediates.noindex/JSONFeed.build/Debug-xros/JSONFeed.build/Objects-normal/arm64/Attachment.d -emit-const-values-path /Users/builder/builds/TDmZkXJm/0/finestructure/swiftpackageindex-builder/spi-builder-workspace/.derivedData/Build/Intermediates.noindex/JSONFeed.build/Debug-xros/JSONFeed.build/Objects-normal/arm64/Attachment.swiftconstvalues -emit-reference-dependencies-path /Users/builder/builds/TDmZkXJm/0/finestructure/swiftpackageindex-builder/spi-builder-workspace/.derivedData/Build/Intermediates.noindex/JSONFeed.build/Debug-xros/JSONFeed.build/Objects-normal/arm64/Attachment.swiftdeps -serialize-diagnostics-path /Users/builder/builds/TDmZkXJm/0/finestructure/swiftpackageindex-builder/spi-builder-workspace/.derivedData/Build/Intermediates.noindex/JSONFeed.build/Debug-xros/JSONFeed.build/Objects-normal/arm64/Attachment.dia -target arm64-apple-xros1.0 -Xllvm -aarch64-use-tbi -enable-objc-interop -stack-check -sdk /Applications/Xcode-15.0.0-Beta.2.app/Contents/Developer/Platforms/XROS.platform/Developer/SDKs/XROS1.0.sdk -I /Users/builder/builds/TDmZkXJm/0/finestructure/swiftpackageindex-builder/spi-builder-workspace/.derivedData/Build/Products/Debug-xros -I /Applications/Xcode-15.0.0-Beta.2.app/Contents/Developer/Platforms/XROS.platform/Developer/usr/lib -F /Users/builder/builds/TDmZkXJm/0/finestructure/swiftpackageindex-builder/spi-builder-workspace/.derivedData/Build/Products/Debug-xros -F /Applications/Xcode-15.0.0-Beta.2.app/Contents/Developer/Platforms/XROS.platform/Developer/Library/Frameworks -F /Applications/Xcode-15.0.0-Beta.2.app/Contents/Developer/Platforms/XROS.platform/Developer/SDKs/XROS1.0.sdk/Developer/Library/Frameworks -no-color-diagnostics -enable-testing -g -module-cache-path /Users/builder/builds/TDmZkXJm/0/finestructure/swiftpackageindex-builder/spi-builder-workspace/.derivedData/ModuleCache.noindex -swift-version 4 -enforce-exclusivity\=checked -Onone -D SWIFT_PACKAGE -D DEBUG -D Xcode -serialize-debugging-options -const-gather-protocols-file /Users/builder/builds/TDmZkXJm/0/finestructure/swiftpackageindex-builder/spi-builder-workspace/.derivedData/Build/Intermediates.noindex/JSONFeed.build/Debug-xros/JSONFeed.build/Objects-normal/arm64/JSONFeed_const_extract_protocols.json -empty-abi-descriptor -plugin-path /Applications/Xcode-15.0.0-Beta.2.app/Contents/Developer/Toolchains/XcodeDefault.xctoolchain/usr/lib/swift/host/plugins -plugin-path /Applications/Xcode-15.0.0-Beta.2.app/Contents/Developer/Toolchains/XcodeDefault.xctoolchain/usr/local/lib/swift/host/plugins -validate-clang-modules-once -clang-build-session-file /Users/builder/builds/TDmZkXJm/0/finestructure/swiftpackageindex-builder/spi-builder-workspace/.derivedData/ModuleCache.noindex/Session.modulevalidation -Xcc -working-directory -Xcc /Users/builder
/builds/TDmZkXJm/0/finestructure/swiftpackageindex-builder/spi-builder-workspace -resource-dir /Applications/Xcode-15.0.0-Beta.2.app/Contents/Developer/Toolchains/XcodeDefault.xctoolchain/usr/lib/swift -enable-anonymous-context-mangled-names -Xcc -ivfsstatcache -Xcc /Users/builder/builds/TDmZkXJm/0/finestructure/swiftpackageindex-builder/spi-builder-workspace/.derivedData/SDKStatCaches.noindex/xros1.0-21N5165f-50a81fd5751d5bee8ff6d6ea12214339.sdkstatcache -Xcc -I/Users/builder/builds/TDmZkXJm/0/finestructure/swiftpackageindex-builder/spi-builder-workspace/.derivedData/Build/Intermediates.noindex/JSONFeed.build/Debug-xros/JSONFeed.build/swift-overrides.hmap -Xcc -I/Users/builder/builds/TDmZkXJm/0/finestructure/swiftpackageindex-builder/spi-builder-workspace/.derivedData/Build/Products/Debug-xros/include -Xcc -I/Users/builder/builds/TDmZkXJm/0/finestructure/swiftpackageindex-builder/spi-builder-workspace/.derivedData/Build/Intermediates.noindex/JSONFeed.build/Debug-xros/JSONFeed.build/DerivedSources-normal/arm64 -Xcc -I/Users/builder/builds/TDmZkXJm/0/finestructure/swiftpackageindex-builder/spi-builder-workspace/.derivedData/Build/Intermediates.noindex/JSONFeed.build/Debug-xros/JSONFeed.build/DerivedSources/arm64 -Xcc -I/Users/builder/builds/TDmZkXJm/0/finestructure/swiftpackageindex-builder/spi-builder-workspace/.derivedData/Build/Intermediates.noindex/JSONFeed.build/Debug-xros/JSONFeed.build/DerivedSources -Xcc -DSWIFT_PACKAGE -Xcc -DDEBUG\=1 -module-name JSONFeed -frontend-parseable-output -disable-clang-spi -target-sdk-version 1.0 -target-sdk-name xros1.0 -o /Users/builder/builds/TDmZkXJm/0/finestructure/swiftpackageindex-builder/spi-builder-workspace/.derivedData/Build/Intermediates.noindex/JSONFeed.build/Debug-xros/JSONFeed.build/Objects-normal/arm64/Attachment.o -index-unit-output-path /JSONFeed.build/Debug-xros/JSONFeed.build/Objects-normal/arm64/Attachment.o -index-store-path /Users/builder/builds/TDmZkXJm/0/finestructure/swiftpackageindex-builder/spi-builder-workspace/.derivedData/Index.noindex/DataStore -index-system-modules

SwiftCompile normal arm64 Compiling\ Author.swift /Users/builder/builds/TDmZkXJm/0/finestructure/swiftpackageindex-builder/spi-builder-workspace/Sources/JSONFeed/Author.swift (in target 'JSONFeed' from project 'JSONFeed')
    cd /Users/builder/builds/TDmZkXJm/0/finestructure/swiftpackageindex-builder/spi-builder-workspace
    builtin-swiftTaskExecution -- /Applications/Xcode-15.0.0-Beta.2.app/Contents/Developer/Toolchains/XcodeDefault.xctoolchain/usr/bin/swift-frontend -frontend -c /Users/builder/builds/TDmZkXJm/0/finestructure/swiftpackageindex-builder/spi-builder-workspace/Sources/JSONFeed/Attachment.swift -primary-file /Users/builder/builds/TDmZkXJm/0/finestructure/swiftpackageindex-builder/spi-builder-workspace/Sources/JSONFeed/Author.swift /Users/builder/builds/TDmZkXJm/0/finestructure/swiftpackageindex-builder/spi-builder-workspace/Sources/JSONFeed/Feed.swift /Users/builder/builds/TDmZkXJm/0/finestructure/swiftpackageindex-builder/spi-builder-workspace/Sources/JSONFeed/Hub.swift /Users/builder/builds/TDmZkXJm/0/finestructure/swiftpackageindex-builder/spi-builder-workspace/Sources/JSONFeed/Item.swift -emit-dependencies-path /Users/builder/builds/TDmZkXJm/0/finestructure/swiftpackageindex-builder/spi-builder-workspace/.derivedData/Build/Intermediates.noindex/JSONFeed.build/Debug-xros/JSONFeed.build/Objects-normal/arm64/Author.d -emit-const-values-path /Users/builder/builds/TDmZkXJm/0/finestructure/swiftpackageindex-builder/spi-builder-workspace/.derivedData/Build/Intermediates.noindex/JSONFeed.build/Debug-xros/JSONFeed.build/Objects-normal/arm64/Author.swiftconstvalues -emit-reference-dependencies-path /Users/builder/builds/TDmZkXJm/0/finestructure/swiftpackageindex-builder/spi-builder-workspace/.derivedData/Build/Intermediates.noindex/JSONFeed.build/Debug-xros/JSONFeed.build/Objects-normal/arm64/Author.swiftdeps -serialize-diagnostics-path /Users/builder/builds/TDmZkXJm/0/finestructure/swiftpackageindex-builder/spi-builder-workspace/.derivedData/Build/Intermediates.noindex/JSONFeed.build/Debug-xros/JSONFeed.build/Objects-normal/arm64/Author.dia -target arm64-apple-xros1.0 -Xllvm -aarch64-use-tbi -enable-objc-interop -stack-check -sdk /Applications/Xcode-15.0.0-Beta.2.app/Contents/Developer/Platforms/XROS.platform/Developer/SDKs/XROS1.0.sdk -I /Users/builder/builds/TDmZkXJm/0/finestructure/swiftpackageindex-builder/spi-builder-workspace/.derivedData/Build/Products/Debug-xros -I /Applications/Xcode-15.0.0-Beta.2.app/Contents/Developer/Platforms/XROS.platform/Developer/usr/lib -F /Users/builder/builds/TDmZkXJm/0/finestructure/swiftpackageindex-builder/spi-builder-workspace/.derivedData/Build/Products/Debug-xros -F /Applications/Xcode-15.0.0-Beta.2.app/Contents/Developer/Platforms/XROS.platform/Developer/Library/Frameworks -F /Applications/Xcode-15.0.0-Beta.2.app/Contents/Developer/Platforms/XROS.platform/Developer/SDKs/XROS1.0.sdk/Developer/Library/Frameworks -no-color-diagnostics -enable-testing -g -module-cache-path /Users/builder/builds/TDmZkXJm/0/finestructure/swiftpackageindex-builder/spi-builder-workspace/.derivedData/ModuleCache.noindex -swift-version 4 -enforce-exclusivity\=checked -Onone -D SWIFT_PACKAGE -D DEBUG -D Xcode -serialize-debugging-options -const-gather-protocols-file /Users/builder/builds/TDmZkXJm/0/finestructure/swiftpackageindex-builder/spi-builder-workspace/.derivedData/Build/Intermediates.noindex/JSONFeed.build/Debug-xros/JSONFeed.build/Objects-normal/arm64/JSONFeed_const_extract_protocols.json -empty-abi-descriptor -plugin-path /Applications/Xcode-15.0.0-Beta.2.app/Contents/Developer/Toolchains/XcodeDefault.xctoolchain/usr/lib/swift/host/plugins -plugin-path /Applications/Xcode-15.0.0-Beta.2.app/Contents/Developer/Toolchains/XcodeDefault.xctoolchain/usr/local/lib/swift/host/plugins -validate-clang-modules-once -clang-build-session-file /Users/builder/builds/TDmZkXJm/0/finestructure/swiftpackageindex-builder/spi-builder-workspace/.derivedData/ModuleCache.noindex/Session.modulevalidation -Xcc -working-directory -Xcc /Users/builder/builds/TDmZkXJm/0/finestructure/swiftpackageindex-builder/spi-builder-workspace -resource-dir /Applications/Xcode-15.0.0-Beta.2.app/Contents/Developer/Toolchains/XcodeDefault.xctoolchain/usr/lib/swift -enable-anonymous-context-mangled-names -Xcc -ivfsstatcache -Xcc /Users/builder/builds/TDmZkXJm/0/finestructure/swiftpackageindex-builder/spi-builder-workspace/.derivedData/SDKStatCaches.noindex/xros1.0-21N5165f-50a81fd5751d5bee8ff6d6ea12214339.sdkstatcache -Xcc -I/Users/builder/builds/TDmZkXJm/0/finestructure/swiftpackageindex-builder/spi-builder-workspace/.derivedData/Build/Intermediates.noindex/JSONFeed.build/Debug-xros/JSONFeed.build/swift-overrides.hmap -Xcc -I/Users/builder/builds/TDmZkXJm/0/finestructure/swiftpackageindex-builder/spi-builder-workspace/.derivedData/Build/Products/Debug-xros/include -Xcc -I/Users/builder/builds/TDmZkXJm/0/finestructure/swiftpackageindex-builder/spi-builder-workspace/.derivedData/Build/Intermediates.noindex/JSONFeed.build/Debug-xros/JSONFeed.build/DerivedSources-normal/arm64 -Xcc -I/Users/builder/builds/TDmZkXJm/0/finestructure/swiftpackageindex-builder/spi-builder-workspace/.derivedData/Build/Intermediates.noindex/JSONFeed.build/Debug-xros/JSONFeed.build/DerivedSources/arm64 -Xcc -I/Users/builder/builds/TDmZkXJm/0/finestructure/swiftpackageindex-builder/spi-builder-workspace/.derivedData/Build/Intermediates.noindex/JSONFeed.build/Debug-xros/JSONFeed.build/DerivedSources -Xcc -DSWIFT_PACKAGE -Xcc -DDEBUG\=1 -module-name JSONFeed -frontend-parseable-output -disable-clang-spi -target-sdk-version 1.0 -target-sdk-name xros1.0 -o /Users/builder/builds/TDmZkXJm/0/finestructure/swiftpackageindex-builder/spi-builder-workspace/.derivedData/Build/Intermediates.noindex/JSONFeed.build/Debug-xros/JSONFeed.build/Objects-normal/arm64/Author.o -index-unit-output-path /JSONFeed.build/Debug-xros/JSONFeed.build/Objects-normal/arm64/Author.o -index-store-path /Users/builder/builds/TDmZkXJm/0/finestructure/swiftpackageindex-builder/spi-builder-workspace/.derivedData/Index.noindex/DataStore -index-system-modules

SwiftCompile normal arm64 /Users/builder/builds/TDmZkXJm/0/finestructure/swiftpackageindex-builder/spi-builder-workspace/Sources/JSONFeed/Author.swift (in target 'JSONFeed' from project 'JSONFeed')
    cd /Users/builder/builds/TDmZkXJm/0/finestructure/swiftpackageindex-builder/spi-builder-workspace
    /Applications/Xcode-15.0.0-Beta.2.app/Contents/Developer/Toolchains/XcodeDefault.xctoolchain/usr/bin/swift-frontend -c /Users/builder/builds/TDmZkXJm/0/finestructure/swiftpackageindex-builder/spi-builder-workspace/Sources/JSONFeed/Attachment.swift -primary-file /Users/builder/builds/TDmZkXJm/0/finestructure/swiftpackageindex-builder/spi-builder-workspace/Sources/JSONFeed/Author.swift /Users/builder/builds/TDmZkXJm/0/finestructure/swiftpackageindex-builder/spi-builder-workspace/Sources/JSONFeed/Feed.swift /Users/builder/builds/TDmZkXJm/0/finestructure/swiftpackageindex-builder/spi-builder-workspace/Sources/JSONFeed/Hub.swift /Users/builder/builds/TDmZkXJm/0/finestructure/swiftpackageindex-builder/spi-builder-workspace/Sources/JSONFeed/Item.swift -emit-dependencies-path /Users/builder/builds/TDmZkXJm/0/finestructure/swiftpackageindex-builder/spi-builder-workspace/.derivedData/Build/Intermediates.noindex/JSONFeed.build/Debug-xros/JSONFeed.build/Objects-normal/arm64/Author.d -emit-const-values-path /Users/builder/builds/TDmZkXJm/0/finestructure/swiftpackageindex-builder/spi-builder-workspace/.derivedData/Build/Intermediates.noindex/JSONFeed.build/Debug-xros/JSONFeed.build/Objects-normal/arm64/Author.swiftconstvalues -emit-reference-dependencies-path /Users/builder/builds/TDmZkXJm/0/finestructure/swiftpackageindex-builder/spi-builder-workspace/.derivedData/Build/Intermediates.noindex/JSONFeed.build/Debug-xros/JSONFeed.build/Objects-normal/arm64/Author.swiftdeps -serialize-diagnostics-path /Users/builder/builds/TDmZkXJm/0/finestructure/swiftpackageindex-builder/spi-builder-workspace/.derivedData/Build/Intermediates.noindex/JSONFeed.build/Debug-xros/JSONFeed.build/Objects-normal/arm64/Author.dia -target arm64-apple-xros1.0 -Xllvm -aarch64-use-tbi -enable-objc-interop -stack-check -sdk /Applications/Xcode-15.0.0-Beta.2.app/Contents/Developer/Platforms/XROS.platform/Developer/SDKs/XROS1.0.sdk -I /Users/builder/builds/TDmZkXJm/0/finestructure/swiftpackageindex-builder/spi-builder-workspace/.derivedData/Build/Products/Debug-xros -I /Applications/Xcode-15.0.0-Beta.2.app/Contents/Developer/Platforms/XROS.platform/Developer/usr/lib -F /Users/builder/builds/TDmZkXJm/0/finestructure/swiftpackageindex-builder/spi-builder-workspace/.derivedData/Build/Products/Debug-xros -F /Applications/Xcode-15.0.0-Beta.2.app/Contents/Developer/Platforms/XROS.platform/Developer/Library/Frameworks -F /Applications/Xcode-15.0.0-Beta.2.app/Contents/Developer/Platforms/XROS.platform/Developer/SDKs/XROS1.0.sdk/Developer/Library/Frameworks -no-color-diagnostics -enable-testing -g -module-cache-path /Users/builder/builds/TDmZkXJm/0/finestructure/swiftpackageindex-builder/spi-builder-workspace/.derivedData/ModuleCache.noindex -swift-version 4 -enforce-exclusivity\=checked -Onone -D SWIFT_PACKAGE -D DEBUG -D Xcode -serialize-debugging-options -const-gather-protocols-file /Users/builder/builds/TDmZkXJm/0/finestructure/swiftpackageindex-builder/spi-builder-workspace/.derivedData/Build/Intermediates.noindex/JSONFeed.build/Debug-xros/JSONFeed.build/Objects-normal/arm64/JSONFeed_const_extract_protocols.json -empty-abi-descriptor -plugin-path /Applications/Xcode-15.0.0-Beta.2.app/Contents/Developer/Toolchains/XcodeDefault.xctoolchain/usr/lib/swift/host/plugins -plugin-path /Applications/Xcode-15.0.0-Beta.2.app/Contents/Developer/Toolchains/XcodeDefault.xctoolchain/usr/local/lib/swift/host/plugins -validate-clang-modules-once -clang-build-session-file /Users/builder/builds/TDmZkXJm/0/finestructure/swiftpackageindex-builder/spi-builder-workspace/.derivedData/ModuleCache.noindex/Session.modulevalidation -Xcc -working-directory -Xcc /Users/builder/builds/TDmZkXJm/0/finestructure/swiftpackageindex-builder/spi-builder-workspace -resource-dir /Applications/Xcode-15.0.0-Beta.2.app/Contents/Developer/Toolchains/XcodeDefault.xctoolchain/usr/lib/swift -enable-anonymous-context-mangled-names -Xcc -ivfsstatcache -Xcc /Users/builder/builds/TDmZkXJm/0/finestructure/swiftpackageindex-builder/spi-builder-workspace/.derivedData/SDKStatCaches.noindex/xros1.0-21N5165f-50a81fd5751d5bee8ff6d6ea12214339.sdkstatcache -Xcc -I/Users/builder/builds/TDmZkXJm/0/finestructure/swiftpackageindex-builder/spi-builder-workspace/.derivedData/Build/Intermediates.noindex/JSONFeed.build/Debug-xros/JSONFeed.build/swift-overrides.hmap -Xcc -I/Users/builder/builds/TDmZkXJm/0/finestructure/swiftpackageindex-builder/spi-builder-workspace/.derivedData/Build/Products/Debug-xros/include -Xcc -I/Users/builder/builds/TDmZkXJm/0/finestructure/swiftpackageindex-builder/spi-builder-workspace/.derivedData/Build/Intermediates.noindex/JSONFeed.build/Debug-xros/JSONFeed.build/DerivedSources-normal/arm64 -Xcc -I/Users/builder/builds/TDmZkXJm/0/finestructure/swiftpackageindex-builder/spi-builder-workspace/.derivedData/Build/Intermediates.noindex/JSONFeed.build/Debug-xros/JSONFeed.build/DerivedSources/arm64 -Xcc -I/Users/builder/builds/TDmZkXJm/0/finestructure/swiftpackageindex-builder/spi-builder-workspace/.derivedData/Build/Intermediates.noindex/JSONFeed.build/Debug-xros/JSONFeed.build/DerivedSources -Xcc -DSWIFT_PACKAGE -Xcc -DDEBUG\=1 -module-name JSONFeed -frontend-parseable-output -disable-clang-spi -target-sdk-version 1.0 -target-sdk-name xros1.0 -o /Users/builder/builds/TDmZkXJm/0/finestructure/swiftpackageindex-builder/spi-builder-workspace/.derivedData/Build/Intermediates.noindex/JSONFeed.build/Debug-xros/JSONFeed.build/Objects-normal/arm64/Author.o -index-unit-output-path /JSONFeed.build/Debug-xros/JSONFeed.build/Objects-normal/arm64/Author.o -index-store-path /Users/builder/builds/TDmZkXJm/0/finestructure/swiftpackageindex-builder/spi-builder-workspace/.derivedData/Index.noindex/DataStore -index-system-modules

SwiftCompile normal arm64 Compiling\ Hub.swift /Users/builder/builds/TDmZkXJm/0/finestructure/swiftpackageindex-builder/spi-builder-workspace/Sources/JSONFeed/Hub.swift (in target 'JSONFeed' from project 'JSONFeed')
    cd /Users/builder/builds/TDmZkXJm/0/finestructure/swiftpackageindex-builder/spi-builder-workspace
    builtin-swiftTaskExecution -- /Applications/Xcode-15.0.0-Beta.2.app/Contents/Developer/Toolchains/XcodeDefault.xctoolchain/usr/bin/swift-frontend -frontend -c /Users/builder/builds/TDmZkXJm/0/finestructure/swiftpackageindex-builder/spi-builder-workspace/Sources/JSONFeed/Attachment.swift /Users/builder/builds/TDmZkXJm/0/finestructure/swiftpackageindex-builder/spi-builder-workspace/Sources/JSONFeed/Author.swift /Users/builder/builds/TDmZkXJm/0/finestructure/swiftpackageindex-builder/spi-builder-workspace/Sources/JSONFeed/Feed.swift -primary-file /Users/builder/builds/TDmZkXJm/0/finestructure/swiftpackageindex-builder/spi-builder-workspace/Sources/JSONFeed/Hub.swift /Users/builder/builds/TDmZkXJm/0/finestructure/swiftpackageindex-builder/spi-builder-workspace/Sources/JSONFeed/Item.swift -emit-dependencies-path /Users/builder/builds/TDmZkXJm/0/finestructure/swiftpackageindex-builder/spi-builder-workspace/.derivedData/Build/Intermediates.noindex/JSONFeed.build/Debug-xros/JSONFeed.build/Objects-normal/arm64/Hub.d -emit-const-values-path /Users/builder/builds/TDmZkXJm/0/finestructure/swiftpackageindex-builder/spi-builder-workspace/.derivedData/Build/Intermediates.noindex/JSONFeed.build/Debug-xros/JSONFeed.build/Objects-normal/arm64/Hub.swiftconstvalues -emit-reference-dependencies-path /Users/builder/builds/TDmZkXJm/0/finestructure/swiftpackageindex-builder/spi-builder-workspace/.derivedData/Build/Intermediates.noindex/JSONFeed.build/Debug-xros/JSONFeed.build/Objects-normal/arm64/Hub.swiftdeps -serialize-diagnostics-path /Users/builder/builds/TDmZkXJm/0/finestructure/swiftpackageindex-builder/spi-builder-workspace/.derivedData/Build/Intermediates.noindex/JSONFeed.build/Debug-xros/JSONFeed.build/Objects-normal/arm64/Hub.dia -target arm64-apple-xros1.0 -Xllvm -aarch64-use-tbi -enable-objc-interop -stack-check -sdk /Applications/Xcode-15.0.0-Beta.
2.app/Contents/Developer/Platforms/XROS.platform/Developer/SDKs/XROS1.0.sdk -I /Users/builder/builds/TDmZkXJm/0/finestructure/swiftpackageindex-builder/spi-builder-workspace/.derivedData/Build/Products/Debug-xros -I /Applications/Xcode-15.0.0-Beta.2.app/Contents/Developer/Platforms/XROS.platform/Developer/usr/lib -F /Users/builder/builds/TDmZkXJm/0/finestructure/swiftpackageindex-builder/spi-builder-workspace/.derivedData/Build/Products/Debug-xros -F /Applications/Xcode-15.0.0-Beta.2.app/Contents/Developer/Platforms/XROS.platform/Developer/Library/Frameworks -F /Applications/Xcode-15.0.0-Beta.2.app/Contents/Developer/Platforms/XROS.platform/Developer/SDKs/XROS1.0.sdk/Developer/Library/Frameworks -no-color-diagnostics -enable-testing -g -module-cache-path /Users/builder/builds/TDmZkXJm/0/finestructure/swiftpackageindex-builder/spi-builder-workspace/.derivedData/ModuleCache.noindex -swift-version 4 -enforce-exclusivity\=checked -Onone -D SWIFT_PACKAGE -D DEBUG -D Xcode -serialize-debugging-options -const-gather-protocols-file /Users/builder/builds/TDmZkXJm/0/finestructure/swiftpackageindex-builder/spi-builder-workspace/.derivedData/Build/Intermediates.noindex/JSONFeed.build/Debug-xros/JSONFeed.build/Objects-normal/arm64/JSONFeed_const_extract_protocols.json -empty-abi-descriptor -plugin-path /Applications/Xcode-15.0.0-Beta.2.app/Contents/Developer/Toolchains/XcodeDefault.xctoolchain/usr/lib/swift/host/plugins -plugin-path /Applications/Xcode-15.0.0-Beta.2.app/Contents/Developer/Toolchains/XcodeDefault.xctoolchain/usr/local/lib/swift/host/plugins -validate-clang-modules-once -clang-build-session-file /Users/builder/builds/TDmZkXJm/0/finestructure/swiftpackageindex-builder/spi-builder-workspace/.derivedData/ModuleCache.noindex/Session.modulevalidation -Xcc -working-directory -Xcc /Users/builder/builds/TDmZkXJm/0/finestructure/swiftpackageindex-builder/spi-builder-workspace -resource-dir /Applications/Xcode-15.0.0-Beta.2.app/Contents/Developer/Toolchains/XcodeDefault.xctoolchain/usr/lib/swift -enable-anonymous-context-mangled-names -Xcc -ivfsstatcache -Xcc /Users/builder/builds/TDmZkXJm/0/finestructure/swiftpackageindex-builder/spi-builder-workspace/.derivedData/SDKStatCaches.noindex/xros1.0-21N5165f-50a81fd5751d5bee8ff6d6ea12214339.sdkstatcache -Xcc -I/Users/builder/builds/TDmZkXJm/0/finestructure/swiftpackageindex-builder/spi-builder-workspace/.derivedData/Build/Intermediates.noindex/JSONFeed.build/Debug-xros/JSONFeed.build/swift-overrides.hmap -Xcc -I/Users/builder/builds/TDmZkXJm/0/finestructure/swiftpackageindex-builder/spi-builder-workspace/.derivedData/Build/Products/Debug-xros/include -Xcc -I/Users/builder/builds/TDmZkXJm/0/finestructure/swiftpackageindex-builder/spi-builder-workspace/.derivedData/Build/Intermediates.noindex/JSONFeed.build/Debug-xros/JSONFeed.build/DerivedSources-normal/arm64 -Xcc -I/Users/builder/builds/TDmZkXJm/0/finestructure/swiftpackageindex-builder/spi-builder-workspace/.derivedData/Build/Intermediates.noindex/JSONFeed.build/Debug-xros/JSONFeed.build/DerivedSources/arm64 -Xcc -I/Users/builder/builds/TDmZkXJm/0/finestructure/swiftpackageindex-builder/spi-builder-workspace/.derivedData/Build/Intermediates.noindex/JSONFeed.build/Debug-xros/JSONFeed.build/DerivedSources -Xcc -DSWIFT_PACKAGE -Xcc -DDEBUG\=1 -module-name JSONFeed -frontend-parseable-output -disable-clang-spi -target-sdk-version 1.0 -target-sdk-name xros1.0 -o /Users/builder/builds/TDmZkXJm/0/finestructure/swiftpackageindex-builder/spi-builder-workspace/.derivedData/Build/Intermediates.noindex/JSONFeed.build/Debug-xros/JSONFeed.build/Objects-normal/arm64/Hub.o -index-unit-output-path /JSONFeed.build/Debug-xros/JSONFeed.build/Objects-normal/arm64/Hub.o -index-store-path /Users/builder/builds/TDmZkXJm/0/finestructure/swiftpackageindex-builder/spi-builder-workspace/.derivedData/Index.noindex/DataStore -index-system-modules

SwiftCompile normal arm64 /Users/builder/builds/TDmZkXJm/0/finestructure/swiftpackageindex-builder/spi-builder-workspace/Sources/JSONFeed/Hub.swift (in target 'JSONFeed' from project 'JSONFeed')
    cd /Users/builder/builds/TDmZkXJm/0/finestructure/swiftpackageindex-builder/spi-builder-workspace
    /Applications/Xcode-15.0.0-Beta.2.app/Contents/Developer/Toolchains/XcodeDefault.xctoolchain/usr/bin/swift-frontend -c /Users/builder/builds/TDmZkXJm/0/finestructure/swiftpackageindex-builder/spi-builder-workspace/Sources/JSONFeed/Attachment.swift /Users/builder/builds/TDmZkXJm/0/finestructure/swiftpackageindex-builder/spi-builder-workspace/Sources/JSONFeed/Author.swift /Users/builder/builds/TDmZkXJm/0/finestructure/swiftpackageindex-builder/spi-builder-workspace/Sources/JSONFeed/Feed.swift -primary-file /Users/builder/builds/TDmZkXJm/0/finestructure/swiftpackageindex-builder/spi-builder-workspace/Sources/JSONFeed/Hub.swift /Users/builder/builds/TDmZkXJm/0/finestructure/swiftpackageindex-builder/spi-builder-workspace/Sources/JSONFeed/Item.swift -emit-dependencies-path /Users/builder/builds/TDmZkXJm/0/finestructure/swiftpackageindex-builder/spi-builder-workspace/.derivedData/Build/Intermediates.noindex/JSONFeed.build/Debug-xros/JSONFeed.build/Objects-normal/arm64/Hub.d -emit-const-values-path /Users/builder/builds/TDmZkXJm/0/finestructure/swiftpackageindex-builder/spi-builder-workspace/.derivedData/Build/Intermediates.noindex/JSONFeed.build/Debug-xros/JSONFeed.build/Objects-normal/arm64/Hub.swiftconstvalues -emit-reference-dependencies-path /Users/builder/builds/TDmZkXJm/0/finestructure/swiftpackageindex-builder/spi-builder-workspace/.derivedData/Build/Intermediates.noindex/JSONFeed.build/Debug-xros/JSONFeed.build/Objects-normal/arm64/Hub.swiftdeps -serialize-diagnostics-path /Users/builder/builds/TDmZkXJm/0/finestructure/swiftpackageindex-builder/spi-builder-workspace/.derivedData/Build/Intermediates.noindex/JSONFeed.build/Debug-xros/JSONFeed.build/Objects-normal/arm64/Hub.dia -target arm64-apple-xros1.0 -Xllvm -aarch64-use-tbi -enable-objc-interop -stack-check -sdk /Applications/Xcode-15.0.0-Beta.2.app/Contents/Developer/Platforms/XROS.platform/Developer/SDKs/XROS1.0.sdk -I /Users/builder/builds/TDmZkXJm/0/finestructure/swiftpackageindex-builder/spi-builder-workspace/.derivedData/Build/Products/Debug-xros -I /Applications/Xcode-15.0.0-Beta.2.app/Contents/Developer/Platforms/XROS.platform/Developer/usr/lib -F /Users/builder/builds/TDmZkXJm/0/finestructure/swiftpackageindex-builder/spi-builder-workspace/.derivedData/Build/Products/Debug-xros -F /Applications/Xcode-15.0.0-Beta.2.app/Contents/Developer/Platforms/XROS.platform/Developer/Library/Frameworks -F /Applications/Xcode-15.0.0-Beta.2.app/Contents/Developer/Platforms/XROS.platform/Developer/SDKs/XROS1.0.sdk/Developer/Library/Frameworks -no-color-diagnostics -enable-testing -g -module-cache-path /Users/builder/builds/TDmZkXJm/0/finestructure/swiftpackageindex-builder/spi-builder-workspace/.derivedData/ModuleCache.noindex -swift-version 4 -enforce-exclusivity\=checked -Onone -D SWIFT_PACKAGE -D DEBUG -D Xcode -serialize-debugging-options -const-gather-protocols-file /Users/builder/builds/TDmZkXJm/0/finestructure/swiftpackageindex-builder/spi-builder-workspace/.derivedData/Build/Intermediates.noindex/JSONFeed.build/Debug-xros/JSONFeed.build/Objects-normal/arm64/JSONFeed_const_extract_protocols.json -empty-abi-descriptor -plugin-path /Applications/Xcode-15.0.0-Beta.2.app/Contents/Developer/Toolchains/XcodeDefault.xctoolchain/usr/lib/swift/host/plugins -plugin-path /Applications/Xcode-15.0.0-Beta.2.app/Contents/Developer/Toolchains/XcodeDefault.xctoolchain/usr/local/lib/swift/host/plugins -validate-clang-modules-once -clang-build-session-file /Users/builder/builds/TDmZkXJm/0/finestructure/swiftpackageindex-builder/spi-builder-workspace/.derivedData/ModuleCache.noindex/Session.modulevalidation -Xcc -working-directory -Xcc /Users/builder/builds/TDmZkXJm/0/finestructure/swiftpackageindex-builder/spi-builder-workspace -resource-dir /Applications/Xcode-15.0.0-Beta.2.app/Contents/Developer/Toolchains/XcodeDefault.xctoolchain/usr/lib/swift -enable-anonymous-context-mangled-names -Xcc -ivfsstatcache -Xcc /Users/builder/builds/TDmZkXJm/0/finestructure/swiftpackageindex-builder/spi-builder-workspace/.derivedData/SDKStatCaches.noindex/xros1.0-21N5165f-50a81fd5751d5bee8ff6d6ea12214339.sdkstatcache -Xcc -I/Users/builder/builds/TDmZkXJm/0/finestructure/swiftpackageindex-builder/spi-builder-workspace/.derivedData/Build/Intermediates.noindex/JSONFeed.build/Debug-xros/JSONFeed.build/swift-overrides.hmap -Xcc -I/Users/builder/builds/TDmZkXJm/0/finestructure/swiftpackageindex-builder/spi-builder-workspace/.derivedData/Build/Products/Debug-xros/include -Xcc -I/Users/builder/builds/TDmZkXJm/0/finestructure/swiftpackageindex-builder/spi-builder-workspace/.derivedData/Build/Intermediates.noindex/JSONFeed.build/Debug-xros/JSONFeed.build/DerivedSources-normal/arm64 -Xcc -I/Users/builder/builds/TDmZkXJm/0/finestructure/swiftpackageindex-builder/spi-builder-workspace/.derivedData/Build/Intermediates.noindex/JSONFeed.build/Debug-xros/JSONFeed.build/DerivedSources/arm64 -Xcc -I/Users/builder/builds/TDmZkXJm/0/finestructure/swiftpackageindex-builder/spi-builder-workspace/.derivedData/Build/Intermediates.noindex/JSONFeed.build/Debug-xros/JSONFeed.build/DerivedSources -Xcc -DSWIFT_PACKAGE -Xcc -DDEBUG\=1 -module-name JSONFeed -frontend-parseable-output -disable-clang-spi -target-sdk-version 1.0 -target-sdk-name xros1.0 -o /Users/builder/builds/TDmZkXJm/0/finestructure/swiftpackageindex-builder/spi-builder-workspace/.derivedData/Build/Intermediates.noindex/JSONFeed.build/Debug-xros/JSONFeed.build/Objects-normal/arm64/Hub.o -index-unit-output-path /JSONFeed.build/Debug-xros/JSONFeed.build/Objects-normal/arm64/Hub.o -index-store-path /Users/builder/builds/TDmZkXJm/0/finestructure/swiftpackageindex-builder/spi-builder-workspace/.derivedData/Index.noindex/DataStore -index-system-modules

SwiftCompile normal arm64 Compiling\ Item.swift /Users/builder/builds/TDmZkXJm/0/finestructure/swiftpackageindex-builder/spi-builder-workspace/Sources/JSONFeed/Item.swift (in target 'JSONFeed' from project 'JSONFeed')
    cd /Users/builder/builds/TDmZkXJm/0/finestructure/swiftpackageindex-builder/spi-builder-workspace
    builtin-swiftTaskExecution -- /Applications/Xcode-15.0.0-Beta.2.app/Contents/Developer/Toolchains/XcodeDefault.xctoolchain/usr/bin/swift-frontend -frontend -c /Users/builder/builds/TDmZkXJm/0/finestructure/swiftpackageindex-builder/spi-builder-workspace/Sources/JSONFeed/Attachment.swift /Users/builder/builds/TDmZkXJm/0/finestructure/swiftpackageindex-builder/spi-builder-workspace/Sources/JSONFeed/Author.swift /Users/builder/builds/TDmZkXJm/0/finestructure/swiftpackageindex-builder/spi-builder-workspace/Sources/JSONFeed/Feed.swift /Users/builder/builds/TDmZkXJm/0/finestructure/swiftpackageindex-builder/spi-builder-workspace/Sources/JSONFeed/Hub.swift -primary-file /Users/builder/builds/TDmZkXJm/0/finestructure/swiftpackageindex-builder/spi-builder-workspace/Sources/JSONFeed/Item.swift -emit-dependencies-path /Users/builder/builds/TDmZkXJm/0/finestructure/swiftpackageindex-builder/spi-builder-workspace/.derivedData/Build/Intermediates.noindex/JSONFeed.build/Debug-xros/JSONFeed.build/Objects-normal/arm64/Item.d -emit-const-values-path /Users/builder/builds/TDmZkXJm/0/finestructure/swiftpackageindex-builder/spi-builder-workspace/.derivedData/Build/Intermediates.noindex/JSONFeed.build/Debug-xros/JSONFeed.build/Objects-normal/arm64/Item.swiftconstvalues -emit-reference-dependencies-path /Users/builder/builds/TDmZkXJm/0/finestructure/swiftpackageindex-builder/spi-builder-workspace/.derivedData/Build/Intermediates.noindex/JSONFeed.build/Debug-xros/JSONFeed.build/Objects-normal/arm64/Item.swiftdeps -serialize-diagnostics-path /Users/builder/builds/TDmZkXJm/0/finestructure/swiftpackageindex-builder/spi-builder-workspace/.derivedData/Build/Intermediates.noindex/JSONFeed.build/Debug-xros/JSONFeed.build/Objects-normal/arm64/Item.dia -target arm64-apple-xros1.0 -Xllvm -aarch64-use-tbi -enable-objc-interop -stack-check -sdk /Applications/Xcode-15.0.0-Beta.2.app/Contents/Developer/Platforms/XROS.platform/Developer/SDKs/XROS1.0.sdk -I /Users/builder/builds/TDmZkXJm/0/finestructure/swiftpackageindex-builder/spi-builder-workspace/.derivedData/Build/Products/Debug-xros -I /Applications/Xcode-15.0.0-Beta.2.app/Contents/Developer/Platforms/XROS.platform/Developer/usr/lib -F /Users/builder/builds/TDmZkXJm/0/finestructure/swiftpackageindex-builder/spi-builder-workspace/.derivedData/Build/Products/Debug-xros -F /Applications/Xcode-15.0.0-Beta.2.app/Contents/Developer/Platforms/XROS.platform/Developer/Library/Frameworks -F /Applications/Xcode-15.0.0-Beta.2.app/Contents/Developer/Platforms/XROS.platform/Developer/SDKs/XROS1.0.sdk/Developer/Library/Frameworks -no-color-diagnostics -enable-testing -g -module-cache-path /Users/builder/builds/TDmZkXJm/0/finestructure/swiftpackageindex-builder/spi-builder-workspace/.derivedData/ModuleCache.noindex -swift-version 4 -enforce-exclusivity\=checked -Onone -D SWIFT_PACKAGE -D DEBUG -D Xcode -serialize-debugging-options -const-gather-protocols-file /Users/builder/builds/TDmZkXJm/0/finestructure/swiftpackageindex-builder/spi-builder-workspace/.derivedData/Build/Intermediates.noindex/JSONFeed.build/Debug-xros/JSONFeed.build/Objects-normal/arm64/JSONFeed_const_extract_protocols.json -empty-abi-descriptor -plugin-path /Applications/Xcode-15.0.0-Beta.2.app/Contents/Developer/Toolchains/XcodeDefault.xctoolchain/usr/lib/swift/host/plugins -plugin-path /Applications/Xcode-15.0.0-Beta.2.app/Contents/Developer/Toolchains/XcodeDefault.xctoolchain/usr/local/lib/swift/host/plugins -validate-clang-modules-once -clang-build-session-file /Users/builder/builds/TDmZkXJm/0/finestructure/swiftpackageindex-builder/spi-builder-workspace/.derivedData/ModuleCache.noindex/Session.modulevalidation -Xcc -working-directory -Xcc /Users/builder/builds/TDmZkXJm/0/finestructure/swiftpackageindex-builder/spi-builder-workspace -resource-dir /Applications/Xcode-15.0.0-Beta.2.app/Contents/Developer/Toolchains/XcodeDefault.xctoolchain/usr/lib/swift -enable-anonymous-context-mangled-names -Xcc -ivfsstatcache -Xcc /Users/builder/builds/TDmZkXJm/0/finestructure/swiftpackageindex-builder/spi-builder-workspace/.derivedData/SDKStatCaches.noindex/xros1.0-21N5165f-50a81fd5751d5bee8ff6d6ea12214339.sdkstatcache -Xcc -I/Users/builder/builds/TDmZkXJm/0/finestructure/swiftpackageindex-builder/spi-builder-workspace/.derivedData/Build/Intermediates.noindex/JSONFeed.build/Debug-xros/JSONFeed.build/swift-overrides.hmap -Xcc -I/Users/builder/builds/TDmZkXJm/0/finestructure/swiftpackageindex-builder/spi-builder-workspace/.derivedData/Build/Products/Debug-xros/include -Xcc -I/Users/builder/builds/TDmZkXJm/0/finestructure/swiftpackageindex-builder/spi-builder-workspace/.derivedData/Build/Intermediates.noindex/JSONFeed.build/Debug-xros/JSONFeed.build/DerivedSources-normal/arm64 -Xcc -I/Users/builder/builds/TDmZkXJm/0/finestructure/swiftpackageindex-builder/spi-builder-workspace/.derivedData/Build/Intermediates.noindex/JSONFeed.build/Debug-xros/JSONFeed.build/DerivedSources/arm64 -Xcc -I/Users/builder/builds/TDmZkXJm/0/finestructure/swiftpackageindex-builder/spi-builder-workspace/.derivedData/Build/Intermediates.noindex/JSONFeed.build/Debug-xros/JSONFeed.build/DerivedSources -Xcc -DSWIFT_PACKAGE -Xcc -DDEBUG\=1 -module-name JSONFeed -frontend-parseable-output -disable-clang-spi -target-sdk-version 1.0 -target-sdk-name xros1.0 -o /Users/builder/builds/TDmZkXJm/0/finestructure/swiftpackageindex-builder/spi-builder-workspace/.derivedData/Build/Intermediates.noindex/JSONFeed.build/Debug-xros/JSONFeed.build/Objects-normal/arm64/Item.o -index-unit-output-path /JSONFeed.build/Debug-xros/JSONFeed.build/Objects-normal/arm64/Item.o -index-store-path /Users/builder/builds/TDmZkXJm/0/finestructure/swiftpackageindex-builder/spi-builder-workspace/.derivedData/Index.noindex/DataStore -index-system-modules
SwiftCompile normal arm64 /Users/builder/builds/TDmZkXJm/0/finestructure/swiftpackageindex-builder/spi-builder-workspace/Sources/JSONFeed/Item.swift (in target 'JSONFeed' from project 'JSONFeed')
    cd /Users/builder/builds/TDmZkXJm/0/finestructure/swiftpackageindex-builder/spi-builder-workspace
    /Applications/Xcode-15.0.0-Beta.2.app/Contents/Developer/Toolchains/XcodeDefault.xctoolchain/usr/bin/swift-frontend -c /
Users/builder/builds/TDmZkXJm/0/finestructure/swiftpackageindex-builder/spi-builder-workspace/Sources/JSONFeed/Attachment.swift /Users/builder/builds/TDmZkXJm/0/finestructure/swiftpackageindex-builder/spi-builder-workspace/Sources/JSONFeed/Author.swift /Users/builder/builds/TDmZkXJm/0/finestructure/swiftpackageindex-builder/spi-builder-workspace/Sources/JSONFeed/Feed.swift /Users/builder/builds/TDmZkXJm/0/finestructure/swiftpackageindex-builder/spi-builder-workspace/Sources/JSONFeed/Hub.swift -primary-file /Users/builder/builds/TDmZkXJm/0/finestructure/swiftpackageindex-builder/spi-builder-workspace/Sources/JSONFeed/Item.swift -emit-dependencies-path /Users/builder/builds/TDmZkXJm/0/finestructure/swiftpackageindex-builder/spi-builder-workspace/.derivedData/Build/Intermediates.noindex/JSONFeed.build/Debug-xros/JSONFeed.build/Objects-normal/arm64/Item.d -emit-const-values-path /Users/builder/builds/TDmZkXJm/0/finestructure/swiftpackageindex-builder/spi-builder-workspace/.derivedData/Build/Intermediates.noindex/JSONFeed.build/Debug-xros/JSONFeed.build/Objects-normal/arm64/Item.swiftconstvalues -emit-reference-dependencies-path /Users/builder/builds/TDmZkXJm/0/finestructure/swiftpackageindex-builder/spi-builder-workspace/.derivedData/Build/Intermediates.noindex/JSONFeed.build/Debug-xros/JSONFeed.build/Objects-normal/arm64/Item.swiftdeps -serialize-diagnostics-path /Users/builder/builds/TDmZkXJm/0/finestructure/swiftpackageindex-builder/spi-builder-workspace/.derivedData/Build/Intermediates.noindex/JSONFeed.build/Debug-xros/JSONFeed.build/Objects-normal/arm64/Item.dia -target arm64-apple-xros1.0 -Xllvm -aarch64-use-tbi -enable-objc-interop -stack-check -sdk /Applications/Xcode-15.0.0-Beta.2.app/Contents/Developer/Platforms/XROS.platform/Developer/SDKs/XROS1.0.sdk -I /Users/builder/builds/TDmZkXJm/0/finestructure/swiftpackageindex-builder/spi-builder-workspace/.derivedData/Build/Products/Debug-xros -I /Applications/Xcode-15.0.0-Beta.2.app/Contents/Developer/Platforms/XROS.platform/Developer/usr/lib -F /Users/builder/builds/TDmZkXJm/0/finestructure/swiftpackageindex-builder/spi-builder-workspace/.derivedData/Build/Products/Debug-xros -F /Applications/Xcode-15.0.0-Beta.2.app/Contents/Developer/Platforms/XROS.platform/Developer/Library/Frameworks -F /Applications/Xcode-15.0.0-Beta.2.app/Contents/Developer/Platforms/XROS.platform/Developer/SDKs/XROS1.0.sdk/Developer/Library/Frameworks -no-color-diagnostics -enable-testing -g -module-cache-path /Users/builder/builds/TDmZkXJm/0/finestructure/swiftpackageindex-builder/spi-builder-workspace/.derivedData/ModuleCache.noindex -swift-version 4 -enforce-exclusivity\=checked -Onone -D SWIFT_PACKAGE -D DEBUG -D Xcode -serialize-debugging-options -const-gather-protocols-file /Users/builder/builds/TDmZkXJm/0/finestructure/swiftpackageindex-builder/spi-builder-workspace/.derivedData/Build/Intermediates.noindex/JSONFeed.build/Debug-xros/JSONFeed.build/Objects-normal/arm64/JSONFeed_const_extract_protocols.json -empty-abi-descriptor -plugin-path /Applications/Xcode-15.0.0-Beta.2.app/Contents/Developer/Toolchains/XcodeDefault.xctoolchain/usr/lib/swift/host/plugins -plugin-path /Applications/Xcode-15.0.0-Beta.2.app/Contents/Developer/Toolchains/XcodeDefault.xctoolchain/usr/local/lib/swift/host/plugins -validate-clang-modules-once -clang-build-session-file /Users/builder/builds/TDmZkXJm/0/finestructure/swiftpackageindex-builder/spi-builder-workspace/.derivedData/ModuleCache.noindex/Session.modulevalidation -Xcc -working-directory -Xcc /Users/builder/builds/TDmZkXJm/0/finestructure/swiftpackageindex-builder/spi-builder-workspace -resource-dir /Applications/Xcode-15.0.0-Beta.2.app/Contents/Developer/Toolchains/XcodeDefault.xctoolchain/usr/lib/swift -enable-anonymous-context-mangled-names -Xcc -ivfsstatcache -Xcc /Users/builder/builds/TDmZkXJm/0/finestructure/swiftpackageindex-builder/spi-builder-workspace/.derivedData/SDKStatCaches.noindex/xros1.0-21N5165f-50a81fd5751d5bee8ff6d6ea12214339.sdkstatcache -Xcc -I/Users/builder/builds/TDmZkXJm/0/finestructure/swiftpackageindex-builder/spi-builder-workspace/.derivedData/Build/Intermediates.noindex/JSONFeed.build/Debug-xros/JSONFeed.build/swift-overrides.hmap -Xcc -I/Users/builder/builds/TDmZkXJm/0/finestructure/swiftpackageindex-builder/spi-builder-workspace/.derivedData/Build/Products/Debug-xros/include -Xcc -I/Users/builder/builds/TDmZkXJm/0/finestructure/swiftpackageindex-builder/spi-builder-workspace/.derivedData/Build/Intermediates.noindex/JSONFeed.build/Debug-xros/JSONFeed.build/DerivedSources-normal/arm64 -Xcc -I/Users/builder/builds/TDmZkXJm/0/finestructure/swiftpackageindex-builder/spi-builder-workspace/.derivedData/Build/Intermediates.noindex/JSONFeed.build/Debug-xros/JSONFeed.build/DerivedSources/arm64 -Xcc -I/Users/builder/builds/TDmZkXJm/0/finestructure/swiftpackageindex-builder/spi-builder-workspace/.derivedData/Build/Intermediates.noindex/JSONFeed.build/Debug-xros/JSONFeed.build/DerivedSources -Xcc -DSWIFT_PACKAGE -Xcc -DDEBUG\=1 -module-name JSONFeed -frontend-parseable-output -disable-clang-spi -target-sdk-version 1.0 -target-sdk-name xros1.0 -o /Users/builder/builds/TDmZkXJm/0/finestructure/swiftpackageindex-builder/spi-builder-workspace/.derivedData/Build/Intermediates.noindex/JSONFeed.build/Debug-xros/JSONFeed.build/Objects-normal/arm64/Item.o -index-unit-output-path /JSONFeed.build/Debug-xros/JSONFeed.build/Objects-normal/arm64/Item.o -index-store-path /Users/builder/builds/TDmZkXJm/0/finestructure/swiftpackageindex-builder/spi-builder-workspace/.derivedData/Index.noindex/DataStore -index-system-modules

SwiftDriverJobDiscovery normal arm64 Emitting module for JSONFeed (in target 'JSONFeed' from project 'JSONFeed')
SwiftDriver\ Compilation\ Requirements JSONFeed normal arm64 com.apple.xcode.tools.swift.compiler (in target 'JSONFeed' from project 'JSONFeed')
    cd /Users/builder/builds/TDmZkXJm/0/finestructure/swiftpackageindex-builder/spi-builder-workspace
    builtin-Swift-Compilation-Requirements -- /Applications/Xcode-15.0.0-Beta.2.app/Contents/Developer/Toolchains/XcodeDefault.xctoolchain/usr/bin/swiftc -module-name JSONFeed -Onone -enforce-exclusivity\=checked @/Users/builder/builds/TDmZkXJm/0/finestructure/swiftpackageindex-builder/spi-builder-workspace/.derivedData/Build/Intermediates.noindex/JSONFeed.build/Debug-xros/JSONFeed.build/Objects-normal/arm64/JSONFeed.SwiftFileList -DSWIFT_PACKAGE -DDEBUG -DXcode -sdk /Applications/Xcode-15.0.0-Beta.2.app/Contents/Developer/Platforms/XROS.platform/Developer/SDKs/XROS1.0.sdk -target arm64-apple-xros1.0 -g -module-cache-path /Users/builder/builds/TDmZkXJm/0/finestructure/swiftpackageindex-builder/spi-builder-workspace/.derivedData/ModuleCache.noindex -Xfrontend -serialize-debugging-options -enable-testing -index-store-path /Users/builder/builds/TDmZkXJm/0/finestructure/swiftpackageindex-builder/spi-builder-workspace/.derivedData/Index.noindex/DataStore -swift-version 4 -I /Users/builder/builds/TDmZkXJm/0/finestructure/swiftpackageindex-builder/spi-builder-workspace/.derivedData/Build/Products/Debug-xros -I /Applications/Xcode-15.0.0-Beta.2.app/Contents/Developer/Platforms/XROS.platform/Developer/usr/lib -F /Users/builder/builds/TDmZkXJm/0/finestructure/swiftpackageindex-builder/spi-builder-workspace/.derivedData/Build/Products/Debug-xros -F /Applications/Xcode-15.0.0-Beta.2.app/Contents/Developer/Platforms/XROS.platform/Developer/Library/Frameworks -F /Applications/Xcode-15.0.0-Beta.2.app/Contents/Developer/Platforms/XROS.platform/Developer/SDKs/XROS1.0.sdk/Developer/Library/Frameworks -c -j8 -enable-batch-mode -incremental -Xcc -ivfsstatcache -Xcc /Users/builder/builds/TDmZkXJm/0/finestructure/swiftpackageindex-builder/spi-builder-workspace/.derivedData/SDKStatCaches.noindex/xros1.0-21N5165f-50a81fd5751d5bee8ff6d6ea12214339.sdkstatcache -output-file-map /Users/builder/builds/TDmZkXJm/0/finestructure/swiftpackageindex-builder/spi-builder-workspace/.derivedData/Build/Intermediates.noindex/JSONFeed.build/Debug-xros/JSONFeed.build/Objects-normal/arm64/JSONFeed-OutputFileMap.json -use-frontend-parseable-output -save-temps -no-color-diagnostics -serialize-diagnostics -emit-dependencies -emit-module -emit-module-path /Users/builder/builds/TDmZkXJm/0/finestructure/swiftpackageindex-builder/spi-builder-workspace/.derivedData/Build/Intermediates.noindex/JSONFeed.build/Debug-xros/JSONFeed.build/Objects-normal/arm64/JSONFeed.swiftmodule -validate-clang-modules-once -clang-build-session-file /Users/builder/builds/TDmZkXJm/0/finestructure/swiftpackageindex-builder/spi-builder-workspace/.derivedData/ModuleCache.noindex/Session.modulevalidation -Xcc -I/Users/builder/builds/TDmZkXJm/0/finestructure/swiftpackageindex-builder/spi-builder-workspace/.derivedData/Build/Intermediates.noindex/JSONFeed.build/Debug-xros/JSONFeed.build/swift-overrides.hmap -emit-const-values -Xfrontend -const-gather-protocols-file -Xfrontend /Users/builder/builds/TDmZkXJm/0/finestructure/swiftpackageindex-builder/spi-builder-workspace/.derivedData/Build/Intermediates.noindex/JSONFeed.build/Debug-xros/JSONFeed.build/Objects-normal/arm64/JSONFeed_const_extract_protocols.json -Xcc -I/Users/builder/builds/TDmZkXJm/0/finestructure/swiftpackageindex-builder/spi-builder-workspace/.derivedData/Build/Products/Debug-xros/include -Xcc -I/Users/builder/builds/TDmZkXJm/0/finestructure/swiftpackageindex-builder/spi-builder-workspace/.derivedData/Build/Intermediates.noindex/JSONFeed.build/Debug-xros/JSONFeed.build/DerivedSources-normal/arm64 -Xcc -I/Users/builder/builds/TDmZkXJm/0/finestructure/swiftpackageindex-builder/spi-builder-workspace/.derivedData/Build/Intermediates.noindex/JSONFeed.build/Debug-xros/JSONFeed.build/DerivedSources/arm64 -Xcc -I/Users/builder/builds/TDmZkXJm/0/finestructure/swiftpackageindex-builder/spi-builder-workspace/.derivedData/Build/Intermediates.noindex/JSONFeed.build/Debug-xros/JSONFeed.build/DerivedSources -Xcc -DSWIFT_PACKAGE -Xcc -DDEBUG\=1 -emit-objc-header -emit-objc-header-path /Users/builder/builds/TDmZkXJm/0/finestructure/swiftpackageindex-builder/spi-builder-workspace/.derivedData/Build/Intermediates.noindex/JSONFeed.build/Debug-xros/JSONFeed.build/Objects-normal/arm64/JSONFeed-Swift.h -working-directory /Users/builder/builds/TDmZkXJm/0/finestructure/swiftpackageindex-builder/spi-builder-workspace -experimental-emit-module-separately -disable-cmo

SwiftMergeGeneratedHeaders /Users/builder/builds/TDmZkXJm/0/finestructure/swiftpackageindex-builder/spi-builder-workspace/.derivedData/Build/Intermediates.noindex/GeneratedModuleMaps-xros/JSONFeed-Swift.h /Users/builder/builds/TDmZkXJm/0/finestructure/swiftpackageindex-builder/spi-builder-workspace/.derivedData/Build/Intermediates.noindex/JSONFeed.build/Debug-xros/JSONFeed.build/Objects-normal/arm64/JSONFeed-Swift.h (in target 'JSONFeed' from project 'JSONFeed')
    cd /Users/builder/builds/TDmZkXJm/0/finestructure/swiftpackageindex-builder/spi-builder-workspace
    builtin-swiftHeaderTool -arch arm64 /Users/builder/builds/TDmZkXJm/0/finestructure/swiftpackageindex-builder/spi-builder-workspace/.derivedData/Build/Intermediates.noindex/JSONFeed.build/Debug-xros/JSONFeed.build/Objects-normal/arm64/JSONFeed-Swift.h -o /Users/builder/builds/TDmZkXJm/0/finestructure/swiftpackageindex-builder/spi-builder-workspace/.derivedData/Build/Intermediates.noindex/GeneratedModuleMaps-xros/JSONFeed-Swift.h

Copy /Users/builder/builds/TDmZkXJm/0/finestructure/swiftpackageindex-builder/spi-builder-workspace/.derivedData/Build/Products/Debug-xros/JSONFeed.swiftmodule/arm64-apple-xros.swiftdoc /Users/builder/builds/TDmZkXJm/0/finestructure/swiftpackageindex-builder/spi-builder-workspace/.derivedData/Build/Intermediates.noindex/JSONFeed.build/Debug-xros/JSONFeed.build/Objects-normal/arm64/JSONFeed.swiftdoc (in target 'JSONFeed' from project 'JSONFeed')
    cd /Users/builder/builds/TDmZkXJm/0/finestructure/swiftpackageindex-builder/spi-builder-workspace
    builtin-copy -exclude .DS_Store -exclude CVS -exclude .svn -exclude .git -exclude .hg -resolve-src-symlinks -rename /Users/builder/builds/TDmZkXJm/0/finestructure/swiftpackageindex-builder/spi-builder-workspace/.derivedData/Build/Intermediates.noindex/JSONFeed.build/Debug-xros/JSONFeed.build/Objects-normal/arm64/JSONFeed.swiftdoc /Users/builder/builds/TDmZkXJm/0/finestructure/swiftpackageindex-builder/spi-builder-workspace/.derivedData/Build/Products/Debug-xros/JSONFeed.swiftmodule/arm64-apple-xros.swiftdoc

Copy /Users/builder/builds/TDmZkXJm/0/finestructure/swiftpackageindex-builder/spi-builder-workspace/.derivedData/Build/Products/Debug-xros/JSONFeed.swiftmodule/arm64-apple-xros.swiftmodule /Users/builder/builds/TDmZkXJm/0/finestructure/swiftpackageindex-builder/spi-builder-workspace/.derivedData/Build/Intermediates.noindex/JSONFeed.build/Debug-xros/JSONFeed.build/Objects-normal/arm64/JSONFeed.swiftmodule (in target 'JSONFeed' from project 'JSONFeed')
    cd /Users/builder/builds/TDmZkXJm/0/finestructure/swiftpackageindex-builder/spi-builder-workspace
    builtin-copy -exclude .DS_Store -exclude CVS -exclude .svn -exclude .git -exclude .hg -resolve-src-symlinks -rename /Users/builder/builds/TDmZkXJm/0/finestructure/swiftpackageindex-builder/spi-builder-workspace/.derivedData/Build/Intermediates.noindex/JSONFeed.build/Debug-xros/JSONFeed.build/Objects-normal/arm64/JSONFeed.swiftmodule /Users/builder/builds/TDmZkXJm/0/finestructure/swiftpackageindex-builder/spi-builder-workspace/.derivedData/Build/Products/Debug-xros/JSONFeed.swiftmodule/arm64-apple-xros.swiftmodule

Copy /Users/builder/builds/TDmZkXJm/0/finestructure/swiftpackageindex-builder/spi-builder-workspace/.derivedData/Build/Products/Debug-xros/JSONFeed.swiftmodule/arm64-apple-xros.abi.json /Users/builder/builds/TDmZkXJm/0/finestructure/swiftpackageindex-builder/spi-builder-workspace/.derivedData/Build/Intermediates.noindex/JSONFeed.build/Debug-xros/JSONFeed.build/Objects-normal/arm64/JSONFeed.abi.json (in target 'JSONFeed' from project 'JSONFeed')
    cd /Users/builder/builds/TDmZkXJm/0/finestructure/swiftpackageindex-builder/spi-builder-workspace
    builtin-copy -exclude .DS_Store -exclude CVS -exclude .svn -exclude .git -exclude .hg -resolve-src-symlinks -rename /Users/builder/builds/TDmZkXJm/0/finestructure/swiftpackageindex-builder/spi-builder-workspace/.derivedData/Build/Intermediates.noindex/JSONFeed.build/Debug-xros/JSONFeed.build/Objects-normal/arm64/JSONFeed.abi.json /Users/builder/builds/TDmZkXJm/0/finestructure/swiftpackageindex-builder/spi-builder-workspace/.derivedData/Build/Products/Debug-xros/JSONFeed.swiftmodule/arm64-apple-xros.abi.json

Copy /Users/builder/builds/TDmZkXJm/0/finestructure/swiftpackageindex-builder/spi-builder-workspace/.derivedData/Build/Products/Debug-xros/JSONFeed.swiftmodule/Project/arm64-apple-xros.swiftsourceinfo /Users/builder/builds/TDmZkXJm/0/finestructure/swiftpackageindex-builder/spi-builder-workspace/.derivedData/Build/Intermediates.noindex/JSONFeed.build/Debug-xros/JSONFeed.build/Objects-normal/arm64/JSONFeed.swiftsourceinfo (in target 'JSONFeed' from project 'JSONFeed')
    cd /Users/builder/builds/TDmZkXJm/0/finestructure/swiftpackageindex-builder/spi-builder-workspace
    builtin-copy -exclude .DS_Store -exclude CVS -exclude .svn -exclude .git -exclude .hg -resolve-src-symlinks -rename /Users/builder/builds/TDmZkXJm/0/finestructure/swiftpackageindex-builder/spi-builder-workspace/.derivedData/Build/Intermediates.noindex/JSONFeed.build/Debug-xros/JSONFeed.build/Objects-normal/arm64/JSONFeed.swiftsourceinfo /Users/builder/builds/TDmZkXJm/0/finestructure/swiftpackageindex-builder/spi-builder-workspace/.derivedData/Build/Products/Debug-xros/JSONFeed.swiftmodule/Project/arm64-apple-xros.swiftsourceinfo

WriteAuxiliaryFile /Users/builder/builds/TDmZkXJm/0/finestructure/swiftpackageindex-builder/spi-builder-workspace/.derivedData/Build/Intermediates.noindex/JSONFeed.build/Debug-xros/JSONFeedTests.build/Objects-normal/arm64/JSONFeedTests_const_extract_protocols.json (in target 'JSONFeedTests' from project 'JSONFeed')
    cd /Users/builder/builds/TDmZkXJm/0/finestructure/swiftpackageindex-builder/spi-builder-workspace
    write-file /Users/builder/builds/TDmZkXJm/0/finestructure/swiftpackageindex-builder/spi-builder-workspace/.derivedData/Build/Intermediates.noindex/JSONFeed.build/Debug-xros/JSONFeedTests.build/Objects-normal/arm64/JSONFeedTests_const_extract_protocols.json

WriteAuxiliaryFile /Users/builder/builds/TDmZkXJm/0/finestructure/swiftpackageindex-builder/spi-builder-workspace/.derivedData/Build/Intermediates.noindex/JSONFeed.build/Debug-xros/JSONFeedTests.build/Objects-normal/arm64/JSONFeedTests.SwiftFileList (in target 'JSONFeedTests' from project 'JSONFeed')
    cd /Users/builder/builds/TDmZkXJm/0/finestructure/swiftpackageindex-builder/spi-builder-workspace
    write-file /Users/builder/builds/TDmZkXJm/0/finestructure/swiftpackageindex-builder/spi-builder-workspace/.derivedData/Build/Intermediates.noindex/JSONFeed.build/Debug-xros/JSONFeedTests.build/Objects-normal/arm64/JSONFeedTests.SwiftFileList

WriteAuxiliaryFile /Users/builder/builds/TDmZkXJm/0/finestructure/swiftpackageindex-builder/spi-builder-workspace/.derivedData/Build/Intermediates.noindex/JSONFeed.build/Debug-xros/JSONFeedTests.build/Objects-normal/arm64/JSONFeedTests-OutputFileMap.json (in target 'JSONFeedTests' from project 'JSONFeed')
    cd /Users/builder/builds/TDmZkXJm/0/finestructure/swiftpackageindex-builder/spi-builder-workspace
    write-file /Users/builder/builds/TDmZkXJm/0/finestructure/swiftpackageindex-builder/spi-builder-workspace/.derivedData/Build/Intermediates.noindex/JSONFeed.build/Debug-xros/JSONFeedTests.build/Objects-normal/arm64/JSONFeedTests-OutputFileMap.json

SwiftDriver JSONFeedTests normal arm64 com.apple.xcode.tools.swift.compiler (in target 'JSONFeedTests' from project 'JSONFeed')
    cd /Users/builder/builds/TDmZkXJm/0/finestructure/swiftpackageindex-builder/spi-builder-workspace
    builtin-SwiftDriver -- /Applications/Xcode-15.0.0-Beta.2.app/Contents/Developer/Toolchains/XcodeDefault.xctoolchain/usr/bin/swiftc -module-name JSONFeedTests -Onone -enforce-exclusivity\=checked @/Users/builder/builds/TDmZkXJm/0/finestructure/swiftpackageindex-builder/spi-builder-workspace/.derivedData/Build/Intermediates.noindex/JSONFeed.build/Debug-xros/JSONFeedTests.build/Objects-normal/arm64/JSONFeedTests.SwiftFileList -DSWIFT_PACKAGE -DDEBUG -DXcode -sdk /Applications/Xcode-15.0.0-Beta.2.app/Contents/Developer/Platforms/XROS.platform/Developer/SDKs/XROS1.0.sdk -target arm64-apple-xros1.0 -g -module-cache-path /Users/builder/builds/TDmZkXJm/0/finestructure/swiftpackageindex-builder/spi-builder-workspace/.derivedData/ModuleCache.noindex -Xfrontend -serialize-debugging-options -enable-testing -index-store-path /Users/builder/builds/TDmZkXJm/0/finestructure/swiftpackageindex-builder/spi-builder-workspace/.derivedData/Index.noindex/DataStore -swift-version 4 -I /Users/builder/builds/TDmZkXJm/0/finestructure/swiftpackageindex-builder/spi-builder-workspace/.derivedData/Build/Products/Debug-xros -I /Applications/Xcode-15.0.0-Beta.2.app/Contents/Developer/Platforms/XROS.platform/Developer/usr/lib -F /Users/builder/builds/TDmZkXJm/0/finestructure/swiftpackageindex-builder/spi-builder-workspace/.derivedData/Build/Products/Debug-xros/PackageFrameworks -F /Users/builder/builds/TDmZkXJm/0/finestructure/swiftpackageindex-builder/spi-builder-workspace/.derivedData/Build/Products/Debug-xros -F /Applications/Xcode-15.0.0-Beta.2.app/Contents/Developer/Platforms/XROS.platform/Developer/Library/Frameworks -F /Applications/Xcode-15.0.0-Beta.2.app/Contents/Developer/Platforms/XROS.platform/Developer/SDKs/XROS1.0.sdk/Developer/Library/Frameworks -c -j8 -enable-batch-mode -incremental -Xcc -ivfsstatcache -Xcc /Users/builder/builds/TDmZkXJm/0/finestructure/swiftpackageindex-builder/spi-builder-workspace/.derivedData/SDKStatCaches.noindex/xros1.0-21N5165f-50a81fd5751d5bee8ff6d6ea12214339.sdkstatcache -output-file-map /Users/builder/builds/TDmZkXJm/0/finestructure/swiftpackageindex-builder/spi-builder-workspace/.derivedData/Build/Intermediates.noindex/JSONFeed.build/Debug-xros/JSONFeedTests.build/Objects-normal/arm64/JSONFeedTests-OutputFileMap.json -use-frontend-parseable-output -save-temps -no-color-diagnostics -serialize-diagnostics -emit-dependencies -emit-module -emit-module-path /Users/builder/builds/TDmZkXJm/0/finestructure/swiftpackageindex-builder/spi-builder-workspace/.derivedData/Build/Intermediates.noindex/JSONFeed.build/Debug-xros/JSONFeedTests.build/Objects-normal/arm64/JSONFeedTests.swiftmodule -validate-clang-modules-once -clang-build-session-file /Users/builder/builds/TDmZkXJm/0/finestructure/swiftpackageindex-builder/spi-builder-workspace/.derivedData/ModuleCache.noindex/Session.modulevalidation -emit-const-values -Xfrontend -const-gather-protocols-file -Xfrontend /Users/builder/builds/TDmZkXJm/0/finestructure/swiftpackageindex-builder/spi-builder-workspace/.derivedData/Build/Intermediates.noindex/JSONFeed.build/Debug-xros/JSONFeedTests.build/Objects-normal/arm64/JSONFeedTests_const_extract_protocols.json -Xcc -I/Users/builder/builds/TDmZkXJm/0/finestructure/swiftpackageindex-builder/spi-builder-workspace/.derivedData/Build/Products/Debug-xros/include -Xcc -I/Users/builder/builds/TDmZkXJm/0/finestructure/swiftpackageindex-builder/spi-builder-workspace/.derivedData/Build/Intermediates.noindex/JSONFeed.build/Debug-xros/JSONFeedTests.build/DerivedSources-normal/arm64 -Xcc -I/Users/builder/builds/TDmZkXJm/0/finestructure/swiftpackageindex-builder/spi-builder-workspace/.derivedData/Build/Intermediates.noindex/JSONFeed.build/Debug-xros/JSONFeedTests.build/DerivedSources/arm64 -Xcc -I/Users/builder/builds/TDmZkXJm/0/finestructure/swiftpackageindex-builder/spi-builder-workspace/.derivedData/Build/Intermediates.noindex/JSONFeed.build/Debug-xros/JSONFeedTests.build/DerivedSources -Xcc -DSWIFT_PACKAGE -Xcc -DDEBUG\=1 -working-directory /Users/builder/builds/TDmZkXJm/0/finestructure/swiftpackageindex-builder/spi-builder-workspace -experimental-emit-module-separately -disable-cmo

SwiftEmitModule normal
arm64 Emitting\ module\ for\ JSONFeedTests (in target 'JSONFeedTests' from project 'JSONFeed')
    cd /Users/builder/builds/TDmZkXJm/0/finestructure/swiftpackageindex-builder/spi-builder-workspace
    builtin-swiftTaskExecution -- /Applications/Xcode-15.0.0-Beta.2.app/Contents/Developer/Toolchains/XcodeDefault.xctoolchain/usr/bin/swift-frontend -frontend -emit-module -experimental-skip-non-inlinable-function-bodies-without-types /Users/builder/builds/TDmZkXJm/0/finestructure/swiftpackageindex-builder/spi-builder-workspace/Tests/JSONFeedTests/JSONFeedTests.swift /Users/builder/builds/TDmZkXJm/0/finestructure/swiftpackageindex-builder/spi-builder-workspace/Tests/JSONFeedTests/XCTestManifests.swift -target arm64-apple-xros1.0 -Xllvm -aarch64-use-tbi -enable-objc-interop -stack-check -sdk /Applications/Xcode-15.0.0-Beta.2.app/Contents/Developer/Platforms/XROS.platform/Developer/SDKs/XROS1.0.sdk -I /Users/builder/builds/TDmZkXJm/0/finestructure/swiftpackageindex-builder/spi-builder-workspace/.derivedData/Build/Products/Debug-xros -I /Applications/Xcode-15.0.0-Beta.2.app/Contents/Developer/Platforms/XROS.platform/Developer/usr/lib -F /Users/builder/builds/TDmZkXJm/0/finestructure/swiftpackageindex-builder/spi-builder-workspace/.derivedData/Build/Products/Debug-xros/PackageFrameworks -F /Users/builder/builds/TDmZkXJm/0/finestructure/swiftpackageindex-builder/spi-builder-workspace/.derivedData/Build/Products/Debug-xros -F /Applications/Xcode-15.0.0-Beta.2.app/Contents/Developer/Platforms/XROS.platform/Developer/Library/Frameworks -F /Applications/Xcode-15.0.0-Beta.2.app/Contents/Developer/Platforms/XROS.platform/Developer/SDKs/XROS1.0.sdk/Developer/Library/Frameworks -no-color-diagnostics -enable-testing -g -module-cache-path /Users/builder/builds/TDmZkXJm/0/finestructure/swiftpackageindex-builder/spi-builder-workspace/.derivedData/ModuleCache.noindex -swift-version 4 -enforce-exclusivity\=checked -Onone -D SWIFT_PACKAGE -D DEBUG -D Xcode -serialize-debugging-options -const-gather-protocols-file /Users/builder/builds/TDmZkXJm/0/finestructure/swiftpackageindex-builder/spi-builder-workspace/.derivedData/Build/Intermediates.noindex/JSONFeed.build/Debug-xros/JSONFeedTests.build/Objects-normal/arm64/JSONFeedTests_const_extract_protocols.json -empty-abi-descriptor -plugin-path /Applications/Xcode-15.0.0-Beta.2.app/Contents/Developer/Toolchains/XcodeDefault.xctoolchain/usr/lib/swift/host/plugins -plugin-path /Applications/Xcode-15.0.0-Beta.2.app/Contents/Developer/Toolchains/XcodeDefault.xctoolchain/usr/local/lib/swift/host/plugins -validate-clang-modules-once -clang-build-session-file /Users/builder/builds/TDmZkXJm/0/finestructure/swiftpackageindex-builder/spi-builder-workspace/.derivedData/ModuleCache.noindex/Session.modulevalidation -Xcc -working-directory -Xcc /Users/builder/builds/TDmZkXJm/0/finestructure/swiftpackageindex-builder/spi-builder-workspace -resource-dir /Applications/Xcode-15.0.0-Beta.2.app/Contents/Developer/Toolchains/XcodeDefault.xctoolchain/usr/lib/swift -enable-anonymous-context-mangled-names -Xcc -ivfsstatcache -Xcc /Users/builder/builds/TDmZkXJm/0/finestructure/swiftpackageindex-builder/spi-builder-workspace/.derivedData/SDKStatCaches.noindex/xros1.0-21N5165f-50a81fd5751d5bee8ff6d6ea12214339.sdkstatcache -Xcc -I/Users/builder/builds/TDmZkXJm/0/finestructure/swiftpackageindex-builder/spi-builder-workspace/.derivedData/Build/Products/Debug-xros/include -Xcc -I/Users/builder/builds/TDmZkXJm/0/finestructure/swiftpackageindex-builder/spi-builder-workspace/.derivedData/Build/Intermediates.noindex/JSONFeed.build/Debug-xros/JSONFeedTests.build/DerivedSources-normal/arm64 -Xcc -I/Users/builder/builds/TDmZkXJm/0/finestructure/swiftpackageindex-builder/spi-builder-workspace/.derivedData/Build/Intermediates.noindex/JSONFeed.build/Debug-xros/JSONFeedTests.build/DerivedSources/arm64 -Xcc -I/Users/builder/builds/TDmZkXJm/0/finestructure/swiftpackageindex-builder/spi-builder-workspace/.derivedData/Build/Intermediates.noindex/JSONFeed.build/Debug-xros/JSONFeedTests.build/DerivedSources -Xcc -DSWIFT_PACKAGE -Xcc -DDEBUG\=1 -module-name JSONFeedTests -disable-clang-spi -target-sdk-version 1.0 -target-sdk-name xros1.0 -emit-module-doc-path /Users/builder/builds/TDmZkXJm/0/finestructure/swiftpackageindex-builder/spi-builder-workspace/.derivedData/Build/Intermediates.noindex/JSONFeed.build/Debug-xros/JSONFeedTests.build/Objects-normal/arm64/JSONFeedTests.swiftdoc -emit-module-source-info-path /Users/builder/builds/TDmZkXJm/0/finestructure/swiftpackageindex-builder/spi-builder-workspace/.derivedData/Build/Intermediates.noindex/JSONFeed.build/Debug-xros/JSONFeedTests.build/Objects-normal/arm64/JSONFeedTests.swiftsourceinfo -serialize-diagnostics-path /Users/builder/builds/TDmZkXJm/0/finestructure/swiftpackageindex-builder/spi-builder-workspace/.derivedData/Build/Intermediates.noindex/JSONFeed.build/Debug-xros/JSONFeedTests.build/Objects-normal/arm64/JSONFeedTests-master-emit-module.dia -emit-dependencies-path /Users/builder/builds/TDmZkXJm/0/finestructure/swiftpackageindex-builder/spi-builder-workspace/.derivedData/Build/Intermediates.noindex/JSONFeed.build/Debug-xros/JSONFeedTests.build/Objects-normal/arm64/JSONFeedTests-master-emit-module.d -o /Users/builder/builds/TDmZkXJm/0/finestructure/swiftpackageindex-builder/spi-builder-workspace/.derivedData/Build/Intermediates.noindex/JSONFeed.build/Debug-xros/JSONFeedTests.build/Objects-normal/arm64/JSONFeedTests.swiftmodule -emit-abi-descriptor-path /Users/builder/builds/TDmZkXJm/0/finestructure/swiftpackageindex-builder/spi-builder-workspace/.derivedData/Build/Intermediates.noindex/JSONFeed.build/Debug-xros/JSONFeedTests.build/Objects-normal/arm64/JSONFeedTests.abi.json
/Users/builder/builds/TDmZkXJm/0/finestructure/swiftpackageindex-builder/spi-builder-workspace/Tests/JSONFeedTests/XCTestManifests.swift:4:28: error: cannot find type 'XCTestCaseEntry' in scope
public func allTests() -> [XCTestCaseEntry] {
                           ^~~~~~~~~~~~~~~

SwiftCompile normal arm64 Compiling\ XCTestManifests.swift /Users/builder/builds/TDmZkXJm/0/finestructure/swiftpackageindex-builder/spi-builder-workspace/Tests/JSONFeedTests/XCTestManifests.swift (in target 'JSONFeedTests' from project 'JSONFeed')
    cd /Users/builder/builds/TDmZkXJm/0/finestructure/swiftpackageindex-builder/spi-builder-workspace
    builtin-swiftTaskExecution -- /Applications/Xcode-15.0.0-Beta.2.app/Contents/Developer/Toolchains/XcodeDefault.xctoolchain/usr/bin/swift-frontend -frontend -c /Users/builder/builds/TDmZkXJm/0/finestructure/swiftpackageindex-builder/spi-builder-workspace/Tests/JSONFeedTests/JSONFeedTests.swift -primary-file /Users/builder/builds/TDmZkXJm/0/finestructure/swiftpackageindex-builder/spi-builder-workspace/Tests/JSONFeedTests/XCTestManifests.swift -emit-dependencies-path /Users/builder/builds/TDmZkXJm/0/finestructure/swiftpackageindex-builder/spi-builder-workspace/.derivedData/Build/Intermediates.noindex/JSONFeed.build/Debug-xros/JSONFeedTests.build/Objects-normal/arm64/XCTestManifests.d -emit-const-values-path /Users/builder/builds/TDmZkXJm/0/finestructure/swiftpackageindex-builder/spi-builder-workspace/.derivedData/Build/Intermediates.noindex/JSONFeed.build/Debug-xros/JSONFeedTests.build/Objects-normal/arm64/XCTestManifests.swiftconstvalues -emit-reference-dependencies-path /Users/builder/builds/TDmZkXJm/0/finestructure/swiftpackageindex-builder/spi-builder-workspace/.derivedData/Build/Intermediates.noindex/JSONFeed.build/Debug-xros/JSONFeedTests.build/Objects-normal/arm64/XCTestManifests.swiftdeps -serialize-diagnostics-path /Users/builder/builds/TDmZkXJm/0/finestructure/swiftpackageindex-builder/spi-builder-workspace/.derivedData/Build/Intermediates.noindex/JSONFeed.build/Debug-xros/JSONFeedTests.build/Objects-normal/arm64/XCTestManifests.dia -target arm64-apple-xros1.0 -Xllvm -aarch64-use-tbi -enable-objc-interop -stack-check -sdk /Applications/Xcode-15.0.0-Beta.2.app/Contents/Developer/Platforms/XROS.platform/Developer/SDKs/XROS1.0.sdk -I /Users/builder/builds/TDmZkXJm/0/finestructure/swiftpackageindex-builder/spi-builder-workspace/.derivedData/Build/Products/Debug-xros -I /Applications/Xcode-15.0.0-Beta.2.app/Contents/Developer/Platforms/XROS.platform/Developer/usr/lib -F /Users/builder/builds/TDmZkXJm/0/finestructure/swiftpackageindex-builder/spi-builder-workspace/.derivedData/Build/Products/Debug-xros/PackageFrameworks -F /Users/builder/builds/TDmZkXJm/0/finestructure/swiftpackageindex-builder/spi-builder-workspace/.derivedData/Build/Products/Debug-xros -F /Applications/Xcode-15.0.0-Beta.2.app/Contents/Developer/Platforms/XROS.platform/Developer/Library/Frameworks -F /Applications/Xcode-15.0.0-Beta.2.app/Contents/Developer/Platforms/XROS.platform/Developer/SDKs/XROS1.0.sdk/Developer/Library/Frameworks -no-color-diagnostics -enable-testing -g -module-cache-path /Users/builder/builds/TDmZkXJm/0/finestructure/swiftpackageindex-builder/spi-builder-workspace/.derivedData/ModuleCache.noindex -swift-version 4 -enforce-exclusivity\=checked -Onone -D SWIFT_PACKAGE -D DEBUG -D Xcode -serialize-debugging-options -const-gather-protocols-file /Users/builder/builds/TDmZkXJm/0/finestructure/swiftpackageindex-builder/spi-builder-workspace/.derivedData/Build/Intermediates.noindex/JSONFeed.build/Debug-xros/JSONFeedTests.build/Objects-normal/arm64/JSONFeedTests_const_extract_protocols.json -empty-abi-descriptor -plugin-path /Applications/Xcode-15.0.0-Beta.2.app/Contents/Developer/Toolchains/XcodeDefault.xctoolchain/usr/lib/swift/host/plugins -plugin-path /Applications/Xcode-15.0.0-Beta.2.app/Contents/Developer/Toolchains/XcodeDefault.xctoolchain/usr/local/lib/swift/host/plugins -validate-clang-modules-once -clang-build-session-file /Users/builder/builds/TDmZkXJm/0/finestructure/swiftpackageindex-builder/spi-builder-workspace/.derivedData/ModuleCache.noindex/Session.modulevalidation -Xcc -working-directory -Xcc /Users/builder/builds/TDmZkXJm/0/finestructure/swiftpackageindex-builder/spi-builder-workspace -resource-dir /Applications/Xcode-15.0.0-Beta.2.app/Contents/Developer/Toolchains/XcodeDefault.xctoolchain/usr/lib/swift -enable-anonymous-context-mangled-names -Xcc -ivfsstatcache -Xcc /Users/builder/builds/TDmZkXJm/0/finestructure/swiftpackageindex-builder/spi-builder-workspace/.derivedData/SDKStatCaches.noindex/xros1.0-21N5165f-50a81fd5751d5bee8ff6d6ea12214339.sdkstatcache -Xcc -I/Users/builder/builds/TDmZkXJm/0/finestructure/swiftpackageindex-builder/spi-builder-workspace/.derivedData/Build/Products/Debug-xros/include -Xcc -I/Users/builder/builds/TDmZkXJm/0/finestructure/swiftpackageindex-builder/spi-builder-workspace/.derivedData/Build/Intermediates.noindex/JSONFeed.build/Debug-xros/JSONFeedTests.build/DerivedSources-normal/arm64 -Xcc -I/Users/builder/builds/TDmZkXJm/0/finestructure/swiftpackageindex-builder/spi-builder-workspace/.derivedData/Build/Intermediates.noindex/JSONFeed.build/Debug-xros/JSONFeedTests.build/DerivedSources/arm64 -Xcc -I/Users/builder/builds/TDmZkXJm/0/finestructure/swiftpackageindex-builder/spi-builder-workspace/.derivedData/Build/Intermediates.noindex/JSONFeed.build/Debug-xros/JSONFeedTests.build/DerivedSources -Xcc -DSWIFT_PACKAGE -Xcc -DDEBUG\=1 -module-name JSONFeedTests -frontend-parseable-output -disable-clang-spi -target-sdk-version 1.0 -target-sdk-name xros1.0 -o /Users/builder/builds/TDmZkXJm/0/finestructure/swiftpackageindex-builder/spi-builder-workspace/.derivedData/Build/Intermediates.noindex/JSONFeed.build/Debug-xros/JSONFeedTests.build/Objects-normal/arm64/XCTestManifests.o -index-unit-output-path /JSONFeed.build/Debug-xros/JSONFeedTests.build/Objects-normal/arm64/XCTestManifests.o -index-store-path /Users/builder/builds/TDmZkXJm/0/finestructure/swiftpackageindex-builder/spi-builder-workspace/.derivedData/Index.noindex/DataStore -index-system-modules
SwiftCompile normal arm64 /Users/builder/builds/TDmZkXJm/0/finestructure/swiftpackageindex-builder/spi-builder-workspace/Tests/JSONFeedTests/XCTestManifests.swift (in target 'JSONFeedTests' from project 'JSONFeed')
    cd /Users/builder/builds/TDmZkXJm/0/finestructure/swiftpackageindex-builder/spi-builder-workspace
    /Applications/Xcode-15.0.0-Beta.2.app/Contents/Developer/Toolchains/XcodeDefault.xctoolchain/usr/bin/swift-frontend -c /Users/builder/builds/TDmZkXJm/0/finestructure/swiftpackageindex-builder/spi-builder-workspace/Tests/JSONFeedTests/JSONFeedTests.swift -primary-file /Users/builder/builds/TDmZkXJm/0/finestructure/swiftpackageindex-builder/spi-builder-workspace/Tests/JSONFeedTests/XCTestManifests.swift -emit-dependencies-path /Users/builder/builds/TDmZkXJm/0/finestructure/swiftpackageindex-builder/spi-builder-workspace/.derivedData/Build/Intermediates.noindex/JSONFeed.build/Debug-xros/JSONFeedTests.build/Objects-normal/arm64/XCTestManifests.d -emit-const-values-path /Users/builder/builds/TDmZkXJm/0/finestructure/swiftpackageindex-builder/spi-builder-workspace/.derivedData/Build/Intermediates.noindex/JSONFeed.build/Debug-xros/JSONFeedTests.build/Objects-normal/arm64/XCTestManifests.swiftconstvalues -emit-reference-dependencies-path /Users/builder/builds/TDmZkXJm/0/finestructure/swiftpackageindex-builder/spi-builder-workspace/.derivedData/Build/Intermediates.noindex/JSONFeed.build/Debug-xros/JSONFeedTests.build/Objects-normal/arm64/XCTestManifests.swiftdeps -serialize-diagnostics-path /Users/builder/builds/TDmZkXJm/0/finestructure/swiftpackageindex-builder/spi-builder-workspace/.derivedData/Build/Intermediates.noindex/JSONFeed.build/Debug-xros/JSONFeedTests.build/Objects-normal/arm64/XCTestManifests.dia -target arm64-apple-xros1.0 -Xllvm -aarch64-use-tbi -enable-objc-interop -stack-check -sdk /Applications/Xcode-15.0.0-Beta.2.app/Contents/Developer/Platforms/XROS.platform/Developer/SDKs/XROS1.0.sdk -I /Users/builder/builds/TDmZkXJm/0/finestructure/swiftpackageindex-builder/spi-builder-workspace/.derivedData/Build/Products/Debug-xros -I /Applications/Xcode-15.0.0-Beta.2.app/Contents/Developer/Platforms/XROS.platform/Developer/usr/lib -F /Users/builder/builds/TDmZkXJm/0/finestructure/swiftpackageindex-builder/spi-builder-workspace/.derivedData/Build/Products/Debug-xros/PackageFrameworks -F /Users/builder/builds/TDmZkXJm/0/finestructure/swiftpackageindex-builder/spi-builder-workspace/.derivedData/Build/Products/Debug-xros -F /Applications/Xcode-15.0.0-Beta.2.app/Contents/Developer/Platforms/XROS.platform/Developer/Library/Frameworks -F /Applications/Xcode-15.0.0-Beta.2.app/Contents/Developer/Platforms/XROS.platform/Developer/SDKs/XROS1.0.sdk/Developer/Library/Frameworks -no-color-diagnostics -enable-testing -g -module-cache-path /Users/builder/builds/TDmZkXJm/0/finestructure/swiftpackageindex-builder/spi-builder-workspace/.derivedData/ModuleCache.noindex -swift-version 4 -enforce-exclusivity\=checked -Onone -D SWIFT_PACKAGE -D DEBUG -D Xcode -serialize-debugging-options -const-gather-protocols-file /Users/builder/builds/TDmZkXJm/0/finestructure/swiftpackageindex-builder/spi-builder-workspace/.derivedData/Build/Intermediates.noindex/JSONFeed.build/Debug-xros/JSONFeedTests.build/Objects-normal/arm64/JSONFeedTests_const_extract_protocols.json -empty-abi-descriptor -plugin-path /Applications/Xcode-15.0.0-Beta.2.app/Contents/Developer/Toolchains/XcodeDefault.xctoolchain/usr/lib/swift/host/plugins -plugin-path /Applications/Xcode-15.0.0-Beta.2.app/Contents/Developer/Toolchains/XcodeDefault.xctoolchain/usr/local/lib/swift/host/plugins -validate-clang-modules-once -clang-build-session-file /Users/builder/builds/TDmZkXJm/0/finestructure/swiftpackageindex-builder/spi-builder-workspace/.derivedData/ModuleCache.noindex/Session.modulevalidation -Xcc -working-directory -Xcc /Users/builder/builds/TDmZkXJm/0/finestructure/swiftpackageindex-builder/spi-builder-workspace -resource-dir /Applications/Xcode-15.0.0-Beta.2.app/Contents/Developer/Toolchains/XcodeDefault.xctoolchain/usr/lib/swift -enable-anonymous-context-mangled-names -Xcc -ivfsstatcache -Xcc /Users/builder/builds/TDmZkXJm/0/finestructure/swiftpackageindex-builder/spi-builder-workspace/.derivedData/SDKStatCaches.noindex/xros1.0-21N5165f-50a81fd5751d5bee8ff6d6ea12214339.sdkstatcache -Xcc -I/Users/builder/builds/TDmZkXJm/0/finestructure/swiftpackageindex-builder/spi-builder-workspace/.derivedData/Build/Products/Debug-xros/include -Xcc -I/Users/builder/builds/TDmZkXJm/0/finestructure/swiftpackageindex-builder/spi-builder-workspace/.derivedData/Build/Intermediates.noindex/JSONFeed.build/Debug-xros/JSONFeedTests.build/DerivedSources-normal/arm64 -Xcc -I/Users/builder/builds/TDmZkXJm/0/finestructure/swiftpackageindex-builder/spi-builder-workspace/.derivedData/Build/Intermediates.noindex/JSONFeed.build/Debug-xros/JSONFeedTests.build/DerivedSources/arm64 -Xcc -I/Users/builder/builds/TDmZkXJm/0/finestructure/swiftpackageindex-builder/spi-builder-workspace/.derivedData/Build/Intermediates.noindex/JSONFeed.build/Debug-xros/JSONFeedTests.build/DerivedSources -Xcc -DSWIFT_PACKAGE -Xcc -DDEBUG\=1 -module-name JSONFeedTests -frontend-parseable-output -disable-clang-spi -target-sdk-version 1.0 -target-sdk-name xros1.0 -o /Users/builder/builds/TDmZkXJm/0/finestructure/swiftpackageindex-builder/spi-builder-workspace/.derivedData/Build/Intermediates.noindex/JSONFeed.build/Debug-xros/JSONFeedTests.build/Objects-normal/arm64/XCTestManifests.o -index-unit-output-path /JSONFeed.build/Debug-xros/JSONFeedTests.build/Objects-normal/arm64/XCTestManifests.o -index-store-path /Users/builder/builds/TDmZkXJm/0/finestructure/swiftpackageindex-builder/spi-builder-workspace/.derivedData/Index.noindex/DataStore -index-system-modules
/Users/builder/builds/TDmZkXJm/0/finestructure/swiftpackageindex-builder/spi-builder-workspace/Tests/JSONFeedTests/XCTestManifests.swift:4:28: error: cannot find type 'XCTestCaseEntry' in scope
public func allTests() -> [XCTestCaseEntry] {
                           ^~~~~~~~~~~~~~~

SwiftCompile normal arm64 Compiling\ JSONFeedTests.swift /Users/builder/builds/TDmZkXJm/0/finestructure/swiftpackageindex-builder/spi-builder-workspace/Tests/JSONFeedTests/JSONFeedTests.swift (in target 'JSONFeedTests' from project 'JSONFeed')
    cd /Users/builder/builds/TDmZkXJm/0/finestructure/swiftpackageindex-builder/spi-builder-workspace
    builtin-swiftTaskExecution -- /Applications/Xcode-15.0.0-Beta.2.app/Contents/Developer/Toolchains/XcodeDefault.xctoolchain/usr/bin/swift-frontend -frontend -c -primary-file /Users/builder/builds/TDmZkXJm/0/finestructure/swiftpackageindex-builder/spi-builder-workspace/Tests/JSONFeedTests/JSONFeedTests.swift /Users/builder/builds/TDmZkXJm/0/finestructure/swiftpackageindex-builder/spi-builder-workspace/Tests/JSONFeedTests/XCTestManifests.swift -emit-dependencies-path /Users/builder/builds/TDmZkXJm/0/finestructure/swiftpackageindex-builder/spi-builder-workspace/.derivedData/Build/Intermediates.noindex/JSONFeed.build/Debug-xros/JSONFeedTests.build/Objects-normal/arm64/JSONFeedTests.d -emit-const-values-path /Users/builder/builds/TDmZkXJm/0/finestructure/swiftpackageindex-builder/spi-builder-workspace/.derivedData/Build/Intermediates.noindex/JSONFeed.build/Debug-xros/JSONFeedTests.build/Objects-normal/arm64/JSONFeedTests.swiftconstvalues -emit-reference-dependencies-path /Users/builder/builds/TDmZkXJm/0/finestructure/swiftpackageindex-builder/spi-builder-workspace/.derivedData/Build/Intermediates.noindex/JSONFeed.build/Debug-xros/JSONFeedTests.build/Objects-normal/arm64/JSONFeedTests.swiftdeps -serialize-diagnostics-path /Users/builder/builds/TDmZkXJm/0/finestructure/swiftpackageindex-builder/spi-builder-workspace/.derivedData/Build/Intermediates.noindex/JSONFeed.build/Debug-xros/JSONFeedTests.build/Objects-normal/arm64/JSONFeedTests.dia -target arm64-apple-xros1.0 -Xllvm -aarch64-use-tbi -enable-objc-interop -stack-check -sdk /Applications/Xcode-15.0.0-Beta.2.app/Contents/Developer/Platforms/XROS.platform/Developer/SDKs/XROS1.0.sdk -I /Users/builder/builds/TDmZkXJm/0/finestructure/swiftpackageindex-builder/spi-builder-workspace/.derivedData/Build/Products/Debug-xros -I /Applications/Xcode-15.0.0-Beta.2.app/Contents/Developer/Platforms/XROS.platform/Developer/usr/lib -F /Users/builder/builds/TDmZkXJm/0/finestructure/swiftpackageindex-builder/spi-builder-workspace/.derivedData/Build/Products/Debug-xros/PackageFrameworks -F /Users/builder/builds/TDmZkXJm/0/finestructure/swiftpackageindex-builder/spi-builder-workspace/.derivedData/Build/Products/Debug-xros -F /Applications/Xcode-15.0.0-Beta.2.app/Contents/Developer/Platforms/XROS.platform/Developer/Library/Frameworks -F /Applications/Xcode-15.0.0-Beta.2.app/Contents/Developer/Platforms/XROS.platform/Developer/SDKs/XROS1.0.sdk/Developer/Library/Frameworks -no-color-diagnostics -enable-testing -g -module-cache-path /Users/builder/builds/TDmZkXJm/0/finestructure/swiftpackageindex-builder/spi-builder-workspace/.derivedData/ModuleCache.noindex -swift-version 4 -enforce-exclusivity\=checked -Onone -D SWIFT_PACKAGE -D DEBUG -D Xcode -serialize-debugging-options -const-gather-protocols-file /Users/builder/builds/TDmZkXJm/0/finestructure/swiftpackageindex-builder/spi-builder-workspace/.derivedData/Build/Intermediates.noindex/JSONFeed.build/Debug-xros/JSONFeedTests.build/Objects-normal/arm64/JSONFeedTests_const_extract_protocols.json -empty-abi-descriptor -plugin-path /Applications/Xcode-15.0.0-Beta.2.app/Contents/Developer/Toolchains/XcodeDefault.xctoolchain/usr/lib/swift/host/plugins -plugin-path /Applications/Xcode-15.0.0-Beta.2.app/Contents/Developer/Toolchains/XcodeDefault.xctoolchain/usr/local/lib/swift/host/plugins -validate-clang-modules-once -clang-build-session-file /Users/builder/builds/TDmZkXJm/0/finestructure/swiftpackageindex-builder/spi-builder-workspace/.derivedData/ModuleCache.noindex/Session.modulevalidation -Xcc -working-directory -Xcc /Users/builder/builds/TDmZkXJm/0/finestructure/swiftpackageindex-builder/spi-builder-workspace -resource-dir /Applications/Xcode-15.0.0-Beta.2.app/Contents/Developer/Toolchains/XcodeDefault.xctoolchain/usr/lib/swift -enable-anonymous-context-mangled-names -Xcc -ivfsstatcache -Xcc /Users/builder/builds/TDmZkXJm/0/finestructure/swiftpackageindex-builder/spi-builder-workspace/.derivedData/SDKStatCaches.noindex/xros1.0-21N5165f-50a81fd5751d5bee8ff6d6ea12214339.sdkstatcache -Xcc -I/Users/builder/builds/TDmZkXJm/0/finestructure/swiftpackageindex-builder/spi-builder-workspace/.derivedData/Build/Products/Debug-xros/include -Xcc -I/Users/builder/builds/TDmZkXJm/0/finestructure/swiftpackageindex-builder/spi-builder-workspace/.derivedData/Build/Intermediates.noindex/JSONFeed.build/Debug-xros/JSONFeedTests.build/DerivedSources-normal/arm64 -Xcc -I/Users/builder/builds/TDmZkXJm/0/finestructure/swiftpackageindex-builder/spi-builder-workspace/.derivedData/Build/Intermediates.noindex/JSONFeed.build/Debug-xros/JSONFeedTests.build/DerivedSources/arm64 -Xcc -I/Users/builder/builds/TDmZkXJm/0/finestructure/swiftpackageindex-builder/spi-builder-workspace/.derivedData/Build/Intermediates.noindex/JSONFeed.build/Debug-xros/JSONFeedTests.build/DerivedSources -Xcc -DSWIFT_PACKAGE -Xcc -DDEBUG\=1 -module-name JSONFeedTests -frontend-parseable-output -disable-clang-spi -target-sdk-version 1.0 -target-sdk-name xros1.0 -o /Users/builder/builds/TDmZkXJm/0/finestructure/swiftpackageindex-builder/spi-builder-workspace/.derivedData/Build/Intermediates.noindex/JSONFeed.build/Debug-xros/JSONFeedTests.build/Objects-normal/arm64/JSONFeedTests.o -index-unit-output-path /JSONFeed.build/Debug-xros/JSONFeedTests.build/Objects-normal/arm64/JSONFeedTests.o -index-store-path /Users/builder/builds/TDmZkXJm/0/finestructure/swiftpackageindex-builder/spi-builder-workspace/.derivedData/Index.noindex/DataStore -index-system-modules

SwiftCompile normal arm64 /Users/builder/builds/TDmZkXJm/0/finestructure/swiftpackageindex-builder/spi-builder-workspace/Tests/JSONFeedTests/JSONFeedTests.swift (in target 'JSONFeedTests' from project 'JSONFeed')
    cd /Users/builder/builds/TDmZkXJm/0/finestructure/swiftpackageindex-builder/spi-builder-workspace
    /Applications/Xcode-15.0.0-Beta.2.app/Contents/Developer/Toolchains/XcodeDefault.xctoolchain/usr/bin/swift-frontend -c -primary-file /Users/builder/builds/TDmZkXJm/0/finestructure/swiftpackageindex-builder/spi-builder-workspace/Tests/JSONFeedTests/JSONFeedTests.swift /Users/builder/builds/TDmZkXJm/0/finestructure/swiftpackageindex-builder/spi-builder-workspace/Tests/JSONFeedTests/XCTestManifests.swift -emit-dependencies-path /Users/builder/builds/TDmZkXJm/0/finestructure/swiftpackageindex-builder/spi-builder-workspace/.derivedData/Build/Intermediates.noindex/JSONFeed.build/Debug-xros/JSONFeedTests.build/Objects-normal/arm64/JSONFeedTests.d -emit-const-values-path /Users/builder/builds/TDmZkXJm/0/finestructure/swiftpackageindex-builder/spi-builder-workspace/.derivedData/Build/Intermediates.noindex/JSONFeed.build/Debug-xros/JSONFeedTests.build/Objects-normal/arm64/JSONFeedTests.swiftconstvalues -emit-reference-dependencies-path /Users/builder/builds/TDmZkXJm/0/finestructure/swiftpackageindex-builder/spi-builder-workspace/.derivedData/Build/Intermediates.noindex/JSONFeed.build/Debug-xros/JSONFeedTests.build/Objects-normal/arm64/JSONFeedTests.swiftdeps -serialize-diagnostics-path /Users/builder/builds/TDmZkXJm/0/finestructure/swiftpackageindex-builder/spi-builder-workspace/.derivedData/Build/Intermediates.noindex/JSONFeed.build/Debug-xros/JSONFeedTests.build/Objects-normal/arm64/JSONFeedTests.dia -target arm64-apple-xros1.0 -Xllvm -aarch64-use-tbi -enable-objc-interop -stack-check -sdk /Applications/Xcode-15.0.0-Beta.2.app/Contents/Developer/Platforms/XROS.platform/Developer/SDKs/XROS1.0.sdk -I /Users/builder/builds/TDmZkXJm/0/finestructure/swiftpackageindex-builder/spi-builder-workspace/.derivedData/Build/Products/Debug-xros -I /Applications/Xcode-15.0.0-Beta.2.app/Contents/Developer/Platforms/XROS.platform/Developer/usr/lib -F /Users/builder/builds/TDmZkXJm/0/finestructure/swiftpackageindex-builder/spi-builder-workspace/.derivedData/Build/Products/Debug-xros/PackageFrameworks -F /Users/builder/builds/TDmZkXJm/0/finestructure/swiftpackageindex-builder/spi-builder-workspace/.derivedData/Build/Products/Debug-xros -F /Applications/Xcode-15.0.0-Beta.2.app/Contents/Developer/Platforms/XROS.platform/Developer/Library/Frameworks -F /Applications/Xcode-15.0.0-Beta.2.app/Contents/Developer/Platforms/XROS.platform/Developer/SDKs/XROS1.0.sdk/Developer/Library/Frameworks -no-color-diagnostics -enable-testing -g -module-cache-path /Users/builder/builds/TDmZkXJm/0/finestructure/swiftpackageindex-builder/spi-builder-workspace/.derivedData/ModuleCache.noindex -swift-version 4 -enforce-exclusivity\=checked -Onone -D SWIFT_PACKAGE -D DEBUG -D Xcode -serialize-debugging-options -const-gather-protocols-file /Users/builder/builds/TDmZkXJm/0/finestructure/swiftpackageindex-builder/spi-builder-workspace/.derivedData/Build/Intermediates.noindex/JSONFeed.build/Debug-xros/JSONFeedTests.build/Objects-normal/arm64/JSONFeedTests_const_extract_protocols.json -empty-abi-descriptor -plugin-path /Applications/Xcode-15.0.0-Beta.2.app/Contents/Developer/Toolchains/XcodeDefault.xctoolchain/usr/lib/swift/host/plugins -plugin-path /Applications/Xcode-15.0.0-Beta.2.app/Contents/Developer/Toolchains/XcodeDefault.xctoolchain/usr/local/lib/swift/host/plugins -validate-clang-modules-once -clang-build-session-file /Users/builder/builds/TDmZkXJm/0/finestructure/swiftpackageindex-builder/spi-builder-workspace/.derivedData/ModuleCache.noindex/Session.modulevalidation -Xcc -working-directory -Xcc /Users/builder/builds/TDmZkXJm/0/finestructure/swiftpackageindex-builder/spi-builder-workspace -resource-dir /Applications/Xcode-15.0.0-Beta.2.app/Contents/Developer/Toolchains/XcodeDefault.xctoolchain/usr/lib/swift -enable-anonymous-context-mangled-names -Xcc -ivfsstatcache -Xcc /Users/builder/builds/TDmZkXJm/0/finestructure/swiftpackageindex-builder/spi-builder-workspace/.derivedData/SDKStatCaches.noindex/xros1.0-21N5165f-50a81fd5751d5bee8ff6d6ea12214339.sdkstatcache -Xcc -I/Users/builder/builds/TDmZkXJm/0/finestructure/swiftpackageindex-builder/spi-builder-workspace/.derivedData/Build/Products/Debug-xros/include -Xcc -I/Users/builder/builds/TDmZkXJm/0/finestructure/swiftpackageindex-builder/spi-builder-workspace/.derivedData/Build/Intermediates.noindex/JSONFeed.build/Debug-xros/JSONFeedTests.build/DerivedSources-normal/arm64 -Xcc -I/Users/builder/builds/TDmZkXJm/0/finestructure/swiftpackageindex-builder/spi-builder-workspace/.derivedData/Build/Intermediates.noindex/JSONFeed.build/Debug-xros/JSONFeedTests.build/DerivedSources/arm64 -Xcc -I/Users/builder/builds/TDmZkXJm/0/finestructure/swiftpackageindex-builder/spi-builder-workspace/.derivedData/Build/Intermediates.noindex/JSONFeed.build/Debug-xros/JSONFeedTests.build/DerivedSources -Xcc -DSWIFT_PACKAGE -Xcc -DDEBUG\=1 -module-name JSONFeedTests -frontend-parseable-output -disable-clang-spi -target-sdk-version 1.0 -target-sdk-name xros1.0 -o /Users/builder/builds/TDmZkXJm/0/finestructure/swiftpackageindex-builder/spi-builder-workspace/.derivedData/Build/Intermediates.noindex/JSONFeed.build/Debug-xros/JSONFeedTests.build/Objects-normal/arm64/JSONFeedTests.o -index-unit-output-path /JSONFeed.build/Debug-xros/JSONFeedTests.build/Objects-normal/arm64/JSONFeedTests.o -index-store-path /Users/builder/builds/TDmZkXJm/0/finestructure/swiftpackageindex-builder/spi-builder-workspace/.derivedData/Index.noindex/DataStore -index-system-modules

SwiftDriverJobDiscovery normal arm64 Compiling Author.swift (in target 'JSONFeed' from project 'JSONFeed')

SwiftDriverJobDiscovery normal arm64 Compiling Item.swift (in target 'JSONFeed' from project 'JSONFeed')

SwiftDriverJobDiscovery normal arm64 Compiling Feed.swift (in target 'JSONFeed' from project 'JSONFeed')

SwiftDriverJobDiscovery normal arm64 Compiling Attachment.swift (in target 'JSONFeed' from project 'JSONFeed')

SwiftDriverJobDiscovery normal arm64 Compiling Hub.swift (in target 'JSONFeed' from project 'JSONFeed')

SwiftDriver\ Compilation JSONFeed normal arm64 com.apple.xcode.tools.swift.compiler (in target 'JSONFeed' from project 'JSONFeed')
    cd /Users/builder/builds/TDmZkXJm/0/finestructure/swiftpackageindex-builder/spi-builder-workspace
    builtin-Swift-Compilation -- /Applications/Xcode-15.0.0-Beta.2.app/Contents/Developer/Toolchains/XcodeDefault.xctoolchain/usr/bin/swiftc -module-name JSONFeed -Onone -enforce-exclusivity\=checked @/Users/builder/builds/TDmZkXJm/0/finestructure/swiftpackageindex-builder/spi-builder-workspace/.derivedData/Build/Intermediates.noindex/JSONFeed.build/Debug-xros/JSONFeed.build/Objects-normal/arm64/JSONFeed.SwiftFileList -DSWIFT_PACKAGE -DDEBUG -DXcode -sdk /Applications/Xcode-15.0.0-Beta.2.app/Contents/Developer/Platforms/XROS.platform/Developer/SDKs/XROS1.0.sdk -target arm64-apple-xros1.0 -g -module-cache-path /Users/builder/builds/TDmZkXJm/0/finestructure/swiftpackageindex-builder/spi-builder-workspace/.derivedData/ModuleCache.noindex -Xfrontend -serialize-debugging-options -enable-testing -index-store-path /Users/builder/builds/TDmZkXJm/0/finestructure/swiftpackageindex-builder/spi-builder-workspace/.derivedData/Index.noindex/DataStore -swift-version 4 -I /Users/builder/builds/TDmZkXJm/0/finestructure/swiftpackageindex-builder/spi-builder-workspace/.derivedData/Build/Products/Debug-xros -I /Applications/Xcode-15.0.0-Beta.2.app/Contents/Developer/Platforms/XROS.platform/Developer/usr/lib -F /Users/builder/builds/TDmZkXJm/0/finestructure/swiftpackageindex-builder/spi-builder-workspace/.derivedData/Build/Products/Debug-xros -F /Applications/Xcode-15.0.0-Beta.2.app/Contents/Developer/Platforms/XROS.platform/Developer/Library/Frameworks -F /Applications/Xcode-15.0.0-Beta.2.app/Contents/Developer/Platforms/XROS.platform/Developer/SDKs/XROS1.0.sdk/Developer/Library/Frameworks -c -j8 -enable-batch-mode -incremental -Xcc -ivfsstatcache -Xcc /Users/builder/builds/TDmZkXJm/0/finestructure/swiftpackageindex-builder/spi-builder-workspace/.derivedData/SDKStatCaches.noindex/xros1.0-21N5165f-50a81fd5751d5bee8ff6d6ea12214339.sdkstatcache -output-file-map /Users/builder/builds/TDmZkXJm/0/finestructure/swiftpackageindex-builder/spi-builder-workspace/.derivedData/Build/Intermediates.noindex/JSONFeed.build/Debug-xros/JSONFeed.build/Objects-normal/arm64/JSONFeed-OutputFileMap.json -use-frontend-parseable-output -save-temps -no-color-diagnostics -serialize-diagnostics -emit-dependencies -emit-module -emit-module-path /Users/builder/builds/TDmZkXJm/0/finestructure/swiftpackageindex-builder/spi-builder-workspace/.derivedData/Build/Intermediates.noindex/JSONFeed.build/Debug-xros/JSONFeed.build/Objects-normal/arm64/JSONFeed.swiftmodule -validate-clang-modules-once -clang-build-session-file /Users/builder/builds/TDmZkXJm/0/finestructure/swiftpackageindex-builder/spi-builder-workspace/.derivedData/ModuleCache.noindex/Session.modulevalidation -Xcc -I/Users/builder/builds/TDmZkXJm/0/finestructure/swiftpackageindex-builder/spi-builder-workspace/.derivedData/Build/Intermediates.noindex/JSONFeed.build/Debug-xros/JSONFeed.build/swift-overrides.hmap -emit-const-values -Xfrontend -const-gather-protocols-file -Xfrontend /Users/builder/builds/TDmZkXJm/0/finestructure/swiftpackageindex-builder/spi-builder-workspace/.derivedData/Build/Intermediates.noindex/JSONFeed.build/Debug-xros/JSONFeed.build/Objects-normal/arm64/JSONFeed_const_extract_protocols.json -Xcc -I/Users/builder/builds/TDmZkXJm/0/finestructure/swiftpackageindex-builder/spi-builder-workspace/.derivedData/Build/Products/Debug-xros/include -Xcc -I/Users/builder/builds/TDmZkXJm/0/finestructure/swiftpackageindex-builder/spi-builder-workspace/.derivedData/Build/Intermediates.noindex/JSONFeed.build/Debug-xros/JSONFeed.build/DerivedSources-normal/arm64 -Xcc -I/Users/builder/builds/TDmZkXJm/0/finestructure/swiftpackageindex-builder/spi-builder-workspace/.derivedData/Build/Intermediates.noindex/JSONFeed.build/Debug-xros/JSONFeed.build/DerivedSources/arm64 -Xcc -I/Users/builder/builds/TDmZkXJm/0/finestructure/swiftpackageindex-builder/spi-builder-workspace/.derivedData/Build/Intermediates.noindex/JSONFeed.build/Debug-xros/JSONFeed.build/DerivedSources -Xcc -DSWIFT_PACKAGE -Xcc -DDEBUG\=1 -emit-objc-header -emit-objc-header-path /Users/builder/builds/TDmZkXJm/0/finestructure/swiftpackageindex-builder/spi-builder-workspace/.derivedData/Build/Intermediates.noindex/JSONFeed.build/Debug-xros/JSONFeed.build/Objects-normal/arm64/JSONFeed-Swift.h -working-directory /Users/builder/builds/TDmZkXJm/0/finestructure/swiftpackageindex-builder/spi-builder-workspace -experimental-emit-module-separately -disable-cmo
Ld /Users/builder/builds/TDmZkXJm/0/finestructure/swiftpackageindex-builder/spi-builder-workspace/.derivedData/Build/Products/Debug-xros/JSONFeed.o normal (in target 'JSONFeed' from project 'JSONFeed')
    cd /Users/builder/builds/TDmZkXJm/0/finestructure/swiftpackageindex-builder/spi-builder-workspace
    /Applications/Xcode-15.0.0-Beta.2.app/Contents/Developer/Toolchains/XcodeDefault.xctoolchain/usr/bin/clang -Xlinker -reproducible -target arm64-apple-xros1.0 -r -isysroot /Applications/Xcode-15.0.0-Beta.2.app/Contents/Developer/Platforms/XROS.platform/Developer/SDKs/XROS1.0.sdk -O0 -L/Users/builder/builds/TDmZkXJm/0/finestructure/swiftpackageindex-builder/spi-builder-workspace/.derivedData/Build/Intermediates.noindex/EagerLinkingTBDs/Debug-xros -L/Users/builder/builds/TDmZkXJm/0/finestructure/swiftpackageindex-builder/spi-builder-workspace/.derivedData/Build/Products/Debug-xros -L/Applications/Xcode-15.0.0-Beta.2.app/Contents/Developer/Platforms/XROS.platform/Developer/usr/lib -F/Users/builder/builds/TDmZkXJm/0/finestructure/swiftpackageindex-builder/spi-builder-workspace/.derivedData/Build/Intermediates.noindex/EagerLinkingTBDs/Debug-xros -F/Users/builder/builds/TDmZkXJm/0/finestructure/swiftpackageindex-builder/spi-builder-workspace/.derivedData/Build/Products/Debug-xros -iframework /Applications/Xcode-15.0.0-Beta.2.app/Contents/Developer/Platforms/XROS.platform/Developer/Library/Frameworks -iframework /Applications/Xcode-15.0.0-Beta.2.app/Contents/Developer/Platforms/XROS.platform/Developer/SDKs/XROS1.0.sdk/Developer/Library/Frameworks -filelist /Users/builder/builds/TDmZkXJm/0/finestructure/swiftpackageindex-builder/spi-builder-workspace/.derivedData/Build/Intermediates.noindex/JSONFeed.build/Debug-xros/JSONFeed.build/Objects-normal/arm64/JSONFeed.LinkFileList -nostdlib -Xlinker -object_path_lto -Xlinker /Users/builder/builds/TDmZkXJm/0/finestructure/swiftpackageindex-builder/spi-builder-workspace/.derivedData/Build/Intermediates.noindex/JSONFeed.build/Debug-xros/JSONFeed.build/Objects-normal/arm64/JSONFeed_lto.o -Xlinker -export_dynamic -Xlinker -no_deduplicate -fobjc-link-runtime -L/Applications/Xcode-15.0.0-Beta.2.app/Contents/Developer/Toolchains/XcodeDefault.xctoolchain/usr/lib/swift/xros -L/usr/lib/swift -Xlinker -add_ast_path -Xlinker /Users/builder/builds/TDmZkXJm/0/finestructure/swiftpackageindex-builder/spi-builder-workspace/.derivedData/Build/Intermediates.noindex/JSONFeed.build/Debug-xros/JSONFeed.build/Objects-normal/arm64/JSONFeed.swiftmodule -Xlinker -dependency_info -Xlinker /Users/builder/builds/TDmZkXJm/0/finestructure/swiftpackageindex-builder/spi-builder-workspace/.derivedData/Build/Intermediates.noindex/JSONFeed.build/Debug-xros/JSONFeed.build/Objects-normal/arm64/JSONFeed_dependency_info.dat -o /Users/builder/builds/TDmZkXJm/0/finestructure/swiftpackageindex-builder/spi-builder-workspace/.derivedData/Build/Products/Debug-xros/JSONFeed.o

RegisterExecutionPolicyException /Users/builder/builds/TDmZkXJm/0/finestructure/swiftpackageindex-builder/spi-builder-workspace/.derivedData/Build/Products/Debug-xros/JSONFeed.o (in target 'JSONFeed' from project 'JSONFeed')
    cd /Users/builder/builds/TDmZkXJm/0/finestructure/swiftpackageindex-builder/spi-builder-workspace
    builtin-RegisterExecutionPolicyException /Users/builder/builds/TDmZkXJm/0/finestructure/swiftpackageindex-builder/spi-builder-workspace/.derivedData/Build/Products/Debug-xros/JSONFeed.o
WriteAuxiliaryFile /Users/builder/builds/TDmZkXJm/0/finestructure/swiftpackageindex-builder/spi-builder-workspace/.derivedData/Build/Intermediates.noindex/JSONFeed.build/Debug-xros/JSONFeedTests.build/Objects-normal/arm64/JSONFeedTests.LinkFileList (in target 'JSONFeedTests' from project 'JSONFeed')
    cd /Users/builder/builds/TDmZkXJm/0/finestructure/swiftpackageindex-builder/spi-builder-workspace
    write-file /Users/builder/builds/TDmZkXJm/0/finestructure/swiftpackageindex-builder/spi-builder-workspace/.derivedData/Build/Intermediates.noindex/JSONFeed.build/Debug-xros/JSONFeedTests.build/Objects-normal/arm64/JSONFeedTests.LinkFileList

WriteAuxiliaryFile /Users/builder/builds/TDmZkXJm/0/finestructure/swiftpackageindex-builder/spi-builder-workspace/.derivedData/Build/Intermediates.noindex/JSONFeed.build/Debug-xros/JSONFeedTests.build/empty-JSONFeedTests.plist (in target 'JSONFeedTests' from project 'JSONFeed')
    cd /Users/builder/builds/TDmZkXJm/0/finestructure/swiftpackageindex-builder/spi-builder-workspace
    write-file /Users/builder/builds/TDmZkXJm/0/finestructure/swiftpackageindex-builder/spi-builder-workspace/.derivedData/Build/Intermediates.noindex/JSONFeed.build/Debug-xros/JSONFeedTests.build/empty-JSONFeedTests.plist

ProcessInfoPlistFile /Users/builder/builds/TDmZkXJm/0/finestructure/swiftpackageindex-builder/spi-builder-workspace/.derivedData/Build/Products/Debug-xros/JSONFeedTests.xctest/Info.plist /Users/builder/builds/TDmZkXJm/0/finestructure/swiftpackageindex-builder/spi-builder-workspace/.derivedData/Build/Intermediates.noindex/JSONFeed.build/Debug-xros/JSONFeedTests.build/empty-JSONFeedTests.plist (in target 'JSONFeedTests' from project 'JSONFeed')
    cd /Users/builder/builds/TDmZkXJm/0/finestructure/swiftpackageindex-builder/spi-builder-workspace
    builtin-infoPlistUtility /Users/builder/builds/TDmZkXJm/0/finestructure/swiftpackageindex-builder/spi-builder-workspace/.derivedData/Build/Intermediates.noindex/JSONFeed.build/Debug-xros/JSONFeedTests.build/empty-JSONFeedTests.plist -producttype com.apple.product-type.bundle.unit-test -expandbuildsettings -format binary -platform xros -o /Users/builder/builds/TDmZkXJm/0/finestructure/swiftpackageindex-builder/spi-builder-workspace/.derivedData/Build/Products/Debug-xros/JSONFeedTests.xctest/Info.plist
Resolve Package Graph
** BUILD FAILED **


The following build commands failed:
	SwiftEmitModule normal arm64 Emitting\ module\ for\ JSONFeedTests (in target 'JSONFeedTests' from project 'JSONFeed')
	SwiftCompile normal arm64 /Users/builder/builds/TDmZkXJm/0/finestructure/swiftpackageindex-builder/spi-builder-workspace/Tests/JSONFeedTests/XCTestManifests.swift (in target 'JSONFeedTests' from project 'JSONFeed')
	SwiftCompile normal arm64 Compiling\ XCTestManifests.swift /Users/builder/builds/TDmZkXJm/0/finestructure/swiftpackageindex-builder/spi-builder-workspace/Tests/JSONFeedTests/XCTestManifests.swift (in target 'JSONFeedTests' from project 'JSONFeed')
(3 failures)
Retrying in 0 seconds ...
Building ... (attempt 2)
Command line invocation:
/Applications/Xcode-15.0.0-Beta.2.app/Contents/Developer/usr/bin/xcodebuild -IDEClonedSourcePackagesDirPathOverride=/Users/builder/builds/TDmZkXJm/0/finestructure/swiftpackageindex-builder/spi-builder-workspace/.dependencies -derivedDataPath /Users/builder/builds/TDmZkXJm/0/finestructure/swiftpackageindex-builder/spi-builder-workspace/.derivedData build -scheme JSONFeed -destination generic/platform=xros

User defaults from command line:
    IDEClonedSourcePackagesDirPathOverride = /Users/builder/builds/TDmZkXJm/0/finestructure/swiftpackageindex-builder/spi-builder-workspace/.dependencies
    IDEDerivedDataPathOverride = /Users/builder/builds/TDmZkXJm/0/finestructure/swiftpackageindex-builder/spi-builder-workspace/.derivedData
    IDEPackageSupportUseBuiltinSCM = YES
Resolve Package Graph


Resolved source packages:
  JSONFeed: /Users/builder/builds/TDmZkXJm/0/finestructure/swiftpackageindex-builder/spi-builder-workspace
Prepare packages

Computing target dependency graph and provisioning inputs

Create build description

note: Building targets in dependency order
note: Target dependency graph (3 targets)
    Target 'JSONFeedTests' in project 'JSONFeed'
        ➜ Explicit dependency on target 'JSONFeed' in project 'JSONFeed'
    Target 'JSONFeed' in project 'JSONFeed'
        ➜ Explicit dependency on target 'JSONFeed' in project 'JSONFeed'
    Target 'JSONFeed' in project 'JSONFeed' (no dependencies)
ClangStatCache /Applications/Xcode-15.0.0-Beta.2.app/Contents/Developer/Toolchains/XcodeDefault.xctoolchain/usr/bin/clang-stat-cache /Applications/Xcode-15.0.0-Beta.2.app/Contents/Developer/Platforms/XROS.platform/Developer/SDKs/XROS1.0.sdk /Users/builder/builds/TDmZkXJm/0/finestructure/swiftpackageindex-builder/spi-builder-workspace/.derivedData/SDKStatCaches.noindex/xros1.0-21N5165f-50a81fd5751d5bee8ff6d6ea12214339.sdkstatcache
    cd /Users/builder/builds/TDmZkXJm/0/finestructure/swiftpackageindex-builder/spi-builder-workspace/.swiftpm/xcode
    /Applications/Xcode-15.0.0-Beta.2.app/Contents/Developer/Toolchains/XcodeDefault.xctoolchain/usr/bin/clang-stat-cache /Applications/Xcode-15.0.0-Beta.2.app/Contents/Developer/Platforms/XROS.platform/Developer/SDKs/XROS1.0.sdk -o /Users/builder/builds/TDmZkXJm/0/finestructure/swiftpackageindex-builder/spi-builder-workspace/.derivedData/SDKStatCaches.noindex/xros1.0-21N5165f-50a81fd5751d5bee8ff6d6ea12214339.sdkstatcache

SwiftDriver JSONFeedTests normal arm64 com.apple.xcode.tools.swift.compiler (in target 'JSONFeedTests' from project 'JSONFeed')
    cd /Users/builder/builds/TDmZkXJm/0/finestructure/swiftpackageindex-builder/spi-builder-workspace
    builtin-SwiftDriver -- /Applications/Xcode-15.0.0-Beta.2.app/Contents/Developer/Toolchains/XcodeDefault.xctoolchain/usr/bin/swiftc -module-name JSONFeedTests -Onone -enforce-exclusivity\=checked @/Users/builder/builds/TDmZkXJm/0/finestructure/swiftpackageindex-builder/spi-builder-workspace/.derivedData/Build/Intermediates.noindex/JSONFeed.build/Debug-xros/JSONFeedTests.build/Objects-normal/arm64/JSONFeedTests.SwiftFileList -DSWIFT_PACKAGE -DDEBUG -DXcode -sdk /Applications/Xcode-15.0.0-Beta.2.app/Contents/Developer/Platforms/XROS.platform/Developer/SDKs/XROS1.0.sdk -target arm64-apple-xros1.0 -g -module-cache-path /Users/builder/builds/TDmZkXJm/0/finestructure/swiftpackageindex-builder/spi-builder-workspace/.derivedData/ModuleCache.noindex -Xfrontend -serialize-debugging-options -enable-testing -index-store-path /Users/builder/builds/TDmZkXJm/0/finestructure/swiftpackageindex-builder/spi-builder-workspace/.derivedData/Index.noindex/DataStore -swift-version 4 -I /Users/builder/builds/TDmZkXJm/0/finestructure/swiftpackageindex-builder/spi-builder-workspace/.derivedData/Build/Products/Debug-xros -I /Applications/Xcode-15.0.0-Beta.2.app/Contents/Developer/Platforms/XROS.platform/Developer/usr/lib -F /Users/builder/builds/TDmZkXJm/0/finestructure/swiftpackageindex-builder/spi-builder-workspace/.derivedData/Build/Products/Debug-xros/PackageFrameworks -F /Users/builder/builds/TDmZkXJm/0/finestructure/swiftpackageindex-builder/spi-builder-workspace/.derivedData/Build/Products/Debug-xros -F /Applications/Xcode-15.0.0-Beta.2.app/Contents/Developer/Platforms/XROS.platform/Developer/Library/Frameworks -F /Applications/Xcode-15.0.0-Beta.2.app/Contents/Developer/Platforms/XROS.platform/Developer/SDKs/XROS1.0.sdk/Developer/Library/Frameworks -c -j8 -enable-batch-mode -incremental -Xcc -ivfsstatcache -Xcc /Users/builder/builds/TDmZkXJm/0/finestructure/swiftpackageindex-builder/spi-builder-workspace/.derivedData/SDKStatCaches.noindex/xros1.0-21N5165f-50a81fd5751d5bee8ff6d6ea12214339.sdkstatcache -output-file-map /Users/builder/builds/TDmZkXJm/0/finestructure/swiftpackageindex-builder/spi-builder-workspace/.derivedData/Build/Intermediates.noindex/JSONFeed.build/Debug-xros/JSONFeedTests.build/Objects-normal/arm64/JSONFeedTests-OutputFileMap.json -use-frontend-parseable-output -save-temps -no-color-diagnostics -serialize-diagnostics -emit-dependencies -emit-module -emit-module-path /Users/builder/builds/TDmZkXJm/0/finestructure/swiftpackageindex-builder/spi-builder-workspace/.derivedData/Build/Intermediates.noindex/JSONFeed.build/Debug-xros/JSONFeedTests.build/Objects-normal/arm64/JSONFeedTests.swiftmodule -validate-clang-modules-once -clang-build-session-file /Users/builder/builds/TDmZkXJm/0/finestructure/swiftpackageindex-builder/spi-builder-workspace/.derivedData/ModuleCache.noindex/Session.modulevalidation -emit-const-values -Xfrontend -const-gather-protocols-file -Xfrontend /Users/builder/builds/TDmZkXJm/0/finestructure/swiftpackageindex-builder/spi-builder-workspace/.derivedData/Build/Intermediates.noindex/JSONFeed.build/Debug-xros/JSONFeedTests.build/Objects-normal/arm64/JSONFeedTests_const_extract_protocols.json -Xcc -I/Users/builder/builds/TDmZkXJm/0/finestructure/swiftpackageindex-builder/spi-builder-workspace/.derivedData/Build/Products/Debug-xros/include -Xcc -I/Users/builder/builds/TDmZkXJm/0/finestructure/swiftpackageindex-builder/spi-builder-workspace/.derivedData/Build/Intermediates.noindex/JSONFeed.build/Debug-xros/JSONFeedTests.build/DerivedSources-normal/arm64 -Xcc -I/Users/builder/builds/TDmZkXJm/0/finestructure/swiftpackageindex-builder/spi-builder-workspace/.derivedData/Build/Intermediates.noindex/JSONFeed.build/Debug-xros/JSONFeedTests.build/DerivedSources/arm64 -Xcc -I/Users/builder/builds/TDmZkXJm/0/finestructure/swiftpackageindex-builder/spi-builder-workspace/.derivedData/Build/Intermediates.noindex/JSONFeed.build/Debug-xros/JSONFeedTests.build/DerivedSources -Xcc -DSWIFT_PACKAGE -Xcc -DDEBUG\=1 -working-directory /Users/builder/builds/TDmZkXJm/0/finestructure/swiftpackageindex-builder/spi-builder-workspace -experimental-emit-module-separately -disable-cmo

SwiftEmitModule normal arm64 Emitting\ module\ for\ JSONFeedTests (in target 'JSONFeedTests' from project 'JSONFeed')
    cd /Users/builder/builds/TDmZkXJm/0/finestructure/swiftpackageindex-builder/spi-builder-workspace
    builtin-swiftTaskExecution -- /Applications/Xcode-15.0.0-Beta.2.app/Contents/Developer/Toolchains/XcodeDefault.xctoolchain/usr/bin/swift-frontend -frontend -emit-module -experimental-skip-non-inlinable-function-bodies-without-types /Users/builder/builds/TDmZkXJm/0/finestructure/swiftpackageindex-builder/spi-builder-workspace/Tests/JSONFeedTests/JSONFeedTests.swift /Users/builder/builds/TDmZkXJm/0/finestructure/swiftpackageindex-builder/spi-builder-workspace/Tests/JSONFeedTests/XCTestManifests.swift -target arm64-apple-xros1.0 -Xllvm -aarch64-use-tbi -enable-objc-interop -stack-check -sdk /Applications/Xcode-15.0.0-Beta.2.app/Contents/Developer/Platforms/XROS.platform/Developer/SDKs/XROS1.0.sdk -I /Users/builder/builds/TDmZkXJm/0/finestructure/swiftpackageindex-builder/spi-builder-workspace/.derivedData/Build/Products/Debug-xros -I /Applications/Xcode-15.0.0-Beta.2.app/Contents/Developer/Platforms/XROS.platform/Developer/usr/lib -F /Users/builder/builds/TDmZkXJm/0/finestructure/swiftpackageindex-builder/spi-builder-workspace/.derivedData/Build/Products/Debug-xros/PackageFrameworks -F /Users/builder/builds/TDmZkXJm/0/finestructure/swiftpackageindex-builder/spi-builder-workspace/.derivedData/Build/Products/Debug-xros -F /Applications/Xcode-15.0.0-Beta.2.app/Contents/Developer/Platforms/XROS.platform/Developer/Library/Frameworks -F /Applications/Xcode-15.0.0-Beta.2.app/Contents/Developer/Platforms/XROS.platform/Developer/SDKs/XROS1.0.sdk/Developer/Library/Frameworks -no-color-diagnostics -enable-testing -g -module-cache-path /Users/builder/builds/TDmZkXJm/0/finestructure/swiftpackageindex-builder/spi-builder-workspace/.derivedData/ModuleCache.noindex -swift-version 4 -enforce-exclusivity\=checked -Onone -D SWIFT_PACKAGE -D DEBUG -D Xcode -serialize-debugging-options -const-gather-protocols-file /Users/builder/builds/TDmZkXJm/0/finestructure/swiftpackageindex-builder/spi-builder-workspace/.derivedData/Build/Intermediates.noindex/JSONFeed.build/Debug-xros/JSONFeedTests.build/Objects-normal/arm64/JSONFeedTests_const_extract_protocols.json -empty-abi-descriptor -plugin-path /Applications/Xcode-15.0.0-Beta.2.app/Contents/Developer/Toolchains/XcodeDefault.xctoolchain/usr/lib/swift/host/plugins -plugin-path /Applications/Xcode-15.0.0-Beta.2.app/Contents/Developer/Toolchains/XcodeDefault.xctoolchain/usr/local/lib/swift/host/plugins -validate-clang-modules-once -clang-build-session-file /Users/builder/builds/TDmZkXJm/0/finestructure/swiftpackageindex-builder/spi-builder-workspace/.derivedData/ModuleCache.noindex/Session.modulevalidation -Xcc -working-directory -Xcc /Users/builder/builds/TDmZkXJm/0/finestructure/swiftpackageindex-builder/spi-builder-workspace -resource-dir /Applications/Xcode-15.0.0-Beta.2.app/Contents/Developer/Toolchains/XcodeDefault.xctoolchain/usr/lib/swift -enable-anonymous-context-mangled-names -Xcc -ivfsstatcache -Xcc /Users/builder/builds/TDmZkXJm/0/finestructure/swiftpackageindex-builder/spi-builder-workspace/.derivedData/SDKStatCaches.noindex/xros1.0-21N5165f-50a81fd5751d5bee8ff6d6ea12214339.sdkstatcache -Xcc -I/Users/builder/builds/TDmZkXJm/0/finestructure/swiftpackageindex-builder/spi-builder-workspace/.derivedData/Build/Products/Debug-xros/include -Xcc -I/Users/builder/builds/TDmZkXJm/0/finestructure/swiftpackageindex-builder/spi-builder-workspace/.derivedData/Build/Intermediates.noindex/JSONFeed.build/Debug-xros/JSONFeedTests.build/DerivedSources-normal/arm64 -Xcc -I/Users/builder/builds/TDmZkXJm/0/finestructure/swiftpackageindex-builder/spi-builder-workspace/.derivedData/Build/Intermediates.noindex/JSONFeed.build/Debug-xros/JSONFeedTests.build/DerivedSources/arm64 -Xcc -I/Users/builder/builds/TDmZkXJm/0/finestructure/swiftpackageindex-builder/spi-builder-workspace/.derivedData/Build/Intermediates.noindex/JSONFeed.build/Debug-xros/JSONFeedTests.build/DerivedSources -Xcc -DSWIFT_PACKAGE -Xcc -DDEBUG\=1 -module-name JSONFeedTests -disable-clang-spi -target-sdk-version 1.0 -target-sdk-name xros1.0 -emit-module-doc-path /Users/builder/builds/TDmZkXJm/0/finestructure/swiftpackageindex-builder/spi-builder-workspace/.derivedData/Build/Intermediates.noindex/JSONFeed.build/Debug-xros/JSONFeedTests.build/Objects-normal/arm64/JSONFeedTests.swiftdoc -emit-module-source-info-path /Users/builder/builds/TDmZkXJm/0/finestructure/swiftpackageindex-builder/spi-builder-workspace/.derivedData/Build/Intermediates.noindex/JSONFeed.build/Debug-xros/JSONFeedTests.build/Objects-normal/arm64/JSONFeedTests.swiftsourceinfo -serialize-diagnostics-path /Users/builder/builds/TDmZkXJm/0/finestructure/swiftpackageindex-builder/spi-builder-workspace/.derivedData/Build/Intermediates.noindex/JSONFeed.build/Debug-xros/JSONFeedTests.build/Objects-normal/arm64/JSONFeedTests-master-emit-module.dia -emit-dependencies-path /Users/builder/builds/TDmZkXJm/0/finestructure/swiftpackageindex-builder/spi-builder-workspace/.derivedData/Build/Intermediates.noindex/JSONFeed.build/Debug-xros/JSONFeedTests.build/Objects-normal/arm64/JSONFeedTests-master-emit-module.d -o /Users/builder/builds/TDmZkXJm/0/finestructure/swiftpackageindex-builder/spi-builder-workspace/.derivedData/Build/Intermediates.noindex/JSONFeed.build/Debug-xros/JSONFeedTests.build/Objects-normal/arm64/JSONFeedTests.swiftmodule -emit-abi-descriptor-path /Users/builder/builds/TDmZkXJm/0/finestructure/swiftpackageindex-builder/spi-builder-workspace/.derivedData/Build/Intermediates.noindex/JSONFeed.build/Debug-xros/JSONFeedTests.build/Objects-normal/arm64/JSONFeedTests.abi.json
/Users/builder/builds/TDmZkXJm/0/finestructure/swiftpackageindex-builder/spi-builder-workspace/Tests/JSONFeedTests/XCTestManifests.swift:4:28: error: cannot find type 'XCTestCaseEntry' in scope
public func allTests() -> [XCTestCaseEntry] {
                           ^~~~~~~~~~~~~~~

SwiftCompile normal arm64 Compiling\ JSONFeedTests.swift /Users/builder/builds/TDmZkXJm/0/finestructure/swiftpackageindex-builder/spi-builder-workspace/Tests/JSONFeedTests/JSONFeedTests.swift (in target 'JSONFeedTests' from project 'JSONFeed')
    cd /Users/builder/builds/TDmZkXJm/0/finestructure/swiftpackageindex-builder/spi-builder-workspace
    builtin-swiftTaskExecution -- /Applications/Xcode-15.0.0-Beta.2.app/Contents/Developer/Toolchains/XcodeDefault.xctoolchain/usr/bin/swift-frontend -frontend -c -primary-file /Users/builder/builds/TDmZkXJm/0/finestructure/swiftpackageindex-builder/spi-builder-workspace/Tests/JSONFeedTests/JSONFeedTests.swift /Users/builder/builds/TDmZkXJm/0/finestructure/swiftpackageindex-builder/spi-builder-workspace/Tests/JSONFeedTests/XCTestManifests.swift -emit-dependencies-path /Users/builder/builds/TDmZkXJm/0/finestructure/swiftpackageindex-builder/spi-builder-workspace/.derivedData/Build/Intermediates.noindex/JSONFeed.build/Debug-xros/JSONFeedTests.build/Objects-normal/arm64/JSONFeedTests.d -emit-const-values-path /Users/builder/builds/TDmZkXJm/0/finestructure/swiftpackageindex-builder/spi-builder-workspace/.derivedData/Build/Intermediates.noindex/JSONFeed.build/Debug-xros/JSONFeedTests.build/Objects-normal/arm64/JSONFeedTests.swiftconstvalues -emit-reference-dependencies-path /Users/builder/builds/TDmZkXJm/0/finestructure/swiftpackageindex-builder/spi-builder-workspace/.derivedData/Build/Intermediates.noindex/JSONFeed.build/Debug-xros/JSONFeedTests.build/Objects-normal/arm64/JSONFeedTests.swiftdeps -serialize-diagnostics-path /Users/builder/builds/TDmZkXJm/0/finestructure/swiftpackageindex-builder/spi-builder-workspace/.derivedData/Build/Intermediates.noindex/JSONFeed.build/Debug-xros/JSONFeedTests.build/Objects-normal/arm64/JSONFeedTests.dia -target arm64-apple-xros1.0 -Xllvm -aarch64-use-tbi -enable-objc-interop -stack-check -sdk /Applications/Xcode-15.0.0-Beta.2.app/Contents/Developer/Platforms/XROS.platform/Developer/SDKs/XROS1.0.sdk -I /Users/builder/builds/TDmZkXJm/0/finestructure/swiftpackageindex-builder/spi-builder-workspace/.derivedData/Build/Products/Debug-xros -I /Applications/Xcode-15.0.0-Beta.2.app/Contents/Developer/Platforms/XROS.platform/Developer/usr/lib -F /Users/builder/builds/TDmZkXJm/0/finestructure/swiftpackageindex-builder/spi-builder-workspace/.derivedData/Build/Products/Debug-xros/PackageFrameworks -F /Users/builder/builds/TDmZkXJm/0/finestructure/swiftpackageindex-builder/spi-builder-workspace/.derivedData/Build/Products/Debug-xros -F /Applications/Xcode-15.0.0-Beta.2.app/Contents/Developer/Platforms/XROS.platform/Developer/Library/Frameworks -F /Applications/Xcode-15.0.0-Beta.2.app/Contents/Developer/Platforms/XROS.platform/Developer/SDKs/XROS1.0.sdk/Developer/Library/Frameworks -no-color-diagnostics -enable-testing -g -module-cache-path /Users/builder/builds/TDmZkXJm/0/finestructure/swiftpackageindex-builder/spi-builder-workspace/.derivedData/ModuleCache.noindex -swift-version 4 -enforce-exclusivity\=checked -Onone -D SWIFT_PACKAGE -D DEBUG -D Xcode -serialize-debugging-options -const-gather-protocols-file /Users/builder/builds/TDmZkXJm/0/finestructure/swiftpackageindex-builder/spi-builder-workspace/.derivedData/Build/Intermediates.noindex/JSONFeed.build/Debug-xros/JSONFeedTests.build/Objects-normal/arm64/JSONFeedTests_const_extract_protocols.json -empty-abi-descriptor -plugin-path /Applications/Xcode-15.0.0-Beta.2.app/Contents/Developer/Toolchains/XcodeDefault.xctoolchain/usr/lib/swift/host/plugins -plugin-path /Applications/Xcode-15.0.0-Beta.2.app/Contents/Developer/Toolchains/XcodeDefault.xctoolchain/usr/local/lib/swift/host/plugins -validate-clang-modules-once -clang-build-session-file /Users/builder/builds/TDmZkXJm/0/finestructure/swiftpackageindex-builder/spi-builder-workspace/.derivedData/ModuleCache.noindex/Session.modulevalidation -Xcc -working-directory -Xcc /Users/builder/builds/TDmZkXJm/0/finestructure/swiftpackageindex-builder/spi-builder-workspace -resource-dir /Applications/Xcode-15.0.0-Beta.2.app/Contents/Developer/Toolchains/XcodeDefault.xctoolchain/usr/lib/swift -enable-anonymous-context-mangled-names -Xcc -ivfsstatcache -Xcc /Users/builder/builds/TDmZkXJm/0/finestructure/swiftpackageindex-builder/spi-builder-workspace/.derivedData/SDKStatCaches.noindex/xros1.0-21N5165f-50a81fd5751d5bee8ff6d6ea12214339.sdkstatcache -Xcc -I/Users/builder/builds/TDmZkXJm/0/finestructure/swiftpackageindex-builder/spi-builder-workspace/.derivedData/Build/Products/Debug-xros/include -Xcc -I/Users/builder/builds/TDmZkXJm/0/finestructure/swiftpackageindex-builder/spi-builder-workspace/.derivedData/Build/Intermediates.noindex/JSONFeed.build/Debug-xros/JSONFeedTests.build/DerivedSources-normal/arm64 -Xcc -I/Users/builder/builds/TDmZkXJm/0/finestructure/swiftpackageindex-builder/spi-builder-workspace/.derivedData/Build/Intermediates.noindex/JSONFeed.build/Debug-xros/JSONFeedTests.build/DerivedSources/arm64 -Xcc -I/Users/builder/builds/TDmZkXJm/0/finestructure/swiftpackageindex-builder/spi-builder-workspace/.derivedData/Build/Intermediates.noindex/JSONFeed.build/Debug-xros/JSONFeedTests.build/DerivedSources -Xcc -DSWIFT_PACKAGE -Xcc -DDEBUG\=1 -module-name JSONFeedTests -frontend-parseable-output -disable-clang-spi -target-sdk-version 1.0 -target-sdk-name xros1.0 -o /Users/builder/builds/TDmZkXJm/0/finestructure/swiftpackageindex-builder/spi-builder-workspace/.derivedData/Build/Intermediates.noindex/JSONFeed.build/Debug-xros/JSONFeedTests.build/Objects-normal/arm64/JSONFeedTests.o -index-unit-output-path /JSONFeed.build/Debug-xros/JSONFeedTests.build/Objects-normal/arm64/JSONFeedTests.o -index-store-path /Users/builder/builds/TDmZkXJm/0/finestructure/swiftpackageindex-builder/spi-builder-workspace/.derivedData/Index.noindex/DataStore -index-system-modules
SwiftCompile normal arm64 /Users/builder/builds/TDmZkXJm/0/finestructure/swiftpackageindex-builder/spi-builder-workspace/Tests/JSONFeedTests/JSONFeedTests.swift (in target 'JSONFeedTests' from project 'JSONFeed')
    cd /Users/builder/builds/TDmZkXJm/0/finestructure/swiftpackageindex-builder/spi-builder-workspace
    /Applications/Xcode-15.0.0-Beta.2.app/Contents/Developer/Toolchains/XcodeDefault.xctoolchain/usr/bin/swift-frontend -c -primary-file /Users/builder/builds/TDmZkXJm/0/finestructure/swiftpackageindex-builder/spi-builder-workspace/Tests/JSONFeedTests/JSONFeedTests.swift /Users/builder/builds/TDmZkXJm/0/finestructure/swiftpackageindex-builder/spi-builder-workspace/Tests/JSONFeedTests/XCTestManifests.swift -emit-dependencies-path /Users/builder/builds/TDmZkXJm/0/finestructure/swiftpackageindex-builder/spi-builder-workspace/.derivedData/Build/Intermediates.noindex/JSONFeed.build/Debug-xros/JSONFeedTests.build/Objects-normal/arm64/JSONFeedTests.d -emit-const-values-path /Users/builder/builds/TDmZkXJm/0/finestructure/swiftpackageindex-builder/spi-builder-workspace/.derivedData/Build/Intermediates.noindex/JSONFeed.build/Debug-xros/JSONFeedTests.build/Objects-normal/arm64/JSONFeedTests.swiftconstvalues -emit-reference-dependencies-path /Users/builder/builds/TDmZkXJm/0/finestructure/swiftpackageindex-builder/spi-builder-workspace/.derivedData/Build/Intermediates.noindex/JSONFeed.build/Debug-xros/JSONFeedTests.build/Objects-normal/arm64/JSONFeedTests.swiftdeps -serialize-diagnostics-path /Users/builder/builds/TDmZkXJm/0/finestructure/swiftpackageindex-builder/spi-builder-workspace/.derivedData/Build/Intermediates.noindex/JSONFeed.build/Debug-xros/JSONFeedTests.build/Objects-normal/arm64/JSONFeedTests.dia -target arm64-apple-xros1.0 -Xllvm -aarch64-use-tbi -enable-objc-interop -stack-check -sdk /Applications/Xcode-15.0.0-Beta.2.app/Contents/Developer/Platforms/XROS.platform/Developer/SDKs/XROS1.0.sdk -I /Users/builder/builds/TDmZkXJm/0/finestructure/swiftpackageindex-builder/spi-builder-workspace/.derivedData/Build/Products/Debug-xros -I /Applications/Xcode-15.0.0-Beta.2.app/Contents/Developer/Platforms/XROS.platform/Developer/usr/lib -F /Users/builder/builds/TDmZkXJm/0/finestructure/swiftpackageindex-builder/spi-builder-workspace/.derivedData/Build/Products/Debug-xros/PackageFrameworks -F /Users/builder/builds/TDmZkXJm/0/finestructure/swiftpackageindex-builder/spi-builder-workspace/.derivedData/Build/Products/Debug-xros -F /Applications/Xcode-15.0.0-Beta.2.app/Contents/Developer/Platforms/XROS.platform/Developer/Library/Frameworks -F /Applications/Xcode-15.0.0-Beta.2.app/Contents/Developer/Platforms/XROS.platform/Developer/SDKs/XROS1.0.sdk/Developer/Library/Frameworks -no-color-diagnostics -enable-testing -g -module-cache-path /Users/builder/builds/TDmZkXJm/0/finestructure/swiftpackageindex-builder/spi-builder-workspace/.derivedData/ModuleCache.noindex -swift-version 4 -enforce-exclusivity\=checked -Onone -D SWIFT_PACKAGE -D DEBUG -D Xcode -serialize-debugging-options -const-gather-protocols-file /Users/builder/builds/TDmZkXJm/0/finestructure/swiftpackageindex-builder/spi-builder-workspace/.derivedData/Build/Intermediates.noindex/JSONFeed.build/Debug-xros/JSONFeedTests.build/Objects-normal/arm64/JSONFeedTests_const_extract_protocols.json -empty-abi-descriptor -plugin-path /Applications/Xcode-15.0.0-Beta.2.app/Contents/Developer/Toolchains/XcodeDefault.xctoolchain/usr/lib/swift/host/plugins -plugin-path /Applications/Xcode-15.0.0-Beta.2.app/Contents/Developer/Toolchains/XcodeDefault.xctoolchain/usr/local/lib/swift/host/plugins -validate-clang-modules-once -clang-build-session-file /Users/builder/builds/TDmZkXJm/0/finestructure/swiftpackageindex-builder/spi-builder-workspace/.derivedData/ModuleCache.noindex/Session.modulevalidation -Xcc -working-directory -Xcc /Users/builder/builds/TDmZkXJm/0/finestructure/swiftpackageindex-builder/spi-builder-workspace -resource-dir /Applications/Xcode-15.0.0-Beta.2.app/Contents/Developer/Toolchains/XcodeDefault.xctoolchain/usr/lib/swift -enable-anonymous-context-mangled-names -Xcc -ivfsstatcache -Xcc /Users/builder/builds/TDmZkXJm/0/finestructure/swiftpackageindex-builder/spi-builder-workspace/.derivedData/SDKStatCaches.noindex/xros1.0-21N5165f-50a81fd5751d5bee8ff6d6ea12214339.sdkstatcache -Xcc -I/Users/builder/builds/TDmZkXJm/0/finestructure/swiftpackageindex-builder/spi-builder-workspace/.derivedData/Build/Products/Debug-xros/include -Xcc -I/Users/builder/builds/TDmZkXJm/0/finestructure/swiftpackageindex-builder/spi-builder-workspace/.derivedData/Build/Intermediates.noindex/JSONFeed.build/Debug-xros/JSONFeedTests.build/DerivedSources-normal/arm64 -Xcc -I/Users/builder/builds/TDmZkXJm/0/finestructure/swiftpackageindex-builder/spi-builder-workspace/.derivedData/Build/Intermediates.noindex/JSONFeed.build/Debug-xros/JSONFeedTests.build/DerivedSources/arm64 -Xcc -I/Users/builder/builds/TDmZkXJm/0/finestructure/swiftpackageindex-builder/spi-builder-workspace/.derivedData/Build/Intermediates.noindex/JSONFeed.build/Debug-xros/JSONFeedTests.build/DerivedSources -Xcc -DSWIFT_PACKAGE -Xcc -DDEBUG\=1 -module-name JSONFeedTests -frontend-parseable-output -disable-clang-spi -target-sdk-version 1.0 -target-sdk-name xros1.0 -o /Users/builder/builds/TDmZkXJm/0/finestructure/swiftpackageindex-builder/spi-builder-workspace/.derivedData/Build/Intermediates.noindex/JSONFeed.build/Debug-xros/JSONFeedTests.build/Objects-normal/arm64/JSONFeedTests.o -index-unit-output-path /JSONFeed.build/Debug-xros/JSONFeedTests.build/Objects-normal/arm64/JSONFeedTests.o -index-store-path /Users/builder/builds/TDmZkXJm/0/finestructure/swiftpackageindex-builder/spi-builder-workspace/.derivedData/Index.noindex/DataStore -index-system-modules

SwiftCompile normal arm64 Compiling\ XCTestManifests.swift /Users/builder/builds/TDmZkXJm/0/finestructure/swiftpackageindex-builder/spi-builder-workspace/Tests/JSONFeedTests/XCTestManifests.swift (in target 'JSONFeedTests' from project 'JSONFeed')
    cd /Users/builder/builds/TDmZkXJm/0/finestructure/swiftpackageindex-builder/spi-builder-workspace
    builtin-swiftTaskExecution -- /Applications/Xcode-15.0.0-Beta.2.app/Contents/Developer/Toolchains/XcodeDefault.xctoolchain/usr/bin/swift-frontend -frontend -c /Users/builder/builds/TDmZkXJm/0/finestructure/swiftpackageindex-builder/spi-builder-workspace/Tests/JSONFeedTests/JSONFeedTests.swift -primary-file /Users/builder/builds/TDmZkXJm/0/finestructure/swiftpackageindex-builder/spi-builder-workspace/Tests/JSONFeedTests/XCTestManifests.swift -emit-dependencies-path /Users/builder/builds/TDmZkXJm/0/finestructure/swiftpackageindex-builder/spi-builder-workspace/.derivedData/Build/Intermediates.noindex/JSONFeed.build/Debug-xros/JSONFeedTests.build/Objects-normal/arm64/XCTestManifests.d -emit-const-values-path /Users/builder/builds/TDmZkXJm/0/finestructure/swiftpackageindex-builder/spi-builder-workspace/.derivedData/Build/Intermediates.noindex/JSONFeed.build/Debug-xros/JSONFeedTests.build/Objects-normal/arm64/XCTestManifests.swiftconstvalues -emit-reference-dependencies-path /Users/builder/builds/TDmZkXJm/0/finestructure/swiftpackageindex-builder/spi-builder-workspace/.derivedData/Build/Intermediates.noindex/JSONFeed.build/Debug-xros/JSONFeedTests.build/Objects-normal/arm64/XCTestManifests.swiftdeps -serialize-diagnostics-path /Users/builder/builds/TDmZkXJm/0/finestructure/swiftpackageindex-builder/spi-builder-workspace/.derivedData/Build/Intermediates.noindex/JSONFeed.build/Debug-xros/JSONFeedTests.build/Objects-normal/arm64/XCTestManifests.dia -target arm64-apple-xros1.0 -Xllvm -aarch64-use-tbi -enable-objc-interop -stack-check -sdk /Applications/Xcode-15.0.0-Beta.2.app/Contents/Developer/Platforms/XROS.platform/Developer/SDKs/XROS1.0.sdk -I /Users/builder/builds/TDmZkXJm/0/finestructure/swiftpackageindex-builder/spi-builder-workspace/.derivedData/Build/Products/Debug-xros -I /Applications/Xcode-15.0.0-Beta.2.app/Contents/Developer/Platforms/XROS.platform/Developer/usr/lib -F /Users/builder/builds/TDmZkXJm/0/finestructure/swiftpackageindex-builder/spi-builder-workspace/.derivedData/Build/Products/Debug-xros/PackageFrameworks -F /Users/builder/builds/TDmZkXJm/0/finestructure/swiftpackageindex-builder/spi-builder-workspace/.derivedData/Build/Products/Debug-xros -F /Applications/Xcode-15.0.0-Beta.2.app/Contents/Developer/Platforms/XROS.platform/Developer/Library/Frameworks -F /Applications/Xcode-15.0.0-Beta.2.app/Contents/Developer/Platforms/XROS.platform/Developer/SDKs/XROS1.0.sdk/Developer/Library/Frameworks -no-color-diagnostics -enable-testing -g -module-cache-path /Users/builder/builds/TDmZkXJm/0/finestructure/swiftpackageindex-builder/spi-builder-workspace/.derivedData/ModuleCache.noindex -swift-version 4 -enforce-exclusivity\=checked -Onone -D SWIFT_PACKAGE -D DEBUG -D Xcode -serialize-debugging-options -const-gather-protocols-file /Users/builder/builds/TDmZkXJm/0/finestructure/swiftpackageindex-builder/spi-builder-workspace/.derivedData/Build/Intermediates.noindex/JSONFeed.build/Debug-xros/JSONFeedTests.build/Objects-normal/arm64/JSONFeedTests_const_extract_protocols.json -empty-abi-descriptor -plugin-path /Applications/Xcode-15.0.0-Beta.2.app/Contents/Developer/Toolchains/XcodeDefault.xctoolchain/usr/lib/swift/host/plugins -plugin-path /Applications/Xcode-15.0.0-Beta.2.app/Contents/Developer/Toolchains/XcodeDefault.xctoolchain/usr/local/lib/swift/host/plugins -validate-clang-modules-once -clang-build-session-file /Users/builder/builds/TDmZkXJm/0/finestructure/swiftpackageindex-builder/spi-builder-workspace/.derivedData/ModuleCache.noindex/Session.modulevalidation -Xcc -working-directory -Xcc /Users/builder/builds/TDmZkXJm/0/finestructure/swiftpackageindex-builder/spi-builder-workspace -resource-dir /Applications/Xcode-15.0.0-Beta.2.app/Contents/Developer/Toolchains/XcodeDefault.xctoolchain/usr/lib/swift -enable-anonymous-context-mangled-names -Xcc -ivfsstatcache -Xcc /Users/builder/builds/TDmZkXJm/0/finestructure/swiftpackageindex-builder/spi-builder-workspace/.derivedData/SDKStatCaches.noindex/xros1.0-21N5165f-50a81fd5751d5bee8ff6d6ea12214339.sdkstatcache -Xcc -I/Users/builder/builds/TDmZkXJm/0/finestructure/swiftpackageindex-builder/spi-builder-workspace/.derivedData/Build/Products/Debug-xros/include -Xcc -I/Users/builder/builds/TDmZkXJm/0/finestructure/swiftpackageindex-builder/spi-builder-workspace/.derivedData/Build/Intermediates.noindex/JSONFeed.build/Debug-xros/JSONFeedTests.build/DerivedSources-normal/arm64 -Xcc -I/Users/builder/builds/TDmZkXJm/0/finestructure/swiftpackageindex-builder/spi-builder-workspace/.derivedData/Build/Intermediates.noindex/JSONFeed.build/Debug-xros/JSONFeedTests.build/DerivedSources/arm64 -Xcc -I/Users/builder/builds/TDmZkXJm/0/finestructure/swiftpackageindex-builder/spi-builder-workspace/.derivedData/Build/Intermediates.noindex/JSONFeed.build/Debug-xros/JSONFeedTests.build/DerivedSources -Xcc -DSWIFT_PACKAGE -Xcc -DDEBUG\=1 -module-name JSONFeedTests -frontend-parseable-output -disable-clang-spi -target-sdk-version 1.0 -target-sdk-name xros1.0 -o /Users/builder/builds/TDmZkXJm/0/finestructure/swiftpackageindex-builder/spi-builder-workspace/.derivedData/Build/Intermediates.noindex/JSONFeed.build/Debug-xros/JSONFeedTests.build/Objects-normal/arm64/XCTestManifests.o -index-unit-output-path /JSONFeed.build/Debug-xros/JSONFeedTests.build/Objects-normal/arm64/XCTestManifests.o -index-store-path /Users/builder/builds/TDmZkXJm/0/finestructure/swiftpackageindex-builder/spi-builder-workspace/.derivedData/Index.noindex/DataStore -index-system-modules
SwiftCompile normal arm64 /Users/builder/builds/TDmZkXJm/0/finestructure/swiftpackageindex-builder/spi-builder-workspace/Tests/JSONFeedTests/XCTestManifests.swift (in target 'JSONFeedTests' from project 'JSONFeed')
    cd /Users/builder/builds/TDmZkXJm/0/finestructure/swiftpackageindex-builder/spi-builder-workspace
    /Applications/Xcode-15.0.0-Beta.2.app/Contents/Developer/Toolchains/XcodeDefault.xctoolchain/usr/bin/swift-frontend -c /Users/builder/builds/TDmZkXJm/0/finestructure/swiftpackageindex-builder/spi-builder-workspace/Tests/JSONFeedTests/JSONFeedTests.swift -primary-file /Users/builder/builds/TDmZkXJm/0/finestructure/swiftpackageindex-builder/spi-builder-workspace/Tests/JSONFeedTests/XCTestManifests.swift -emit-dependencies-path /Users/builder/builds/TDmZkXJm/0/finestructure/swiftpackageindex-builder/spi-builder-workspace/.derivedData/Build/Intermediates.noindex/JSONFeed.build/Debug-xros/JSONFeedTests.build/Objects-normal/arm64/XCTestManifests.d -emit-const-values-path /Users/builder/builds/TDmZkXJm/0/finestructure/swiftpackageindex-builder/spi-builder-workspace/.derivedData/Build/Intermediates.noindex/JSONFeed.build/Debug-xros/JSONFeedTests.build/Objects-normal/arm64/XCTestManifests.swiftconstvalues -emit-reference-dependencies-path /Users/builder/builds/TDmZkXJm/0/finestructure/swiftpackageindex-builder/spi-builder-workspace/.derivedData/Build/Intermediates.noindex/JSONFeed.build/Debug-xros/JSONFeedTests.build/Objects-normal/arm64/XCTestManifests.swiftdeps -serialize-diagnostics-path /Users/builder/builds/TDmZkXJm/0/finestructure/swiftpackageindex-builder/spi-builder-workspace/.derivedData/Build/Intermediates.noindex/JSONFeed.build/Debug-xros/JSONFeedTests.build/Objects-normal/arm64/XCTestManifests.dia -target arm64-apple-xros1.0 -Xllvm -aarch64-use-tbi -enable-objc-interop -stack-check -sdk /Applications/Xcode-15.0.0-Beta.2.app/Contents/Developer/Platforms/XROS.platform/Developer/SDKs/XROS1.0.sdk -I /Users/builder/builds/TDmZkXJm/0/finestructure/swiftpackageindex-builder/spi-builder-workspace/.derivedData/Build/Products/Debug-xros -I /Applications/Xcode-15.0.0-Beta.2.app/Contents/Developer/Platforms/XROS.platform/Developer/usr/lib -F /Users/builder/builds/TDmZkXJm/0/finestructure/swiftpackageindex-builder/spi-builder-workspace/.derivedData/Build/Products/Debug-xros/PackageFrameworks -F /Users/builder/builds/TDmZkXJm/0/finestructure/swiftpackageindex-builder/spi-builder-workspace/.derivedData/Build/Products/Debug-xros -F /Applications/Xcode-15.0.0-Beta.2.app/Contents/Developer/Platforms/XROS.platform/Developer/Library/Frameworks -F /Applications/Xcode-15.0.0-Beta.2.app/Contents/Developer/Platforms/XROS.platform/Developer/SDKs/XROS1.0.sdk/Developer/Library/Frameworks -no-color-diagnostics -enable-testing -g -module-cache-path /Users/builder/builds/TDmZkXJm/0/finestructure/swiftpackageindex-builder/spi-builder-workspace/.derivedData/ModuleCache.noindex -swift-version 4 -enforce-exclusivity\=checked -Onone -D SWIFT_PACKAGE -D DEBUG -D Xcode -serialize-debugging-options -const-gather-protocols-file /Users/builder/builds/TDmZkXJm/0/finestructure/swiftpackageindex-builder/spi-builder-workspace/.derivedData/Build/Intermediates.noindex/JSONFeed.build/Debug-xros/JSONFeedTests.build/Objects-normal/arm64/JSONFeedTests_const_extract_protocols.json -empty-abi-descriptor -plugin-path /Applications/Xcode-15.0.0-Beta.2.app/Contents/Developer/Toolchains/XcodeDefault.xctoolchain/usr/lib/swift/host/plugins -plugin-path /Applications/Xcode-15.0.0-Beta.2.app/Contents/Developer/Toolchains/XcodeDefault.xctoolchain/usr/local/lib/swift/host/plugins -validate-clang-modules-once -clang-build-session-file /Users/builder/builds/TDmZkXJm/0/finestructure/swiftpackageindex-builder/spi-builder-workspace/.derivedData/ModuleCache.noindex/Session.modulevalidation -Xcc -working-directory -Xcc /Users/builder/builds/TDmZkXJm/0/finestructure/swiftpackageindex-builder/spi-builder-workspace -resource-dir /Applications/Xcode-15.0.0-Beta.2.app/Contents/Developer/Toolchains/XcodeDefault.xctoolchain/usr/lib/swift -enable-anonymous-context-mangled-names -Xcc -ivfsstatcache -Xcc /Users/builder/builds/TDmZkXJm/0/finestructure/swiftpackageindex-builder/spi-builder-workspace/.derivedData/SDKStatCaches.noindex/xros1.0-21N5165f-50a81fd5751d5bee8ff6d6ea12214339.sdkstatcache -Xcc -I/Users/builder/builds/TDmZkXJm/0/finestructure/swiftpackageindex-builder/spi-builder-workspace/.derivedData/Build/Products/Debug-xros/include -Xcc -I/Users/builder/builds/TDmZkXJm/0/finestructure/swiftpackageindex-builder/spi-builder-workspace/.derivedData/Build/Intermediates.noindex/JSONFeed.build/Debug-xros/JSONFeedTests.build/DerivedSources-normal/arm64 -Xcc -I/Users/builder/builds/TDmZkXJm/0/finestructure/swiftpackageindex-builder/spi-builder-workspace/.derivedData/Build/Intermediates.noindex/JSONFeed.build/Debug-xros/JSONFeedTests.build/DerivedSources/arm64 -Xcc -I/Users/builder/builds/TDmZkXJm/0/finestructure/swiftpackageindex-builder/spi-builder-workspace/.derivedData/Build/Intermediates.noindex/JSONFeed.build/Debug-xros/JSONFeedTests.build/DerivedSources -Xcc -DSWIFT_PACKAGE -Xcc -DDEBUG\=1 -module-name JSONFeedTests -frontend-parseable-output -disable-clang-spi -target-sdk-version 1.0 -target-sdk-name xros1.0 -o /Users/builder/builds/TDmZkXJm/0/finestructure/swiftpackageindex-builder/spi-builder-workspace/.derivedData/Build/Intermediates.noindex/JSONFeed.build/Debug-xros/JSONFeedTests.build/Objects-normal/arm64/XCTestManifests.o -index-unit-output-path /JSONFeed.build/Debug-xros/JSONFeedTests.build/Objects-normal/arm64/XCTestManifests.o -index-store-path /Users/builder/builds/TDmZkXJm/0/finestructure/swiftpackageindex-builder/spi-builder-workspace/.derivedData/Index.noindex/DataStore -index-system-modules
/Users/builder/builds/TDmZkXJm/0/finestructure/swiftpackageindex-builder/spi-builder-workspace/Tests/JSONFeedTests/XCTestManifests.swift:4:28: error: cannot find type 'XCTestCaseEntry' in scope
public func allTests() -> [XCTestCaseEntry] {
                           ^~~~~~~~~~~~~~~

** BUILD FAILED **


The following build commands failed:
	SwiftEmitModule normal arm64 Emitting\ module\ for\ JSONFeedTests (in target 'JSONFeedTests' from project 'JSONFeed')
	SwiftCompile normal arm64 /Users/builder/builds/TDmZkXJm/0/finestructure/swiftpackageindex-builder/spi-builder-workspace/Tests/JSONFeedTests/XCTestManifests.swift (in target 'JSONFeedTests' from project 'JSONFeed')
	SwiftCompile normal arm64 Compiling\ XCTestManifests.swift /Users/builder/builds/TDmZkXJm/0/finestructure/swiftpackageindex-builder/spi-builder-workspace/Tests/JSONFeedTests/XCTestManifests.swift (in target 'JSONFeedTests' from project 'JSONFeed')
(3 failures)
Retrying in 0 seconds ...
BUILD FAILURE 5.9 visionOS