The Swift Package Index logo.Swift Package Index

Build Information

Failed to build WWSideMenuViewController, reference 1.5.1 (a381ff), with Swift 6.4 for visionOS using Xcode 27.0 on 22 Sep 2026 19:17:42 UTC.

Build Command

env DEVELOPER_DIR=/Applications/Xcode-27.0.0-Release.Candidate.app xcrun xcodebuild -IDEClonedSourcePackagesDirPathOverride=$PWD/.dependencies -skipMacroValidation -skipPackagePluginValidation -derivedDataPath $PWD/.derivedData build -scheme WWSideMenuViewController -destination generic/platform=xrOS

Build Log

========================================
RunAll
========================================
Builder version: 5.1.0
Interrupt handler set up.
========================================
Checkout
========================================
Clone URL: https://github.com/William-Weng/WWSideMenuViewController.git
Reference: 1.5.1
Initialized empty Git repository in /Users/admin/builder/spi-builder-workspace/.git/
From https://github.com/William-Weng/WWSideMenuViewController
 * tag               1.5.1      -> FETCH_HEAD
HEAD is now at a381ff0 - 畫面旋轉後退出選單
Cloned https://github.com/William-Weng/WWSideMenuViewController.git
Revision (git rev-parse @):
a381ff03e5a2d7b1f250e83e55648733dcfeac3e
SUCCESS checkout https://github.com/William-Weng/WWSideMenuViewController.git at 1.5.1
========================================
Build
========================================
Selected platform:         visionOS
Swift version:             6.4
Building package at path:  $PWD
https://github.com/William-Weng/WWSideMenuViewController.git
Command line invocation:
    /Applications/Xcode-27.0.0-Release.Candidate.app/Contents/Developer/usr/bin/xcodebuild -IDEClonedSourcePackagesDirPathOverride=/Users/admin/builder/spi-builder-workspace/.dependencies -resolvePackageDependencies
Resolve Package Graph
Resolve Package Graph
Resolved source packages:
  WWSideMenuViewController: /Users/admin/builder/spi-builder-workspace
resolved source packages: WWSideMenuViewController
2026-09-22 15:16:46.100 xcodebuild[529:3040] [MT] IDERunDestination: Supported platforms for the buildables in the current scheme is empty.
{
  "dependencies" : [
  ],
  "manifest_display_name" : "WWSideMenuViewController",
  "name" : "WWSideMenuViewController",
  "path" : "/Users/admin/builder/spi-builder-workspace",
  "platforms" : [
    {
      "name" : "ios",
      "version" : "15.0"
    }
  ],
  "products" : [
    {
      "name" : "WWSideMenuViewController",
      "targets" : [
        "WWSideMenuViewController"
      ],
      "type" : {
        "library" : [
          "automatic"
        ]
      }
    }
  ],
  "swift_languages_versions" : [
    "5"
  ],
  "targets" : [
    {
      "c99name" : "WWSideMenuViewController",
      "module_type" : "SwiftTarget",
      "name" : "WWSideMenuViewController",
      "path" : "Sources/WWSideMenuViewController",
      "product_memberships" : [
        "WWSideMenuViewController"
      ],
      "resources" : [
        {
          "path" : "/Users/admin/builder/spi-builder-workspace/Sources/WWSideMenuViewController/Privacy",
          "rule" : {
            "copy" : {
            }
          }
        }
      ],
      "sources" : [
        "Segue/WWItemViewControllerSegue.swift",
        "Segue/WWMenuViewControllerSegue.swift",
        "Utility/Constant.swift",
        "Utility/Delegate.swift",
        "Utility/Extension.swift",
        "ViewController/WWItemViewController.swift",
        "ViewController/WWMenuViewController.swift",
        "WWSideMenuViewController.swift"
      ],
      "type" : "library"
    }
  ],
  "tools_version" : "5.7"
}
{
  "workspace" : {
    "name" : "WWSideMenuViewController",
    "schemes" : [
      "WWSideMenuViewController"
    ]
  }
}
2026-09-22 15:17:27.314 xcodebuild[667:4255] [MT] IDERunDestination: Supported platforms for the buildables in the current scheme is empty.
Running build ...
env DEVELOPER_DIR=/Applications/Xcode-27.0.0-Release.Candidate.app xcrun xcodebuild -IDEClonedSourcePackagesDirPathOverride=$PWD/.dependencies -skipMacroValidation -skipPackagePluginValidation -derivedDataPath $PWD/.derivedData build -scheme WWSideMenuViewController -destination generic/platform=xrOS
Command line invocation:
    /Applications/Xcode-27.0.0-Release.Candidate.app/Contents/Developer/usr/bin/xcodebuild -IDEClonedSourcePackagesDirPathOverride=/Users/admin/builder/spi-builder-workspace/.dependencies -skipMacroValidation -skipPackagePluginValidation -derivedDataPath /Users/admin/builder/spi-builder-workspace/.derivedData build -scheme WWSideMenuViewController -destination generic/platform=xrOS
Resolve Package Graph
Resolved source packages:
  WWSideMenuViewController: /Users/admin/builder/spi-builder-workspace
ComputePackagePrebuildTargetDependencyGraph
Prepare packages
CreateBuildRequest
SendProjectDescription
CreateBuildOperation
ComputeTargetDependencyGraph
note: Building targets in dependency order
note: Target dependency graph (3 targets)
    Target 'WWSideMenuViewController-product' in project 'WWSideMenuViewController'
        ➜ Explicit dependency on target 'WWSideMenuViewController' in project 'WWSideMenuViewController'
        ➜ Explicit dependency on target 'WWSideMenuViewController_WWSideMenuViewController' in project 'WWSideMenuViewController'
    Target 'WWSideMenuViewController' in project 'WWSideMenuViewController'
        ➜ Explicit dependency on target 'WWSideMenuViewController_WWSideMenuViewController' in project 'WWSideMenuViewController'
    Target 'WWSideMenuViewController_WWSideMenuViewController' in project 'WWSideMenuViewController' (no dependencies)
GatherProvisioningInputs
CreateBuildDescription
ExecuteExternalTool /Applications/Xcode-27.0.0-Release.Candidate.app/Contents/Developer/Toolchains/XcodeDefault.xctoolchain/usr/bin/clang -v -E -dM -isysroot /Applications/Xcode-27.0.0-Release.Candidate.app/Contents/Developer/Platforms/XROS.platform/Developer/SDKs/XROS27.0.sdk -x c -c /dev/null
ExecuteExternalTool /Applications/Xcode-27.0.0-Release.Candidate.app/Contents/Developer/Toolchains/XcodeDefault.xctoolchain/usr/bin/swiftc --version
ExecuteExternalTool /Applications/Xcode-27.0.0-Release.Candidate.app/Contents/Developer/Toolchains/XcodeDefault.xctoolchain/usr/bin/ld -version_details
Build description signature: ec8952a56a53dcba14242aac7a84c607
Build description path: /Users/admin/builder/spi-builder-workspace/.derivedData/Build/Intermediates.noindex/XCBuildData/ec8952a56a53dcba14242aac7a84c607.xcbuilddata
CreateBuildDirectory /Users/admin/builder/spi-builder-workspace/.derivedData/SDKExplicitPrecompiledModules
    cd /Users/admin/builder/spi-builder-workspace/.swiftpm/xcode
    builtin-create-build-directory /Users/admin/builder/spi-builder-workspace/.derivedData/SDKExplicitPrecompiledModules
CreateBuildDirectory /Users/admin/builder/spi-builder-workspace/.derivedData/CompilationCache.noindex
    cd /Users/admin/builder/spi-builder-workspace/.swiftpm/xcode
    builtin-create-build-directory /Users/admin/builder/spi-builder-workspace/.derivedData/CompilationCache.noindex
CreateBuildDirectory /Users/admin/builder/spi-builder-workspace/.derivedData/ModuleCache.noindex
    cd /Users/admin/builder/spi-builder-workspace/.swiftpm/xcode
    builtin-create-build-directory /Users/admin/builder/spi-builder-workspace/.derivedData/ModuleCache.noindex
CreateBuildDirectory /Users/admin/builder/spi-builder-workspace/.derivedData/Build/Intermediates.noindex
    cd /Users/admin/builder/spi-builder-workspace/.swiftpm/xcode
    builtin-create-build-directory /Users/admin/builder/spi-builder-workspace/.derivedData/Build/Intermediates.noindex
CreateBuildDirectory /Users/admin/builder/spi-builder-workspace/.derivedData/Build/Products
    cd /Users/admin/builder/spi-builder-workspace/.swiftpm/xcode
    builtin-create-build-directory /Users/admin/builder/spi-builder-workspace/.derivedData/Build/Products
ClangStatCache /Applications/Xcode-27.0.0-Release.Candidate.app/Contents/Developer/Toolchains/XcodeDefault.xctoolchain/usr/bin/clang-stat-cache /Applications/Xcode-27.0.0-Release.Candidate.app/Contents/Developer/Platforms/XROS.platform/Developer/SDKs/XROS27.0.sdk /Users/admin/builder/spi-builder-workspace/.derivedData/SDKStatCaches.noindex/xros27.0-24M361-e829b21a6f8c9b70876ba0858053c044735bd543db762f57723cac368afd1ce4.sdkstatcache
    cd /Users/admin/builder/spi-builder-workspace/.swiftpm/xcode
    /Applications/Xcode-27.0.0-Release.Candidate.app/Contents/Developer/Toolchains/XcodeDefault.xctoolchain/usr/bin/clang-stat-cache /Applications/Xcode-27.0.0-Release.Candidate.app/Contents/Developer/Platforms/XROS.platform/Developer/SDKs/XROS27.0.sdk -o /Users/admin/builder/spi-builder-workspace/.derivedData/SDKStatCaches.noindex/xros27.0-24M361-e829b21a6f8c9b70876ba0858053c044735bd543db762f57723cac368afd1ce4.sdkstatcache
CreateBuildDirectory /Users/admin/builder/spi-builder-workspace/.derivedData/Build/Intermediates.noindex/SwiftExplicitPrecompiledModules
    cd /Users/admin/builder/spi-builder-workspace/.swiftpm/xcode
    builtin-create-build-directory /Users/admin/builder/spi-builder-workspace/.derivedData/Build/Intermediates.noindex/SwiftExplicitPrecompiledModules
CreateBuildDirectory /Users/admin/builder/spi-builder-workspace/.derivedData/Build/Intermediates.noindex/PrecompiledHeaders
    cd /Users/admin/builder/spi-builder-workspace/.swiftpm/xcode
    builtin-create-build-directory /Users/admin/builder/spi-builder-workspace/.derivedData/Build/Intermediates.noindex/PrecompiledHeaders
CreateBuildDirectory /Users/admin/builder/spi-builder-workspace/.derivedData/Build/Intermediates.noindex/ExplicitPrecompiledModules
    cd /Users/admin/builder/spi-builder-workspace/.swiftpm/xcode
    builtin-create-build-directory /Users/admin/builder/spi-builder-workspace/.derivedData/Build/Intermediates.noindex/ExplicitPrecompiledModules
CreateBuildDirectory /Users/admin/builder/spi-builder-workspace/.derivedData/Build/Intermediates.noindex/EagerLinkingTBDs/Debug-xros
    cd /Users/admin/builder/spi-builder-workspace/.swiftpm/xcode
    builtin-create-build-directory /Users/admin/builder/spi-builder-workspace/.derivedData/Build/Intermediates.noindex/EagerLinkingTBDs/Debug-xros
CreateBuildDirectory /Users/admin/builder/spi-builder-workspace/.derivedData/Build/Products/Debug-xros
    cd /Users/admin/builder/spi-builder-workspace/.swiftpm/xcode
    builtin-create-build-directory /Users/admin/builder/spi-builder-workspace/.derivedData/Build/Products/Debug-xros
CreateBuildDirectory /Users/admin/builder/spi-builder-workspace/.derivedData/Build/Products/Debug-xros/PackageFrameworks
    cd /Users/admin/builder/spi-builder-workspace/.swiftpm/xcode
    builtin-create-build-directory /Users/admin/builder/spi-builder-workspace/.derivedData/Build/Products/Debug-xros/PackageFrameworks
MkDir /Users/admin/builder/spi-builder-workspace/.derivedData/Build/Products/Debug-xros/WWSideMenuViewController_WWSideMenuViewController.bundle (in target 'WWSideMenuViewController_WWSideMenuViewController' from project 'WWSideMenuViewController')
    cd /Users/admin/builder/spi-builder-workspace
    /bin/mkdir -p /Users/admin/builder/spi-builder-workspace/.derivedData/Build/Products/Debug-xros/WWSideMenuViewController_WWSideMenuViewController.bundle
WriteAuxiliaryFile /Users/admin/builder/spi-builder-workspace/.derivedData/Build/Intermediates.noindex/WWSideMenuViewController.build/Debug-xros/WWSideMenuViewController-t.build/WWSideMenuViewController.DependencyStaticMetadataFileList (in target 'WWSideMenuViewController' from project 'WWSideMenuViewController')
    cd /Users/admin/builder/spi-builder-workspace
    write-file /Users/admin/builder/spi-builder-workspace/.derivedData/Build/Intermediates.noindex/WWSideMenuViewController.build/Debug-xros/WWSideMenuViewController-t.build/WWSideMenuViewController.DependencyStaticMetadataFileList
WriteAuxiliaryFile /Users/admin/builder/spi-builder-workspace/.derivedData/Build/Intermediates.noindex/WWSideMenuViewController.build/Debug-xros/WWSideMenuViewController-t.build/WWSideMenuViewController.modulemap (in target 'WWSideMenuViewController' from project 'WWSideMenuViewController')
    cd /Users/admin/builder/spi-builder-workspace
    write-file /Users/admin/builder/spi-builder-workspace/.derivedData/Build/Intermediates.noindex/WWSideMenuViewController.build/Debug-xros/WWSideMenuViewController-t.build/WWSideMenuViewController.modulemap
WriteAuxiliaryFile /Users/admin/builder/spi-builder-workspace/.derivedData/Build/Intermediates.noindex/WWSideMenuViewController.build/Debug-xros/WWSideMenuViewController-t.build/WWSideMenuViewController.DependencyMetadataFileList (in target 'WWSideMenuViewController' from project 'WWSideMenuViewController')
    cd /Users/admin/builder/spi-builder-workspace
    write-file /Users/admin/builder/spi-builder-workspace/.derivedData/Build/Intermediates.noindex/WWSideMenuViewController.build/Debug-xros/WWSideMenuViewController-t.build/WWSideMenuViewController.DependencyMetadataFileList
WriteAuxiliaryFile /Users/admin/builder/spi-builder-workspace/.derivedData/Build/Intermediates.noindex/WWSideMenuViewController.build/Debug-xros/WWSideMenuViewController_WWSideMenuViewController-b.build/WWSideMenuViewController_WWSideMenuViewController.DependencyStaticMetadataFileList (in target 'WWSideMenuViewController_WWSideMenuViewController' from project 'WWSideMenuViewController')
    cd /Users/admin/builder/spi-builder-workspace
    write-file /Users/admin/builder/spi-builder-workspace/.derivedData/Build/Intermediates.noindex/WWSideMenuViewController.build/Debug-xros/WWSideMenuViewController_WWSideMenuViewController-b.build/WWSideMenuViewController_WWSideMenuViewController.DependencyStaticMetadataFileList
WriteAuxiliaryFile /Users/admin/builder/spi-builder-workspace/.derivedData/Build/Intermediates.noindex/WWSideMenuViewController.build/Debug-xros/WWSideMenuViewController_WWSideMenuViewController-b.build/WWSideMenuViewController_WWSideMenuViewController.DependencyMetadataFileList (in target 'WWSideMenuViewController_WWSideMenuViewController' from project 'WWSideMenuViewController')
    cd /Users/admin/builder/spi-builder-workspace
    write-file /Users/admin/builder/spi-builder-workspace/.derivedData/Build/Intermediates.noindex/WWSideMenuViewController.build/Debug-xros/WWSideMenuViewController_WWSideMenuViewController-b.build/WWSideMenuViewController_WWSideMenuViewController.DependencyMetadataFileList
WriteAuxiliaryFile /Users/admin/builder/spi-builder-workspace/.derivedData/Build/Intermediates.noindex/WWSideMenuViewController.build/Debug-xros/WWSideMenuViewController_WWSideMenuViewController-b.build/empty-WWSideMenuViewController_WWSideMenuViewController.plist (in target 'WWSideMenuViewController_WWSideMenuViewController' from project 'WWSideMenuViewController')
    cd /Users/admin/builder/spi-builder-workspace
    write-file /Users/admin/builder/spi-builder-workspace/.derivedData/Build/Intermediates.noindex/WWSideMenuViewController.build/Debug-xros/WWSideMenuViewController_WWSideMenuViewController-b.build/empty-WWSideMenuViewController_WWSideMenuViewController.plist
WriteAuxiliaryFile /Users/admin/builder/spi-builder-workspace/.derivedData/Build/Intermediates.noindex/WWSideMenuViewController.build/Debug-xros/WWSideMenuViewController-t.build/Objects-normal/arm64/WWSideMenuViewController_const_extract_protocols.json (in target 'WWSideMenuViewController' from project 'WWSideMenuViewController')
    cd /Users/admin/builder/spi-builder-workspace
    write-file /Users/admin/builder/spi-builder-workspace/.derivedData/Build/Intermediates.noindex/WWSideMenuViewController.build/Debug-xros/WWSideMenuViewController-t.build/Objects-normal/arm64/WWSideMenuViewController_const_extract_protocols.json
WriteAuxiliaryFile /Users/admin/builder/spi-builder-workspace/.derivedData/Build/Intermediates.noindex/WWSideMenuViewController.build/Debug-xros/WWSideMenuViewController-t.build/Objects-normal/arm64/WWSideMenuViewController.SwiftFileList (in target 'WWSideMenuViewController' from project 'WWSideMenuViewController')
    cd /Users/admin/builder/spi-builder-workspace
    write-file /Users/admin/builder/spi-builder-workspace/.derivedData/Build/Intermediates.noindex/WWSideMenuViewController.build/Debug-xros/WWSideMenuViewController-t.build/Objects-normal/arm64/WWSideMenuViewController.SwiftFileList
WriteAuxiliaryFile /Users/admin/builder/spi-builder-workspace/.derivedData/Build/Intermediates.noindex/WWSideMenuViewController.build/Debug-xros/WWSideMenuViewController-t.build/Objects-normal/arm64/WWSideMenuViewController.SwiftConstValuesFileList (in target 'WWSideMenuViewController' from project 'WWSideMenuViewController')
    cd /Users/admin/builder/spi-builder-workspace
    write-file /Users/admin/builder/spi-builder-workspace/.derivedData/Build/Intermediates.noindex/WWSideMenuViewController.build/Debug-xros/WWSideMenuViewController-t.build/Objects-normal/arm64/WWSideMenuViewController.SwiftConstValuesFileList
WriteAuxiliaryFile /Users/admin/builder/spi-builder-workspace/.derivedData/Build/Intermediates.noindex/WWSideMenuViewController.build/Debug-xros/WWSideMenuViewController-t.build/Objects-normal/arm64/WWSideMenuViewController-OutputFileMap.json (in target 'WWSideMenuViewController' from project 'WWSideMenuViewController')
    cd /Users/admin/builder/spi-builder-workspace
    write-file /Users/admin/builder/spi-builder-workspace/.derivedData/Build/Intermediates.noindex/WWSideMenuViewController.build/Debug-xros/WWSideMenuViewController-t.build/Objects-normal/arm64/WWSideMenuViewController-OutputFileMap.json
WriteAuxiliaryFile /Users/admin/builder/spi-builder-workspace/.derivedData/Build/Intermediates.noindex/WWSideMenuViewController.build/Debug-xros/WWSideMenuViewController-t.build/Objects-normal/arm64/WWSideMenuViewController.LinkFileList (in target 'WWSideMenuViewController' from project 'WWSideMenuViewController')
    cd /Users/admin/builder/spi-builder-workspace
    write-file /Users/admin/builder/spi-builder-workspace/.derivedData/Build/Intermediates.noindex/WWSideMenuViewController.build/Debug-xros/WWSideMenuViewController-t.build/Objects-normal/arm64/WWSideMenuViewController.LinkFileList
WriteAuxiliaryFile /Users/admin/builder/spi-builder-workspace/.derivedData/Build/Intermediates.noindex/WWSideMenuViewController.build/Debug-xros/WWSideMenuViewController-t.build/DerivedSources/resource_bundle_accessor.swift (in target 'WWSideMenuViewController' from project 'WWSideMenuViewController')
    cd /Users/admin/builder/spi-builder-workspace
    write-file /Users/admin/builder/spi-builder-workspace/.derivedData/Build/Intermediates.noindex/WWSideMenuViewController.build/Debug-xros/WWSideMenuViewController-t.build/DerivedSources/resource_bundle_accessor.swift
Copy /Users/admin/builder/spi-builder-workspace/.derivedData/Build/Intermediates.noindex/GeneratedModuleMaps-xros/WWSideMenuViewController.modulemap /Users/admin/builder/spi-builder-workspace/.derivedData/Build/Intermediates.noindex/WWSideMenuViewController.build/Debug-xros/WWSideMenuViewController-t.build/WWSideMenuViewController.modulemap (in target 'WWSideMenuViewController' from project 'WWSideMenuViewController')
    cd /Users/admin/builder/spi-builder-workspace
    builtin-copy -exclude .DS_Store -exclude CVS -exclude .svn -exclude .git -exclude .hg -resolve-src-symlinks /Users/admin/builder/spi-builder-workspace/.derivedData/Build/Intermediates.noindex/WWSideMenuViewController.build/Debug-xros/WWSideMenuViewController-t.build/WWSideMenuViewController.modulemap /Users/admin/builder/spi-builder-workspace/.derivedData/Build/Intermediates.noindex/GeneratedModuleMaps-xros
ProcessInfoPlistFile /Users/admin/builder/spi-builder-workspace/.derivedData/Build/Products/Debug-xros/WWSideMenuViewController_WWSideMenuViewController.bundle/Info.plist /Users/admin/builder/spi-builder-workspace/.derivedData/Build/Intermediates.noindex/WWSideMenuViewController.build/Debug-xros/WWSideMenuViewController_WWSideMenuViewController-b.build/empty-WWSideMenuViewController_WWSideMenuViewController.plist (in target 'WWSideMenuViewController_WWSideMenuViewController' from project 'WWSideMenuViewController')
    cd /Users/admin/builder/spi-builder-workspace
    builtin-infoPlistUtility /Users/admin/builder/spi-builder-workspace/.derivedData/Build/Intermediates.noindex/WWSideMenuViewController.build/Debug-xros/WWSideMenuViewController_WWSideMenuViewController-b.build/empty-WWSideMenuViewController_WWSideMenuViewController.plist -producttype com.apple.product-type.bundle -expandbuildsettings -format binary -platform xros -o /Users/admin/builder/spi-builder-workspace/.derivedData/Build/Products/Debug-xros/WWSideMenuViewController_WWSideMenuViewController.bundle/Info.plist
CpResource /Users/admin/builder/spi-builder-workspace/.derivedData/Build/Products/Debug-xros/WWSideMenuViewController_WWSideMenuViewController.bundle/Privacy /Users/admin/builder/spi-builder-workspace/Sources/WWSideMenuViewController/Privacy (in target 'WWSideMenuViewController_WWSideMenuViewController' from project 'WWSideMenuViewController')
    cd /Users/admin/builder/spi-builder-workspace
    builtin-copy -exclude .DS_Store -exclude CVS -exclude .svn -exclude .git -exclude .hg -resolve-src-symlinks /Users/admin/builder/spi-builder-workspace/Sources/WWSideMenuViewController/Privacy /Users/admin/builder/spi-builder-workspace/.derivedData/Build/Products/Debug-xros/WWSideMenuViewController_WWSideMenuViewController.bundle
RegisterExecutionPolicyException /Users/admin/builder/spi-builder-workspace/.derivedData/Build/Products/Debug-xros/WWSideMenuViewController_WWSideMenuViewController.bundle (in target 'WWSideMenuViewController_WWSideMenuViewController' from project 'WWSideMenuViewController')
    cd /Users/admin/builder/spi-builder-workspace
    builtin-RegisterExecutionPolicyException /Users/admin/builder/spi-builder-workspace/.derivedData/Build/Products/Debug-xros/WWSideMenuViewController_WWSideMenuViewController.bundle
Touch /Users/admin/builder/spi-builder-workspace/.derivedData/Build/Products/Debug-xros/WWSideMenuViewController_WWSideMenuViewController.bundle (in target 'WWSideMenuViewController_WWSideMenuViewController' from project 'WWSideMenuViewController')
    cd /Users/admin/builder/spi-builder-workspace
    /usr/bin/touch -c /Users/admin/builder/spi-builder-workspace/.derivedData/Build/Products/Debug-xros/WWSideMenuViewController_WWSideMenuViewController.bundle
SwiftDriver WWSideMenuViewController normal arm64 com.apple.xcode.tools.swift.compiler (in target 'WWSideMenuViewController' from project 'WWSideMenuViewController')
    cd /Users/admin/builder/spi-builder-workspace/.swiftpm/xcode
    builtin-SwiftDriver -- /Applications/Xcode-27.0.0-Release.Candidate.app/Contents/Developer/Toolchains/XcodeDefault.xctoolchain/usr/bin/swiftc -parse-as-library -module-name WWSideMenuViewController -Onone @/Users/admin/builder/spi-builder-workspace/.derivedData/Build/Intermediates.noindex/WWSideMenuViewController.build/Debug-xros/WWSideMenuViewController-t.build/Objects-normal/arm64/WWSideMenuViewController.SwiftFileList -DSWIFT_PACKAGE -DDEBUG -DSWIFT_MODULE_RESOURCE_BUNDLE_AVAILABLE -DXcode -plugin-path /Applications/Xcode-27.0.0-Release.Candidate.app/Contents/Developer/Toolchains/XcodeDefault.xctoolchain/usr/lib/swift/host/plugins/testing -enable-experimental-feature DebugDescriptionMacro -sdk /Applications/Xcode-27.0.0-Release.Candidate.app/Contents/Developer/Platforms/XROS.platform/Developer/SDKs/XROS27.0.sdk -target arm64-apple-xros1.0 -g -module-cache-path /Users/admin/builder/spi-builder-workspace/.derivedData/ModuleCache.noindex -Xfrontend -serialize-debugging-options -enable-testing -index-store-path /Users/admin/builder/spi-builder-workspace/.derivedData/Index.noindex/DataStore -Xcc -D_LIBCPP_HARDENING_MODE\=_LIBCPP_HARDENING_MODE_DEBUG -swift-version 5 -I /Users/admin/builder/spi-builder-workspace/.derivedData/Build/Products/Debug-xros -Isystem /Applications/Xcode-27.0.0-Release.Candidate.app/Contents/Developer/Platforms/XROS.platform/Developer/usr/lib -F /Users/admin/builder/spi-builder-workspace/.derivedData/Build/Products/Debug-xros -F /Applications/Xcode-27.0.0-Release.Candidate.app/Contents/Developer/Platforms/XROS.platform/Developer/Library/Frameworks -F /Applications/Xcode-27.0.0-Release.Candidate.app/Contents/Developer/Platforms/XROS.platform/Developer/SDKs/XROS27.0.sdk/Developer/Library/Frameworks -c -j10 -enable-batch-mode -incremental -Xcc -ivfsstatcache -Xcc /Users/admin/builder/spi-builder-workspace/.derivedData/SDKStatCaches.noindex/xros27.0-24M361-e829b21a6f8c9b70876ba0858053c044735bd543db762f57723cac368afd1ce4.sdkstatcache -output-file-map /Users/admin/builder/spi-builder-workspace/.derivedData/Build/Intermediates.noindex/WWSideMenuViewController.build/Debug-xros/WWSideMenuViewController-t.build/Objects-normal/arm64/WWSideMenuViewController-OutputFileMap.json -save-temps -no-color-diagnostics -explicit-module-build -module-cache-path /Users/admin/builder/spi-builder-workspace/.derivedData/Build/Intermediates.noindex/SwiftExplicitPrecompiledModules -clang-scanner-module-cache-path /Users/admin/builder/spi-builder-workspace/.derivedData/ModuleCache.noindex -sdk-module-cache-path /Users/admin/builder/spi-builder-workspace/.derivedData/SDKExplicitPrecompiledModules -emit-dependencies -emit-module -emit-module-path /Users/admin/builder/spi-builder-workspace/.derivedData/Build/Intermediates.noindex/WWSideMenuViewController.build/Debug-xros/WWSideMenuViewController-t.build/Objects-normal/arm64/WWSideMenuViewController.swiftmodule -serialize-diagnostics -dependency-scan-serialize-diagnostics-path /Users/admin/builder/spi-builder-workspace/.derivedData/Build/Intermediates.noindex/WWSideMenuViewController.build/Debug-xros/WWSideMenuViewController-t.build/Objects-normal/arm64/WWSideMenuViewController-dependency-scan.dia -validate-clang-modules-once -clang-build-session-file /Users/admin/builder/spi-builder-workspace/.derivedData/ModuleCache.noindex/Session.modulevalidation -Xcc -fmodules-prune-interval\=86400 -Xcc -fmodules-prune-after\=345600 -emit-const-values -const-gather-protocols-list /Users/admin/builder/spi-builder-workspace/.derivedData/Build/Intermediates.noindex/WWSideMenuViewController.build/Debug-xros/WWSideMenuViewController-t.build/Objects-normal/arm64/WWSideMenuViewController_const_extract_protocols.json -Xcc -I/Users/admin/builder/spi-builder-workspace/.derivedData/Build/Products/Debug-xros/include -Xcc -I/Users/admin/builder/spi-builder-workspace/.derivedData/Build/Intermediates.noindex/WWSideMenuViewController.build/Debug-xros/WWSideMenuViewController-t.build/DerivedSources-normal/arm64 -Xcc -I/Users/admin/builder/spi-builder-workspace/.derivedData/Build/Intermediates.noindex/WWSideMenuViewController.build/Debug-xros/WWSideMenuViewController-t.build/DerivedSources/arm64 -Xcc -I/Users/admin/builder/spi-builder-workspace/.derivedData/Build/Intermediates.noindex/WWSideMenuViewController.build/Debug-xros/WWSideMenuViewController-t.build/DerivedSources -Xcc -DSWIFT_PACKAGE -Xcc -DDEBUG\=1 -emit-objc-header -emit-objc-header-path /Users/admin/builder/spi-builder-workspace/.derivedData/Build/Intermediates.noindex/WWSideMenuViewController.build/Debug-xros/WWSideMenuViewController-t.build/Objects-normal/arm64/WWSideMenuViewController-Swift.h -working-directory /Users/admin/builder/spi-builder-workspace/.swiftpm/xcode -experimental-emit-module-separately -disable-cmo
SwiftExplicitDependencyGeneratePcm arm64 /Users/admin/builder/spi-builder-workspace/.derivedData/SDKExplicitPrecompiledModules/DeveloperToolsSupport-46GOQP8J1QTHLYQSJW81T8UZ3.pcm
SwiftExplicitDependencyGeneratePcm arm64 /Users/admin/builder/spi-builder-workspace/.derivedData/SDKExplicitPrecompiledModules/_Builtin_stddef-5NQ9Z1GV07GBSRQGAQCGXGVRI.pcm
SwiftExplicitDependencyGeneratePcm arm64 /Users/admin/builder/spi-builder-workspace/.derivedData/SDKExplicitPrecompiledModules/ptrauth-1WBA714DZSVUL5JQDJ08CLKZ.pcm
SwiftExplicitDependencyGeneratePcm arm64 /Users/admin/builder/spi-builder-workspace/.derivedData/SDKExplicitPrecompiledModules/SwiftShims-CI4H5RO9IYFFWQ2COB512Q2S9.pcm
SwiftExplicitDependencyGeneratePcm arm64 /Users/admin/builder/spi-builder-workspace/.derivedData/SDKExplicitPrecompiledModules/_AvailabilityInternal-1Q8IQP6M38UWSGZ95UCEY2M44.pcm
SwiftExplicitDependencyGeneratePcm arm64 /Users/admin/builder/spi-builder-workspace/.derivedData/SDKExplicitPrecompiledModules/_Builtin_float-6WKHNW5S40U2QGHXXGETUDIRA.pcm
SwiftExplicitDependencyGeneratePcm arm64 /Users/admin/builder/spi-builder-workspace/.derivedData/SDKExplicitPrecompiledModules/ptrcheck-BXA97MNLI4BB0HF5I8MJE403D.pcm
SwiftExplicitDependencyGeneratePcm arm64 /Users/admin/builder/spi-builder-workspace/.derivedData/SDKExplicitPrecompiledModules/_Builtin_stdarg-CDA349K2K4US766844K8E0PVA.pcm
SwiftExplicitDependencyGeneratePcm arm64 /Users/admin/builder/spi-builder-workspace/.derivedData/SDKExplicitPrecompiledModules/_SwiftConcurrencyShims-C8XHKSHX96D5YYALNM4W70Z0O.pcm
SwiftExplicitDependencyGeneratePcm arm64 /Users/admin/builder/spi-builder-workspace/.derivedData/SDKExplicitPrecompiledModules/_Builtin_stdbool-5BU2ADS7JXQMYENKQHW9X8XOU.pcm
SwiftExplicitDependencyGeneratePcm arm64 /Users/admin/builder/spi-builder-workspace/.derivedData/SDKExplicitPrecompiledModules/_DarwinFoundation1-5RGRVV2TZ6WC4WZW5IXF8NQ04.pcm
SwiftExplicitDependencyGeneratePcm arm64 /Users/admin/builder/spi-builder-workspace/.derivedData/SDKExplicitPrecompiledModules/_Builtin_limits-425JDMN5HPM3D0UEI8LEHP6NM.pcm
SwiftExplicitDependencyGeneratePcm arm64 /Users/admin/builder/spi-builder-workspace/.derivedData/SDKExplicitPrecompiledModules/_DarwinFoundation2-ENTECK156YEWITZRRBTOCE4KR.pcm
SwiftExplicitDependencyGeneratePcm arm64 /Users/admin/builder/spi-builder-workspace/.derivedData/SDKExplicitPrecompiledModules/string_h-2GT67HHHHK5CF1V1S31LH0PU2.pcm
SwiftExplicitDependencyGeneratePcm arm64 /Users/admin/builder/spi-builder-workspace/.derivedData/SDKExplicitPrecompiledModules/_Builtin_stdint-8OR6T47OOYJA90ZBO3N1USDE.pcm
SwiftExplicitDependencyGeneratePcm arm64 /Users/admin/builder/spi-builder-workspace/.derivedData/SDKExplicitPrecompiledModules/sys_types-AYM0BHR77VKMWZCO2T0XGV2HF.pcm
SwiftExplicitDependencyGeneratePcm arm64 /Users/admin/builder/spi-builder-workspace/.derivedData/SDKExplicitPrecompiledModules/_Builtin_tgmath-BPYSMHWI520EQRL2HW519ZY7Z.pcm
SwiftExplicitDependencyGeneratePcm arm64 /Users/admin/builder/spi-builder-workspace/.derivedData/SDKExplicitPrecompiledModules/_Builtin_stdatomic-1VUZPM79PNCAHXVBERD53WRSF.pcm
SwiftExplicitDependencyGeneratePcm arm64 /Users/admin/builder/spi-builder-workspace/.derivedData/SDKExplicitPrecompiledModules/_Builtin_intrinsics-BC5IJI3YI34RQ61ZNVDRDZ6RN.pcm
SwiftExplicitDependencyGeneratePcm arm64 /Users/admin/builder/spi-builder-workspace/.derivedData/SDKExplicitPrecompiledModules/_DarwinFoundation3-9ZHN6JKBS40BBA81RQMV8H0IC.pcm
SwiftExplicitDependencyGeneratePcm arm64 /Users/admin/builder/spi-builder-workspace/.derivedData/SDKExplicitPrecompiledModules/_Builtin_inttypes-11B64KJD36B3YOHBR1BBXBJY8.pcm
SwiftExplicitDependencyGeneratePcm arm64 /Users/admin/builder/spi-builder-workspace/.derivedData/SDKExplicitPrecompiledModules/Darwin-60P5LVNQO3ESRRM5DCJ05PFNK.pcm
SwiftExplicitDependencyGeneratePcm arm64 /Users/admin/builder/spi-builder-workspace/.derivedData/SDKExplicitPrecompiledModules/simd-9XXAB17Y6E4BBPQADD61NZ23.pcm
SwiftExplicitDependencyGeneratePcm arm64 /Users/admin/builder/spi-builder-workspace/.derivedData/SDKExplicitPrecompiledModules/ObjectiveC-26TIBFYCEJZVP216ZZAU1X8KN.pcm
SwiftExplicitDependencyGeneratePcm arm64 /Users/admin/builder/spi-builder-workspace/.derivedData/SDKExplicitPrecompiledModules/MachO-3XTHY7HWV6RF3KXKYQVHUBUXK.pcm
SwiftExplicitDependencyGeneratePcm arm64 /Users/admin/builder/spi-builder-workspace/.derivedData/SDKExplicitPrecompiledModules/os_object-692CJ8BG6RE5H04487EJJOVXW.pcm
SwiftExplicitDependencyGeneratePcm arm64 /Users/admin/builder/spi-builder-workspace/.derivedData/SDKExplicitPrecompiledModules/os_workgroup-4U1VXMWIZD80E7PRUQF2G7P9X.pcm
SwiftExplicitDependencyGeneratePcm arm64 /Users/admin/builder/spi-builder-workspace/.derivedData/SDKExplicitPrecompiledModules/Dispatch-CLT3466HKC22GCKAWSCNG0H7T.pcm
SwiftExplicitDependencyGeneratePcm arm64 /Users/admin/builder/spi-builder-workspace/.derivedData/SDKExplicitPrecompiledModules/Spatial-5E0I2846LO3ZE24CSVR2O57TI.pcm
SwiftExplicitDependencyGeneratePcm arm64 /Users/admin/builder/spi-builder-workspace/.derivedData/SDKExplicitPrecompiledModules/CoreFoundation-AVLTZVCXBU2TO75JCN4AGU8XJ.pcm
SwiftExplicitDependencyGeneratePcm arm64 /Users/admin/builder/spi-builder-workspace/.derivedData/SDKExplicitPrecompiledModules/XPC-EP5EU7FNGP4VOA3EDM18P1KHO.pcm
SwiftExplicitDependencyGeneratePcm arm64 /Users/admin/builder/spi-builder-workspace/.derivedData/SDKExplicitPrecompiledModules/os-1004XEJ3IXOOAU0KL58SM3D0K.pcm
SwiftExplicitDependencyGeneratePcm arm64 /Users/admin/builder/spi-builder-workspace/.derivedData/SDKExplicitPrecompiledModules/CFNetwork-5MI70N1VLDQSWTX4COWLMSIRO.pcm
SwiftExplicitDependencyGeneratePcm arm64 /Users/admin/builder/spi-builder-workspace/.derivedData/SDKExplicitPrecompiledModules/Security-8TH2M8WJIQMET4SADWX0N8372.pcm
SwiftExplicitDependencyGeneratePcm arm64 /Users/admin/builder/spi-builder-workspace/.derivedData/SDKExplicitPrecompiledModules/CoreGraphics-BFUJ177R223UT2ZI327ZTZY91.pcm
SwiftExplicitDependencyGeneratePcm arm64 /Users/admin/builder/spi-builder-workspace/.derivedData/SDKExplicitPrecompiledModules/Foundation-8GON1KVEKRN3NOQI8RETBRWJP.pcm
SwiftExplicitDependencyGeneratePcm arm64 /Users/admin/builder/spi-builder-workspace/.derivedData/SDKExplicitPrecompiledModules/ImageIO-5CC6COR9KJYI1UBL7CSHLU2OG.pcm
SwiftExplicitDependencyGeneratePcm arm64 /Users/admin/builder/spi-builder-workspace/.derivedData/SDKExplicitPrecompiledModules/CoreText-6F9TY5TEPCCZ1K2KYM4GMEGHD.pcm
SwiftExplicitDependencyGeneratePcm arm64 /Users/admin/builder/spi-builder-workspace/.derivedData/SDKExplicitPrecompiledModules/OSLog-BNGT87TS0GMBFF7TY70HHB69.pcm
SwiftExplicitDependencyGeneratePcm arm64 /Users/admin/builder/spi-builder-workspace/.derivedData/SDKExplicitPrecompiledModules/UIUtilities-AOVGLUWEAN6CG2UZFNESGSP6C.pcm
SwiftExplicitDependencyGeneratePcm arm64 /Users/admin/builder/spi-builder-workspace/.derivedData/SDKExplicitPrecompiledModules/DataDetection-BANTQ3WXXGKZJYC0LLB3MD9K0.pcm
SwiftExplicitDependencyGeneratePcm arm64 /Users/admin/builder/spi-builder-workspace/.derivedData/SDKExplicitPrecompiledModules/FileProvider-C9I28SI56F2SEVH1BCWTKGODO.pcm
SwiftExplicitDependencyGeneratePcm arm64 /Users/admin/builder/spi-builder-workspace/.derivedData/SDKExplicitPrecompiledModules/IOSurface-5FE9U89GVFF9A7X7AGO2R8ENI.pcm
SwiftExplicitDependencyGeneratePcm arm64 /Users/admin/builder/spi-builder-workspace/.derivedData/SDKExplicitPrecompiledModules/CoreTransferable-8TBYAKHCX6UC8QQSS7BD8GQK5.pcm
SwiftExplicitDependencyGeneratePcm arm64 /Users/admin/builder/spi-builder-workspace/.derivedData/SDKExplicitPrecompiledModules/UserNotifications-8IIV1V1FPNAPA4LY1Y23LOM2N.pcm
SwiftExplicitDependencyGeneratePcm arm64 /Users/admin/builder/spi-builder-workspace/.derivedData/SDKExplicitPrecompiledModules/Accessibility-1DR4J4YDVDGAYQTZ0FKZ1PU09.pcm
SwiftExplicitDependencyGeneratePcm arm64 /Users/admin/builder/spi-builder-workspace/.derivedData/SDKExplicitPrecompiledModules/UniformTypeIdentifiers-E5KMWDZEKS4QW9RO1KBRDEXV6.pcm
SwiftExplicitDependencyGeneratePcm arm64 /Users/admin/builder/spi-builder-workspace/.derivedData/SDKExplicitPrecompiledModules/Symbols-8G2XC01RPQ5HYIZE6JNUT864I.pcm
SwiftExplicitDependencyGeneratePcm arm64 /Users/admin/builder/spi-builder-workspace/.derivedData/SDKExplicitPrecompiledModules/_LocationEssentials-8GQGFVARUE99D8VJX3TINY0VP.pcm
SwiftExplicitDependencyGeneratePcm arm64 /Users/admin/builder/spi-builder-workspace/.derivedData/SDKExplicitPrecompiledModules/Metal-EKNUM9P3PRIBHZK1ZBD6BA2T7.pcm
SwiftExplicitDependencyGeneratePcm arm64 /Users/admin/builder/spi-builder-workspace/.derivedData/SDKExplicitPrecompiledModules/OpenGLES-56BKSYXNVAP91BYZRWAKQZKGI.pcm
SwiftExplicitDependencyGeneratePcm arm64 /Users/admin/builder/spi-builder-workspace/.derivedData/SDKExplicitPrecompiledModules/CoreLocation-1SN37095DAPVJ068LLP9TBDQX.pcm
SwiftExplicitDependencyGeneratePcm arm64 /Users/admin/builder/spi-builder-workspace/.derivedData/SDKExplicitPrecompiledModules/CoreMotion-10LV922UPGE28QX2SOIO7ALIZ.pcm
SwiftExplicitDependencyGeneratePcm arm64 /Users/admin/builder/spi-builder-workspace/.derivedData/SDKExplicitPrecompiledModules/CoreVideo-E12HJSJSLO0YKWYBES11UKJ02.pcm
SwiftExplicitDependencyGeneratePcm arm64 /Users/admin/builder/spi-builder-workspace/.derivedData/SDKExplicitPrecompiledModules/QuartzCore-12T8WVKUNCL1N7VXH87MM4YOB.pcm
SwiftExplicitDependencyGeneratePcm arm64 /Users/admin/builder/spi-builder-workspace/.derivedData/SDKExplicitPrecompiledModules/CoreImage-8WF1P230U10QM666EQMNV7OF1.pcm
SwiftExplicitDependencyGeneratePcm arm64 /Users/admin/builder/spi-builder-workspace/.derivedData/SDKExplicitPrecompiledModules/SwiftUICore-6OBBMA39VFD4CB6SG2PE41FAP.pcm
SwiftExplicitDependencyGeneratePcm arm64 /Users/admin/builder/spi-builder-workspace/.derivedData/SDKExplicitPrecompiledModules/UIKit-2D2PMAAE45TMO6S28UCGCO5BR.pcm
SwiftEmitModule normal arm64 Emitting\ module\ for\ WWSideMenuViewController (in target 'WWSideMenuViewController' from project 'WWSideMenuViewController')
SwiftCompile normal arm64 (in target 'WWSideMenuViewController' from project 'WWSideMenuViewController')
    cd /Users/admin/builder/spi-builder-workspace/.swiftpm/xcode

/Users/admin/builder/spi-builder-workspace/Sources/WWSideMenuViewController/Segue/WWItemViewControllerSegue.swift:11:39: warning: 'UIStoryboardSegue' was deprecated in visionOS 1.0: Loading Interface Builder products will not be supported in a future version of visionOS. [#DeprecatedDeclaration]
 9 |
10 | // MARK: - WWItemViewControllerSegue
11 | open class WWItemViewControllerSegue: UIStoryboardSegue {
   |                                       `- warning: 'UIStoryboardSegue' was deprecated in visionOS 1.0: Loading Interface Builder products will not be supported in a future version of visionOS. [#DeprecatedDeclaration]
12 |
13 |     override open func perform() {
/Users/admin/builder/spi-builder-workspace/Sources/WWSideMenuViewController/Segue/WWMenuViewControllerSegue.swift:11:39: warning: 'UIStoryboardSegue' was deprecated in visionOS 1.0: Loading Interface Builder products will not be supported in a future version of visionOS. [#DeprecatedDeclaration]
 9 |
10 | // MARK: - WWMenuViewControllerSegue
11 | open class WWMenuViewControllerSegue: UIStoryboardSegue {
   |                                       `- warning: 'UIStoryboardSegue' was deprecated in visionOS 1.0: Loading Interface Builder products will not be supported in a future version of visionOS. [#DeprecatedDeclaration]
12 |
13 |     override open func perform() {
/Users/admin/builder/spi-builder-workspace/Sources/WWSideMenuViewController/WWSideMenuViewController.swift:46:43: warning: 'UIStoryboardSegue' was deprecated in visionOS 1.0: Loading Interface Builder products will not be supported in a future version of visionOS. [#DeprecatedDeclaration]
 44 |     }
 45 |
 46 |     override open func prepare(for segue: UIStoryboardSegue, sender: Any?) {
    |                                           `- warning: 'UIStoryboardSegue' was deprecated in visionOS 1.0: Loading Interface Builder products will not be supported in a future version of visionOS. [#DeprecatedDeclaration]
 47 |         recordViewControllers(for: segue)
 48 |     }
/Users/admin/builder/spi-builder-workspace/Sources/WWSideMenuViewController/WWSideMenuViewController.swift:381:43: warning: 'UIStoryboardSegue' was deprecated in visionOS 1.0: Loading Interface Builder products will not be supported in a future version of visionOS. [#DeprecatedDeclaration]
379 |
380 |     /// 記錄畫面跟選單的ViewController
381 |     func recordViewControllers(for segue: UIStoryboardSegue) {
    |                                           `- warning: 'UIStoryboardSegue' was deprecated in visionOS 1.0: Loading Interface Builder products will not be supported in a future version of visionOS. [#DeprecatedDeclaration]
382 |         if segue.identifier == segueIdentifier.item { firstItemViewController = segue.destination; return }
383 |         if segue.identifier == segueIdentifier.menu { menuViewController = segue.destination as? WWMenuViewController; return }
[#DeprecatedDeclaration]: <https://docs.swift.org/compiler/documentation/diagnostics/deprecated-declaration>
SwiftCompile normal arm64 Compiling\ WWSideMenuViewController.swift /Users/admin/builder/spi-builder-workspace/Sources/WWSideMenuViewController/WWSideMenuViewController.swift (in target 'WWSideMenuViewController' from project 'WWSideMenuViewController')
/Users/admin/builder/spi-builder-workspace/Sources/WWSideMenuViewController/WWSideMenuViewController.swift:46:43: warning: 'UIStoryboardSegue' was deprecated in visionOS 1.0: Loading Interface Builder products will not be supported in a future version of visionOS. [#DeprecatedDeclaration]
 44 |     }
 45 |
 46 |     override open func prepare(for segue: UIStoryboardSegue, sender: Any?) {
    |                                           `- warning: 'UIStoryboardSegue' was deprecated in visionOS 1.0: Loading Interface Builder products will not be supported in a future version of visionOS. [#DeprecatedDeclaration]
 47 |         recordViewControllers(for: segue)
 48 |     }
/Users/admin/builder/spi-builder-workspace/Sources/WWSideMenuViewController/WWSideMenuViewController.swift:381:43: warning: 'UIStoryboardSegue' was deprecated in visionOS 1.0: Loading Interface Builder products will not be supported in a future version of visionOS. [#DeprecatedDeclaration]
379 |
380 |     /// 記錄畫面跟選單的ViewController
381 |     func recordViewControllers(for segue: UIStoryboardSegue) {
    |                                           `- warning: 'UIStoryboardSegue' was deprecated in visionOS 1.0: Loading Interface Builder products will not be supported in a future version of visionOS. [#DeprecatedDeclaration]
382 |         if segue.identifier == segueIdentifier.item { firstItemViewController = segue.destination; return }
383 |         if segue.identifier == segueIdentifier.menu { menuViewController = segue.destination as? WWMenuViewController; return }
/Users/admin/builder/spi-builder-workspace/Sources/WWSideMenuViewController/WWSideMenuViewController.swift:128:28: warning: 'let' pattern has no effect; sub-pattern didn't bind any variables
126 |
127 |         switch displayPosition {
128 |         case .front, .back(let _): break
    |                            `- warning: 'let' pattern has no effect; sub-pattern didn't bind any variables
129 |         case .scale(_, _, let cornerRadius):
130 |             itemContainerView.clipsToBounds = false
/Users/admin/builder/spi-builder-workspace/Sources/WWSideMenuViewController/WWSideMenuViewController.swift:226:31: warning: enum case 'scale' has 3 associated values; matching them as a tuple is deprecated [#deprecation]
224 |             ])
225 |
226 |         case .back(_), .scale(_):
    |                               `- warning: enum case 'scale' has 3 associated values; matching them as a tuple is deprecated [#deprecation]
227 |
228 |             menuContainerView.translatesAutoresizingMaskIntoConstraints = false
/Users/admin/builder/spi-builder-workspace/Sources/WWSideMenuViewController/Utility/Constant.swift:44:14: note: 'scale' declared here
42 |         case front                                                                  // 在ContainerView的上方 (一般型)
43 |         case back(_ distance: CGFloat)                                              // 在ContainerView的下方 (用推的)
44 |         case scale(_ distance: CGFloat, _ scale: CGFloat, _ cornerRadius: CGFloat)  // 在ContainerView的下方 (縮放)
   |              `- note: 'scale' declared here
45 |     }
46 | }
/Users/admin/builder/spi-builder-workspace/Sources/WWSideMenuViewController/WWSideMenuViewController.swift:236:9: warning: 'performSegue(withIdentifier:sender:)' was deprecated in visionOS 1.0: Loading Interface Builder products will not be supported in a future version of visionOS. [#DeprecatedDeclaration]
234 |     /// 執行Segue
235 |     func performSegueAction() {
236 |         performSegue(withIdentifier: segueIdentifier.item, sender: nil)
    |         `- warning: 'performSegue(withIdentifier:sender:)' was deprecated in visionOS 1.0: Loading Interface Builder products will not be supported in a future version of visionOS. [#DeprecatedDeclaration]
237 |         performSegue(withIdentifier: segueIdentifier.menu, sender: nil)
238 |     }
/Users/admin/builder/spi-builder-workspace/Sources/WWSideMenuViewController/WWSideMenuViewController.swift:237:9: warning: 'performSegue(withIdentifier:sender:)' was deprecated in visionOS 1.0: Loading Interface Builder products will not be supported in a future version of visionOS. [#DeprecatedDeclaration]
235 |     func performSegueAction() {
236 |         performSegue(withIdentifier: segueIdentifier.item, sender: nil)
237 |         performSegue(withIdentifier: segueIdentifier.menu, sender: nil)
    |         `- warning: 'performSegue(withIdentifier:sender:)' was deprecated in visionOS 1.0: Loading Interface Builder products will not be supported in a future version of visionOS. [#DeprecatedDeclaration]
238 |     }
239 |
/Users/admin/builder/spi-builder-workspace/Sources/WWSideMenuViewController/WWSideMenuViewController.swift:251:13: warning: immutable value 'transform' was never used; consider replacing with '_' or removing it [#NoUsage]
249 |         let alpha: BaseViewAlpha
250 |         let position: MenuMovePosition
251 |         let transform: CGAffineTransform
    |             `- warning: immutable value 'transform' was never used; consider replacing with '_' or removing it [#NoUsage]
252 |
253 |         menuPosition = menuPosition(with: direction, displayPosition: displayPosition)
/Users/admin/builder/spi-builder-workspace/Sources/WWSideMenuViewController/WWSideMenuViewController.swift:392:13: error: 'setNeedsStatusBarAppearanceUpdate()' is unavailable in visionOS
390 |         if (view.safeAreaInsets.top > 20) {
391 |             self.isStatusBarHidden = isStatusBarHidden
392 |             setNeedsStatusBarAppearanceUpdate()
    |             `- error: 'setNeedsStatusBarAppearanceUpdate()' is unavailable in visionOS
393 |         }
394 |
/Applications/Xcode-27.0.0-Release.Candidate.app/Contents/Developer/Platforms/XROS.platform/Developer/SDKs/XROS27.0.sdk/System/Library/Frameworks/UIKit.framework/Headers/UIViewController.h:334:1: note: 'setNeedsStatusBarAppearanceUpdate()' has been explicitly marked unavailable here
332 |
333 | // This should be called whenever the return values for the view controller's status bar attributes have changed. If it is called from within an animation block, the changes will be animated along with the rest of the animation block.
334 | - (void)setNeedsStatusBarAppearanceUpdate API_AVAILABLE(ios(7.0)) API_UNAVAILABLE(tvos, visionos);
    | `- note: 'setNeedsStatusBarAppearanceUpdate()' has been explicitly marked unavailable here
335 |
336 | /* This method returns either itself or the nearest ancestor that can perform the given action and, if applicable, has overridden UIViewController's default implementation of the action method. View controllers can return NO from canPerformAction:withSender: to opt out of being a target for a given action. */
/Users/admin/builder/spi-builder-workspace/Sources/WWSideMenuViewController/WWSideMenuViewController.swift:403:113: error: 'orientationDidChangeNotification' is unavailable in visionOS
401 |     func orientationDidChangeAction() {
402 |         NotificationCenter.default.removeObserver(self)
403 |         NotificationCenter.default.addObserver(self, selector: #selector(orientationAction(_:)), name: UIDevice.orientationDidChangeNotification, object: nil)
    |                                                                                                                 `- error: 'orientationDidChangeNotification' is unavailable in visionOS
404 |     }
405 | }
/Applications/Xcode-27.0.0-Release.Candidate.app/Contents/Developer/Platforms/XROS.platform/Developer/SDKs/XROS27.0.sdk/System/Library/Frameworks/UIKit.framework/Headers/UIDevice.h:83:39: note: 'orientationDidChangeNotification' has been explicitly marked unavailable here
81 | }
82 |
83 | UIKIT_EXTERN NSNotificationName const UIDeviceOrientationDidChangeNotification API_UNAVAILABLE(tvos, visionos, watchos) NS_SWIFT_NONISOLATED;
   |                                       `- note: 'orientationDidChangeNotification' has been explicitly marked unavailable here
84 | UIKIT_EXTERN NSNotificationName const UIDeviceBatteryStateDidChangeNotification   API_AVAILABLE(ios(3.0)) API_UNAVAILABLE(tvos, watchos) NS_SWIFT_NONISOLATED;
85 | UIKIT_EXTERN NSNotificationName const UIDeviceBatteryLevelDidChangeNotification   API_AVAILABLE(ios(3.0)) API_UNAVAILABLE(tvos, watchos) NS_SWIFT_NONISOLATED;
[#DeprecatedDeclaration]: <https://docs.swift.org/compiler/documentation/diagnostics/deprecated-declaration>
[#NoUsage]: <https://docs.swift.org/compiler/documentation/diagnostics/no-usage>
Failed frontend command:
SwiftCompile normal arm64 /Users/admin/builder/spi-builder-workspace/Sources/WWSideMenuViewController/WWSideMenuViewController.swift (in target 'WWSideMenuViewController' from project 'WWSideMenuViewController')
    cd /Users/admin/builder/spi-builder-workspace/.swiftpm/xcode
    builtin-SwiftPerFileCompile WWSideMenuViewController.swift
/Applications/Xcode-27.0.0-Release.Candidate.app/Contents/Developer/Toolchains/XcodeDefault.xctoolchain/usr/bin/swift-frontend -frontend -c /Users/admin/builder/spi-builder-workspace/.derivedData/Build/Intermediates.noindex/WWSideMenuViewController.build/Debug-xros/WWSideMenuViewController-t.build/DerivedSources/resource_bundle_accessor.swift /Users/admin/builder/spi-builder-workspace/Sources/WWSideMenuViewController/Segue/WWItemViewControllerSegue.swift /Users/admin/builder/spi-builder-workspace/Sources/WWSideMenuViewController/Segue/WWMenuViewControllerSegue.swift /Users/admin/builder/spi-builder-workspace/Sources/WWSideMenuViewController/Utility/Constant.swift /Users/admin/builder/spi-builder-workspace/Sources/WWSideMenuViewController/Utility/Delegate.swift /Users/admin/builder/spi-builder-workspace/Sources/WWSideMenuViewController/Utility/Extension.swift /Users/admin/builder/spi-builder-workspace/Sources/WWSideMenuViewController/ViewController/WWItemViewController.swift /Users/admin/builder/spi-builder-workspace/Sources/WWSideMenuViewController/ViewController/WWMenuViewController.swift -primary-file /Users/admin/builder/spi-builder-workspace/Sources/WWSideMenuViewController/WWSideMenuViewController.swift -emit-dependencies-path /Users/admin/builder/spi-builder-workspace/.derivedData/Build/Intermediates.noindex/WWSideMenuViewController.build/Debug-xros/WWSideMenuViewController-t.build/Objects-normal/arm64/WWSideMenuViewController.d -emit-const-values-path /Users/admin/builder/spi-builder-workspace/.derivedData/Build/Intermediates.noindex/WWSideMenuViewController.build/Debug-xros/WWSideMenuViewController-t.build/Objects-normal/arm64/WWSideMenuViewController.swiftconstvalues -emit-reference-dependencies-path /Users/admin/builder/spi-builder-workspace/.derivedData/Build/Intermediates.noindex/WWSideMenuViewController.build/Debug-xros/WWSideMenuViewController-t.build/Objects-normal/arm64/WWSideMenuViewController.swiftdeps -serialize-diagnostics-path /Users/admin/builder/spi-builder-workspace/.derivedData/Build/Intermediates.noindex/WWSideMenuViewController.build/Debug-xros/WWSideMenuViewController-t.build/Objects-normal/arm64/WWSideMenuViewController.dia -target arm64-apple-xros1.0 -disable-cross-import-overlay-search -load-resolved-plugin /Applications/Xcode-27.0.0-Release.Candidate.app/Contents/Developer/Platforms/XROS.platform/Developer/usr/lib/swift/host/plugins/libFoundationMacros.dylib\#/Applications/Xcode-27.0.0-Release.Candidate.app/Contents/Developer/Platforms/XROS.platform/Developer/usr/bin/swift-plugin-server\#FoundationMacros -load-resolved-plugin /Applications/Xcode-27.0.0-Release.Candidate.app/Contents/Developer/Platforms/XROS.platform/Developer/usr/lib/swift/host/plugins/libObservationMacros.dylib\#/Applications/Xcode-27.0.0-Release.Candidate.app/Contents/Developer/Platforms/XROS.platform/Developer/usr/bin/swift-plugin-server\#ObservationMacros -load-resolved-plugin /Applications/Xcode-27.0.0-Release.Candidate.app/Contents/Developer/Platforms/XROS.platform/Developer/usr/lib/swift/host/plugins/libPreviewsMacros.dylib\#/Applications/Xcode-27.0.0-Release.Candidate.app/Contents/Developer/Platforms/XROS.platform/Developer/usr/bin/swift-plugin-server\#PreviewsMacros -load-resolved-plugin /Applications/Xcode-27.0.0-Release.Candidate.app/Contents/Developer/Platforms/XROS.platform/Developer/usr/lib/swift/host/plugins/libSwiftMacros.dylib\#/Applications/Xcode-27.0.0-Release.Candidate.app/Contents/Developer/Platforms/XROS.platform/Developer/usr/bin/swift-plugin-server\#SwiftMacros -load-resolved-plugin /Applications/Xcode-27.0.0-Release.Candidate.app/Contents/Developer/Platforms/XROS.platform/Developer/usr/lib/swift/host/plugins/libSwiftUIMacros.dylib\#/Applications/Xcode-27.0.0-Release.Candidate.app/Contents/Developer/Platforms/XROS.platform/Developer/usr/bin/swift-plugin-server\#SwiftUIMacros -disable-implicit-swift-modules -Xcc -fno-implicit-modules -Xcc -fno-implicit-module-maps -explicit-swift-module-map-file /Users/admin/builder/spi-builder-workspace/.derivedData/Build/Intermediates.noindex/WWSideMenuViewController.build/Debug-xros/WWSideMenuViewController-t.build/Objects-normal/arm64/WWSideMenuViewController-dependencies-1.json -Xllvm -aarch64-use-tbi -enable-objc-interop -stack-check -sdk /Applications/Xcode-27.0.0-Release.Candidate.app/Contents/Developer/Platforms/XROS.platform/Developer/SDKs/XROS27.0.sdk -I /Users/admin/builder/spi-builder-workspace/.derivedData/Build/Products/Debug-xros -Isystem /Applications/Xcode-27.0.0-Release.Candidate.app/Contents/Developer/Platforms/XROS.platform/Developer/usr/lib -F /Users/admin/builder/spi-builder-workspace/.derivedData/Build/Products/Debug-xros -F /Applications/Xcode-27.0.0-Release.Candidate.app/Contents/Developer/Platforms/XROS.platform/Developer/Library/Frameworks -F /Applications/Xcode-27.0.0-Release.Candidate.app/Contents/Developer/Platforms/XROS.platform/Developer/SDKs/XROS27.0.sdk/Developer/Library/Frameworks -module-cache-path /Users/admin/builder/spi-builder-workspace/.derivedData/Build/Intermediates.noindex/SwiftExplicitPrecompiledModules -no-color-diagnostics -Xcc -fno-color-diagnostics -enable-testing -g -debug-info-format\=dwarf -dwarf-version\=4 -swift-version 5 -Onone -D SWIFT_PACKAGE -D DEBUG -D SWIFT_MODULE_RESOURCE_BUNDLE_AVAILABLE -D Xcode -serialize-debugging-options -enable-experimental-feature DebugDescriptionMacro -empty-abi-descriptor -validate-clang-modules-once -clang-build-session-file /Users/admin/builder/spi-builder-workspace/.derivedData/ModuleCache.noindex/Session.modulevalidation -Xcc -working-directory -Xcc /Users/admin/builder/spi-builder-workspace/.swiftpm/xcode -enable-anonymous-context-mangled-names -file-compilation-dir /Users/admin/builder/spi-builder-workspace/.swiftpm/xcode -Xcc -D_LIBCPP_HARDENING_MODE\=_LIBCPP_HARDENING_MODE_DEBUG -Xcc -ivfsstatcache -Xcc /Users/admin/builder/spi-builder-workspace/.derivedData/SDKStatCaches.noindex/xros27.0-24M361-e829b21a6f8c9b70876ba0858053c044735bd543db762f57723cac368afd1ce4.sdkstatcache -Xcc -fmodules-prune-interval\=86400 -Xcc -fmodules-prune-after\=345600 -Xcc -I/Users/admin/builder/spi-builder-workspace/.derivedData/Build/Products/Debug-xros/include -Xcc -I/Users/admin/builder/spi-builder-workspace/.derivedData/Build/Intermediates.noindex/WWSideMenuViewController.build/Debug-xros/WWSideMenuViewController-t.build/DerivedSources-normal/arm64 -Xcc -I/Users/admin/builder/spi-builder-workspace/.derivedData/Build/Intermediates.noindex/WWSideMenuViewController.build/Debug-xros/WWSideMenuViewController-t.build/DerivedSources/arm64 -Xcc -I/Users/admin/builder/spi-builder-workspace/.derivedData/Build/Intermediates.noindex/WWSideMenuViewController.build/Debug-xros/WWSideMenuViewController-t.build/DerivedSources -Xcc -DSWIFT_PACKAGE -Xcc -DDEBUG\=1 -no-auto-bridging-header-chaining -module-name WWSideMenuViewController -const-gather-protocols-file /Users/admin/builder/spi-builder-workspace/.derivedData/Build/Intermediates.noindex/WWSideMenuViewController.build/Debug-xros/WWSideMenuViewController-t.build/Objects-normal/arm64/WWSideMenuViewController_const_extract_protocols.json -disable-clang-spi -clang-target arm64-apple-xros27.0 -target-sdk-version 27.0 -target-sdk-name xros27.0 -in-process-plugin-server-path /Applications/Xcode-27.0.0-Release.Candidate.app/Contents/Developer/Toolchains/XcodeDefault.xctoolchain/usr/lib/swift/host/libSwiftInProcPluginServer.dylib -parse-as-library -o /Users/admin/builder/spi-builder-workspace/.derivedData/Build/Intermediates.noindex/WWSideMenuViewController.build/Debug-xros/WWSideMenuViewController-t.build/Objects-normal/arm64/WWSideMenuViewController.o -debug-module-path /Users/admin/builder/spi-builder-workspace/.derivedData/Build/Intermediates.noindex/WWSideMenuViewController.build/Debug-xros/WWSideMenuViewController-t.build/Objects-normal/arm64/WWSideMenuViewController.swiftmodule -index-unit-output-path /WWSideMenuViewController.build/Debug-xros/WWSideMenuViewController-t.build/Objects-normal/arm64/WWSideMenuViewController.o -index-store-path /Users/admin/builder/spi-builder-workspace/.derivedData/Index.noindex/DataStore -index-system-modules
SwiftCompile normal arm64 Compiling\ Extension.swift /Users/admin/builder/spi-builder-workspace/Sources/WWSideMenuViewController/Utility/Extension.swift (in target 'WWSideMenuViewController' from project 'WWSideMenuViewController')
SwiftCompile normal arm64 /Users/admin/builder/spi-builder-workspace/Sources/WWSideMenuViewController/Utility/Extension.swift (in target 'WWSideMenuViewController' from project 'WWSideMenuViewController')
    cd /Users/admin/builder/spi-builder-workspace/.swiftpm/xcode
    builtin-SwiftPerFileCompile Extension.swift
SwiftCompile normal arm64 Compiling\ WWMenuViewController.swift /Users/admin/builder/spi-builder-workspace/Sources/WWSideMenuViewController/ViewController/WWMenuViewController.swift (in target 'WWSideMenuViewController' from project 'WWSideMenuViewController')
SwiftCompile normal arm64 /Users/admin/builder/spi-builder-workspace/Sources/WWSideMenuViewController/ViewController/WWMenuViewController.swift (in target 'WWSideMenuViewController' from project 'WWSideMenuViewController')
    cd /Users/admin/builder/spi-builder-workspace/.swiftpm/xcode
    builtin-SwiftPerFileCompile WWMenuViewController.swift
SwiftCompile normal arm64 Compiling\ Delegate.swift /Users/admin/builder/spi-builder-workspace/Sources/WWSideMenuViewController/Utility/Delegate.swift (in target 'WWSideMenuViewController' from project 'WWSideMenuViewController')
SwiftCompile normal arm64 /Users/admin/builder/spi-builder-workspace/Sources/WWSideMenuViewController/Utility/Delegate.swift (in target 'WWSideMenuViewController' from project 'WWSideMenuViewController')
    cd /Users/admin/builder/spi-builder-workspace/.swiftpm/xcode
    builtin-SwiftPerFileCompile Delegate.swift
SwiftCompile normal arm64 Compiling\ WWMenuViewControllerSegue.swift /Users/admin/builder/spi-builder-workspace/Sources/WWSideMenuViewController/Segue/WWMenuViewControllerSegue.swift (in target 'WWSideMenuViewController' from project 'WWSideMenuViewController')
/Users/admin/builder/spi-builder-workspace/Sources/WWSideMenuViewController/Segue/WWMenuViewControllerSegue.swift:11:39: warning: 'UIStoryboardSegue' was deprecated in visionOS 1.0: Loading Interface Builder products will not be supported in a future version of visionOS. [#DeprecatedDeclaration]
 9 |
10 | // MARK: - WWMenuViewControllerSegue
11 | open class WWMenuViewControllerSegue: UIStoryboardSegue {
   |                                       `- warning: 'UIStoryboardSegue' was deprecated in visionOS 1.0: Loading Interface Builder products will not be supported in a future version of visionOS. [#DeprecatedDeclaration]
12 |
13 |     override open func perform() {
[#DeprecatedDeclaration]: <https://docs.swift.org/compiler/documentation/diagnostics/deprecated-declaration>
SwiftCompile normal arm64 /Users/admin/builder/spi-builder-workspace/Sources/WWSideMenuViewController/Segue/WWMenuViewControllerSegue.swift (in target 'WWSideMenuViewController' from project 'WWSideMenuViewController')
    cd /Users/admin/builder/spi-builder-workspace/.swiftpm/xcode
    builtin-SwiftPerFileCompile WWMenuViewControllerSegue.swift
SwiftCompile normal arm64 Compiling\ Constant.swift /Users/admin/builder/spi-builder-workspace/Sources/WWSideMenuViewController/Utility/Constant.swift (in target 'WWSideMenuViewController' from project 'WWSideMenuViewController')
SwiftCompile normal arm64 /Users/admin/builder/spi-builder-workspace/Sources/WWSideMenuViewController/Utility/Constant.swift (in target 'WWSideMenuViewController' from project 'WWSideMenuViewController')
    cd /Users/admin/builder/spi-builder-workspace/.swiftpm/xcode
    builtin-SwiftPerFileCompile Constant.swift
SwiftCompile normal arm64 Compiling\ resource_bundle_accessor.swift /Users/admin/builder/spi-builder-workspace/.derivedData/Build/Intermediates.noindex/WWSideMenuViewController.build/Debug-xros/WWSideMenuViewController-t.build/DerivedSources/resource_bundle_accessor.swift (in target 'WWSideMenuViewController' from project 'WWSideMenuViewController')
SwiftCompile normal arm64 /Users/admin/builder/spi-builder-workspace/.derivedData/Build/Intermediates.noindex/WWSideMenuViewController.build/Debug-xros/WWSideMenuViewController-t.build/DerivedSources/resource_bundle_accessor.swift (in target 'WWSideMenuViewController' from project 'WWSideMenuViewController')
    cd /Users/admin/builder/spi-builder-workspace/.swiftpm/xcode
    builtin-SwiftPerFileCompile resource_bundle_accessor.swift
SwiftCompile normal arm64 Compiling\ WWItemViewControllerSegue.swift /Users/admin/builder/spi-builder-workspace/Sources/WWSideMenuViewController/Segue/WWItemViewControllerSegue.swift (in target 'WWSideMenuViewController' from project 'WWSideMenuViewController')
/Users/admin/builder/spi-builder-workspace/Sources/WWSideMenuViewController/Segue/WWItemViewControllerSegue.swift:11:39: warning: 'UIStoryboardSegue' was deprecated in visionOS 1.0: Loading Interface Builder products will not be supported in a future version of visionOS. [#DeprecatedDeclaration]
 9 |
10 | // MARK: - WWItemViewControllerSegue
11 | open class WWItemViewControllerSegue: UIStoryboardSegue {
   |                                       `- warning: 'UIStoryboardSegue' was deprecated in visionOS 1.0: Loading Interface Builder products will not be supported in a future version of visionOS. [#DeprecatedDeclaration]
12 |
13 |     override open func perform() {
[#DeprecatedDeclaration]: <https://docs.swift.org/compiler/documentation/diagnostics/deprecated-declaration>
SwiftCompile normal arm64 /Users/admin/builder/spi-builder-workspace/Sources/WWSideMenuViewController/Segue/WWItemViewControllerSegue.swift (in target 'WWSideMenuViewController' from project 'WWSideMenuViewController')
    cd /Users/admin/builder/spi-builder-workspace/.swiftpm/xcode
    builtin-SwiftPerFileCompile WWItemViewControllerSegue.swift
SwiftCompile normal arm64 Compiling\ WWItemViewController.swift /Users/admin/builder/spi-builder-workspace/Sources/WWSideMenuViewController/ViewController/WWItemViewController.swift (in target 'WWSideMenuViewController' from project 'WWSideMenuViewController')
SwiftCompile normal arm64 /Users/admin/builder/spi-builder-workspace/Sources/WWSideMenuViewController/ViewController/WWItemViewController.swift (in target 'WWSideMenuViewController' from project 'WWSideMenuViewController')
    cd /Users/admin/builder/spi-builder-workspace/.swiftpm/xcode
    builtin-SwiftPerFileCompile WWItemViewController.swift
SwiftDriverJobDiscovery normal arm64 Emitting module for WWSideMenuViewController (in target 'WWSideMenuViewController' from project 'WWSideMenuViewController')
SwiftDriver\ Compilation\ Requirements WWSideMenuViewController normal arm64 com.apple.xcode.tools.swift.compiler (in target 'WWSideMenuViewController' from project 'WWSideMenuViewController')
    cd /Users/admin/builder/spi-builder-workspace/.swiftpm/xcode
    builtin-Swift-Compilation-Requirements -- /Applications/Xcode-27.0.0-Release.Candidate.app/Contents/Developer/Toolchains/XcodeDefault.xctoolchain/usr/bin/swiftc -parse-as-library -module-name WWSideMenuViewController -Onone @/Users/admin/builder/spi-builder-workspace/.derivedData/Build/Intermediates.noindex/WWSideMenuViewController.build/Debug-xros/WWSideMenuViewController-t.build/Objects-normal/arm64/WWSideMenuViewController.SwiftFileList -DSWIFT_PACKAGE -DDEBUG -DSWIFT_MODULE_RESOURCE_BUNDLE_AVAILABLE -DXcode -plugin-path /Applications/Xcode-27.0.0-Release.Candidate.app/Contents/Developer/Toolchains/XcodeDefault.xctoolchain/usr/lib/swift/host/plugins/testing -enable-experimental-feature DebugDescriptionMacro -sdk /Applications/Xcode-27.0.0-Release.Candidate.app/Contents/Developer/Platforms/XROS.platform/Developer/SDKs/XROS27.0.sdk -target arm64-apple-xros1.0 -g -module-cache-path /Users/admin/builder/spi-builder-workspace/.derivedData/ModuleCache.noindex -Xfrontend -serialize-debugging-options -enable-testing -index-store-path /Users/admin/builder/spi-builder-workspace/.derivedData/Index.noindex/DataStore -Xcc -D_LIBCPP_HARDENING_MODE\=_LIBCPP_HARDENING_MODE_DEBUG -swift-version 5 -I /Users/admin/builder/spi-builder-workspace/.derivedData/Build/Products/Debug-xros -Isystem /Applications/Xcode-27.0.0-Release.Candidate.app/Contents/Developer/Platforms/XROS.platform/Developer/usr/lib -F /Users/admin/builder/spi-builder-workspace/.derivedData/Build/Products/Debug-xros -F /Applications/Xcode-27.0.0-Release.Candidate.app/Contents/Developer/Platforms/XROS.platform/Developer/Library/Frameworks -F /Applications/Xcode-27.0.0-Release.Candidate.app/Contents/Developer/Platforms/XROS.platform/Developer/SDKs/XROS27.0.sdk/Developer/Library/Frameworks -c -j10 -enable-batch-mode -incremental -Xcc -ivfsstatcache -Xcc /Users/admin/builder/spi-builder-workspace/.derivedData/SDKStatCaches.noindex/xros27.0-24M361-e829b21a6f8c9b70876ba0858053c044735bd543db762f57723cac368afd1ce4.sdkstatcache -output-file-map /Users/admin/builder/spi-builder-workspace/.derivedData/Build/Intermediates.noindex/WWSideMenuViewController.build/Debug-xros/WWSideMenuViewController-t.build/Objects-normal/arm64/WWSideMenuViewController-OutputFileMap.json -save-temps -no-color-diagnostics -explicit-module-build -module-cache-path /Users/admin/builder/spi-builder-workspace/.derivedData/Build/Intermediates.noindex/SwiftExplicitPrecompiledModules -clang-scanner-module-cache-path /Users/admin/builder/spi-builder-workspace/.derivedData/ModuleCache.noindex -sdk-module-cache-path /Users/admin/builder/spi-builder-workspace/.derivedData/SDKExplicitPrecompiledModules -emit-dependencies -emit-module -emit-module-path /Users/admin/builder/spi-builder-workspace/.derivedData/Build/Intermediates.noindex/WWSideMenuViewController.build/Debug-xros/WWSideMenuViewController-t.build/Objects-normal/arm64/WWSideMenuViewController.swiftmodule -serialize-diagnostics -dependency-scan-serialize-diagnostics-path /Users/admin/builder/spi-builder-workspace/.derivedData/Build/Intermediates.noindex/WWSideMenuViewController.build/Debug-xros/WWSideMenuViewController-t.build/Objects-normal/arm64/WWSideMenuViewController-dependency-scan.dia -validate-clang-modules-once -clang-build-session-file /Users/admin/builder/spi-builder-workspace/.derivedData/ModuleCache.noindex/Session.modulevalidation -Xcc -fmodules-prune-interval\=86400 -Xcc -fmodules-prune-after\=345600 -emit-const-values -const-gather-protocols-list /Users/admin/builder/spi-builder-workspace/.derivedData/Build/Intermediates.noindex/WWSideMenuViewController.build/Debug-xros/WWSideMenuViewController-t.build/Objects-normal/arm64/WWSideMenuViewController_const_extract_protocols.json -Xcc -I/Users/admin/builder/spi-builder-workspace/.derivedData/Build/Products/Debug-xros/include -Xcc -I/Users/admin/builder/spi-builder-workspace/.derivedData/Build/Intermediates.noindex/WWSideMenuViewController.build/Debug-xros/WWSideMenuViewController-t.build/DerivedSources-normal/arm64 -Xcc -I/Users/admin/builder/spi-builder-workspace/.derivedData/Build/Intermediates.noindex/WWSideMenuViewController.build/Debug-xros/WWSideMenuViewController-t.build/DerivedSources/arm64 -Xcc -I/Users/admin/builder/spi-builder-workspace/.derivedData/Build/Intermediates.noindex/WWSideMenuViewController.build/Debug-xros/WWSideMenuViewController-t.build/DerivedSources -Xcc -DSWIFT_PACKAGE -Xcc -DDEBUG\=1 -emit-objc-header -emit-objc-header-path /Users/admin/builder/spi-builder-workspace/.derivedData/Build/Intermediates.noindex/WWSideMenuViewController.build/Debug-xros/WWSideMenuViewController-t.build/Objects-normal/arm64/WWSideMenuViewController-Swift.h -working-directory /Users/admin/builder/spi-builder-workspace/.swiftpm/xcode -experimental-emit-module-separately -disable-cmo
SwiftMergeGeneratedHeaders /Users/admin/builder/spi-builder-workspace/.derivedData/Build/Intermediates.noindex/GeneratedModuleMaps-xros/WWSideMenuViewController-Swift.h /Users/admin/builder/spi-builder-workspace/.derivedData/Build/Intermediates.noindex/WWSideMenuViewController.build/Debug-xros/WWSideMenuViewController-t.build/Objects-normal/arm64/WWSideMenuViewController-Swift.h (in target 'WWSideMenuViewController' from project 'WWSideMenuViewController')
    cd /Users/admin/builder/spi-builder-workspace
    builtin-swiftHeaderTool -arch arm64 /Users/admin/builder/spi-builder-workspace/.derivedData/Build/Intermediates.noindex/WWSideMenuViewController.build/Debug-xros/WWSideMenuViewController-t.build/Objects-normal/arm64/WWSideMenuViewController-Swift.h -o /Users/admin/builder/spi-builder-workspace/.derivedData/Build/Intermediates.noindex/GeneratedModuleMaps-xros/WWSideMenuViewController-Swift.h
Copy /Users/admin/builder/spi-builder-workspace/.derivedData/Build/Products/Debug-xros/WWSideMenuViewController.swiftmodule/arm64-apple-xros.swiftmodule /Users/admin/builder/spi-builder-workspace/.derivedData/Build/Intermediates.noindex/WWSideMenuViewController.build/Debug-xros/WWSideMenuViewController-t.build/Objects-normal/arm64/WWSideMenuViewController.swiftmodule (in target 'WWSideMenuViewController' from project 'WWSideMenuViewController')
    cd /Users/admin/builder/spi-builder-workspace
    builtin-copy -exclude .DS_Store -exclude CVS -exclude .svn -exclude .git -exclude .hg -resolve-src-symlinks -rename /Users/admin/builder/spi-builder-workspace/.derivedData/Build/Intermediates.noindex/WWSideMenuViewController.build/Debug-xros/WWSideMenuViewController-t.build/Objects-normal/arm64/WWSideMenuViewController.swiftmodule /Users/admin/builder/spi-builder-workspace/.derivedData/Build/Products/Debug-xros/WWSideMenuViewController.swiftmodule/arm64-apple-xros.swiftmodule
Copy /Users/admin/builder/spi-builder-workspace/.derivedData/Build/Products/Debug-xros/WWSideMenuViewController.swiftmodule/arm64-apple-xros.swiftdoc /Users/admin/builder/spi-builder-workspace/.derivedData/Build/Intermediates.noindex/WWSideMenuViewController.build/Debug-xros/WWSideMenuViewController-t.build/Objects-normal/arm64/WWSideMenuViewController.swiftdoc (in target 'WWSideMenuViewController' from project 'WWSideMenuViewController')
    cd /Users/admin/builder/spi-builder-workspace
    builtin-copy -exclude .DS_Store -exclude CVS -exclude .svn -exclude .git -exclude .hg -resolve-src-symlinks -rename /Users/admin/builder/spi-builder-workspace/.derivedData/Build/Intermediates.noindex/WWSideMenuViewController.build/Debug-xros/WWSideMenuViewController-t.build/Objects-normal/arm64/WWSideMenuViewController.swiftdoc /Users/admin/builder/spi-builder-workspace/.derivedData/Build/Products/Debug-xros/WWSideMenuViewController.swiftmodule/arm64-apple-xros.swiftdoc
Copy /Users/admin/builder/spi-builder-workspace/.derivedData/Build/Products/Debug-xros/WWSideMenuViewController.swiftmodule/arm64-apple-xros.abi.json /Users/admin/builder/spi-builder-workspace/.derivedData/Build/Intermediates.noindex/WWSideMenuViewController.build/Debug-xros/WWSideMenuViewController-t.build/Objects-normal/arm64/WWSideMenuViewController.abi.json (in target 'WWSideMenuViewController' from project 'WWSideMenuViewController')
    cd /Users/admin/builder/spi-builder-workspace
    builtin-copy -exclude .DS_Store -exclude CVS -exclude .svn -exclude .git -exclude .hg -resolve-src-symlinks -rename /Users/admin/builder/spi-builder-workspace/.derivedData/Build/Intermediates.noindex/WWSideMenuViewController.build/Debug-xros/WWSideMenuViewController-t.build/Objects-normal/arm64/WWSideMenuViewController.abi.json /Users/admin/builder/spi-builder-workspace/.derivedData/Build/Products/Debug-xros/WWSideMenuViewController.swiftmodule/arm64-apple-xros.abi.json
Copy /Users/admin/builder/spi-builder-workspace/.derivedData/Build/Products/Debug-xros/WWSideMenuViewController.swiftmodule/Project/arm64-apple-xros.swiftsourceinfo /Users/admin/builder/spi-builder-workspace/.derivedData/Build/Intermediates.noindex/WWSideMenuViewController.build/Debug-xros/WWSideMenuViewController-t.build/Objects-normal/arm64/WWSideMenuViewController.swiftsourceinfo (in target 'WWSideMenuViewController' from project 'WWSideMenuViewController')
    cd /Users/admin/builder/spi-builder-workspace
    builtin-copy -exclude .DS_Store -exclude CVS -exclude .svn -exclude .git -exclude .hg -resolve-src-symlinks -rename /Users/admin/builder/spi-builder-workspace/.derivedData/Build/Intermediates.noindex/WWSideMenuViewController.build/Debug-xros/WWSideMenuViewController-t.build/Objects-normal/arm64/WWSideMenuViewController.swiftsourceinfo /Users/admin/builder/spi-builder-workspace/.derivedData/Build/Products/Debug-xros/WWSideMenuViewController.swiftmodule/Project/arm64-apple-xros.swiftsourceinfo
SwiftDriverJobDiscovery normal arm64 Compiling resource_bundle_accessor.swift (in target 'WWSideMenuViewController' from project 'WWSideMenuViewController')
SwiftDriverJobDiscovery normal arm64 Compiling Delegate.swift (in target 'WWSideMenuViewController' from project 'WWSideMenuViewController')
SwiftDriverJobDiscovery normal arm64 Compiling WWItemViewControllerSegue.swift (in target 'WWSideMenuViewController' from project 'WWSideMenuViewController')
SwiftDriverJobDiscovery normal arm64 Compiling Extension.swift (in target 'WWSideMenuViewController' from project 'WWSideMenuViewController')
SwiftDriverJobDiscovery normal arm64 Compiling WWMenuViewControllerSegue.swift (in target 'WWSideMenuViewController' from project 'WWSideMenuViewController')
PruneExplicitPrecompiledModules /Users/admin/builder/spi-builder-workspace/.derivedData/Build/Intermediates.noindex/ExplicitPrecompiledModules
PruneExplicitPrecompiledModules /Users/admin/builder/spi-builder-workspace/.derivedData/SDKExplicitPrecompiledModules
PruneExplicitPrecompiledModules /Users/admin/builder/spi-builder-workspace/.derivedData/Build/Intermediates.noindex/SwiftExplicitPrecompiledModules
2026-09-22 15:17:28.889 xcodebuild[668:4294] [MT] IDERunDestination: Supported platforms for the buildables in the current scheme is empty.
** BUILD FAILED **
The following build commands failed:
	SwiftCompile normal arm64 /Users/admin/builder/spi-builder-workspace/Sources/WWSideMenuViewController/WWSideMenuViewController.swift (in target 'WWSideMenuViewController' from project 'WWSideMenuViewController')
	SwiftCompile normal arm64 Compiling\ WWSideMenuViewController.swift /Users/admin/builder/spi-builder-workspace/Sources/WWSideMenuViewController/WWSideMenuViewController.swift (in target 'WWSideMenuViewController' from project 'WWSideMenuViewController')
	Building workspace WWSideMenuViewController with scheme WWSideMenuViewController
(3 failures)
Command line invocation:
    /Applications/Xcode-27.0.0-Release.Candidate.app/Contents/Developer/usr/bin/xcodebuild -IDEClonedSourcePackagesDirPathOverride=/Users/admin/builder/spi-builder-workspace/.dependencies -resolvePackageDependencies
Resolve Package Graph
Resolved source packages:
  WWSideMenuViewController: /Users/admin/builder/spi-builder-workspace
resolved source packages: WWSideMenuViewController
2026-09-22 15:17:39.784 xcodebuild[761:4685] [MT] IDERunDestination: Supported platforms for the buildables in the current scheme is empty.
{
  "dependencies" : [
  ],
  "manifest_display_name" : "WWSideMenuViewController",
  "name" : "WWSideMenuViewController",
  "path" : "/Users/admin/builder/spi-builder-workspace",
  "platforms" : [
    {
      "name" : "ios",
      "version" : "15.0"
    }
  ],
  "products" : [
    {
      "name" : "WWSideMenuViewController",
      "targets" : [
        "WWSideMenuViewController"
      ],
      "type" : {
        "library" : [
          "automatic"
        ]
      }
    }
  ],
  "swift_languages_versions" : [
    "5"
  ],
  "targets" : [
    {
      "c99name" : "WWSideMenuViewController",
      "module_type" : "SwiftTarget",
      "name" : "WWSideMenuViewController",
      "path" : "Sources/WWSideMenuViewController",
      "product_memberships" : [
        "WWSideMenuViewController"
      ],
      "resources" : [
        {
          "path" : "/Users/admin/builder/spi-builder-workspace/Sources/WWSideMenuViewController/Privacy",
          "rule" : {
            "copy" : {
            }
          }
        }
      ],
      "sources" : [
        "Segue/WWItemViewControllerSegue.swift",
        "Segue/WWMenuViewControllerSegue.swift",
        "Utility/Constant.swift",
        "Utility/Delegate.swift",
        "Utility/Extension.swift",
        "ViewController/WWItemViewController.swift",
        "ViewController/WWMenuViewController.swift",
        "WWSideMenuViewController.swift"
      ],
      "type" : "library"
    }
  ],
  "tools_version" : "5.7"
}
{
  "workspace" : {
    "name" : "WWSideMenuViewController",
    "schemes" : [
      "WWSideMenuViewController"
    ]
  }
}
2026-09-22 15:17:40.974 xcodebuild[769:4759] [MT] IDERunDestination: Supported platforms for the buildables in the current scheme is empty.
Running build ...
env DEVELOPER_DIR=/Applications/Xcode-27.0.0-Release.Candidate.app xcrun xcodebuild -IDEClonedSourcePackagesDirPathOverride=$PWD/.dependencies -skipMacroValidation -skipPackagePluginValidation -derivedDataPath $PWD/.derivedData build -scheme WWSideMenuViewController -destination generic/platform=xrOS
Command line invocation:
    /Applications/Xcode-27.0.0-Release.Candidate.app/Contents/Developer/usr/bin/xcodebuild -IDEClonedSourcePackagesDirPathOverride=/Users/admin/builder/spi-builder-workspace/.dependencies -skipMacroValidation -skipPackagePluginValidation -derivedDataPath /Users/admin/builder/spi-builder-workspace/.derivedData build -scheme WWSideMenuViewController -destination generic/platform=xrOS
Resolve Package Graph
Resolved source packages:
  WWSideMenuViewController: /Users/admin/builder/spi-builder-workspace
ComputePackagePrebuildTargetDependencyGraph
Prepare packages
CreateBuildRequest
SendProjectDescription
CreateBuildOperation
ComputeTargetDependencyGraph
note: Building targets in dependency order
note: Target dependency graph (3 targets)
    Target 'WWSideMenuViewController-product' in project 'WWSideMenuViewController'
        ➜ Explicit dependency on target 'WWSideMenuViewController' in project 'WWSideMenuViewController'
        ➜ Explicit dependency on target 'WWSideMenuViewController_WWSideMenuViewController' in project 'WWSideMenuViewController'
    Target 'WWSideMenuViewController' in project 'WWSideMenuViewController'
        ➜ Explicit dependency on target 'WWSideMenuViewController_WWSideMenuViewController' in project 'WWSideMenuViewController'
    Target 'WWSideMenuViewController_WWSideMenuViewController' in project 'WWSideMenuViewController' (no dependencies)
GatherProvisioningInputs
CreateBuildDescription
ClangStatCache /Applications/Xcode-27.0.0-Release.Candidate.app/Contents/Developer/Toolchains/XcodeDefault.xctoolchain/usr/bin/clang-stat-cache /Applications/Xcode-27.0.0-Release.Candidate.app/Contents/Developer/Platforms/XROS.platform/Developer/SDKs/XROS27.0.sdk /Users/admin/builder/spi-builder-workspace/.derivedData/SDKStatCaches.noindex/xros27.0-24M361-e829b21a6f8c9b70876ba0858053c044735bd543db762f57723cac368afd1ce4.sdkstatcache
    cd /Users/admin/builder/spi-builder-workspace/.swiftpm/xcode
    /Applications/Xcode-27.0.0-Release.Candidate.app/Contents/Developer/Toolchains/XcodeDefault.xctoolchain/usr/bin/clang-stat-cache /Applications/Xcode-27.0.0-Release.Candidate.app/Contents/Developer/Platforms/XROS.platform/Developer/SDKs/XROS27.0.sdk -o /Users/admin/builder/spi-builder-workspace/.derivedData/SDKStatCaches.noindex/xros27.0-24M361-e829b21a6f8c9b70876ba0858053c044735bd543db762f57723cac368afd1ce4.sdkstatcache
SwiftDriver WWSideMenuViewController normal arm64 com.apple.xcode.tools.swift.compiler (in target 'WWSideMenuViewController' from project 'WWSideMenuViewController')
    cd /Users/admin/builder/spi-builder-workspace/.swiftpm/xcode
    builtin-SwiftDriver -- /Applications/Xcode-27.0.0-Release.Candidate.app/Contents/Developer/Toolchains/XcodeDefault.xctoolchain/usr/bin/swiftc -parse-as-library -module-name WWSideMenuViewController -Onone @/Users/admin/builder/spi-builder-workspace/.derivedData/Build/Intermediates.noindex/WWSideMenuViewController.build/Debug-xros/WWSideMenuViewController-t.build/Objects-normal/arm64/WWSideMenuViewController.SwiftFileList -DSWIFT_PACKAGE -DDEBUG -DSWIFT_MODULE_RESOURCE_BUNDLE_AVAILABLE -DXcode -plugin-path /Applications/Xcode-27.0.0-Release.Candidate.app/Contents/Developer/Toolchains/XcodeDefault.xctoolchain/usr/lib/swift/host/plugins/testing -enable-experimental-feature DebugDescriptionMacro -sdk /Applications/Xcode-27.0.0-Release.Candidate.app/Contents/Developer/Platforms/XROS.platform/Developer/SDKs/XROS27.0.sdk -target arm64-apple-xros1.0 -g -module-cache-path /Users/admin/builder/spi-builder-workspace/.derivedData/ModuleCache.noindex -Xfrontend -serialize-debugging-options -enable-testing -index-store-path /Users/admin/builder/spi-builder-workspace/.derivedData/Index.noindex/DataStore -Xcc -D_LIBCPP_HARDENING_MODE\=_LIBCPP_HARDENING_MODE_DEBUG -swift-version 5 -I /Users/admin/builder/spi-builder-workspace/.derivedData/Build/Products/Debug-xros -Isystem /Applications/Xcode-27.0.0-Release.Candidate.app/Contents/Developer/Platforms/XROS.platform/Developer/usr/lib -F /Users/admin/builder/spi-builder-workspace/.derivedData/Build/Products/Debug-xros -F /Applications/Xcode-27.0.0-Release.Candidate.app/Contents/Developer/Platforms/XROS.platform/Developer/Library/Frameworks -F /Applications/Xcode-27.0.0-Release.Candidate.app/Contents/Developer/Platforms/XROS.platform/Developer/SDKs/XROS27.0.sdk/Developer/Library/Frameworks -c -j10 -enable-batch-mode -incremental -Xcc -ivfsstatcache -Xcc /Users/admin/builder/spi-builder-workspace/.derivedData/SDKStatCaches.noindex/xros27.0-24M361-e829b21a6f8c9b70876ba0858053c044735bd543db762f57723cac368afd1ce4.sdkstatcache -output-file-map /Users/admin/builder/spi-builder-workspace/.derivedData/Build/Intermediates.noindex/WWSideMenuViewController.build/Debug-xros/WWSideMenuViewController-t.build/Objects-normal/arm64/WWSideMenuViewController-OutputFileMap.json -save-temps -no-color-diagnostics -explicit-module-build -module-cache-path /Users/admin/builder/spi-builder-workspace/.derivedData/Build/Intermediates.noindex/SwiftExplicitPrecompiledModules -clang-scanner-module-cache-path /Users/admin/builder/spi-builder-workspace/.derivedData/ModuleCache.noindex -sdk-module-cache-path /Users/admin/builder/spi-builder-workspace/.derivedData/SDKExplicitPrecompiledModules -emit-dependencies -emit-module -emit-module-path /Users/admin/builder/spi-builder-workspace/.derivedData/Build/Intermediates.noindex/WWSideMenuViewController.build/Debug-xros/WWSideMenuViewController-t.build/Objects-normal/arm64/WWSideMenuViewController.swiftmodule -serialize-diagnostics -dependency-scan-serialize-diagnostics-path /Users/admin/builder/spi-builder-workspace/.derivedData/Build/Intermediates.noindex/WWSideMenuViewController.build/Debug-xros/WWSideMenuViewController-t.build/Objects-normal/arm64/WWSideMenuViewController-dependency-scan.dia -validate-clang-modules-once -clang-build-session-file /Users/admin/builder/spi-builder-workspace/.derivedData/ModuleCache.noindex/Session.modulevalidation -Xcc -fmodules-prune-interval\=86400 -Xcc -fmodules-prune-after\=345600 -emit-const-values -const-gather-protocols-list /Users/admin/builder/spi-builder-workspace/.derivedData/Build/Intermediates.noindex/WWSideMenuViewController.build/Debug-xros/WWSideMenuViewController-t.build/Objects-normal/arm64/WWSideMenuViewController_const_extract_protocols.json -Xcc -I/Users/admin/builder/spi-builder-workspace/.derivedData/Build/Products/Debug-xros/include -Xcc -I/Users/admin/builder/spi-builder-workspace/.derivedData/Build/Intermediates.noindex/WWSideMenuViewController.build/Debug-xros/WWSideMenuViewController-t.build/DerivedSources-normal/arm64 -Xcc -I/Users/admin/builder/spi-builder-workspace/.derivedData/Build/Intermediates.noindex/WWSideMenuViewController.build/Debug-xros/WWSideMenuViewController-t.build/DerivedSources/arm64 -Xcc -I/Users/admin/builder/spi-builder-workspace/.derivedData/Build/Intermediates.noindex/WWSideMenuViewController.build/Debug-xros/WWSideMenuViewController-t.build/DerivedSources -Xcc -DSWIFT_PACKAGE -Xcc -DDEBUG\=1 -emit-objc-header -emit-objc-header-path /Users/admin/builder/spi-builder-workspace/.derivedData/Build/Intermediates.noindex/WWSideMenuViewController.build/Debug-xros/WWSideMenuViewController-t.build/Objects-normal/arm64/WWSideMenuViewController-Swift.h -working-directory /Users/admin/builder/spi-builder-workspace/.swiftpm/xcode -experimental-emit-module-separately -disable-cmo
SwiftCompile normal arm64 Compiling\ WWMenuViewController.swift /Users/admin/builder/spi-builder-workspace/Sources/WWSideMenuViewController/ViewController/WWMenuViewController.swift (in target 'WWSideMenuViewController' from project 'WWSideMenuViewController')
SwiftCompile normal arm64 /Users/admin/builder/spi-builder-workspace/Sources/WWSideMenuViewController/ViewController/WWMenuViewController.swift (in target 'WWSideMenuViewController' from project 'WWSideMenuViewController')
    cd /Users/admin/builder/spi-builder-workspace/.swiftpm/xcode
    builtin-SwiftPerFileCompile WWMenuViewController.swift
SwiftCompile normal arm64 Compiling\ Constant.swift /Users/admin/builder/spi-builder-workspace/Sources/WWSideMenuViewController/Utility/Constant.swift (in target 'WWSideMenuViewController' from project 'WWSideMenuViewController')
SwiftCompile normal arm64 /Users/admin/builder/spi-builder-workspace/Sources/WWSideMenuViewController/Utility/Constant.swift (in target 'WWSideMenuViewController' from project 'WWSideMenuViewController')
    cd /Users/admin/builder/spi-builder-workspace/.swiftpm/xcode
    builtin-SwiftPerFileCompile Constant.swift
SwiftEmitModule normal arm64 Emitting\ module\ for\ WWSideMenuViewController (in target 'WWSideMenuViewController' from project 'WWSideMenuViewController')
SwiftCompile normal arm64 (in target 'WWSideMenuViewController' from project 'WWSideMenuViewController')
    cd /Users/admin/builder/spi-builder-workspace/.swiftpm/xcode

/Users/admin/builder/spi-builder-workspace/Sources/WWSideMenuViewController/Segue/WWItemViewControllerSegue.swift:11:39: warning: 'UIStoryboardSegue' was deprecated in visionOS 1.0: Loading Interface Builder products will not be supported in a future version of visionOS. [#DeprecatedDeclaration]
 9 |
10 | // MARK: - WWItemViewControllerSegue
11 | open class WWItemViewControllerSegue: UIStoryboardSegue {
   |                                       `- warning: 'UIStoryboardSegue' was deprecated in visionOS 1.0: Loading Interface Builder products will not be supported in a future version of visionOS. [#DeprecatedDeclaration]
12 |
13 |     override open func perform() {
/Users/admin/builder/spi-builder-workspace/Sources/WWSideMenuViewController/Segue/WWMenuViewControllerSegue.swift:11:39: warning: 'UIStoryboardSegue' was deprecated in visionOS 1.0: Loading Interface Builder products will not be supported in a future version of visionOS. [#DeprecatedDeclaration]
 9 |
10 | // MARK: - WWMenuViewControllerSegue
11 | open class WWMenuViewControllerSegue: UIStoryboardSegue {
   |                                       `- warning: 'UIStoryboardSegue' was deprecated in visionOS 1.0: Loading Interface Builder products will not be supported in a future version of visionOS. [#DeprecatedDeclaration]
12 |
13 |     override open func perform() {
/Users/admin/builder/spi-builder-workspace/Sources/WWSideMenuViewController/WWSideMenuViewController.swift:46:43: warning: 'UIStoryboardSegue' was deprecated in visionOS 1.0: Loading Interface Builder products will not be supported in a future version of visionOS. [#DeprecatedDeclaration]
 44 |     }
 45 |
 46 |     override open func prepare(for segue: UIStoryboardSegue, sender: Any?) {
    |                                           `- warning: 'UIStoryboardSegue' was deprecated in visionOS 1.0: Loading Interface Builder products will not be supported in a future version of visionOS. [#DeprecatedDeclaration]
 47 |         recordViewControllers(for: segue)
 48 |     }
/Users/admin/builder/spi-builder-workspace/Sources/WWSideMenuViewController/WWSideMenuViewController.swift:381:43: warning: 'UIStoryboardSegue' was deprecated in visionOS 1.0: Loading Interface Builder products will not be supported in a future version of visionOS. [#DeprecatedDeclaration]
379 |
380 |     /// 記錄畫面跟選單的ViewController
381 |     func recordViewControllers(for segue: UIStoryboardSegue) {
    |                                           `- warning: 'UIStoryboardSegue' was deprecated in visionOS 1.0: Loading Interface Builder products will not be supported in a future version of visionOS. [#DeprecatedDeclaration]
382 |         if segue.identifier == segueIdentifier.item { firstItemViewController = segue.destination; return }
383 |         if segue.identifier == segueIdentifier.menu { menuViewController = segue.destination as? WWMenuViewController; return }
[#DeprecatedDeclaration]: <https://docs.swift.org/compiler/documentation/diagnostics/deprecated-declaration>
SwiftCompile normal arm64 Compiling\ WWSideMenuViewController.swift /Users/admin/builder/spi-builder-workspace/Sources/WWSideMenuViewController/WWSideMenuViewController.swift (in target 'WWSideMenuViewController' from project 'WWSideMenuViewController')
/Users/admin/builder/spi-builder-workspace/Sources/WWSideMenuViewController/WWSideMenuViewController.swift:46:43: warning: 'UIStoryboardSegue' was deprecated in visionOS 1.0: Loading Interface Builder products will not be supported in a future version of visionOS. [#DeprecatedDeclaration]
 44 |     }
 45 |
 46 |     override open func prepare(for segue: UIStoryboardSegue, sender: Any?) {
    |                                           `- warning: 'UIStoryboardSegue' was deprecated in visionOS 1.0: Loading Interface Builder products will not be supported in a future version of visionOS. [#DeprecatedDeclaration]
 47 |         recordViewControllers(for: segue)
 48 |     }
/Users/admin/builder/spi-builder-workspace/Sources/WWSideMenuViewController/WWSideMenuViewController.swift:381:43: warning: 'UIStoryboardSegue' was deprecated in visionOS 1.0: Loading Interface Builder products will not be supported in a future version of visionOS. [#DeprecatedDeclaration]
379 |
380 |     /// 記錄畫面跟選單的ViewController
381 |     func recordViewControllers(for segue: UIStoryboardSegue) {
    |                                           `- warning: 'UIStoryboardSegue' was deprecated in visionOS 1.0: Loading Interface Builder products will not be supported in a future version of visionOS. [#DeprecatedDeclaration]
382 |         if segue.identifier == segueIdentifier.item { firstItemViewController = segue.destination; return }
383 |         if segue.identifier == segueIdentifier.menu { menuViewController = segue.destination as? WWMenuViewController; return }
/Users/admin/builder/spi-builder-workspace/Sources/WWSideMenuViewController/WWSideMenuViewController.swift:128:28: warning: 'let' pattern has no effect; sub-pattern didn't bind any variables
126 |
127 |         switch displayPosition {
128 |         case .front, .back(let _): break
    |                            `- warning: 'let' pattern has no effect; sub-pattern didn't bind any variables
129 |         case .scale(_, _, let cornerRadius):
130 |             itemContainerView.clipsToBounds = false
/Users/admin/builder/spi-builder-workspace/Sources/WWSideMenuViewController/WWSideMenuViewController.swift:226:31: warning: enum case 'scale' has 3 associated values; matching them as a tuple is deprecated [#deprecation]
224 |             ])
225 |
226 |         case .back(_), .scale(_):
    |                               `- warning: enum case 'scale' has 3 associated values; matching them as a tuple is deprecated [#deprecation]
227 |
228 |             menuContainerView.translatesAutoresizingMaskIntoConstraints = false
/Users/admin/builder/spi-builder-workspace/Sources/WWSideMenuViewController/Utility/Constant.swift:44:14: note: 'scale' declared here
42 |         case front                                                                  // 在ContainerView的上方 (一般型)
43 |         case back(_ distance: CGFloat)                                              // 在ContainerView的下方 (用推的)
44 |         case scale(_ distance: CGFloat, _ scale: CGFloat, _ cornerRadius: CGFloat)  // 在ContainerView的下方 (縮放)
   |              `- note: 'scale' declared here
45 |     }
46 | }
/Users/admin/builder/spi-builder-workspace/Sources/WWSideMenuViewController/WWSideMenuViewController.swift:236:9: warning: 'performSegue(withIdentifier:sender:)' was deprecated in visionOS 1.0: Loading Interface Builder products will not be supported in a future version of visionOS. [#DeprecatedDeclaration]
234 |     /// 執行Segue
235 |     func performSegueAction() {
236 |         performSegue(withIdentifier: segueIdentifier.item, sender: nil)
    |         `- warning: 'performSegue(withIdentifier:sender:)' was deprecated in visionOS 1.0: Loading Interface Builder products will not be supported in a future version of visionOS. [#DeprecatedDeclaration]
237 |         performSegue(withIdentifier: segueIdentifier.menu, sender: nil)
238 |     }
/Users/admin/builder/spi-builder-workspace/Sources/WWSideMenuViewController/WWSideMenuViewController.swift:237:9: warning: 'performSegue(withIdentifier:sender:)' was deprecated in visionOS 1.0: Loading Interface Builder products will not be supported in a future version of visionOS. [#DeprecatedDeclaration]
235 |     func performSegueAction() {
236 |         performSegue(withIdentifier: segueIdentifier.item, sender: nil)
237 |         performSegue(withIdentifier: segueIdentifier.menu, sender: nil)
    |         `- warning: 'performSegue(withIdentifier:sender:)' was deprecated in visionOS 1.0: Loading Interface Builder products will not be supported in a future version of visionOS. [#DeprecatedDeclaration]
238 |     }
239 |
/Users/admin/builder/spi-builder-workspace/Sources/WWSideMenuViewController/WWSideMenuViewController.swift:251:13: warning: immutable value 'transform' was never used; consider replacing with '_' or removing it [#NoUsage]
249 |         let alpha: BaseViewAlpha
250 |         let position: MenuMovePosition
251 |         let transform: CGAffineTransform
    |             `- warning: immutable value 'transform' was never used; consider replacing with '_' or removing it [#NoUsage]
252 |
253 |         menuPosition = menuPosition(with: direction, displayPosition: displayPosition)
/Users/admin/builder/spi-builder-workspace/Sources/WWSideMenuViewController/WWSideMenuViewController.swift:392:13: error: 'setNeedsStatusBarAppearanceUpdate()' is unavailable in visionOS
390 |         if (view.safeAreaInsets.top > 20) {
391 |             self.isStatusBarHidden = isStatusBarHidden
392 |             setNeedsStatusBarAppearanceUpdate()
    |             `- error: 'setNeedsStatusBarAppearanceUpdate()' is unavailable in visionOS
393 |         }
394 |
/Applications/Xcode-27.0.0-Release.Candidate.app/Contents/Developer/Platforms/XROS.platform/Developer/SDKs/XROS27.0.sdk/System/Library/Frameworks/UIKit.framework/Headers/UIViewController.h:334:1: note: 'setNeedsStatusBarAppearanceUpdate()' has been explicitly marked unavailable here
332 |
333 | // This should be called whenever the return values for the view controller's status bar attributes have changed. If it is called from within an animation block, the changes will be animated along with the rest of the animation block.
334 | - (void)setNeedsStatusBarAppearanceUpdate API_AVAILABLE(ios(7.0)) API_UNAVAILABLE(tvos, visionos);
    | `- note: 'setNeedsStatusBarAppearanceUpdate()' has been explicitly marked unavailable here
335 |
336 | /* This method returns either itself or the nearest ancestor that can perform the given action and, if applicable, has overridden UIViewController's default implementation of the action method. View controllers can return NO from canPerformAction:withSender: to opt out of being a target for a given action. */
/Users/admin/builder/spi-builder-workspace/Sources/WWSideMenuViewController/WWSideMenuViewController.swift:403:113: error: 'orientationDidChangeNotification' is unavailable in visionOS
401 |     func orientationDidChangeAction() {
402 |         NotificationCenter.default.removeObserver(self)
403 |         NotificationCenter.default.addObserver(self, selector: #selector(orientationAction(_:)), name: UIDevice.orientationDidChangeNotification, object: nil)
    |                                                                                                                 `- error: 'orientationDidChangeNotification' is unavailable in visionOS
404 |     }
405 | }
/Applications/Xcode-27.0.0-Release.Candidate.app/Contents/Developer/Platforms/XROS.platform/Developer/SDKs/XROS27.0.sdk/System/Library/Frameworks/UIKit.framework/Headers/UIDevice.h:83:39: note: 'orientationDidChangeNotification' has been explicitly marked unavailable here
81 | }
82 |
83 | UIKIT_EXTERN NSNotificationName const UIDeviceOrientationDidChangeNotification API_UNAVAILABLE(tvos, visionos, watchos) NS_SWIFT_NONISOLATED;
   |                                       `- note: 'orientationDidChangeNotification' has been explicitly marked unavailable here
84 | UIKIT_EXTERN NSNotificationName const UIDeviceBatteryStateDidChangeNotification   API_AVAILABLE(ios(3.0)) API_UNAVAILABLE(tvos, watchos) NS_SWIFT_NONISOLATED;
85 | UIKIT_EXTERN NSNotificationName const UIDeviceBatteryLevelDidChangeNotification   API_AVAILABLE(ios(3.0)) API_UNAVAILABLE(tvos, watchos) NS_SWIFT_NONISOLATED;
[#DeprecatedDeclaration]: <https://docs.swift.org/compiler/documentation/diagnostics/deprecated-declaration>
[#NoUsage]: <https://docs.swift.org/compiler/documentation/diagnostics/no-usage>
Failed frontend command:
SwiftCompile normal arm64 /Users/admin/builder/spi-builder-workspace/Sources/WWSideMenuViewController/WWSideMenuViewController.swift (in target 'WWSideMenuViewController' from project 'WWSideMenuViewController')
    cd /Users/admin/builder/spi-builder-workspace/.swiftpm/xcode
    builtin-SwiftPerFileCompile WWSideMenuViewController.swift
/Applications/Xcode-27.0.0-Release.Candidate.app/Contents/Developer/Toolchains/XcodeDefault.xctoolchain/usr/bin/swift-frontend -frontend -c /Users/admin/builder/spi-builder-workspace/.derivedData/Build/Intermediates.noindex/WWSideMenuViewController.build/Debug-xros/WWSideMenuViewController-t.build/DerivedSources/resource_bundle_accessor.swift /Users/admin/builder/spi-builder-workspace/Sources/WWSideMenuViewController/Segue/WWItemViewControllerSegue.swift /Users/admin/builder/spi-builder-workspace/Sources/WWSideMenuViewController/Segue/WWMenuViewControllerSegue.swift /Users/admin/builder/spi-builder-workspace/Sources/WWSideMenuViewController/Utility/Constant.swift /Users/admin/builder/spi-builder-workspace/Sources/WWSideMenuViewController/Utility/Delegate.swift /Users/admin/builder/spi-builder-workspace/Sources/WWSideMenuViewController/Utility/Extension.swift /Users/admin/builder/spi-builder-workspace/Sources/WWSideMenuViewController/ViewController/WWItemViewController.swift /Users/admin/builder/spi-builder-workspace/Sources/WWSideMenuViewController/ViewController/WWMenuViewController.swift -primary-file /Users/admin/builder/spi-builder-workspace/Sources/WWSideMenuViewController/WWSideMenuViewController.swift -emit-dependencies-path /Users/admin/builder/spi-builder-workspace/.derivedData/Build/Intermediates.noindex/WWSideMenuViewController.build/Debug-xros/WWSideMenuViewController-t.build/Objects-normal/arm64/WWSideMenuViewController.d -emit-const-values-path /Users/admin/builder/spi-builder-workspace/.derivedData/Build/Intermediates.noindex/WWSideMenuViewController.build/Debug-xros/WWSideMenuViewController-t.build/Objects-normal/arm64/WWSideMenuViewController.swiftconstvalues -emit-reference-dependencies-path /Users/admin/builder/spi-builder-workspace/.derivedData/Build/Intermediates.noindex/WWSideMenuViewController.build/Debug-xros/WWSideMenuViewController-t.build/Objects-normal/arm64/WWSideMenuViewController.swiftdeps -serialize-diagnostics-path /Users/admin/builder/spi-builder-workspace/.derivedData/Build/Intermediates.noindex/WWSideMenuViewController.build/Debug-xros/WWSideMenuViewController-t.build/Objects-normal/arm64/WWSideMenuViewController.dia -target arm64-apple-xros1.0 -disable-cross-import-overlay-search -load-resolved-plugin /Applications/Xcode-27.0.0-Release.Candidate.app/Contents/Developer/Platforms/XROS.platform/Developer/usr/lib/swift/host/plugins/libFoundationMacros.dylib\#/Applications/Xcode-27.0.0-Release.Candidate.app/Contents/Developer/Platforms/XROS.platform/Developer/usr/bin/swift-plugin-server\#FoundationMacros -load-resolved-plugin /Applications/Xcode-27.0.0-Release.Candidate.app/Contents/Developer/Platforms/XROS.platform/Developer/usr/lib/swift/host/plugins/libObservationMacros.dylib\#/Applications/Xcode-27.0.0-Release.Candidate.app/Contents/Developer/Platforms/XROS.platform/Developer/usr/bin/swift-plugin-server\#ObservationMacros -load-resolved-plugin /Applications/Xcode-27.0.0-Release.Candidate.app/Contents/Developer/Platforms/XROS.platform/Developer/usr/lib/swift/host/plugins/libPreviewsMacros.dylib\#/Applications/Xcode-27.0.0-Release.Candidate.app/Contents/Developer/Platforms/XROS.platform/Developer/usr/bin/swift-plugin-server\#PreviewsMacros -load-resolved-plugin /Applications/Xcode-27.0.0-Release.Candidate.app/Contents/Developer/Platforms/XROS.platform/Developer/usr/lib/swift/host/plugins/libSwiftMacros.dylib\#/Applications/Xcode-27.0.0-Release.Candidate.app/Contents/Developer/Platforms/XROS.platform/Developer/usr/bin/swift-plugin-server\#SwiftMacros -load-resolved-plugin /Applications/Xcode-27.0.0-Release.Candidate.app/Contents/Developer/Platforms/XROS.platform/Developer/usr/lib/swift/host/plugins/libSwiftUIMacros.dylib\#/Applications/Xcode-27.0.0-Release.Candidate.app/Contents/Developer/Platforms/XROS.platform/Developer/usr/bin/swift-plugin-server\#SwiftUIMacros -disable-implicit-swift-modules -Xcc -fno-implicit-modules -Xcc -fno-implicit-module-maps -explicit-swift-module-map-file /Users/admin/builder/spi-builder-workspace/.derivedData/Build/Intermediates.noindex/WWSideMenuViewController.build/Debug-xros/WWSideMenuViewController-t.build/Objects-normal/arm64/WWSideMenuViewController-dependencies-1.json -Xllvm -aarch64-use-tbi -enable-objc-interop -stack-check -sdk /Applications/Xcode-27.0.0-Release.Candidate.app/Contents/Developer/Platforms/XROS.platform/Developer/SDKs/XROS27.0.sdk -I /Users/admin/builder/spi-builder-workspace/.derivedData/Build/Products/Debug-xros -Isystem /Applications/Xcode-27.0.0-Release.Candidate.app/Contents/Developer/Platforms/XROS.platform/Developer/usr/lib -F /Users/admin/builder/spi-builder-workspace/.derivedData/Build/Products/Debug-xros -F /Applications/Xcode-27.0.0-Release.Candidate.app/Contents/Developer/Platforms/XROS.platform/Developer/Library/Frameworks -F /Applications/Xcode-27.0.0-Release.Candidate.app/Contents/Developer/Platforms/XROS.platform/Developer/SDKs/XROS27.0.sdk/Developer/Library/Frameworks -module-cache-path /Users/admin/builder/spi-builder-workspace/.derivedData/Build/Intermediates.noindex/SwiftExplicitPrecompiledModules -no-color-diagnostics -Xcc -fno-color-diagnostics -enable-testing -g -debug-info-format\=dwarf -dwarf-version\=4 -swift-version 5 -Onone -D SWIFT_PACKAGE -D DEBUG -D SWIFT_MODULE_RESOURCE_BUNDLE_AVAILABLE -D Xcode -serialize-debugging-options -enable-experimental-feature DebugDescriptionMacro -empty-abi-descriptor -validate-clang-modules-once -clang-build-session-file /Users/admin/builder/spi-builder-workspace/.derivedData/ModuleCache.noindex/Session.modulevalidation -Xcc -working-directory -Xcc /Users/admin/builder/spi-builder-workspace/.swiftpm/xcode -enable-anonymous-context-mangled-names -file-compilation-dir /Users/admin/builder/spi-builder-workspace/.swiftpm/xcode -Xcc -D_LIBCPP_HARDENING_MODE\=_LIBCPP_HARDENING_MODE_DEBUG -Xcc -ivfsstatcache -Xcc /Users/admin/builder/spi-builder-workspace/.derivedData/SDKStatCaches.noindex/xros27.0-24M361-e829b21a6f8c9b70876ba0858053c044735bd543db762f57723cac368afd1ce4.sdkstatcache -Xcc -fmodules-prune-interval\=86400 -Xcc -fmodules-prune-after\=345600 -Xcc -I/Users/admin/builder/spi-builder-workspace/.derivedData/Build/Products/Debug-xros/include -Xcc -I/Users/admin/builder/spi-builder-workspace/.derivedData/Build/Intermediates.noindex/WWSideMenuViewController.build/Debug-xros/WWSideMenuViewController-t.build/DerivedSources-normal/arm64 -Xcc -I/Users/admin/builder/spi-builder-workspace/.derivedData/Build/Intermediates.noindex/WWSideMenuViewController.build/Debug-xros/WWSideMenuViewController-t.build/DerivedSources/arm64 -Xcc -I/Users/admin/builder/spi-builder-workspace/.derivedData/Build/Intermediates.noindex/WWSideMenuViewController.build/Debug-xros/WWSideMenuViewController-t.build/DerivedSources -Xcc -DSWIFT_PACKAGE -Xcc -DDEBUG\=1 -no-auto-bridging-header-chaining -module-name WWSideMenuViewController -const-gather-protocols-file /Users/admin/builder/spi-builder-workspace/.derivedData/Build/Intermediates.noindex/WWSideMenuViewController.build/Debug-xros/WWSideMenuViewController-t.build/Objects-normal/arm64/WWSideMenuViewController_const_extract_protocols.json -disable-clang-spi -clang-target arm64-apple-xros27.0 -target-sdk-version 27.0 -target-sdk-name xros27.0 -in-process-plugin-server-path /Applications/Xcode-27.0.0-Release.Candidate.app/Contents/Developer/Toolchains/XcodeDefault.xctoolchain/usr/lib/swift/host/libSwiftInProcPluginServer.dylib -parse-as-library -o /Users/admin/builder/spi-builder-workspace/.derivedData/Build/Intermediates.noindex/WWSideMenuViewController.build/Debug-xros/WWSideMenuViewController-t.build/Objects-normal/arm64/WWSideMenuViewController.o -debug-module-path /Users/admin/builder/spi-builder-workspace/.derivedData/Build/Intermediates.noindex/WWSideMenuViewController.build/Debug-xros/WWSideMenuViewController-t.build/Objects-normal/arm64/WWSideMenuViewController.swiftmodule -index-unit-output-path /WWSideMenuViewController.build/Debug-xros/WWSideMenuViewController-t.build/Objects-normal/arm64/WWSideMenuViewController.o -index-store-path /Users/admin/builder/spi-builder-workspace/.derivedData/Index.noindex/DataStore -index-system-modules
SwiftCompile normal arm64 Compiling\ WWItemViewController.swift /Users/admin/builder/spi-builder-workspace/Sources/WWSideMenuViewController/ViewController/WWItemViewController.swift (in target 'WWSideMenuViewController' from project 'WWSideMenuViewController')
SwiftCompile normal arm64 /Users/admin/builder/spi-builder-workspace/Sources/WWSideMenuViewController/ViewController/WWItemViewController.swift (in target 'WWSideMenuViewController' from project 'WWSideMenuViewController')
    cd /Users/admin/builder/spi-builder-workspace/.swiftpm/xcode
    builtin-SwiftPerFileCompile WWItemViewController.swift
SwiftDriverJobDiscovery normal arm64 Compiling WWMenuViewController.swift (in target 'WWSideMenuViewController' from project 'WWSideMenuViewController')
SwiftDriverJobDiscovery normal arm64 Compiling WWItemViewController.swift (in target 'WWSideMenuViewController' from project 'WWSideMenuViewController')
SwiftCompile normal arm64 Compiling\ WWMenuViewControllerSegue.swift /Users/admin/builder/spi-builder-workspace/Sources/WWSideMenuViewController/Segue/WWMenuViewControllerSegue.swift (in target 'WWSideMenuViewController' from project 'WWSideMenuViewController')
SwiftCompile normal arm64 /Users/admin/builder/spi-builder-workspace/Sources/WWSideMenuViewController/Segue/WWMenuViewControllerSegue.swift (in target 'WWSideMenuViewController' from project 'WWSideMenuViewController')
    cd /Users/admin/builder/spi-builder-workspace/.swiftpm/xcode
    builtin-SwiftPerFileCompile WWMenuViewControllerSegue.swift
SwiftDriverJobDiscovery normal arm64 Compiling Constant.swift (in target 'WWSideMenuViewController' from project 'WWSideMenuViewController')
SwiftCompile normal arm64 Compiling\ Delegate.swift /Users/admin/builder/spi-builder-workspace/Sources/WWSideMenuViewController/Utility/Delegate.swift (in target 'WWSideMenuViewController' from project 'WWSideMenuViewController')
SwiftCompile normal arm64 /Users/admin/builder/spi-builder-workspace/Sources/WWSideMenuViewController/Utility/Delegate.swift (in target 'WWSideMenuViewController' from project 'WWSideMenuViewController')
    cd /Users/admin/builder/spi-builder-workspace/.swiftpm/xcode
    builtin-SwiftPerFileCompile Delegate.swift
SwiftCompile normal arm64 Compiling\ WWItemViewControllerSegue.swift /Users/admin/builder/spi-builder-workspace/Sources/WWSideMenuViewController/Segue/WWItemViewControllerSegue.swift (in target 'WWSideMenuViewController' from project 'WWSideMenuViewController')
SwiftCompile normal arm64 /Users/admin/builder/spi-builder-workspace/Sources/WWSideMenuViewController/Segue/WWItemViewControllerSegue.swift (in target 'WWSideMenuViewController' from project 'WWSideMenuViewController')
    cd /Users/admin/builder/spi-builder-workspace/.swiftpm/xcode
    builtin-SwiftPerFileCompile WWItemViewControllerSegue.swift
PruneExplicitPrecompiledModules /Users/admin/builder/spi-builder-workspace/.derivedData/SDKExplicitPrecompiledModules
PruneExplicitPrecompiledModules /Users/admin/builder/spi-builder-workspace/.derivedData/Build/Intermediates.noindex/ExplicitPrecompiledModules
PruneExplicitPrecompiledModules /Users/admin/builder/spi-builder-workspace/.derivedData/Build/Intermediates.noindex/SwiftExplicitPrecompiledModules
2026-09-22 15:17:41.903 xcodebuild[770:4785] [MT] IDERunDestination: Supported platforms for the buildables in the current scheme is empty.
** BUILD FAILED **
The following build commands failed:
	SwiftCompile normal arm64 /Users/admin/builder/spi-builder-workspace/Sources/WWSideMenuViewController/WWSideMenuViewController.swift (in target 'WWSideMenuViewController' from project 'WWSideMenuViewController')
	SwiftCompile normal arm64 Compiling\ WWSideMenuViewController.swift /Users/admin/builder/spi-builder-workspace/Sources/WWSideMenuViewController/WWSideMenuViewController.swift (in target 'WWSideMenuViewController' from project 'WWSideMenuViewController')
	Building workspace WWSideMenuViewController with scheme WWSideMenuViewController
(3 failures)
BUILD FAILURE 6.4 visionOS